213.153.47.173 - - [10/Oct/2018:13:14:25 +0200] "GET /reload?ser=1539170064965 HTTP/1.1" 200 28 "http://renault.activities.at/account?loadrequest=true" "Mozilla/5.0 (Windows NT 10.0; Win64; x64; rv:62.0) Gecko/20100101 Firefox/62.0"
212.89.176.40 - - [10/Oct/2018:13:15:16 +0200] "GET /reload?ser=1539170078746 HTTP/1.1" 200 28 "http://renault.activities.at/" "Mozilla/5.0 (Windows NT 6.1; WOW64; Trident/7.0; rv:11.0) like Gecko"
213.153.47.173 - - [10/Oct/2018:13:15:22 +0200] "GET /reload?ser=1539170122124 HTTP/1.1" 200 28 "http://renault.activities.at/login?required=true" "Mozilla/5.0 (Windows NT 10.0; Win64; x64; rv:62.0) Gecko/20100101 Firefox/62.0"
213.153.47.173 - - [10/Oct/2018:13:15:26 +0200] "GET /reload?ser=1539170125975 HTTP/1.1" 200 28 "http://renault.activities.at/account?loadrequest=true" "Mozilla/5.0 (Windows NT 10.0; Win64; x64; rv:62.0) Gecko/20100101 Firefox/62.0"
212.89.176.40 - - [10/Oct/2018:13:16:17 +0200] "GET /reload?ser=1539170139417 HTTP/1.1" 200 28 "http://renault.activities.at/" "Mozilla/5.0 (Windows NT 6.1; WOW64; Trident/7.0; rv:11.0) like Gecko"
213.153.47.173 - - [10/Oct/2018:13:16:22 +0200] "GET /reload?ser=1539170182776 HTTP/1.1" 200 28 "http://renault.activities.at/login?required=true" "Mozilla/5.0 (Windows NT 10.0; Win64; x64; rv:62.0) Gecko/20100101 Firefox/62.0"
213.153.47.173 - - [10/Oct/2018:13:16:26 +0200] "GET /reload?ser=1539170186956 HTTP/1.1" 200 28 "http://renault.activities.at/account?loadrequest=true" "Mozilla/5.0 (Windows NT 10.0; Win64; x64; rv:62.0) Gecko/20100101 Firefox/62.0"
212.89.176.40 - - [10/Oct/2018:13:17:17 +0200] "GET /reload?ser=1539170200069 HTTP/1.1" 200 28 "http://renault.activities.at/" "Mozilla/5.0 (Windows NT 6.1; WOW64; Trident/7.0; rv:11.0) like Gecko"
213.153.47.173 - - [10/Oct/2018:13:17:23 +0200] "GET /reload?ser=1539170243436 HTTP/1.1" 200 28 "http://renault.activities.at/login?required=true" "Mozilla/5.0 (Windows NT 10.0; Win64; x64; rv:62.0) Gecko/20100101 Firefox/62.0"
213.153.47.173 - - [10/Oct/2018:13:17:28 +0200] "GET /reload?ser=1539170247975 HTTP/1.1" 200 28 "http://renault.activities.at/account?loadrequest=true" "Mozilla/5.0 (Windows NT 10.0; Win64; x64; rv:62.0) Gecko/20100101 Firefox/62.0"
212.89.176.40 - - [10/Oct/2018:13:18:18 +0200] "GET /reload?ser=1539170260716 HTTP/1.1" 200 28 "http://renault.activities.at/" "Mozilla/5.0 (Windows NT 6.1; WOW64; Trident/7.0; rv:11.0) like Gecko"
213.153.47.173 - - [10/Oct/2018:13:18:24 +0200] "GET /reload?ser=1539170304095 HTTP/1.1" 200 28 "http://renault.activities.at/login?required=true" "Mozilla/5.0 (Windows NT 10.0; Win64; x64; rv:62.0) Gecko/20100101 Firefox/62.0"
213.153.47.173 - - [10/Oct/2018:13:18:29 +0200] "GET /reload?ser=1539170308976 HTTP/1.1" 200 28 "http://renault.activities.at/account?loadrequest=true" "Mozilla/5.0 (Windows NT 10.0; Win64; x64; rv:62.0) Gecko/20100101 Firefox/62.0"
212.89.176.40 - - [10/Oct/2018:13:19:19 +0200] "GET /reload?ser=1539170321358 HTTP/1.1" 200 28 "http://renault.activities.at/" "Mozilla/5.0 (Windows NT 6.1; WOW64; Trident/7.0; rv:11.0) like Gecko"
213.153.47.173 - - [10/Oct/2018:13:19:24 +0200] "GET /reload?ser=1539170364766 HTTP/1.1" 200 28 "http://renault.activities.at/login?required=true" "Mozilla/5.0 (Windows NT 10.0; Win64; x64; rv:62.0) Gecko/20100101 Firefox/62.0"
213.153.47.173 - - [10/Oct/2018:13:19:30 +0200] "GET /reload?ser=1539170370006 HTTP/1.1" 200 28 "http://renault.activities.at/account?loadrequest=true" "Mozilla/5.0 (Windows NT 10.0; Win64; x64; rv:62.0) Gecko/20100101 Firefox/62.0"
212.89.176.40 - - [10/Oct/2018:13:20:19 +0200] "GET /reload?ser=1539170382003 HTTP/1.1" 200 28 "http://renault.activities.at/" "Mozilla/5.0 (Windows NT 6.1; WOW64; Trident/7.0; rv:11.0) like Gecko"
213.153.47.173 - - [10/Oct/2018:13:20:25 +0200] "GET /reload?ser=1539170425444 HTTP/1.1" 200 28 "http://renault.activities.at/login?required=true" "Mozilla/5.0 (Windows NT 10.0; Win64; x64; rv:62.0) Gecko/20100101 Firefox/62.0"
213.153.47.173 - - [10/Oct/2018:13:20:31 +0200] "GET /reload?ser=1539170431015 HTTP/1.1" 200 28 "http://renault.activities.at/account?loadrequest=true" "Mozilla/5.0 (Windows NT 10.0; Win64; x64; rv:62.0) Gecko/20100101 Firefox/62.0"
212.89.176.40 - - [10/Oct/2018:13:21:20 +0200] "GET /reload?ser=1539170442653 HTTP/1.1" 200 28 "http://renault.activities.at/" "Mozilla/5.0 (Windows NT 6.1; WOW64; Trident/7.0; rv:11.0) like Gecko"
213.153.47.173 - - [10/Oct/2018:13:21:26 +0200] "GET /reload?ser=1539170486106 HTTP/1.1" 200 28 "http://renault.activities.at/login?required=true" "Mozilla/5.0 (Windows NT 10.0; Win64; x64; rv:62.0) Gecko/20100101 Firefox/62.0"
213.153.47.173 - - [10/Oct/2018:13:21:32 +0200] "GET /reload?ser=1539170492026 HTTP/1.1" 200 28 "http://renault.activities.at/account?loadrequest=true" "Mozilla/5.0 (Windows NT 10.0; Win64; x64; rv:62.0) Gecko/20100101 Firefox/62.0"
212.89.176.40 - - [10/Oct/2018:13:22:21 +0200] "GET /reload?ser=1539170503304 HTTP/1.1" 200 28 "http://renault.activities.at/" "Mozilla/5.0 (Windows NT 6.1; WOW64; Trident/7.0; rv:11.0) like Gecko"
213.153.47.173 - - [10/Oct/2018:13:22:26 +0200] "GET /reload?ser=1539170546766 HTTP/1.1" 200 28 "http://renault.activities.at/login?required=true" "Mozilla/5.0 (Windows NT 10.0; Win64; x64; rv:62.0) Gecko/20100101 Firefox/62.0"
213.153.47.173 - - [10/Oct/2018:13:22:33 +0200] "GET /reload?ser=1539170553016 HTTP/1.1" 200 28 "http://renault.activities.at/account?loadrequest=true" "Mozilla/5.0 (Windows NT 10.0; Win64; x64; rv:62.0) Gecko/20100101 Firefox/62.0"
212.89.176.40 - - [10/Oct/2018:13:23:21 +0200] "GET /reload?ser=1539170563983 HTTP/1.1" 200 28 "http://renault.activities.at/" "Mozilla/5.0 (Windows NT 6.1; WOW64; Trident/7.0; rv:11.0) like Gecko"
213.153.47.173 - - [10/Oct/2018:13:23:27 +0200] "GET /reload?ser=1539170607436 HTTP/1.1" 200 28 "http://renault.activities.at/login?required=true" "Mozilla/5.0 (Windows NT 10.0; Win64; x64; rv:62.0) Gecko/20100101 Firefox/62.0"
213.153.47.173 - - [10/Oct/2018:13:23:34 +0200] "GET /reload?ser=1539170613995 HTTP/1.1" 200 28 "http://renault.activities.at/account?loadrequest=true" "Mozilla/5.0 (Windows NT 10.0; Win64; x64; rv:62.0) Gecko/20100101 Firefox/62.0"
212.89.176.40 - - [10/Oct/2018:13:24:22 +0200] "GET /reload?ser=1539170624645 HTTP/1.1" 200 28 "http://renault.activities.at/" "Mozilla/5.0 (Windows NT 6.1; WOW64; Trident/7.0; rv:11.0) like Gecko"
213.153.47.173 - - [10/Oct/2018:13:24:28 +0200] "GET /reload?ser=1539170668096 HTTP/1.1" 200 28 "http://renault.activities.at/login?required=true" "Mozilla/5.0 (Windows NT 10.0; Win64; x64; rv:62.0) Gecko/20100101 Firefox/62.0"
213.153.47.173 - - [10/Oct/2018:13:24:35 +0200] "GET /reload?ser=1539170674976 HTTP/1.1" 200 28 "http://renault.activities.at/account?loadrequest=true" "Mozilla/5.0 (Windows NT 10.0; Win64; x64; rv:62.0) Gecko/20100101 Firefox/62.0"
212.186.238.50 - - [10/Oct/2018:13:24:47 +0200] "GET / HTTP/1.1" 200 3683 "-" "Mozilla/5.0 (Windows NT 10.0; Win64; x64; rv:62.0) Gecko/20100101 Firefox/62.0"
212.186.238.50 - - [10/Oct/2018:13:24:48 +0200] "GET /js/default.js HTTP/1.1" 200 14698 "http://renault.activities.at/" "Mozilla/5.0 (Windows NT 10.0; Win64; x64; rv:62.0) Gecko/20100101 Firefox/62.0"
212.186.238.50 - - [10/Oct/2018:13:24:48 +0200] "GET /js/flashdetection.js HTTP/1.1" 200 1059 "http://renault.activities.at/" "Mozilla/5.0 (Windows NT 10.0; Win64; x64; rv:62.0) Gecko/20100101 Firefox/62.0"
212.186.238.50 - - [10/Oct/2018:13:24:48 +0200] "GET /css/clears.css HTTP/1.1" 200 851 "http://renault.activities.at/" "Mozilla/5.0 (Windows NT 10.0; Win64; x64; rv:62.0) Gecko/20100101 Firefox/62.0"
212.186.238.50 - - [10/Oct/2018:13:24:48 +0200] "GET /css/reset.css HTTP/1.1" 200 1356 "http://renault.activities.at/" "Mozilla/5.0 (Windows NT 10.0; Win64; x64; rv:62.0) Gecko/20100101 Firefox/62.0"
212.186.238.50 - - [10/Oct/2018:13:24:48 +0200] "GET /css/styles.css HTTP/1.1" 200 14664 "http://renault.activities.at/" "Mozilla/5.0 (Windows NT 10.0; Win64; x64; rv:62.0) Gecko/20100101 Firefox/62.0"
212.186.238.50 - - [10/Oct/2018:13:24:48 +0200] "GET /js/checkout.css HTTP/1.1" 200 359 "http://renault.activities.at/" "Mozilla/5.0 (Windows NT 10.0; Win64; x64; rv:62.0) Gecko/20100101 Firefox/62.0"
212.186.238.50 - - [10/Oct/2018:13:24:48 +0200] "GET /css/print.css HTTP/1.1" 200 543 "http://renault.activities.at/" "Mozilla/5.0 (Windows NT 10.0; Win64; x64; rv:62.0) Gecko/20100101 Firefox/62.0"
212.186.238.50 - - [10/Oct/2018:13:24:48 +0200] "GET /css/prototip.css HTTP/1.1" 200 968 "http://renault.activities.at/" "Mozilla/5.0 (Windows NT 10.0; Win64; x64; rv:62.0) Gecko/20100101 Firefox/62.0"
212.186.238.50 - - [10/Oct/2018:13:24:48 +0200] "GET /css/themes/default.css HTTP/1.1" 200 769 "http://renault.activities.at/" "Mozilla/5.0 (Windows NT 10.0; Win64; x64; rv:62.0) Gecko/20100101 Firefox/62.0"
212.186.238.50 - - [10/Oct/2018:13:24:48 +0200] "GET /css/themes/alphacube.css HTTP/1.1" 200 743 "http://renault.activities.at/" "Mozilla/5.0 (Windows NT 10.0; Win64; x64; rv:62.0) Gecko/20100101 Firefox/62.0"
212.186.238.50 - - [10/Oct/2018:13:24:48 +0200] "GET /js/index.php?c=auto&f=,prototype/prototype.js,prototype/validation.js,scriptaculous/builder.js,scriptaculous/effects.js,scriptaculous/dragdrop.js,scriptaculous/controls.js,scriptaculous/slider.js,varien/js.js,varien/form.js,varien/menu.js,mage/translate.js,mage/cookies.js,varien/product.js,spinner/SpinnerControl.jsmin.js,prototype/window.js,prototype/window_ext.js HTTP/1.1" 200 94182 "http://renault.activities.at/" "Mozilla/5.0 (Windows NT 10.0; Win64; x64; rv:62.0) Gecko/20100101 Firefox/62.0"
212.186.238.50 - - [10/Oct/2018:13:24:48 +0200] "GET /images/header_block_corner_left_top.gif HTTP/1.1" 200 160 "http://renault.activities.at/css/styles.css" "Mozilla/5.0 (Windows NT 10.0; Win64; x64; rv:62.0) Gecko/20100101 Firefox/62.0"
212.186.238.50 - - [10/Oct/2018:13:24:48 +0200] "GET /images/main_block_border.gif HTTP/1.1" 200 43 "http://renault.activities.at/css/styles.css" "Mozilla/5.0 (Windows NT 10.0; Win64; x64; rv:62.0) Gecko/20100101 Firefox/62.0"
212.186.238.50 - - [10/Oct/2018:13:24:48 +0200] "GET /images/main_block_corner_right_bot.gif HTTP/1.1" 200 158 "http://renault.activities.at/css/styles.css" "Mozilla/5.0 (Windows NT 10.0; Win64; x64; rv:62.0) Gecko/20100101 Firefox/62.0"
212.186.238.50 - - [10/Oct/2018:13:24:48 +0200] "GET /images/main_block_corner_left_bot.gif HTTP/1.1" 200 159 "http://renault.activities.at/css/styles.css" "Mozilla/5.0 (Windows NT 10.0; Win64; x64; rv:62.0) Gecko/20100101 Firefox/62.0"
212.186.238.50 - - [10/Oct/2018:13:24:48 +0200] "GET /images/header_block_border.gif HTTP/1.1" 200 43 "http://renault.activities.at/css/styles.css" "Mozilla/5.0 (Windows NT 10.0; Win64; x64; rv:62.0) Gecko/20100101 Firefox/62.0"
212.186.238.50 - - [10/Oct/2018:13:24:48 +0200] "GET /images/favicon.ico HTTP/1.1" 404 305 "-" "Mozilla/5.0 (Windows NT 10.0; Win64; x64; rv:62.0) Gecko/20100101 Firefox/62.0"
212.186.238.50 - - [10/Oct/2018:13:24:48 +0200] "GET /images/title_border.jpg HTTP/1.1" 200 304 "http://renault.activities.at/css/styles.css" "Mozilla/5.0 (Windows NT 10.0; Win64; x64; rv:62.0) Gecko/20100101 Firefox/62.0"
212.186.238.50 - - [10/Oct/2018:13:24:48 +0200] "GET /images/header_block_corner_right_top.gif HTTP/1.1" 200 160 "http://renault.activities.at/css/styles.css" "Mozilla/5.0 (Windows NT 10.0; Win64; x64; rv:62.0) Gecko/20100101 Firefox/62.0"
212.186.238.50 - - [10/Oct/2018:13:24:48 +0200] "GET /images/main_block_corner_right_top.gif HTTP/1.1" 200 159 "http://renault.activities.at/css/styles.css" "Mozilla/5.0 (Windows NT 10.0; Win64; x64; rv:62.0) Gecko/20100101 Firefox/62.0"
212.186.238.50 - - [10/Oct/2018:13:24:48 +0200] "GET /images/main_block_corner_left_top.gif HTTP/1.1" 200 159 "http://renault.activities.at/css/styles.css" "Mozilla/5.0 (Windows NT 10.0; Win64; x64; rv:62.0) Gecko/20100101 Firefox/62.0"
212.186.238.50 - - [10/Oct/2018:13:24:48 +0200] "GET /images/title_corner_left_top.jpg HTTP/1.1" 200 372 "http://renault.activities.at/css/styles.css" "Mozilla/5.0 (Windows NT 10.0; Win64; x64; rv:62.0) Gecko/20100101 Firefox/62.0"
212.186.238.50 - - [10/Oct/2018:13:24:48 +0200] "GET /images/title_border_top.jpg HTTP/1.1" 200 336 "http://renault.activities.at/css/styles.css" "Mozilla/5.0 (Windows NT 10.0; Win64; x64; rv:62.0) Gecko/20100101 Firefox/62.0"
212.186.238.50 - - [10/Oct/2018:13:24:48 +0200] "GET /images/title_corner_right_top.jpg HTTP/1.1" 200 389 "http://renault.activities.at/css/styles.css" "Mozilla/5.0 (Windows NT 10.0; Win64; x64; rv:62.0) Gecko/20100101 Firefox/62.0"
212.186.238.50 - - [10/Oct/2018:13:24:48 +0200] "GET /loadthumbnail.php?id=11127982 HTTP/1.1" 200 399614 "http://renault.activities.at/" "Mozilla/5.0 (Windows NT 10.0; Win64; x64; rv:62.0) Gecko/20100101 Firefox/62.0"
212.186.238.50 - - [10/Oct/2018:13:24:50 +0200] "GET /login HTTP/1.1" 200 2086 "http://renault.activities.at/" "Mozilla/5.0 (Windows NT 10.0; Win64; x64; rv:62.0) Gecko/20100101 Firefox/62.0"
212.186.238.50 - - [10/Oct/2018:13:24:51 +0200] "GET /images/button_left_bg.gif HTTP/1.1" 200 564 "http://renault.activities.at/css/styles.css" "Mozilla/5.0 (Windows NT 10.0; Win64; x64; rv:62.0) Gecko/20100101 Firefox/62.0"
212.186.238.50 - - [10/Oct/2018:13:24:51 +0200] "GET /images/button_bg.gif HTTP/1.1" 200 151 "http://renault.activities.at/css/styles.css" "Mozilla/5.0 (Windows NT 10.0; Win64; x64; rv:62.0) Gecko/20100101 Firefox/62.0"
212.186.238.50 - - [10/Oct/2018:13:24:51 +0200] "GET /images/button_right_bg.gif HTTP/1.1" 200 561 "http://renault.activities.at/css/styles.css" "Mozilla/5.0 (Windows NT 10.0; Win64; x64; rv:62.0) Gecko/20100101 Firefox/62.0"
212.186.238.50 - - [10/Oct/2018:13:24:51 +0200] "GET /favicon.ico HTTP/1.1" 200 3250 "-" "Mozilla/5.0 (Windows NT 10.0; Win64; x64; rv:62.0) Gecko/20100101 Firefox/62.0"
212.186.238.50 - - [10/Oct/2018:13:24:51 +0200] "GET /favicon.ico HTTP/1.1" 200 3250 "-" "Mozilla/5.0 (Windows NT 10.0; Win64; x64; rv:62.0) Gecko/20100101 Firefox/62.0"
212.186.238.50 - - [10/Oct/2018:13:25:01 +0200] "POST /login HTTP/1.1" 302 140 "http://renault.activities.at/login" "Mozilla/5.0 (Windows NT 10.0; Win64; x64; rv:62.0) Gecko/20100101 Firefox/62.0"
212.186.238.50 - - [10/Oct/2018:13:25:03 +0200] "GET /account HTTP/1.1" 200 6609 "http://renault.activities.at/login" "Mozilla/5.0 (Windows NT 10.0; Win64; x64; rv:62.0) Gecko/20100101 Firefox/62.0"
212.186.238.50 - - [10/Oct/2018:13:25:06 +0200] "GET /css/reset.css HTTP/1.1" 200 1356 "http://renault.activities.at/account" "Mozilla/5.0 (Windows NT 10.0; Win64; x64; rv:62.0) Gecko/20100101 Firefox/62.0"
212.186.238.50 - - [10/Oct/2018:13:25:06 +0200] "GET /css/prototip.css HTTP/1.1" 200 968 "http://renault.activities.at/account" "Mozilla/5.0 (Windows NT 10.0; Win64; x64; rv:62.0) Gecko/20100101 Firefox/62.0"
212.186.238.50 - - [10/Oct/2018:13:25:06 +0200] "GET /js/account.js HTTP/1.1" 200 953 "http://renault.activities.at/account" "Mozilla/5.0 (Windows NT 10.0; Win64; x64; rv:62.0) Gecko/20100101 Firefox/62.0"
212.186.238.50 - - [10/Oct/2018:13:25:06 +0200] "GET /js/checkout.css HTTP/1.1" 200 359 "http://renault.activities.at/account" "Mozilla/5.0 (Windows NT 10.0; Win64; x64; rv:62.0) Gecko/20100101 Firefox/62.0"
212.186.238.50 - - [10/Oct/2018:13:25:06 +0200] "GET /css/clears.css HTTP/1.1" 200 851 "http://renault.activities.at/account" "Mozilla/5.0 (Windows NT 10.0; Win64; x64; rv:62.0) Gecko/20100101 Firefox/62.0"
212.186.238.50 - - [10/Oct/2018:13:25:06 +0200] "GET /css/themes/default.css HTTP/1.1" 200 769 "http://renault.activities.at/account" "Mozilla/5.0 (Windows NT 10.0; Win64; x64; rv:62.0) Gecko/20100101 Firefox/62.0"
212.186.238.50 - - [10/Oct/2018:13:25:06 +0200] "GET /images/ajax_loading.gif HTTP/1.1" 200 1542 "http://renault.activities.at/account" "Mozilla/5.0 (Windows NT 10.0; Win64; x64; rv:62.0) Gecko/20100101 Firefox/62.0"
212.186.238.50 - - [10/Oct/2018:13:25:06 +0200] "GET /images/nav_divider.gif HTTP/1.1" 200 43 "http://renault.activities.at/css/styles.css" "Mozilla/5.0 (Windows NT 10.0; Win64; x64; rv:62.0) Gecko/20100101 Firefox/62.0"
212.186.238.50 - - [10/Oct/2018:13:25:06 +0200] "GET /images/top_links_divider.gif HTTP/1.1" 200 44 "http://renault.activities.at/css/styles.css" "Mozilla/5.0 (Windows NT 10.0; Win64; x64; rv:62.0) Gecko/20100101 Firefox/62.0"
212.186.238.50 - - [10/Oct/2018:13:25:06 +0200] "GET /images/menu_button_bg.jpg HTTP/1.1" 200 322 "http://renault.activities.at/css/styles.css" "Mozilla/5.0 (Windows NT 10.0; Win64; x64; rv:62.0) Gecko/20100101 Firefox/62.0"
212.186.238.50 - - [10/Oct/2018:13:25:06 +0200] "GET /images/search_bg.gif HTTP/1.1" 200 1726 "http://renault.activities.at/css/styles.css" "Mozilla/5.0 (Windows NT 10.0; Win64; x64; rv:62.0) Gecko/20100101 Firefox/62.0"
212.186.238.50 - - [10/Oct/2018:13:25:06 +0200] "GET /images/menu_divider.gif HTTP/1.1" 200 176 "http://renault.activities.at/css/styles.css" "Mozilla/5.0 (Windows NT 10.0; Win64; x64; rv:62.0) Gecko/20100101 Firefox/62.0"
212.186.238.50 - - [10/Oct/2018:13:25:06 +0200] "GET /images/sidebar_title_border.gif HTTP/1.1" 200 43 "http://renault.activities.at/css/styles.css" "Mozilla/5.0 (Windows NT 10.0; Win64; x64; rv:62.0) Gecko/20100101 Firefox/62.0"
212.186.238.50 - - [10/Oct/2018:13:25:06 +0200] "GET /images/sidebar_title_corner_left_top.gif HTTP/1.1" 200 1124 "http://renault.activities.at/css/styles.css" "Mozilla/5.0 (Windows NT 10.0; Win64; x64; rv:62.0) Gecko/20100101 Firefox/62.0"
212.186.238.50 - - [10/Oct/2018:13:25:06 +0200] "GET /images/sidebar_title_border_top.gif HTTP/1.1" 200 155 "http://renault.activities.at/css/styles.css" "Mozilla/5.0 (Windows NT 10.0; Win64; x64; rv:62.0) Gecko/20100101 Firefox/62.0"
212.186.238.50 - - [10/Oct/2018:13:25:06 +0200] "GET /images/reset_bg.gif HTTP/1.1" 200 785 "http://renault.activities.at/css/styles.css" "Mozilla/5.0 (Windows NT 10.0; Win64; x64; rv:62.0) Gecko/20100101 Firefox/62.0"
212.186.238.50 - - [10/Oct/2018:13:25:06 +0200] "GET /images/sidebar_title_corner_right_top.gif HTTP/1.1" 200 383 "http://renault.activities.at/css/styles.css" "Mozilla/5.0 (Windows NT 10.0; Win64; x64; rv:62.0) Gecko/20100101 Firefox/62.0"
212.186.238.50 - - [10/Oct/2018:13:25:06 +0200] "GET /loadthumbnail.php?id=11351226&width=50&height=50 HTTP/1.1" 200 4457 "http://renault.activities.at/account" "Mozilla/5.0 (Windows NT 10.0; Win64; x64; rv:62.0) Gecko/20100101 Firefox/62.0"
212.186.238.50 - - [10/Oct/2018:13:25:06 +0200] "GET /images/footer_divider.gif HTTP/1.1" 200 44 "http://renault.activities.at/css/styles.css" "Mozilla/5.0 (Windows NT 10.0; Win64; x64; rv:62.0) Gecko/20100101 Firefox/62.0"
212.186.238.50 - - [10/Oct/2018:13:25:13 +0200] "POST /axjaxrequest?mode=suggest HTTP/1.1" 200 176 "http://renault.activities.at/account" "Mozilla/5.0 (Windows NT 10.0; Win64; x64; rv:62.0) Gecko/20100101 Firefox/62.0"
212.186.238.50 - - [10/Oct/2018:13:25:14 +0200] "POST /axjaxrequest?mode=suggest HTTP/1.1" 200 176 "http://renault.activities.at/account" "Mozilla/5.0 (Windows NT 10.0; Win64; x64; rv:62.0) Gecko/20100101 Firefox/62.0"
212.186.238.50 - - [10/Oct/2018:13:25:14 +0200] "GET /result?searchterm=true&search=zubeh%F6r HTTP/1.1" 200 8440 "http://renault.activities.at/account" "Mozilla/5.0 (Windows NT 10.0; Win64; x64; rv:62.0) Gecko/20100101 Firefox/62.0"
212.186.238.50 - - [10/Oct/2018:13:25:18 +0200] "GET /js/prototip.js HTTP/1.1" 200 4588 "http://renault.activities.at/result?searchterm=true&search=zubeh%F6r" "Mozilla/5.0 (Windows NT 10.0; Win64; x64; rv:62.0) Gecko/20100101 Firefox/62.0"
212.186.238.50 - - [10/Oct/2018:13:25:18 +0200] "GET /css/clears.css HTTP/1.1" 200 851 "http://renault.activities.at/result?searchterm=true&search=zubeh%F6r" "Mozilla/5.0 (Windows NT 10.0; Win64; x64; rv:62.0) Gecko/20100101 Firefox/62.0"
212.186.238.50 - - [10/Oct/2018:13:25:18 +0200] "GET /css/themes/default.css HTTP/1.1" 200 769 "http://renault.activities.at/result?searchterm=true&search=zubeh%F6r" "Mozilla/5.0 (Windows NT 10.0; Win64; x64; rv:62.0) Gecko/20100101 Firefox/62.0"
212.186.238.50 - - [10/Oct/2018:13:25:18 +0200] "GET /css/prototip.css HTTP/1.1" 200 968 "http://renault.activities.at/result?searchterm=true&search=zubeh%F6r" "Mozilla/5.0 (Windows NT 10.0; Win64; x64; rv:62.0) Gecko/20100101 Firefox/62.0"
212.186.238.50 - - [10/Oct/2018:13:25:18 +0200] "GET /css/reset.css HTTP/1.1" 200 1356 "http://renault.activities.at/result?searchterm=true&search=zubeh%F6r" "Mozilla/5.0 (Windows NT 10.0; Win64; x64; rv:62.0) Gecko/20100101 Firefox/62.0"
212.186.238.50 - - [10/Oct/2018:13:25:18 +0200] "GET /js/checkout.css HTTP/1.1" 200 359 "http://renault.activities.at/result?searchterm=true&search=zubeh%F6r" "Mozilla/5.0 (Windows NT 10.0; Win64; x64; rv:62.0) Gecko/20100101 Firefox/62.0"
212.186.238.50 - - [10/Oct/2018:13:25:18 +0200] "GET /js/ProduktGrp.js HTTP/1.1" 200 1569 "http://renault.activities.at/result?searchterm=true&search=zubeh%F6r" "Mozilla/5.0 (Windows NT 10.0; Win64; x64; rv:62.0) Gecko/20100101 Firefox/62.0"
212.186.238.50 - - [10/Oct/2018:13:25:18 +0200] "GET /images/loading.gif HTTP/1.1" 200 3208 "http://renault.activities.at/result?searchterm=true&search=zubeh%F6r" "Mozilla/5.0 (Windows NT 10.0; Win64; x64; rv:62.0) Gecko/20100101 Firefox/62.0"
212.186.238.50 - - [10/Oct/2018:13:25:18 +0200] "GET /loadthumbnail.php?id=10203255 HTTP/1.1" 200 137 "http://renault.activities.at/result?searchterm=true&search=zubeh%F6r" "Mozilla/5.0 (Windows NT 10.0; Win64; x64; rv:62.0) Gecko/20100101 Firefox/62.0"
212.186.238.50 - - [10/Oct/2018:13:25:18 +0200] "GET /loadthumbnail.php?id=11679096&width=113 HTTP/1.1" 200 34481 "http://renault.activities.at/result?searchterm=true&search=zubeh%F6r" "Mozilla/5.0 (Windows NT 10.0; Win64; x64; rv:62.0) Gecko/20100101 Firefox/62.0"
212.186.238.50 - - [10/Oct/2018:13:25:18 +0200] "GET /loadthumbnail.php?id=10203276 HTTP/1.1" 200 75 "http://renault.activities.at/result?searchterm=true&search=zubeh%F6r" "Mozilla/5.0 (Windows NT 10.0; Win64; x64; rv:62.0) Gecko/20100101 Firefox/62.0"
212.186.238.50 - - [10/Oct/2018:13:25:18 +0200] "GET /loadthumbnail.php?id=11679091&width=113 HTTP/1.1" 200 33845 "http://renault.activities.at/result?searchterm=true&search=zubeh%F6r" "Mozilla/5.0 (Windows NT 10.0; Win64; x64; rv:62.0) Gecko/20100101 Firefox/62.0"
212.186.238.50 - - [10/Oct/2018:13:25:18 +0200] "GET /loadthumbnail.php?id=11846766&width=113 HTTP/1.1" 200 6105 "http://renault.activities.at/result?searchterm=true&search=zubeh%F6r" "Mozilla/5.0 (Windows NT 10.0; Win64; x64; rv:62.0) Gecko/20100101 Firefox/62.0"
212.186.238.50 - - [10/Oct/2018:13:25:18 +0200] "GET /loadthumbnail.php?id=11679101&width=113 HTTP/1.1" 200 36881 "http://renault.activities.at/result?searchterm=true&search=zubeh%F6r" "Mozilla/5.0 (Windows NT 10.0; Win64; x64; rv:62.0) Gecko/20100101 Firefox/62.0"
212.186.238.50 - - [10/Oct/2018:13:25:19 +0200] "GET /loadthumbnail.php?id=11833284&width=113 HTTP/1.1" 200 6881 "http://renault.activities.at/result?searchterm=true&search=zubeh%F6r" "Mozilla/5.0 (Windows NT 10.0; Win64; x64; rv:62.0) Gecko/20100101 Firefox/62.0"
212.186.238.50 - - [10/Oct/2018:13:25:19 +0200] "GET /loadthumbnail.php?id=11679106&width=113 HTTP/1.1" 200 35719 "http://renault.activities.at/result?searchterm=true&search=zubeh%F6r" "Mozilla/5.0 (Windows NT 10.0; Win64; x64; rv:62.0) Gecko/20100101 Firefox/62.0"
212.186.238.50 - - [10/Oct/2018:13:25:19 +0200] "GET /loadthumbnail.php?id=11833288&width=113 HTTP/1.1" 200 6671 "http://renault.activities.at/result?searchterm=true&search=zubeh%F6r" "Mozilla/5.0 (Windows NT 10.0; Win64; x64; rv:62.0) Gecko/20100101 Firefox/62.0"
212.186.238.50 - - [10/Oct/2018:13:25:19 +0200] "GET /loadthumbnail.php?id=11833280&width=113 HTTP/1.1" 200 6258 "http://renault.activities.at/result?searchterm=true&search=zubeh%F6r" "Mozilla/5.0 (Windows NT 10.0; Win64; x64; rv:62.0) Gecko/20100101 Firefox/62.0"
212.186.238.50 - - [10/Oct/2018:13:25:19 +0200] "GET /loadthumbnail.php?id=11742691&width=113 HTTP/1.1" 200 5717 "http://renault.activities.at/result?searchterm=true&search=zubeh%F6r" "Mozilla/5.0 (Windows NT 10.0; Win64; x64; rv:62.0) Gecko/20100101 Firefox/62.0"
212.186.238.50 - - [10/Oct/2018:13:25:19 +0200] "GET /loadthumbnail.php?id=11679111&width=113 HTTP/1.1" 200 34281 "http://renault.activities.at/result?searchterm=true&search=zubeh%F6r" "Mozilla/5.0 (Windows NT 10.0; Win64; x64; rv:62.0) Gecko/20100101 Firefox/62.0"
212.186.238.50 - - [10/Oct/2018:13:25:19 +0200] "GET /loadthumbnail.php?id=11679064&width=113 HTTP/1.1" 200 33783 "http://renault.activities.at/result?searchterm=true&search=zubeh%F6r" "Mozilla/5.0 (Windows NT 10.0; Win64; x64; rv:62.0) Gecko/20100101 Firefox/62.0"
212.186.238.50 - - [10/Oct/2018:13:25:19 +0200] "GET /images/pager_bg.gif HTTP/1.1" 200 150 "http://renault.activities.at/css/styles.css" "Mozilla/5.0 (Windows NT 10.0; Win64; x64; rv:62.0) Gecko/20100101 Firefox/62.0"
212.186.238.50 - - [10/Oct/2018:13:25:19 +0200] "GET /loadthumbnail.php?id=11679076&width=113 HTTP/1.1" 200 34461 "http://renault.activities.at/result?searchterm=true&search=zubeh%F6r" "Mozilla/5.0 (Windows NT 10.0; Win64; x64; rv:62.0) Gecko/20100101 Firefox/62.0"
212.186.238.50 - - [10/Oct/2018:13:25:19 +0200] "GET /images/vista-up.gif HTTP/1.1" 200 131 "http://renault.activities.at/css/styles.css" "Mozilla/5.0 (Windows NT 10.0; Win64; x64; rv:62.0) Gecko/20100101 Firefox/62.0"
212.186.238.50 - - [10/Oct/2018:13:25:19 +0200] "GET /loadthumbnail.php?id=11679150&width=113 HTTP/1.1" 200 35622 "http://renault.activities.at/result?searchterm=true&search=zubeh%F6r" "Mozilla/5.0 (Windows NT 10.0; Win64; x64; rv:62.0) Gecko/20100101 Firefox/62.0"
212.186.238.50 - - [10/Oct/2018:13:25:19 +0200] "GET /loadthumbnail.php?id=11679155&width=113 HTTP/1.1" 200 34091 "http://renault.activities.at/result?searchterm=true&search=zubeh%F6r" "Mozilla/5.0 (Windows NT 10.0; Win64; x64; rv:62.0) Gecko/20100101 Firefox/62.0"
212.186.238.50 - - [10/Oct/2018:13:25:19 +0200] "GET /loadthumbnail.php?id=11679071&width=113 HTTP/1.1" 200 37134 "http://renault.activities.at/result?searchterm=true&search=zubeh%F6r" "Mozilla/5.0 (Windows NT 10.0; Win64; x64; rv:62.0) Gecko/20100101 Firefox/62.0"
212.186.238.50 - - [10/Oct/2018:13:25:19 +0200] "GET /images/vista-dn.gif HTTP/1.1" 200 128 "http://renault.activities.at/css/styles.css" "Mozilla/5.0 (Windows NT 10.0; Win64; x64; rv:62.0) Gecko/20100101 Firefox/62.0"
212.186.238.50 - - [10/Oct/2018:13:25:15 +0200] "POST /axjaxrequest?mode=suggest HTTP/1.1" 200 176 "http://renault.activities.at/account" "Mozilla/5.0 (Windows NT 10.0; Win64; x64; rv:62.0) Gecko/20100101 Firefox/62.0"
212.89.176.40 - - [10/Oct/2018:13:25:23 +0200] "GET /reload?ser=1539170685295 HTTP/1.1" 200 28 "http://renault.activities.at/" "Mozilla/5.0 (Windows NT 6.1; WOW64; Trident/7.0; rv:11.0) like Gecko"
213.153.47.173 - - [10/Oct/2018:13:25:28 +0200] "GET /reload?ser=1539170728765 HTTP/1.1" 200 28 "http://renault.activities.at/login?required=true" "Mozilla/5.0 (Windows NT 10.0; Win64; x64; rv:62.0) Gecko/20100101 Firefox/62.0"
213.153.47.173 - - [10/Oct/2018:13:25:35 +0200] "GET /reload?ser=1539170735967 HTTP/1.1" 200 28 "http://renault.activities.at/account?loadrequest=true" "Mozilla/5.0 (Windows NT 10.0; Win64; x64; rv:62.0) Gecko/20100101 Firefox/62.0"
212.186.238.50 - - [10/Oct/2018:13:25:40 +0200] "GET /result?dir=DESC&mode=grid&order=name&limit=15&page=2&search=zubeh%C3%B6r HTTP/1.1" 200 8685 "http://renault.activities.at/result?searchterm=true&search=zubeh%F6r" "Mozilla/5.0 (Windows NT 10.0; Win64; x64; rv:62.0) Gecko/20100101 Firefox/62.0"
212.186.238.50 - - [10/Oct/2018:13:25:43 +0200] "GET /js/prototip.js HTTP/1.1" 200 4588 "http://renault.activities.at/result?dir=DESC&mode=grid&order=name&limit=15&page=2&search=zubeh%C3%B6r" "Mozilla/5.0 (Windows NT 10.0; Win64; x64; rv:62.0) Gecko/20100101 Firefox/62.0"
212.186.238.50 - - [10/Oct/2018:13:25:43 +0200] "GET /css/clears.css HTTP/1.1" 200 851 "http://renault.activities.at/result?dir=DESC&mode=grid&order=name&limit=15&page=2&search=zubeh%C3%B6r" "Mozilla/5.0 (Windows NT 10.0; Win64; x64; rv:62.0) Gecko/20100101 Firefox/62.0"
212.186.238.50 - - [10/Oct/2018:13:25:43 +0200] "GET /js/checkout.css HTTP/1.1" 200 359 "http://renault.activities.at/result?dir=DESC&mode=grid&order=name&limit=15&page=2&search=zubeh%C3%B6r" "Mozilla/5.0 (Windows NT 10.0; Win64; x64; rv:62.0) Gecko/20100101 Firefox/62.0"
212.186.238.50 - - [10/Oct/2018:13:25:43 +0200] "GET /css/print.css HTTP/1.1" 200 543 "http://renault.activities.at/result?dir=DESC&mode=grid&order=name&limit=15&page=2&search=zubeh%C3%B6r" "Mozilla/5.0 (Windows NT 10.0; Win64; x64; rv:62.0) Gecko/20100101 Firefox/62.0"
212.186.238.50 - - [10/Oct/2018:13:25:43 +0200] "GET /css/prototip.css HTTP/1.1" 200 968 "http://renault.activities.at/result?dir=DESC&mode=grid&order=name&limit=15&page=2&search=zubeh%C3%B6r" "Mozilla/5.0 (Windows NT 10.0; Win64; x64; rv:62.0) Gecko/20100101 Firefox/62.0"
212.186.238.50 - - [10/Oct/2018:13:25:43 +0200] "GET /css/reset.css HTTP/1.1" 200 1356 "http://renault.activities.at/result?dir=DESC&mode=grid&order=name&limit=15&page=2&search=zubeh%C3%B6r" "Mozilla/5.0 (Windows NT 10.0; Win64; x64; rv:62.0) Gecko/20100101 Firefox/62.0"
212.186.238.50 - - [10/Oct/2018:13:25:43 +0200] "GET /css/themes/default.css HTTP/1.1" 200 769 "http://renault.activities.at/result?dir=DESC&mode=grid&order=name&limit=15&page=2&search=zubeh%C3%B6r" "Mozilla/5.0 (Windows NT 10.0; Win64; x64; rv:62.0) Gecko/20100101 Firefox/62.0"
212.186.238.50 - - [10/Oct/2018:13:25:43 +0200] "GET /css/themes/alphacube.css HTTP/1.1" 200 743 "http://renault.activities.at/result?dir=DESC&mode=grid&order=name&limit=15&page=2&search=zubeh%C3%B6r" "Mozilla/5.0 (Windows NT 10.0; Win64; x64; rv:62.0) Gecko/20100101 Firefox/62.0"
212.186.238.50 - - [10/Oct/2018:13:25:43 +0200] "GET /js/ProduktGrp.js HTTP/1.1" 200 1569 "http://renault.activities.at/result?dir=DESC&mode=grid&order=name&limit=15&page=2&search=zubeh%C3%B6r" "Mozilla/5.0 (Windows NT 10.0; Win64; x64; rv:62.0) Gecko/20100101 Firefox/62.0"
212.186.238.50 - - [10/Oct/2018:13:25:43 +0200] "GET /loadthumbnail.php?id=11679160&width=113 HTTP/1.1" 200 32885 "http://renault.activities.at/result?dir=DESC&mode=grid&order=name&limit=15&page=2&search=zubeh%C3%B6r" "Mozilla/5.0 (Windows NT 10.0; Win64; x64; rv:62.0) Gecko/20100101 Firefox/62.0"
212.186.238.50 - - [10/Oct/2018:13:25:43 +0200] "GET /loadthumbnail.php?id=11342686&width=113 HTTP/1.1" 200 21940 "http://renault.activities.at/result?dir=DESC&mode=grid&order=name&limit=15&page=2&search=zubeh%C3%B6r" "Mozilla/5.0 (Windows NT 10.0; Win64; x64; rv:62.0) Gecko/20100101 Firefox/62.0"
212.186.238.50 - - [10/Oct/2018:13:25:43 +0200] "GET /loadthumbnail.php?id=10203275 HTTP/1.1" 200 85 "http://renault.activities.at/result?dir=DESC&mode=grid&order=name&limit=15&page=2&search=zubeh%C3%B6r" "Mozilla/5.0 (Windows NT 10.0; Win64; x64; rv:62.0) Gecko/20100101 Firefox/62.0"
212.186.238.50 - - [10/Oct/2018:13:25:43 +0200] "GET /loadthumbnail.php?id=11361071&width=113 HTTP/1.1" 200 17044 "http://renault.activities.at/result?dir=DESC&mode=grid&order=name&limit=15&page=2&search=zubeh%C3%B6r" "Mozilla/5.0 (Windows NT 10.0; Win64; x64; rv:62.0) Gecko/20100101 Firefox/62.0"
212.186.238.50 - - [10/Oct/2018:13:25:43 +0200] "GET /loadthumbnail.php?id=11846770&width=113 HTTP/1.1" 200 6264 "http://renault.activities.at/result?dir=DESC&mode=grid&order=name&limit=15&page=2&search=zubeh%C3%B6r" "Mozilla/5.0 (Windows NT 10.0; Win64; x64; rv:62.0) Gecko/20100101 Firefox/62.0"
212.186.238.50 - - [10/Oct/2018:13:25:43 +0200] "GET /loadthumbnail.php?id=11679081&width=113 HTTP/1.1" 200 36621 "http://renault.activities.at/result?dir=DESC&mode=grid&order=name&limit=15&page=2&search=zubeh%C3%B6r" "Mozilla/5.0 (Windows NT 10.0; Win64; x64; rv:62.0) Gecko/20100101 Firefox/62.0"
212.186.238.50 - - [10/Oct/2018:13:25:43 +0200] "GET /loadthumbnail.php?id=11383873&width=113 HTTP/1.1" 200 23267 "http://renault.activities.at/result?dir=DESC&mode=grid&order=name&limit=15&page=2&search=zubeh%C3%B6r" "Mozilla/5.0 (Windows NT 10.0; Win64; x64; rv:62.0) Gecko/20100101 Firefox/62.0"
212.186.238.50 - - [10/Oct/2018:13:25:43 +0200] "GET /loadthumbnail.php?id=11361093&width=113 HTTP/1.1" 200 21857 "http://renault.activities.at/result?dir=DESC&mode=grid&order=name&limit=15&page=2&search=zubeh%C3%B6r" "Mozilla/5.0 (Windows NT 10.0; Win64; x64; rv:62.0) Gecko/20100101 Firefox/62.0"
212.186.238.50 - - [10/Oct/2018:13:25:43 +0200] "GET /loadthumbnail.php?id=11793250&width=113 HTTP/1.1" 200 23647 "http://renault.activities.at/result?dir=DESC&mode=grid&order=name&limit=15&page=2&search=zubeh%C3%B6r" "Mozilla/5.0 (Windows NT 10.0; Win64; x64; rv:62.0) Gecko/20100101 Firefox/62.0"
212.186.238.50 - - [10/Oct/2018:13:25:43 +0200] "GET /loadthumbnail.php?id=11592482&width=113 HTTP/1.1" 200 20108 "http://renault.activities.at/result?dir=DESC&mode=grid&order=name&limit=15&page=2&search=zubeh%C3%B6r" "Mozilla/5.0 (Windows NT 10.0; Win64; x64; rv:62.0) Gecko/20100101 Firefox/62.0"
212.186.238.50 - - [10/Oct/2018:13:25:43 +0200] "GET /loadthumbnail.php?id=11645083&width=113 HTTP/1.1" 200 20489 "http://renault.activities.at/result?dir=DESC&mode=grid&order=name&limit=15&page=2&search=zubeh%C3%B6r" "Mozilla/5.0 (Windows NT 10.0; Win64; x64; rv:62.0) Gecko/20100101 Firefox/62.0"
212.186.238.50 - - [10/Oct/2018:13:25:43 +0200] "GET /loadthumbnail.php?id=11503755&width=113 HTTP/1.1" 200 19501 "http://renault.activities.at/result?dir=DESC&mode=grid&order=name&limit=15&page=2&search=zubeh%C3%B6r" "Mozilla/5.0 (Windows NT 10.0; Win64; x64; rv:62.0) Gecko/20100101 Firefox/62.0"
212.186.238.50 - - [10/Oct/2018:13:25:44 +0200] "GET /loadthumbnail.php?id=11518629&width=113 HTTP/1.1" 200 19415 "http://renault.activities.at/result?dir=DESC&mode=grid&order=name&limit=15&page=2&search=zubeh%C3%B6r" "Mozilla/5.0 (Windows NT 10.0; Win64; x64; rv:62.0) Gecko/20100101 Firefox/62.0"
212.186.238.50 - - [10/Oct/2018:13:25:44 +0200] "GET /loadthumbnail.php?id=11564187&width=113 HTTP/1.1" 200 22491 "http://renault.activities.at/result?dir=DESC&mode=grid&order=name&limit=15&page=2&search=zubeh%C3%B6r" "Mozilla/5.0 (Windows NT 10.0; Win64; x64; rv:62.0) Gecko/20100101 Firefox/62.0"
212.186.238.50 - - [10/Oct/2018:13:25:44 +0200] "GET /loadthumbnail.php?id=11475295&width=113 HTTP/1.1" 200 17922 "http://renault.activities.at/result?dir=DESC&mode=grid&order=name&limit=15&page=2&search=zubeh%C3%B6r" "Mozilla/5.0 (Windows NT 10.0; Win64; x64; rv:62.0) Gecko/20100101 Firefox/62.0"
212.186.238.50 - - [10/Oct/2018:13:25:44 +0200] "GET /loadthumbnail.php?id=11548917&width=113 HTTP/1.1" 200 22455 "http://renault.activities.at/result?dir=DESC&mode=grid&order=name&limit=15&page=2&search=zubeh%C3%B6r" "Mozilla/5.0 (Windows NT 10.0; Win64; x64; rv:62.0) Gecko/20100101 Firefox/62.0"
212.186.238.50 - - [10/Oct/2018:13:25:58 +0200] "GET /result?dir=DESC&mode=grid&order=name&limit=15&page=3&search=zubeh%C3%B6r HTTP/1.1" 200 7439 "http://renault.activities.at/result?dir=DESC&mode=grid&order=name&limit=15&page=2&search=zubeh%C3%B6r" "Mozilla/5.0 (Windows NT 10.0; Win64; x64; rv:62.0) Gecko/20100101 Firefox/62.0"
212.186.238.50 - - [10/Oct/2018:13:26:01 +0200] "GET /css/clears.css HTTP/1.1" 200 851 "http://renault.activities.at/result?dir=DESC&mode=grid&order=name&limit=15&page=3&search=zubeh%C3%B6r" "Mozilla/5.0 (Windows NT 10.0; Win64; x64; rv:62.0) Gecko/20100101 Firefox/62.0"
212.186.238.50 - - [10/Oct/2018:13:26:01 +0200] "GET /css/themes/default.css HTTP/1.1" 200 769 "http://renault.activities.at/result?dir=DESC&mode=grid&order=name&limit=15&page=3&search=zubeh%C3%B6r" "Mozilla/5.0 (Windows NT 10.0; Win64; x64; rv:62.0) Gecko/20100101 Firefox/62.0"
212.186.238.50 - - [10/Oct/2018:13:26:01 +0200] "GET /js/checkout.css HTTP/1.1" 200 359 "http://renault.activities.at/result?dir=DESC&mode=grid&order=name&limit=15&page=3&search=zubeh%C3%B6r" "Mozilla/5.0 (Windows NT 10.0; Win64; x64; rv:62.0) Gecko/20100101 Firefox/62.0"
212.186.238.50 - - [10/Oct/2018:13:26:01 +0200] "GET /css/reset.css HTTP/1.1" 200 1356 "http://renault.activities.at/result?dir=DESC&mode=grid&order=name&limit=15&page=3&search=zubeh%C3%B6r" "Mozilla/5.0 (Windows NT 10.0; Win64; x64; rv:62.0) Gecko/20100101 Firefox/62.0"
212.186.238.50 - - [10/Oct/2018:13:26:01 +0200] "GET /js/prototip.js HTTP/1.1" 200 4588 "http://renault.activities.at/result?dir=DESC&mode=grid&order=name&limit=15&page=3&search=zubeh%C3%B6r" "Mozilla/5.0 (Windows NT 10.0; Win64; x64; rv:62.0) Gecko/20100101 Firefox/62.0"
212.186.238.50 - - [10/Oct/2018:13:26:01 +0200] "GET /loadthumbnail.php?id=11679165&width=113 HTTP/1.1" 200 19398 "http://renault.activities.at/result?dir=DESC&mode=grid&order=name&limit=15&page=3&search=zubeh%C3%B6r" "Mozilla/5.0 (Windows NT 10.0; Win64; x64; rv:62.0) Gecko/20100101 Firefox/62.0"
212.186.238.50 - - [10/Oct/2018:13:26:01 +0200] "GET /loadthumbnail.php?id=11548693&width=113 HTTP/1.1" 200 18681 "http://renault.activities.at/result?dir=DESC&mode=grid&order=name&limit=15&page=3&search=zubeh%C3%B6r" "Mozilla/5.0 (Windows NT 10.0; Win64; x64; rv:62.0) Gecko/20100101 Firefox/62.0"
212.186.238.50 - - [10/Oct/2018:13:26:01 +0200] "GET /loadthumbnail.php?id=11878139&width=113 HTTP/1.1" 200 19930 "http://renault.activities.at/result?dir=DESC&mode=grid&order=name&limit=15&page=3&search=zubeh%C3%B6r" "Mozilla/5.0 (Windows NT 10.0; Win64; x64; rv:62.0) Gecko/20100101 Firefox/62.0"
212.186.238.50 - - [10/Oct/2018:13:26:01 +0200] "GET /loadthumbnail.php?id=11487278&width=113 HTTP/1.1" 200 23060 "http://renault.activities.at/result?dir=DESC&mode=grid&order=name&limit=15&page=3&search=zubeh%C3%B6r" "Mozilla/5.0 (Windows NT 10.0; Win64; x64; rv:62.0) Gecko/20100101 Firefox/62.0"
212.186.238.50 - - [10/Oct/2018:13:26:01 +0200] "GET /loadthumbnail.php?id=11648825&width=113 HTTP/1.1" 200 18493 "http://renault.activities.at/result?dir=DESC&mode=grid&order=name&limit=15&page=3&search=zubeh%C3%B6r" "Mozilla/5.0 (Windows NT 10.0; Win64; x64; rv:62.0) Gecko/20100101 Firefox/62.0"
212.186.238.50 - - [10/Oct/2018:13:26:01 +0200] "GET /loadthumbnail.php?id=11760072&width=113 HTTP/1.1" 200 22371 "http://renault.activities.at/result?dir=DESC&mode=grid&order=name&limit=15&page=3&search=zubeh%C3%B6r" "Mozilla/5.0 (Windows NT 10.0; Win64; x64; rv:62.0) Gecko/20100101 Firefox/62.0"
212.186.238.50 - - [10/Oct/2018:13:26:01 +0200] "GET /loadthumbnail.php?id=11134461&width=113 HTTP/1.1" 200 4539 "http://renault.activities.at/result?dir=DESC&mode=grid&order=name&limit=15&page=3&search=zubeh%C3%B6r" "Mozilla/5.0 (Windows NT 10.0; Win64; x64; rv:62.0) Gecko/20100101 Firefox/62.0"
212.186.238.50 - - [10/Oct/2018:13:26:01 +0200] "GET /loadthumbnail.php?id=11886054&width=113 HTTP/1.1" 200 19015 "http://renault.activities.at/result?dir=DESC&mode=grid&order=name&limit=15&page=3&search=zubeh%C3%B6r" "Mozilla/5.0 (Windows NT 10.0; Win64; x64; rv:62.0) Gecko/20100101 Firefox/62.0"
212.186.238.50 - - [10/Oct/2018:13:26:01 +0200] "GET /loadthumbnail.php?id=11226381&width=113 HTTP/1.1" 200 2887 "http://renault.activities.at/result?dir=DESC&mode=grid&order=name&limit=15&page=3&search=zubeh%C3%B6r" "Mozilla/5.0 (Windows NT 10.0; Win64; x64; rv:62.0) Gecko/20100101 Firefox/62.0"
212.186.238.50 - - [10/Oct/2018:13:26:08 +0200] "GET /images/vista-dn-hover.gif HTTP/1.1" 200 127 "http://renault.activities.at/css/styles.css" "Mozilla/5.0 (Windows NT 10.0; Win64; x64; rv:62.0) Gecko/20100101 Firefox/62.0"
212.186.238.50 - - [10/Oct/2018:13:26:08 +0200] "GET /images/vista-up-hover.gif HTTP/1.1" 200 130 "http://renault.activities.at/css/styles.css" "Mozilla/5.0 (Windows NT 10.0; Win64; x64; rv:62.0) Gecko/20100101 Firefox/62.0"
212.186.238.50 - - [10/Oct/2018:13:26:17 +0200] "POST /result?dir=DESC&mode=grid&order=name&limit=15&page=3&search=zubeh%C3%B6r HTTP/1.1" 200 7649 "http://renault.activities.at/result?dir=DESC&mode=grid&order=name&limit=15&page=3&search=zubeh%C3%B6r" "Mozilla/5.0 (Windows NT 10.0; Win64; x64; rv:62.0) Gecko/20100101 Firefox/62.0"
212.186.238.50 - - [10/Oct/2018:13:26:20 +0200] "GET /js/checkout.css HTTP/1.1" 200 359 "http://renault.activities.at/result?dir=DESC&mode=grid&order=name&limit=15&page=3&search=zubeh%C3%B6r" "Mozilla/5.0 (Windows NT 10.0; Win64; x64; rv:62.0) Gecko/20100101 Firefox/62.0"
212.186.238.50 - - [10/Oct/2018:13:26:20 +0200] "GET /css/clears.css HTTP/1.1" 200 851 "http://renault.activities.at/result?dir=DESC&mode=grid&order=name&limit=15&page=3&search=zubeh%C3%B6r" "Mozilla/5.0 (Windows NT 10.0; Win64; x64; rv:62.0) Gecko/20100101 Firefox/62.0"
212.186.238.50 - - [10/Oct/2018:13:26:20 +0200] "GET /css/reset.css HTTP/1.1" 200 1356 "http://renault.activities.at/result?dir=DESC&mode=grid&order=name&limit=15&page=3&search=zubeh%C3%B6r" "Mozilla/5.0 (Windows NT 10.0; Win64; x64; rv:62.0) Gecko/20100101 Firefox/62.0"
212.186.238.50 - - [10/Oct/2018:13:26:20 +0200] "GET /js/prototip.js HTTP/1.1" 200 4588 "http://renault.activities.at/result?dir=DESC&mode=grid&order=name&limit=15&page=3&search=zubeh%C3%B6r" "Mozilla/5.0 (Windows NT 10.0; Win64; x64; rv:62.0) Gecko/20100101 Firefox/62.0"
212.186.238.50 - - [10/Oct/2018:13:26:20 +0200] "GET /css/themes/default.css HTTP/1.1" 200 769 "http://renault.activities.at/result?dir=DESC&mode=grid&order=name&limit=15&page=3&search=zubeh%C3%B6r" "Mozilla/5.0 (Windows NT 10.0; Win64; x64; rv:62.0) Gecko/20100101 Firefox/62.0"
212.186.238.50 - - [10/Oct/2018:13:26:20 +0200] "GET /images/success_msg_icon.gif HTTP/1.1" 200 1024 "http://renault.activities.at/css/styles.css" "Mozilla/5.0 (Windows NT 10.0; Win64; x64; rv:62.0) Gecko/20100101 Firefox/62.0"
212.89.176.40 - - [10/Oct/2018:13:26:23 +0200] "GET /reload?ser=1539170745945 HTTP/1.1" 200 28 "http://renault.activities.at/" "Mozilla/5.0 (Windows NT 6.1; WOW64; Trident/7.0; rv:11.0) like Gecko"
213.153.47.173 - - [10/Oct/2018:13:26:29 +0200] "GET /reload?ser=1539170789426 HTTP/1.1" 200 28 "http://renault.activities.at/login?required=true" "Mozilla/5.0 (Windows NT 10.0; Win64; x64; rv:62.0) Gecko/20100101 Firefox/62.0"
212.186.238.50 - - [10/Oct/2018:13:26:27 +0200] "GET /checkout HTTP/1.1" 200 10442 "http://renault.activities.at/result?dir=DESC&mode=grid&order=name&limit=15&page=3&search=zubeh%C3%B6r" "Mozilla/5.0 (Windows NT 10.0; Win64; x64; rv:62.0) Gecko/20100101 Firefox/62.0"
212.186.238.50 - - [10/Oct/2018:13:26:32 +0200] "GET /css/clears.css HTTP/1.1" 200 851 "http://renault.activities.at/checkout" "Mozilla/5.0 (Windows NT 10.0; Win64; x64; rv:62.0) Gecko/20100101 Firefox/62.0"
212.186.238.50 - - [10/Oct/2018:13:26:32 +0200] "GET /js/checkout.css HTTP/1.1" 200 359 "http://renault.activities.at/checkout" "Mozilla/5.0 (Windows NT 10.0; Win64; x64; rv:62.0) Gecko/20100101 Firefox/62.0"
212.186.238.50 - - [10/Oct/2018:13:26:32 +0200] "GET /css/reset.css HTTP/1.1" 200 1356 "http://renault.activities.at/checkout" "Mozilla/5.0 (Windows NT 10.0; Win64; x64; rv:62.0) Gecko/20100101 Firefox/62.0"
212.186.238.50 - - [10/Oct/2018:13:26:32 +0200] "GET /css/themes/default.css HTTP/1.1" 200 769 "http://renault.activities.at/checkout" "Mozilla/5.0 (Windows NT 10.0; Win64; x64; rv:62.0) Gecko/20100101 Firefox/62.0"
212.186.238.50 - - [10/Oct/2018:13:26:32 +0200] "GET /js/checkout2.js HTTP/1.1" 200 4122 "http://renault.activities.at/checkout" "Mozilla/5.0 (Windows NT 10.0; Win64; x64; rv:62.0) Gecko/20100101 Firefox/62.0"
212.186.238.50 - - [10/Oct/2018:13:26:32 +0200] "GET /css/prototip.css HTTP/1.1" 200 968 "http://renault.activities.at/checkout" "Mozilla/5.0 (Windows NT 10.0; Win64; x64; rv:62.0) Gecko/20100101 Firefox/62.0"
212.186.238.50 - - [10/Oct/2018:13:26:32 +0200] "GET /images/ajax_loading.gif HTTP/1.1" 200 1542 "http://renault.activities.at/checkout" "Mozilla/5.0 (Windows NT 10.0; Win64; x64; rv:62.0) Gecko/20100101 Firefox/62.0"
212.186.238.50 - - [10/Oct/2018:13:26:32 +0200] "GET /images/step_marker.gif HTTP/1.1" 200 650 "http://renault.activities.at/css/styles.css" "Mozilla/5.0 (Windows NT 10.0; Win64; x64; rv:62.0) Gecko/20100101 Firefox/62.0"
212.186.238.50 - - [10/Oct/2018:13:26:32 +0200] "GET /images/checkout_border_top.gif HTTP/1.1" 200 156 "http://renault.activities.at/css/styles.css" "Mozilla/5.0 (Windows NT 10.0; Win64; x64; rv:62.0) Gecko/20100101 Firefox/62.0"
212.186.238.50 - - [10/Oct/2018:13:26:32 +0200] "GET /images/checkout_border.gif HTTP/1.1" 200 43 "http://renault.activities.at/css/styles.css" "Mozilla/5.0 (Windows NT 10.0; Win64; x64; rv:62.0) Gecko/20100101 Firefox/62.0"
212.186.238.50 - - [10/Oct/2018:13:26:32 +0200] "GET /images/step_bg.jpg HTTP/1.1" 200 319 "http://renault.activities.at/css/styles.css" "Mozilla/5.0 (Windows NT 10.0; Win64; x64; rv:62.0) Gecko/20100101 Firefox/62.0"
212.186.238.50 - - [10/Oct/2018:13:26:32 +0200] "GET /loadthumbnail.php?id=10202698 HTTP/1.1" 200 16686 "http://renault.activities.at/checkout" "Mozilla/5.0 (Windows NT 10.0; Win64; x64; rv:62.0) Gecko/20100101 Firefox/62.0"
212.186.238.50 - - [10/Oct/2018:13:26:32 +0200] "GET /loadthumbnail.php?id=10201939 HTTP/1.1" 200 201 "http://renault.activities.at/checkout" "Mozilla/5.0 (Windows NT 10.0; Win64; x64; rv:62.0) Gecko/20100101 Firefox/62.0"
213.153.47.173 - - [10/Oct/2018:13:26:36 +0200] "GET /reload?ser=1539170796906 HTTP/1.1" 200 28 "http://renault.activities.at/account?loadrequest=true" "Mozilla/5.0 (Windows NT 10.0; Win64; x64; rv:62.0) Gecko/20100101 Firefox/62.0"
212.186.238.50 - - [10/Oct/2018:13:26:40 +0200] "GET /cart HTTP/1.1" 200 5179 "http://renault.activities.at/checkout" "Mozilla/5.0 (Windows NT 10.0; Win64; x64; rv:62.0) Gecko/20100101 Firefox/62.0"
212.186.238.50 - - [10/Oct/2018:13:26:42 +0200] "GET /css/reset.css HTTP/1.1" 200 1356 "http://renault.activities.at/cart" "Mozilla/5.0 (Windows NT 10.0; Win64; x64; rv:62.0) Gecko/20100101 Firefox/62.0"
212.186.238.50 - - [10/Oct/2018:13:26:42 +0200] "GET /css/prototip.css HTTP/1.1" 200 968 "http://renault.activities.at/cart" "Mozilla/5.0 (Windows NT 10.0; Win64; x64; rv:62.0) Gecko/20100101 Firefox/62.0"
212.186.238.50 - - [10/Oct/2018:13:26:42 +0200] "GET /js/checkout.css HTTP/1.1" 200 359 "http://renault.activities.at/cart" "Mozilla/5.0 (Windows NT 10.0; Win64; x64; rv:62.0) Gecko/20100101 Firefox/62.0"
212.186.238.50 - - [10/Oct/2018:13:26:42 +0200] "GET /css/clears.css HTTP/1.1" 200 851 "http://renault.activities.at/cart" "Mozilla/5.0 (Windows NT 10.0; Win64; x64; rv:62.0) Gecko/20100101 Firefox/62.0"
212.186.238.50 - - [10/Oct/2018:13:26:42 +0200] "GET /css/themes/default.css HTTP/1.1" 200 769 "http://renault.activities.at/cart" "Mozilla/5.0 (Windows NT 10.0; Win64; x64; rv:62.0) Gecko/20100101 Firefox/62.0"
212.186.238.50 - - [10/Oct/2018:13:26:42 +0200] "GET /loadthumbnail.php?id=10232009&width=16&height=16 HTTP/1.1" 200 700 "http://renault.activities.at/cart" "Mozilla/5.0 (Windows NT 10.0; Win64; x64; rv:62.0) Gecko/20100101 Firefox/62.0"
212.186.238.50 - - [10/Oct/2018:13:26:42 +0200] "GET /loadthumbnail.php?id=11679165&width=100 HTTP/1.1" 200 15424 "http://renault.activities.at/cart" "Mozilla/5.0 (Windows NT 10.0; Win64; x64; rv:62.0) Gecko/20100101 Firefox/62.0"
212.186.238.50 - - [10/Oct/2018:13:26:49 +0200] "POST /cart HTTP/1.1" 200 3979 "http://renault.activities.at/cart" "Mozilla/5.0 (Windows NT 10.0; Win64; x64; rv:62.0) Gecko/20100101 Firefox/62.0"
212.186.238.50 - - [10/Oct/2018:13:26:51 +0200] "GET /css/clears.css HTTP/1.1" 200 851 "http://renault.activities.at/cart" "Mozilla/5.0 (Windows NT 10.0; Win64; x64; rv:62.0) Gecko/20100101 Firefox/62.0"
212.186.238.50 - - [10/Oct/2018:13:26:51 +0200] "GET /css/reset.css HTTP/1.1" 200 1356 "http://renault.activities.at/cart" "Mozilla/5.0 (Windows NT 10.0; Win64; x64; rv:62.0) Gecko/20100101 Firefox/62.0"
212.186.238.50 - - [10/Oct/2018:13:26:51 +0200] "GET /css/themes/default.css HTTP/1.1" 200 769 "http://renault.activities.at/cart" "Mozilla/5.0 (Windows NT 10.0; Win64; x64; rv:62.0) Gecko/20100101 Firefox/62.0"
212.186.238.50 - - [10/Oct/2018:13:26:51 +0200] "GET /js/checkout.css HTTP/1.1" 200 359 "http://renault.activities.at/cart" "Mozilla/5.0 (Windows NT 10.0; Win64; x64; rv:62.0) Gecko/20100101 Firefox/62.0"
212.186.238.50 - - [10/Oct/2018:13:26:51 +0200] "GET /css/prototip.css HTTP/1.1" 200 968 "http://renault.activities.at/cart" "Mozilla/5.0 (Windows NT 10.0; Win64; x64; rv:62.0) Gecko/20100101 Firefox/62.0"
212.186.238.50 - - [10/Oct/2018:13:26:53 +0200] "POST /cart HTTP/1.1" 302 141 "http://renault.activities.at/cart" "Mozilla/5.0 (Windows NT 10.0; Win64; x64; rv:62.0) Gecko/20100101 Firefox/62.0"
212.186.238.50 - - [10/Oct/2018:13:26:55 +0200] "GET /checkout HTTP/1.1" 302 148 "http://renault.activities.at/cart" "Mozilla/5.0 (Windows NT 10.0; Win64; x64; rv:62.0) Gecko/20100101 Firefox/62.0"
212.186.238.50 - - [10/Oct/2018:13:26:55 +0200] "GET /cart?noamount=true HTTP/1.1" 200 3919 "http://renault.activities.at/cart" "Mozilla/5.0 (Windows NT 10.0; Win64; x64; rv:62.0) Gecko/20100101 Firefox/62.0"
212.186.238.50 - - [10/Oct/2018:13:26:56 +0200] "GET /js/checkout.css HTTP/1.1" 200 359 "http://renault.activities.at/cart?noamount=true" "Mozilla/5.0 (Windows NT 10.0; Win64; x64; rv:62.0) Gecko/20100101 Firefox/62.0"
212.186.238.50 - - [10/Oct/2018:13:26:56 +0200] "GET /css/prototip.css HTTP/1.1" 200 968 "http://renault.activities.at/cart?noamount=true" "Mozilla/5.0 (Windows NT 10.0; Win64; x64; rv:62.0) Gecko/20100101 Firefox/62.0"
212.186.238.50 - - [10/Oct/2018:13:26:56 +0200] "GET /css/reset.css HTTP/1.1" 200 1356 "http://renault.activities.at/cart?noamount=true" "Mozilla/5.0 (Windows NT 10.0; Win64; x64; rv:62.0) Gecko/20100101 Firefox/62.0"
212.186.238.50 - - [10/Oct/2018:13:26:56 +0200] "GET /css/themes/default.css HTTP/1.1" 200 769 "http://renault.activities.at/cart?noamount=true" "Mozilla/5.0 (Windows NT 10.0; Win64; x64; rv:62.0) Gecko/20100101 Firefox/62.0"
212.186.238.50 - - [10/Oct/2018:13:26:56 +0200] "GET /css/clears.css HTTP/1.1" 200 851 "http://renault.activities.at/cart?noamount=true" "Mozilla/5.0 (Windows NT 10.0; Win64; x64; rv:62.0) Gecko/20100101 Firefox/62.0"
