80.122.53.230 - - [12/Oct/2018:10:15:10 +0200] "GET /images/sidebar_title_corner_right_top.gif HTTP/1.1" 304 - "http://renault.activities.at/10260257?dir=DESC&mode=grid&order=name&limit=50" "Mozilla/5.0 (Windows NT 6.1; WOW64; Trident/7.0; rv:11.0) like Gecko"
80.122.53.230 - - [12/Oct/2018:10:15:10 +0200] "GET /images/menu_divider.gif HTTP/1.1" 304 - "http://renault.activities.at/10260257?dir=DESC&mode=grid&order=name&limit=50" "Mozilla/5.0 (Windows NT 6.1; WOW64; Trident/7.0; rv:11.0) like Gecko"
80.122.53.230 - - [12/Oct/2018:10:15:10 +0200] "GET /images/title_border.jpg HTTP/1.1" 304 - "http://renault.activities.at/10260257?dir=DESC&mode=grid&order=name&limit=50" "Mozilla/5.0 (Windows NT 6.1; WOW64; Trident/7.0; rv:11.0) like Gecko"
80.122.53.230 - - [12/Oct/2018:10:15:10 +0200] "GET /images/title_corner_right_top.jpg HTTP/1.1" 304 - "http://renault.activities.at/10260257?dir=DESC&mode=grid&order=name&limit=50" "Mozilla/5.0 (Windows NT 6.1; WOW64; Trident/7.0; rv:11.0) like Gecko"
80.122.53.230 - - [12/Oct/2018:10:15:10 +0200] "GET /images/validation_advice_bg.gif HTTP/1.1" 304 - "http://renault.activities.at/10260257?dir=DESC&mode=grid&order=name&limit=50" "Mozilla/5.0 (Windows NT 6.1; WOW64; Trident/7.0; rv:11.0) like Gecko"
80.122.53.230 - - [12/Oct/2018:10:15:10 +0200] "GET /images/title_border_top.jpg HTTP/1.1" 304 - "http://renault.activities.at/10260257?dir=DESC&mode=grid&order=name&limit=50" "Mozilla/5.0 (Windows NT 6.1; WOW64; Trident/7.0; rv:11.0) like Gecko"
80.122.53.230 - - [12/Oct/2018:10:15:10 +0200] "GET /images/footer_divider.gif HTTP/1.1" 304 - "http://renault.activities.at/10260257?dir=DESC&mode=grid&order=name&limit=50" "Mozilla/5.0 (Windows NT 6.1; WOW64; Trident/7.0; rv:11.0) like Gecko"
80.122.53.230 - - [12/Oct/2018:10:15:14 +0200] "GET /images/vista-up-hover.gif HTTP/1.1" 304 - "http://renault.activities.at/10260257?dir=DESC&mode=grid&order=name&limit=50" "Mozilla/5.0 (Windows NT 6.1; WOW64; Trident/7.0; rv:11.0) like Gecko"
213.153.47.173 - - [12/Oct/2018:10:15:35 +0200] "GET /reload?ser=1539332135363 HTTP/1.1" 200 28 "http://renault.activities.at/login?required=true" "Mozilla/5.0 (Windows NT 10.0; Win64; x64; rv:62.0) Gecko/20100101 Firefox/62.0"
80.122.53.230 - - [12/Oct/2018:10:15:40 +0200] "POST /10260257?dir=DESC&mode=grid&order=name&limit=50 HTTP/1.1" 200 13850 "http://renault.activities.at/10260257?dir=DESC&mode=grid&order=name&limit=50" "Mozilla/5.0 (Windows NT 6.1; WOW64; Trident/7.0; rv:11.0) like Gecko"
80.122.53.230 - - [12/Oct/2018:10:15:43 +0200] "GET /js/default.js HTTP/1.1" 304 - "http://renault.activities.at/10260257?dir=DESC&mode=grid&order=name&limit=50" "Mozilla/5.0 (Windows NT 6.1; WOW64; Trident/7.0; rv:11.0) like Gecko"
80.122.53.230 - - [12/Oct/2018:10:15:43 +0200] "GET /css/reset.css HTTP/1.1" 304 - "http://renault.activities.at/10260257?dir=DESC&mode=grid&order=name&limit=50" "Mozilla/5.0 (Windows NT 6.1; WOW64; Trident/7.0; rv:11.0) like Gecko"
80.122.53.230 - - [12/Oct/2018:10:15:43 +0200] "GET /css/styles.css HTTP/1.1" 304 - "http://renault.activities.at/10260257?dir=DESC&mode=grid&order=name&limit=50" "Mozilla/5.0 (Windows NT 6.1; WOW64; Trident/7.0; rv:11.0) like Gecko"
80.122.53.230 - - [12/Oct/2018:10:15:43 +0200] "GET /js/prototip.js HTTP/1.1" 304 - "http://renault.activities.at/10260257?dir=DESC&mode=grid&order=name&limit=50" "Mozilla/5.0 (Windows NT 6.1; WOW64; Trident/7.0; rv:11.0) like Gecko"
80.122.53.230 - - [12/Oct/2018:10:15:43 +0200] "GET /css/clears.css HTTP/1.1" 304 - "http://renault.activities.at/10260257?dir=DESC&mode=grid&order=name&limit=50" "Mozilla/5.0 (Windows NT 6.1; WOW64; Trident/7.0; rv:11.0) like Gecko"
80.122.53.230 - - [12/Oct/2018:10:15:43 +0200] "GET /js/checkout.css HTTP/1.1" 304 - "http://renault.activities.at/10260257?dir=DESC&mode=grid&order=name&limit=50" "Mozilla/5.0 (Windows NT 6.1; WOW64; Trident/7.0; rv:11.0) like Gecko"
80.122.53.230 - - [12/Oct/2018:10:15:43 +0200] "GET /css/print.css HTTP/1.1" 304 - "http://renault.activities.at/10260257?dir=DESC&mode=grid&order=name&limit=50" "Mozilla/5.0 (Windows NT 6.1; WOW64; Trident/7.0; rv:11.0) like Gecko"
80.122.53.230 - - [12/Oct/2018:10:15:43 +0200] "GET /css/themes/alphacube.css HTTP/1.1" 304 - "http://renault.activities.at/10260257?dir=DESC&mode=grid&order=name&limit=50" "Mozilla/5.0 (Windows NT 6.1; WOW64; Trident/7.0; rv:11.0) like Gecko"
80.122.53.230 - - [12/Oct/2018:10:15:43 +0200] "GET /js/ProduktGrp.js HTTP/1.1" 304 - "http://renault.activities.at/10260257?dir=DESC&mode=grid&order=name&limit=50" "Mozilla/5.0 (Windows NT 6.1; WOW64; Trident/7.0; rv:11.0) like Gecko"
80.122.53.230 - - [12/Oct/2018:10:15:43 +0200] "GET /images/loading.gif HTTP/1.1" 304 - "http://renault.activities.at/10260257?dir=DESC&mode=grid&order=name&limit=50" "Mozilla/5.0 (Windows NT 6.1; WOW64; Trident/7.0; rv:11.0) like Gecko"
80.122.53.230 - - [12/Oct/2018:10:15:43 +0200] "GET /css/prototip.css HTTP/1.1" 304 - "http://renault.activities.at/10260257?dir=DESC&mode=grid&order=name&limit=50" "Mozilla/5.0 (Windows NT 6.1; WOW64; Trident/7.0; rv:11.0) like Gecko"
80.122.53.230 - - [12/Oct/2018:10:15:43 +0200] "GET /css/themes/default.css HTTP/1.1" 304 - "http://renault.activities.at/10260257?dir=DESC&mode=grid&order=name&limit=50" "Mozilla/5.0 (Windows NT 6.1; WOW64; Trident/7.0; rv:11.0) like Gecko"
80.122.53.230 - - [12/Oct/2018:10:15:43 +0200] "GET /images/header_block_corner_right_top.gif HTTP/1.1" 304 - "http://renault.activities.at/10260257?dir=DESC&mode=grid&order=name&limit=50" "Mozilla/5.0 (Windows NT 6.1; WOW64; Trident/7.0; rv:11.0) like Gecko"
80.122.53.230 - - [12/Oct/2018:10:15:43 +0200] "GET /images/search_bg.gif HTTP/1.1" 304 - "http://renault.activities.at/10260257?dir=DESC&mode=grid&order=name&limit=50" "Mozilla/5.0 (Windows NT 6.1; WOW64; Trident/7.0; rv:11.0) like Gecko"
80.122.53.230 - - [12/Oct/2018:10:15:43 +0200] "GET /images/main_block_corner_left_top.gif HTTP/1.1" 304 - "http://renault.activities.at/10260257?dir=DESC&mode=grid&order=name&limit=50" "Mozilla/5.0 (Windows NT 6.1; WOW64; Trident/7.0; rv:11.0) like Gecko"
80.122.53.230 - - [12/Oct/2018:10:15:43 +0200] "GET /images/header_block_border.gif HTTP/1.1" 304 - "http://renault.activities.at/10260257?dir=DESC&mode=grid&order=name&limit=50" "Mozilla/5.0 (Windows NT 6.1; WOW64; Trident/7.0; rv:11.0) like Gecko"
80.122.53.230 - - [12/Oct/2018:10:15:43 +0200] "GET /images/main_block_corner_left_bot.gif HTTP/1.1" 304 - "http://renault.activities.at/10260257?dir=DESC&mode=grid&order=name&limit=50" "Mozilla/5.0 (Windows NT 6.1; WOW64; Trident/7.0; rv:11.0) like Gecko"
80.122.53.230 - - [12/Oct/2018:10:15:43 +0200] "GET /images/main_block_corner_right_top.gif HTTP/1.1" 304 - "http://renault.activities.at/10260257?dir=DESC&mode=grid&order=name&limit=50" "Mozilla/5.0 (Windows NT 6.1; WOW64; Trident/7.0; rv:11.0) like Gecko"
80.122.53.230 - - [12/Oct/2018:10:15:43 +0200] "GET /images/main_block_corner_right_bot.gif HTTP/1.1" 304 - "http://renault.activities.at/10260257?dir=DESC&mode=grid&order=name&limit=50" "Mozilla/5.0 (Windows NT 6.1; WOW64; Trident/7.0; rv:11.0) like Gecko"
80.122.53.230 - - [12/Oct/2018:10:15:43 +0200] "GET /images/header_block_corner_left_top.gif HTTP/1.1" 304 - "http://renault.activities.at/10260257?dir=DESC&mode=grid&order=name&limit=50" "Mozilla/5.0 (Windows NT 6.1; WOW64; Trident/7.0; rv:11.0) like Gecko"
80.122.53.230 - - [12/Oct/2018:10:15:43 +0200] "GET /images/main_block_border.gif HTTP/1.1" 304 - "http://renault.activities.at/10260257?dir=DESC&mode=grid&order=name&limit=50" "Mozilla/5.0 (Windows NT 6.1; WOW64; Trident/7.0; rv:11.0) like Gecko"
80.122.53.230 - - [12/Oct/2018:10:15:43 +0200] "GET /images/pager_bg.gif HTTP/1.1" 304 - "http://renault.activities.at/10260257?dir=DESC&mode=grid&order=name&limit=50" "Mozilla/5.0 (Windows NT 6.1; WOW64; Trident/7.0; rv:11.0) like Gecko"
80.122.53.230 - - [12/Oct/2018:10:15:43 +0200] "GET /images/button_right_bg.gif HTTP/1.1" 304 - "http://renault.activities.at/10260257?dir=DESC&mode=grid&order=name&limit=50" "Mozilla/5.0 (Windows NT 6.1; WOW64; Trident/7.0; rv:11.0) like Gecko"
80.122.53.230 - - [12/Oct/2018:10:15:43 +0200] "GET /images/top_links_divider.gif HTTP/1.1" 304 - "http://renault.activities.at/10260257?dir=DESC&mode=grid&order=name&limit=50" "Mozilla/5.0 (Windows NT 6.1; WOW64; Trident/7.0; rv:11.0) like Gecko"
80.122.53.230 - - [12/Oct/2018:10:15:43 +0200] "GET /images/sidebar_title_border_top.gif HTTP/1.1" 304 - "http://renault.activities.at/10260257?dir=DESC&mode=grid&order=name&limit=50" "Mozilla/5.0 (Windows NT 6.1; WOW64; Trident/7.0; rv:11.0) like Gecko"
80.122.53.230 - - [12/Oct/2018:10:15:43 +0200] "GET /images/title_border.jpg HTTP/1.1" 304 - "http://renault.activities.at/10260257?dir=DESC&mode=grid&order=name&limit=50" "Mozilla/5.0 (Windows NT 6.1; WOW64; Trident/7.0; rv:11.0) like Gecko"
80.122.53.230 - - [12/Oct/2018:10:15:43 +0200] "GET /images/nav_divider.gif HTTP/1.1" 304 - "http://renault.activities.at/10260257?dir=DESC&mode=grid&order=name&limit=50" "Mozilla/5.0 (Windows NT 6.1; WOW64; Trident/7.0; rv:11.0) like Gecko"
80.122.53.230 - - [12/Oct/2018:10:15:43 +0200] "GET /images/button_bg.gif HTTP/1.1" 304 - "http://renault.activities.at/10260257?dir=DESC&mode=grid&order=name&limit=50" "Mozilla/5.0 (Windows NT 6.1; WOW64; Trident/7.0; rv:11.0) like Gecko"
80.122.53.230 - - [12/Oct/2018:10:15:43 +0200] "GET /images/title_border_top.jpg HTTP/1.1" 304 - "http://renault.activities.at/10260257?dir=DESC&mode=grid&order=name&limit=50" "Mozilla/5.0 (Windows NT 6.1; WOW64; Trident/7.0; rv:11.0) like Gecko"
80.122.53.230 - - [12/Oct/2018:10:15:43 +0200] "GET /images/button_left_bg.gif HTTP/1.1" 304 - "http://renault.activities.at/10260257?dir=DESC&mode=grid&order=name&limit=50" "Mozilla/5.0 (Windows NT 6.1; WOW64; Trident/7.0; rv:11.0) like Gecko"
80.122.53.230 - - [12/Oct/2018:10:15:43 +0200] "GET /images/sidebar_title_corner_right_top.gif HTTP/1.1" 304 - "http://renault.activities.at/10260257?dir=DESC&mode=grid&order=name&limit=50" "Mozilla/5.0 (Windows NT 6.1; WOW64; Trident/7.0; rv:11.0) like Gecko"
80.122.53.230 - - [12/Oct/2018:10:15:43 +0200] "GET /images/footer_divider.gif HTTP/1.1" 304 - "http://renault.activities.at/10260257?dir=DESC&mode=grid&order=name&limit=50" "Mozilla/5.0 (Windows NT 6.1; WOW64; Trident/7.0; rv:11.0) like Gecko"
80.122.53.230 - - [12/Oct/2018:10:15:43 +0200] "GET /images/menu_divider.gif HTTP/1.1" 304 - "http://renault.activities.at/10260257?dir=DESC&mode=grid&order=name&limit=50" "Mozilla/5.0 (Windows NT 6.1; WOW64; Trident/7.0; rv:11.0) like Gecko"
80.122.53.230 - - [12/Oct/2018:10:15:43 +0200] "GET /images/validation_advice_bg.gif HTTP/1.1" 304 - "http://renault.activities.at/10260257?dir=DESC&mode=grid&order=name&limit=50" "Mozilla/5.0 (Windows NT 6.1; WOW64; Trident/7.0; rv:11.0) like Gecko"
80.122.53.230 - - [12/Oct/2018:10:15:43 +0200] "GET /images/menu_button_bg.jpg HTTP/1.1" 304 - "http://renault.activities.at/10260257?dir=DESC&mode=grid&order=name&limit=50" "Mozilla/5.0 (Windows NT 6.1; WOW64; Trident/7.0; rv:11.0) like Gecko"
80.122.53.230 - - [12/Oct/2018:10:15:43 +0200] "GET /images/title_corner_left_top.jpg HTTP/1.1" 304 - "http://renault.activities.at/10260257?dir=DESC&mode=grid&order=name&limit=50" "Mozilla/5.0 (Windows NT 6.1; WOW64; Trident/7.0; rv:11.0) like Gecko"
80.122.53.230 - - [12/Oct/2018:10:15:43 +0200] "GET /images/vista-dn.gif HTTP/1.1" 304 - "http://renault.activities.at/10260257?dir=DESC&mode=grid&order=name&limit=50" "Mozilla/5.0 (Windows NT 6.1; WOW64; Trident/7.0; rv:11.0) like Gecko"
80.122.53.230 - - [12/Oct/2018:10:15:43 +0200] "GET /images/vista-up.gif HTTP/1.1" 304 - "http://renault.activities.at/10260257?dir=DESC&mode=grid&order=name&limit=50" "Mozilla/5.0 (Windows NT 6.1; WOW64; Trident/7.0; rv:11.0) like Gecko"
80.122.53.230 - - [12/Oct/2018:10:15:44 +0200] "GET /images/sidebar_title_border.gif HTTP/1.1" 304 - "http://renault.activities.at/10260257?dir=DESC&mode=grid&order=name&limit=50" "Mozilla/5.0 (Windows NT 6.1; WOW64; Trident/7.0; rv:11.0) like Gecko"
80.122.53.230 - - [12/Oct/2018:10:15:44 +0200] "GET /images/sidebar_title_corner_left_top.gif HTTP/1.1" 304 - "http://renault.activities.at/10260257?dir=DESC&mode=grid&order=name&limit=50" "Mozilla/5.0 (Windows NT 6.1; WOW64; Trident/7.0; rv:11.0) like Gecko"
80.122.53.230 - - [12/Oct/2018:10:15:44 +0200] "GET /images/success_msg_icon.gif HTTP/1.1" 304 - "http://renault.activities.at/10260257?dir=DESC&mode=grid&order=name&limit=50" "Mozilla/5.0 (Windows NT 6.1; WOW64; Trident/7.0; rv:11.0) like Gecko"
80.122.53.230 - - [12/Oct/2018:10:15:44 +0200] "GET /images/title_corner_right_top.jpg HTTP/1.1" 304 - "http://renault.activities.at/10260257?dir=DESC&mode=grid&order=name&limit=50" "Mozilla/5.0 (Windows NT 6.1; WOW64; Trident/7.0; rv:11.0) like Gecko"
212.152.246.135 - - [12/Oct/2018:10:15:46 +0200] "GET /reload?ser=1539332145935 HTTP/1.1" 200 28 "http://renault.activities.at/success" "Mozilla/5.0 (Windows NT 10.0; WOW64; Trident/7.0; rv:11.0) like Gecko"
80.122.53.230 - - [12/Oct/2018:10:15:48 +0200] "GET /checkout HTTP/1.1" 200 20253 "http://renault.activities.at/10260257?dir=DESC&mode=grid&order=name&limit=50" "Mozilla/5.0 (Windows NT 6.1; WOW64; Trident/7.0; rv:11.0) like Gecko"
80.122.53.230 - - [12/Oct/2018:10:15:53 +0200] "GET /js/default.js HTTP/1.1" 304 - "http://renault.activities.at/checkout" "Mozilla/5.0 (Windows NT 6.1; WOW64; Trident/7.0; rv:11.0) like Gecko"
80.122.53.230 - - [12/Oct/2018:10:15:53 +0200] "GET /js/checkout.css HTTP/1.1" 304 - "http://renault.activities.at/checkout" "Mozilla/5.0 (Windows NT 6.1; WOW64; Trident/7.0; rv:11.0) like Gecko"
80.122.53.230 - - [12/Oct/2018:10:15:53 +0200] "GET /css/prototip.css HTTP/1.1" 304 - "http://renault.activities.at/checkout" "Mozilla/5.0 (Windows NT 6.1; WOW64; Trident/7.0; rv:11.0) like Gecko"
80.122.53.230 - - [12/Oct/2018:10:15:53 +0200] "GET /css/reset.css HTTP/1.1" 304 - "http://renault.activities.at/checkout" "Mozilla/5.0 (Windows NT 6.1; WOW64; Trident/7.0; rv:11.0) like Gecko"
80.122.53.230 - - [12/Oct/2018:10:15:53 +0200] "GET /css/styles.css HTTP/1.1" 304 - "http://renault.activities.at/checkout" "Mozilla/5.0 (Windows NT 6.1; WOW64; Trident/7.0; rv:11.0) like Gecko"
80.122.53.230 - - [12/Oct/2018:10:15:53 +0200] "GET /css/print.css HTTP/1.1" 304 - "http://renault.activities.at/checkout" "Mozilla/5.0 (Windows NT 6.1; WOW64; Trident/7.0; rv:11.0) like Gecko"
80.122.53.230 - - [12/Oct/2018:10:15:53 +0200] "GET /css/clears.css HTTP/1.1" 304 - "http://renault.activities.at/checkout" "Mozilla/5.0 (Windows NT 6.1; WOW64; Trident/7.0; rv:11.0) like Gecko"
80.122.53.230 - - [12/Oct/2018:10:15:53 +0200] "GET /css/themes/default.css HTTP/1.1" 304 - "http://renault.activities.at/checkout" "Mozilla/5.0 (Windows NT 6.1; WOW64; Trident/7.0; rv:11.0) like Gecko"
80.122.53.230 - - [12/Oct/2018:10:15:53 +0200] "GET /images/ajax_loading.gif HTTP/1.1" 304 - "http://renault.activities.at/checkout" "Mozilla/5.0 (Windows NT 6.1; WOW64; Trident/7.0; rv:11.0) like Gecko"
80.122.53.230 - - [12/Oct/2018:10:15:53 +0200] "GET /css/themes/alphacube.css HTTP/1.1" 304 - "http://renault.activities.at/checkout" "Mozilla/5.0 (Windows NT 6.1; WOW64; Trident/7.0; rv:11.0) like Gecko"
80.122.53.230 - - [12/Oct/2018:10:15:53 +0200] "GET /js/checkout2.js HTTP/1.1" 200 4122 "http://renault.activities.at/checkout" "Mozilla/5.0 (Windows NT 6.1; WOW64; Trident/7.0; rv:11.0) like Gecko"
80.122.53.230 - - [12/Oct/2018:10:15:53 +0200] "GET /images/header_block_corner_left_top.gif HTTP/1.1" 304 - "http://renault.activities.at/checkout" "Mozilla/5.0 (Windows NT 6.1; WOW64; Trident/7.0; rv:11.0) like Gecko"
80.122.53.230 - - [12/Oct/2018:10:15:53 +0200] "GET /images/main_block_corner_right_top.gif HTTP/1.1" 304 - "http://renault.activities.at/checkout" "Mozilla/5.0 (Windows NT 6.1; WOW64; Trident/7.0; rv:11.0) like Gecko"
80.122.53.230 - - [12/Oct/2018:10:15:53 +0200] "GET /images/main_block_border.gif HTTP/1.1" 304 - "http://renault.activities.at/checkout" "Mozilla/5.0 (Windows NT 6.1; WOW64; Trident/7.0; rv:11.0) like Gecko"
80.122.53.230 - - [12/Oct/2018:10:15:53 +0200] "GET /images/main_block_corner_left_top.gif HTTP/1.1" 304 - "http://renault.activities.at/checkout" "Mozilla/5.0 (Windows NT 6.1; WOW64; Trident/7.0; rv:11.0) like Gecko"
80.122.53.230 - - [12/Oct/2018:10:15:53 +0200] "GET /images/main_block_corner_right_bot.gif HTTP/1.1" 304 - "http://renault.activities.at/checkout" "Mozilla/5.0 (Windows NT 6.1; WOW64; Trident/7.0; rv:11.0) like Gecko"
80.122.53.230 - - [12/Oct/2018:10:15:53 +0200] "GET /images/header_block_border.gif HTTP/1.1" 304 - "http://renault.activities.at/checkout" "Mozilla/5.0 (Windows NT 6.1; WOW64; Trident/7.0; rv:11.0) like Gecko"
80.122.53.230 - - [12/Oct/2018:10:15:53 +0200] "GET /images/search_bg.gif HTTP/1.1" 304 - "http://renault.activities.at/checkout" "Mozilla/5.0 (Windows NT 6.1; WOW64; Trident/7.0; rv:11.0) like Gecko"
80.122.53.230 - - [12/Oct/2018:10:15:53 +0200] "GET /images/main_block_corner_left_bot.gif HTTP/1.1" 304 - "http://renault.activities.at/checkout" "Mozilla/5.0 (Windows NT 6.1; WOW64; Trident/7.0; rv:11.0) like Gecko"
80.122.53.230 - - [12/Oct/2018:10:15:53 +0200] "GET /loadthumbnail.php?id=10201939 HTTP/1.1" 200 201 "http://renault.activities.at/checkout" "Mozilla/5.0 (Windows NT 6.1; WOW64; Trident/7.0; rv:11.0) like Gecko"
80.122.53.230 - - [12/Oct/2018:10:15:53 +0200] "GET /loadthumbnail.php?id=10202698 HTTP/1.1" 200 16686 "http://renault.activities.at/checkout" "Mozilla/5.0 (Windows NT 6.1; WOW64; Trident/7.0; rv:11.0) like Gecko"
80.122.53.230 - - [12/Oct/2018:10:15:53 +0200] "GET /images/header_block_corner_right_top.gif HTTP/1.1" 304 - "http://renault.activities.at/checkout" "Mozilla/5.0 (Windows NT 6.1; WOW64; Trident/7.0; rv:11.0) like Gecko"
80.122.53.230 - - [12/Oct/2018:10:15:53 +0200] "GET /images/top_links_divider.gif HTTP/1.1" 304 - "http://renault.activities.at/checkout" "Mozilla/5.0 (Windows NT 6.1; WOW64; Trident/7.0; rv:11.0) like Gecko"
80.122.53.230 - - [12/Oct/2018:10:15:53 +0200] "GET /images/step_bg.jpg HTTP/1.1" 200 319 "http://renault.activities.at/checkout" "Mozilla/5.0 (Windows NT 6.1; WOW64; Trident/7.0; rv:11.0) like Gecko"
80.122.53.230 - - [12/Oct/2018:10:15:53 +0200] "GET /images/footer_divider.gif HTTP/1.1" 304 - "http://renault.activities.at/checkout" "Mozilla/5.0 (Windows NT 6.1; WOW64; Trident/7.0; rv:11.0) like Gecko"
80.122.53.230 - - [12/Oct/2018:10:15:53 +0200] "GET /images/menu_button_bg.jpg HTTP/1.1" 304 - "http://renault.activities.at/checkout" "Mozilla/5.0 (Windows NT 6.1; WOW64; Trident/7.0; rv:11.0) like Gecko"
80.122.53.230 - - [12/Oct/2018:10:15:53 +0200] "GET /images/menu_divider.gif HTTP/1.1" 304 - "http://renault.activities.at/checkout" "Mozilla/5.0 (Windows NT 6.1; WOW64; Trident/7.0; rv:11.0) like Gecko"
80.122.53.230 - - [12/Oct/2018:10:15:53 +0200] "GET /images/button_bg.gif HTTP/1.1" 304 - "http://renault.activities.at/checkout" "Mozilla/5.0 (Windows NT 6.1; WOW64; Trident/7.0; rv:11.0) like Gecko"
80.122.53.230 - - [12/Oct/2018:10:15:53 +0200] "GET /images/sidebar_title_corner_right_top.gif HTTP/1.1" 304 - "http://renault.activities.at/checkout" "Mozilla/5.0 (Windows NT 6.1; WOW64; Trident/7.0; rv:11.0) like Gecko"
80.122.53.230 - - [12/Oct/2018:10:15:53 +0200] "GET /images/step_marker.gif HTTP/1.1" 200 650 "http://renault.activities.at/checkout" "Mozilla/5.0 (Windows NT 6.1; WOW64; Trident/7.0; rv:11.0) like Gecko"
80.122.53.230 - - [12/Oct/2018:10:15:53 +0200] "GET /images/nav_divider.gif HTTP/1.1" 304 - "http://renault.activities.at/checkout" "Mozilla/5.0 (Windows NT 6.1; WOW64; Trident/7.0; rv:11.0) like Gecko"
80.122.53.230 - - [12/Oct/2018:10:15:53 +0200] "GET /images/checkout_border_top.gif HTTP/1.1" 200 156 "http://renault.activities.at/checkout" "Mozilla/5.0 (Windows NT 6.1; WOW64; Trident/7.0; rv:11.0) like Gecko"
80.122.53.230 - - [12/Oct/2018:10:15:53 +0200] "GET /images/sidebar_title_corner_left_top.gif HTTP/1.1" 304 - "http://renault.activities.at/checkout" "Mozilla/5.0 (Windows NT 6.1; WOW64; Trident/7.0; rv:11.0) like Gecko"
80.122.53.230 - - [12/Oct/2018:10:15:53 +0200] "GET /images/checkout_border.gif HTTP/1.1" 200 43 "http://renault.activities.at/checkout" "Mozilla/5.0 (Windows NT 6.1; WOW64; Trident/7.0; rv:11.0) like Gecko"
80.122.53.230 - - [12/Oct/2018:10:15:53 +0200] "GET /images/sidebar_title_border_top.gif HTTP/1.1" 304 - "http://renault.activities.at/checkout" "Mozilla/5.0 (Windows NT 6.1; WOW64; Trident/7.0; rv:11.0) like Gecko"
80.122.53.230 - - [12/Oct/2018:10:15:53 +0200] "GET /images/button_right_bg.gif HTTP/1.1" 304 - "http://renault.activities.at/checkout" "Mozilla/5.0 (Windows NT 6.1; WOW64; Trident/7.0; rv:11.0) like Gecko"
80.122.53.230 - - [12/Oct/2018:10:15:53 +0200] "GET /images/button_left_bg.gif HTTP/1.1" 304 - "http://renault.activities.at/checkout" "Mozilla/5.0 (Windows NT 6.1; WOW64; Trident/7.0; rv:11.0) like Gecko"
80.122.53.230 - - [12/Oct/2018:10:15:53 +0200] "GET /images/sidebar_title_border.gif HTTP/1.1" 304 - "http://renault.activities.at/checkout" "Mozilla/5.0 (Windows NT 6.1; WOW64; Trident/7.0; rv:11.0) like Gecko"
213.153.47.173 - - [12/Oct/2018:10:16:36 +0200] "GET /reload?ser=1539332196014 HTTP/1.1" 200 28 "http://renault.activities.at/login?required=true" "Mozilla/5.0 (Windows NT 10.0; Win64; x64; rv:62.0) Gecko/20100101 Firefox/62.0"
212.152.246.135 - - [12/Oct/2018:10:16:47 +0200] "GET /reload?ser=1539332206983 HTTP/1.1" 200 28 "http://renault.activities.at/success" "Mozilla/5.0 (Windows NT 10.0; WOW64; Trident/7.0; rv:11.0) like Gecko"
80.122.53.230 - - [12/Oct/2018:10:16:53 +0200] "GET /reload?ser=1539332213790 HTTP/1.1" 200 28 "http://renault.activities.at/checkout" "Mozilla/5.0 (Windows NT 6.1; WOW64; Trident/7.0; rv:11.0) like Gecko"
213.153.47.173 - - [12/Oct/2018:10:17:36 +0200] "GET /reload?ser=1539332256675 HTTP/1.1" 200 28 "http://renault.activities.at/login?required=true" "Mozilla/5.0 (Windows NT 10.0; Win64; x64; rv:62.0) Gecko/20100101 Firefox/62.0"
212.152.246.135 - - [12/Oct/2018:10:17:48 +0200] "GET /reload?ser=1539332267979 HTTP/1.1" 200 28 "http://renault.activities.at/success" "Mozilla/5.0 (Windows NT 10.0; WOW64; Trident/7.0; rv:11.0) like Gecko"
80.122.53.230 - - [12/Oct/2018:10:17:54 +0200] "GET /reload?ser=1539332274873 HTTP/1.1" 200 28 "http://renault.activities.at/checkout" "Mozilla/5.0 (Windows NT 6.1; WOW64; Trident/7.0; rv:11.0) like Gecko"
213.153.47.173 - - [12/Oct/2018:10:18:37 +0200] "GET /reload?ser=1539332317324 HTTP/1.1" 200 28 "http://renault.activities.at/login?required=true" "Mozilla/5.0 (Windows NT 10.0; Win64; x64; rv:62.0) Gecko/20100101 Firefox/62.0"
212.152.246.135 - - [12/Oct/2018:10:18:49 +0200] "GET /reload?ser=1539332328984 HTTP/1.1" 200 28 "http://renault.activities.at/success" "Mozilla/5.0 (Windows NT 10.0; WOW64; Trident/7.0; rv:11.0) like Gecko"
80.122.53.230 - - [12/Oct/2018:10:18:55 +0200] "GET /reload?ser=1539332335895 HTTP/1.1" 200 28 "http://renault.activities.at/checkout" "Mozilla/5.0 (Windows NT 6.1; WOW64; Trident/7.0; rv:11.0) like Gecko"
213.153.47.173 - - [12/Oct/2018:10:19:38 +0200] "GET /reload?ser=1539332377994 HTTP/1.1" 200 28 "http://renault.activities.at/login?required=true" "Mozilla/5.0 (Windows NT 10.0; Win64; x64; rv:62.0) Gecko/20100101 Firefox/62.0"
212.152.246.135 - - [12/Oct/2018:10:19:50 +0200] "GET /reload?ser=1539332389984 HTTP/1.1" 200 28 "http://renault.activities.at/success" "Mozilla/5.0 (Windows NT 10.0; WOW64; Trident/7.0; rv:11.0) like Gecko"
80.122.53.230 - - [12/Oct/2018:10:19:56 +0200] "GET /reload?ser=1539332396927 HTTP/1.1" 200 28 "http://renault.activities.at/checkout" "Mozilla/5.0 (Windows NT 6.1; WOW64; Trident/7.0; rv:11.0) like Gecko"
213.153.47.173 - - [12/Oct/2018:10:20:38 +0200] "GET /reload?ser=1539332438664 HTTP/1.1" 200 28 "http://renault.activities.at/login?required=true" "Mozilla/5.0 (Windows NT 10.0; Win64; x64; rv:62.0) Gecko/20100101 Firefox/62.0"
212.152.246.135 - - [12/Oct/2018:10:20:51 +0200] "GET /reload?ser=1539332450993 HTTP/1.1" 200 28 "http://renault.activities.at/success" "Mozilla/5.0 (Windows NT 10.0; WOW64; Trident/7.0; rv:11.0) like Gecko"
213.153.47.173 - - [12/Oct/2018:10:21:39 +0200] "GET /reload?ser=1539332499334 HTTP/1.1" 200 28 "http://renault.activities.at/login?required=true" "Mozilla/5.0 (Windows NT 10.0; Win64; x64; rv:62.0) Gecko/20100101 Firefox/62.0"
212.152.246.135 - - [12/Oct/2018:10:21:52 +0200] "GET /reload?ser=1539332512021 HTTP/1.1" 200 28 "http://renault.activities.at/success" "Mozilla/5.0 (Windows NT 10.0; WOW64; Trident/7.0; rv:11.0) like Gecko"
213.153.47.173 - - [12/Oct/2018:10:22:40 +0200] "GET /reload?ser=1539332559993 HTTP/1.1" 200 28 "http://renault.activities.at/login?required=true" "Mozilla/5.0 (Windows NT 10.0; Win64; x64; rv:62.0) Gecko/20100101 Firefox/62.0"
212.152.246.135 - - [12/Oct/2018:10:22:53 +0200] "GET /reload?ser=1539332573057 HTTP/1.1" 200 28 "http://renault.activities.at/success" "Mozilla/5.0 (Windows NT 10.0; WOW64; Trident/7.0; rv:11.0) like Gecko"
213.153.47.173 - - [12/Oct/2018:10:23:40 +0200] "GET /reload?ser=1539332620643 HTTP/1.1" 200 28 "http://renault.activities.at/login?required=true" "Mozilla/5.0 (Windows NT 10.0; Win64; x64; rv:62.0) Gecko/20100101 Firefox/62.0"
212.152.246.135 - - [12/Oct/2018:10:23:54 +0200] "GET /reload?ser=1539332634094 HTTP/1.1" 200 28 "http://renault.activities.at/success" "Mozilla/5.0 (Windows NT 10.0; WOW64; Trident/7.0; rv:11.0) like Gecko"
213.153.47.173 - - [12/Oct/2018:10:24:41 +0200] "GET /reload?ser=1539332681304 HTTP/1.1" 200 28 "http://renault.activities.at/login?required=true" "Mozilla/5.0 (Windows NT 10.0; Win64; x64; rv:62.0) Gecko/20100101 Firefox/62.0"
212.152.246.135 - - [12/Oct/2018:10:24:55 +0200] "GET /reload?ser=1539332695096 HTTP/1.1" 200 28 "http://renault.activities.at/success" "Mozilla/5.0 (Windows NT 10.0; WOW64; Trident/7.0; rv:11.0) like Gecko"
213.153.47.173 - - [12/Oct/2018:10:25:42 +0200] "GET /reload?ser=1539332741975 HTTP/1.1" 200 28 "http://renault.activities.at/login?required=true" "Mozilla/5.0 (Windows NT 10.0; Win64; x64; rv:62.0) Gecko/20100101 Firefox/62.0"
212.152.246.135 - - [12/Oct/2018:10:25:56 +0200] "GET /reload?ser=1539332756142 HTTP/1.1" 200 28 "http://renault.activities.at/success" "Mozilla/5.0 (Windows NT 10.0; WOW64; Trident/7.0; rv:11.0) like Gecko"
213.153.47.173 - - [12/Oct/2018:10:26:42 +0200] "GET /reload?ser=1539332802637 HTTP/1.1" 200 28 "http://renault.activities.at/login?required=true" "Mozilla/5.0 (Windows NT 10.0; Win64; x64; rv:62.0) Gecko/20100101 Firefox/62.0"
212.152.246.135 - - [12/Oct/2018:10:26:57 +0200] "GET /reload?ser=1539332817188 HTTP/1.1" 200 28 "http://renault.activities.at/success" "Mozilla/5.0 (Windows NT 10.0; WOW64; Trident/7.0; rv:11.0) like Gecko"
213.153.47.173 - - [12/Oct/2018:10:27:43 +0200] "GET /reload?ser=1539332863277 HTTP/1.1" 200 28 "http://renault.activities.at/login?required=true" "Mozilla/5.0 (Windows NT 10.0; Win64; x64; rv:62.0) Gecko/20100101 Firefox/62.0"
212.152.246.135 - - [12/Oct/2018:10:27:58 +0200] "GET /reload?ser=1539332878179 HTTP/1.1" 200 28 "http://renault.activities.at/success" "Mozilla/5.0 (Windows NT 10.0; WOW64; Trident/7.0; rv:11.0) like Gecko"
213.153.47.173 - - [12/Oct/2018:10:28:43 +0200] "GET /reload?ser=1539332923947 HTTP/1.1" 200 28 "http://renault.activities.at/login?required=true" "Mozilla/5.0 (Windows NT 10.0; Win64; x64; rv:62.0) Gecko/20100101 Firefox/62.0"
212.152.246.135 - - [12/Oct/2018:10:28:59 +0200] "GET /reload?ser=1539332939220 HTTP/1.1" 200 28 "http://renault.activities.at/success" "Mozilla/5.0 (Windows NT 10.0; WOW64; Trident/7.0; rv:11.0) like Gecko"
213.153.47.173 - - [12/Oct/2018:10:29:44 +0200] "GET /reload?ser=1539332984607 HTTP/1.1" 200 28 "http://renault.activities.at/login?required=true" "Mozilla/5.0 (Windows NT 10.0; Win64; x64; rv:62.0) Gecko/20100101 Firefox/62.0"
212.152.246.135 - - [12/Oct/2018:10:30:00 +0200] "GET /reload?ser=1539333000278 HTTP/1.1" 200 28 "http://renault.activities.at/success" "Mozilla/5.0 (Windows NT 10.0; WOW64; Trident/7.0; rv:11.0) like Gecko"
213.153.47.173 - - [12/Oct/2018:10:30:45 +0200] "GET /reload?ser=1539333045277 HTTP/1.1" 200 28 "http://renault.activities.at/login?required=true" "Mozilla/5.0 (Windows NT 10.0; Win64; x64; rv:62.0) Gecko/20100101 Firefox/62.0"
212.152.246.135 - - [12/Oct/2018:10:31:01 +0200] "GET /reload?ser=1539333061303 HTTP/1.1" 200 28 "http://renault.activities.at/success" "Mozilla/5.0 (Windows NT 10.0; WOW64; Trident/7.0; rv:11.0) like Gecko"
213.153.47.173 - - [12/Oct/2018:10:31:46 +0200] "GET /reload?ser=1539333105968 HTTP/1.1" 200 28 "http://renault.activities.at/login?required=true" "Mozilla/5.0 (Windows NT 10.0; Win64; x64; rv:62.0) Gecko/20100101 Firefox/62.0"
212.152.246.135 - - [12/Oct/2018:10:32:02 +0200] "GET /reload?ser=1539333122360 HTTP/1.1" 200 28 "http://renault.activities.at/success" "Mozilla/5.0 (Windows NT 10.0; WOW64; Trident/7.0; rv:11.0) like Gecko"
213.153.47.173 - - [12/Oct/2018:10:32:46 +0200] "GET /reload?ser=1539333166649 HTTP/1.1" 200 28 "http://renault.activities.at/login?required=true" "Mozilla/5.0 (Windows NT 10.0; Win64; x64; rv:62.0) Gecko/20100101 Firefox/62.0"
212.152.246.135 - - [12/Oct/2018:10:33:03 +0200] "GET /reload?ser=1539333183408 HTTP/1.1" 200 28 "http://renault.activities.at/success" "Mozilla/5.0 (Windows NT 10.0; WOW64; Trident/7.0; rv:11.0) like Gecko"
213.153.47.173 - - [12/Oct/2018:10:33:47 +0200] "GET /reload?ser=1539333227318 HTTP/1.1" 200 28 "http://renault.activities.at/login?required=true" "Mozilla/5.0 (Windows NT 10.0; Win64; x64; rv:62.0) Gecko/20100101 Firefox/62.0"
212.152.246.135 - - [12/Oct/2018:10:34:04 +0200] "GET /reload?ser=1539333244436 HTTP/1.1" 200 28 "http://renault.activities.at/success" "Mozilla/5.0 (Windows NT 10.0; WOW64; Trident/7.0; rv:11.0) like Gecko"
213.153.47.173 - - [12/Oct/2018:10:34:48 +0200] "GET /reload?ser=1539333287978 HTTP/1.1" 200 28 "http://renault.activities.at/login?required=true" "Mozilla/5.0 (Windows NT 10.0; Win64; x64; rv:62.0) Gecko/20100101 Firefox/62.0"
212.152.246.135 - - [12/Oct/2018:10:35:05 +0200] "GET /reload?ser=1539333305480 HTTP/1.1" 200 28 "http://renault.activities.at/success" "Mozilla/5.0 (Windows NT 10.0; WOW64; Trident/7.0; rv:11.0) like Gecko"
213.153.47.173 - - [12/Oct/2018:10:35:48 +0200] "GET /reload?ser=1539333348659 HTTP/1.1" 200 28 "http://renault.activities.at/login?required=true" "Mozilla/5.0 (Windows NT 10.0; Win64; x64; rv:62.0) Gecko/20100101 Firefox/62.0"
212.152.246.135 - - [12/Oct/2018:10:36:06 +0200] "GET /reload?ser=1539333366473 HTTP/1.1" 200 28 "http://renault.activities.at/success" "Mozilla/5.0 (Windows NT 10.0; WOW64; Trident/7.0; rv:11.0) like Gecko"
213.153.47.173 - - [12/Oct/2018:10:36:49 +0200] "GET /reload?ser=1539333409329 HTTP/1.1" 200 28 "http://renault.activities.at/login?required=true" "Mozilla/5.0 (Windows NT 10.0; Win64; x64; rv:62.0) Gecko/20100101 Firefox/62.0"
212.152.246.135 - - [12/Oct/2018:10:37:07 +0200] "GET /reload?ser=1539333427576 HTTP/1.1" 200 28 "http://renault.activities.at/success" "Mozilla/5.0 (Windows NT 10.0; WOW64; Trident/7.0; rv:11.0) like Gecko"
213.153.47.173 - - [12/Oct/2018:10:37:50 +0200] "GET /reload?ser=1539333470009 HTTP/1.1" 200 28 "http://renault.activities.at/login?required=true" "Mozilla/5.0 (Windows NT 10.0; Win64; x64; rv:62.0) Gecko/20100101 Firefox/62.0"
212.152.246.135 - - [12/Oct/2018:10:38:08 +0200] "GET /reload?ser=1539333488567 HTTP/1.1" 200 28 "http://renault.activities.at/success" "Mozilla/5.0 (Windows NT 10.0; WOW64; Trident/7.0; rv:11.0) like Gecko"
213.153.47.173 - - [12/Oct/2018:10:38:50 +0200] "GET /reload?ser=1539333530679 HTTP/1.1" 200 28 "http://renault.activities.at/login?required=true" "Mozilla/5.0 (Windows NT 10.0; Win64; x64; rv:62.0) Gecko/20100101 Firefox/62.0"
212.152.246.135 - - [12/Oct/2018:10:39:09 +0200] "GET /reload?ser=1539333549585 HTTP/1.1" 200 28 "http://renault.activities.at/success" "Mozilla/5.0 (Windows NT 10.0; WOW64; Trident/7.0; rv:11.0) like Gecko"
213.153.47.173 - - [12/Oct/2018:10:39:51 +0200] "GET /reload?ser=1539333591359 HTTP/1.1" 200 28 "http://renault.activities.at/login?required=true" "Mozilla/5.0 (Windows NT 10.0; Win64; x64; rv:62.0) Gecko/20100101 Firefox/62.0"
212.152.246.135 - - [12/Oct/2018:10:40:10 +0200] "GET /reload?ser=1539333610647 HTTP/1.1" 200 28 "http://renault.activities.at/success" "Mozilla/5.0 (Windows NT 10.0; WOW64; Trident/7.0; rv:11.0) like Gecko"
213.153.47.173 - - [12/Oct/2018:10:40:52 +0200] "GET /reload?ser=1539333652039 HTTP/1.1" 200 28 "http://renault.activities.at/login?required=true" "Mozilla/5.0 (Windows NT 10.0; Win64; x64; rv:62.0) Gecko/20100101 Firefox/62.0"
212.152.246.135 - - [12/Oct/2018:10:41:11 +0200] "GET /reload?ser=1539333671654 HTTP/1.1" 200 28 "http://renault.activities.at/success" "Mozilla/5.0 (Windows NT 10.0; WOW64; Trident/7.0; rv:11.0) like Gecko"
213.153.47.173 - - [12/Oct/2018:10:41:52 +0200] "GET /reload?ser=1539333712699 HTTP/1.1" 200 28 "http://renault.activities.at/login?required=true" "Mozilla/5.0 (Windows NT 10.0; Win64; x64; rv:62.0) Gecko/20100101 Firefox/62.0"
212.152.246.135 - - [12/Oct/2018:10:42:12 +0200] "GET /reload?ser=1539333732723 HTTP/1.1" 200 28 "http://renault.activities.at/success" "Mozilla/5.0 (Windows NT 10.0; WOW64; Trident/7.0; rv:11.0) like Gecko"
213.153.47.173 - - [12/Oct/2018:10:42:53 +0200] "GET /reload?ser=1539333773370 HTTP/1.1" 200 28 "http://renault.activities.at/login?required=true" "Mozilla/5.0 (Windows NT 10.0; Win64; x64; rv:62.0) Gecko/20100101 Firefox/62.0"
212.152.246.135 - - [12/Oct/2018:10:43:13 +0200] "GET /reload?ser=1539333793775 HTTP/1.1" 200 28 "http://renault.activities.at/success" "Mozilla/5.0 (Windows NT 10.0; WOW64; Trident/7.0; rv:11.0) like Gecko"
213.153.47.173 - - [12/Oct/2018:10:43:54 +0200] "GET /reload?ser=1539333834052 HTTP/1.1" 200 28 "http://renault.activities.at/login?required=true" "Mozilla/5.0 (Windows NT 10.0; Win64; x64; rv:62.0) Gecko/20100101 Firefox/62.0"
212.152.246.135 - - [12/Oct/2018:10:44:14 +0200] "GET /reload?ser=1539333854777 HTTP/1.1" 200 28 "http://renault.activities.at/success" "Mozilla/5.0 (Windows NT 10.0; WOW64; Trident/7.0; rv:11.0) like Gecko"
213.153.47.173 - - [12/Oct/2018:10:44:54 +0200] "GET /reload?ser=1539333894723 HTTP/1.1" 200 28 "http://renault.activities.at/login?required=true" "Mozilla/5.0 (Windows NT 10.0; Win64; x64; rv:62.0) Gecko/20100101 Firefox/62.0"
212.152.246.135 - - [12/Oct/2018:10:45:15 +0200] "GET /reload?ser=1539333915848 HTTP/1.1" 200 28 "http://renault.activities.at/success" "Mozilla/5.0 (Windows NT 10.0; WOW64; Trident/7.0; rv:11.0) like Gecko"
213.153.47.173 - - [12/Oct/2018:10:45:55 +0200] "GET /reload?ser=1539333955395 HTTP/1.1" 200 28 "http://renault.activities.at/login?required=true" "Mozilla/5.0 (Windows NT 10.0; Win64; x64; rv:62.0) Gecko/20100101 Firefox/62.0"
212.152.246.135 - - [12/Oct/2018:10:46:17 +0200] "GET /reload?ser=1539333976897 HTTP/1.1" 200 28 "http://renault.activities.at/success" "Mozilla/5.0 (Windows NT 10.0; WOW64; Trident/7.0; rv:11.0) like Gecko"
213.153.47.173 - - [12/Oct/2018:10:46:56 +0200] "GET /reload?ser=1539334016084 HTTP/1.1" 200 28 "http://renault.activities.at/login?required=true" "Mozilla/5.0 (Windows NT 10.0; Win64; x64; rv:62.0) Gecko/20100101 Firefox/62.0"
212.152.246.135 - - [12/Oct/2018:10:47:18 +0200] "GET /reload?ser=1539334037950 HTTP/1.1" 200 28 "http://renault.activities.at/success" "Mozilla/5.0 (Windows NT 10.0; WOW64; Trident/7.0; rv:11.0) like Gecko"
213.153.47.173 - - [12/Oct/2018:10:47:56 +0200] "GET /reload?ser=1539334076745 HTTP/1.1" 200 28 "http://renault.activities.at/login?required=true" "Mozilla/5.0 (Windows NT 10.0; Win64; x64; rv:62.0) Gecko/20100101 Firefox/62.0"
212.152.246.135 - - [12/Oct/2018:10:48:19 +0200] "GET /reload?ser=1539334099004 HTTP/1.1" 200 28 "http://renault.activities.at/success" "Mozilla/5.0 (Windows NT 10.0; WOW64; Trident/7.0; rv:11.0) like Gecko"
213.153.47.173 - - [12/Oct/2018:10:48:57 +0200] "GET /reload?ser=1539334137395 HTTP/1.1" 200 28 "http://renault.activities.at/login?required=true" "Mozilla/5.0 (Windows NT 10.0; Win64; x64; rv:62.0) Gecko/20100101 Firefox/62.0"
212.152.246.135 - - [12/Oct/2018:10:49:20 +0200] "GET /reload?ser=1539334160060 HTTP/1.1" 200 28 "http://renault.activities.at/success" "Mozilla/5.0 (Windows NT 10.0; WOW64; Trident/7.0; rv:11.0) like Gecko"
213.153.47.173 - - [12/Oct/2018:10:49:58 +0200] "GET /reload?ser=1539334198066 HTTP/1.1" 200 28 "http://renault.activities.at/login?required=true" "Mozilla/5.0 (Windows NT 10.0; Win64; x64; rv:62.0) Gecko/20100101 Firefox/62.0"
212.152.246.135 - - [12/Oct/2018:10:50:21 +0200] "GET /reload?ser=1539334221115 HTTP/1.1" 200 28 "http://renault.activities.at/success" "Mozilla/5.0 (Windows NT 10.0; WOW64; Trident/7.0; rv:11.0) like Gecko"
217.76.161.118 - - [12/Oct/2018:10:50:30 +0200] "GET / HTTP/1.1" 200 3683 "-" "Mozilla/5.0 (Windows NT 6.1; WOW64; Trident/7.0; rv:11.0) like Gecko"
217.76.161.118 - - [12/Oct/2018:10:50:31 +0200] "GET /js/default.js HTTP/1.1" 200 14698 "http://renault.activities.at/" "Mozilla/5.0 (Windows NT 6.1; WOW64; Trident/7.0; rv:11.0) like Gecko"
217.76.161.118 - - [12/Oct/2018:10:50:31 +0200] "GET /js/flashdetection.js HTTP/1.1" 200 1059 "http://renault.activities.at/" "Mozilla/5.0 (Windows NT 6.1; WOW64; Trident/7.0; rv:11.0) like Gecko"
217.76.161.118 - - [12/Oct/2018:10:50:31 +0200] "GET /css/print.css HTTP/1.1" 200 543 "http://renault.activities.at/" "Mozilla/5.0 (Windows NT 6.1; WOW64; Trident/7.0; rv:11.0) like Gecko"
217.76.161.118 - - [12/Oct/2018:10:50:31 +0200] "GET /css/reset.css HTTP/1.1" 200 1356 "http://renault.activities.at/" "Mozilla/5.0 (Windows NT 6.1; WOW64; Trident/7.0; rv:11.0) like Gecko"
217.76.161.118 - - [12/Oct/2018:10:50:31 +0200] "GET /css/clears.css HTTP/1.1" 200 851 "http://renault.activities.at/" "Mozilla/5.0 (Windows NT 6.1; WOW64; Trident/7.0; rv:11.0) like Gecko"
217.76.161.118 - - [12/Oct/2018:10:50:31 +0200] "GET /css/styles.css HTTP/1.1" 200 14664 "http://renault.activities.at/" "Mozilla/5.0 (Windows NT 6.1; WOW64; Trident/7.0; rv:11.0) like Gecko"
217.76.161.118 - - [12/Oct/2018:10:50:31 +0200] "GET /css/themes/alphacube.css HTTP/1.1" 200 743 "http://renault.activities.at/" "Mozilla/5.0 (Windows NT 6.1; WOW64; Trident/7.0; rv:11.0) like Gecko"
217.76.161.118 - - [12/Oct/2018:10:50:31 +0200] "GET /css/prototip.css HTTP/1.1" 200 968 "http://renault.activities.at/" "Mozilla/5.0 (Windows NT 6.1; WOW64; Trident/7.0; rv:11.0) like Gecko"
217.76.161.118 - - [12/Oct/2018:10:50:31 +0200] "GET /css/themes/default.css HTTP/1.1" 200 769 "http://renault.activities.at/" "Mozilla/5.0 (Windows NT 6.1; WOW64; Trident/7.0; rv:11.0) like Gecko"
217.76.161.118 - - [12/Oct/2018:10:50:31 +0200] "GET /js/checkout.css HTTP/1.1" 200 359 "http://renault.activities.at/" "Mozilla/5.0 (Windows NT 6.1; WOW64; Trident/7.0; rv:11.0) like Gecko"
217.76.161.118 - - [12/Oct/2018:10:50:31 +0200] "GET /images/main_block_corner_right_bot.gif HTTP/1.1" 200 158 "http://renault.activities.at/" "Mozilla/5.0 (Windows NT 6.1; WOW64; Trident/7.0; rv:11.0) like Gecko"
217.76.161.118 - - [12/Oct/2018:10:50:31 +0200] "GET /images/main_block_corner_left_bot.gif HTTP/1.1" 200 159 "http://renault.activities.at/" "Mozilla/5.0 (Windows NT 6.1; WOW64; Trident/7.0; rv:11.0) like Gecko"
217.76.161.118 - - [12/Oct/2018:10:50:31 +0200] "GET /images/main_block_border.gif HTTP/1.1" 200 43 "http://renault.activities.at/" "Mozilla/5.0 (Windows NT 6.1; WOW64; Trident/7.0; rv:11.0) like Gecko"
217.76.161.118 - - [12/Oct/2018:10:50:31 +0200] "GET /images/header_block_corner_left_top.gif HTTP/1.1" 200 160 "http://renault.activities.at/" "Mozilla/5.0 (Windows NT 6.1; WOW64; Trident/7.0; rv:11.0) like Gecko"
217.76.161.118 - - [12/Oct/2018:10:50:31 +0200] "GET /images/header_block_border.gif HTTP/1.1" 200 43 "http://renault.activities.at/" "Mozilla/5.0 (Windows NT 6.1; WOW64; Trident/7.0; rv:11.0) like Gecko"
217.76.161.118 - - [12/Oct/2018:10:50:31 +0200] "GET /images/header_block_corner_right_top.gif HTTP/1.1" 200 160 "http://renault.activities.at/" "Mozilla/5.0 (Windows NT 6.1; WOW64; Trident/7.0; rv:11.0) like Gecko"
217.76.161.118 - - [12/Oct/2018:10:50:31 +0200] "GET /images/favicon.ico HTTP/1.1" 404 305 "-" "Mozilla/5.0 (Windows NT 6.1; Win64; x64; Trident/7.0; rv:11.0) like Gecko"
217.76.161.118 - - [12/Oct/2018:10:50:31 +0200] "GET /images/title_border_top.jpg HTTP/1.1" 200 336 "http://renault.activities.at/" "Mozilla/5.0 (Windows NT 6.1; WOW64; Trident/7.0; rv:11.0) like Gecko"
217.76.161.118 - - [12/Oct/2018:10:50:31 +0200] "GET /images/title_corner_left_top.jpg HTTP/1.1" 200 372 "http://renault.activities.at/" "Mozilla/5.0 (Windows NT 6.1; WOW64; Trident/7.0; rv:11.0) like Gecko"
217.76.161.118 - - [12/Oct/2018:10:50:31 +0200] "GET /images/main_block_corner_right_top.gif HTTP/1.1" 200 159 "http://renault.activities.at/" "Mozilla/5.0 (Windows NT 6.1; WOW64; Trident/7.0; rv:11.0) like Gecko"
217.76.161.118 - - [12/Oct/2018:10:50:31 +0200] "GET /images/title_border.jpg HTTP/1.1" 200 304 "http://renault.activities.at/" "Mozilla/5.0 (Windows NT 6.1; WOW64; Trident/7.0; rv:11.0) like Gecko"
217.76.161.118 - - [12/Oct/2018:10:50:31 +0200] "GET /images/main_block_corner_left_top.gif HTTP/1.1" 200 159 "http://renault.activities.at/" "Mozilla/5.0 (Windows NT 6.1; WOW64; Trident/7.0; rv:11.0) like Gecko"
217.76.161.118 - - [12/Oct/2018:10:50:31 +0200] "GET /images/title_corner_right_top.jpg HTTP/1.1" 200 389 "http://renault.activities.at/" "Mozilla/5.0 (Windows NT 6.1; WOW64; Trident/7.0; rv:11.0) like Gecko"
217.76.161.118 - - [12/Oct/2018:10:50:31 +0200] "GET /loadthumbnail.php?id=11127982 HTTP/1.1" 200 399614 "http://renault.activities.at/" "Mozilla/5.0 (Windows NT 6.1; WOW64; Trident/7.0; rv:11.0) like Gecko"
217.76.161.118 - - [12/Oct/2018:10:50:36 +0200] "GET /login HTTP/1.1" 200 2086 "http://renault.activities.at/" "Mozilla/5.0 (Windows NT 6.1; WOW64; Trident/7.0; rv:11.0) like Gecko"
217.76.161.118 - - [12/Oct/2018:10:50:37 +0200] "GET /images/button_left_bg.gif HTTP/1.1" 200 564 "http://renault.activities.at/login" "Mozilla/5.0 (Windows NT 6.1; WOW64; Trident/7.0; rv:11.0) like Gecko"
217.76.161.118 - - [12/Oct/2018:10:50:37 +0200] "GET /images/button_bg.gif HTTP/1.1" 200 151 "http://renault.activities.at/login" "Mozilla/5.0 (Windows NT 6.1; WOW64; Trident/7.0; rv:11.0) like Gecko"
217.76.161.118 - - [12/Oct/2018:10:50:37 +0200] "GET /images/button_right_bg.gif HTTP/1.1" 200 561 "http://renault.activities.at/login" "Mozilla/5.0 (Windows NT 6.1; WOW64; Trident/7.0; rv:11.0) like Gecko"
217.76.161.118 - - [12/Oct/2018:10:50:37 +0200] "GET /images/favicon.ico HTTP/1.1" 404 305 "-" "Mozilla/5.0 (Windows NT 6.1; Win64; x64; Trident/7.0; rv:11.0) like Gecko"
217.76.161.118 - - [12/Oct/2018:10:50:37 +0200] "GET /favicon.ico HTTP/1.1" 200 3250 "-" "Mozilla/5.0 (Windows NT 6.1; Win64; x64; Trident/7.0; rv:11.0) like Gecko"
217.76.161.118 - - [12/Oct/2018:10:50:49 +0200] "POST /login HTTP/1.1" 302 140 "http://renault.activities.at/login" "Mozilla/5.0 (Windows NT 6.1; WOW64; Trident/7.0; rv:11.0) like Gecko"
217.76.161.118 - - [12/Oct/2018:10:50:51 +0200] "GET /account HTTP/1.1" 200 5969 "http://renault.activities.at/login" "Mozilla/5.0 (Windows NT 6.1; WOW64; Trident/7.0; rv:11.0) like Gecko"
217.76.161.118 - - [12/Oct/2018:10:50:54 +0200] "GET /js/account.js HTTP/1.1" 200 953 "http://renault.activities.at/account" "Mozilla/5.0 (Windows NT 6.1; WOW64; Trident/7.0; rv:11.0) like Gecko"
217.76.161.118 - - [12/Oct/2018:10:50:54 +0200] "GET /images/search_bg.gif HTTP/1.1" 200 1726 "http://renault.activities.at/account" "Mozilla/5.0 (Windows NT 6.1; WOW64; Trident/7.0; rv:11.0) like Gecko"
217.76.161.118 - - [12/Oct/2018:10:50:54 +0200] "GET /images/menu_divider.gif HTTP/1.1" 200 176 "http://renault.activities.at/account" "Mozilla/5.0 (Windows NT 6.1; WOW64; Trident/7.0; rv:11.0) like Gecko"
217.76.161.118 - - [12/Oct/2018:10:50:54 +0200] "GET /images/sidebar_title_border.gif HTTP/1.1" 200 43 "http://renault.activities.at/account" "Mozilla/5.0 (Windows NT 6.1; WOW64; Trident/7.0; rv:11.0) like Gecko"
217.76.161.118 - - [12/Oct/2018:10:50:54 +0200] "GET /images/top_links_divider.gif HTTP/1.1" 200 44 "http://renault.activities.at/account" "Mozilla/5.0 (Windows NT 6.1; WOW64; Trident/7.0; rv:11.0) like Gecko"
217.76.161.118 - - [12/Oct/2018:10:50:54 +0200] "GET /loadthumbnail.php?id=11075482&width=50&height=50 HTTP/1.1" 200 1114 "http://renault.activities.at/account" "Mozilla/5.0 (Windows NT 6.1; WOW64; Trident/7.0; rv:11.0) like Gecko"
217.76.161.118 - - [12/Oct/2018:10:50:54 +0200] "GET /loadthumbnail.php?id=11075492&width=50&height=50 HTTP/1.1" 200 1114 "http://renault.activities.at/account" "Mozilla/5.0 (Windows NT 6.1; WOW64; Trident/7.0; rv:11.0) like Gecko"
217.76.161.118 - - [12/Oct/2018:10:50:54 +0200] "GET /images/menu_button_bg.jpg HTTP/1.1" 200 322 "http://renault.activities.at/account" "Mozilla/5.0 (Windows NT 6.1; WOW64; Trident/7.0; rv:11.0) like Gecko"
217.76.161.118 - - [12/Oct/2018:10:50:54 +0200] "GET /images/nav_divider.gif HTTP/1.1" 200 43 "http://renault.activities.at/account" "Mozilla/5.0 (Windows NT 6.1; WOW64; Trident/7.0; rv:11.0) like Gecko"
217.76.161.118 - - [12/Oct/2018:10:50:54 +0200] "GET /images/sidebar_title_border_top.gif HTTP/1.1" 200 155 "http://renault.activities.at/account" "Mozilla/5.0 (Windows NT 6.1; WOW64; Trident/7.0; rv:11.0) like Gecko"
217.76.161.118 - - [12/Oct/2018:10:50:54 +0200] "GET /images/sidebar_title_corner_left_top.gif HTTP/1.1" 200 1124 "http://renault.activities.at/account" "Mozilla/5.0 (Windows NT 6.1; WOW64; Trident/7.0; rv:11.0) like Gecko"
217.76.161.118 - - [12/Oct/2018:10:50:54 +0200] "GET /images/sidebar_title_corner_right_top.gif HTTP/1.1" 200 383 "http://renault.activities.at/account" "Mozilla/5.0 (Windows NT 6.1; WOW64; Trident/7.0; rv:11.0) like Gecko"
217.76.161.118 - - [12/Oct/2018:10:50:54 +0200] "GET /images/footer_divider.gif HTTP/1.1" 200 44 "http://renault.activities.at/account" "Mozilla/5.0 (Windows NT 6.1; WOW64; Trident/7.0; rv:11.0) like Gecko"
217.76.161.118 - - [12/Oct/2018:10:50:54 +0200] "GET /favicon.ico HTTP/1.1" 200 3250 "-" "Mozilla/5.0 (Windows NT 6.1; Win64; x64; Trident/7.0; rv:11.0) like Gecko"
213.153.47.173 - - [12/Oct/2018:10:50:58 +0200] "GET /reload?ser=1539334258736 HTTP/1.1" 200 28 "http://renault.activities.at/login?required=true" "Mozilla/5.0 (Windows NT 10.0; Win64; x64; rv:62.0) Gecko/20100101 Firefox/62.0"
217.76.161.118 - - [12/Oct/2018:10:51:06 +0200] "GET /result?searchterm=true&search=captur HTTP/1.1" 200 8441 "http://renault.activities.at/account" "Mozilla/5.0 (Windows NT 6.1; WOW64; Trident/7.0; rv:11.0) like Gecko"
217.76.161.118 - - [12/Oct/2018:10:51:09 +0200] "GET /js/prototip.js HTTP/1.1" 200 4588 "http://renault.activities.at/result?searchterm=true&search=captur" "Mozilla/5.0 (Windows NT 6.1; WOW64; Trident/7.0; rv:11.0) like Gecko"
217.76.161.118 - - [12/Oct/2018:10:51:10 +0200] "GET /images/loading.gif HTTP/1.1" 200 3208 "http://renault.activities.at/result?searchterm=true&search=captur" "Mozilla/5.0 (Windows NT 6.1; WOW64; Trident/7.0; rv:11.0) like Gecko"
217.76.161.118 - - [12/Oct/2018:10:51:10 +0200] "GET /js/ProduktGrp.js HTTP/1.1" 200 1569 "http://renault.activities.at/result?searchterm=true&search=captur" "Mozilla/5.0 (Windows NT 6.1; WOW64; Trident/7.0; rv:11.0) like Gecko"
217.76.161.118 - - [12/Oct/2018:10:51:10 +0200] "GET /loadthumbnail.php?id=10203276 HTTP/1.1" 200 75 "http://renault.activities.at/result?searchterm=true&search=captur" "Mozilla/5.0 (Windows NT 6.1; WOW64; Trident/7.0; rv:11.0) like Gecko"
217.76.161.118 - - [12/Oct/2018:10:51:10 +0200] "GET /loadthumbnail.php?id=10203255 HTTP/1.1" 200 137 "http://renault.activities.at/result?searchterm=true&search=captur" "Mozilla/5.0 (Windows NT 6.1; WOW64; Trident/7.0; rv:11.0) like Gecko"
217.76.161.118 - - [12/Oct/2018:10:51:10 +0200] "GET /loadthumbnail.php?id=11679160&width=113 HTTP/1.1" 200 32885 "http://renault.activities.at/result?searchterm=true&search=captur" "Mozilla/5.0 (Windows NT 6.1; WOW64; Trident/7.0; rv:11.0) like Gecko"
217.76.161.118 - - [12/Oct/2018:10:51:10 +0200] "GET /loadthumbnail.php?id=11548693&width=113 HTTP/1.1" 200 18681 "http://renault.activities.at/result?searchterm=true&search=captur" "Mozilla/5.0 (Windows NT 6.1; WOW64; Trident/7.0; rv:11.0) like Gecko"
217.76.161.118 - - [12/Oct/2018:10:51:10 +0200] "GET /loadthumbnail.php?id=11181187&width=113 HTTP/1.1" 200 1532 "http://renault.activities.at/result?searchterm=true&search=captur" "Mozilla/5.0 (Windows NT 6.1; WOW64; Trident/7.0; rv:11.0) like Gecko"
217.76.161.118 - - [12/Oct/2018:10:51:10 +0200] "GET /loadthumbnail.php?id=11487278&width=113 HTTP/1.1" 200 23060 "http://renault.activities.at/result?searchterm=true&search=captur" "Mozilla/5.0 (Windows NT 6.1; WOW64; Trident/7.0; rv:11.0) like Gecko"
217.76.161.118 - - [12/Oct/2018:10:51:10 +0200] "GET /images/pager_bg.gif HTTP/1.1" 200 150 "http://renault.activities.at/result?searchterm=true&search=captur" "Mozilla/5.0 (Windows NT 6.1; WOW64; Trident/7.0; rv:11.0) like Gecko"
217.76.161.118 - - [12/Oct/2018:10:51:10 +0200] "GET /images/vista-up.gif HTTP/1.1" 200 131 "http://renault.activities.at/result?searchterm=true&search=captur" "Mozilla/5.0 (Windows NT 6.1; WOW64; Trident/7.0; rv:11.0) like Gecko"
217.76.161.118 - - [12/Oct/2018:10:51:10 +0200] "GET /images/vista-dn.gif HTTP/1.1" 200 128 "http://renault.activities.at/result?searchterm=true&search=captur" "Mozilla/5.0 (Windows NT 6.1; WOW64; Trident/7.0; rv:11.0) like Gecko"
217.76.161.118 - - [12/Oct/2018:10:51:10 +0200] "GET /images/validation_advice_bg.gif HTTP/1.1" 200 134 "http://renault.activities.at/result?searchterm=true&search=captur" "Mozilla/5.0 (Windows NT 6.1; WOW64; Trident/7.0; rv:11.0) like Gecko"
217.76.161.118 - - [12/Oct/2018:10:51:10 +0200] "GET /loadthumbnail.php?id=11181180&width=113 HTTP/1.1" 200 1834 "http://renault.activities.at/result?searchterm=true&search=captur" "Mozilla/5.0 (Windows NT 6.1; WOW64; Trident/7.0; rv:11.0) like Gecko"
