213.90.25.78 - - [16/Oct/2018:12:06:23 +0200] "GET /reload?ser=1539684384307 HTTP/1.1" 200 28 "http://renault.activities.at/success" "Mozilla/5.0 (Windows NT 6.1; WOW64; Trident/7.0; rv:11.0) like Gecko"
213.153.47.173 - - [16/Oct/2018:12:06:37 +0200] "GET /reload?ser=1539684397278 HTTP/1.1" 200 28 "http://renault.activities.at/login?required=true" "Mozilla/5.0 (Windows NT 10.0; Win64; x64; rv:62.0) Gecko/20100101 Firefox/62.0"
88.116.197.170 - - [16/Oct/2018:12:06:54 +0200] "GET /account HTTP/1.1" 302 150 "-" "Mozilla/5.0 (iPhone; CPU iPhone OS 12_0 like Mac OS X) AppleWebKit/605.1.15 (KHTML, like Gecko) Version/12.0 Mobile/15E148 Safari/604.1"
88.116.197.170 - - [16/Oct/2018:12:06:54 +0200] "GET /login?required=true HTTP/1.1" 200 2086 "-" "Mozilla/5.0 (iPhone; CPU iPhone OS 12_0 like Mac OS X) AppleWebKit/605.1.15 (KHTML, like Gecko) Version/12.0 Mobile/15E148 Safari/604.1"
88.116.197.170 - - [16/Oct/2018:12:06:55 +0200] "GET /apple-touch-icon-120x120-precomposed.png HTTP/1.1" 200 1559 "-" "MobileSafari/604.1 CFNetwork/974.2.1 Darwin/18.0.0"
88.116.197.170 - - [16/Oct/2018:12:06:56 +0200] "GET /apple-touch-icon-120x120.png HTTP/1.1" 200 1559 "-" "MobileSafari/604.1 CFNetwork/974.2.1 Darwin/18.0.0"
88.116.197.170 - - [16/Oct/2018:12:06:57 +0200] "GET /apple-touch-icon-precomposed.png HTTP/1.1" 200 1559 "-" "MobileSafari/604.1 CFNetwork/974.2.1 Darwin/18.0.0"
88.116.197.170 - - [16/Oct/2018:12:06:58 +0200] "GET /apple-touch-icon.png HTTP/1.1" 200 1559 "-" "MobileSafari/604.1 CFNetwork/974.2.1 Darwin/18.0.0"
88.116.197.170 - - [16/Oct/2018:12:06:59 +0200] "GET /images/favicon.ico HTTP/1.1" 404 305 "-" "MobileSafari/604.1 CFNetwork/974.2.1 Darwin/18.0.0"
88.116.197.170 - - [16/Oct/2018:12:07:00 +0200] "GET /images/favicon.ico HTTP/1.1" 404 305 "-" "MobileSafari/604.1 CFNetwork/974.2.1 Darwin/18.0.0"
88.116.197.170 - - [16/Oct/2018:12:07:00 +0200] "GET /favicon.ico HTTP/1.1" 200 3250 "-" "MobileSafari/604.1 CFNetwork/974.2.1 Darwin/18.0.0"
88.116.197.170 - - [16/Oct/2018:12:07:00 +0200] "GET /apple-touch-icon-120x120-precomposed.png HTTP/1.1" 200 1559 "-" "MobileSafari/604.1 CFNetwork/974.2.1 Darwin/18.0.0"
88.116.197.170 - - [16/Oct/2018:12:07:01 +0200] "GET /apple-touch-icon-120x120.png HTTP/1.1" 200 1559 "-" "MobileSafari/604.1 CFNetwork/974.2.1 Darwin/18.0.0"
88.116.197.170 - - [16/Oct/2018:12:07:02 +0200] "GET /apple-touch-icon-precomposed.png HTTP/1.1" 200 1559 "-" "MobileSafari/604.1 CFNetwork/974.2.1 Darwin/18.0.0"
88.116.197.170 - - [16/Oct/2018:12:07:03 +0200] "GET /apple-touch-icon.png HTTP/1.1" 200 1559 "-" "MobileSafari/604.1 CFNetwork/974.2.1 Darwin/18.0.0"
88.116.197.170 - - [16/Oct/2018:12:07:04 +0200] "GET /images/favicon.ico HTTP/1.1" 404 305 "-" "MobileSafari/604.1 CFNetwork/974.2.1 Darwin/18.0.0"
88.116.197.170 - - [16/Oct/2018:12:07:04 +0200] "GET /images/favicon.ico HTTP/1.1" 404 305 "-" "MobileSafari/604.1 CFNetwork/974.2.1 Darwin/18.0.0"
88.116.197.170 - - [16/Oct/2018:12:07:05 +0200] "GET /favicon.ico HTTP/1.1" 200 3250 "-" "MobileSafari/604.1 CFNetwork/974.2.1 Darwin/18.0.0"
213.153.47.173 - - [16/Oct/2018:12:07:16 +0200] "GET /reload?ser=1539684436401 HTTP/1.1" 200 28 "http://renault.activities.at/login?required=true" "Mozilla/5.0 (Windows NT 10.0; Win64; x64) AppleWebKit/537.36 (KHTML, like Gecko) Chrome/69.0.3497.100 Safari/537.36 OPR/56.0.3051.43"
212.186.92.126 - - [16/Oct/2018:12:07:16 +0200] "GET /reload?ser=1539684435902 HTTP/1.1" 200 28 "http://renault.activities.at/result?searchterm=true&search=dacia+sandero" "Mozilla/5.0 (Windows NT 6.1; WOW64; Trident/7.0; rv:11.0) like Gecko"
213.90.25.78 - - [16/Oct/2018:12:07:24 +0200] "GET /reload?ser=1539684445317 HTTP/1.1" 200 28 "http://renault.activities.at/success" "Mozilla/5.0 (Windows NT 6.1; WOW64; Trident/7.0; rv:11.0) like Gecko"
213.153.47.173 - - [16/Oct/2018:12:07:38 +0200] "GET /reload?ser=1539684457929 HTTP/1.1" 200 28 "http://renault.activities.at/login?required=true" "Mozilla/5.0 (Windows NT 10.0; Win64; x64; rv:62.0) Gecko/20100101 Firefox/62.0"
213.153.47.173 - - [16/Oct/2018:12:08:17 +0200] "GET /reload?ser=1539684497402 HTTP/1.1" 200 28 "http://renault.activities.at/login?required=true" "Mozilla/5.0 (Windows NT 10.0; Win64; x64) AppleWebKit/537.36 (KHTML, like Gecko) Chrome/69.0.3497.100 Safari/537.36 OPR/56.0.3051.43"
212.186.92.126 - - [16/Oct/2018:12:08:17 +0200] "GET /reload?ser=1539684497084 HTTP/1.1" 200 28 "http://renault.activities.at/result?searchterm=true&search=dacia+sandero" "Mozilla/5.0 (Windows NT 6.1; WOW64; Trident/7.0; rv:11.0) like Gecko"
213.90.25.78 - - [16/Oct/2018:12:08:25 +0200] "GET /reload?ser=1539684506327 HTTP/1.1" 200 28 "http://renault.activities.at/success" "Mozilla/5.0 (Windows NT 6.1; WOW64; Trident/7.0; rv:11.0) like Gecko"
213.153.47.173 - - [16/Oct/2018:12:08:38 +0200] "GET /reload?ser=1539684518589 HTTP/1.1" 200 28 "http://renault.activities.at/login?required=true" "Mozilla/5.0 (Windows NT 10.0; Win64; x64; rv:62.0) Gecko/20100101 Firefox/62.0"
54.165.118.91 - - [16/Oct/2018:12:09:14 +0200] "GET /reload?ser=1539684435902 HTTP/1.1" 200 10166 "-" "Mozilla/4.0 (compatible; MSIE 8.0; Windows NT 5.1; Trident/4.0)"
213.153.47.173 - - [16/Oct/2018:12:09:18 +0200] "GET /reload?ser=1539684558402 HTTP/1.1" 200 28 "http://renault.activities.at/login?required=true" "Mozilla/5.0 (Windows NT 10.0; Win64; x64) AppleWebKit/537.36 (KHTML, like Gecko) Chrome/69.0.3497.100 Safari/537.36 OPR/56.0.3051.43"
212.186.92.126 - - [16/Oct/2018:12:09:18 +0200] "GET /reload?ser=1539684558127 HTTP/1.1" 200 28 "http://renault.activities.at/result?searchterm=true&search=dacia+sandero" "Mozilla/5.0 (Windows NT 6.1; WOW64; Trident/7.0; rv:11.0) like Gecko"
213.90.25.78 - - [16/Oct/2018:12:09:26 +0200] "GET /reload?ser=1539684567291 HTTP/1.1" 200 28 "http://renault.activities.at/success" "Mozilla/5.0 (Windows NT 6.1; WOW64; Trident/7.0; rv:11.0) like Gecko"
213.153.47.173 - - [16/Oct/2018:12:09:39 +0200] "GET /reload?ser=1539684579261 HTTP/1.1" 200 28 "http://renault.activities.at/login?required=true" "Mozilla/5.0 (Windows NT 10.0; Win64; x64; rv:62.0) Gecko/20100101 Firefox/62.0"
213.153.47.173 - - [16/Oct/2018:12:10:19 +0200] "GET /reload?ser=1539684619401 HTTP/1.1" 200 28 "http://renault.activities.at/login?required=true" "Mozilla/5.0 (Windows NT 10.0; Win64; x64) AppleWebKit/537.36 (KHTML, like Gecko) Chrome/69.0.3497.100 Safari/537.36 OPR/56.0.3051.43"
212.186.92.126 - - [16/Oct/2018:12:10:19 +0200] "GET /reload?ser=1539684619155 HTTP/1.1" 200 28 "http://renault.activities.at/result?searchterm=true&search=dacia+sandero" "Mozilla/5.0 (Windows NT 6.1; WOW64; Trident/7.0; rv:11.0) like Gecko"
213.90.25.78 - - [16/Oct/2018:12:10:27 +0200] "GET /reload?ser=1539684628286 HTTP/1.1" 200 28 "http://renault.activities.at/success" "Mozilla/5.0 (Windows NT 6.1; WOW64; Trident/7.0; rv:11.0) like Gecko"
213.153.47.173 - - [16/Oct/2018:12:10:39 +0200] "GET /reload?ser=1539684639911 HTTP/1.1" 200 28 "http://renault.activities.at/login?required=true" "Mozilla/5.0 (Windows NT 10.0; Win64; x64; rv:62.0) Gecko/20100101 Firefox/62.0"
213.153.47.173 - - [16/Oct/2018:12:11:20 +0200] "GET /reload?ser=1539684680403 HTTP/1.1" 200 28 "http://renault.activities.at/login?required=true" "Mozilla/5.0 (Windows NT 10.0; Win64; x64) AppleWebKit/537.36 (KHTML, like Gecko) Chrome/69.0.3497.100 Safari/537.36 OPR/56.0.3051.43"
212.186.92.126 - - [16/Oct/2018:12:11:20 +0200] "GET /reload?ser=1539684680166 HTTP/1.1" 200 28 "http://renault.activities.at/result?searchterm=true&search=dacia+sandero" "Mozilla/5.0 (Windows NT 6.1; WOW64; Trident/7.0; rv:11.0) like Gecko"
213.90.25.78 - - [16/Oct/2018:12:11:28 +0200] "GET /reload?ser=1539684689312 HTTP/1.1" 200 28 "http://renault.activities.at/success" "Mozilla/5.0 (Windows NT 6.1; WOW64; Trident/7.0; rv:11.0) like Gecko"
213.153.47.173 - - [16/Oct/2018:12:11:40 +0200] "GET /reload?ser=1539684700571 HTTP/1.1" 200 28 "http://renault.activities.at/login?required=true" "Mozilla/5.0 (Windows NT 10.0; Win64; x64; rv:62.0) Gecko/20100101 Firefox/62.0"
213.153.47.173 - - [16/Oct/2018:12:12:21 +0200] "GET /reload?ser=1539684741401 HTTP/1.1" 200 28 "http://renault.activities.at/login?required=true" "Mozilla/5.0 (Windows NT 10.0; Win64; x64) AppleWebKit/537.36 (KHTML, like Gecko) Chrome/69.0.3497.100 Safari/537.36 OPR/56.0.3051.43"
212.186.92.126 - - [16/Oct/2018:12:12:21 +0200] "GET /reload?ser=1539684741209 HTTP/1.1" 200 28 "http://renault.activities.at/result?searchterm=true&search=dacia+sandero" "Mozilla/5.0 (Windows NT 6.1; WOW64; Trident/7.0; rv:11.0) like Gecko"
213.90.25.78 - - [16/Oct/2018:12:12:30 +0200] "GET /reload?ser=1539684750338 HTTP/1.1" 200 28 "http://renault.activities.at/success" "Mozilla/5.0 (Windows NT 6.1; WOW64; Trident/7.0; rv:11.0) like Gecko"
213.153.47.173 - - [16/Oct/2018:12:12:41 +0200] "GET /reload?ser=1539684761243 HTTP/1.1" 200 28 "http://renault.activities.at/login?required=true" "Mozilla/5.0 (Windows NT 10.0; Win64; x64; rv:62.0) Gecko/20100101 Firefox/62.0"
213.153.47.173 - - [16/Oct/2018:12:13:22 +0200] "GET /reload?ser=1539684802401 HTTP/1.1" 200 28 "http://renault.activities.at/login?required=true" "Mozilla/5.0 (Windows NT 10.0; Win64; x64) AppleWebKit/537.36 (KHTML, like Gecko) Chrome/69.0.3497.100 Safari/537.36 OPR/56.0.3051.43"
212.186.92.126 - - [16/Oct/2018:12:13:22 +0200] "GET /reload?ser=1539684802252 HTTP/1.1" 200 28 "http://renault.activities.at/result?searchterm=true&search=dacia+sandero" "Mozilla/5.0 (Windows NT 6.1; WOW64; Trident/7.0; rv:11.0) like Gecko"
213.90.25.78 - - [16/Oct/2018:12:13:31 +0200] "GET /reload?ser=1539684811348 HTTP/1.1" 200 28 "http://renault.activities.at/success" "Mozilla/5.0 (Windows NT 6.1; WOW64; Trident/7.0; rv:11.0) like Gecko"
213.153.47.173 - - [16/Oct/2018:12:13:41 +0200] "GET /reload?ser=1539684821914 HTTP/1.1" 200 28 "http://renault.activities.at/login?required=true" "Mozilla/5.0 (Windows NT 10.0; Win64; x64; rv:62.0) Gecko/20100101 Firefox/62.0"
213.153.47.173 - - [16/Oct/2018:12:14:23 +0200] "GET /reload?ser=1539684863402 HTTP/1.1" 200 28 "http://renault.activities.at/login?required=true" "Mozilla/5.0 (Windows NT 10.0; Win64; x64) AppleWebKit/537.36 (KHTML, like Gecko) Chrome/69.0.3497.100 Safari/537.36 OPR/56.0.3051.43"
212.186.92.126 - - [16/Oct/2018:12:14:23 +0200] "GET /reload?ser=1539684863309 HTTP/1.1" 200 28 "http://renault.activities.at/result?searchterm=true&search=dacia+sandero" "Mozilla/5.0 (Windows NT 6.1; WOW64; Trident/7.0; rv:11.0) like Gecko"
213.90.25.78 - - [16/Oct/2018:12:14:32 +0200] "GET /reload?ser=1539684872358 HTTP/1.1" 200 28 "http://renault.activities.at/success" "Mozilla/5.0 (Windows NT 6.1; WOW64; Trident/7.0; rv:11.0) like Gecko"
213.153.47.173 - - [16/Oct/2018:12:14:42 +0200] "GET /reload?ser=1539684882574 HTTP/1.1" 200 28 "http://renault.activities.at/login?required=true" "Mozilla/5.0 (Windows NT 10.0; Win64; x64; rv:62.0) Gecko/20100101 Firefox/62.0"
213.153.47.173 - - [16/Oct/2018:12:15:24 +0200] "GET /reload?ser=1539684924402 HTTP/1.1" 200 28 "http://renault.activities.at/login?required=true" "Mozilla/5.0 (Windows NT 10.0; Win64; x64) AppleWebKit/537.36 (KHTML, like Gecko) Chrome/69.0.3497.100 Safari/537.36 OPR/56.0.3051.43"
212.186.92.126 - - [16/Oct/2018:12:15:24 +0200] "GET /reload?ser=1539684924352 HTTP/1.1" 200 28 "http://renault.activities.at/result?searchterm=true&search=dacia+sandero" "Mozilla/5.0 (Windows NT 6.1; WOW64; Trident/7.0; rv:11.0) like Gecko"
213.90.25.78 - - [16/Oct/2018:12:15:33 +0200] "GET /reload?ser=1539684933355 HTTP/1.1" 200 28 "http://renault.activities.at/success" "Mozilla/5.0 (Windows NT 6.1; WOW64; Trident/7.0; rv:11.0) like Gecko"
213.153.47.173 - - [16/Oct/2018:12:15:43 +0200] "GET /reload?ser=1539684943224 HTTP/1.1" 200 28 "http://renault.activities.at/login?required=true" "Mozilla/5.0 (Windows NT 10.0; Win64; x64; rv:62.0) Gecko/20100101 Firefox/62.0"
213.153.47.173 - - [16/Oct/2018:12:16:25 +0200] "GET /reload?ser=1539684985400 HTTP/1.1" 200 28 "http://renault.activities.at/login?required=true" "Mozilla/5.0 (Windows NT 10.0; Win64; x64) AppleWebKit/537.36 (KHTML, like Gecko) Chrome/69.0.3497.100 Safari/537.36 OPR/56.0.3051.43"
212.186.92.126 - - [16/Oct/2018:12:16:25 +0200] "GET /reload?ser=1539684985378 HTTP/1.1" 200 28 "http://renault.activities.at/result?searchterm=true&search=dacia+sandero" "Mozilla/5.0 (Windows NT 6.1; WOW64; Trident/7.0; rv:11.0) like Gecko"
213.90.25.78 - - [16/Oct/2018:12:16:34 +0200] "GET /reload?ser=1539684994351 HTTP/1.1" 200 28 "http://renault.activities.at/success" "Mozilla/5.0 (Windows NT 6.1; WOW64; Trident/7.0; rv:11.0) like Gecko"
213.153.47.173 - - [16/Oct/2018:12:16:43 +0200] "GET /reload?ser=1539685003875 HTTP/1.1" 200 28 "http://renault.activities.at/login?required=true" "Mozilla/5.0 (Windows NT 10.0; Win64; x64; rv:62.0) Gecko/20100101 Firefox/62.0"
213.153.47.173 - - [16/Oct/2018:12:17:26 +0200] "GET /reload?ser=1539685046402 HTTP/1.1" 200 28 "http://renault.activities.at/login?required=true" "Mozilla/5.0 (Windows NT 10.0; Win64; x64) AppleWebKit/537.36 (KHTML, like Gecko) Chrome/69.0.3497.100 Safari/537.36 OPR/56.0.3051.43"
212.186.92.126 - - [16/Oct/2018:12:17:26 +0200] "GET /reload?ser=1539685046437 HTTP/1.1" 200 28 "http://renault.activities.at/result?searchterm=true&search=dacia+sandero" "Mozilla/5.0 (Windows NT 6.1; WOW64; Trident/7.0; rv:11.0) like Gecko"
213.90.25.78 - - [16/Oct/2018:12:17:35 +0200] "GET /reload?ser=1539685055351 HTTP/1.1" 200 28 "http://renault.activities.at/success" "Mozilla/5.0 (Windows NT 6.1; WOW64; Trident/7.0; rv:11.0) like Gecko"
213.153.47.173 - - [16/Oct/2018:12:17:44 +0200] "GET /reload?ser=1539685064556 HTTP/1.1" 200 28 "http://renault.activities.at/login?required=true" "Mozilla/5.0 (Windows NT 10.0; Win64; x64; rv:62.0) Gecko/20100101 Firefox/62.0"
212.152.246.130 - - [16/Oct/2018:12:18:02 +0200] "GET /login HTTP/1.1" 200 2086 "-" "Mozilla/5.0 (Windows NT 6.1; Win64; x64) AppleWebKit/537.36 (KHTML, like Gecko) Chrome/69.0.3497.100 Safari/537.36 OPR/56.0.3051.43"
212.152.246.130 - - [16/Oct/2018:12:18:02 +0200] "GET /images/favicon.ico HTTP/1.1" 404 305 "-" "Mozilla/5.0 (Windows NT 6.1; Win64; x64) AppleWebKit/537.36 (KHTML, like Gecko) Chrome/69.0.3497.100 Safari/537.36 OPR/56.0.3051.43"
213.153.47.173 - - [16/Oct/2018:12:18:27 +0200] "GET /reload?ser=1539685107400 HTTP/1.1" 200 28 "http://renault.activities.at/login?required=true" "Mozilla/5.0 (Windows NT 10.0; Win64; x64) AppleWebKit/537.36 (KHTML, like Gecko) Chrome/69.0.3497.100 Safari/537.36 OPR/56.0.3051.43"
212.186.92.126 - - [16/Oct/2018:12:18:27 +0200] "GET /reload?ser=1539685107480 HTTP/1.1" 200 28 "http://renault.activities.at/result?searchterm=true&search=dacia+sandero" "Mozilla/5.0 (Windows NT 6.1; WOW64; Trident/7.0; rv:11.0) like Gecko"
213.90.25.78 - - [16/Oct/2018:12:18:36 +0200] "GET /reload?ser=1539685116566 HTTP/1.1" 200 28 "http://renault.activities.at/success" "Mozilla/5.0 (Windows NT 6.1; WOW64; Trident/7.0; rv:11.0) like Gecko"
213.153.47.173 - - [16/Oct/2018:12:18:45 +0200] "GET /reload?ser=1539685125236 HTTP/1.1" 200 28 "http://renault.activities.at/login?required=true" "Mozilla/5.0 (Windows NT 10.0; Win64; x64; rv:62.0) Gecko/20100101 Firefox/62.0"
213.153.47.173 - - [16/Oct/2018:12:19:28 +0200] "GET /reload?ser=1539685168402 HTTP/1.1" 200 28 "http://renault.activities.at/login?required=true" "Mozilla/5.0 (Windows NT 10.0; Win64; x64) AppleWebKit/537.36 (KHTML, like Gecko) Chrome/69.0.3497.100 Safari/537.36 OPR/56.0.3051.43"
212.186.92.126 - - [16/Oct/2018:12:19:28 +0200] "GET /reload?ser=1539685168507 HTTP/1.1" 200 28 "http://renault.activities.at/result?searchterm=true&search=dacia+sandero" "Mozilla/5.0 (Windows NT 6.1; WOW64; Trident/7.0; rv:11.0) like Gecko"
213.90.25.78 - - [16/Oct/2018:12:19:37 +0200] "GET /reload?ser=1539685177880 HTTP/1.1" 200 28 "http://renault.activities.at/success" "Mozilla/5.0 (Windows NT 6.1; WOW64; Trident/7.0; rv:11.0) like Gecko"
213.153.47.173 - - [16/Oct/2018:12:19:45 +0200] "GET /reload?ser=1539685185896 HTTP/1.1" 200 28 "http://renault.activities.at/login?required=true" "Mozilla/5.0 (Windows NT 10.0; Win64; x64; rv:62.0) Gecko/20100101 Firefox/62.0"
213.153.47.173 - - [16/Oct/2018:12:20:29 +0200] "GET /reload?ser=1539685229402 HTTP/1.1" 200 28 "http://renault.activities.at/login?required=true" "Mozilla/5.0 (Windows NT 10.0; Win64; x64) AppleWebKit/537.36 (KHTML, like Gecko) Chrome/69.0.3497.100 Safari/537.36 OPR/56.0.3051.43"
212.186.92.126 - - [16/Oct/2018:12:20:29 +0200] "GET /reload?ser=1539685229549 HTTP/1.1" 200 28 "http://renault.activities.at/result?searchterm=true&search=dacia+sandero" "Mozilla/5.0 (Windows NT 6.1; WOW64; Trident/7.0; rv:11.0) like Gecko"
213.90.25.78 - - [16/Oct/2018:12:20:38 +0200] "GET /reload?ser=1539685238861 HTTP/1.1" 200 28 "http://renault.activities.at/success" "Mozilla/5.0 (Windows NT 6.1; WOW64; Trident/7.0; rv:11.0) like Gecko"
213.153.47.173 - - [16/Oct/2018:12:20:46 +0200] "GET /reload?ser=1539685246547 HTTP/1.1" 200 28 "http://renault.activities.at/login?required=true" "Mozilla/5.0 (Windows NT 10.0; Win64; x64; rv:62.0) Gecko/20100101 Firefox/62.0"
213.153.47.173 - - [16/Oct/2018:12:21:30 +0200] "GET /reload?ser=1539685290400 HTTP/1.1" 200 28 "http://renault.activities.at/login?required=true" "Mozilla/5.0 (Windows NT 10.0; Win64; x64) AppleWebKit/537.36 (KHTML, like Gecko) Chrome/69.0.3497.100 Safari/537.36 OPR/56.0.3051.43"
212.186.92.126 - - [16/Oct/2018:12:21:30 +0200] "GET /reload?ser=1539685290576 HTTP/1.1" 200 28 "http://renault.activities.at/result?searchterm=true&search=dacia+sandero" "Mozilla/5.0 (Windows NT 6.1; WOW64; Trident/7.0; rv:11.0) like Gecko"
213.90.25.78 - - [16/Oct/2018:12:21:39 +0200] "GET /reload?ser=1539685299854 HTTP/1.1" 200 28 "http://renault.activities.at/success" "Mozilla/5.0 (Windows NT 6.1; WOW64; Trident/7.0; rv:11.0) like Gecko"
213.153.47.173 - - [16/Oct/2018:12:21:47 +0200] "GET /reload?ser=1539685307207 HTTP/1.1" 200 28 "http://renault.activities.at/login?required=true" "Mozilla/5.0 (Windows NT 10.0; Win64; x64; rv:62.0) Gecko/20100101 Firefox/62.0"
213.153.47.173 - - [16/Oct/2018:12:22:31 +0200] "GET /reload?ser=1539685351403 HTTP/1.1" 200 28 "http://renault.activities.at/login?required=true" "Mozilla/5.0 (Windows NT 10.0; Win64; x64) AppleWebKit/537.36 (KHTML, like Gecko) Chrome/69.0.3497.100 Safari/537.36 OPR/56.0.3051.43"
212.186.92.126 - - [16/Oct/2018:12:22:32 +0200] "GET /reload?ser=1539685351650 HTTP/1.1" 200 28 "http://renault.activities.at/result?searchterm=true&search=dacia+sandero" "Mozilla/5.0 (Windows NT 6.1; WOW64; Trident/7.0; rv:11.0) like Gecko"
213.90.25.78 - - [16/Oct/2018:12:22:40 +0200] "GET /reload?ser=1539685360849 HTTP/1.1" 200 28 "http://renault.activities.at/success" "Mozilla/5.0 (Windows NT 6.1; WOW64; Trident/7.0; rv:11.0) like Gecko"
213.153.47.173 - - [16/Oct/2018:12:22:47 +0200] "GET /reload?ser=1539685367878 HTTP/1.1" 200 28 "http://renault.activities.at/login?required=true" "Mozilla/5.0 (Windows NT 10.0; Win64; x64; rv:62.0) Gecko/20100101 Firefox/62.0"
213.153.47.173 - - [16/Oct/2018:12:23:32 +0200] "GET /reload?ser=1539685412401 HTTP/1.1" 200 28 "http://renault.activities.at/login?required=true" "Mozilla/5.0 (Windows NT 10.0; Win64; x64) AppleWebKit/537.36 (KHTML, like Gecko) Chrome/69.0.3497.100 Safari/537.36 OPR/56.0.3051.43"
212.186.92.126 - - [16/Oct/2018:12:23:33 +0200] "GET /reload?ser=1539685412958 HTTP/1.1" 200 28 "http://renault.activities.at/result?searchterm=true&search=dacia+sandero" "Mozilla/5.0 (Windows NT 6.1; WOW64; Trident/7.0; rv:11.0) like Gecko"
213.90.25.78 - - [16/Oct/2018:12:23:41 +0200] "GET /reload?ser=1539685421840 HTTP/1.1" 200 28 "http://renault.activities.at/success" "Mozilla/5.0 (Windows NT 6.1; WOW64; Trident/7.0; rv:11.0) like Gecko"
213.153.47.173 - - [16/Oct/2018:12:23:48 +0200] "GET /reload?ser=1539685428528 HTTP/1.1" 200 28 "http://renault.activities.at/login?required=true" "Mozilla/5.0 (Windows NT 10.0; Win64; x64; rv:62.0) Gecko/20100101 Firefox/62.0"
54.201.200.187 - - [16/Oct/2018:12:24:20 +0200] "GET /reload?ser=1539685351650 HTTP/1.1" 200 10166 "-" "Mozilla/4.0 (compatible; MSIE 8.0; Windows NT 5.1; Trident/4.0)"
213.153.47.173 - - [16/Oct/2018:12:24:33 +0200] "GET /reload?ser=1539685473400 HTTP/1.1" 200 28 "http://renault.activities.at/login?required=true" "Mozilla/5.0 (Windows NT 10.0; Win64; x64) AppleWebKit/537.36 (KHTML, like Gecko) Chrome/69.0.3497.100 Safari/537.36 OPR/56.0.3051.43"
212.186.92.126 - - [16/Oct/2018:12:24:34 +0200] "GET /reload?ser=1539685473985 HTTP/1.1" 200 28 "http://renault.activities.at/result?searchterm=true&search=dacia+sandero" "Mozilla/5.0 (Windows NT 6.1; WOW64; Trident/7.0; rv:11.0) like Gecko"
213.90.25.78 - - [16/Oct/2018:12:24:42 +0200] "GET /reload?ser=1539685482862 HTTP/1.1" 200 28 "http://renault.activities.at/success" "Mozilla/5.0 (Windows NT 6.1; WOW64; Trident/7.0; rv:11.0) like Gecko"
213.153.47.173 - - [16/Oct/2018:12:24:49 +0200] "GET /reload?ser=1539685489198 HTTP/1.1" 200 28 "http://renault.activities.at/login?required=true" "Mozilla/5.0 (Windows NT 10.0; Win64; x64; rv:62.0) Gecko/20100101 Firefox/62.0"
213.153.47.173 - - [16/Oct/2018:12:25:34 +0200] "GET /reload?ser=1539685534401 HTTP/1.1" 200 28 "http://renault.activities.at/login?required=true" "Mozilla/5.0 (Windows NT 10.0; Win64; x64) AppleWebKit/537.36 (KHTML, like Gecko) Chrome/69.0.3497.100 Safari/537.36 OPR/56.0.3051.43"
212.186.92.126 - - [16/Oct/2018:12:25:35 +0200] "GET /reload?ser=1539685535026 HTTP/1.1" 200 28 "http://renault.activities.at/result?searchterm=true&search=dacia+sandero" "Mozilla/5.0 (Windows NT 6.1; WOW64; Trident/7.0; rv:11.0) like Gecko"
213.90.25.78 - - [16/Oct/2018:12:25:43 +0200] "GET /reload?ser=1539685543888 HTTP/1.1" 200 28 "http://renault.activities.at/success" "Mozilla/5.0 (Windows NT 6.1; WOW64; Trident/7.0; rv:11.0) like Gecko"
213.153.47.173 - - [16/Oct/2018:12:25:49 +0200] "GET /reload?ser=1539685549868 HTTP/1.1" 200 28 "http://renault.activities.at/login?required=true" "Mozilla/5.0 (Windows NT 10.0; Win64; x64; rv:62.0) Gecko/20100101 Firefox/62.0"
213.153.47.173 - - [16/Oct/2018:12:26:35 +0200] "GET /reload?ser=1539685595401 HTTP/1.1" 200 28 "http://renault.activities.at/login?required=true" "Mozilla/5.0 (Windows NT 10.0; Win64; x64) AppleWebKit/537.36 (KHTML, like Gecko) Chrome/69.0.3497.100 Safari/537.36 OPR/56.0.3051.43"
212.186.92.126 - - [16/Oct/2018:12:26:36 +0200] "GET /reload?ser=1539685596007 HTTP/1.1" 200 28 "http://renault.activities.at/result?searchterm=true&search=dacia+sandero" "Mozilla/5.0 (Windows NT 6.1; WOW64; Trident/7.0; rv:11.0) like Gecko"
213.90.25.78 - - [16/Oct/2018:12:26:44 +0200] "GET /reload?ser=1539685604889 HTTP/1.1" 200 28 "http://renault.activities.at/success" "Mozilla/5.0 (Windows NT 6.1; WOW64; Trident/7.0; rv:11.0) like Gecko"
213.153.47.173 - - [16/Oct/2018:12:26:50 +0200] "GET /reload?ser=1539685610528 HTTP/1.1" 200 28 "http://renault.activities.at/login?required=true" "Mozilla/5.0 (Windows NT 10.0; Win64; x64; rv:62.0) Gecko/20100101 Firefox/62.0"
213.153.47.173 - - [16/Oct/2018:12:27:36 +0200] "GET /reload?ser=1539685656402 HTTP/1.1" 200 28 "http://renault.activities.at/login?required=true" "Mozilla/5.0 (Windows NT 10.0; Win64; x64) AppleWebKit/537.36 (KHTML, like Gecko) Chrome/69.0.3497.100 Safari/537.36 OPR/56.0.3051.43"
212.186.92.126 - - [16/Oct/2018:12:27:37 +0200] "GET /reload?ser=1539685657080 HTTP/1.1" 200 28 "http://renault.activities.at/result?searchterm=true&search=dacia+sandero" "Mozilla/5.0 (Windows NT 6.1; WOW64; Trident/7.0; rv:11.0) like Gecko"
213.90.25.78 - - [16/Oct/2018:12:27:45 +0200] "GET /reload?ser=1539685665937 HTTP/1.1" 200 28 "http://renault.activities.at/success" "Mozilla/5.0 (Windows NT 6.1; WOW64; Trident/7.0; rv:11.0) like Gecko"
213.153.47.173 - - [16/Oct/2018:12:27:51 +0200] "GET /reload?ser=1539685671188 HTTP/1.1" 200 28 "http://renault.activities.at/login?required=true" "Mozilla/5.0 (Windows NT 10.0; Win64; x64; rv:62.0) Gecko/20100101 Firefox/62.0"
213.153.47.173 - - [16/Oct/2018:12:28:37 +0200] "GET /reload?ser=1539685717403 HTTP/1.1" 200 28 "http://renault.activities.at/login?required=true" "Mozilla/5.0 (Windows NT 10.0; Win64; x64) AppleWebKit/537.36 (KHTML, like Gecko) Chrome/69.0.3497.100 Safari/537.36 OPR/56.0.3051.43"
212.186.92.126 - - [16/Oct/2018:12:28:38 +0200] "GET /reload?ser=1539685718119 HTTP/1.1" 200 28 "http://renault.activities.at/result?searchterm=true&search=dacia+sandero" "Mozilla/5.0 (Windows NT 6.1; WOW64; Trident/7.0; rv:11.0) like Gecko"
213.90.25.78 - - [16/Oct/2018:12:28:46 +0200] "GET /reload?ser=1539685726926 HTTP/1.1" 200 28 "http://renault.activities.at/success" "Mozilla/5.0 (Windows NT 6.1; WOW64; Trident/7.0; rv:11.0) like Gecko"
213.153.47.173 - - [16/Oct/2018:12:28:51 +0200] "GET /reload?ser=1539685731849 HTTP/1.1" 200 28 "http://renault.activities.at/login?required=true" "Mozilla/5.0 (Windows NT 10.0; Win64; x64; rv:62.0) Gecko/20100101 Firefox/62.0"
213.153.47.173 - - [16/Oct/2018:12:29:38 +0200] "GET /reload?ser=1539685778401 HTTP/1.1" 200 28 "http://renault.activities.at/login?required=true" "Mozilla/5.0 (Windows NT 10.0; Win64; x64) AppleWebKit/537.36 (KHTML, like Gecko) Chrome/69.0.3497.100 Safari/537.36 OPR/56.0.3051.43"
212.186.92.126 - - [16/Oct/2018:12:29:39 +0200] "GET /reload?ser=1539685779156 HTTP/1.1" 200 28 "http://renault.activities.at/result?searchterm=true&search=dacia+sandero" "Mozilla/5.0 (Windows NT 6.1; WOW64; Trident/7.0; rv:11.0) like Gecko"
213.90.25.78 - - [16/Oct/2018:12:29:47 +0200] "GET /reload?ser=1539685787919 HTTP/1.1" 200 28 "http://renault.activities.at/success" "Mozilla/5.0 (Windows NT 6.1; WOW64; Trident/7.0; rv:11.0) like Gecko"
213.153.47.173 - - [16/Oct/2018:12:29:52 +0200] "GET /reload?ser=1539685792520 HTTP/1.1" 200 28 "http://renault.activities.at/login?required=true" "Mozilla/5.0 (Windows NT 10.0; Win64; x64; rv:62.0) Gecko/20100101 Firefox/62.0"
213.153.47.173 - - [16/Oct/2018:12:30:39 +0200] "GET /reload?ser=1539685839402 HTTP/1.1" 200 28 "http://renault.activities.at/login?required=true" "Mozilla/5.0 (Windows NT 10.0; Win64; x64) AppleWebKit/537.36 (KHTML, like Gecko) Chrome/69.0.3497.100 Safari/537.36 OPR/56.0.3051.43"
212.186.92.126 - - [16/Oct/2018:12:30:40 +0200] "GET /reload?ser=1539685840247 HTTP/1.1" 200 28 "http://renault.activities.at/result?searchterm=true&search=dacia+sandero" "Mozilla/5.0 (Windows NT 6.1; WOW64; Trident/7.0; rv:11.0) like Gecko"
213.90.25.78 - - [16/Oct/2018:12:30:48 +0200] "GET /reload?ser=1539685849302 HTTP/1.1" 200 28 "http://renault.activities.at/success" "Mozilla/5.0 (Windows NT 6.1; WOW64; Trident/7.0; rv:11.0) like Gecko"
213.153.47.173 - - [16/Oct/2018:12:30:53 +0200] "GET /reload?ser=1539685853182 HTTP/1.1" 200 28 "http://renault.activities.at/login?required=true" "Mozilla/5.0 (Windows NT 10.0; Win64; x64; rv:62.0) Gecko/20100101 Firefox/62.0"
213.153.47.173 - - [16/Oct/2018:12:31:40 +0200] "GET /reload?ser=1539685900400 HTTP/1.1" 200 28 "http://renault.activities.at/login?required=true" "Mozilla/5.0 (Windows NT 10.0; Win64; x64) AppleWebKit/537.36 (KHTML, like Gecko) Chrome/69.0.3497.100 Safari/537.36 OPR/56.0.3051.43"
212.186.92.126 - - [16/Oct/2018:12:31:41 +0200] "GET /reload?ser=1539685901326 HTTP/1.1" 200 28 "http://renault.activities.at/result?searchterm=true&search=dacia+sandero" "Mozilla/5.0 (Windows NT 6.1; WOW64; Trident/7.0; rv:11.0) like Gecko"
213.90.25.78 - - [16/Oct/2018:12:31:49 +0200] "GET /reload?ser=1539685910312 HTTP/1.1" 200 28 "http://renault.activities.at/success" "Mozilla/5.0 (Windows NT 6.1; WOW64; Trident/7.0; rv:11.0) like Gecko"
213.153.47.173 - - [16/Oct/2018:12:31:53 +0200] "GET /reload?ser=1539685913844 HTTP/1.1" 200 28 "http://renault.activities.at/login?required=true" "Mozilla/5.0 (Windows NT 10.0; Win64; x64; rv:62.0) Gecko/20100101 Firefox/62.0"
213.153.47.173 - - [16/Oct/2018:12:32:41 +0200] "GET /reload?ser=1539685961400 HTTP/1.1" 200 28 "http://renault.activities.at/login?required=true" "Mozilla/5.0 (Windows NT 10.0; Win64; x64) AppleWebKit/537.36 (KHTML, like Gecko) Chrome/69.0.3497.100 Safari/537.36 OPR/56.0.3051.43"
212.186.92.126 - - [16/Oct/2018:12:32:42 +0200] "GET /reload?ser=1539685962384 HTTP/1.1" 200 28 "http://renault.activities.at/result?searchterm=true&search=dacia+sandero" "Mozilla/5.0 (Windows NT 6.1; WOW64; Trident/7.0; rv:11.0) like Gecko"
213.90.25.78 - - [16/Oct/2018:12:32:50 +0200] "GET /reload?ser=1539685971323 HTTP/1.1" 200 28 "http://renault.activities.at/success" "Mozilla/5.0 (Windows NT 6.1; WOW64; Trident/7.0; rv:11.0) like Gecko"
213.153.47.173 - - [16/Oct/2018:12:32:54 +0200] "GET /reload?ser=1539685974516 HTTP/1.1" 200 28 "http://renault.activities.at/login?required=true" "Mozilla/5.0 (Windows NT 10.0; Win64; x64; rv:62.0) Gecko/20100101 Firefox/62.0"
213.153.47.173 - - [16/Oct/2018:12:33:42 +0200] "GET /reload?ser=1539686022401 HTTP/1.1" 200 28 "http://renault.activities.at/login?required=true" "Mozilla/5.0 (Windows NT 10.0; Win64; x64) AppleWebKit/537.36 (KHTML, like Gecko) Chrome/69.0.3497.100 Safari/537.36 OPR/56.0.3051.43"
212.186.92.126 - - [16/Oct/2018:12:33:43 +0200] "GET /reload?ser=1539686023428 HTTP/1.1" 200 28 "http://renault.activities.at/result?searchterm=true&search=dacia+sandero" "Mozilla/5.0 (Windows NT 6.1; WOW64; Trident/7.0; rv:11.0) like Gecko"
213.90.25.78 - - [16/Oct/2018:12:33:52 +0200] "GET /reload?ser=1539686032365 HTTP/1.1" 200 28 "http://renault.activities.at/success" "Mozilla/5.0 (Windows NT 6.1; WOW64; Trident/7.0; rv:11.0) like Gecko"
213.153.47.173 - - [16/Oct/2018:12:33:55 +0200] "GET /reload?ser=1539686035178 HTTP/1.1" 200 28 "http://renault.activities.at/login?required=true" "Mozilla/5.0 (Windows NT 10.0; Win64; x64; rv:62.0) Gecko/20100101 Firefox/62.0"
213.153.47.173 - - [16/Oct/2018:12:34:43 +0200] "GET /reload?ser=1539686083400 HTTP/1.1" 200 28 "http://renault.activities.at/login?required=true" "Mozilla/5.0 (Windows NT 10.0; Win64; x64) AppleWebKit/537.36 (KHTML, like Gecko) Chrome/69.0.3497.100 Safari/537.36 OPR/56.0.3051.43"
212.186.92.126 - - [16/Oct/2018:12:34:44 +0200] "GET /reload?ser=1539686084476 HTTP/1.1" 200 28 "http://renault.activities.at/result?searchterm=true&search=dacia+sandero" "Mozilla/5.0 (Windows NT 6.1; WOW64; Trident/7.0; rv:11.0) like Gecko"
213.90.25.78 - - [16/Oct/2018:12:34:53 +0200] "GET /reload?ser=1539686093344 HTTP/1.1" 200 28 "http://renault.activities.at/success" "Mozilla/5.0 (Windows NT 6.1; WOW64; Trident/7.0; rv:11.0) like Gecko"
213.153.47.173 - - [16/Oct/2018:12:34:55 +0200] "GET /reload?ser=1539686095838 HTTP/1.1" 200 28 "http://renault.activities.at/login?required=true" "Mozilla/5.0 (Windows NT 10.0; Win64; x64; rv:62.0) Gecko/20100101 Firefox/62.0"
213.153.47.173 - - [16/Oct/2018:12:35:44 +0200] "GET /reload?ser=1539686144402 HTTP/1.1" 200 28 "http://renault.activities.at/login?required=true" "Mozilla/5.0 (Windows NT 10.0; Win64; x64) AppleWebKit/537.36 (KHTML, like Gecko) Chrome/69.0.3497.100 Safari/537.36 OPR/56.0.3051.43"
212.186.92.126 - - [16/Oct/2018:12:35:45 +0200] "GET /reload?ser=1539686145503 HTTP/1.1" 200 28 "http://renault.activities.at/result?searchterm=true&search=dacia+sandero" "Mozilla/5.0 (Windows NT 6.1; WOW64; Trident/7.0; rv:11.0) like Gecko"
213.90.25.78 - - [16/Oct/2018:12:35:54 +0200] "GET /reload?ser=1539686154319 HTTP/1.1" 200 28 "http://renault.activities.at/success" "Mozilla/5.0 (Windows NT 6.1; WOW64; Trident/7.0; rv:11.0) like Gecko"
213.153.47.173 - - [16/Oct/2018:12:35:56 +0200] "GET /reload?ser=1539686156501 HTTP/1.1" 200 28 "http://renault.activities.at/login?required=true" "Mozilla/5.0 (Windows NT 10.0; Win64; x64; rv:62.0) Gecko/20100101 Firefox/62.0"
213.153.47.173 - - [16/Oct/2018:12:36:45 +0200] "GET /reload?ser=1539686205400 HTTP/1.1" 200 28 "http://renault.activities.at/login?required=true" "Mozilla/5.0 (Windows NT 10.0; Win64; x64) AppleWebKit/537.36 (KHTML, like Gecko) Chrome/69.0.3497.100 Safari/537.36 OPR/56.0.3051.43"
212.186.92.126 - - [16/Oct/2018:12:36:46 +0200] "GET /reload?ser=1539686206534 HTTP/1.1" 200 28 "http://renault.activities.at/result?searchterm=true&search=dacia+sandero" "Mozilla/5.0 (Windows NT 6.1; WOW64; Trident/7.0; rv:11.0) like Gecko"
213.90.25.78 - - [16/Oct/2018:12:36:55 +0200] "GET /reload?ser=1539686215446 HTTP/1.1" 200 28 "http://renault.activities.at/success" "Mozilla/5.0 (Windows NT 6.1; WOW64; Trident/7.0; rv:11.0) like Gecko"
213.153.47.173 - - [16/Oct/2018:12:36:57 +0200] "GET /reload?ser=1539686217153 HTTP/1.1" 200 28 "http://renault.activities.at/login?required=true" "Mozilla/5.0 (Windows NT 10.0; Win64; x64; rv:62.0) Gecko/20100101 Firefox/62.0"
213.153.47.173 - - [16/Oct/2018:12:37:46 +0200] "GET /reload?ser=1539686266400 HTTP/1.1" 200 28 "http://renault.activities.at/login?required=true" "Mozilla/5.0 (Windows NT 10.0; Win64; x64) AppleWebKit/537.36 (KHTML, like Gecko) Chrome/69.0.3497.100 Safari/537.36 OPR/56.0.3051.43"
212.186.92.126 - - [16/Oct/2018:12:37:47 +0200] "GET /reload?ser=1539686267590 HTTP/1.1" 200 28 "http://renault.activities.at/result?searchterm=true&search=dacia+sandero" "Mozilla/5.0 (Windows NT 6.1; WOW64; Trident/7.0; rv:11.0) like Gecko"
213.90.25.78 - - [16/Oct/2018:12:37:56 +0200] "GET /reload?ser=1539686276488 HTTP/1.1" 200 28 "http://renault.activities.at/success" "Mozilla/5.0 (Windows NT 6.1; WOW64; Trident/7.0; rv:11.0) like Gecko"
213.153.47.173 - - [16/Oct/2018:12:37:57 +0200] "GET /reload?ser=1539686277804 HTTP/1.1" 200 28 "http://renault.activities.at/login?required=true" "Mozilla/5.0 (Windows NT 10.0; Win64; x64; rv:62.0) Gecko/20100101 Firefox/62.0"
213.153.47.173 - - [16/Oct/2018:12:38:47 +0200] "GET /reload?ser=1539686327401 HTTP/1.1" 200 28 "http://renault.activities.at/login?required=true" "Mozilla/5.0 (Windows NT 10.0; Win64; x64) AppleWebKit/537.36 (KHTML, like Gecko) Chrome/69.0.3497.100 Safari/537.36 OPR/56.0.3051.43"
212.186.92.126 - - [16/Oct/2018:12:38:48 +0200] "GET /reload?ser=1539686328856 HTTP/1.1" 200 28 "http://renault.activities.at/result?searchterm=true&search=dacia+sandero" "Mozilla/5.0 (Windows NT 6.1; WOW64; Trident/7.0; rv:11.0) like Gecko"
213.90.25.78 - - [16/Oct/2018:12:38:57 +0200] "GET /reload?ser=1539686337482 HTTP/1.1" 200 28 "http://renault.activities.at/success" "Mozilla/5.0 (Windows NT 6.1; WOW64; Trident/7.0; rv:11.0) like Gecko"
213.153.47.173 - - [16/Oct/2018:12:38:58 +0200] "GET /reload?ser=1539686338476 HTTP/1.1" 200 28 "http://renault.activities.at/login?required=true" "Mozilla/5.0 (Windows NT 10.0; Win64; x64; rv:62.0) Gecko/20100101 Firefox/62.0"
213.153.47.173 - - [16/Oct/2018:12:39:48 +0200] "GET /reload?ser=1539686388401 HTTP/1.1" 200 28 "http://renault.activities.at/login?required=true" "Mozilla/5.0 (Windows NT 10.0; Win64; x64) AppleWebKit/537.36 (KHTML, like Gecko) Chrome/69.0.3497.100 Safari/537.36 OPR/56.0.3051.43"
212.186.92.126 - - [16/Oct/2018:12:39:49 +0200] "GET /reload?ser=1539686389907 HTTP/1.1" 200 28 "http://renault.activities.at/result?searchterm=true&search=dacia+sandero" "Mozilla/5.0 (Windows NT 6.1; WOW64; Trident/7.0; rv:11.0) like Gecko"
34.219.36.191 - - [16/Oct/2018:12:39:53 +0200] "GET /reload?ser=1539686267590 HTTP/1.1" 200 10166 "-" "Mozilla/4.0 (compatible; MSIE 8.0; Windows NT 5.1; Trident/4.0)"
213.90.25.78 - - [16/Oct/2018:12:39:58 +0200] "GET /reload?ser=1539686398508 HTTP/1.1" 200 28 "http://renault.activities.at/success" "Mozilla/5.0 (Windows NT 6.1; WOW64; Trident/7.0; rv:11.0) like Gecko"
213.153.47.173 - - [16/Oct/2018:12:39:59 +0200] "GET /reload?ser=1539686399135 HTTP/1.1" 200 28 "http://renault.activities.at/login?required=true" "Mozilla/5.0 (Windows NT 10.0; Win64; x64; rv:62.0) Gecko/20100101 Firefox/62.0"
213.153.47.173 - - [16/Oct/2018:12:40:49 +0200] "GET /reload?ser=1539686449402 HTTP/1.1" 200 28 "http://renault.activities.at/login?required=true" "Mozilla/5.0 (Windows NT 10.0; Win64; x64) AppleWebKit/537.36 (KHTML, like Gecko) Chrome/69.0.3497.100 Safari/537.36 OPR/56.0.3051.43"
212.186.92.126 - - [16/Oct/2018:12:40:51 +0200] "GET /reload?ser=1539686450937 HTTP/1.1" 200 28 "http://renault.activities.at/result?searchterm=true&search=dacia+sandero" "Mozilla/5.0 (Windows NT 6.1; WOW64; Trident/7.0; rv:11.0) like Gecko"
213.90.25.78 - - [16/Oct/2018:12:40:59 +0200] "GET /reload?ser=1539686459502 HTTP/1.1" 200 28 "http://renault.activities.at/success" "Mozilla/5.0 (Windows NT 6.1; WOW64; Trident/7.0; rv:11.0) like Gecko"
213.153.47.173 - - [16/Oct/2018:12:40:59 +0200] "GET /reload?ser=1539686459797 HTTP/1.1" 200 28 "http://renault.activities.at/login?required=true" "Mozilla/5.0 (Windows NT 10.0; Win64; x64; rv:62.0) Gecko/20100101 Firefox/62.0"
213.153.47.173 - - [16/Oct/2018:12:41:50 +0200] "GET /reload?ser=1539686510400 HTTP/1.1" 200 28 "http://renault.activities.at/login?required=true" "Mozilla/5.0 (Windows NT 10.0; Win64; x64) AppleWebKit/537.36 (KHTML, like Gecko) Chrome/69.0.3497.100 Safari/537.36 OPR/56.0.3051.43"
212.186.92.126 - - [16/Oct/2018:12:41:52 +0200] "GET /reload?ser=1539686511995 HTTP/1.1" 200 28 "http://renault.activities.at/result?searchterm=true&search=dacia+sandero" "Mozilla/5.0 (Windows NT 6.1; WOW64; Trident/7.0; rv:11.0) like Gecko"
213.90.25.78 - - [16/Oct/2018:12:42:00 +0200] "GET /reload?ser=1539686520497 HTTP/1.1" 200 28 "http://renault.activities.at/success" "Mozilla/5.0 (Windows NT 6.1; WOW64; Trident/7.0; rv:11.0) like Gecko"
213.153.47.173 - - [16/Oct/2018:12:42:00 +0200] "GET /reload?ser=1539686520469 HTTP/1.1" 200 28 "http://renault.activities.at/login?required=true" "Mozilla/5.0 (Windows NT 10.0; Win64; x64; rv:62.0) Gecko/20100101 Firefox/62.0"
213.153.47.173 - - [16/Oct/2018:12:42:51 +0200] "GET /reload?ser=1539686571400 HTTP/1.1" 200 28 "http://renault.activities.at/login?required=true" "Mozilla/5.0 (Windows NT 10.0; Win64; x64) AppleWebKit/537.36 (KHTML, like Gecko) Chrome/69.0.3497.100 Safari/537.36 OPR/56.0.3051.43"
212.186.92.126 - - [16/Oct/2018:12:42:53 +0200] "GET /reload?ser=1539686573022 HTTP/1.1" 200 28 "http://renault.activities.at/result?searchterm=true&search=dacia+sandero" "Mozilla/5.0 (Windows NT 6.1; WOW64; Trident/7.0; rv:11.0) like Gecko"
213.153.47.173 - - [16/Oct/2018:12:43:01 +0200] "GET /reload?ser=1539686581129 HTTP/1.1" 200 28 "http://renault.activities.at/login?required=true" "Mozilla/5.0 (Windows NT 10.0; Win64; x64; rv:62.0) Gecko/20100101 Firefox/62.0"
213.90.25.78 - - [16/Oct/2018:12:43:01 +0200] "GET /reload?ser=1539686581508 HTTP/1.1" 200 28 "http://renault.activities.at/success" "Mozilla/5.0 (Windows NT 6.1; WOW64; Trident/7.0; rv:11.0) like Gecko"
212.152.246.130 - - [16/Oct/2018:12:43:02 +0200] "GET /login HTTP/1.1" 200 2086 "-" "Mozilla/5.0 (Windows NT 6.1; Win64; x64) AppleWebKit/537.36 (KHTML, like Gecko) Chrome/69.0.3497.100 Safari/537.36 OPR/56.0.3051.43"
212.152.246.130 - - [16/Oct/2018:12:43:03 +0200] "GET /images/favicon.ico HTTP/1.1" 404 305 "-" "Mozilla/5.0 (Windows NT 6.1; Win64; x64) AppleWebKit/537.36 (KHTML, like Gecko) Chrome/69.0.3497.100 Safari/537.36 OPR/56.0.3051.43"
213.153.47.173 - - [16/Oct/2018:12:43:52 +0200] "GET /reload?ser=1539686632402 HTTP/1.1" 200 28 "http://renault.activities.at/login?required=true" "Mozilla/5.0 (Windows NT 10.0; Win64; x64) AppleWebKit/537.36 (KHTML, like Gecko) Chrome/69.0.3497.100 Safari/537.36 OPR/56.0.3051.43"
212.186.92.126 - - [16/Oct/2018:12:43:54 +0200] "GET /reload?ser=1539686634095 HTTP/1.1" 200 28 "http://renault.activities.at/result?searchterm=true&search=dacia+sandero" "Mozilla/5.0 (Windows NT 6.1; WOW64; Trident/7.0; rv:11.0) like Gecko"
213.153.47.173 - - [16/Oct/2018:12:44:01 +0200] "GET /reload?ser=1539686641781 HTTP/1.1" 200 28 "http://renault.activities.at/login?required=true" "Mozilla/5.0 (Windows NT 10.0; Win64; x64; rv:62.0) Gecko/20100101 Firefox/62.0"
213.90.25.78 - - [16/Oct/2018:12:44:02 +0200] "GET /reload?ser=1539686642535 HTTP/1.1" 200 28 "http://renault.activities.at/success" "Mozilla/5.0 (Windows NT 6.1; WOW64; Trident/7.0; rv:11.0) like Gecko"
213.153.47.173 - - [16/Oct/2018:12:44:53 +0200] "GET /reload?ser=1539686693399 HTTP/1.1" 200 28 "http://renault.activities.at/login?required=true" "Mozilla/5.0 (Windows NT 10.0; Win64; x64) AppleWebKit/537.36 (KHTML, like Gecko) Chrome/69.0.3497.100 Safari/537.36 OPR/56.0.3051.43"
212.186.92.126 - - [16/Oct/2018:12:44:55 +0200] "GET /reload?ser=1539686695139 HTTP/1.1" 200 28 "http://renault.activities.at/result?searchterm=true&search=dacia+sandero" "Mozilla/5.0 (Windows NT 6.1; WOW64; Trident/7.0; rv:11.0) like Gecko"
213.153.47.173 - - [16/Oct/2018:12:45:02 +0200] "GET /reload?ser=1539686702442 HTTP/1.1" 200 28 "http://renault.activities.at/login?required=true" "Mozilla/5.0 (Windows NT 10.0; Win64; x64; rv:62.0) Gecko/20100101 Firefox/62.0"
213.90.25.78 - - [16/Oct/2018:12:45:03 +0200] "GET /reload?ser=1539686703482 HTTP/1.1" 200 28 "http://renault.activities.at/success" "Mozilla/5.0 (Windows NT 6.1; WOW64; Trident/7.0; rv:11.0) like Gecko"
213.153.47.173 - - [16/Oct/2018:12:45:54 +0200] "GET /reload?ser=1539686754402 HTTP/1.1" 200 28 "http://renault.activities.at/login?required=true" "Mozilla/5.0 (Windows NT 10.0; Win64; x64) AppleWebKit/537.36 (KHTML, like Gecko) Chrome/69.0.3497.100 Safari/537.36 OPR/56.0.3051.43"
212.186.92.126 - - [16/Oct/2018:12:45:56 +0200] "GET /reload?ser=1539686756203 HTTP/1.1" 200 28 "http://renault.activities.at/result?searchterm=true&search=dacia+sandero" "Mozilla/5.0 (Windows NT 6.1; WOW64; Trident/7.0; rv:11.0) like Gecko"
213.153.47.173 - - [16/Oct/2018:12:46:03 +0200] "GET /reload?ser=1539686763132 HTTP/1.1" 200 28 "http://renault.activities.at/login?required=true" "Mozilla/5.0 (Windows NT 10.0; Win64; x64; rv:62.0) Gecko/20100101 Firefox/62.0"
213.90.25.78 - - [16/Oct/2018:12:46:04 +0200] "GET /reload?ser=1539686764477 HTTP/1.1" 200 28 "http://renault.activities.at/success" "Mozilla/5.0 (Windows NT 6.1; WOW64; Trident/7.0; rv:11.0) like Gecko"
213.153.47.173 - - [16/Oct/2018:12:46:55 +0200] "GET /reload?ser=1539686815399 HTTP/1.1" 200 28 "http://renault.activities.at/login?required=true" "Mozilla/5.0 (Windows NT 10.0; Win64; x64) AppleWebKit/537.36 (KHTML, like Gecko) Chrome/69.0.3497.100 Safari/537.36 OPR/56.0.3051.43"
212.186.92.126 - - [16/Oct/2018:12:46:57 +0200] "GET /reload?ser=1539686817251 HTTP/1.1" 200 28 "http://renault.activities.at/result?searchterm=true&search=dacia+sandero" "Mozilla/5.0 (Windows NT 6.1; WOW64; Trident/7.0; rv:11.0) like Gecko"
213.153.47.173 - - [16/Oct/2018:12:47:03 +0200] "GET /reload?ser=1539686823803 HTTP/1.1" 200 28 "http://renault.activities.at/login?required=true" "Mozilla/5.0 (Windows NT 10.0; Win64; x64; rv:62.0) Gecko/20100101 Firefox/62.0"
213.90.25.78 - - [16/Oct/2018:12:47:05 +0200] "GET /reload?ser=1539686825456 HTTP/1.1" 200 28 "http://renault.activities.at/success" "Mozilla/5.0 (Windows NT 6.1; WOW64; Trident/7.0; rv:11.0) like Gecko"
213.153.47.173 - - [16/Oct/2018:12:47:56 +0200] "GET /reload?ser=1539686876401 HTTP/1.1" 200 28 "http://renault.activities.at/login?required=true" "Mozilla/5.0 (Windows NT 10.0; Win64; x64) AppleWebKit/537.36 (KHTML, like Gecko) Chrome/69.0.3497.100 Safari/537.36 OPR/56.0.3051.43"
212.186.92.126 - - [16/Oct/2018:12:47:58 +0200] "GET /reload?ser=1539686878307 HTTP/1.1" 200 28 "http://renault.activities.at/result?searchterm=true&search=dacia+sandero" "Mozilla/5.0 (Windows NT 6.1; WOW64; Trident/7.0; rv:11.0) like Gecko"
213.153.47.173 - - [16/Oct/2018:12:48:04 +0200] "GET /reload?ser=1539686884465 HTTP/1.1" 200 28 "http://renault.activities.at/login?required=true" "Mozilla/5.0 (Windows NT 10.0; Win64; x64; rv:62.0) Gecko/20100101 Firefox/62.0"
213.90.25.78 - - [16/Oct/2018:12:48:06 +0200] "GET /reload?ser=1539686886508 HTTP/1.1" 200 28 "http://renault.activities.at/success" "Mozilla/5.0 (Windows NT 6.1; WOW64; Trident/7.0; rv:11.0) like Gecko"
213.153.47.173 - - [16/Oct/2018:12:48:57 +0200] "GET /reload?ser=1539686937399 HTTP/1.1" 200 28 "http://renault.activities.at/login?required=true" "Mozilla/5.0 (Windows NT 10.0; Win64; x64) AppleWebKit/537.36 (KHTML, like Gecko) Chrome/69.0.3497.100 Safari/537.36 OPR/56.0.3051.43"
212.186.92.126 - - [16/Oct/2018:12:48:59 +0200] "GET /reload?ser=1539686939347 HTTP/1.1" 200 28 "http://renault.activities.at/result?searchterm=true&search=dacia+sandero" "Mozilla/5.0 (Windows NT 6.1; WOW64; Trident/7.0; rv:11.0) like Gecko"
213.153.47.173 - - [16/Oct/2018:12:49:05 +0200] "GET /reload?ser=1539686945144 HTTP/1.1" 200 28 "http://renault.activities.at/login?required=true" "Mozilla/5.0 (Windows NT 10.0; Win64; x64; rv:62.0) Gecko/20100101 Firefox/62.0"
213.90.25.78 - - [16/Oct/2018:12:49:07 +0200] "GET /reload?ser=1539686947488 HTTP/1.1" 200 28 "http://renault.activities.at/success" "Mozilla/5.0 (Windows NT 6.1; WOW64; Trident/7.0; rv:11.0) like Gecko"
213.153.47.173 - - [16/Oct/2018:12:49:58 +0200] "GET /reload?ser=1539686998395 HTTP/1.1" 200 28 "http://renault.activities.at/login?required=true" "Mozilla/5.0 (Windows NT 10.0; Win64; x64) AppleWebKit/537.36 (KHTML, like Gecko) Chrome/69.0.3497.100 Safari/537.36 OPR/56.0.3051.43"
212.186.92.126 - - [16/Oct/2018:12:50:00 +0200] "GET /reload?ser=1539687000373 HTTP/1.1" 200 28 "http://renault.activities.at/result?searchterm=true&search=dacia+sandero" "Mozilla/5.0 (Windows NT 6.1; WOW64; Trident/7.0; rv:11.0) like Gecko"
213.153.47.173 - - [16/Oct/2018:12:50:05 +0200] "GET /reload?ser=1539687005815 HTTP/1.1" 200 28 "http://renault.activities.at/login?required=true" "Mozilla/5.0 (Windows NT 10.0; Win64; x64; rv:62.0) Gecko/20100101 Firefox/62.0"
213.90.25.78 - - [16/Oct/2018:12:50:08 +0200] "GET /reload?ser=1539687008497 HTTP/1.1" 200 28 "http://renault.activities.at/success" "Mozilla/5.0 (Windows NT 6.1; WOW64; Trident/7.0; rv:11.0) like Gecko"
213.153.47.173 - - [16/Oct/2018:12:50:59 +0200] "GET /reload?ser=1539687059393 HTTP/1.1" 200 28 "http://renault.activities.at/login?required=true" "Mozilla/5.0 (Windows NT 10.0; Win64; x64) AppleWebKit/537.36 (KHTML, like Gecko) Chrome/69.0.3497.100 Safari/537.36 OPR/56.0.3051.43"
212.186.92.126 - - [16/Oct/2018:12:51:01 +0200] "GET /reload?ser=1539687061445 HTTP/1.1" 200 28 "http://renault.activities.at/result?searchterm=true&search=dacia+sandero" "Mozilla/5.0 (Windows NT 6.1; WOW64; Trident/7.0; rv:11.0) like Gecko"
213.153.47.173 - - [16/Oct/2018:12:51:06 +0200] "GET /reload?ser=1539687066485 HTTP/1.1" 200 28 "http://renault.activities.at/login?required=true" "Mozilla/5.0 (Windows NT 10.0; Win64; x64; rv:62.0) Gecko/20100101 Firefox/62.0"
213.90.25.78 - - [16/Oct/2018:12:51:09 +0200] "GET /reload?ser=1539687069524 HTTP/1.1" 200 28 "http://renault.activities.at/success" "Mozilla/5.0 (Windows NT 6.1; WOW64; Trident/7.0; rv:11.0) like Gecko"
213.153.47.173 - - [16/Oct/2018:12:52:00 +0200] "GET /reload?ser=1539687120389 HTTP/1.1" 200 28 "http://renault.activities.at/login?required=true" "Mozilla/5.0 (Windows NT 10.0; Win64; x64) AppleWebKit/537.36 (KHTML, like Gecko) Chrome/69.0.3497.100 Safari/537.36 OPR/56.0.3051.43"
212.186.92.126 - - [16/Oct/2018:12:52:02 +0200] "GET /reload?ser=1539687122533 HTTP/1.1" 200 28 "http://renault.activities.at/result?searchterm=true&search=dacia+sandero" "Mozilla/5.0 (Windows NT 6.1; WOW64; Trident/7.0; rv:11.0) like Gecko"
213.153.47.173 - - [16/Oct/2018:12:52:07 +0200] "GET /reload?ser=1539687127165 HTTP/1.1" 200 28 "http://renault.activities.at/login?required=true" "Mozilla/5.0 (Windows NT 10.0; Win64; x64; rv:62.0) Gecko/20100101 Firefox/62.0"
213.90.25.78 - - [16/Oct/2018:12:52:10 +0200] "GET /reload?ser=1539687130504 HTTP/1.1" 200 28 "http://renault.activities.at/success" "Mozilla/5.0 (Windows NT 6.1; WOW64; Trident/7.0; rv:11.0) like Gecko"
213.153.47.173 - - [16/Oct/2018:12:53:01 +0200] "GET /reload?ser=1539687181389 HTTP/1.1" 200 28 "http://renault.activities.at/login?required=true" "Mozilla/5.0 (Windows NT 10.0; Win64; x64) AppleWebKit/537.36 (KHTML, like Gecko) Chrome/69.0.3497.100 Safari/537.36 OPR/56.0.3051.43"
212.186.92.126 - - [16/Oct/2018:12:53:03 +0200] "GET /reload?ser=1539687183588 HTTP/1.1" 200 28 "http://renault.activities.at/result?searchterm=true&search=dacia+sandero" "Mozilla/5.0 (Windows NT 6.1; WOW64; Trident/7.0; rv:11.0) like Gecko"
213.153.47.173 - - [16/Oct/2018:12:53:07 +0200] "GET /reload?ser=1539687187817 HTTP/1.1" 200 28 "http://renault.activities.at/login?required=true" "Mozilla/5.0 (Windows NT 10.0; Win64; x64; rv:62.0) Gecko/20100101 Firefox/62.0"
213.90.25.78 - - [16/Oct/2018:12:53:11 +0200] "GET /reload?ser=1539687191482 HTTP/1.1" 200 28 "http://renault.activities.at/success" "Mozilla/5.0 (Windows NT 6.1; WOW64; Trident/7.0; rv:11.0) like Gecko"
213.153.47.173 - - [16/Oct/2018:12:54:02 +0200] "GET /reload?ser=1539687242384 HTTP/1.1" 200 28 "http://renault.activities.at/login?required=true" "Mozilla/5.0 (Windows NT 10.0; Win64; x64) AppleWebKit/537.36 (KHTML, like Gecko) Chrome/69.0.3497.100 Safari/537.36 OPR/56.0.3051.43"
212.186.92.126 - - [16/Oct/2018:12:54:05 +0200] "GET /reload?ser=1539687244909 HTTP/1.1" 200 28 "http://renault.activities.at/result?searchterm=true&search=dacia+sandero" "Mozilla/5.0 (Windows NT 6.1; WOW64; Trident/7.0; rv:11.0) like Gecko"
34.221.239.5 - - [16/Oct/2018:12:54:07 +0200] "GET /reload?ser=1539687183588 HTTP/1.1" 200 10166 "-" "Mozilla/4.0 (compatible; MSIE 8.0; Windows NT 5.1; Trident/4.0)"
213.153.47.173 - - [16/Oct/2018:12:54:08 +0200] "GET /reload?ser=1539687248487 HTTP/1.1" 200 28 "http://renault.activities.at/login?required=true" "Mozilla/5.0 (Windows NT 10.0; Win64; x64; rv:62.0) Gecko/20100101 Firefox/62.0"
213.90.25.78 - - [16/Oct/2018:12:54:12 +0200] "GET /reload?ser=1539687252466 HTTP/1.1" 200 28 "http://renault.activities.at/success" "Mozilla/5.0 (Windows NT 6.1; WOW64; Trident/7.0; rv:11.0) like Gecko"
213.153.47.173 - - [16/Oct/2018:12:55:03 +0200] "GET /reload?ser=1539687303381 HTTP/1.1" 200 28 "http://renault.activities.at/login?required=true" "Mozilla/5.0 (Windows NT 10.0; Win64; x64) AppleWebKit/537.36 (KHTML, like Gecko) Chrome/69.0.3497.100 Safari/537.36 OPR/56.0.3051.43"
