213.153.47.173 - - [05/Nov/2018:12:03:00 +0100] "GET /reload?ser=1541415780924 HTTP/1.1" 200 28 "http://renault.activities.at/login?required=true" "Mozilla/5.0 (Windows NT 10.0; Win64; x64; rv:63.0) Gecko/20100101 Firefox/63.0"
193.194.132.30 - - [05/Nov/2018:12:03:01 +0100] "GET /graphics/zoomin.cur HTTP/1.1" 200 6476 "http://renault.2web.at/11461313?print=true" "Mozilla/5.0 (Windows NT 6.1; WOW64; Trident/7.0; rv:11.0) like Gecko"
193.194.132.30 - - [05/Nov/2018:12:03:03 +0100] "GET /graphics/zoomin.cur HTTP/1.1" 200 6476 "http://renault.2web.at/11461313?print=true" "Mozilla/5.0 (Windows NT 6.1; WOW64; Trident/7.0; rv:11.0) like Gecko"
193.194.132.30 - - [05/Nov/2018:12:03:06 +0100] "GET /null HTTP/1.1" 200 6476 "http://renault.2web.at/result?searchterm=true&search=VU" "Mozilla/5.0 (Windows NT 6.1; WOW64; Trident/7.0; rv:11.0) like Gecko"
80.123.225.36 - - [05/Nov/2018:12:03:08 +0100] "GET /reload?ser=1541415788584 HTTP/1.1" 200 28 "http://renault.activities.at/11882222" "Mozilla/5.0 (compatible; MSIE 9.0; Windows NT 6.1; WOW64; Trident/5.0)"
193.194.132.30 - - [05/Nov/2018:12:03:07 +0100] "GET /11659626?print=true HTTP/1.1" 200 2647 "http://renault.2web.at/result?searchterm=true&search=VU" "Mozilla/5.0 (Windows NT 6.1; WOW64; Trident/7.0; rv:11.0) like Gecko"
193.194.132.30 - - [05/Nov/2018:12:03:11 +0100] "GET /loadthumbnail.php?id=11659630&width=250 HTTP/1.1" 200 9622 "http://renault.2web.at/11659626?print=true" "Mozilla/5.0 (Windows NT 6.1; WOW64; Trident/7.0; rv:11.0) like Gecko"
193.194.132.30 - - [05/Nov/2018:12:03:11 +0100] "GET /loadthumbnail.php?id=11659630&width=900&height=900 HTTP/1.1" 200 87955 "http://renault.2web.at/11659626?print=true" "Mozilla/5.0 (Windows NT 6.1; WOW64; Trident/7.0; rv:11.0) like Gecko"
193.194.132.30 - - [05/Nov/2018:12:03:12 +0100] "GET /graphics/zoomin.cur HTTP/1.1" 200 6476 "http://renault.2web.at/11659626?print=true" "Mozilla/5.0 (Windows NT 6.1; WOW64; Trident/7.0; rv:11.0) like Gecko"
193.194.132.30 - - [05/Nov/2018:12:03:15 +0100] "GET /graphics/zoomin.cur HTTP/1.1" 200 6476 "http://renault.2web.at/11659626?print=true" "Mozilla/5.0 (Windows NT 6.1; WOW64; Trident/7.0; rv:11.0) like Gecko"
193.194.132.30 - - [05/Nov/2018:12:03:17 +0100] "GET /graphics/zoomin.cur HTTP/1.1" 200 6476 "http://renault.2web.at/11659626?print=true" "Mozilla/5.0 (Windows NT 6.1; WOW64; Trident/7.0; rv:11.0) like Gecko"
193.194.132.30 - - [05/Nov/2018:12:03:17 +0100] "GET /null HTTP/1.1" 200 6476 "http://renault.2web.at/result?searchterm=true&search=VU" "Mozilla/5.0 (Windows NT 6.1; WOW64; Trident/7.0; rv:11.0) like Gecko"
193.194.132.30 - - [05/Nov/2018:12:03:46 +0100] "GET /reload?ser=1541415826055 HTTP/1.1" 200 28 "http://renault.2web.at/result?searchterm=true&search=VU" "Mozilla/5.0 (Windows NT 6.1; WOW64; Trident/7.0; rv:11.0) like Gecko"
213.153.47.173 - - [05/Nov/2018:12:04:01 +0100] "GET /reload?ser=1541415841586 HTTP/1.1" 200 28 "http://renault.activities.at/login?required=true" "Mozilla/5.0 (Windows NT 10.0; Win64; x64; rv:63.0) Gecko/20100101 Firefox/63.0"
80.123.225.36 - - [05/Nov/2018:12:04:09 +0100] "GET /reload?ser=1541415849620 HTTP/1.1" 200 28 "http://renault.activities.at/11882222" "Mozilla/5.0 (compatible; MSIE 9.0; Windows NT 6.1; WOW64; Trident/5.0)"
193.194.132.30 - - [05/Nov/2018:12:04:47 +0100] "GET /reload?ser=1541415887177 HTTP/1.1" 200 28 "http://renault.2web.at/result?searchterm=true&search=VU" "Mozilla/5.0 (Windows NT 6.1; WOW64; Trident/7.0; rv:11.0) like Gecko"
213.153.47.173 - - [05/Nov/2018:12:05:02 +0100] "GET /reload?ser=1541415902234 HTTP/1.1" 200 28 "http://renault.activities.at/login?required=true" "Mozilla/5.0 (Windows NT 10.0; Win64; x64; rv:63.0) Gecko/20100101 Firefox/63.0"
80.123.225.36 - - [05/Nov/2018:12:05:10 +0100] "GET /reload?ser=1541415910598 HTTP/1.1" 200 28 "http://renault.activities.at/11882222" "Mozilla/5.0 (compatible; MSIE 9.0; Windows NT 6.1; WOW64; Trident/5.0)"
193.194.132.30 - - [05/Nov/2018:12:05:48 +0100] "GET /reload?ser=1541415948230 HTTP/1.1" 200 28 "http://renault.2web.at/result?searchterm=true&search=VU" "Mozilla/5.0 (Windows NT 6.1; WOW64; Trident/7.0; rv:11.0) like Gecko"
213.153.47.173 - - [05/Nov/2018:12:06:02 +0100] "GET /reload?ser=1541415962884 HTTP/1.1" 200 28 "http://renault.activities.at/login?required=true" "Mozilla/5.0 (Windows NT 10.0; Win64; x64; rv:63.0) Gecko/20100101 Firefox/63.0"
80.123.225.36 - - [05/Nov/2018:12:06:11 +0100] "GET /reload?ser=1541415971593 HTTP/1.1" 200 28 "http://renault.activities.at/11882222" "Mozilla/5.0 (compatible; MSIE 9.0; Windows NT 6.1; WOW64; Trident/5.0)"
193.194.132.30 - - [05/Nov/2018:12:06:49 +0100] "GET /reload?ser=1541416009323 HTTP/1.1" 200 28 "http://renault.2web.at/result?searchterm=true&search=VU" "Mozilla/5.0 (Windows NT 6.1; WOW64; Trident/7.0; rv:11.0) like Gecko"
213.153.47.173 - - [05/Nov/2018:12:07:03 +0100] "GET /reload?ser=1541416023543 HTTP/1.1" 200 28 "http://renault.activities.at/login?required=true" "Mozilla/5.0 (Windows NT 10.0; Win64; x64; rv:63.0) Gecko/20100101 Firefox/63.0"
80.123.225.36 - - [05/Nov/2018:12:07:12 +0100] "GET /reload?ser=1541416032550 HTTP/1.1" 200 28 "http://renault.activities.at/11882222" "Mozilla/5.0 (compatible; MSIE 9.0; Windows NT 6.1; WOW64; Trident/5.0)"
193.194.132.30 - - [05/Nov/2018:12:07:50 +0100] "GET /reload?ser=1541416070445 HTTP/1.1" 200 28 "http://renault.2web.at/result?searchterm=true&search=VU" "Mozilla/5.0 (Windows NT 6.1; WOW64; Trident/7.0; rv:11.0) like Gecko"
213.153.47.173 - - [05/Nov/2018:12:08:04 +0100] "GET /reload?ser=1541416084193 HTTP/1.1" 200 28 "http://renault.activities.at/login?required=true" "Mozilla/5.0 (Windows NT 10.0; Win64; x64; rv:63.0) Gecko/20100101 Firefox/63.0"
80.123.225.36 - - [05/Nov/2018:12:08:13 +0100] "GET /reload?ser=1541416093549 HTTP/1.1" 200 28 "http://renault.activities.at/11882222" "Mozilla/5.0 (compatible; MSIE 9.0; Windows NT 6.1; WOW64; Trident/5.0)"
193.194.132.30 - - [05/Nov/2018:12:08:51 +0100] "GET /reload?ser=1541416131587 HTTP/1.1" 200 28 "http://renault.2web.at/result?searchterm=true&search=VU" "Mozilla/5.0 (Windows NT 6.1; WOW64; Trident/7.0; rv:11.0) like Gecko"
213.153.47.173 - - [05/Nov/2018:12:09:04 +0100] "GET /reload?ser=1541416144841 HTTP/1.1" 200 28 "http://renault.activities.at/login?required=true" "Mozilla/5.0 (Windows NT 10.0; Win64; x64; rv:63.0) Gecko/20100101 Firefox/63.0"
80.123.225.36 - - [05/Nov/2018:12:09:14 +0100] "GET /reload?ser=1541416154554 HTTP/1.1" 200 28 "http://renault.activities.at/11882222" "Mozilla/5.0 (compatible; MSIE 9.0; Windows NT 6.1; WOW64; Trident/5.0)"
193.194.132.30 - - [05/Nov/2018:12:09:52 +0100] "GET /reload?ser=1541416192687 HTTP/1.1" 200 28 "http://renault.2web.at/result?searchterm=true&search=VU" "Mozilla/5.0 (Windows NT 6.1; WOW64; Trident/7.0; rv:11.0) like Gecko"
80.120.5.131 - - [05/Nov/2018:12:10:02 +0100] "GET /10201637 HTTP/1.1" 302 150 "-" "Mozilla/5.0 (Macintosh; Intel Mac OS X 10_13_6) AppleWebKit/605.1.15 (KHTML, like Gecko)"
80.120.5.131 - - [05/Nov/2018:12:10:05 +0100] "GET /login?required=true HTTP/1.1" 200 2086 "-" "Mozilla/5.0 (Macintosh; Intel Mac OS X 10_13_6) AppleWebKit/605.1.15 (KHTML, like Gecko)"
213.153.47.173 - - [05/Nov/2018:12:10:05 +0100] "GET /reload?ser=1541416205481 HTTP/1.1" 200 28 "http://renault.activities.at/login?required=true" "Mozilla/5.0 (Windows NT 10.0; Win64; x64; rv:63.0) Gecko/20100101 Firefox/63.0"
80.120.5.131 - - [05/Nov/2018:12:10:05 +0100] "GET /apple-touch-icon-precomposed.png HTTP/1.1" 200 1559 "-" "Safari/13606.2.11 CFNetwork/902.1 Darwin/17.7.0 (x86_64)"
80.120.5.131 - - [05/Nov/2018:12:10:06 +0100] "GET /apple-touch-icon.png HTTP/1.1" 200 1559 "-" "Safari/13606.2.11 CFNetwork/902.1 Darwin/17.7.0 (x86_64)"
80.120.5.131 - - [05/Nov/2018:12:10:07 +0100] "GET /images/favicon.ico HTTP/1.1" 404 305 "-" "Safari/13606.2.11 CFNetwork/902.1 Darwin/17.7.0 (x86_64)"
80.120.5.131 - - [05/Nov/2018:12:10:07 +0100] "GET /images/favicon.ico HTTP/1.1" 404 305 "-" "Safari/13606.2.11 CFNetwork/902.1 Darwin/17.7.0 (x86_64)"
80.120.5.131 - - [05/Nov/2018:12:10:07 +0100] "GET /favicon.ico HTTP/1.1" 200 3250 "-" "Safari/13606.2.11 CFNetwork/902.1 Darwin/17.7.0 (x86_64)"
80.120.5.131 - - [05/Nov/2018:12:10:07 +0100] "GET /apple-touch-icon-precomposed.png HTTP/1.1" 200 1559 "-" "Safari/13606.2.11 CFNetwork/902.1 Darwin/17.7.0 (x86_64)"
80.120.5.131 - - [05/Nov/2018:12:10:08 +0100] "GET /apple-touch-icon.png HTTP/1.1" 200 1559 "-" "Safari/13606.2.11 CFNetwork/902.1 Darwin/17.7.0 (x86_64)"
80.120.5.131 - - [05/Nov/2018:12:10:09 +0100] "GET /images/favicon.ico HTTP/1.1" 404 305 "-" "Safari/13606.2.11 CFNetwork/902.1 Darwin/17.7.0 (x86_64)"
80.120.5.131 - - [05/Nov/2018:12:10:09 +0100] "GET /images/favicon.ico HTTP/1.1" 404 305 "-" "Safari/13606.2.11 CFNetwork/902.1 Darwin/17.7.0 (x86_64)"
80.120.5.131 - - [05/Nov/2018:12:10:10 +0100] "GET /favicon.ico HTTP/1.1" 200 3250 "-" "Safari/13606.2.11 CFNetwork/902.1 Darwin/17.7.0 (x86_64)"
80.120.5.131 - - [05/Nov/2018:12:10:10 +0100] "GET /10201637 HTTP/1.1" 302 150 "-" "Mozilla/5.0 (iPhone; CPU iPhone OS 11_3 like Mac OS X) AppleWebKit/605.1.15 (KHTML, like Gecko) Version/11.0 Mobile/15E148 Safari/604.1"
80.120.5.131 - - [05/Nov/2018:12:10:10 +0100] "GET /login?required=true HTTP/1.1" 200 2086 "-" "Mozilla/5.0 (iPhone; CPU iPhone OS 11_3 like Mac OS X) AppleWebKit/605.1.15 (KHTML, like Gecko) Version/11.0 Mobile/15E148 Safari/604.1"
80.120.5.131 - - [05/Nov/2018:12:10:11 +0100] "GET /apple-touch-icon-precomposed.png HTTP/1.1" 200 1559 "-" "Safari/13606.2.11 CFNetwork/902.1 Darwin/17.7.0 (x86_64)"
80.120.5.131 - - [05/Nov/2018:12:10:12 +0100] "GET /apple-touch-icon.png HTTP/1.1" 200 1559 "-" "Safari/13606.2.11 CFNetwork/902.1 Darwin/17.7.0 (x86_64)"
80.120.5.131 - - [05/Nov/2018:12:10:13 +0100] "GET /images/favicon.ico HTTP/1.1" 404 305 "-" "Safari/13606.2.11 CFNetwork/902.1 Darwin/17.7.0 (x86_64)"
80.120.5.131 - - [05/Nov/2018:12:10:13 +0100] "GET /images/favicon.ico HTTP/1.1" 404 305 "-" "Safari/13606.2.11 CFNetwork/902.1 Darwin/17.7.0 (x86_64)"
80.120.5.131 - - [05/Nov/2018:12:10:13 +0100] "GET /favicon.ico HTTP/1.1" 200 3250 "-" "Safari/13606.2.11 CFNetwork/902.1 Darwin/17.7.0 (x86_64)"
80.120.5.131 - - [05/Nov/2018:12:10:13 +0100] "GET /apple-touch-icon-precomposed.png HTTP/1.1" 200 1559 "-" "Safari/13606.2.11 CFNetwork/902.1 Darwin/17.7.0 (x86_64)"
80.120.5.131 - - [05/Nov/2018:12:10:14 +0100] "GET /apple-touch-icon.png HTTP/1.1" 200 1559 "-" "Safari/13606.2.11 CFNetwork/902.1 Darwin/17.7.0 (x86_64)"
80.120.5.131 - - [05/Nov/2018:12:10:15 +0100] "GET /images/favicon.ico HTTP/1.1" 404 305 "-" "Safari/13606.2.11 CFNetwork/902.1 Darwin/17.7.0 (x86_64)"
80.120.5.131 - - [05/Nov/2018:12:10:15 +0100] "GET /images/favicon.ico HTTP/1.1" 404 305 "-" "Safari/13606.2.11 CFNetwork/902.1 Darwin/17.7.0 (x86_64)"
80.120.5.131 - - [05/Nov/2018:12:10:15 +0100] "GET /favicon.ico HTTP/1.1" 200 3250 "-" "Safari/13606.2.11 CFNetwork/902.1 Darwin/17.7.0 (x86_64)"
80.123.225.36 - - [05/Nov/2018:12:10:15 +0100] "GET /reload?ser=1541416215529 HTTP/1.1" 200 28 "http://renault.activities.at/11882222" "Mozilla/5.0 (compatible; MSIE 9.0; Windows NT 6.1; WOW64; Trident/5.0)"
193.194.132.30 - - [05/Nov/2018:12:10:53 +0100] "GET /reload?ser=1541416253752 HTTP/1.1" 200 28 "http://renault.2web.at/result?searchterm=true&search=VU" "Mozilla/5.0 (Windows NT 6.1; WOW64; Trident/7.0; rv:11.0) like Gecko"
213.153.47.173 - - [05/Nov/2018:12:11:06 +0100] "GET /reload?ser=1541416266131 HTTP/1.1" 200 28 "http://renault.activities.at/login?required=true" "Mozilla/5.0 (Windows NT 10.0; Win64; x64; rv:63.0) Gecko/20100101 Firefox/63.0"
80.123.225.36 - - [05/Nov/2018:12:11:16 +0100] "GET /reload?ser=1541416276474 HTTP/1.1" 200 28 "http://renault.activities.at/11882222" "Mozilla/5.0 (compatible; MSIE 9.0; Windows NT 6.1; WOW64; Trident/5.0)"
193.194.132.30 - - [05/Nov/2018:12:11:54 +0100] "GET /reload?ser=1541416314787 HTTP/1.1" 200 28 "http://renault.2web.at/result?searchterm=true&search=VU" "Mozilla/5.0 (Windows NT 6.1; WOW64; Trident/7.0; rv:11.0) like Gecko"
213.153.47.173 - - [05/Nov/2018:12:12:06 +0100] "GET /reload?ser=1541416326780 HTTP/1.1" 200 28 "http://renault.activities.at/login?required=true" "Mozilla/5.0 (Windows NT 10.0; Win64; x64; rv:63.0) Gecko/20100101 Firefox/63.0"
80.123.225.36 - - [05/Nov/2018:12:12:17 +0100] "GET /reload?ser=1541416337431 HTTP/1.1" 200 28 "http://renault.activities.at/11882222" "Mozilla/5.0 (compatible; MSIE 9.0; Windows NT 6.1; WOW64; Trident/5.0)"
193.194.132.30 - - [05/Nov/2018:12:12:55 +0100] "GET /reload?ser=1541416375860 HTTP/1.1" 200 28 "http://renault.2web.at/result?searchterm=true&search=VU" "Mozilla/5.0 (Windows NT 6.1; WOW64; Trident/7.0; rv:11.0) like Gecko"
213.153.47.173 - - [05/Nov/2018:12:13:07 +0100] "GET /reload?ser=1541416387430 HTTP/1.1" 200 28 "http://renault.activities.at/login?required=true" "Mozilla/5.0 (Windows NT 10.0; Win64; x64; rv:63.0) Gecko/20100101 Firefox/63.0"
80.123.225.36 - - [05/Nov/2018:12:13:18 +0100] "GET /reload?ser=1541416398457 HTTP/1.1" 200 28 "http://renault.activities.at/11882222" "Mozilla/5.0 (compatible; MSIE 9.0; Windows NT 6.1; WOW64; Trident/5.0)"
193.194.132.30 - - [05/Nov/2018:12:13:57 +0100] "GET /reload?ser=1541416436958 HTTP/1.1" 200 28 "http://renault.2web.at/result?searchterm=true&search=VU" "Mozilla/5.0 (Windows NT 6.1; WOW64; Trident/7.0; rv:11.0) like Gecko"
213.153.47.173 - - [05/Nov/2018:12:14:08 +0100] "GET /reload?ser=1541416448090 HTTP/1.1" 200 28 "http://renault.activities.at/login?required=true" "Mozilla/5.0 (Windows NT 10.0; Win64; x64; rv:63.0) Gecko/20100101 Firefox/63.0"
80.123.225.36 - - [05/Nov/2018:12:14:19 +0100] "GET /reload?ser=1541416459475 HTTP/1.1" 200 28 "http://renault.activities.at/11882222" "Mozilla/5.0 (compatible; MSIE 9.0; Windows NT 6.1; WOW64; Trident/5.0)"
193.194.132.30 - - [05/Nov/2018:12:14:58 +0100] "GET /reload?ser=1541416498128 HTTP/1.1" 200 28 "http://renault.2web.at/result?searchterm=true&search=VU" "Mozilla/5.0 (Windows NT 6.1; WOW64; Trident/7.0; rv:11.0) like Gecko"
213.153.47.173 - - [05/Nov/2018:12:15:08 +0100] "GET /reload?ser=1541416508759 HTTP/1.1" 200 28 "http://renault.activities.at/login?required=true" "Mozilla/5.0 (Windows NT 10.0; Win64; x64; rv:63.0) Gecko/20100101 Firefox/63.0"
80.123.225.36 - - [05/Nov/2018:12:15:20 +0100] "GET /reload?ser=1541416520477 HTTP/1.1" 200 28 "http://renault.activities.at/11882222" "Mozilla/5.0 (compatible; MSIE 9.0; Windows NT 6.1; WOW64; Trident/5.0)"
193.194.132.30 - - [05/Nov/2018:12:15:59 +0100] "GET /reload?ser=1541416559221 HTTP/1.1" 200 28 "http://renault.2web.at/result?searchterm=true&search=VU" "Mozilla/5.0 (Windows NT 6.1; WOW64; Trident/7.0; rv:11.0) like Gecko"
213.153.47.173 - - [05/Nov/2018:12:16:09 +0100] "GET /reload?ser=1541416569408 HTTP/1.1" 200 28 "http://renault.activities.at/login?required=true" "Mozilla/5.0 (Windows NT 10.0; Win64; x64; rv:63.0) Gecko/20100101 Firefox/63.0"
80.123.225.36 - - [05/Nov/2018:12:16:21 +0100] "GET /reload?ser=1541416581465 HTTP/1.1" 200 28 "http://renault.activities.at/11882222" "Mozilla/5.0 (compatible; MSIE 9.0; Windows NT 6.1; WOW64; Trident/5.0)"
193.194.132.30 - - [05/Nov/2018:12:17:00 +0100] "GET /reload?ser=1541416620298 HTTP/1.1" 200 28 "http://renault.2web.at/result?searchterm=true&search=VU" "Mozilla/5.0 (Windows NT 6.1; WOW64; Trident/7.0; rv:11.0) like Gecko"
213.153.47.173 - - [05/Nov/2018:12:17:10 +0100] "GET /reload?ser=1541416630078 HTTP/1.1" 200 28 "http://renault.activities.at/login?required=true" "Mozilla/5.0 (Windows NT 10.0; Win64; x64; rv:63.0) Gecko/20100101 Firefox/63.0"
80.123.225.36 - - [05/Nov/2018:12:17:22 +0100] "GET /reload?ser=1541416642471 HTTP/1.1" 200 28 "http://renault.activities.at/11882222" "Mozilla/5.0 (compatible; MSIE 9.0; Windows NT 6.1; WOW64; Trident/5.0)"
193.194.132.30 - - [05/Nov/2018:12:18:01 +0100] "GET /reload?ser=1541416681344 HTTP/1.1" 200 28 "http://renault.2web.at/result?searchterm=true&search=VU" "Mozilla/5.0 (Windows NT 6.1; WOW64; Trident/7.0; rv:11.0) like Gecko"
213.153.47.173 - - [05/Nov/2018:12:18:10 +0100] "GET /reload?ser=1541416690737 HTTP/1.1" 200 28 "http://renault.activities.at/login?required=true" "Mozilla/5.0 (Windows NT 10.0; Win64; x64; rv:63.0) Gecko/20100101 Firefox/63.0"
80.123.225.36 - - [05/Nov/2018:12:18:23 +0100] "GET /reload?ser=1541416703491 HTTP/1.1" 200 28 "http://renault.activities.at/11882222" "Mozilla/5.0 (compatible; MSIE 9.0; Windows NT 6.1; WOW64; Trident/5.0)"
193.194.132.30 - - [05/Nov/2018:12:19:02 +0100] "GET /reload?ser=1541416742422 HTTP/1.1" 200 28 "http://renault.2web.at/result?searchterm=true&search=VU" "Mozilla/5.0 (Windows NT 6.1; WOW64; Trident/7.0; rv:11.0) like Gecko"
213.153.47.173 - - [05/Nov/2018:12:19:11 +0100] "GET /reload?ser=1541416751387 HTTP/1.1" 200 28 "http://renault.activities.at/login?required=true" "Mozilla/5.0 (Windows NT 10.0; Win64; x64; rv:63.0) Gecko/20100101 Firefox/63.0"
80.123.225.36 - - [05/Nov/2018:12:19:24 +0100] "GET /reload?ser=1541416764477 HTTP/1.1" 200 28 "http://renault.activities.at/11882222" "Mozilla/5.0 (compatible; MSIE 9.0; Windows NT 6.1; WOW64; Trident/5.0)"
193.194.132.30 - - [05/Nov/2018:12:20:03 +0100] "GET /reload?ser=1541416803523 HTTP/1.1" 200 28 "http://renault.2web.at/result?searchterm=true&search=VU" "Mozilla/5.0 (Windows NT 6.1; WOW64; Trident/7.0; rv:11.0) like Gecko"
213.153.47.173 - - [05/Nov/2018:12:20:12 +0100] "GET /reload?ser=1541416812036 HTTP/1.1" 200 28 "http://renault.activities.at/login?required=true" "Mozilla/5.0 (Windows NT 10.0; Win64; x64; rv:63.0) Gecko/20100101 Firefox/63.0"
80.123.225.36 - - [05/Nov/2018:12:20:25 +0100] "GET /reload?ser=1541416825494 HTTP/1.1" 200 28 "http://renault.activities.at/11882222" "Mozilla/5.0 (compatible; MSIE 9.0; Windows NT 6.1; WOW64; Trident/5.0)"
193.194.132.30 - - [05/Nov/2018:12:21:04 +0100] "GET /reload?ser=1541416864573 HTTP/1.1" 200 28 "http://renault.2web.at/result?searchterm=true&search=VU" "Mozilla/5.0 (Windows NT 6.1; WOW64; Trident/7.0; rv:11.0) like Gecko"
213.153.47.173 - - [05/Nov/2018:12:21:12 +0100] "GET /reload?ser=1541416872706 HTTP/1.1" 200 28 "http://renault.activities.at/login?required=true" "Mozilla/5.0 (Windows NT 10.0; Win64; x64; rv:63.0) Gecko/20100101 Firefox/63.0"
80.123.225.36 - - [05/Nov/2018:12:21:26 +0100] "GET /reload?ser=1541416886483 HTTP/1.1" 200 28 "http://renault.activities.at/11882222" "Mozilla/5.0 (compatible; MSIE 9.0; Windows NT 6.1; WOW64; Trident/5.0)"
193.194.132.30 - - [05/Nov/2018:12:22:05 +0100] "GET /reload?ser=1541416925618 HTTP/1.1" 200 28 "http://renault.2web.at/result?searchterm=true&search=VU" "Mozilla/5.0 (Windows NT 6.1; WOW64; Trident/7.0; rv:11.0) like Gecko"
213.153.47.173 - - [05/Nov/2018:12:22:13 +0100] "GET /reload?ser=1541416933376 HTTP/1.1" 200 28 "http://renault.activities.at/login?required=true" "Mozilla/5.0 (Windows NT 10.0; Win64; x64; rv:63.0) Gecko/20100101 Firefox/63.0"
80.123.225.36 - - [05/Nov/2018:12:22:27 +0100] "GET /reload?ser=1541416947480 HTTP/1.1" 200 28 "http://renault.activities.at/11882222" "Mozilla/5.0 (compatible; MSIE 9.0; Windows NT 6.1; WOW64; Trident/5.0)"
193.194.132.30 - - [05/Nov/2018:12:23:06 +0100] "GET /reload?ser=1541416986658 HTTP/1.1" 200 28 "http://renault.2web.at/result?searchterm=true&search=VU" "Mozilla/5.0 (Windows NT 6.1; WOW64; Trident/7.0; rv:11.0) like Gecko"
213.153.47.173 - - [05/Nov/2018:12:23:14 +0100] "GET /reload?ser=1541416994035 HTTP/1.1" 200 28 "http://renault.activities.at/login?required=true" "Mozilla/5.0 (Windows NT 10.0; Win64; x64; rv:63.0) Gecko/20100101 Firefox/63.0"
80.123.225.36 - - [05/Nov/2018:12:23:28 +0100] "GET /reload?ser=1541417008469 HTTP/1.1" 200 28 "http://renault.activities.at/11882222" "Mozilla/5.0 (compatible; MSIE 9.0; Windows NT 6.1; WOW64; Trident/5.0)"
193.194.132.30 - - [05/Nov/2018:12:24:07 +0100] "GET /reload?ser=1541417047725 HTTP/1.1" 200 28 "http://renault.2web.at/result?searchterm=true&search=VU" "Mozilla/5.0 (Windows NT 6.1; WOW64; Trident/7.0; rv:11.0) like Gecko"
213.153.47.173 - - [05/Nov/2018:12:24:14 +0100] "GET /reload?ser=1541417054706 HTTP/1.1" 200 28 "http://renault.activities.at/login?required=true" "Mozilla/5.0 (Windows NT 10.0; Win64; x64; rv:63.0) Gecko/20100101 Firefox/63.0"
80.123.225.36 - - [05/Nov/2018:12:24:29 +0100] "GET /reload?ser=1541417069450 HTTP/1.1" 200 28 "http://renault.activities.at/11882222" "Mozilla/5.0 (compatible; MSIE 9.0; Windows NT 6.1; WOW64; Trident/5.0)"
193.194.132.30 - - [05/Nov/2018:12:25:08 +0100] "GET /reload?ser=1541417108816 HTTP/1.1" 200 28 "http://renault.2web.at/result?searchterm=true&search=VU" "Mozilla/5.0 (Windows NT 6.1; WOW64; Trident/7.0; rv:11.0) like Gecko"
213.153.47.173 - - [05/Nov/2018:12:25:15 +0100] "GET /reload?ser=1541417115375 HTTP/1.1" 200 28 "http://renault.activities.at/login?required=true" "Mozilla/5.0 (Windows NT 10.0; Win64; x64; rv:63.0) Gecko/20100101 Firefox/63.0"
80.123.225.36 - - [05/Nov/2018:12:25:30 +0100] "GET /reload?ser=1541417130458 HTTP/1.1" 200 28 "http://renault.activities.at/11882222" "Mozilla/5.0 (compatible; MSIE 9.0; Windows NT 6.1; WOW64; Trident/5.0)"
193.194.132.30 - - [05/Nov/2018:12:26:09 +0100] "GET /reload?ser=1541417169873 HTTP/1.1" 200 28 "http://renault.2web.at/result?searchterm=true&search=VU" "Mozilla/5.0 (Windows NT 6.1; WOW64; Trident/7.0; rv:11.0) like Gecko"
213.153.47.173 - - [05/Nov/2018:12:26:16 +0100] "GET /reload?ser=1541417176045 HTTP/1.1" 200 28 "http://renault.activities.at/login?required=true" "Mozilla/5.0 (Windows NT 10.0; Win64; x64; rv:63.0) Gecko/20100101 Firefox/63.0"
80.123.225.36 - - [05/Nov/2018:12:26:31 +0100] "GET /reload?ser=1541417191518 HTTP/1.1" 200 28 "http://renault.activities.at/11882222" "Mozilla/5.0 (compatible; MSIE 9.0; Windows NT 6.1; WOW64; Trident/5.0)"
193.194.132.30 - - [05/Nov/2018:12:27:11 +0100] "GET /reload?ser=1541417230960 HTTP/1.1" 200 28 "http://renault.2web.at/result?searchterm=true&search=VU" "Mozilla/5.0 (Windows NT 6.1; WOW64; Trident/7.0; rv:11.0) like Gecko"
213.153.47.173 - - [05/Nov/2018:12:27:16 +0100] "GET /reload?ser=1541417236703 HTTP/1.1" 200 28 "http://renault.activities.at/login?required=true" "Mozilla/5.0 (Windows NT 10.0; Win64; x64; rv:63.0) Gecko/20100101 Firefox/63.0"
80.123.225.36 - - [05/Nov/2018:12:27:32 +0100] "GET /reload?ser=1541417252500 HTTP/1.1" 200 28 "http://renault.activities.at/11882222" "Mozilla/5.0 (compatible; MSIE 9.0; Windows NT 6.1; WOW64; Trident/5.0)"
193.194.132.30 - - [05/Nov/2018:12:28:12 +0100] "GET /reload?ser=1541417292019 HTTP/1.1" 200 28 "http://renault.2web.at/result?searchterm=true&search=VU" "Mozilla/5.0 (Windows NT 6.1; WOW64; Trident/7.0; rv:11.0) like Gecko"
213.153.47.173 - - [05/Nov/2018:12:28:17 +0100] "GET /reload?ser=1541417297385 HTTP/1.1" 200 28 "http://renault.activities.at/login?required=true" "Mozilla/5.0 (Windows NT 10.0; Win64; x64; rv:63.0) Gecko/20100101 Firefox/63.0"
80.123.225.36 - - [05/Nov/2018:12:28:33 +0100] "GET /reload?ser=1541417313483 HTTP/1.1" 200 28 "http://renault.activities.at/11882222" "Mozilla/5.0 (compatible; MSIE 9.0; Windows NT 6.1; WOW64; Trident/5.0)"
193.194.132.30 - - [05/Nov/2018:12:29:13 +0100] "GET /reload?ser=1541417353127 HTTP/1.1" 200 28 "http://renault.2web.at/result?searchterm=true&search=VU" "Mozilla/5.0 (Windows NT 6.1; WOW64; Trident/7.0; rv:11.0) like Gecko"
213.153.47.173 - - [05/Nov/2018:12:29:18 +0100] "GET /reload?ser=1541417358045 HTTP/1.1" 200 28 "http://renault.activities.at/login?required=true" "Mozilla/5.0 (Windows NT 10.0; Win64; x64; rv:63.0) Gecko/20100101 Firefox/63.0"
80.123.225.36 - - [05/Nov/2018:12:29:34 +0100] "GET /reload?ser=1541417374479 HTTP/1.1" 200 28 "http://renault.activities.at/11882222" "Mozilla/5.0 (compatible; MSIE 9.0; Windows NT 6.1; WOW64; Trident/5.0)"
193.194.132.30 - - [05/Nov/2018:12:30:14 +0100] "GET /reload?ser=1541417414180 HTTP/1.1" 200 28 "http://renault.2web.at/result?searchterm=true&search=VU" "Mozilla/5.0 (Windows NT 6.1; WOW64; Trident/7.0; rv:11.0) like Gecko"
213.153.47.173 - - [05/Nov/2018:12:30:18 +0100] "GET /reload?ser=1541417418704 HTTP/1.1" 200 28 "http://renault.activities.at/login?required=true" "Mozilla/5.0 (Windows NT 10.0; Win64; x64; rv:63.0) Gecko/20100101 Firefox/63.0"
80.123.225.36 - - [05/Nov/2018:12:30:35 +0100] "GET /reload?ser=1541417435498 HTTP/1.1" 200 28 "http://renault.activities.at/11882222" "Mozilla/5.0 (compatible; MSIE 9.0; Windows NT 6.1; WOW64; Trident/5.0)"
193.194.132.30 - - [05/Nov/2018:12:31:15 +0100] "GET /reload?ser=1541417475269 HTTP/1.1" 200 28 "http://renault.2web.at/result?searchterm=true&search=VU" "Mozilla/5.0 (Windows NT 6.1; WOW64; Trident/7.0; rv:11.0) like Gecko"
213.153.47.173 - - [05/Nov/2018:12:31:19 +0100] "GET /reload?ser=1541417479364 HTTP/1.1" 200 28 "http://renault.activities.at/login?required=true" "Mozilla/5.0 (Windows NT 10.0; Win64; x64; rv:63.0) Gecko/20100101 Firefox/63.0"
80.123.225.36 - - [05/Nov/2018:12:31:36 +0100] "GET /reload?ser=1541417496514 HTTP/1.1" 200 28 "http://renault.activities.at/11882222" "Mozilla/5.0 (compatible; MSIE 9.0; Windows NT 6.1; WOW64; Trident/5.0)"
193.194.132.30 - - [05/Nov/2018:12:32:16 +0100] "GET /reload?ser=1541417536385 HTTP/1.1" 200 28 "http://renault.2web.at/result?searchterm=true&search=VU" "Mozilla/5.0 (Windows NT 6.1; WOW64; Trident/7.0; rv:11.0) like Gecko"
213.153.47.173 - - [05/Nov/2018:12:32:20 +0100] "GET /reload?ser=1541417540024 HTTP/1.1" 200 28 "http://renault.activities.at/login?required=true" "Mozilla/5.0 (Windows NT 10.0; Win64; x64; rv:63.0) Gecko/20100101 Firefox/63.0"
80.123.225.36 - - [05/Nov/2018:12:32:37 +0100] "GET /reload?ser=1541417557502 HTTP/1.1" 200 28 "http://renault.activities.at/11882222" "Mozilla/5.0 (compatible; MSIE 9.0; Windows NT 6.1; WOW64; Trident/5.0)"
193.194.132.30 - - [05/Nov/2018:12:33:17 +0100] "GET /reload?ser=1541417597441 HTTP/1.1" 200 28 "http://renault.2web.at/result?searchterm=true&search=VU" "Mozilla/5.0 (Windows NT 6.1; WOW64; Trident/7.0; rv:11.0) like Gecko"
213.153.47.173 - - [05/Nov/2018:12:33:20 +0100] "GET /reload?ser=1541417600683 HTTP/1.1" 200 28 "http://renault.activities.at/login?required=true" "Mozilla/5.0 (Windows NT 10.0; Win64; x64; rv:63.0) Gecko/20100101 Firefox/63.0"
80.123.225.36 - - [05/Nov/2018:12:33:38 +0100] "GET /reload?ser=1541417618491 HTTP/1.1" 200 28 "http://renault.activities.at/11882222" "Mozilla/5.0 (compatible; MSIE 9.0; Windows NT 6.1; WOW64; Trident/5.0)"
193.194.132.30 - - [05/Nov/2018:12:34:18 +0100] "GET /reload?ser=1541417658509 HTTP/1.1" 200 28 "http://renault.2web.at/result?searchterm=true&search=VU" "Mozilla/5.0 (Windows NT 6.1; WOW64; Trident/7.0; rv:11.0) like Gecko"
213.153.47.173 - - [05/Nov/2018:12:34:21 +0100] "GET /reload?ser=1541417661343 HTTP/1.1" 200 28 "http://renault.activities.at/login?required=true" "Mozilla/5.0 (Windows NT 10.0; Win64; x64; rv:63.0) Gecko/20100101 Firefox/63.0"
80.123.225.36 - - [05/Nov/2018:12:34:39 +0100] "GET /reload?ser=1541417679513 HTTP/1.1" 200 28 "http://renault.activities.at/11882222" "Mozilla/5.0 (compatible; MSIE 9.0; Windows NT 6.1; WOW64; Trident/5.0)"
193.194.132.30 - - [05/Nov/2018:12:35:19 +0100] "GET /reload?ser=1541417719595 HTTP/1.1" 200 28 "http://renault.2web.at/result?searchterm=true&search=VU" "Mozilla/5.0 (Windows NT 6.1; WOW64; Trident/7.0; rv:11.0) like Gecko"
213.153.47.173 - - [05/Nov/2018:12:35:22 +0100] "GET /reload?ser=1541417722022 HTTP/1.1" 200 28 "http://renault.activities.at/login?required=true" "Mozilla/5.0 (Windows NT 10.0; Win64; x64; rv:63.0) Gecko/20100101 Firefox/63.0"
80.123.225.36 - - [05/Nov/2018:12:35:40 +0100] "GET /reload?ser=1541417740487 HTTP/1.1" 200 28 "http://renault.activities.at/11882222" "Mozilla/5.0 (compatible; MSIE 9.0; Windows NT 6.1; WOW64; Trident/5.0)"
193.194.132.30 - - [05/Nov/2018:12:36:20 +0100] "GET /reload?ser=1541417780668 HTTP/1.1" 200 28 "http://renault.2web.at/result?searchterm=true&search=VU" "Mozilla/5.0 (Windows NT 6.1; WOW64; Trident/7.0; rv:11.0) like Gecko"
213.153.47.173 - - [05/Nov/2018:12:36:22 +0100] "GET /reload?ser=1541417782682 HTTP/1.1" 200 28 "http://renault.activities.at/login?required=true" "Mozilla/5.0 (Windows NT 10.0; Win64; x64; rv:63.0) Gecko/20100101 Firefox/63.0"
66.249.69.43 - - [05/Nov/2018:12:36:38 +0100] "GET / HTTP/1.1" 200 3474 "-" "Mozilla/5.0 (compatible; Googlebot/2.1; +http://www.google.com/bot.html)"
80.123.225.36 - - [05/Nov/2018:12:36:41 +0100] "GET /reload?ser=1541417801464 HTTP/1.1" 200 28 "http://renault.activities.at/11882222" "Mozilla/5.0 (compatible; MSIE 9.0; Windows NT 6.1; WOW64; Trident/5.0)"
193.194.132.30 - - [05/Nov/2018:12:37:21 +0100] "GET /reload?ser=1541417841736 HTTP/1.1" 200 28 "http://renault.2web.at/result?searchterm=true&search=VU" "Mozilla/5.0 (Windows NT 6.1; WOW64; Trident/7.0; rv:11.0) like Gecko"
213.153.47.173 - - [05/Nov/2018:12:37:23 +0100] "GET /reload?ser=1541417843343 HTTP/1.1" 200 28 "http://renault.activities.at/login?required=true" "Mozilla/5.0 (Windows NT 10.0; Win64; x64; rv:63.0) Gecko/20100101 Firefox/63.0"
80.123.225.36 - - [05/Nov/2018:12:37:42 +0100] "GET /reload?ser=1541417862464 HTTP/1.1" 200 28 "http://renault.activities.at/11882222" "Mozilla/5.0 (compatible; MSIE 9.0; Windows NT 6.1; WOW64; Trident/5.0)"
193.194.132.30 - - [05/Nov/2018:12:38:22 +0100] "GET /reload?ser=1541417902820 HTTP/1.1" 200 28 "http://renault.2web.at/result?searchterm=true&search=VU" "Mozilla/5.0 (Windows NT 6.1; WOW64; Trident/7.0; rv:11.0) like Gecko"
213.153.47.173 - - [05/Nov/2018:12:38:24 +0100] "GET /reload?ser=1541417904004 HTTP/1.1" 200 28 "http://renault.activities.at/login?required=true" "Mozilla/5.0 (Windows NT 10.0; Win64; x64; rv:63.0) Gecko/20100101 Firefox/63.0"
80.123.225.36 - - [05/Nov/2018:12:38:43 +0100] "GET /reload?ser=1541417923412 HTTP/1.1" 200 28 "http://renault.activities.at/11882222" "Mozilla/5.0 (compatible; MSIE 9.0; Windows NT 6.1; WOW64; Trident/5.0)"
193.194.132.30 - - [05/Nov/2018:12:39:23 +0100] "GET /reload?ser=1541417963877 HTTP/1.1" 200 28 "http://renault.2web.at/result?searchterm=true&search=VU" "Mozilla/5.0 (Windows NT 6.1; WOW64; Trident/7.0; rv:11.0) like Gecko"
213.153.47.173 - - [05/Nov/2018:12:39:24 +0100] "GET /reload?ser=1541417964667 HTTP/1.1" 200 28 "http://renault.activities.at/login?required=true" "Mozilla/5.0 (Windows NT 10.0; Win64; x64; rv:63.0) Gecko/20100101 Firefox/63.0"
80.123.225.36 - - [05/Nov/2018:12:39:44 +0100] "GET /reload?ser=1541417984451 HTTP/1.1" 200 28 "http://renault.activities.at/11882222" "Mozilla/5.0 (compatible; MSIE 9.0; Windows NT 6.1; WOW64; Trident/5.0)"
193.194.132.30 - - [05/Nov/2018:12:40:25 +0100] "GET /reload?ser=1541418024977 HTTP/1.1" 200 28 "http://renault.2web.at/result?searchterm=true&search=VU" "Mozilla/5.0 (Windows NT 6.1; WOW64; Trident/7.0; rv:11.0) like Gecko"
213.153.47.173 - - [05/Nov/2018:12:40:25 +0100] "GET /reload?ser=1541418025369 HTTP/1.1" 200 28 "http://renault.activities.at/login?required=true" "Mozilla/5.0 (Windows NT 10.0; Win64; x64; rv:63.0) Gecko/20100101 Firefox/63.0"
80.123.225.36 - - [05/Nov/2018:12:40:45 +0100] "GET /reload?ser=1541418045432 HTTP/1.1" 200 28 "http://renault.activities.at/11882222" "Mozilla/5.0 (compatible; MSIE 9.0; Windows NT 6.1; WOW64; Trident/5.0)"
213.153.47.173 - - [05/Nov/2018:12:41:26 +0100] "GET /reload?ser=1541418086042 HTTP/1.1" 200 28 "http://renault.activities.at/login?required=true" "Mozilla/5.0 (Windows NT 10.0; Win64; x64; rv:63.0) Gecko/20100101 Firefox/63.0"
193.194.132.30 - - [05/Nov/2018:12:41:26 +0100] "GET /reload?ser=1541418086022 HTTP/1.1" 200 28 "http://renault.2web.at/result?searchterm=true&search=VU" "Mozilla/5.0 (Windows NT 6.1; WOW64; Trident/7.0; rv:11.0) like Gecko"
80.123.225.36 - - [05/Nov/2018:12:41:46 +0100] "GET /reload?ser=1541418106436 HTTP/1.1" 200 28 "http://renault.activities.at/11882222" "Mozilla/5.0 (compatible; MSIE 9.0; Windows NT 6.1; WOW64; Trident/5.0)"
207.46.13.121 - - [05/Nov/2018:12:42:01 +0100] "GET /10260273 HTTP/1.1" 302 150 "-" "Mozilla/5.0 (compatible; bingbot/2.0; +http://www.bing.com/bingbot.htm)"
207.46.13.121 - - [05/Nov/2018:12:42:10 +0100] "GET /login?required=true HTTP/1.1" 200 2086 "-" "Mozilla/5.0 (compatible; bingbot/2.0; +http://www.bing.com/bingbot.htm)"
213.153.47.173 - - [05/Nov/2018:12:42:26 +0100] "GET /reload?ser=1541418146714 HTTP/1.1" 200 28 "http://renault.activities.at/login?required=true" "Mozilla/5.0 (Windows NT 10.0; Win64; x64; rv:63.0) Gecko/20100101 Firefox/63.0"
193.194.132.30 - - [05/Nov/2018:12:42:27 +0100] "GET /reload?ser=1541418147082 HTTP/1.1" 200 28 "http://renault.2web.at/result?searchterm=true&search=VU" "Mozilla/5.0 (Windows NT 6.1; WOW64; Trident/7.0; rv:11.0) like Gecko"
80.123.225.36 - - [05/Nov/2018:12:42:47 +0100] "GET /reload?ser=1541418167417 HTTP/1.1" 200 28 "http://renault.activities.at/11882222" "Mozilla/5.0 (compatible; MSIE 9.0; Windows NT 6.1; WOW64; Trident/5.0)"
213.153.47.173 - - [05/Nov/2018:12:43:27 +0100] "GET /reload?ser=1541418207376 HTTP/1.1" 200 28 "http://renault.activities.at/login?required=true" "Mozilla/5.0 (Windows NT 10.0; Win64; x64; rv:63.0) Gecko/20100101 Firefox/63.0"
193.194.132.30 - - [05/Nov/2018:12:43:28 +0100] "GET /reload?ser=1541418208184 HTTP/1.1" 200 28 "http://renault.2web.at/result?searchterm=true&search=VU" "Mozilla/5.0 (Windows NT 6.1; WOW64; Trident/7.0; rv:11.0) like Gecko"
80.123.225.36 - - [05/Nov/2018:12:43:48 +0100] "GET /reload?ser=1541418228440 HTTP/1.1" 200 28 "http://renault.activities.at/11882222" "Mozilla/5.0 (compatible; MSIE 9.0; Windows NT 6.1; WOW64; Trident/5.0)"
213.153.47.173 - - [05/Nov/2018:12:44:28 +0100] "GET /reload?ser=1541418268047 HTTP/1.1" 200 28 "http://renault.activities.at/login?required=true" "Mozilla/5.0 (Windows NT 10.0; Win64; x64; rv:63.0) Gecko/20100101 Firefox/63.0"
193.194.132.30 - - [05/Nov/2018:12:44:29 +0100] "GET /reload?ser=1541418269259 HTTP/1.1" 200 28 "http://renault.2web.at/result?searchterm=true&search=VU" "Mozilla/5.0 (Windows NT 6.1; WOW64; Trident/7.0; rv:11.0) like Gecko"
80.123.225.36 - - [05/Nov/2018:12:44:49 +0100] "GET /reload?ser=1541418289444 HTTP/1.1" 200 28 "http://renault.activities.at/11882222" "Mozilla/5.0 (compatible; MSIE 9.0; Windows NT 6.1; WOW64; Trident/5.0)"
213.153.47.173 - - [05/Nov/2018:12:45:28 +0100] "GET /reload?ser=1541418328709 HTTP/1.1" 200 28 "http://renault.activities.at/login?required=true" "Mozilla/5.0 (Windows NT 10.0; Win64; x64; rv:63.0) Gecko/20100101 Firefox/63.0"
193.194.132.30 - - [05/Nov/2018:12:45:30 +0100] "GET /reload?ser=1541418330320 HTTP/1.1" 200 28 "http://renault.2web.at/result?searchterm=true&search=VU" "Mozilla/5.0 (Windows NT 6.1; WOW64; Trident/7.0; rv:11.0) like Gecko"
80.123.225.36 - - [05/Nov/2018:12:45:50 +0100] "GET /reload?ser=1541418350484 HTTP/1.1" 200 28 "http://renault.activities.at/11882222" "Mozilla/5.0 (compatible; MSIE 9.0; Windows NT 6.1; WOW64; Trident/5.0)"
213.153.47.173 - - [05/Nov/2018:12:46:29 +0100] "GET /reload?ser=1541418389370 HTTP/1.1" 200 28 "http://renault.activities.at/login?required=true" "Mozilla/5.0 (Windows NT 10.0; Win64; x64; rv:63.0) Gecko/20100101 Firefox/63.0"
193.194.132.30 - - [05/Nov/2018:12:46:31 +0100] "GET /reload?ser=1541418391390 HTTP/1.1" 200 28 "http://renault.2web.at/result?searchterm=true&search=VU" "Mozilla/5.0 (Windows NT 6.1; WOW64; Trident/7.0; rv:11.0) like Gecko"
80.123.225.36 - - [05/Nov/2018:12:46:51 +0100] "GET /reload?ser=1541418411500 HTTP/1.1" 200 28 "http://renault.activities.at/11882222" "Mozilla/5.0 (compatible; MSIE 9.0; Windows NT 6.1; WOW64; Trident/5.0)"
213.153.47.173 - - [05/Nov/2018:12:47:30 +0100] "GET /reload?ser=1541418450033 HTTP/1.1" 200 28 "http://renault.activities.at/login?required=true" "Mozilla/5.0 (Windows NT 10.0; Win64; x64; rv:63.0) Gecko/20100101 Firefox/63.0"
193.194.132.30 - - [05/Nov/2018:12:47:32 +0100] "GET /reload?ser=1541418452465 HTTP/1.1" 200 28 "http://renault.2web.at/result?searchterm=true&search=VU" "Mozilla/5.0 (Windows NT 6.1; WOW64; Trident/7.0; rv:11.0) like Gecko"
80.123.225.36 - - [05/Nov/2018:12:47:52 +0100] "GET /reload?ser=1541418472488 HTTP/1.1" 200 28 "http://renault.activities.at/11882222" "Mozilla/5.0 (compatible; MSIE 9.0; Windows NT 6.1; WOW64; Trident/5.0)"
213.153.47.173 - - [05/Nov/2018:12:48:30 +0100] "GET /reload?ser=1541418510704 HTTP/1.1" 200 28 "http://renault.activities.at/login?required=true" "Mozilla/5.0 (Windows NT 10.0; Win64; x64; rv:63.0) Gecko/20100101 Firefox/63.0"
193.194.132.30 - - [05/Nov/2018:12:48:33 +0100] "GET /reload?ser=1541418513547 HTTP/1.1" 200 28 "http://renault.2web.at/result?searchterm=true&search=VU" "Mozilla/5.0 (Windows NT 6.1; WOW64; Trident/7.0; rv:11.0) like Gecko"
80.123.225.36 - - [05/Nov/2018:12:48:53 +0100] "GET /reload?ser=1541418533464 HTTP/1.1" 200 28 "http://renault.activities.at/11882222" "Mozilla/5.0 (compatible; MSIE 9.0; Windows NT 6.1; WOW64; Trident/5.0)"
213.153.47.173 - - [05/Nov/2018:12:49:31 +0100] "GET /reload?ser=1541418571375 HTTP/1.1" 200 28 "http://renault.activities.at/login?required=true" "Mozilla/5.0 (Windows NT 10.0; Win64; x64; rv:63.0) Gecko/20100101 Firefox/63.0"
193.194.132.30 - - [05/Nov/2018:12:49:34 +0100] "GET /reload?ser=1541418574594 HTTP/1.1" 200 28 "http://renault.2web.at/result?searchterm=true&search=VU" "Mozilla/5.0 (Windows NT 6.1; WOW64; Trident/7.0; rv:11.0) like Gecko"
80.123.225.36 - - [05/Nov/2018:12:49:54 +0100] "GET /reload?ser=1541418594455 HTTP/1.1" 200 28 "http://renault.activities.at/11882222" "Mozilla/5.0 (compatible; MSIE 9.0; Windows NT 6.1; WOW64; Trident/5.0)"
213.153.47.173 - - [05/Nov/2018:12:50:32 +0100] "GET /reload?ser=1541418632055 HTTP/1.1" 200 28 "http://renault.activities.at/login?required=true" "Mozilla/5.0 (Windows NT 10.0; Win64; x64; rv:63.0) Gecko/20100101 Firefox/63.0"
193.194.132.30 - - [05/Nov/2018:12:50:35 +0100] "GET /reload?ser=1541418635677 HTTP/1.1" 200 28 "http://renault.2web.at/result?searchterm=true&search=VU" "Mozilla/5.0 (Windows NT 6.1; WOW64; Trident/7.0; rv:11.0) like Gecko"
80.123.225.36 - - [05/Nov/2018:12:50:55 +0100] "GET /reload?ser=1541418655445 HTTP/1.1" 200 28 "http://renault.activities.at/11882222" "Mozilla/5.0 (compatible; MSIE 9.0; Windows NT 6.1; WOW64; Trident/5.0)"
213.153.47.173 - - [05/Nov/2018:12:51:32 +0100] "GET /reload?ser=1541418692747 HTTP/1.1" 200 28 "http://renault.activities.at/login?required=true" "Mozilla/5.0 (Windows NT 10.0; Win64; x64; rv:63.0) Gecko/20100101 Firefox/63.0"
193.194.132.30 - - [05/Nov/2018:12:51:36 +0100] "GET /reload?ser=1541418696701 HTTP/1.1" 200 28 "http://renault.2web.at/result?searchterm=true&search=VU" "Mozilla/5.0 (Windows NT 6.1; WOW64; Trident/7.0; rv:11.0) like Gecko"
80.123.225.36 - - [05/Nov/2018:12:51:56 +0100] "GET /reload?ser=1541418716437 HTTP/1.1" 200 28 "http://renault.activities.at/11882222" "Mozilla/5.0 (compatible; MSIE 9.0; Windows NT 6.1; WOW64; Trident/5.0)"
213.153.47.173 - - [05/Nov/2018:12:52:33 +0100] "GET /reload?ser=1541418753428 HTTP/1.1" 200 28 "http://renault.activities.at/login?required=true" "Mozilla/5.0 (Windows NT 10.0; Win64; x64; rv:63.0) Gecko/20100101 Firefox/63.0"
193.194.132.30 - - [05/Nov/2018:12:52:37 +0100] "GET /reload?ser=1541418757774 HTTP/1.1" 200 28 "http://renault.2web.at/result?searchterm=true&search=VU" "Mozilla/5.0 (Windows NT 6.1; WOW64; Trident/7.0; rv:11.0) like Gecko"
80.123.225.36 - - [05/Nov/2018:12:52:57 +0100] "GET /reload?ser=1541418777465 HTTP/1.1" 200 28 "http://renault.activities.at/11882222" "Mozilla/5.0 (compatible; MSIE 9.0; Windows NT 6.1; WOW64; Trident/5.0)"
213.153.47.173 - - [05/Nov/2018:12:53:34 +0100] "GET /reload?ser=1541418814088 HTTP/1.1" 200 28 "http://renault.activities.at/login?required=true" "Mozilla/5.0 (Windows NT 10.0; Win64; x64; rv:63.0) Gecko/20100101 Firefox/63.0"
193.194.132.30 - - [05/Nov/2018:12:53:38 +0100] "GET /reload?ser=1541418818835 HTTP/1.1" 200 28 "http://renault.2web.at/result?searchterm=true&search=VU" "Mozilla/5.0 (Windows NT 6.1; WOW64; Trident/7.0; rv:11.0) like Gecko"
80.123.225.36 - - [05/Nov/2018:12:53:58 +0100] "GET /reload?ser=1541418838490 HTTP/1.1" 200 28 "http://renault.activities.at/11882222" "Mozilla/5.0 (compatible; MSIE 9.0; Windows NT 6.1; WOW64; Trident/5.0)"
213.153.47.173 - - [05/Nov/2018:12:54:34 +0100] "GET /reload?ser=1541418874750 HTTP/1.1" 200 28 "http://renault.activities.at/login?required=true" "Mozilla/5.0 (Windows NT 10.0; Win64; x64; rv:63.0) Gecko/20100101 Firefox/63.0"
193.194.132.30 - - [05/Nov/2018:12:54:39 +0100] "GET /reload?ser=1541418879916 HTTP/1.1" 200 28 "http://renault.2web.at/result?searchterm=true&search=VU" "Mozilla/5.0 (Windows NT 6.1; WOW64; Trident/7.0; rv:11.0) like Gecko"
80.123.225.36 - - [05/Nov/2018:12:54:59 +0100] "GET /reload?ser=1541418899501 HTTP/1.1" 200 28 "http://renault.activities.at/11882222" "Mozilla/5.0 (compatible; MSIE 9.0; Windows NT 6.1; WOW64; Trident/5.0)"
213.153.47.173 - - [05/Nov/2018:12:55:35 +0100] "GET /reload?ser=1541418935429 HTTP/1.1" 200 28 "http://renault.activities.at/login?required=true" "Mozilla/5.0 (Windows NT 10.0; Win64; x64; rv:63.0) Gecko/20100101 Firefox/63.0"
193.194.132.30 - - [05/Nov/2018:12:55:41 +0100] "GET /reload?ser=1541418941002 HTTP/1.1" 200 28 "http://renault.2web.at/result?searchterm=true&search=VU" "Mozilla/5.0 (Windows NT 6.1; WOW64; Trident/7.0; rv:11.0) like Gecko"
80.123.225.36 - - [05/Nov/2018:12:56:00 +0100] "GET /reload?ser=1541418960495 HTTP/1.1" 200 28 "http://renault.activities.at/11882222" "Mozilla/5.0 (compatible; MSIE 9.0; Windows NT 6.1; WOW64; Trident/5.0)"
213.153.47.173 - - [05/Nov/2018:12:56:36 +0100] "GET /reload?ser=1541418996101 HTTP/1.1" 200 28 "http://renault.activities.at/login?required=true" "Mozilla/5.0 (Windows NT 10.0; Win64; x64; rv:63.0) Gecko/20100101 Firefox/63.0"
193.194.132.30 - - [05/Nov/2018:12:56:42 +0100] "GET /reload?ser=1541419002116 HTTP/1.1" 200 28 "http://renault.2web.at/result?searchterm=true&search=VU" "Mozilla/5.0 (Windows NT 6.1; WOW64; Trident/7.0; rv:11.0) like Gecko"
80.123.225.36 - - [05/Nov/2018:12:57:01 +0100] "GET /reload?ser=1541419021443 HTTP/1.1" 200 28 "http://renault.activities.at/11882222" "Mozilla/5.0 (compatible; MSIE 9.0; Windows NT 6.1; WOW64; Trident/5.0)"
213.153.47.173 - - [05/Nov/2018:12:57:36 +0100] "GET /reload?ser=1541419056762 HTTP/1.1" 200 28 "http://renault.activities.at/login?required=true" "Mozilla/5.0 (Windows NT 10.0; Win64; x64; rv:63.0) Gecko/20100101 Firefox/63.0"
193.194.132.30 - - [05/Nov/2018:12:57:43 +0100] "GET /reload?ser=1541419063169 HTTP/1.1" 200 28 "http://renault.2web.at/result?searchterm=true&search=VU" "Mozilla/5.0 (Windows NT 6.1; WOW64; Trident/7.0; rv:11.0) like Gecko"
80.123.225.36 - - [05/Nov/2018:12:58:02 +0100] "GET /reload?ser=1541419082447 HTTP/1.1" 200 28 "http://renault.activities.at/11882222" "Mozilla/5.0 (compatible; MSIE 9.0; Windows NT 6.1; WOW64; Trident/5.0)"
213.153.47.173 - - [05/Nov/2018:12:58:37 +0100] "GET /reload?ser=1541419117432 HTTP/1.1" 200 28 "http://renault.activities.at/login?required=true" "Mozilla/5.0 (Windows NT 10.0; Win64; x64; rv:63.0) Gecko/20100101 Firefox/63.0"
193.194.132.30 - - [05/Nov/2018:12:58:44 +0100] "GET /reload?ser=1541419124253 HTTP/1.1" 200 28 "http://renault.2web.at/result?searchterm=true&search=VU" "Mozilla/5.0 (Windows NT 6.1; WOW64; Trident/7.0; rv:11.0) like Gecko"
80.123.225.36 - - [05/Nov/2018:12:59:03 +0100] "GET /reload?ser=1541419143492 HTTP/1.1" 200 28 "http://renault.activities.at/11882222" "Mozilla/5.0 (compatible; MSIE 9.0; Windows NT 6.1; WOW64; Trident/5.0)"
213.153.47.173 - - [05/Nov/2018:12:59:38 +0100] "GET /reload?ser=1541419178093 HTTP/1.1" 200 28 "http://renault.activities.at/login?required=true" "Mozilla/5.0 (Windows NT 10.0; Win64; x64; rv:63.0) Gecko/20100101 Firefox/63.0"
193.194.132.30 - - [05/Nov/2018:12:59:45 +0100] "GET /reload?ser=1541419185306 HTTP/1.1" 200 28 "http://renault.2web.at/result?searchterm=true&search=VU" "Mozilla/5.0 (Windows NT 6.1; WOW64; Trident/7.0; rv:11.0) like Gecko"
80.123.225.36 - - [05/Nov/2018:13:00:04 +0100] "GET /reload?ser=1541419204442 HTTP/1.1" 200 28 "http://renault.activities.at/11882222" "Mozilla/5.0 (compatible; MSIE 9.0; Windows NT 6.1; WOW64; Trident/5.0)"
213.153.47.173 - - [05/Nov/2018:13:00:38 +0100] "GET /reload?ser=1541419238764 HTTP/1.1" 200 28 "http://renault.activities.at/login?required=true" "Mozilla/5.0 (Windows NT 10.0; Win64; x64; rv:63.0) Gecko/20100101 Firefox/63.0"
193.194.132.30 - - [05/Nov/2018:13:00:46 +0100] "GET /reload?ser=1541419246364 HTTP/1.1" 200 28 "http://renault.2web.at/result?searchterm=true&search=VU" "Mozilla/5.0 (Windows NT 6.1; WOW64; Trident/7.0; rv:11.0) like Gecko"
80.123.225.36 - - [05/Nov/2018:13:01:05 +0100] "GET /reload?ser=1541419265450 HTTP/1.1" 200 28 "http://renault.activities.at/11882222" "Mozilla/5.0 (compatible; MSIE 9.0; Windows NT 6.1; WOW64; Trident/5.0)"
213.153.47.173 - - [05/Nov/2018:13:01:39 +0100] "GET /reload?ser=1541419299424 HTTP/1.1" 200 28 "http://renault.activities.at/login?required=true" "Mozilla/5.0 (Windows NT 10.0; Win64; x64; rv:63.0) Gecko/20100101 Firefox/63.0"
193.194.132.30 - - [05/Nov/2018:13:01:47 +0100] "GET /reload?ser=1541419307429 HTTP/1.1" 200 28 "http://renault.2web.at/result?searchterm=true&search=VU" "Mozilla/5.0 (Windows NT 6.1; WOW64; Trident/7.0; rv:11.0) like Gecko"
80.123.225.36 - - [05/Nov/2018:13:02:06 +0100] "GET /reload?ser=1541419326426 HTTP/1.1" 200 28 "http://renault.activities.at/11882222" "Mozilla/5.0 (compatible; MSIE 9.0; Windows NT 6.1; WOW64; Trident/5.0)"
213.153.47.173 - - [05/Nov/2018:13:02:40 +0100] "GET /reload?ser=1541419360085 HTTP/1.1" 200 28 "http://renault.activities.at/login?required=true" "Mozilla/5.0 (Windows NT 10.0; Win64; x64; rv:63.0) Gecko/20100101 Firefox/63.0"
193.194.132.30 - - [05/Nov/2018:13:02:48 +0100] "GET /reload?ser=1541419368556 HTTP/1.1" 200 28 "http://renault.2web.at/result?searchterm=true&search=VU" "Mozilla/5.0 (Windows NT 6.1; WOW64; Trident/7.0; rv:11.0) like Gecko"
80.123.225.36 - - [05/Nov/2018:13:03:07 +0100] "GET /reload?ser=1541419387457 HTTP/1.1" 200 28 "http://renault.activities.at/11882222" "Mozilla/5.0 (compatible; MSIE 9.0; Windows NT 6.1; WOW64; Trident/5.0)"
213.153.47.173 - - [05/Nov/2018:13:03:40 +0100] "GET /reload?ser=1541419420755 HTTP/1.1" 200 28 "http://renault.activities.at/login?required=true" "Mozilla/5.0 (Windows NT 10.0; Win64; x64; rv:63.0) Gecko/20100101 Firefox/63.0"
193.194.132.30 - - [05/Nov/2018:13:03:49 +0100] "GET /reload?ser=1541419429648 HTTP/1.1" 200 28 "http://renault.2web.at/result?searchterm=true&search=VU" "Mozilla/5.0 (Windows NT 6.1; WOW64; Trident/7.0; rv:11.0) like Gecko"
80.123.225.36 - - [05/Nov/2018:13:04:08 +0100] "GET /reload?ser=1541419448451 HTTP/1.1" 200 28 "http://renault.activities.at/11882222" "Mozilla/5.0 (compatible; MSIE 9.0; Windows NT 6.1; WOW64; Trident/5.0)"
213.153.47.173 - - [05/Nov/2018:13:04:41 +0100] "GET /reload?ser=1541419481415 HTTP/1.1" 200 28 "http://renault.activities.at/login?required=true" "Mozilla/5.0 (Windows NT 10.0; Win64; x64; rv:63.0) Gecko/20100101 Firefox/63.0"
193.194.132.30 - - [05/Nov/2018:13:04:50 +0100] "GET /reload?ser=1541419490689 HTTP/1.1" 200 28 "http://renault.2web.at/result?searchterm=true&search=VU" "Mozilla/5.0 (Windows NT 6.1; WOW64; Trident/7.0; rv:11.0) like Gecko"
80.123.225.36 - - [05/Nov/2018:13:05:09 +0100] "GET /reload?ser=1541419509477 HTTP/1.1" 200 28 "http://renault.activities.at/11882222" "Mozilla/5.0 (compatible; MSIE 9.0; Windows NT 6.1; WOW64; Trident/5.0)"
213.153.47.173 - - [05/Nov/2018:13:05:42 +0100] "GET /reload?ser=1541419542085 HTTP/1.1" 200 28 "http://renault.activities.at/login?required=true" "Mozilla/5.0 (Windows NT 10.0; Win64; x64; rv:63.0) Gecko/20100101 Firefox/63.0"
213.153.47.173 - - [05/Nov/2018:13:05:44 +0100] "GET /layout.php HTTP/1.1" 200 1559 "-" "Mozilla/5.0 (Windows NT 10.0; Win64; x64) AppleWebKit/537.36 (KHTML, like Gecko) Chrome/69.0.3497.100 Safari/537.36 OPR/56.0.3051.52"
213.153.47.173 - - [05/Nov/2018:13:05:45 +0100] "GET /images/favicon.ico HTTP/1.1" 404 305 "-" "Mozilla/5.0 (Windows NT 10.0; Win64; x64) AppleWebKit/537.36 (KHTML, like Gecko) Chrome/69.0.3497.100 Safari/537.36 OPR/56.0.3051.52"
193.194.132.30 - - [05/Nov/2018:13:05:51 +0100] "GET /reload?ser=1541419551750 HTTP/1.1" 200 28 "http://renault.2web.at/result?searchterm=true&search=VU" "Mozilla/5.0 (Windows NT 6.1; WOW64; Trident/7.0; rv:11.0) like Gecko"
80.123.225.36 - - [05/Nov/2018:13:06:10 +0100] "GET /reload?ser=1541419570482 HTTP/1.1" 200 28 "http://renault.activities.at/11882222" "Mozilla/5.0 (compatible; MSIE 9.0; Windows NT 6.1; WOW64; Trident/5.0)"
213.153.47.173 - - [05/Nov/2018:13:06:42 +0100] "GET /reload?ser=1541419602736 HTTP/1.1" 200 28 "http://renault.activities.at/login?required=true" "Mozilla/5.0 (Windows NT 10.0; Win64; x64; rv:63.0) Gecko/20100101 Firefox/63.0"
193.194.132.30 - - [05/Nov/2018:13:06:52 +0100] "GET /reload?ser=1541419612832 HTTP/1.1" 200 28 "http://renault.2web.at/result?searchterm=true&search=VU" "Mozilla/5.0 (Windows NT 6.1; WOW64; Trident/7.0; rv:11.0) like Gecko"
80.123.225.36 - - [05/Nov/2018:13:07:11 +0100] "GET /reload?ser=1541419631472 HTTP/1.1" 200 28 "http://renault.activities.at/11882222" "Mozilla/5.0 (compatible; MSIE 9.0; Windows NT 6.1; WOW64; Trident/5.0)"
213.153.47.173 - - [05/Nov/2018:13:07:43 +0100] "GET /reload?ser=1541419663406 HTTP/1.1" 200 28 "http://renault.activities.at/login?required=true" "Mozilla/5.0 (Windows NT 10.0; Win64; x64; rv:63.0) Gecko/20100101 Firefox/63.0"
193.194.132.30 - - [05/Nov/2018:13:07:53 +0100] "GET /reload?ser=1541419673894 HTTP/1.1" 200 28 "http://renault.2web.at/result?searchterm=true&search=VU" "Mozilla/5.0 (Windows NT 6.1; WOW64; Trident/7.0; rv:11.0) like Gecko"
80.123.225.36 - - [05/Nov/2018:13:08:12 +0100] "GET /reload?ser=1541419692486 HTTP/1.1" 200 28 "http://renault.activities.at/11882222" "Mozilla/5.0 (compatible; MSIE 9.0; Windows NT 6.1; WOW64; Trident/5.0)"
213.153.47.173 - - [05/Nov/2018:13:08:44 +0100] "GET /reload?ser=1541419724086 HTTP/1.1" 200 28 "http://renault.activities.at/login?required=true" "Mozilla/5.0 (Windows NT 10.0; Win64; x64; rv:63.0) Gecko/20100101 Firefox/63.0"
