193.194.132.30 - - [05/Nov/2018:14:25:16 +0100] "GET /reload?ser=1541424316300 HTTP/1.1" 200 28 "http://renault.2web.at/result?searchterm=true&search=VU" "Mozilla/5.0 (Windows NT 6.1; WOW64; Trident/7.0; rv:11.0) like Gecko"
80.123.225.36 - - [05/Nov/2018:14:25:28 +0100] "GET /reload?ser=1541424328612 HTTP/1.1" 200 28 "http://renault.activities.at/11882222" "Mozilla/5.0 (compatible; MSIE 9.0; Windows NT 6.1; WOW64; Trident/5.0)"
213.153.47.173 - - [05/Nov/2018:14:25:34 +0100] "GET /reload?ser=1541424334713 HTTP/1.1" 200 28 "http://renault.activities.at/login?required=true" "Mozilla/5.0 (Windows NT 10.0; Win64; x64; rv:63.0) Gecko/20100101 Firefox/63.0"
193.194.132.30 - - [05/Nov/2018:14:26:17 +0100] "GET /reload?ser=1541424377362 HTTP/1.1" 200 28 "http://renault.2web.at/result?searchterm=true&search=VU" "Mozilla/5.0 (Windows NT 6.1; WOW64; Trident/7.0; rv:11.0) like Gecko"
80.123.225.36 - - [05/Nov/2018:14:26:29 +0100] "GET /reload?ser=1541424389608 HTTP/1.1" 200 28 "http://renault.activities.at/11882222" "Mozilla/5.0 (compatible; MSIE 9.0; Windows NT 6.1; WOW64; Trident/5.0)"
213.153.47.173 - - [05/Nov/2018:14:26:35 +0100] "GET /reload?ser=1541424395382 HTTP/1.1" 200 28 "http://renault.activities.at/login?required=true" "Mozilla/5.0 (Windows NT 10.0; Win64; x64; rv:63.0) Gecko/20100101 Firefox/63.0"
66.249.69.41 - - [05/Nov/2018:14:27:06 +0100] "GET / HTTP/1.1" 200 3474 "-" "Mozilla/5.0 (Linux; Android 6.0.1; Nexus 5X Build/MMB29P) AppleWebKit/537.36 (KHTML, like Gecko) Chrome/41.0.2272.96 Mobile Safari/537.36 (compatible; Googlebot/2.1; +http://www.google.com/bot.html)"
193.194.132.30 - - [05/Nov/2018:14:27:18 +0100] "GET /reload?ser=1541424438400 HTTP/1.1" 200 28 "http://renault.2web.at/result?searchterm=true&search=VU" "Mozilla/5.0 (Windows NT 6.1; WOW64; Trident/7.0; rv:11.0) like Gecko"
80.123.225.36 - - [05/Nov/2018:14:27:30 +0100] "GET /reload?ser=1541424450613 HTTP/1.1" 200 28 "http://renault.activities.at/11882222" "Mozilla/5.0 (compatible; MSIE 9.0; Windows NT 6.1; WOW64; Trident/5.0)"
213.153.47.173 - - [05/Nov/2018:14:27:36 +0100] "GET /reload?ser=1541424456052 HTTP/1.1" 200 28 "http://renault.activities.at/login?required=true" "Mozilla/5.0 (Windows NT 10.0; Win64; x64; rv:63.0) Gecko/20100101 Firefox/63.0"
193.194.132.30 - - [05/Nov/2018:14:28:19 +0100] "GET /reload?ser=1541424499481 HTTP/1.1" 200 28 "http://renault.2web.at/result?searchterm=true&search=VU" "Mozilla/5.0 (Windows NT 6.1; WOW64; Trident/7.0; rv:11.0) like Gecko"
80.123.225.36 - - [05/Nov/2018:14:28:31 +0100] "GET /reload?ser=1541424511635 HTTP/1.1" 200 28 "http://renault.activities.at/11882222" "Mozilla/5.0 (compatible; MSIE 9.0; Windows NT 6.1; WOW64; Trident/5.0)"
213.153.47.173 - - [05/Nov/2018:14:28:36 +0100] "GET /reload?ser=1541424516702 HTTP/1.1" 200 28 "http://renault.activities.at/login?required=true" "Mozilla/5.0 (Windows NT 10.0; Win64; x64; rv:63.0) Gecko/20100101 Firefox/63.0"
193.194.132.30 - - [05/Nov/2018:14:29:20 +0100] "GET /reload?ser=1541424560535 HTTP/1.1" 200 28 "http://renault.2web.at/result?searchterm=true&search=VU" "Mozilla/5.0 (Windows NT 6.1; WOW64; Trident/7.0; rv:11.0) like Gecko"
80.123.225.36 - - [05/Nov/2018:14:29:32 +0100] "GET /reload?ser=1541424572661 HTTP/1.1" 200 28 "http://renault.activities.at/11882222" "Mozilla/5.0 (compatible; MSIE 9.0; Windows NT 6.1; WOW64; Trident/5.0)"
213.153.47.173 - - [05/Nov/2018:14:29:37 +0100] "GET /reload?ser=1541424577372 HTTP/1.1" 200 28 "http://renault.activities.at/login?required=true" "Mozilla/5.0 (Windows NT 10.0; Win64; x64; rv:63.0) Gecko/20100101 Firefox/63.0"
80.123.225.36 - - [05/Nov/2018:14:30:33 +0100] "GET /reload?ser=1541424633691 HTTP/1.1" 200 28 "http://renault.activities.at/11882222" "Mozilla/5.0 (compatible; MSIE 9.0; Windows NT 6.1; WOW64; Trident/5.0)"
213.153.47.173 - - [05/Nov/2018:14:30:38 +0100] "GET /reload?ser=1541424638043 HTTP/1.1" 200 28 "http://renault.activities.at/login?required=true" "Mozilla/5.0 (Windows NT 10.0; Win64; x64; rv:63.0) Gecko/20100101 Firefox/63.0"
80.123.225.36 - - [05/Nov/2018:14:31:34 +0100] "GET /reload?ser=1541424694709 HTTP/1.1" 200 28 "http://renault.activities.at/11882222" "Mozilla/5.0 (compatible; MSIE 9.0; Windows NT 6.1; WOW64; Trident/5.0)"
213.153.47.173 - - [05/Nov/2018:14:31:38 +0100] "GET /reload?ser=1541424698685 HTTP/1.1" 200 28 "http://renault.activities.at/login?required=true" "Mozilla/5.0 (Windows NT 10.0; Win64; x64; rv:63.0) Gecko/20100101 Firefox/63.0"
80.123.225.36 - - [05/Nov/2018:14:32:35 +0100] "GET /reload?ser=1541424755716 HTTP/1.1" 200 28 "http://renault.activities.at/11882222" "Mozilla/5.0 (compatible; MSIE 9.0; Windows NT 6.1; WOW64; Trident/5.0)"
213.153.47.173 - - [05/Nov/2018:14:32:39 +0100] "GET /reload?ser=1541424759351 HTTP/1.1" 200 28 "http://renault.activities.at/login?required=true" "Mozilla/5.0 (Windows NT 10.0; Win64; x64; rv:63.0) Gecko/20100101 Firefox/63.0"
80.123.225.36 - - [05/Nov/2018:14:33:36 +0100] "GET /reload?ser=1541424816738 HTTP/1.1" 200 28 "http://renault.activities.at/11882222" "Mozilla/5.0 (compatible; MSIE 9.0; Windows NT 6.1; WOW64; Trident/5.0)"
213.153.47.173 - - [05/Nov/2018:14:33:40 +0100] "GET /reload?ser=1541424820006 HTTP/1.1" 200 28 "http://renault.activities.at/login?required=true" "Mozilla/5.0 (Windows NT 10.0; Win64; x64; rv:63.0) Gecko/20100101 Firefox/63.0"
80.123.225.36 - - [05/Nov/2018:14:34:37 +0100] "GET /reload?ser=1541424877770 HTTP/1.1" 200 28 "http://renault.activities.at/11882222" "Mozilla/5.0 (compatible; MSIE 9.0; Windows NT 6.1; WOW64; Trident/5.0)"
213.153.47.173 - - [05/Nov/2018:14:34:40 +0100] "GET /reload?ser=1541424880663 HTTP/1.1" 200 28 "http://renault.activities.at/login?required=true" "Mozilla/5.0 (Windows NT 10.0; Win64; x64; rv:63.0) Gecko/20100101 Firefox/63.0"
80.123.225.36 - - [05/Nov/2018:14:35:38 +0100] "GET /reload?ser=1541424938778 HTTP/1.1" 200 28 "http://renault.activities.at/11882222" "Mozilla/5.0 (compatible; MSIE 9.0; Windows NT 6.1; WOW64; Trident/5.0)"
213.153.47.173 - - [05/Nov/2018:14:35:41 +0100] "GET /reload?ser=1541424941317 HTTP/1.1" 200 28 "http://renault.activities.at/login?required=true" "Mozilla/5.0 (Windows NT 10.0; Win64; x64; rv:63.0) Gecko/20100101 Firefox/63.0"
80.123.225.36 - - [05/Nov/2018:14:36:39 +0100] "GET /reload?ser=1541424999729 HTTP/1.1" 200 28 "http://renault.activities.at/11882222" "Mozilla/5.0 (compatible; MSIE 9.0; Windows NT 6.1; WOW64; Trident/5.0)"
213.153.47.173 - - [05/Nov/2018:14:36:42 +0100] "GET /reload?ser=1541425002002 HTTP/1.1" 200 28 "http://renault.activities.at/login?required=true" "Mozilla/5.0 (Windows NT 10.0; Win64; x64; rv:63.0) Gecko/20100101 Firefox/63.0"
80.123.225.36 - - [05/Nov/2018:14:37:40 +0100] "GET /reload?ser=1541425060759 HTTP/1.1" 200 28 "http://renault.activities.at/11882222" "Mozilla/5.0 (compatible; MSIE 9.0; Windows NT 6.1; WOW64; Trident/5.0)"
213.153.47.173 - - [05/Nov/2018:14:37:42 +0100] "GET /reload?ser=1541425062673 HTTP/1.1" 200 28 "http://renault.activities.at/login?required=true" "Mozilla/5.0 (Windows NT 10.0; Win64; x64; rv:63.0) Gecko/20100101 Firefox/63.0"
80.123.225.36 - - [05/Nov/2018:14:38:41 +0100] "GET /reload?ser=1541425121803 HTTP/1.1" 200 28 "http://renault.activities.at/11882222" "Mozilla/5.0 (compatible; MSIE 9.0; Windows NT 6.1; WOW64; Trident/5.0)"
213.153.47.173 - - [05/Nov/2018:14:38:43 +0100] "GET /reload?ser=1541425123326 HTTP/1.1" 200 28 "http://renault.activities.at/login?required=true" "Mozilla/5.0 (Windows NT 10.0; Win64; x64; rv:63.0) Gecko/20100101 Firefox/63.0"
80.123.225.36 - - [05/Nov/2018:14:39:42 +0100] "GET /reload?ser=1541425182823 HTTP/1.1" 200 28 "http://renault.activities.at/11882222" "Mozilla/5.0 (compatible; MSIE 9.0; Windows NT 6.1; WOW64; Trident/5.0)"
213.153.47.173 - - [05/Nov/2018:14:39:44 +0100] "GET /reload?ser=1541425184003 HTTP/1.1" 200 28 "http://renault.activities.at/login?required=true" "Mozilla/5.0 (Windows NT 10.0; Win64; x64; rv:63.0) Gecko/20100101 Firefox/63.0"
80.123.225.36 - - [05/Nov/2018:14:40:43 +0100] "GET /reload?ser=1541425243808 HTTP/1.1" 200 28 "http://renault.activities.at/11882222" "Mozilla/5.0 (compatible; MSIE 9.0; Windows NT 6.1; WOW64; Trident/5.0)"
213.153.47.173 - - [05/Nov/2018:14:40:44 +0100] "GET /reload?ser=1541425244672 HTTP/1.1" 200 28 "http://renault.activities.at/login?required=true" "Mozilla/5.0 (Windows NT 10.0; Win64; x64; rv:63.0) Gecko/20100101 Firefox/63.0"
80.123.225.36 - - [05/Nov/2018:14:41:44 +0100] "GET /reload?ser=1541425304820 HTTP/1.1" 200 28 "http://renault.activities.at/11882222" "Mozilla/5.0 (compatible; MSIE 9.0; Windows NT 6.1; WOW64; Trident/5.0)"
213.153.47.173 - - [05/Nov/2018:14:41:45 +0100] "GET /reload?ser=1541425305343 HTTP/1.1" 200 28 "http://renault.activities.at/login?required=true" "Mozilla/5.0 (Windows NT 10.0; Win64; x64; rv:63.0) Gecko/20100101 Firefox/63.0"
80.123.225.36 - - [05/Nov/2018:14:42:45 +0100] "GET /reload?ser=1541425365821 HTTP/1.1" 200 28 "http://renault.activities.at/11882222" "Mozilla/5.0 (compatible; MSIE 9.0; Windows NT 6.1; WOW64; Trident/5.0)"
213.153.47.173 - - [05/Nov/2018:14:42:46 +0100] "GET /reload?ser=1541425365992 HTTP/1.1" 200 28 "http://renault.activities.at/login?required=true" "Mozilla/5.0 (Windows NT 10.0; Win64; x64; rv:63.0) Gecko/20100101 Firefox/63.0"
213.153.47.173 - - [05/Nov/2018:14:43:46 +0100] "GET /reload?ser=1541425426662 HTTP/1.1" 200 28 "http://renault.activities.at/login?required=true" "Mozilla/5.0 (Windows NT 10.0; Win64; x64; rv:63.0) Gecko/20100101 Firefox/63.0"
80.123.225.36 - - [05/Nov/2018:14:43:46 +0100] "GET /reload?ser=1541425426849 HTTP/1.1" 200 28 "http://renault.activities.at/11882222" "Mozilla/5.0 (compatible; MSIE 9.0; Windows NT 6.1; WOW64; Trident/5.0)"
213.153.47.173 - - [05/Nov/2018:14:44:47 +0100] "GET /reload?ser=1541425487334 HTTP/1.1" 200 28 "http://renault.activities.at/login?required=true" "Mozilla/5.0 (Windows NT 10.0; Win64; x64; rv:63.0) Gecko/20100101 Firefox/63.0"
80.123.225.36 - - [05/Nov/2018:14:44:47 +0100] "GET /reload?ser=1541425487847 HTTP/1.1" 200 28 "http://renault.activities.at/11882222" "Mozilla/5.0 (compatible; MSIE 9.0; Windows NT 6.1; WOW64; Trident/5.0)"
213.153.47.173 - - [05/Nov/2018:14:45:48 +0100] "GET /reload?ser=1541425547999 HTTP/1.1" 200 28 "http://renault.activities.at/login?required=true" "Mozilla/5.0 (Windows NT 10.0; Win64; x64; rv:63.0) Gecko/20100101 Firefox/63.0"
80.123.225.36 - - [05/Nov/2018:14:45:48 +0100] "GET /reload?ser=1541425548859 HTTP/1.1" 200 28 "http://renault.activities.at/11882222" "Mozilla/5.0 (compatible; MSIE 9.0; Windows NT 6.1; WOW64; Trident/5.0)"
213.153.47.173 - - [05/Nov/2018:14:46:48 +0100] "GET /reload?ser=1541425608652 HTTP/1.1" 200 28 "http://renault.activities.at/login?required=true" "Mozilla/5.0 (Windows NT 10.0; Win64; x64; rv:63.0) Gecko/20100101 Firefox/63.0"
80.123.225.36 - - [05/Nov/2018:14:46:49 +0100] "GET /reload?ser=1541425609863 HTTP/1.1" 200 28 "http://renault.activities.at/11882222" "Mozilla/5.0 (compatible; MSIE 9.0; Windows NT 6.1; WOW64; Trident/5.0)"
213.153.47.173 - - [05/Nov/2018:14:47:49 +0100] "GET /reload?ser=1541425669305 HTTP/1.1" 200 28 "http://renault.activities.at/login?required=true" "Mozilla/5.0 (Windows NT 10.0; Win64; x64; rv:63.0) Gecko/20100101 Firefox/63.0"
80.123.225.36 - - [05/Nov/2018:14:47:50 +0100] "GET /reload?ser=1541425670820 HTTP/1.1" 200 28 "http://renault.activities.at/11882222" "Mozilla/5.0 (compatible; MSIE 9.0; Windows NT 6.1; WOW64; Trident/5.0)"
213.153.47.173 - - [05/Nov/2018:14:48:50 +0100] "GET /reload?ser=1541425729971 HTTP/1.1" 200 28 "http://renault.activities.at/login?required=true" "Mozilla/5.0 (Windows NT 10.0; Win64; x64; rv:63.0) Gecko/20100101 Firefox/63.0"
80.123.225.36 - - [05/Nov/2018:14:48:51 +0100] "GET /reload?ser=1541425731795 HTTP/1.1" 200 28 "http://renault.activities.at/11882222" "Mozilla/5.0 (compatible; MSIE 9.0; Windows NT 6.1; WOW64; Trident/5.0)"
213.153.47.173 - - [05/Nov/2018:14:49:50 +0100] "GET /reload?ser=1541425790622 HTTP/1.1" 200 28 "http://renault.activities.at/login?required=true" "Mozilla/5.0 (Windows NT 10.0; Win64; x64; rv:63.0) Gecko/20100101 Firefox/63.0"
80.123.225.36 - - [05/Nov/2018:14:49:52 +0100] "GET /reload?ser=1541425792809 HTTP/1.1" 200 28 "http://renault.activities.at/11882222" "Mozilla/5.0 (compatible; MSIE 9.0; Windows NT 6.1; WOW64; Trident/5.0)"
213.153.47.173 - - [05/Nov/2018:14:50:51 +0100] "GET /reload?ser=1541425851302 HTTP/1.1" 200 28 "http://renault.activities.at/login?required=true" "Mozilla/5.0 (Windows NT 10.0; Win64; x64; rv:63.0) Gecko/20100101 Firefox/63.0"
80.123.225.36 - - [05/Nov/2018:14:50:53 +0100] "GET /reload?ser=1541425853845 HTTP/1.1" 200 28 "http://renault.activities.at/11882222" "Mozilla/5.0 (compatible; MSIE 9.0; Windows NT 6.1; WOW64; Trident/5.0)"
213.153.47.173 - - [05/Nov/2018:14:51:52 +0100] "GET /reload?ser=1541425912002 HTTP/1.1" 200 28 "http://renault.activities.at/login?required=true" "Mozilla/5.0 (Windows NT 10.0; Win64; x64; rv:63.0) Gecko/20100101 Firefox/63.0"
80.123.225.36 - - [05/Nov/2018:14:51:54 +0100] "GET /reload?ser=1541425914827 HTTP/1.1" 200 28 "http://renault.activities.at/11882222" "Mozilla/5.0 (compatible; MSIE 9.0; Windows NT 6.1; WOW64; Trident/5.0)"
213.153.47.173 - - [05/Nov/2018:14:52:52 +0100] "GET /reload?ser=1541425972662 HTTP/1.1" 200 28 "http://renault.activities.at/login?required=true" "Mozilla/5.0 (Windows NT 10.0; Win64; x64; rv:63.0) Gecko/20100101 Firefox/63.0"
80.123.225.36 - - [05/Nov/2018:14:52:55 +0100] "GET /reload?ser=1541425975860 HTTP/1.1" 200 28 "http://renault.activities.at/11882222" "Mozilla/5.0 (compatible; MSIE 9.0; Windows NT 6.1; WOW64; Trident/5.0)"
213.153.47.173 - - [05/Nov/2018:14:53:53 +0100] "GET /reload?ser=1541426033321 HTTP/1.1" 200 28 "http://renault.activities.at/login?required=true" "Mozilla/5.0 (Windows NT 10.0; Win64; x64; rv:63.0) Gecko/20100101 Firefox/63.0"
80.123.225.36 - - [05/Nov/2018:14:53:56 +0100] "GET /reload?ser=1541426036881 HTTP/1.1" 200 28 "http://renault.activities.at/11882222" "Mozilla/5.0 (compatible; MSIE 9.0; Windows NT 6.1; WOW64; Trident/5.0)"
213.153.47.173 - - [05/Nov/2018:14:54:54 +0100] "GET /reload?ser=1541426093982 HTTP/1.1" 200 28 "http://renault.activities.at/login?required=true" "Mozilla/5.0 (Windows NT 10.0; Win64; x64; rv:63.0) Gecko/20100101 Firefox/63.0"
80.123.225.36 - - [05/Nov/2018:14:54:57 +0100] "GET /reload?ser=1541426097845 HTTP/1.1" 200 28 "http://renault.activities.at/11882222" "Mozilla/5.0 (compatible; MSIE 9.0; Windows NT 6.1; WOW64; Trident/5.0)"
213.153.47.173 - - [05/Nov/2018:14:55:54 +0100] "GET /reload?ser=1541426154632 HTTP/1.1" 200 28 "http://renault.activities.at/login?required=true" "Mozilla/5.0 (Windows NT 10.0; Win64; x64; rv:63.0) Gecko/20100101 Firefox/63.0"
80.123.225.36 - - [05/Nov/2018:14:55:58 +0100] "GET /reload?ser=1541426158881 HTTP/1.1" 200 28 "http://renault.activities.at/11882222" "Mozilla/5.0 (compatible; MSIE 9.0; Windows NT 6.1; WOW64; Trident/5.0)"
213.153.47.173 - - [05/Nov/2018:14:56:55 +0100] "GET /reload?ser=1541426215286 HTTP/1.1" 200 28 "http://renault.activities.at/login?required=true" "Mozilla/5.0 (Windows NT 10.0; Win64; x64; rv:63.0) Gecko/20100101 Firefox/63.0"
80.123.225.36 - - [05/Nov/2018:14:56:59 +0100] "GET /reload?ser=1541426219849 HTTP/1.1" 200 28 "http://renault.activities.at/11882222" "Mozilla/5.0 (compatible; MSIE 9.0; Windows NT 6.1; WOW64; Trident/5.0)"
213.153.47.173 - - [05/Nov/2018:14:57:56 +0100] "GET /reload?ser=1541426275952 HTTP/1.1" 200 28 "http://renault.activities.at/login?required=true" "Mozilla/5.0 (Windows NT 10.0; Win64; x64; rv:63.0) Gecko/20100101 Firefox/63.0"
80.123.225.36 - - [05/Nov/2018:14:58:00 +0100] "GET /reload?ser=1541426280852 HTTP/1.1" 200 28 "http://renault.activities.at/11882222" "Mozilla/5.0 (compatible; MSIE 9.0; Windows NT 6.1; WOW64; Trident/5.0)"
213.153.47.173 - - [05/Nov/2018:14:58:56 +0100] "GET /reload?ser=1541426336632 HTTP/1.1" 200 28 "http://renault.activities.at/login?required=true" "Mozilla/5.0 (Windows NT 10.0; Win64; x64; rv:63.0) Gecko/20100101 Firefox/63.0"
80.123.225.36 - - [05/Nov/2018:14:59:01 +0100] "GET /reload?ser=1541426341856 HTTP/1.1" 200 28 "http://renault.activities.at/11882222" "Mozilla/5.0 (compatible; MSIE 9.0; Windows NT 6.1; WOW64; Trident/5.0)"
213.153.47.173 - - [05/Nov/2018:14:59:57 +0100] "GET /reload?ser=1541426397292 HTTP/1.1" 200 28 "http://renault.activities.at/login?required=true" "Mozilla/5.0 (Windows NT 10.0; Win64; x64; rv:63.0) Gecko/20100101 Firefox/63.0"
80.123.225.36 - - [05/Nov/2018:15:00:02 +0100] "GET /reload?ser=1541426402865 HTTP/1.1" 200 28 "http://renault.activities.at/11882222" "Mozilla/5.0 (compatible; MSIE 9.0; Windows NT 6.1; WOW64; Trident/5.0)"
213.153.47.173 - - [05/Nov/2018:15:00:58 +0100] "GET /reload?ser=1541426457960 HTTP/1.1" 200 28 "http://renault.activities.at/login?required=true" "Mozilla/5.0 (Windows NT 10.0; Win64; x64; rv:63.0) Gecko/20100101 Firefox/63.0"
80.123.225.36 - - [05/Nov/2018:15:01:03 +0100] "GET /reload?ser=1541426463849 HTTP/1.1" 200 28 "http://renault.activities.at/11882222" "Mozilla/5.0 (compatible; MSIE 9.0; Windows NT 6.1; WOW64; Trident/5.0)"
213.153.47.173 - - [05/Nov/2018:15:01:58 +0100] "GET /reload?ser=1541426518630 HTTP/1.1" 200 28 "http://renault.activities.at/login?required=true" "Mozilla/5.0 (Windows NT 10.0; Win64; x64; rv:63.0) Gecko/20100101 Firefox/63.0"
80.123.225.36 - - [05/Nov/2018:15:02:04 +0100] "GET /reload?ser=1541426524829 HTTP/1.1" 200 28 "http://renault.activities.at/11882222" "Mozilla/5.0 (compatible; MSIE 9.0; Windows NT 6.1; WOW64; Trident/5.0)"
213.153.47.173 - - [05/Nov/2018:15:02:59 +0100] "GET /reload?ser=1541426579312 HTTP/1.1" 200 28 "http://renault.activities.at/login?required=true" "Mozilla/5.0 (Windows NT 10.0; Win64; x64; rv:63.0) Gecko/20100101 Firefox/63.0"
80.123.225.36 - - [05/Nov/2018:15:03:05 +0100] "GET /reload?ser=1541426585847 HTTP/1.1" 200 28 "http://renault.activities.at/11882222" "Mozilla/5.0 (compatible; MSIE 9.0; Windows NT 6.1; WOW64; Trident/5.0)"
213.153.47.173 - - [05/Nov/2018:15:04:00 +0100] "GET /reload?ser=1541426639971 HTTP/1.1" 200 28 "http://renault.activities.at/login?required=true" "Mozilla/5.0 (Windows NT 10.0; Win64; x64; rv:63.0) Gecko/20100101 Firefox/63.0"
80.123.225.36 - - [05/Nov/2018:15:04:06 +0100] "GET /reload?ser=1541426646882 HTTP/1.1" 200 28 "http://renault.activities.at/11882222" "Mozilla/5.0 (compatible; MSIE 9.0; Windows NT 6.1; WOW64; Trident/5.0)"
213.153.47.173 - - [05/Nov/2018:15:05:00 +0100] "GET /reload?ser=1541426700629 HTTP/1.1" 200 28 "http://renault.activities.at/login?required=true" "Mozilla/5.0 (Windows NT 10.0; Win64; x64; rv:63.0) Gecko/20100101 Firefox/63.0"
80.123.225.36 - - [05/Nov/2018:15:05:07 +0100] "GET /reload?ser=1541426707928 HTTP/1.1" 200 28 "http://renault.activities.at/11882222" "Mozilla/5.0 (compatible; MSIE 9.0; Windows NT 6.1; WOW64; Trident/5.0)"
213.153.47.173 - - [05/Nov/2018:15:06:01 +0100] "GET /reload?ser=1541426761301 HTTP/1.1" 200 28 "http://renault.activities.at/login?required=true" "Mozilla/5.0 (Windows NT 10.0; Win64; x64; rv:63.0) Gecko/20100101 Firefox/63.0"
80.123.225.36 - - [05/Nov/2018:15:06:08 +0100] "GET /reload?ser=1541426768942 HTTP/1.1" 200 28 "http://renault.activities.at/11882222" "Mozilla/5.0 (compatible; MSIE 9.0; Windows NT 6.1; WOW64; Trident/5.0)"
213.153.47.173 - - [05/Nov/2018:15:07:02 +0100] "GET /reload?ser=1541426821961 HTTP/1.1" 200 28 "http://renault.activities.at/login?required=true" "Mozilla/5.0 (Windows NT 10.0; Win64; x64; rv:63.0) Gecko/20100101 Firefox/63.0"
80.123.225.36 - - [05/Nov/2018:15:07:09 +0100] "GET /reload?ser=1541426829947 HTTP/1.1" 200 28 "http://renault.activities.at/11882222" "Mozilla/5.0 (compatible; MSIE 9.0; Windows NT 6.1; WOW64; Trident/5.0)"
213.153.47.173 - - [05/Nov/2018:15:08:02 +0100] "GET /reload?ser=1541426882631 HTTP/1.1" 200 28 "http://renault.activities.at/login?required=true" "Mozilla/5.0 (Windows NT 10.0; Win64; x64; rv:63.0) Gecko/20100101 Firefox/63.0"
80.123.225.36 - - [05/Nov/2018:15:08:10 +0100] "GET /reload?ser=1541426890959 HTTP/1.1" 200 28 "http://renault.activities.at/11882222" "Mozilla/5.0 (compatible; MSIE 9.0; Windows NT 6.1; WOW64; Trident/5.0)"
213.153.47.173 - - [05/Nov/2018:15:09:03 +0100] "GET /reload?ser=1541426943301 HTTP/1.1" 200 28 "http://renault.activities.at/login?required=true" "Mozilla/5.0 (Windows NT 10.0; Win64; x64; rv:63.0) Gecko/20100101 Firefox/63.0"
80.123.225.36 - - [05/Nov/2018:15:09:11 +0100] "GET /reload?ser=1541426951981 HTTP/1.1" 200 28 "http://renault.activities.at/11882222" "Mozilla/5.0 (compatible; MSIE 9.0; Windows NT 6.1; WOW64; Trident/5.0)"
213.153.47.173 - - [05/Nov/2018:15:10:04 +0100] "GET /reload?ser=1541427003961 HTTP/1.1" 200 28 "http://renault.activities.at/login?required=true" "Mozilla/5.0 (Windows NT 10.0; Win64; x64; rv:63.0) Gecko/20100101 Firefox/63.0"
80.123.225.36 - - [05/Nov/2018:15:10:12 +0100] "GET /reload?ser=1541427013022 HTTP/1.1" 200 28 "http://renault.activities.at/11882222" "Mozilla/5.0 (compatible; MSIE 9.0; Windows NT 6.1; WOW64; Trident/5.0)"
213.153.47.173 - - [05/Nov/2018:15:11:04 +0100] "GET /reload?ser=1541427064622 HTTP/1.1" 200 28 "http://renault.activities.at/login?required=true" "Mozilla/5.0 (Windows NT 10.0; Win64; x64; rv:63.0) Gecko/20100101 Firefox/63.0"
80.123.225.36 - - [05/Nov/2018:15:11:13 +0100] "GET /reload?ser=1541427074022 HTTP/1.1" 200 28 "http://renault.activities.at/11882222" "Mozilla/5.0 (compatible; MSIE 9.0; Windows NT 6.1; WOW64; Trident/5.0)"
213.153.47.173 - - [05/Nov/2018:15:12:05 +0100] "GET /reload?ser=1541427125284 HTTP/1.1" 200 28 "http://renault.activities.at/login?required=true" "Mozilla/5.0 (Windows NT 10.0; Win64; x64; rv:63.0) Gecko/20100101 Firefox/63.0"
80.123.225.36 - - [05/Nov/2018:15:12:14 +0100] "GET /reload?ser=1541427134992 HTTP/1.1" 200 28 "http://renault.activities.at/11882222" "Mozilla/5.0 (compatible; MSIE 9.0; Windows NT 6.1; WOW64; Trident/5.0)"
213.153.47.173 - - [05/Nov/2018:15:13:05 +0100] "GET /reload?ser=1541427185941 HTTP/1.1" 200 28 "http://renault.activities.at/login?required=true" "Mozilla/5.0 (Windows NT 10.0; Win64; x64; rv:63.0) Gecko/20100101 Firefox/63.0"
80.123.225.36 - - [05/Nov/2018:15:13:15 +0100] "GET /reload?ser=1541427195979 HTTP/1.1" 200 28 "http://renault.activities.at/11882222" "Mozilla/5.0 (compatible; MSIE 9.0; Windows NT 6.1; WOW64; Trident/5.0)"
213.153.47.173 - - [05/Nov/2018:15:14:06 +0100] "GET /reload?ser=1541427246590 HTTP/1.1" 200 28 "http://renault.activities.at/login?required=true" "Mozilla/5.0 (Windows NT 10.0; Win64; x64; rv:63.0) Gecko/20100101 Firefox/63.0"
80.123.225.36 - - [05/Nov/2018:15:14:16 +0100] "GET /reload?ser=1541427256980 HTTP/1.1" 200 28 "http://renault.activities.at/11882222" "Mozilla/5.0 (compatible; MSIE 9.0; Windows NT 6.1; WOW64; Trident/5.0)"
213.153.47.173 - - [05/Nov/2018:15:15:07 +0100] "GET /reload?ser=1541427307261 HTTP/1.1" 200 28 "http://renault.activities.at/login?required=true" "Mozilla/5.0 (Windows NT 10.0; Win64; x64; rv:63.0) Gecko/20100101 Firefox/63.0"
80.123.225.36 - - [05/Nov/2018:15:15:17 +0100] "GET /reload?ser=1541427317998 HTTP/1.1" 200 28 "http://renault.activities.at/11882222" "Mozilla/5.0 (compatible; MSIE 9.0; Windows NT 6.1; WOW64; Trident/5.0)"
213.153.47.173 - - [05/Nov/2018:15:16:07 +0100] "GET /reload?ser=1541427367908 HTTP/1.1" 200 28 "http://renault.activities.at/login?required=true" "Mozilla/5.0 (Windows NT 10.0; Win64; x64; rv:63.0) Gecko/20100101 Firefox/63.0"
80.123.225.36 - - [05/Nov/2018:15:16:18 +0100] "GET /reload?ser=1541427379009 HTTP/1.1" 200 28 "http://renault.activities.at/11882222" "Mozilla/5.0 (compatible; MSIE 9.0; Windows NT 6.1; WOW64; Trident/5.0)"
213.153.47.173 - - [05/Nov/2018:15:17:08 +0100] "GET /reload?ser=1541427428560 HTTP/1.1" 200 28 "http://renault.activities.at/login?required=true" "Mozilla/5.0 (Windows NT 10.0; Win64; x64; rv:63.0) Gecko/20100101 Firefox/63.0"
80.123.225.36 - - [05/Nov/2018:15:17:19 +0100] "GET /reload?ser=1541427440032 HTTP/1.1" 200 28 "http://renault.activities.at/11882222" "Mozilla/5.0 (compatible; MSIE 9.0; Windows NT 6.1; WOW64; Trident/5.0)"
213.153.47.173 - - [05/Nov/2018:15:18:09 +0100] "GET /reload?ser=1541427489228 HTTP/1.1" 200 28 "http://renault.activities.at/login?required=true" "Mozilla/5.0 (Windows NT 10.0; Win64; x64; rv:63.0) Gecko/20100101 Firefox/63.0"
80.123.225.36 - - [05/Nov/2018:15:18:20 +0100] "GET /reload?ser=1541427501092 HTTP/1.1" 200 28 "http://renault.activities.at/11882222" "Mozilla/5.0 (compatible; MSIE 9.0; Windows NT 6.1; WOW64; Trident/5.0)"
213.153.47.173 - - [05/Nov/2018:15:19:09 +0100] "GET /reload?ser=1541427549895 HTTP/1.1" 200 28 "http://renault.activities.at/login?required=true" "Mozilla/5.0 (Windows NT 10.0; Win64; x64; rv:63.0) Gecko/20100101 Firefox/63.0"
80.123.225.36 - - [05/Nov/2018:15:19:21 +0100] "GET /reload?ser=1541427562087 HTTP/1.1" 200 28 "http://renault.activities.at/11882222" "Mozilla/5.0 (compatible; MSIE 9.0; Windows NT 6.1; WOW64; Trident/5.0)"
213.153.47.173 - - [05/Nov/2018:15:20:10 +0100] "GET /reload?ser=1541427610581 HTTP/1.1" 200 28 "http://renault.activities.at/login?required=true" "Mozilla/5.0 (Windows NT 10.0; Win64; x64; rv:63.0) Gecko/20100101 Firefox/63.0"
80.123.225.36 - - [05/Nov/2018:15:20:22 +0100] "GET /reload?ser=1541427623111 HTTP/1.1" 200 28 "http://renault.activities.at/11882222" "Mozilla/5.0 (compatible; MSIE 9.0; Windows NT 6.1; WOW64; Trident/5.0)"
213.153.47.173 - - [05/Nov/2018:15:21:11 +0100] "GET /reload?ser=1541427671251 HTTP/1.1" 200 28 "http://renault.activities.at/login?required=true" "Mozilla/5.0 (Windows NT 10.0; Win64; x64; rv:63.0) Gecko/20100101 Firefox/63.0"
80.123.225.36 - - [05/Nov/2018:15:21:23 +0100] "GET /reload?ser=1541427684120 HTTP/1.1" 200 28 "http://renault.activities.at/11882222" "Mozilla/5.0 (compatible; MSIE 9.0; Windows NT 6.1; WOW64; Trident/5.0)"
213.153.47.173 - - [05/Nov/2018:15:22:11 +0100] "GET /reload?ser=1541427731921 HTTP/1.1" 200 28 "http://renault.activities.at/login?required=true" "Mozilla/5.0 (Windows NT 10.0; Win64; x64; rv:63.0) Gecko/20100101 Firefox/63.0"
80.123.225.36 - - [05/Nov/2018:15:22:24 +0100] "GET /reload?ser=1541427745073 HTTP/1.1" 200 28 "http://renault.activities.at/11882222" "Mozilla/5.0 (compatible; MSIE 9.0; Windows NT 6.1; WOW64; Trident/5.0)"
213.153.47.173 - - [05/Nov/2018:15:23:12 +0100] "GET /reload?ser=1541427792589 HTTP/1.1" 200 28 "http://renault.activities.at/login?required=true" "Mozilla/5.0 (Windows NT 10.0; Win64; x64; rv:63.0) Gecko/20100101 Firefox/63.0"
80.123.225.36 - - [05/Nov/2018:15:23:25 +0100] "GET /reload?ser=1541427806112 HTTP/1.1" 200 28 "http://renault.activities.at/11882222" "Mozilla/5.0 (compatible; MSIE 9.0; Windows NT 6.1; WOW64; Trident/5.0)"
213.153.47.173 - - [05/Nov/2018:15:24:13 +0100] "GET /reload?ser=1541427853250 HTTP/1.1" 200 28 "http://renault.activities.at/login?required=true" "Mozilla/5.0 (Windows NT 10.0; Win64; x64; rv:63.0) Gecko/20100101 Firefox/63.0"
80.123.225.36 - - [05/Nov/2018:15:24:26 +0100] "GET /reload?ser=1541427867129 HTTP/1.1" 200 28 "http://renault.activities.at/11882222" "Mozilla/5.0 (compatible; MSIE 9.0; Windows NT 6.1; WOW64; Trident/5.0)"
213.153.47.173 - - [05/Nov/2018:15:25:13 +0100] "GET /reload?ser=1541427913909 HTTP/1.1" 200 28 "http://renault.activities.at/login?required=true" "Mozilla/5.0 (Windows NT 10.0; Win64; x64; rv:63.0) Gecko/20100101 Firefox/63.0"
80.123.225.36 - - [05/Nov/2018:15:25:27 +0100] "GET /reload?ser=1541427928113 HTTP/1.1" 200 28 "http://renault.activities.at/11882222" "Mozilla/5.0 (compatible; MSIE 9.0; Windows NT 6.1; WOW64; Trident/5.0)"
213.153.47.173 - - [05/Nov/2018:15:26:14 +0100] "GET /reload?ser=1541427974579 HTTP/1.1" 200 28 "http://renault.activities.at/login?required=true" "Mozilla/5.0 (Windows NT 10.0; Win64; x64; rv:63.0) Gecko/20100101 Firefox/63.0"
80.123.225.36 - - [05/Nov/2018:15:26:28 +0100] "GET /reload?ser=1541427989148 HTTP/1.1" 200 28 "http://renault.activities.at/11882222" "Mozilla/5.0 (compatible; MSIE 9.0; Windows NT 6.1; WOW64; Trident/5.0)"
213.153.47.173 - - [05/Nov/2018:15:27:15 +0100] "GET /reload?ser=1541428035240 HTTP/1.1" 200 28 "http://renault.activities.at/login?required=true" "Mozilla/5.0 (Windows NT 10.0; Win64; x64; rv:63.0) Gecko/20100101 Firefox/63.0"
80.123.225.36 - - [05/Nov/2018:15:27:29 +0100] "GET /reload?ser=1541428050138 HTTP/1.1" 200 28 "http://renault.activities.at/11882222" "Mozilla/5.0 (compatible; MSIE 9.0; Windows NT 6.1; WOW64; Trident/5.0)"
213.153.47.173 - - [05/Nov/2018:15:28:15 +0100] "GET /reload?ser=1541428095940 HTTP/1.1" 200 28 "http://renault.activities.at/login?required=true" "Mozilla/5.0 (Windows NT 10.0; Win64; x64; rv:63.0) Gecko/20100101 Firefox/63.0"
80.123.225.36 - - [05/Nov/2018:15:28:30 +0100] "GET /reload?ser=1541428111161 HTTP/1.1" 200 28 "http://renault.activities.at/11882222" "Mozilla/5.0 (compatible; MSIE 9.0; Windows NT 6.1; WOW64; Trident/5.0)"
213.153.47.173 - - [05/Nov/2018:15:29:16 +0100] "GET /reload?ser=1541428156599 HTTP/1.1" 200 28 "http://renault.activities.at/login?required=true" "Mozilla/5.0 (Windows NT 10.0; Win64; x64; rv:63.0) Gecko/20100101 Firefox/63.0"
80.123.225.36 - - [05/Nov/2018:15:29:31 +0100] "GET /reload?ser=1541428172164 HTTP/1.1" 200 28 "http://renault.activities.at/11882222" "Mozilla/5.0 (compatible; MSIE 9.0; Windows NT 6.1; WOW64; Trident/5.0)"
213.153.47.173 - - [05/Nov/2018:15:30:17 +0100] "GET /reload?ser=1541428217259 HTTP/1.1" 200 28 "http://renault.activities.at/login?required=true" "Mozilla/5.0 (Windows NT 10.0; Win64; x64; rv:63.0) Gecko/20100101 Firefox/63.0"
80.123.225.36 - - [05/Nov/2018:15:30:32 +0100] "GET /reload?ser=1541428233182 HTTP/1.1" 200 28 "http://renault.activities.at/11882222" "Mozilla/5.0 (compatible; MSIE 9.0; Windows NT 6.1; WOW64; Trident/5.0)"
213.153.47.173 - - [05/Nov/2018:15:31:17 +0100] "GET /reload?ser=1541428277919 HTTP/1.1" 200 28 "http://renault.activities.at/login?required=true" "Mozilla/5.0 (Windows NT 10.0; Win64; x64; rv:63.0) Gecko/20100101 Firefox/63.0"
80.123.225.36 - - [05/Nov/2018:15:31:33 +0100] "GET /reload?ser=1541428294228 HTTP/1.1" 200 28 "http://renault.activities.at/11882222" "Mozilla/5.0 (compatible; MSIE 9.0; Windows NT 6.1; WOW64; Trident/5.0)"
213.153.47.173 - - [05/Nov/2018:15:32:18 +0100] "GET /reload?ser=1541428338579 HTTP/1.1" 200 28 "http://renault.activities.at/login?required=true" "Mozilla/5.0 (Windows NT 10.0; Win64; x64; rv:63.0) Gecko/20100101 Firefox/63.0"
80.123.225.36 - - [05/Nov/2018:15:32:34 +0100] "GET /reload?ser=1541428355212 HTTP/1.1" 200 28 "http://renault.activities.at/11882222" "Mozilla/5.0 (compatible; MSIE 9.0; Windows NT 6.1; WOW64; Trident/5.0)"
213.153.47.173 - - [05/Nov/2018:15:33:19 +0100] "GET /reload?ser=1541428399238 HTTP/1.1" 200 28 "http://renault.activities.at/login?required=true" "Mozilla/5.0 (Windows NT 10.0; Win64; x64; rv:63.0) Gecko/20100101 Firefox/63.0"
80.123.225.36 - - [05/Nov/2018:15:33:35 +0100] "GET /reload?ser=1541428416252 HTTP/1.1" 200 28 "http://renault.activities.at/11882222" "Mozilla/5.0 (compatible; MSIE 9.0; Windows NT 6.1; WOW64; Trident/5.0)"
213.153.47.173 - - [05/Nov/2018:15:34:19 +0100] "GET /reload?ser=1541428459899 HTTP/1.1" 200 28 "http://renault.activities.at/login?required=true" "Mozilla/5.0 (Windows NT 10.0; Win64; x64; rv:63.0) Gecko/20100101 Firefox/63.0"
80.123.225.36 - - [05/Nov/2018:15:34:36 +0100] "GET /reload?ser=1541428477274 HTTP/1.1" 200 28 "http://renault.activities.at/11882222" "Mozilla/5.0 (compatible; MSIE 9.0; Windows NT 6.1; WOW64; Trident/5.0)"
213.153.47.173 - - [05/Nov/2018:15:35:20 +0100] "GET /reload?ser=1541428520559 HTTP/1.1" 200 28 "http://renault.activities.at/login?required=true" "Mozilla/5.0 (Windows NT 10.0; Win64; x64; rv:63.0) Gecko/20100101 Firefox/63.0"
80.123.225.36 - - [05/Nov/2018:15:35:37 +0100] "GET /reload?ser=1541428538279 HTTP/1.1" 200 28 "http://renault.activities.at/11882222" "Mozilla/5.0 (compatible; MSIE 9.0; Windows NT 6.1; WOW64; Trident/5.0)"
213.153.47.173 - - [05/Nov/2018:15:36:21 +0100] "GET /reload?ser=1541428581209 HTTP/1.1" 200 28 "http://renault.activities.at/login?required=true" "Mozilla/5.0 (Windows NT 10.0; Win64; x64; rv:63.0) Gecko/20100101 Firefox/63.0"
194.96.82.46 - - [05/Nov/2018:15:36:24 +0100] "GET / HTTP/1.1" 200 3474 "-" "Mozilla/5.0 (iPhone; CPU iPhone OS 12_0_1 like Mac OS X) AppleWebKit/605.1.15 (KHTML, like Gecko) Version/12.0 Mobile/15E148 Safari/604.1"
194.96.82.46 - - [05/Nov/2018:15:36:25 +0100] "GET /apple-touch-icon-120x120-precomposed.png HTTP/1.1" 200 1559 "-" "MobileSafari/604.1 CFNetwork/974.2.1 Darwin/18.0.0"
194.96.82.46 - - [05/Nov/2018:15:36:26 +0100] "GET /apple-touch-icon-120x120.png HTTP/1.1" 200 1559 "-" "MobileSafari/604.1 CFNetwork/974.2.1 Darwin/18.0.0"
194.96.82.46 - - [05/Nov/2018:15:36:27 +0100] "GET /apple-touch-icon-precomposed.png HTTP/1.1" 200 1559 "-" "MobileSafari/604.1 CFNetwork/974.2.1 Darwin/18.0.0"
194.96.82.46 - - [05/Nov/2018:15:36:28 +0100] "GET /apple-touch-icon.png HTTP/1.1" 200 1559 "-" "MobileSafari/604.1 CFNetwork/974.2.1 Darwin/18.0.0"
194.96.82.46 - - [05/Nov/2018:15:36:29 +0100] "GET /images/favicon.ico HTTP/1.1" 404 305 "-" "MobileSafari/604.1 CFNetwork/974.2.1 Darwin/18.0.0"
194.96.82.46 - - [05/Nov/2018:15:36:29 +0100] "GET /images/favicon.ico HTTP/1.1" 404 305 "-" "MobileSafari/604.1 CFNetwork/974.2.1 Darwin/18.0.0"
194.96.82.46 - - [05/Nov/2018:15:36:29 +0100] "GET /favicon.ico HTTP/1.1" 200 3250 "-" "MobileSafari/604.1 CFNetwork/974.2.1 Darwin/18.0.0"
194.96.82.46 - - [05/Nov/2018:15:36:29 +0100] "GET /apple-touch-icon-120x120-precomposed.png HTTP/1.1" 200 1559 "-" "MobileSafari/604.1 CFNetwork/974.2.1 Darwin/18.0.0"
194.96.82.46 - - [05/Nov/2018:15:36:30 +0100] "GET /apple-touch-icon-120x120.png HTTP/1.1" 200 1559 "-" "MobileSafari/604.1 CFNetwork/974.2.1 Darwin/18.0.0"
194.96.82.46 - - [05/Nov/2018:15:36:31 +0100] "GET /apple-touch-icon-precomposed.png HTTP/1.1" 200 1559 "-" "MobileSafari/604.1 CFNetwork/974.2.1 Darwin/18.0.0"
194.96.82.46 - - [05/Nov/2018:15:36:32 +0100] "GET /apple-touch-icon.png HTTP/1.1" 200 1559 "-" "MobileSafari/604.1 CFNetwork/974.2.1 Darwin/18.0.0"
194.96.82.46 - - [05/Nov/2018:15:36:34 +0100] "GET /images/favicon.ico HTTP/1.1" 404 305 "-" "MobileSafari/604.1 CFNetwork/974.2.1 Darwin/18.0.0"
194.96.82.46 - - [05/Nov/2018:15:36:34 +0100] "GET /images/favicon.ico HTTP/1.1" 404 305 "-" "MobileSafari/604.1 CFNetwork/974.2.1 Darwin/18.0.0"
194.96.82.46 - - [05/Nov/2018:15:36:34 +0100] "GET /favicon.ico HTTP/1.1" 200 3250 "-" "MobileSafari/604.1 CFNetwork/974.2.1 Darwin/18.0.0"
80.123.225.36 - - [05/Nov/2018:15:36:38 +0100] "GET /reload?ser=1541428599315 HTTP/1.1" 200 28 "http://renault.activities.at/11882222" "Mozilla/5.0 (compatible; MSIE 9.0; Windows NT 6.1; WOW64; Trident/5.0)"
213.153.47.173 - - [05/Nov/2018:15:37:21 +0100] "GET /reload?ser=1541428641868 HTTP/1.1" 200 28 "http://renault.activities.at/login?required=true" "Mozilla/5.0 (Windows NT 10.0; Win64; x64; rv:63.0) Gecko/20100101 Firefox/63.0"
80.123.225.36 - - [05/Nov/2018:15:37:39 +0100] "GET /reload?ser=1541428660260 HTTP/1.1" 200 28 "http://renault.activities.at/11882222" "Mozilla/5.0 (compatible; MSIE 9.0; Windows NT 6.1; WOW64; Trident/5.0)"
213.153.47.173 - - [05/Nov/2018:15:38:22 +0100] "GET /reload?ser=1541428702528 HTTP/1.1" 200 28 "http://renault.activities.at/login?required=true" "Mozilla/5.0 (Windows NT 10.0; Win64; x64; rv:63.0) Gecko/20100101 Firefox/63.0"
80.123.225.36 - - [05/Nov/2018:15:38:40 +0100] "GET /reload?ser=1541428721205 HTTP/1.1" 200 28 "http://renault.activities.at/11882222" "Mozilla/5.0 (compatible; MSIE 9.0; Windows NT 6.1; WOW64; Trident/5.0)"
213.153.47.173 - - [05/Nov/2018:15:39:23 +0100] "GET /reload?ser=1541428763178 HTTP/1.1" 200 28 "http://renault.activities.at/login?required=true" "Mozilla/5.0 (Windows NT 10.0; Win64; x64; rv:63.0) Gecko/20100101 Firefox/63.0"
80.123.225.36 - - [05/Nov/2018:15:39:41 +0100] "GET /reload?ser=1541428782217 HTTP/1.1" 200 28 "http://renault.activities.at/11882222" "Mozilla/5.0 (compatible; MSIE 9.0; Windows NT 6.1; WOW64; Trident/5.0)"
213.153.47.173 - - [05/Nov/2018:15:40:23 +0100] "GET /reload?ser=1541428823848 HTTP/1.1" 200 28 "http://renault.activities.at/login?required=true" "Mozilla/5.0 (Windows NT 10.0; Win64; x64; rv:63.0) Gecko/20100101 Firefox/63.0"
80.123.225.36 - - [05/Nov/2018:15:40:42 +0100] "GET /reload?ser=1541428843246 HTTP/1.1" 200 28 "http://renault.activities.at/11882222" "Mozilla/5.0 (compatible; MSIE 9.0; Windows NT 6.1; WOW64; Trident/5.0)"
213.153.47.173 - - [05/Nov/2018:15:41:24 +0100] "GET /reload?ser=1541428884508 HTTP/1.1" 200 28 "http://renault.activities.at/login?required=true" "Mozilla/5.0 (Windows NT 10.0; Win64; x64; rv:63.0) Gecko/20100101 Firefox/63.0"
80.123.225.36 - - [05/Nov/2018:15:41:43 +0100] "GET /reload?ser=1541428904206 HTTP/1.1" 200 28 "http://renault.activities.at/11882222" "Mozilla/5.0 (compatible; MSIE 9.0; Windows NT 6.1; WOW64; Trident/5.0)"
213.153.47.173 - - [05/Nov/2018:15:42:25 +0100] "GET /reload?ser=1541428945176 HTTP/1.1" 200 28 "http://renault.activities.at/login?required=true" "Mozilla/5.0 (Windows NT 10.0; Win64; x64; rv:63.0) Gecko/20100101 Firefox/63.0"
80.123.225.36 - - [05/Nov/2018:15:42:44 +0100] "GET /reload?ser=1541428965238 HTTP/1.1" 200 28 "http://renault.activities.at/11882222" "Mozilla/5.0 (compatible; MSIE 9.0; Windows NT 6.1; WOW64; Trident/5.0)"
213.153.47.173 - - [05/Nov/2018:15:43:25 +0100] "GET /reload?ser=1541429005848 HTTP/1.1" 200 28 "http://renault.activities.at/login?required=true" "Mozilla/5.0 (Windows NT 10.0; Win64; x64; rv:63.0) Gecko/20100101 Firefox/63.0"
80.123.225.36 - - [05/Nov/2018:15:43:45 +0100] "GET /reload?ser=1541429026268 HTTP/1.1" 200 28 "http://renault.activities.at/11882222" "Mozilla/5.0 (compatible; MSIE 9.0; Windows NT 6.1; WOW64; Trident/5.0)"
213.153.47.173 - - [05/Nov/2018:15:44:26 +0100] "GET /reload?ser=1541429066518 HTTP/1.1" 200 28 "http://renault.activities.at/login?required=true" "Mozilla/5.0 (Windows NT 10.0; Win64; x64; rv:63.0) Gecko/20100101 Firefox/63.0"
80.123.225.36 - - [05/Nov/2018:15:44:46 +0100] "GET /reload?ser=1541429087306 HTTP/1.1" 200 28 "http://renault.activities.at/11882222" "Mozilla/5.0 (compatible; MSIE 9.0; Windows NT 6.1; WOW64; Trident/5.0)"
213.153.47.173 - - [05/Nov/2018:15:45:27 +0100] "GET /reload?ser=1541429127178 HTTP/1.1" 200 28 "http://renault.activities.at/login?required=true" "Mozilla/5.0 (Windows NT 10.0; Win64; x64; rv:63.0) Gecko/20100101 Firefox/63.0"
80.123.225.36 - - [05/Nov/2018:15:45:47 +0100] "GET /reload?ser=1541429148304 HTTP/1.1" 200 28 "http://renault.activities.at/11882222" "Mozilla/5.0 (compatible; MSIE 9.0; Windows NT 6.1; WOW64; Trident/5.0)"
213.153.47.173 - - [05/Nov/2018:15:46:27 +0100] "GET /reload?ser=1541429187847 HTTP/1.1" 200 28 "http://renault.activities.at/login?required=true" "Mozilla/5.0 (Windows NT 10.0; Win64; x64; rv:63.0) Gecko/20100101 Firefox/63.0"
80.123.225.36 - - [05/Nov/2018:15:46:48 +0100] "GET /reload?ser=1541429209307 HTTP/1.1" 200 28 "http://renault.activities.at/11882222" "Mozilla/5.0 (compatible; MSIE 9.0; Windows NT 6.1; WOW64; Trident/5.0)"
213.153.47.173 - - [05/Nov/2018:15:47:28 +0100] "GET /reload?ser=1541429248518 HTTP/1.1" 200 28 "http://renault.activities.at/login?required=true" "Mozilla/5.0 (Windows NT 10.0; Win64; x64; rv:63.0) Gecko/20100101 Firefox/63.0"
80.123.225.36 - - [05/Nov/2018:15:47:49 +0100] "GET /reload?ser=1541429270325 HTTP/1.1" 200 28 "http://renault.activities.at/11882222" "Mozilla/5.0 (compatible; MSIE 9.0; Windows NT 6.1; WOW64; Trident/5.0)"
213.153.47.173 - - [05/Nov/2018:15:48:29 +0100] "GET /reload?ser=1541429309178 HTTP/1.1" 200 28 "http://renault.activities.at/login?required=true" "Mozilla/5.0 (Windows NT 10.0; Win64; x64; rv:63.0) Gecko/20100101 Firefox/63.0"
80.123.225.36 - - [05/Nov/2018:15:48:50 +0100] "GET /reload?ser=1541429331319 HTTP/1.1" 200 28 "http://renault.activities.at/11882222" "Mozilla/5.0 (compatible; MSIE 9.0; Windows NT 6.1; WOW64; Trident/5.0)"
213.153.47.173 - - [05/Nov/2018:15:49:29 +0100] "GET /reload?ser=1541429369837 HTTP/1.1" 200 28 "http://renault.activities.at/login?required=true" "Mozilla/5.0 (Windows NT 10.0; Win64; x64; rv:63.0) Gecko/20100101 Firefox/63.0"
80.123.225.36 - - [05/Nov/2018:15:49:51 +0100] "GET /reload?ser=1541429392323 HTTP/1.1" 200 28 "http://renault.activities.at/11882222" "Mozilla/5.0 (compatible; MSIE 9.0; Windows NT 6.1; WOW64; Trident/5.0)"
213.153.47.173 - - [05/Nov/2018:15:50:30 +0100] "GET /reload?ser=1541429430508 HTTP/1.1" 200 28 "http://renault.activities.at/login?required=true" "Mozilla/5.0 (Windows NT 10.0; Win64; x64; rv:63.0) Gecko/20100101 Firefox/63.0"
80.123.225.36 - - [05/Nov/2018:15:50:52 +0100] "GET /reload?ser=1541429453335 HTTP/1.1" 200 28 "http://renault.activities.at/11882222" "Mozilla/5.0 (compatible; MSIE 9.0; Windows NT 6.1; WOW64; Trident/5.0)"
213.153.47.173 - - [05/Nov/2018:15:51:31 +0100] "GET /reload?ser=1541429491178 HTTP/1.1" 200 28 "http://renault.activities.at/login?required=true" "Mozilla/5.0 (Windows NT 10.0; Win64; x64; rv:63.0) Gecko/20100101 Firefox/63.0"
80.123.225.36 - - [05/Nov/2018:15:51:53 +0100] "GET /reload?ser=1541429514357 HTTP/1.1" 200 28 "http://renault.activities.at/11882222" "Mozilla/5.0 (compatible; MSIE 9.0; Windows NT 6.1; WOW64; Trident/5.0)"
213.153.47.173 - - [05/Nov/2018:15:52:31 +0100] "GET /reload?ser=1541429551867 HTTP/1.1" 200 28 "http://renault.activities.at/login?required=true" "Mozilla/5.0 (Windows NT 10.0; Win64; x64; rv:63.0) Gecko/20100101 Firefox/63.0"
80.120.5.131 - - [05/Nov/2018:15:52:39 +0100] "GET /10201637 HTTP/1.1" 302 150 "-" "Mozilla/5.0 (Macintosh; Intel Mac OS X 10_13_6) AppleWebKit/605.1.15 (KHTML, like Gecko)"
80.120.5.131 - - [05/Nov/2018:15:52:41 +0100] "GET /login?required=true HTTP/1.1" 200 2086 "-" "Mozilla/5.0 (Macintosh; Intel Mac OS X 10_13_6) AppleWebKit/605.1.15 (KHTML, like Gecko)"
80.120.5.131 - - [05/Nov/2018:15:52:42 +0100] "GET /apple-touch-icon-precomposed.png HTTP/1.1" 200 1559 "-" "Safari/13606.2.11 CFNetwork/902.1 Darwin/17.7.0 (x86_64)"
80.120.5.131 - - [05/Nov/2018:15:52:43 +0100] "GET /apple-touch-icon.png HTTP/1.1" 200 1559 "-" "Safari/13606.2.11 CFNetwork/902.1 Darwin/17.7.0 (x86_64)"
80.120.5.131 - - [05/Nov/2018:15:52:44 +0100] "GET /images/favicon.ico HTTP/1.1" 404 305 "-" "Safari/13606.2.11 CFNetwork/902.1 Darwin/17.7.0 (x86_64)"
80.120.5.131 - - [05/Nov/2018:15:52:44 +0100] "GET /images/favicon.ico HTTP/1.1" 404 305 "-" "Safari/13606.2.11 CFNetwork/902.1 Darwin/17.7.0 (x86_64)"
80.120.5.131 - - [05/Nov/2018:15:52:44 +0100] "GET /favicon.ico HTTP/1.1" 200 3250 "-" "Safari/13606.2.11 CFNetwork/902.1 Darwin/17.7.0 (x86_64)"
80.120.5.131 - - [05/Nov/2018:15:52:44 +0100] "GET /apple-touch-icon-precomposed.png HTTP/1.1" 200 1559 "-" "Safari/13606.2.11 CFNetwork/902.1 Darwin/17.7.0 (x86_64)"
80.120.5.131 - - [05/Nov/2018:15:52:45 +0100] "GET /apple-touch-icon.png HTTP/1.1" 200 1559 "-" "Safari/13606.2.11 CFNetwork/902.1 Darwin/17.7.0 (x86_64)"
80.120.5.131 - - [05/Nov/2018:15:52:46 +0100] "GET /images/favicon.ico HTTP/1.1" 404 305 "-" "Safari/13606.2.11 CFNetwork/902.1 Darwin/17.7.0 (x86_64)"
80.120.5.131 - - [05/Nov/2018:15:52:46 +0100] "GET /images/favicon.ico HTTP/1.1" 404 305 "-" "Safari/13606.2.11 CFNetwork/902.1 Darwin/17.7.0 (x86_64)"
80.120.5.131 - - [05/Nov/2018:15:52:46 +0100] "GET /favicon.ico HTTP/1.1" 200 3250 "-" "Safari/13606.2.11 CFNetwork/902.1 Darwin/17.7.0 (x86_64)"
80.120.5.131 - - [05/Nov/2018:15:52:46 +0100] "GET /10201637 HTTP/1.1" 302 150 "-" "Mozilla/5.0 (iPhone; CPU iPhone OS 11_3 like Mac OS X) AppleWebKit/605.1.15 (KHTML, like Gecko) Version/11.0 Mobile/15E148 Safari/604.1"
80.120.5.131 - - [05/Nov/2018:15:52:47 +0100] "GET /login?required=true HTTP/1.1" 200 2086 "-" "Mozilla/5.0 (iPhone; CPU iPhone OS 11_3 like Mac OS X) AppleWebKit/605.1.15 (KHTML, like Gecko) Version/11.0 Mobile/15E148 Safari/604.1"
80.120.5.131 - - [05/Nov/2018:15:52:48 +0100] "GET /apple-touch-icon-precomposed.png HTTP/1.1" 200 1559 "-" "Safari/13606.2.11 CFNetwork/902.1 Darwin/17.7.0 (x86_64)"
80.120.5.131 - - [05/Nov/2018:15:52:49 +0100] "GET /apple-touch-icon.png HTTP/1.1" 200 1559 "-" "Safari/13606.2.11 CFNetwork/902.1 Darwin/17.7.0 (x86_64)"
80.120.5.131 - - [05/Nov/2018:15:52:50 +0100] "GET /images/favicon.ico HTTP/1.1" 404 305 "-" "Safari/13606.2.11 CFNetwork/902.1 Darwin/17.7.0 (x86_64)"
80.120.5.131 - - [05/Nov/2018:15:52:50 +0100] "GET /images/favicon.ico HTTP/1.1" 404 305 "-" "Safari/13606.2.11 CFNetwork/902.1 Darwin/17.7.0 (x86_64)"
80.120.5.131 - - [05/Nov/2018:15:52:50 +0100] "GET /favicon.ico HTTP/1.1" 200 3250 "-" "Safari/13606.2.11 CFNetwork/902.1 Darwin/17.7.0 (x86_64)"
80.120.5.131 - - [05/Nov/2018:15:52:50 +0100] "GET /apple-touch-icon-precomposed.png HTTP/1.1" 200 1559 "-" "Safari/13606.2.11 CFNetwork/902.1 Darwin/17.7.0 (x86_64)"
80.120.5.131 - - [05/Nov/2018:15:52:51 +0100] "GET /apple-touch-icon.png HTTP/1.1" 200 1559 "-" "Safari/13606.2.11 CFNetwork/902.1 Darwin/17.7.0 (x86_64)"
80.120.5.131 - - [05/Nov/2018:15:52:52 +0100] "GET /images/favicon.ico HTTP/1.1" 404 305 "-" "Safari/13606.2.11 CFNetwork/902.1 Darwin/17.7.0 (x86_64)"
80.120.5.131 - - [05/Nov/2018:15:52:52 +0100] "GET /images/favicon.ico HTTP/1.1" 404 305 "-" "Safari/13606.2.11 CFNetwork/902.1 Darwin/17.7.0 (x86_64)"
80.120.5.131 - - [05/Nov/2018:15:52:52 +0100] "GET /favicon.ico HTTP/1.1" 200 3250 "-" "Safari/13606.2.11 CFNetwork/902.1 Darwin/17.7.0 (x86_64)"
80.123.225.36 - - [05/Nov/2018:15:52:54 +0100] "GET /reload?ser=1541429575379 HTTP/1.1" 200 28 "http://renault.activities.at/11882222" "Mozilla/5.0 (compatible; MSIE 9.0; Windows NT 6.1; WOW64; Trident/5.0)"
213.153.47.173 - - [05/Nov/2018:15:53:32 +0100] "GET /reload?ser=1541429612517 HTTP/1.1" 200 28 "http://renault.activities.at/login?required=true" "Mozilla/5.0 (Windows NT 10.0; Win64; x64; rv:63.0) Gecko/20100101 Firefox/63.0"
77.220.109.61 - - [05/Nov/2018:15:53:52 +0100] "GET / HTTP/1.1" 200 3486 "-" "Mozilla/5.0 (Macintosh; Intel Mac OS X 10_14) AppleWebKit/605.1.15 (KHTML, like Gecko) Version/12.0 Safari/605.1.15"
77.220.109.61 - - [05/Nov/2018:15:53:53 +0100] "GET /js/flashdetection.js HTTP/1.1" 200 1059 "http://renault.2web.at/" "Mozilla/5.0 (Macintosh; Intel Mac OS X 10_14) AppleWebKit/605.1.15 (KHTML, like Gecko) Version/12.0 Safari/605.1.15"
77.220.109.61 - - [05/Nov/2018:15:53:53 +0100] "GET /css/reset.css HTTP/1.1" 200 1356 "http://renault.2web.at/" "Mozilla/5.0 (Macintosh; Intel Mac OS X 10_14) AppleWebKit/605.1.15 (KHTML, like Gecko) Version/12.0 Safari/605.1.15"
77.220.109.61 - - [05/Nov/2018:15:53:53 +0100] "GET /css/clears.css HTTP/1.1" 200 851 "http://renault.2web.at/" "Mozilla/5.0 (Macintosh; Intel Mac OS X 10_14) AppleWebKit/605.1.15 (KHTML, like Gecko) Version/12.0 Safari/605.1.15"
77.220.109.61 - - [05/Nov/2018:15:53:53 +0100] "GET /css/styles.css HTTP/1.1" 200 14664 "http://renault.2web.at/" "Mozilla/5.0 (Macintosh; Intel Mac OS X 10_14) AppleWebKit/605.1.15 (KHTML, like Gecko) Version/12.0 Safari/605.1.15"
77.220.109.61 - - [05/Nov/2018:15:53:53 +0100] "GET /js/default.js HTTP/1.1" 200 14698 "http://renault.2web.at/" "Mozilla/5.0 (Macintosh; Intel Mac OS X 10_14) AppleWebKit/605.1.15 (KHTML, like Gecko) Version/12.0 Safari/605.1.15"
77.220.109.61 - - [05/Nov/2018:15:53:53 +0100] "GET /js/checkout.css HTTP/1.1" 200 359 "http://renault.2web.at/" "Mozilla/5.0 (Macintosh; Intel Mac OS X 10_14) AppleWebKit/605.1.15 (KHTML, like Gecko) Version/12.0 Safari/605.1.15"
77.220.109.61 - - [05/Nov/2018:15:53:53 +0100] "GET /css/prototip.css HTTP/1.1" 200 968 "http://renault.2web.at/" "Mozilla/5.0 (Macintosh; Intel Mac OS X 10_14) AppleWebKit/605.1.15 (KHTML, like Gecko) Version/12.0 Safari/605.1.15"
77.220.109.61 - - [05/Nov/2018:15:53:53 +0100] "GET /css/themes/default.css HTTP/1.1" 200 769 "http://renault.2web.at/" "Mozilla/5.0 (Macintosh; Intel Mac OS X 10_14) AppleWebKit/605.1.15 (KHTML, like Gecko) Version/12.0 Safari/605.1.15"
77.220.109.61 - - [05/Nov/2018:15:53:53 +0100] "GET /css/themes/alphacube.css HTTP/1.1" 200 743 "http://renault.2web.at/" "Mozilla/5.0 (Macintosh; Intel Mac OS X 10_14) AppleWebKit/605.1.15 (KHTML, like Gecko) Version/12.0 Safari/605.1.15"
77.220.109.61 - - [05/Nov/2018:15:53:53 +0100] "GET /js/index.php?c=auto&f=,prototype/prototype.js,prototype/validation.js,scriptaculous/builder.js,scriptaculous/effects.js,scriptaculous/dragdrop.js,scriptaculous/controls.js,scriptaculous/slider.js,varien/js.js,varien/form.js,varien/menu.js,mage/translate.js,mage/cookies.js,varien/product.js,spinner/SpinnerControl.jsmin.js,prototype/window.js,prototype/window_ext.js HTTP/1.1" 200 94182 "http://renault.2web.at/" "Mozilla/5.0 (Macintosh; Intel Mac OS X 10_14) AppleWebKit/605.1.15 (KHTML, like Gecko) Version/12.0 Safari/605.1.15"
77.220.109.61 - - [05/Nov/2018:15:53:53 +0100] "GET /css/print.css HTTP/1.1" 200 543 "http://renault.2web.at/" "Mozilla/5.0 (Macintosh; Intel Mac OS X 10_14) AppleWebKit/605.1.15 (KHTML, like Gecko) Version/12.0 Safari/605.1.15"
77.220.109.61 - - [05/Nov/2018:15:53:53 +0100] "GET /images/main_block_border.gif HTTP/1.1" 200 43 "http://renault.2web.at/" "Mozilla/5.0 (Macintosh; Intel Mac OS X 10_14) AppleWebKit/605.1.15 (KHTML, like Gecko) Version/12.0 Safari/605.1.15"
77.220.109.61 - - [05/Nov/2018:15:53:53 +0100] "GET /images/main_block_corner_left_bot.gif HTTP/1.1" 200 159 "http://renault.2web.at/" "Mozilla/5.0 (Macintosh; Intel Mac OS X 10_14) AppleWebKit/605.1.15 (KHTML, like Gecko) Version/12.0 Safari/605.1.15"
77.220.109.61 - - [05/Nov/2018:15:53:53 +0100] "GET /images/header_block_border.gif HTTP/1.1" 200 43 "http://renault.2web.at/" "Mozilla/5.0 (Macintosh; Intel Mac OS X 10_14) AppleWebKit/605.1.15 (KHTML, like Gecko) Version/12.0 Safari/605.1.15"
77.220.109.61 - - [05/Nov/2018:15:53:53 +0100] "GET /images/main_block_corner_right_bot.gif HTTP/1.1" 200 158 "http://renault.2web.at/" "Mozilla/5.0 (Macintosh; Intel Mac OS X 10_14) AppleWebKit/605.1.15 (KHTML, like Gecko) Version/12.0 Safari/605.1.15"
