193.194.132.24 - - [09/Nov/2018:10:22:56 +0100] "GET /reload?ser=1541755376911 HTTP/1.1" 200 28 "http://renault.2web.at/account?loadrequest=true" "Mozilla/5.0 (Windows NT 6.1; WOW64; Trident/7.0; rv:11.0) like Gecko"
213.153.47.173 - - [09/Nov/2018:10:23:22 +0100] "GET /reload?ser=1541755402070 HTTP/1.1" 200 28 "http://renault.activities.at/login?required=true" "Mozilla/5.0 (Windows NT 10.0; Win64; x64; rv:63.0) Gecko/20100101 Firefox/63.0"
80.120.148.242 - - [09/Nov/2018:10:23:43 +0100] "GET /reload?ser=1541755423799 HTTP/1.1" 200 28 "http://renault.activities.at/11900795" "Mozilla/5.0 (Windows NT 6.1; Win64; x64) AppleWebKit/537.36 (KHTML, like Gecko) Chrome/70.0.3538.77 Safari/537.36"
193.194.132.24 - - [09/Nov/2018:10:23:58 +0100] "GET /reload?ser=1541755437968 HTTP/1.1" 200 28 "http://renault.2web.at/account?loadrequest=true" "Mozilla/5.0 (Windows NT 6.1; WOW64; Trident/7.0; rv:11.0) like Gecko"
213.153.47.173 - - [09/Nov/2018:10:24:22 +0100] "GET /reload?ser=1541755462751 HTTP/1.1" 200 28 "http://renault.activities.at/login?required=true" "Mozilla/5.0 (Windows NT 10.0; Win64; x64; rv:63.0) Gecko/20100101 Firefox/63.0"
80.120.148.242 - - [09/Nov/2018:10:24:44 +0100] "GET /reload?ser=1541755484823 HTTP/1.1" 200 28 "http://renault.activities.at/11900795" "Mozilla/5.0 (Windows NT 6.1; Win64; x64) AppleWebKit/537.36 (KHTML, like Gecko) Chrome/70.0.3538.77 Safari/537.36"
193.194.132.24 - - [09/Nov/2018:10:24:59 +0100] "GET /reload?ser=1541755499100 HTTP/1.1" 200 28 "http://renault.2web.at/account?loadrequest=true" "Mozilla/5.0 (Windows NT 6.1; WOW64; Trident/7.0; rv:11.0) like Gecko"
213.153.47.173 - - [09/Nov/2018:10:25:23 +0100] "GET /reload?ser=1541755523420 HTTP/1.1" 200 28 "http://renault.activities.at/login?required=true" "Mozilla/5.0 (Windows NT 10.0; Win64; x64; rv:63.0) Gecko/20100101 Firefox/63.0"
80.120.148.242 - - [09/Nov/2018:10:25:45 +0100] "GET /reload?ser=1541755545811 HTTP/1.1" 200 28 "http://renault.activities.at/11900795" "Mozilla/5.0 (Windows NT 6.1; Win64; x64) AppleWebKit/537.36 (KHTML, like Gecko) Chrome/70.0.3538.77 Safari/537.36"
193.194.132.24 - - [09/Nov/2018:10:26:00 +0100] "GET /reload?ser=1541755560162 HTTP/1.1" 200 28 "http://renault.2web.at/account?loadrequest=true" "Mozilla/5.0 (Windows NT 6.1; WOW64; Trident/7.0; rv:11.0) like Gecko"
213.153.47.173 - - [09/Nov/2018:10:26:24 +0100] "GET /reload?ser=1541755584103 HTTP/1.1" 200 28 "http://renault.activities.at/login?required=true" "Mozilla/5.0 (Windows NT 10.0; Win64; x64; rv:63.0) Gecko/20100101 Firefox/63.0"
80.120.148.242 - - [09/Nov/2018:10:26:46 +0100] "GET /reload?ser=1541755606822 HTTP/1.1" 200 28 "http://renault.activities.at/11900795" "Mozilla/5.0 (Windows NT 6.1; Win64; x64) AppleWebKit/537.36 (KHTML, like Gecko) Chrome/70.0.3538.77 Safari/537.36"
193.194.132.24 - - [09/Nov/2018:10:27:01 +0100] "GET /reload?ser=1541755621251 HTTP/1.1" 200 28 "http://renault.2web.at/account?loadrequest=true" "Mozilla/5.0 (Windows NT 6.1; WOW64; Trident/7.0; rv:11.0) like Gecko"
213.153.47.173 - - [09/Nov/2018:10:27:24 +0100] "GET /reload?ser=1541755644791 HTTP/1.1" 200 28 "http://renault.activities.at/login?required=true" "Mozilla/5.0 (Windows NT 10.0; Win64; x64; rv:63.0) Gecko/20100101 Firefox/63.0"
80.120.148.242 - - [09/Nov/2018:10:27:48 +0100] "GET /reload?ser=1541755668847 HTTP/1.1" 200 28 "http://renault.activities.at/11900795" "Mozilla/5.0 (Windows NT 6.1; Win64; x64) AppleWebKit/537.36 (KHTML, like Gecko) Chrome/70.0.3538.77 Safari/537.36"
193.194.132.24 - - [09/Nov/2018:10:28:02 +0100] "GET /reload?ser=1541755682308 HTTP/1.1" 200 28 "http://renault.2web.at/account?loadrequest=true" "Mozilla/5.0 (Windows NT 6.1; WOW64; Trident/7.0; rv:11.0) like Gecko"
213.153.47.173 - - [09/Nov/2018:10:28:25 +0100] "GET /reload?ser=1541755705498 HTTP/1.1" 200 28 "http://renault.activities.at/login?required=true" "Mozilla/5.0 (Windows NT 10.0; Win64; x64; rv:63.0) Gecko/20100101 Firefox/63.0"
80.120.148.242 - - [09/Nov/2018:10:28:50 +0100] "GET /reload?ser=1541755730854 HTTP/1.1" 200 28 "http://renault.activities.at/11900795" "Mozilla/5.0 (Windows NT 6.1; Win64; x64) AppleWebKit/537.36 (KHTML, like Gecko) Chrome/70.0.3538.77 Safari/537.36"
193.194.132.24 - - [09/Nov/2018:10:29:03 +0100] "GET /reload?ser=1541755743398 HTTP/1.1" 200 28 "http://renault.2web.at/account?loadrequest=true" "Mozilla/5.0 (Windows NT 6.1; WOW64; Trident/7.0; rv:11.0) like Gecko"
80.123.80.158 - - [09/Nov/2018:10:29:17 +0100] "GET / HTTP/1.1" 200 3474 "-" "Mozilla/5.0 (Windows NT 10.0; WOW64; Trident/7.0; rv:11.0) like Gecko"
80.123.80.158 - - [09/Nov/2018:10:29:18 +0100] "GET /js/default.js HTTP/1.1" 200 14698 "http://renault.activities.at/" "Mozilla/5.0 (Windows NT 10.0; WOW64; Trident/7.0; rv:11.0) like Gecko"
80.123.80.158 - - [09/Nov/2018:10:29:18 +0100] "GET /js/flashdetection.js HTTP/1.1" 200 1059 "http://renault.activities.at/" "Mozilla/5.0 (Windows NT 10.0; WOW64; Trident/7.0; rv:11.0) like Gecko"
80.123.80.158 - - [09/Nov/2018:10:29:18 +0100] "GET /css/reset.css HTTP/1.1" 200 1356 "http://renault.activities.at/" "Mozilla/5.0 (Windows NT 10.0; WOW64; Trident/7.0; rv:11.0) like Gecko"
80.123.80.158 - - [09/Nov/2018:10:29:18 +0100] "GET /css/clears.css HTTP/1.1" 200 851 "http://renault.activities.at/" "Mozilla/5.0 (Windows NT 10.0; WOW64; Trident/7.0; rv:11.0) like Gecko"
80.123.80.158 - - [09/Nov/2018:10:29:18 +0100] "GET /css/styles.css HTTP/1.1" 200 14664 "http://renault.activities.at/" "Mozilla/5.0 (Windows NT 10.0; WOW64; Trident/7.0; rv:11.0) like Gecko"
80.123.80.158 - - [09/Nov/2018:10:29:18 +0100] "GET /css/themes/default.css HTTP/1.1" 200 769 "http://renault.activities.at/" "Mozilla/5.0 (Windows NT 10.0; WOW64; Trident/7.0; rv:11.0) like Gecko"
80.123.80.158 - - [09/Nov/2018:10:29:18 +0100] "GET /js/checkout.css HTTP/1.1" 200 359 "http://renault.activities.at/" "Mozilla/5.0 (Windows NT 10.0; WOW64; Trident/7.0; rv:11.0) like Gecko"
80.123.80.158 - - [09/Nov/2018:10:29:18 +0100] "GET /css/prototip.css HTTP/1.1" 200 968 "http://renault.activities.at/" "Mozilla/5.0 (Windows NT 10.0; WOW64; Trident/7.0; rv:11.0) like Gecko"
80.123.80.158 - - [09/Nov/2018:10:29:18 +0100] "GET /css/print.css HTTP/1.1" 200 543 "http://renault.activities.at/" "Mozilla/5.0 (Windows NT 10.0; WOW64; Trident/7.0; rv:11.0) like Gecko"
80.123.80.158 - - [09/Nov/2018:10:29:18 +0100] "GET /css/themes/alphacube.css HTTP/1.1" 200 743 "http://renault.activities.at/" "Mozilla/5.0 (Windows NT 10.0; WOW64; Trident/7.0; rv:11.0) like Gecko"
80.123.80.158 - - [09/Nov/2018:10:29:18 +0100] "GET /js/index.php?c=auto&f=,prototype/prototype.js,prototype/validation.js,scriptaculous/builder.js,scriptaculous/effects.js,scriptaculous/dragdrop.js,scriptaculous/controls.js,scriptaculous/slider.js,varien/js.js,varien/form.js,varien/menu.js,mage/translate.js,mage/cookies.js,varien/product.js,spinner/SpinnerControl.jsmin.js,prototype/window.js,prototype/window_ext.js HTTP/1.1" 200 94182 "http://renault.activities.at/" "Mozilla/5.0 (Windows NT 10.0; WOW64; Trident/7.0; rv:11.0) like Gecko"
80.123.80.158 - - [09/Nov/2018:10:29:18 +0100] "GET /images/main_block_corner_right_bot.gif HTTP/1.1" 200 158 "http://renault.activities.at/" "Mozilla/5.0 (Windows NT 10.0; WOW64; Trident/7.0; rv:11.0) like Gecko"
80.123.80.158 - - [09/Nov/2018:10:29:18 +0100] "GET /images/header_block_border.gif HTTP/1.1" 200 43 "http://renault.activities.at/" "Mozilla/5.0 (Windows NT 10.0; WOW64; Trident/7.0; rv:11.0) like Gecko"
80.123.80.158 - - [09/Nov/2018:10:29:18 +0100] "GET /images/header_block_corner_left_top.gif HTTP/1.1" 200 160 "http://renault.activities.at/" "Mozilla/5.0 (Windows NT 10.0; WOW64; Trident/7.0; rv:11.0) like Gecko"
80.123.80.158 - - [09/Nov/2018:10:29:18 +0100] "GET /images/header_block_corner_right_top.gif HTTP/1.1" 200 160 "http://renault.activities.at/" "Mozilla/5.0 (Windows NT 10.0; WOW64; Trident/7.0; rv:11.0) like Gecko"
80.123.80.158 - - [09/Nov/2018:10:29:18 +0100] "GET /images/main_block_border.gif HTTP/1.1" 200 43 "http://renault.activities.at/" "Mozilla/5.0 (Windows NT 10.0; WOW64; Trident/7.0; rv:11.0) like Gecko"
80.123.80.158 - - [09/Nov/2018:10:29:18 +0100] "GET /images/main_block_corner_left_bot.gif HTTP/1.1" 200 159 "http://renault.activities.at/" "Mozilla/5.0 (Windows NT 10.0; WOW64; Trident/7.0; rv:11.0) like Gecko"
80.123.80.158 - - [09/Nov/2018:10:29:18 +0100] "GET /images/title_border_top.jpg HTTP/1.1" 200 336 "http://renault.activities.at/" "Mozilla/5.0 (Windows NT 10.0; WOW64; Trident/7.0; rv:11.0) like Gecko"
80.123.80.158 - - [09/Nov/2018:10:29:18 +0100] "GET /images/main_block_corner_right_top.gif HTTP/1.1" 200 159 "http://renault.activities.at/" "Mozilla/5.0 (Windows NT 10.0; WOW64; Trident/7.0; rv:11.0) like Gecko"
80.123.80.158 - - [09/Nov/2018:10:29:18 +0100] "GET /images/main_block_corner_left_top.gif HTTP/1.1" 200 159 "http://renault.activities.at/" "Mozilla/5.0 (Windows NT 10.0; WOW64; Trident/7.0; rv:11.0) like Gecko"
80.123.80.158 - - [09/Nov/2018:10:29:18 +0100] "GET /images/title_border.jpg HTTP/1.1" 200 304 "http://renault.activities.at/" "Mozilla/5.0 (Windows NT 10.0; WOW64; Trident/7.0; rv:11.0) like Gecko"
80.123.80.158 - - [09/Nov/2018:10:29:18 +0100] "GET /images/title_corner_left_top.jpg HTTP/1.1" 200 372 "http://renault.activities.at/" "Mozilla/5.0 (Windows NT 10.0; WOW64; Trident/7.0; rv:11.0) like Gecko"
80.123.80.158 - - [09/Nov/2018:10:29:18 +0100] "GET /images/favicon.ico HTTP/1.1" 404 305 "-" "Mozilla/5.0 (Windows NT 10.0; Win64; x64; Trident/7.0; rv:11.0) like Gecko"
80.123.80.158 - - [09/Nov/2018:10:29:18 +0100] "GET /images/title_corner_right_top.jpg HTTP/1.1" 200 389 "http://renault.activities.at/" "Mozilla/5.0 (Windows NT 10.0; WOW64; Trident/7.0; rv:11.0) like Gecko"
80.123.80.158 - - [09/Nov/2018:10:29:18 +0100] "GET /loadthumbnail.php?id=11127982 HTTP/1.1" 200 399614 "http://renault.activities.at/" "Mozilla/5.0 (Windows NT 10.0; WOW64; Trident/7.0; rv:11.0) like Gecko"
80.123.80.158 - - [09/Nov/2018:10:29:19 +0100] "GET /login HTTP/1.1" 200 2086 "http://renault.activities.at/" "Mozilla/5.0 (Windows NT 10.0; WOW64; Trident/7.0; rv:11.0) like Gecko"
80.123.80.158 - - [09/Nov/2018:10:29:20 +0100] "GET /images/button_left_bg.gif HTTP/1.1" 200 564 "http://renault.activities.at/login" "Mozilla/5.0 (Windows NT 10.0; WOW64; Trident/7.0; rv:11.0) like Gecko"
80.123.80.158 - - [09/Nov/2018:10:29:20 +0100] "GET /images/button_bg.gif HTTP/1.1" 200 151 "http://renault.activities.at/login" "Mozilla/5.0 (Windows NT 10.0; WOW64; Trident/7.0; rv:11.0) like Gecko"
80.123.80.158 - - [09/Nov/2018:10:29:20 +0100] "GET /images/button_right_bg.gif HTTP/1.1" 200 561 "http://renault.activities.at/login" "Mozilla/5.0 (Windows NT 10.0; WOW64; Trident/7.0; rv:11.0) like Gecko"
80.123.80.158 - - [09/Nov/2018:10:29:20 +0100] "GET /images/favicon.ico HTTP/1.1" 404 305 "-" "Mozilla/5.0 (Windows NT 10.0; Win64; x64; Trident/7.0; rv:11.0) like Gecko"
80.123.80.158 - - [09/Nov/2018:10:29:20 +0100] "GET /favicon.ico HTTP/1.1" 200 3250 "-" "Mozilla/5.0 (Windows NT 10.0; Win64; x64; Trident/7.0; rv:11.0) like Gecko"
80.123.80.158 - - [09/Nov/2018:10:29:24 +0100] "POST /login HTTP/1.1" 302 140 "http://renault.activities.at/login" "Mozilla/5.0 (Windows NT 10.0; WOW64; Trident/7.0; rv:11.0) like Gecko"
213.153.47.173 - - [09/Nov/2018:10:29:26 +0100] "GET /reload?ser=1541755766168 HTTP/1.1" 200 28 "http://renault.activities.at/login?required=true" "Mozilla/5.0 (Windows NT 10.0; Win64; x64; rv:63.0) Gecko/20100101 Firefox/63.0"
80.123.80.158 - - [09/Nov/2018:10:29:25 +0100] "GET /account HTTP/1.1" 200 5937 "http://renault.activities.at/login" "Mozilla/5.0 (Windows NT 10.0; WOW64; Trident/7.0; rv:11.0) like Gecko"
80.123.80.158 - - [09/Nov/2018:10:29:29 +0100] "GET /js/account.js HTTP/1.1" 200 953 "http://renault.activities.at/account" "Mozilla/5.0 (Windows NT 10.0; WOW64; Trident/7.0; rv:11.0) like Gecko"
80.123.80.158 - - [09/Nov/2018:10:29:29 +0100] "GET /images/search_bg.gif HTTP/1.1" 200 1726 "http://renault.activities.at/account" "Mozilla/5.0 (Windows NT 10.0; WOW64; Trident/7.0; rv:11.0) like Gecko"
80.123.80.158 - - [09/Nov/2018:10:29:29 +0100] "GET /images/menu_divider.gif HTTP/1.1" 200 176 "http://renault.activities.at/account" "Mozilla/5.0 (Windows NT 10.0; WOW64; Trident/7.0; rv:11.0) like Gecko"
80.123.80.158 - - [09/Nov/2018:10:29:29 +0100] "GET /images/nav_divider.gif HTTP/1.1" 200 43 "http://renault.activities.at/account" "Mozilla/5.0 (Windows NT 10.0; WOW64; Trident/7.0; rv:11.0) like Gecko"
80.123.80.158 - - [09/Nov/2018:10:29:29 +0100] "GET /images/top_links_divider.gif HTTP/1.1" 200 44 "http://renault.activities.at/account" "Mozilla/5.0 (Windows NT 10.0; WOW64; Trident/7.0; rv:11.0) like Gecko"
80.123.80.158 - - [09/Nov/2018:10:29:29 +0100] "GET /images/sidebar_title_border.gif HTTP/1.1" 200 43 "http://renault.activities.at/account" "Mozilla/5.0 (Windows NT 10.0; WOW64; Trident/7.0; rv:11.0) like Gecko"
80.123.80.158 - - [09/Nov/2018:10:29:29 +0100] "GET /images/menu_button_bg.jpg HTTP/1.1" 200 322 "http://renault.activities.at/account" "Mozilla/5.0 (Windows NT 10.0; WOW64; Trident/7.0; rv:11.0) like Gecko"
80.123.80.158 - - [09/Nov/2018:10:29:29 +0100] "GET /images/sidebar_title_corner_left_top.gif HTTP/1.1" 200 1124 "http://renault.activities.at/account" "Mozilla/5.0 (Windows NT 10.0; WOW64; Trident/7.0; rv:11.0) like Gecko"
80.123.80.158 - - [09/Nov/2018:10:29:29 +0100] "GET /loadthumbnail.php?id=11423690&width=50&height=50 HTTP/1.1" 200 848 "http://renault.activities.at/account" "Mozilla/5.0 (Windows NT 10.0; WOW64; Trident/7.0; rv:11.0) like Gecko"
80.123.80.158 - - [09/Nov/2018:10:29:29 +0100] "GET /images/sidebar_title_corner_right_top.gif HTTP/1.1" 200 383 "http://renault.activities.at/account" "Mozilla/5.0 (Windows NT 10.0; WOW64; Trident/7.0; rv:11.0) like Gecko"
80.123.80.158 - - [09/Nov/2018:10:29:29 +0100] "GET /images/footer_divider.gif HTTP/1.1" 200 44 "http://renault.activities.at/account" "Mozilla/5.0 (Windows NT 10.0; WOW64; Trident/7.0; rv:11.0) like Gecko"
80.123.80.158 - - [09/Nov/2018:10:29:29 +0100] "GET /images/sidebar_title_border_top.gif HTTP/1.1" 200 155 "http://renault.activities.at/account" "Mozilla/5.0 (Windows NT 10.0; WOW64; Trident/7.0; rv:11.0) like Gecko"
80.123.80.158 - - [09/Nov/2018:10:29:29 +0100] "GET /favicon.ico HTTP/1.1" 200 3250 "-" "Mozilla/5.0 (Windows NT 10.0; Win64; x64; Trident/7.0; rv:11.0) like Gecko"
80.123.80.158 - - [09/Nov/2018:10:29:34 +0100] "POST /axjaxrequest?mode=suggest HTTP/1.1" 200 132 "http://renault.activities.at/account" "Mozilla/5.0 (Windows NT 10.0; WOW64; Trident/7.0; rv:11.0) like Gecko"
80.123.80.158 - - [09/Nov/2018:10:29:35 +0100] "POST /axjaxrequest?mode=suggest HTTP/1.1" 200 21 "http://renault.activities.at/account" "Mozilla/5.0 (Windows NT 10.0; WOW64; Trident/7.0; rv:11.0) like Gecko"
80.123.80.158 - - [09/Nov/2018:10:29:36 +0100] "POST /axjaxrequest?mode=suggest HTTP/1.1" 200 21 "http://renault.activities.at/account" "Mozilla/5.0 (Windows NT 10.0; WOW64; Trident/7.0; rv:11.0) like Gecko"
80.123.80.158 - - [09/Nov/2018:10:29:39 +0100] "POST /axjaxrequest?mode=suggest HTTP/1.1" 200 21 "http://renault.activities.at/account" "Mozilla/5.0 (Windows NT 10.0; WOW64; Trident/7.0; rv:11.0) like Gecko"
80.123.80.158 - - [09/Nov/2018:10:29:41 +0100] "POST /axjaxrequest?mode=suggest HTTP/1.1" 200 21 "http://renault.activities.at/account" "Mozilla/5.0 (Windows NT 10.0; WOW64; Trident/7.0; rv:11.0) like Gecko"
80.123.80.158 - - [09/Nov/2018:10:29:42 +0100] "GET /result?searchterm=true&search=dacia+servic+mappe HTTP/1.1" 200 5815 "http://renault.activities.at/account" "Mozilla/5.0 (Windows NT 10.0; WOW64; Trident/7.0; rv:11.0) like Gecko"
80.123.80.158 - - [09/Nov/2018:10:29:44 +0100] "GET /js/prototip.js HTTP/1.1" 200 4588 "http://renault.activities.at/result?searchterm=true&search=dacia+servic+mappe" "Mozilla/5.0 (Windows NT 10.0; WOW64; Trident/7.0; rv:11.0) like Gecko"
80.123.80.158 - - [09/Nov/2018:10:29:44 +0100] "GET /images/loading.gif HTTP/1.1" 200 3208 "http://renault.activities.at/result?searchterm=true&search=dacia+servic+mappe" "Mozilla/5.0 (Windows NT 10.0; WOW64; Trident/7.0; rv:11.0) like Gecko"
80.123.80.158 - - [09/Nov/2018:10:29:44 +0100] "GET /js/ProduktGrp.js HTTP/1.1" 200 1569 "http://renault.activities.at/result?searchterm=true&search=dacia+servic+mappe" "Mozilla/5.0 (Windows NT 10.0; WOW64; Trident/7.0; rv:11.0) like Gecko"
80.123.80.158 - - [09/Nov/2018:10:29:44 +0100] "GET /images/vista-up.gif HTTP/1.1" 200 131 "http://renault.activities.at/result?searchterm=true&search=dacia+servic+mappe" "Mozilla/5.0 (Windows NT 10.0; WOW64; Trident/7.0; rv:11.0) like Gecko"
80.123.80.158 - - [09/Nov/2018:10:29:44 +0100] "GET /images/vista-dn.gif HTTP/1.1" 200 128 "http://renault.activities.at/result?searchterm=true&search=dacia+servic+mappe" "Mozilla/5.0 (Windows NT 10.0; WOW64; Trident/7.0; rv:11.0) like Gecko"
80.123.80.158 - - [09/Nov/2018:10:29:44 +0100] "GET /images/pager_bg.gif HTTP/1.1" 200 150 "http://renault.activities.at/result?searchterm=true&search=dacia+servic+mappe" "Mozilla/5.0 (Windows NT 10.0; WOW64; Trident/7.0; rv:11.0) like Gecko"
80.123.80.158 - - [09/Nov/2018:10:29:44 +0100] "GET /images/validation_advice_bg.gif HTTP/1.1" 200 134 "http://renault.activities.at/result?searchterm=true&search=dacia+servic+mappe" "Mozilla/5.0 (Windows NT 10.0; WOW64; Trident/7.0; rv:11.0) like Gecko"
80.123.80.158 - - [09/Nov/2018:10:29:44 +0100] "GET /loadthumbnail.php?id=10203255 HTTP/1.1" 200 137 "http://renault.activities.at/result?searchterm=true&search=dacia+servic+mappe" "Mozilla/5.0 (Windows NT 10.0; WOW64; Trident/7.0; rv:11.0) like Gecko"
80.123.80.158 - - [09/Nov/2018:10:29:44 +0100] "GET /loadthumbnail.php?id=10269567&width=113 HTTP/1.1" 200 1590 "http://renault.activities.at/result?searchterm=true&search=dacia+servic+mappe" "Mozilla/5.0 (Windows NT 10.0; WOW64; Trident/7.0; rv:11.0) like Gecko"
80.123.80.158 - - [09/Nov/2018:10:29:42 +0100] "POST /axjaxrequest?mode=suggest HTTP/1.1" 200 21 "http://renault.activities.at/account" "Mozilla/5.0 (Windows NT 10.0; WOW64; Trident/7.0; rv:11.0) like Gecko"
80.123.80.158 - - [09/Nov/2018:10:29:46 +0100] "GET /images/vista-up-hover.gif HTTP/1.1" 200 130 "http://renault.activities.at/result?searchterm=true&search=dacia+servic+mappe" "Mozilla/5.0 (Windows NT 10.0; WOW64; Trident/7.0; rv:11.0) like Gecko"
80.123.80.158 - - [09/Nov/2018:10:29:46 +0100] "GET /images/vista-dn-hover.gif HTTP/1.1" 200 127 "http://renault.activities.at/result?searchterm=true&search=dacia+servic+mappe" "Mozilla/5.0 (Windows NT 10.0; WOW64; Trident/7.0; rv:11.0) like Gecko"
80.123.80.158 - - [09/Nov/2018:10:29:50 +0100] "GET /css/themes/alphacube/top_mid.gif HTTP/1.1" 200 833 "http://renault.activities.at/result?searchterm=true&search=dacia+servic+mappe" "Mozilla/5.0 (Windows NT 10.0; WOW64; Trident/7.0; rv:11.0) like Gecko"
80.123.80.158 - - [09/Nov/2018:10:29:50 +0100] "GET /css/themes/alphacube/frame_right.gif HTTP/1.1" 200 64 "http://renault.activities.at/result?searchterm=true&search=dacia+servic+mappe" "Mozilla/5.0 (Windows NT 10.0; WOW64; Trident/7.0; rv:11.0) like Gecko"
80.123.80.158 - - [09/Nov/2018:10:29:50 +0100] "GET /css/themes/alphacube/bottom_middle.gif HTTP/1.1" 200 44 "http://renault.activities.at/result?searchterm=true&search=dacia+servic+mappe" "Mozilla/5.0 (Windows NT 10.0; WOW64; Trident/7.0; rv:11.0) like Gecko"
80.123.80.158 - - [09/Nov/2018:10:29:50 +0100] "GET /css/themes/alphacube/frame_left.gif HTTP/1.1" 200 64 "http://renault.activities.at/result?searchterm=true&search=dacia+servic+mappe" "Mozilla/5.0 (Windows NT 10.0; WOW64; Trident/7.0; rv:11.0) like Gecko"
80.123.80.158 - - [09/Nov/2018:10:29:50 +0100] "GET /css/themes/alphacube/button-close-focus.gif HTTP/1.1" 200 699 "http://renault.activities.at/result?searchterm=true&search=dacia+servic+mappe" "Mozilla/5.0 (Windows NT 10.0; WOW64; Trident/7.0; rv:11.0) like Gecko"
80.123.80.158 - - [09/Nov/2018:10:29:50 +0100] "GET /css/themes/alphacube/top_left.gif HTTP/1.1" 200 973 "http://renault.activities.at/result?searchterm=true&search=dacia+servic+mappe" "Mozilla/5.0 (Windows NT 10.0; WOW64; Trident/7.0; rv:11.0) like Gecko"
80.123.80.158 - - [09/Nov/2018:10:29:50 +0100] "GET /css/themes/alphacube/bottom_right-c.gif HTTP/1.1" 200 62 "http://renault.activities.at/result?searchterm=true&search=dacia+servic+mappe" "Mozilla/5.0 (Windows NT 10.0; WOW64; Trident/7.0; rv:11.0) like Gecko"
80.123.80.158 - - [09/Nov/2018:10:29:50 +0100] "GET /css/themes/alphacube/top_right.gif HTTP/1.1" 200 972 "http://renault.activities.at/result?searchterm=true&search=dacia+servic+mappe" "Mozilla/5.0 (Windows NT 10.0; WOW64; Trident/7.0; rv:11.0) like Gecko"
80.123.80.158 - - [09/Nov/2018:10:29:50 +0100] "GET /css/themes/alphacube/bottom_left-c.gif HTTP/1.1" 200 62 "http://renault.activities.at/result?searchterm=true&search=dacia+servic+mappe" "Mozilla/5.0 (Windows NT 10.0; WOW64; Trident/7.0; rv:11.0) like Gecko"
80.120.148.242 - - [09/Nov/2018:10:29:51 +0100] "GET /reload?ser=1541755791840 HTTP/1.1" 200 28 "http://renault.activities.at/11900795" "Mozilla/5.0 (Windows NT 6.1; Win64; x64) AppleWebKit/537.36 (KHTML, like Gecko) Chrome/70.0.3538.77 Safari/537.36"
80.123.80.158 - - [09/Nov/2018:10:29:50 +0100] "GET /718214?print=true HTTP/1.1" 200 2667 "http://renault.activities.at/result?searchterm=true&search=dacia+servic+mappe" "Mozilla/5.0 (Windows NT 10.0; WOW64; Trident/7.0; rv:11.0) like Gecko"
80.123.80.158 - - [09/Nov/2018:10:29:53 +0100] "GET /js/Produkt.js HTTP/1.1" 200 852 "http://renault.activities.at/718214?print=true" "Mozilla/5.0 (Windows NT 10.0; WOW64; Trident/7.0; rv:11.0) like Gecko"
80.123.80.158 - - [09/Nov/2018:10:29:53 +0100] "GET /js/magiczoom/magiczoom.css HTTP/1.1" 200 1210 "http://renault.activities.at/718214?print=true" "Mozilla/5.0 (Windows NT 10.0; WOW64; Trident/7.0; rv:11.0) like Gecko"
80.123.80.158 - - [09/Nov/2018:10:29:53 +0100] "GET /js/magiczoom/magiczoom.js HTTP/1.1" 200 26397 "http://renault.activities.at/718214?print=true" "Mozilla/5.0 (Windows NT 10.0; WOW64; Trident/7.0; rv:11.0) like Gecko"
80.123.80.158 - - [09/Nov/2018:10:29:53 +0100] "GET /loadthumbnail.php?id=10269567&width=250 HTTP/1.1" 200 3711 "http://renault.activities.at/718214?print=true" "Mozilla/5.0 (Windows NT 10.0; WOW64; Trident/7.0; rv:11.0) like Gecko"
80.123.80.158 - - [09/Nov/2018:10:29:54 +0100] "GET /loadthumbnail.php?id=10269567&width=900&height=900 HTTP/1.1" 200 18264 "http://renault.activities.at/718214?print=true" "Mozilla/5.0 (Windows NT 10.0; WOW64; Trident/7.0; rv:11.0) like Gecko"
80.123.80.158 - - [09/Nov/2018:10:29:54 +0100] "GET /js/magiczoom/graphics/hint.gif HTTP/1.1" 200 73 "http://renault.activities.at/718214?print=true" "Mozilla/5.0 (Windows NT 10.0; WOW64; Trident/7.0; rv:11.0) like Gecko"
80.123.80.158 - - [09/Nov/2018:10:29:55 +0100] "GET /graphics/zoomin.cur HTTP/1.1" 200 3623 "http://renault.activities.at/718214?print=true" "Mozilla/5.0 (Windows NT 10.0; WOW64; Trident/7.0; rv:11.0) like Gecko"
193.194.132.24 - - [09/Nov/2018:10:30:04 +0100] "GET /reload?ser=1541755804488 HTTP/1.1" 200 28 "http://renault.2web.at/account?loadrequest=true" "Mozilla/5.0 (Windows NT 6.1; WOW64; Trident/7.0; rv:11.0) like Gecko"
213.153.47.173 - - [09/Nov/2018:10:30:26 +0100] "GET /reload?ser=1541755826853 HTTP/1.1" 200 28 "http://renault.activities.at/login?required=true" "Mozilla/5.0 (Windows NT 10.0; Win64; x64; rv:63.0) Gecko/20100101 Firefox/63.0"
80.123.80.158 - - [09/Nov/2018:10:30:45 +0100] "GET /reload?ser=1541755844625 HTTP/1.1" 200 28 "http://renault.activities.at/result?searchterm=true&search=dacia+servic+mappe" "Mozilla/5.0 (Windows NT 10.0; WOW64; Trident/7.0; rv:11.0) like Gecko"
80.120.148.242 - - [09/Nov/2018:10:30:53 +0100] "GET /reload?ser=1541755853860 HTTP/1.1" 200 28 "http://renault.activities.at/11900795" "Mozilla/5.0 (Windows NT 6.1; Win64; x64) AppleWebKit/537.36 (KHTML, like Gecko) Chrome/70.0.3538.77 Safari/537.36"
193.194.132.24 - - [09/Nov/2018:10:31:05 +0100] "GET /reload?ser=1541755865557 HTTP/1.1" 200 28 "http://renault.2web.at/account?loadrequest=true" "Mozilla/5.0 (Windows NT 6.1; WOW64; Trident/7.0; rv:11.0) like Gecko"
213.153.47.173 - - [09/Nov/2018:10:31:27 +0100] "GET /reload?ser=1541755887534 HTTP/1.1" 200 28 "http://renault.activities.at/login?required=true" "Mozilla/5.0 (Windows NT 10.0; Win64; x64; rv:63.0) Gecko/20100101 Firefox/63.0"
80.123.80.158 - - [09/Nov/2018:10:31:46 +0100] "GET /reload?ser=1541755905644 HTTP/1.1" 200 28 "http://renault.activities.at/result?searchterm=true&search=dacia+servic+mappe" "Mozilla/5.0 (Windows NT 10.0; WOW64; Trident/7.0; rv:11.0) like Gecko"
80.120.148.242 - - [09/Nov/2018:10:31:55 +0100] "GET /reload?ser=1541755915872 HTTP/1.1" 200 28 "http://renault.activities.at/11900795" "Mozilla/5.0 (Windows NT 6.1; Win64; x64) AppleWebKit/537.36 (KHTML, like Gecko) Chrome/70.0.3538.77 Safari/537.36"
193.194.132.24 - - [09/Nov/2018:10:32:06 +0100] "GET /reload?ser=1541755926639 HTTP/1.1" 200 28 "http://renault.2web.at/account?loadrequest=true" "Mozilla/5.0 (Windows NT 6.1; WOW64; Trident/7.0; rv:11.0) like Gecko"
80.123.80.158 - - [09/Nov/2018:10:32:06 +0100] "POST /718214?print=true HTTP/1.1" 200 2779 "http://renault.activities.at/718214?print=true" "Mozilla/5.0 (Windows NT 10.0; WOW64; Trident/7.0; rv:11.0) like Gecko"
80.123.80.158 - - [09/Nov/2018:10:32:08 +0100] "GET /images/success_msg_icon.gif HTTP/1.1" 200 1024 "http://renault.activities.at/718214?print=true" "Mozilla/5.0 (Windows NT 10.0; WOW64; Trident/7.0; rv:11.0) like Gecko"
80.123.80.158 - - [09/Nov/2018:10:32:10 +0100] "GET /graphics/zoomin.cur HTTP/1.1" 200 3623 "http://renault.activities.at/718214?print=true" "Mozilla/5.0 (Windows NT 10.0; WOW64; Trident/7.0; rv:11.0) like Gecko"
80.123.80.158 - - [09/Nov/2018:10:32:12 +0100] "GET /null HTTP/1.1" 200 3623 "http://renault.activities.at/result?searchterm=true&search=dacia+servic+mappe" "Mozilla/5.0 (Windows NT 10.0; WOW64; Trident/7.0; rv:11.0) like Gecko"
80.123.80.158 - - [09/Nov/2018:10:32:15 +0100] "GET /result?searchterm=true&search=dacia+servic+heft HTTP/1.1" 200 5904 "http://renault.activities.at/result?searchterm=true&search=dacia+servic+mappe" "Mozilla/5.0 (Windows NT 10.0; WOW64; Trident/7.0; rv:11.0) like Gecko"
80.123.80.158 - - [09/Nov/2018:10:32:17 +0100] "GET /loadthumbnail.php?id=10269569&width=113 HTTP/1.1" 200 1309 "http://renault.activities.at/result?searchterm=true&search=dacia+servic+heft" "Mozilla/5.0 (Windows NT 10.0; WOW64; Trident/7.0; rv:11.0) like Gecko"
80.123.80.158 - - [09/Nov/2018:10:32:15 +0100] "POST /axjaxrequest?mode=suggest HTTP/1.1" 200 21 "http://renault.activities.at/result?searchterm=true&search=dacia+servic+mappe" "Mozilla/5.0 (Windows NT 10.0; WOW64; Trident/7.0; rv:11.0) like Gecko"
213.153.47.173 - - [09/Nov/2018:10:32:28 +0100] "GET /reload?ser=1541755948187 HTTP/1.1" 200 28 "http://renault.activities.at/login?required=true" "Mozilla/5.0 (Windows NT 10.0; Win64; x64; rv:63.0) Gecko/20100101 Firefox/63.0"
80.123.80.158 - - [09/Nov/2018:10:32:29 +0100] "POST /result?searchterm=true&search=dacia+servic+heft HTTP/1.1" 200 6007 "http://renault.activities.at/result?searchterm=true&search=dacia+servic+heft" "Mozilla/5.0 (Windows NT 10.0; WOW64; Trident/7.0; rv:11.0) like Gecko"
80.123.80.158 - - [09/Nov/2018:10:32:36 +0100] "POST /axjaxrequest?mode=suggest HTTP/1.1" 200 21 "http://renault.activities.at/result?searchterm=true&search=dacia+servic+heft" "Mozilla/5.0 (Windows NT 10.0; WOW64; Trident/7.0; rv:11.0) like Gecko"
80.123.80.158 - - [09/Nov/2018:10:32:37 +0100] "POST /axjaxrequest?mode=suggest HTTP/1.1" 200 21 "http://renault.activities.at/result?searchterm=true&search=dacia+servic+heft" "Mozilla/5.0 (Windows NT 10.0; WOW64; Trident/7.0; rv:11.0) like Gecko"
80.123.80.158 - - [09/Nov/2018:10:32:38 +0100] "POST /axjaxrequest?mode=suggest HTTP/1.1" 200 21 "http://renault.activities.at/result?searchterm=true&search=dacia+servic+heft" "Mozilla/5.0 (Windows NT 10.0; WOW64; Trident/7.0; rv:11.0) like Gecko"
80.123.80.158 - - [09/Nov/2018:10:32:39 +0100] "GET /result?searchterm=true&search=Renault+servic+heft HTTP/1.1" 200 5907 "http://renault.activities.at/result?searchterm=true&search=dacia+servic+heft" "Mozilla/5.0 (Windows NT 10.0; WOW64; Trident/7.0; rv:11.0) like Gecko"
80.123.80.158 - - [09/Nov/2018:10:32:41 +0100] "GET /result?searchterm=true&search=Renault+servic+heft HTTP/1.1" 200 5907 "http://renault.activities.at/result?searchterm=true&search=dacia+servic+heft" "Mozilla/5.0 (Windows NT 10.0; WOW64; Trident/7.0; rv:11.0) like Gecko"
80.123.80.158 - - [09/Nov/2018:10:32:43 +0100] "GET /loadthumbnail.php?id=11075482&width=113 HTTP/1.1" 200 2349 "http://renault.activities.at/result?searchterm=true&search=Renault+servic+heft" "Mozilla/5.0 (Windows NT 10.0; WOW64; Trident/7.0; rv:11.0) like Gecko"
80.123.80.158 - - [09/Nov/2018:10:32:55 +0100] "POST /result?searchterm=true&search=Renault+servic+heft HTTP/1.1" 200 6009 "http://renault.activities.at/result?searchterm=true&search=Renault+servic+heft" "Mozilla/5.0 (Windows NT 10.0; WOW64; Trident/7.0; rv:11.0) like Gecko"
80.120.148.242 - - [09/Nov/2018:10:32:57 +0100] "GET /reload?ser=1541755977871 HTTP/1.1" 200 28 "http://renault.activities.at/11900795" "Mozilla/5.0 (Windows NT 6.1; Win64; x64) AppleWebKit/537.36 (KHTML, like Gecko) Chrome/70.0.3538.77 Safari/537.36"
80.123.80.158 - - [09/Nov/2018:10:33:04 +0100] "POST /axjaxrequest?mode=suggest HTTP/1.1" 200 21 "http://renault.activities.at/result?searchterm=true&search=Renault+servic+heft" "Mozilla/5.0 (Windows NT 10.0; WOW64; Trident/7.0; rv:11.0) like Gecko"
80.123.80.158 - - [09/Nov/2018:10:33:04 +0100] "GET /result?searchterm=true&search=Renault+servic+Mappe HTTP/1.1" 200 5913 "http://renault.activities.at/result?searchterm=true&search=Renault+servic+heft" "Mozilla/5.0 (Windows NT 10.0; WOW64; Trident/7.0; rv:11.0) like Gecko"
80.123.80.158 - - [09/Nov/2018:10:33:07 +0100] "GET /loadthumbnail.php?id=11075492&width=113 HTTP/1.1" 200 2349 "http://renault.activities.at/result?searchterm=true&search=Renault+servic+Mappe" "Mozilla/5.0 (Windows NT 10.0; WOW64; Trident/7.0; rv:11.0) like Gecko"
193.194.132.24 - - [09/Nov/2018:10:33:07 +0100] "GET /reload?ser=1541755987688 HTTP/1.1" 200 28 "http://renault.2web.at/account?loadrequest=true" "Mozilla/5.0 (Windows NT 6.1; WOW64; Trident/7.0; rv:11.0) like Gecko"
213.153.47.173 - - [09/Nov/2018:10:33:28 +0100] "GET /reload?ser=1541756008840 HTTP/1.1" 200 28 "http://renault.activities.at/login?required=true" "Mozilla/5.0 (Windows NT 10.0; Win64; x64; rv:63.0) Gecko/20100101 Firefox/63.0"
80.120.148.242 - - [09/Nov/2018:10:33:58 +0100] "GET /reload?ser=1541756038870 HTTP/1.1" 200 28 "http://renault.activities.at/11900795" "Mozilla/5.0 (Windows NT 6.1; Win64; x64) AppleWebKit/537.36 (KHTML, like Gecko) Chrome/70.0.3538.77 Safari/537.36"
80.123.80.158 - - [09/Nov/2018:10:34:07 +0100] "GET /reload?ser=1541756047183 HTTP/1.1" 200 28 "http://renault.activities.at/result?searchterm=true&search=Renault+servic+Mappe" "Mozilla/5.0 (Windows NT 10.0; WOW64; Trident/7.0; rv:11.0) like Gecko"
193.194.132.24 - - [09/Nov/2018:10:34:08 +0100] "GET /reload?ser=1541756048758 HTTP/1.1" 200 28 "http://renault.2web.at/account?loadrequest=true" "Mozilla/5.0 (Windows NT 6.1; WOW64; Trident/7.0; rv:11.0) like Gecko"
213.153.47.173 - - [09/Nov/2018:10:34:29 +0100] "GET /reload?ser=1541756069566 HTTP/1.1" 200 28 "http://renault.activities.at/login?required=true" "Mozilla/5.0 (Windows NT 10.0; Win64; x64; rv:63.0) Gecko/20100101 Firefox/63.0"
80.123.80.158 - - [09/Nov/2018:10:34:53 +0100] "POST /result?searchterm=true&search=Renault+servic+Mappe HTTP/1.1" 200 6015 "http://renault.activities.at/result?searchterm=true&search=Renault+servic+Mappe" "Mozilla/5.0 (Windows NT 10.0; WOW64; Trident/7.0; rv:11.0) like Gecko"
80.120.148.242 - - [09/Nov/2018:10:34:59 +0100] "GET /reload?ser=1541756099841 HTTP/1.1" 200 28 "http://renault.activities.at/11900795" "Mozilla/5.0 (Windows NT 6.1; Win64; x64) AppleWebKit/537.36 (KHTML, like Gecko) Chrome/70.0.3538.77 Safari/537.36"
193.194.132.24 - - [09/Nov/2018:10:35:09 +0100] "GET /reload?ser=1541756109821 HTTP/1.1" 200 28 "http://renault.2web.at/account?loadrequest=true" "Mozilla/5.0 (Windows NT 6.1; WOW64; Trident/7.0; rv:11.0) like Gecko"
213.153.47.173 - - [09/Nov/2018:10:35:30 +0100] "GET /reload?ser=1541756130236 HTTP/1.1" 200 28 "http://renault.activities.at/login?required=true" "Mozilla/5.0 (Windows NT 10.0; Win64; x64; rv:63.0) Gecko/20100101 Firefox/63.0"
80.123.80.158 - - [09/Nov/2018:10:35:56 +0100] "GET /reload?ser=1541756156349 HTTP/1.1" 200 28 "http://renault.activities.at/result?searchterm=true&search=Renault+servic+Mappe" "Mozilla/5.0 (Windows NT 10.0; WOW64; Trident/7.0; rv:11.0) like Gecko"
80.120.148.242 - - [09/Nov/2018:10:36:00 +0100] "GET /reload?ser=1541756160875 HTTP/1.1" 200 28 "http://renault.activities.at/11900795" "Mozilla/5.0 (Windows NT 6.1; Win64; x64) AppleWebKit/537.36 (KHTML, like Gecko) Chrome/70.0.3538.77 Safari/537.36"
193.194.132.24 - - [09/Nov/2018:10:36:10 +0100] "GET /reload?ser=1541756170842 HTTP/1.1" 200 28 "http://renault.2web.at/account?loadrequest=true" "Mozilla/5.0 (Windows NT 6.1; WOW64; Trident/7.0; rv:11.0) like Gecko"
213.153.47.173 - - [09/Nov/2018:10:36:30 +0100] "GET /reload?ser=1541756190915 HTTP/1.1" 200 28 "http://renault.activities.at/login?required=true" "Mozilla/5.0 (Windows NT 10.0; Win64; x64; rv:63.0) Gecko/20100101 Firefox/63.0"
80.123.80.158 - - [09/Nov/2018:10:36:57 +0100] "GET /reload?ser=1541756217306 HTTP/1.1" 200 28 "http://renault.activities.at/result?searchterm=true&search=Renault+servic+Mappe" "Mozilla/5.0 (Windows NT 10.0; WOW64; Trident/7.0; rv:11.0) like Gecko"
80.120.148.242 - - [09/Nov/2018:10:37:01 +0100] "GET /reload?ser=1541756221889 HTTP/1.1" 200 28 "http://renault.activities.at/11900795" "Mozilla/5.0 (Windows NT 6.1; Win64; x64) AppleWebKit/537.36 (KHTML, like Gecko) Chrome/70.0.3538.77 Safari/537.36"
193.194.132.24 - - [09/Nov/2018:10:37:12 +0100] "GET /reload?ser=1541756231979 HTTP/1.1" 200 28 "http://renault.2web.at/account?loadrequest=true" "Mozilla/5.0 (Windows NT 6.1; WOW64; Trident/7.0; rv:11.0) like Gecko"
213.153.47.173 - - [09/Nov/2018:10:37:31 +0100] "GET /reload?ser=1541756251575 HTTP/1.1" 200 28 "http://renault.activities.at/login?required=true" "Mozilla/5.0 (Windows NT 10.0; Win64; x64; rv:63.0) Gecko/20100101 Firefox/63.0"
80.123.80.158 - - [09/Nov/2018:10:37:58 +0100] "GET /reload?ser=1541756278309 HTTP/1.1" 200 28 "http://renault.activities.at/result?searchterm=true&search=Renault+servic+Mappe" "Mozilla/5.0 (Windows NT 10.0; WOW64; Trident/7.0; rv:11.0) like Gecko"
80.120.148.242 - - [09/Nov/2018:10:38:03 +0100] "GET /reload?ser=1541756283887 HTTP/1.1" 200 28 "http://renault.activities.at/11900795" "Mozilla/5.0 (Windows NT 6.1; Win64; x64) AppleWebKit/537.36 (KHTML, like Gecko) Chrome/70.0.3538.77 Safari/537.36"
193.194.132.24 - - [09/Nov/2018:10:38:13 +0100] "GET /reload?ser=1541756293019 HTTP/1.1" 200 28 "http://renault.2web.at/account?loadrequest=true" "Mozilla/5.0 (Windows NT 6.1; WOW64; Trident/7.0; rv:11.0) like Gecko"
213.153.47.173 - - [09/Nov/2018:10:38:32 +0100] "GET /reload?ser=1541756312234 HTTP/1.1" 200 28 "http://renault.activities.at/login?required=true" "Mozilla/5.0 (Windows NT 10.0; Win64; x64; rv:63.0) Gecko/20100101 Firefox/63.0"
80.123.80.158 - - [09/Nov/2018:10:38:59 +0100] "GET /reload?ser=1541756339284 HTTP/1.1" 200 28 "http://renault.activities.at/result?searchterm=true&search=Renault+servic+Mappe" "Mozilla/5.0 (Windows NT 10.0; WOW64; Trident/7.0; rv:11.0) like Gecko"
80.120.148.242 - - [09/Nov/2018:10:39:05 +0100] "GET /reload?ser=1541756345897 HTTP/1.1" 200 28 "http://renault.activities.at/11900795" "Mozilla/5.0 (Windows NT 6.1; Win64; x64) AppleWebKit/537.36 (KHTML, like Gecko) Chrome/70.0.3538.77 Safari/537.36"
193.194.132.24 - - [09/Nov/2018:10:39:14 +0100] "GET /reload?ser=1541756354045 HTTP/1.1" 200 28 "http://renault.2web.at/account?loadrequest=true" "Mozilla/5.0 (Windows NT 6.1; WOW64; Trident/7.0; rv:11.0) like Gecko"
213.153.47.173 - - [09/Nov/2018:10:39:32 +0100] "GET /reload?ser=1541756372895 HTTP/1.1" 200 28 "http://renault.activities.at/login?required=true" "Mozilla/5.0 (Windows NT 10.0; Win64; x64; rv:63.0) Gecko/20100101 Firefox/63.0"
80.123.80.158 - - [09/Nov/2018:10:39:51 +0100] "GET /cart HTTP/1.1" 200 5457 "http://renault.activities.at/result?searchterm=true&search=Renault+servic+Mappe" "Mozilla/5.0 (Windows NT 10.0; WOW64; Trident/7.0; rv:11.0) like Gecko"
80.123.80.158 - - [09/Nov/2018:10:39:54 +0100] "GET /loadthumbnail.php?id=10232009&width=16&height=16 HTTP/1.1" 200 700 "http://renault.activities.at/cart" "Mozilla/5.0 (Windows NT 10.0; WOW64; Trident/7.0; rv:11.0) like Gecko"
80.123.80.158 - - [09/Nov/2018:10:39:54 +0100] "GET /loadthumbnail.php?id=11075482&width=100 HTTP/1.1" 200 2117 "http://renault.activities.at/cart" "Mozilla/5.0 (Windows NT 10.0; WOW64; Trident/7.0; rv:11.0) like Gecko"
80.123.80.158 - - [09/Nov/2018:10:39:54 +0100] "GET /loadthumbnail.php?id=11075492&width=100 HTTP/1.1" 200 2117 "http://renault.activities.at/cart" "Mozilla/5.0 (Windows NT 10.0; WOW64; Trident/7.0; rv:11.0) like Gecko"
80.123.80.158 - - [09/Nov/2018:10:39:54 +0100] "GET /loadthumbnail.php?id=10269567&width=100 HTTP/1.1" 200 1333 "http://renault.activities.at/cart" "Mozilla/5.0 (Windows NT 10.0; WOW64; Trident/7.0; rv:11.0) like Gecko"
80.123.80.158 - - [09/Nov/2018:10:39:54 +0100] "GET /loadthumbnail.php?id=10269569&width=100 HTTP/1.1" 200 1229 "http://renault.activities.at/cart" "Mozilla/5.0 (Windows NT 10.0; WOW64; Trident/7.0; rv:11.0) like Gecko"
80.123.80.158 - - [09/Nov/2018:10:39:59 +0100] "POST /cart HTTP/1.1" 200 5515 "http://renault.activities.at/cart" "Mozilla/5.0 (Windows NT 10.0; WOW64; Trident/7.0; rv:11.0) like Gecko"
80.120.148.242 - - [09/Nov/2018:10:40:07 +0100] "GET /reload?ser=1541756407897 HTTP/1.1" 200 28 "http://renault.activities.at/11900795" "Mozilla/5.0 (Windows NT 6.1; Win64; x64) AppleWebKit/537.36 (KHTML, like Gecko) Chrome/70.0.3538.77 Safari/537.36"
80.123.80.158 - - [09/Nov/2018:10:40:09 +0100] "GET /checkout HTTP/1.1" 200 20122 "http://renault.activities.at/cart" "Mozilla/5.0 (Windows NT 10.0; WOW64; Trident/7.0; rv:11.0) like Gecko"
80.123.80.158 - - [09/Nov/2018:10:40:14 +0100] "GET /js/checkout2.js HTTP/1.1" 200 4122 "http://renault.activities.at/checkout" "Mozilla/5.0 (Windows NT 10.0; WOW64; Trident/7.0; rv:11.0) like Gecko"
80.123.80.158 - - [09/Nov/2018:10:40:14 +0100] "GET /images/ajax_loading.gif HTTP/1.1" 200 1542 "http://renault.activities.at/checkout" "Mozilla/5.0 (Windows NT 10.0; WOW64; Trident/7.0; rv:11.0) like Gecko"
80.123.80.158 - - [09/Nov/2018:10:40:14 +0100] "GET /images/step_bg.jpg HTTP/1.1" 200 319 "http://renault.activities.at/checkout" "Mozilla/5.0 (Windows NT 10.0; WOW64; Trident/7.0; rv:11.0) like Gecko"
80.123.80.158 - - [09/Nov/2018:10:40:14 +0100] "GET /images/checkout_border.gif HTTP/1.1" 200 43 "http://renault.activities.at/checkout" "Mozilla/5.0 (Windows NT 10.0; WOW64; Trident/7.0; rv:11.0) like Gecko"
80.123.80.158 - - [09/Nov/2018:10:40:14 +0100] "GET /images/step_marker.gif HTTP/1.1" 200 650 "http://renault.activities.at/checkout" "Mozilla/5.0 (Windows NT 10.0; WOW64; Trident/7.0; rv:11.0) like Gecko"
80.123.80.158 - - [09/Nov/2018:10:40:14 +0100] "GET /images/checkout_border_top.gif HTTP/1.1" 200 156 "http://renault.activities.at/checkout" "Mozilla/5.0 (Windows NT 10.0; WOW64; Trident/7.0; rv:11.0) like Gecko"
80.123.80.158 - - [09/Nov/2018:10:40:14 +0100] "GET /loadthumbnail.php?id=10201939 HTTP/1.1" 200 201 "http://renault.activities.at/checkout" "Mozilla/5.0 (Windows NT 10.0; WOW64; Trident/7.0; rv:11.0) like Gecko"
80.123.80.158 - - [09/Nov/2018:10:40:14 +0100] "GET /loadthumbnail.php?id=10202698 HTTP/1.1" 200 16686 "http://renault.activities.at/checkout" "Mozilla/5.0 (Windows NT 10.0; WOW64; Trident/7.0; rv:11.0) like Gecko"
193.194.132.24 - - [09/Nov/2018:10:40:15 +0100] "GET /reload?ser=1541756415157 HTTP/1.1" 200 28 "http://renault.2web.at/account?loadrequest=true" "Mozilla/5.0 (Windows NT 6.1; WOW64; Trident/7.0; rv:11.0) like Gecko"
80.123.80.158 - - [09/Nov/2018:10:40:18 +0100] "POST /docheckout HTTP/1.1" 200 460 "http://renault.activities.at/checkout" "Mozilla/5.0 (Windows NT 10.0; WOW64; Trident/7.0; rv:11.0) like Gecko"
80.123.80.158 - - [09/Nov/2018:10:40:21 +0100] "POST /docheckout HTTP/1.1" 200 694 "http://renault.activities.at/checkout" "Mozilla/5.0 (Windows NT 10.0; WOW64; Trident/7.0; rv:11.0) like Gecko"
80.123.80.158 - - [09/Nov/2018:10:40:23 +0100] "GET /images/error_msg_icon.gif HTTP/1.1" 200 1013 "http://renault.activities.at/checkout" "Mozilla/5.0 (Windows NT 10.0; WOW64; Trident/7.0; rv:11.0) like Gecko"
80.123.80.158 - - [09/Nov/2018:10:40:22 +0100] "POST /docheckout HTTP/1.1" 200 68 "http://renault.activities.at/checkout" "Mozilla/5.0 (Windows NT 10.0; WOW64; Trident/7.0; rv:11.0) like Gecko"
80.123.80.158 - - [09/Nov/2018:10:40:25 +0100] "POST /docheckout HTTP/1.1" 200 81 "http://renault.activities.at/checkout" "Mozilla/5.0 (Windows NT 10.0; WOW64; Trident/7.0; rv:11.0) like Gecko"
80.123.80.158 - - [09/Nov/2018:10:40:26 +0100] "GET /success HTTP/1.1" 200 3791 "http://renault.activities.at/checkout" "Mozilla/5.0 (Windows NT 10.0; WOW64; Trident/7.0; rv:11.0) like Gecko"
80.123.80.158 - - [09/Nov/2018:10:40:27 +0100] "GET /cart?datachange=true HTTP/1.1" 200 3771 "http://renault.activities.at/checkout" "Mozilla/5.0 (Windows NT 10.0; WOW64; Trident/7.0; rv:11.0) like Gecko"
213.153.47.173 - - [09/Nov/2018:10:40:33 +0100] "GET /reload?ser=1541756433574 HTTP/1.1" 200 28 "http://renault.activities.at/login?required=true" "Mozilla/5.0 (Windows NT 10.0; Win64; x64; rv:63.0) Gecko/20100101 Firefox/63.0"
80.123.80.158 - - [09/Nov/2018:10:40:36 +0100] "GET /logout HTTP/1.1" 302 140 "http://renault.activities.at/cart?datachange=true" "Mozilla/5.0 (Windows NT 10.0; WOW64; Trident/7.0; rv:11.0) like Gecko"
80.123.80.158 - - [09/Nov/2018:10:40:37 +0100] "GET /logout HTTP/1.1" 200 1583 "http://renault.activities.at/cart?datachange=true" "Mozilla/5.0 (Windows NT 10.0; WOW64; Trident/7.0; rv:11.0) like Gecko"
80.120.148.242 - - [09/Nov/2018:10:41:08 +0100] "GET /reload?ser=1541756468887 HTTP/1.1" 200 28 "http://renault.activities.at/11900795" "Mozilla/5.0 (Windows NT 6.1; Win64; x64) AppleWebKit/537.36 (KHTML, like Gecko) Chrome/70.0.3538.77 Safari/537.36"
193.194.132.24 - - [09/Nov/2018:10:41:16 +0100] "GET /reload?ser=1541756476179 HTTP/1.1" 200 28 "http://renault.2web.at/account?loadrequest=true" "Mozilla/5.0 (Windows NT 6.1; WOW64; Trident/7.0; rv:11.0) like Gecko"
213.153.47.173 - - [09/Nov/2018:10:41:34 +0100] "GET /reload?ser=1541756494234 HTTP/1.1" 200 28 "http://renault.activities.at/login?required=true" "Mozilla/5.0 (Windows NT 10.0; Win64; x64; rv:63.0) Gecko/20100101 Firefox/63.0"
80.120.148.242 - - [09/Nov/2018:10:42:09 +0100] "GET /reload?ser=1541756529884 HTTP/1.1" 200 28 "http://renault.activities.at/11900795" "Mozilla/5.0 (Windows NT 6.1; Win64; x64) AppleWebKit/537.36 (KHTML, like Gecko) Chrome/70.0.3538.77 Safari/537.36"
193.194.132.24 - - [09/Nov/2018:10:42:17 +0100] "GET /reload?ser=1541756537300 HTTP/1.1" 200 28 "http://renault.2web.at/account?loadrequest=true" "Mozilla/5.0 (Windows NT 6.1; WOW64; Trident/7.0; rv:11.0) like Gecko"
213.153.47.173 - - [09/Nov/2018:10:42:34 +0100] "GET /reload?ser=1541756554894 HTTP/1.1" 200 28 "http://renault.activities.at/login?required=true" "Mozilla/5.0 (Windows NT 10.0; Win64; x64; rv:63.0) Gecko/20100101 Firefox/63.0"
80.120.148.242 - - [09/Nov/2018:10:43:10 +0100] "GET /reload?ser=1541756590910 HTTP/1.1" 200 28 "http://renault.activities.at/11900795" "Mozilla/5.0 (Windows NT 6.1; Win64; x64) AppleWebKit/537.36 (KHTML, like Gecko) Chrome/70.0.3538.77 Safari/537.36"
193.194.132.24 - - [09/Nov/2018:10:43:18 +0100] "GET /reload?ser=1541756598351 HTTP/1.1" 200 28 "http://renault.2web.at/account?loadrequest=true" "Mozilla/5.0 (Windows NT 6.1; WOW64; Trident/7.0; rv:11.0) like Gecko"
213.153.47.173 - - [09/Nov/2018:10:43:35 +0100] "GET /reload?ser=1541756615574 HTTP/1.1" 200 28 "http://renault.activities.at/login?required=true" "Mozilla/5.0 (Windows NT 10.0; Win64; x64; rv:63.0) Gecko/20100101 Firefox/63.0"
80.120.148.242 - - [09/Nov/2018:10:44:11 +0100] "GET /reload?ser=1541756651907 HTTP/1.1" 200 28 "http://renault.activities.at/11900795" "Mozilla/5.0 (Windows NT 6.1; Win64; x64) AppleWebKit/537.36 (KHTML, like Gecko) Chrome/70.0.3538.77 Safari/537.36"
193.194.132.24 - - [09/Nov/2018:10:44:19 +0100] "GET /reload?ser=1541756659418 HTTP/1.1" 200 28 "http://renault.2web.at/account?loadrequest=true" "Mozilla/5.0 (Windows NT 6.1; WOW64; Trident/7.0; rv:11.0) like Gecko"
213.153.47.173 - - [09/Nov/2018:10:44:36 +0100] "GET /reload?ser=1541756676235 HTTP/1.1" 200 28 "http://renault.activities.at/login?required=true" "Mozilla/5.0 (Windows NT 10.0; Win64; x64; rv:63.0) Gecko/20100101 Firefox/63.0"
80.120.148.242 - - [09/Nov/2018:10:45:13 +0100] "GET /reload?ser=1541756713907 HTTP/1.1" 200 28 "http://renault.activities.at/11900795" "Mozilla/5.0 (Windows NT 6.1; Win64; x64) AppleWebKit/537.36 (KHTML, like Gecko) Chrome/70.0.3538.77 Safari/537.36"
193.194.132.24 - - [09/Nov/2018:10:45:20 +0100] "GET /reload?ser=1541756720498 HTTP/1.1" 200 28 "http://renault.2web.at/account?loadrequest=true" "Mozilla/5.0 (Windows NT 6.1; WOW64; Trident/7.0; rv:11.0) like Gecko"
213.153.47.173 - - [09/Nov/2018:10:45:36 +0100] "GET /reload?ser=1541756736906 HTTP/1.1" 200 28 "http://renault.activities.at/login?required=true" "Mozilla/5.0 (Windows NT 10.0; Win64; x64; rv:63.0) Gecko/20100101 Firefox/63.0"
80.120.148.242 - - [09/Nov/2018:10:46:15 +0100] "GET /reload?ser=1541756775881 HTTP/1.1" 200 28 "http://renault.activities.at/11900795" "Mozilla/5.0 (Windows NT 6.1; Win64; x64) AppleWebKit/537.36 (KHTML, like Gecko) Chrome/70.0.3538.77 Safari/537.36"
193.194.132.24 - - [09/Nov/2018:10:46:21 +0100] "GET /reload?ser=1541756781596 HTTP/1.1" 200 28 "http://renault.2web.at/account?loadrequest=true" "Mozilla/5.0 (Windows NT 6.1; WOW64; Trident/7.0; rv:11.0) like Gecko"
213.153.47.173 - - [09/Nov/2018:10:46:37 +0100] "GET /reload?ser=1541756797566 HTTP/1.1" 200 28 "http://renault.activities.at/login?required=true" "Mozilla/5.0 (Windows NT 10.0; Win64; x64; rv:63.0) Gecko/20100101 Firefox/63.0"
80.120.148.242 - - [09/Nov/2018:10:47:16 +0100] "GET /reload?ser=1541756836893 HTTP/1.1" 200 28 "http://renault.activities.at/11900795" "Mozilla/5.0 (Windows NT 6.1; Win64; x64) AppleWebKit/537.36 (KHTML, like Gecko) Chrome/70.0.3538.77 Safari/537.36"
193.194.132.24 - - [09/Nov/2018:10:47:22 +0100] "GET /reload?ser=1541756842732 HTTP/1.1" 200 28 "http://renault.2web.at/account?loadrequest=true" "Mozilla/5.0 (Windows NT 6.1; WOW64; Trident/7.0; rv:11.0) like Gecko"
213.153.47.173 - - [09/Nov/2018:10:47:38 +0100] "GET /reload?ser=1541756858246 HTTP/1.1" 200 28 "http://renault.activities.at/login?required=true" "Mozilla/5.0 (Windows NT 10.0; Win64; x64; rv:63.0) Gecko/20100101 Firefox/63.0"
80.120.148.242 - - [09/Nov/2018:10:48:18 +0100] "GET /reload?ser=1541756898919 HTTP/1.1" 200 28 "http://renault.activities.at/11900795" "Mozilla/5.0 (Windows NT 6.1; Win64; x64) AppleWebKit/537.36 (KHTML, like Gecko) Chrome/70.0.3538.77 Safari/537.36"
193.194.132.24 - - [09/Nov/2018:10:48:23 +0100] "GET /reload?ser=1541756903776 HTTP/1.1" 200 28 "http://renault.2web.at/account?loadrequest=true" "Mozilla/5.0 (Windows NT 6.1; WOW64; Trident/7.0; rv:11.0) like Gecko"
213.153.47.173 - - [09/Nov/2018:10:48:38 +0100] "GET /reload?ser=1541756918907 HTTP/1.1" 200 28 "http://renault.activities.at/login?required=true" "Mozilla/5.0 (Windows NT 10.0; Win64; x64; rv:63.0) Gecko/20100101 Firefox/63.0"
80.120.148.242 - - [09/Nov/2018:10:49:20 +0100] "GET /reload?ser=1541756960891 HTTP/1.1" 200 28 "http://renault.activities.at/11900795" "Mozilla/5.0 (Windows NT 6.1; Win64; x64) AppleWebKit/537.36 (KHTML, like Gecko) Chrome/70.0.3538.77 Safari/537.36"
193.194.132.24 - - [09/Nov/2018:10:49:24 +0100] "GET /reload?ser=1541756964832 HTTP/1.1" 200 28 "http://renault.2web.at/account?loadrequest=true" "Mozilla/5.0 (Windows NT 6.1; WOW64; Trident/7.0; rv:11.0) like Gecko"
213.153.47.173 - - [09/Nov/2018:10:49:39 +0100] "GET /reload?ser=1541756979557 HTTP/1.1" 200 28 "http://renault.activities.at/login?required=true" "Mozilla/5.0 (Windows NT 10.0; Win64; x64; rv:63.0) Gecko/20100101 Firefox/63.0"
80.120.148.242 - - [09/Nov/2018:10:50:21 +0100] "GET /reload?ser=1541757021899 HTTP/1.1" 200 28 "http://renault.activities.at/11900795" "Mozilla/5.0 (Windows NT 6.1; Win64; x64) AppleWebKit/537.36 (KHTML, like Gecko) Chrome/70.0.3538.77 Safari/537.36"
193.194.132.24 - - [09/Nov/2018:10:50:25 +0100] "GET /reload?ser=1541757025928 HTTP/1.1" 200 28 "http://renault.2web.at/account?loadrequest=true" "Mozilla/5.0 (Windows NT 6.1; WOW64; Trident/7.0; rv:11.0) like Gecko"
213.153.47.173 - - [09/Nov/2018:10:50:40 +0100] "GET /reload?ser=1541757040238 HTTP/1.1" 200 28 "http://renault.activities.at/login?required=true" "Mozilla/5.0 (Windows NT 10.0; Win64; x64; rv:63.0) Gecko/20100101 Firefox/63.0"
80.120.148.242 - - [09/Nov/2018:10:51:22 +0100] "GET /reload?ser=1541757082911 HTTP/1.1" 200 28 "http://renault.activities.at/11900795" "Mozilla/5.0 (Windows NT 6.1; Win64; x64) AppleWebKit/537.36 (KHTML, like Gecko) Chrome/70.0.3538.77 Safari/537.36"
193.194.132.24 - - [09/Nov/2018:10:51:27 +0100] "GET /reload?ser=1541757087025 HTTP/1.1" 200 28 "http://renault.2web.at/account?loadrequest=true" "Mozilla/5.0 (Windows NT 6.1; WOW64; Trident/7.0; rv:11.0) like Gecko"
213.153.47.173 - - [09/Nov/2018:10:51:40 +0100] "GET /reload?ser=1541757100907 HTTP/1.1" 200 28 "http://renault.activities.at/login?required=true" "Mozilla/5.0 (Windows NT 10.0; Win64; x64; rv:63.0) Gecko/20100101 Firefox/63.0"
