213.147.182.108 - - [09/Nov/2018:12:25:37 +0100] "GET / HTTP/1.1" 200 3474 "-" "Mozilla/5.0 (iPhone; CPU iPhone OS 12_0_1 like Mac OS X) AppleWebKit/605.1.15 (KHTML, like Gecko) Version/12.0 Mobile/15E148 Safari/604.1"
213.147.182.108 - - [09/Nov/2018:12:25:39 +0100] "GET /apple-touch-icon-120x120-precomposed.png HTTP/1.1" 200 1559 "-" "MobileSafari/604.1 CFNetwork/974.2.1 Darwin/18.0.0"
213.147.182.108 - - [09/Nov/2018:12:25:40 +0100] "GET /apple-touch-icon-120x120.png HTTP/1.1" 200 1559 "-" "MobileSafari/604.1 CFNetwork/974.2.1 Darwin/18.0.0"
213.147.182.108 - - [09/Nov/2018:12:25:41 +0100] "GET /apple-touch-icon-precomposed.png HTTP/1.1" 200 1559 "-" "MobileSafari/604.1 CFNetwork/974.2.1 Darwin/18.0.0"
213.147.182.108 - - [09/Nov/2018:12:25:42 +0100] "GET /apple-touch-icon.png HTTP/1.1" 200 1559 "-" "MobileSafari/604.1 CFNetwork/974.2.1 Darwin/18.0.0"
213.147.182.108 - - [09/Nov/2018:12:25:43 +0100] "GET /images/favicon.ico HTTP/1.1" 404 305 "-" "MobileSafari/604.1 CFNetwork/974.2.1 Darwin/18.0.0"
213.147.182.108 - - [09/Nov/2018:12:25:43 +0100] "GET /images/favicon.ico HTTP/1.1" 404 305 "-" "MobileSafari/604.1 CFNetwork/974.2.1 Darwin/18.0.0"
213.147.182.108 - - [09/Nov/2018:12:25:43 +0100] "GET /favicon.ico HTTP/1.1" 200 3250 "-" "MobileSafari/604.1 CFNetwork/974.2.1 Darwin/18.0.0"
213.153.47.173 - - [09/Nov/2018:12:25:43 +0100] "GET /reload?ser=1541762742933 HTTP/1.1" 200 28 "http://renault.activities.at/login?required=true" "Mozilla/5.0 (Windows NT 10.0; Win64; x64; rv:63.0) Gecko/20100101 Firefox/63.0"
213.147.182.108 - - [09/Nov/2018:12:25:43 +0100] "GET /apple-touch-icon-120x120-precomposed.png HTTP/1.1" 200 1559 "-" "MobileSafari/604.1 CFNetwork/974.2.1 Darwin/18.0.0"
213.147.182.108 - - [09/Nov/2018:12:25:44 +0100] "GET /apple-touch-icon-120x120.png HTTP/1.1" 200 1559 "-" "MobileSafari/604.1 CFNetwork/974.2.1 Darwin/18.0.0"
213.147.182.108 - - [09/Nov/2018:12:25:45 +0100] "GET /apple-touch-icon-precomposed.png HTTP/1.1" 200 1559 "-" "MobileSafari/604.1 CFNetwork/974.2.1 Darwin/18.0.0"
213.147.182.108 - - [09/Nov/2018:12:25:46 +0100] "GET /apple-touch-icon.png HTTP/1.1" 200 1559 "-" "MobileSafari/604.1 CFNetwork/974.2.1 Darwin/18.0.0"
213.147.182.108 - - [09/Nov/2018:12:25:47 +0100] "GET /images/favicon.ico HTTP/1.1" 404 305 "-" "MobileSafari/604.1 CFNetwork/974.2.1 Darwin/18.0.0"
213.147.182.108 - - [09/Nov/2018:12:25:47 +0100] "GET /images/favicon.ico HTTP/1.1" 404 305 "-" "MobileSafari/604.1 CFNetwork/974.2.1 Darwin/18.0.0"
213.147.182.108 - - [09/Nov/2018:12:25:48 +0100] "GET /favicon.ico HTTP/1.1" 200 3250 "-" "MobileSafari/604.1 CFNetwork/974.2.1 Darwin/18.0.0"
193.194.132.24 - - [09/Nov/2018:12:26:08 +0100] "GET /reload?ser=1541762768210 HTTP/1.1" 200 28 "http://renault.2web.at/account?loadrequest=true" "Mozilla/5.0 (Windows NT 6.1; WOW64; Trident/7.0; rv:11.0) like Gecko"
80.120.148.242 - - [09/Nov/2018:12:26:13 +0100] "GET /reload?ser=1541762773263 HTTP/1.1" 200 28 "http://renault.activities.at/11900795" "Mozilla/5.0 (Windows NT 6.1; Win64; x64) AppleWebKit/537.36 (KHTML, like Gecko) Chrome/70.0.3538.77 Safari/537.36"
213.153.47.173 - - [09/Nov/2018:12:26:43 +0100] "GET /reload?ser=1541762803595 HTTP/1.1" 200 28 "http://renault.activities.at/login?required=true" "Mozilla/5.0 (Windows NT 10.0; Win64; x64; rv:63.0) Gecko/20100101 Firefox/63.0"
193.194.132.24 - - [09/Nov/2018:12:27:09 +0100] "GET /reload?ser=1541762829301 HTTP/1.1" 200 28 "http://renault.2web.at/account?loadrequest=true" "Mozilla/5.0 (Windows NT 6.1; WOW64; Trident/7.0; rv:11.0) like Gecko"
80.120.148.242 - - [09/Nov/2018:12:27:15 +0100] "GET /reload?ser=1541762835273 HTTP/1.1" 200 28 "http://renault.activities.at/11900795" "Mozilla/5.0 (Windows NT 6.1; Win64; x64) AppleWebKit/537.36 (KHTML, like Gecko) Chrome/70.0.3538.77 Safari/537.36"
213.153.47.173 - - [09/Nov/2018:12:27:44 +0100] "GET /reload?ser=1541762864256 HTTP/1.1" 200 28 "http://renault.activities.at/login?required=true" "Mozilla/5.0 (Windows NT 10.0; Win64; x64; rv:63.0) Gecko/20100101 Firefox/63.0"
193.194.132.24 - - [09/Nov/2018:12:28:10 +0100] "GET /reload?ser=1541762890377 HTTP/1.1" 200 28 "http://renault.2web.at/account?loadrequest=true" "Mozilla/5.0 (Windows NT 6.1; WOW64; Trident/7.0; rv:11.0) like Gecko"
80.120.148.242 - - [09/Nov/2018:12:28:16 +0100] "GET /reload?ser=1541762896256 HTTP/1.1" 200 28 "http://renault.activities.at/11900795" "Mozilla/5.0 (Windows NT 6.1; Win64; x64) AppleWebKit/537.36 (KHTML, like Gecko) Chrome/70.0.3538.77 Safari/537.36"
213.153.47.173 - - [09/Nov/2018:12:28:44 +0100] "GET /reload?ser=1541762924927 HTTP/1.1" 200 28 "http://renault.activities.at/login?required=true" "Mozilla/5.0 (Windows NT 10.0; Win64; x64; rv:63.0) Gecko/20100101 Firefox/63.0"
193.194.132.24 - - [09/Nov/2018:12:29:11 +0100] "GET /reload?ser=1541762951449 HTTP/1.1" 200 28 "http://renault.2web.at/account?loadrequest=true" "Mozilla/5.0 (Windows NT 6.1; WOW64; Trident/7.0; rv:11.0) like Gecko"
80.120.148.242 - - [09/Nov/2018:12:29:18 +0100] "GET /reload?ser=1541762958282 HTTP/1.1" 200 28 "http://renault.activities.at/11900795" "Mozilla/5.0 (Windows NT 6.1; Win64; x64) AppleWebKit/537.36 (KHTML, like Gecko) Chrome/70.0.3538.77 Safari/537.36"
213.153.47.173 - - [09/Nov/2018:12:29:45 +0100] "GET /reload?ser=1541762985590 HTTP/1.1" 200 28 "http://renault.activities.at/login?required=true" "Mozilla/5.0 (Windows NT 10.0; Win64; x64; rv:63.0) Gecko/20100101 Firefox/63.0"
193.194.132.24 - - [09/Nov/2018:12:30:12 +0100] "GET /reload?ser=1541763012518 HTTP/1.1" 200 28 "http://renault.2web.at/account?loadrequest=true" "Mozilla/5.0 (Windows NT 6.1; WOW64; Trident/7.0; rv:11.0) like Gecko"
80.120.148.242 - - [09/Nov/2018:12:30:19 +0100] "GET /reload?ser=1541763019273 HTTP/1.1" 200 28 "http://renault.activities.at/11900795" "Mozilla/5.0 (Windows NT 6.1; Win64; x64) AppleWebKit/537.36 (KHTML, like Gecko) Chrome/70.0.3538.77 Safari/537.36"
213.153.47.173 - - [09/Nov/2018:12:30:46 +0100] "GET /reload?ser=1541763046261 HTTP/1.1" 200 28 "http://renault.activities.at/login?required=true" "Mozilla/5.0 (Windows NT 10.0; Win64; x64; rv:63.0) Gecko/20100101 Firefox/63.0"
193.194.132.24 - - [09/Nov/2018:12:31:13 +0100] "GET /reload?ser=1541763073617 HTTP/1.1" 200 28 "http://renault.2web.at/account?loadrequest=true" "Mozilla/5.0 (Windows NT 6.1; WOW64; Trident/7.0; rv:11.0) like Gecko"
80.120.148.242 - - [09/Nov/2018:12:31:20 +0100] "GET /reload?ser=1541763080272 HTTP/1.1" 200 28 "http://renault.activities.at/11900795" "Mozilla/5.0 (Windows NT 6.1; Win64; x64) AppleWebKit/537.36 (KHTML, like Gecko) Chrome/70.0.3538.77 Safari/537.36"
213.153.47.173 - - [09/Nov/2018:12:31:46 +0100] "GET /reload?ser=1541763106932 HTTP/1.1" 200 28 "http://renault.activities.at/login?required=true" "Mozilla/5.0 (Windows NT 10.0; Win64; x64; rv:63.0) Gecko/20100101 Firefox/63.0"
193.194.132.24 - - [09/Nov/2018:12:32:14 +0100] "GET /reload?ser=1541763134642 HTTP/1.1" 200 28 "http://renault.2web.at/account?loadrequest=true" "Mozilla/5.0 (Windows NT 6.1; WOW64; Trident/7.0; rv:11.0) like Gecko"
80.120.148.242 - - [09/Nov/2018:12:32:21 +0100] "GET /reload?ser=1541763141302 HTTP/1.1" 200 28 "http://renault.activities.at/11900795" "Mozilla/5.0 (Windows NT 6.1; Win64; x64) AppleWebKit/537.36 (KHTML, like Gecko) Chrome/70.0.3538.77 Safari/537.36"
213.153.47.173 - - [09/Nov/2018:12:32:47 +0100] "GET /reload?ser=1541763167613 HTTP/1.1" 200 28 "http://renault.activities.at/login?required=true" "Mozilla/5.0 (Windows NT 10.0; Win64; x64; rv:63.0) Gecko/20100101 Firefox/63.0"
193.194.132.24 - - [09/Nov/2018:12:33:15 +0100] "GET /reload?ser=1541763195731 HTTP/1.1" 200 28 "http://renault.2web.at/account?loadrequest=true" "Mozilla/5.0 (Windows NT 6.1; WOW64; Trident/7.0; rv:11.0) like Gecko"
80.120.148.242 - - [09/Nov/2018:12:33:22 +0100] "GET /reload?ser=1541763202310 HTTP/1.1" 200 28 "http://renault.activities.at/11900795" "Mozilla/5.0 (Windows NT 6.1; Win64; x64) AppleWebKit/537.36 (KHTML, like Gecko) Chrome/70.0.3538.77 Safari/537.36"
213.153.47.173 - - [09/Nov/2018:12:33:48 +0100] "GET /reload?ser=1541763228284 HTTP/1.1" 200 28 "http://renault.activities.at/login?required=true" "Mozilla/5.0 (Windows NT 10.0; Win64; x64; rv:63.0) Gecko/20100101 Firefox/63.0"
193.194.132.24 - - [09/Nov/2018:12:34:16 +0100] "GET /reload?ser=1541763256837 HTTP/1.1" 200 28 "http://renault.2web.at/account?loadrequest=true" "Mozilla/5.0 (Windows NT 6.1; WOW64; Trident/7.0; rv:11.0) like Gecko"
213.225.12.71 - - [09/Nov/2018:12:34:19 +0100] "GET / HTTP/1.1" 200 3474 "https://www.google.at/" "Mozilla/5.0 (iPhone; CPU iPhone OS 12_0_1 like Mac OS X) AppleWebKit/605.1.15 (KHTML, like Gecko) Version/12.0 Mobile/15E148 Safari/604.1"
213.225.12.71 - - [09/Nov/2018:12:34:20 +0100] "GET /js/flashdetection.js HTTP/1.1" 200 1059 "http://renault.activities.at/" "Mozilla/5.0 (iPhone; CPU iPhone OS 12_0_1 like Mac OS X) AppleWebKit/605.1.15 (KHTML, like Gecko) Version/12.0 Mobile/15E148 Safari/604.1"
213.225.12.71 - - [09/Nov/2018:12:34:20 +0100] "GET /css/reset.css HTTP/1.1" 200 1356 "http://renault.activities.at/" "Mozilla/5.0 (iPhone; CPU iPhone OS 12_0_1 like Mac OS X) AppleWebKit/605.1.15 (KHTML, like Gecko) Version/12.0 Mobile/15E148 Safari/604.1"
213.225.12.71 - - [09/Nov/2018:12:34:20 +0100] "GET /js/default.js HTTP/1.1" 200 14698 "http://renault.activities.at/" "Mozilla/5.0 (iPhone; CPU iPhone OS 12_0_1 like Mac OS X) AppleWebKit/605.1.15 (KHTML, like Gecko) Version/12.0 Mobile/15E148 Safari/604.1"
213.225.12.71 - - [09/Nov/2018:12:34:20 +0100] "GET /css/clears.css HTTP/1.1" 200 851 "http://renault.activities.at/" "Mozilla/5.0 (iPhone; CPU iPhone OS 12_0_1 like Mac OS X) AppleWebKit/605.1.15 (KHTML, like Gecko) Version/12.0 Mobile/15E148 Safari/604.1"
213.225.12.71 - - [09/Nov/2018:12:34:20 +0100] "GET /css/styles.css HTTP/1.1" 200 14664 "http://renault.activities.at/" "Mozilla/5.0 (iPhone; CPU iPhone OS 12_0_1 like Mac OS X) AppleWebKit/605.1.15 (KHTML, like Gecko) Version/12.0 Mobile/15E148 Safari/604.1"
213.225.12.71 - - [09/Nov/2018:12:34:20 +0100] "GET /js/checkout.css HTTP/1.1" 200 359 "http://renault.activities.at/" "Mozilla/5.0 (iPhone; CPU iPhone OS 12_0_1 like Mac OS X) AppleWebKit/605.1.15 (KHTML, like Gecko) Version/12.0 Mobile/15E148 Safari/604.1"
213.225.12.71 - - [09/Nov/2018:12:34:20 +0100] "GET /css/prototip.css HTTP/1.1" 200 968 "http://renault.activities.at/" "Mozilla/5.0 (iPhone; CPU iPhone OS 12_0_1 like Mac OS X) AppleWebKit/605.1.15 (KHTML, like Gecko) Version/12.0 Mobile/15E148 Safari/604.1"
213.225.12.71 - - [09/Nov/2018:12:34:20 +0100] "GET /css/themes/default.css HTTP/1.1" 200 769 "http://renault.activities.at/" "Mozilla/5.0 (iPhone; CPU iPhone OS 12_0_1 like Mac OS X) AppleWebKit/605.1.15 (KHTML, like Gecko) Version/12.0 Mobile/15E148 Safari/604.1"
213.225.12.71 - - [09/Nov/2018:12:34:20 +0100] "GET /css/themes/alphacube.css HTTP/1.1" 200 743 "http://renault.activities.at/" "Mozilla/5.0 (iPhone; CPU iPhone OS 12_0_1 like Mac OS X) AppleWebKit/605.1.15 (KHTML, like Gecko) Version/12.0 Mobile/15E148 Safari/604.1"
213.225.12.71 - - [09/Nov/2018:12:34:20 +0100] "GET /js/index.php?c=auto&f=,prototype/prototype.js,prototype/validation.js,scriptaculous/builder.js,scriptaculous/effects.js,scriptaculous/dragdrop.js,scriptaculous/controls.js,scriptaculous/slider.js,varien/js.js,varien/form.js,varien/menu.js,mage/translate.js,mage/cookies.js,varien/product.js,spinner/SpinnerControl.jsmin.js,prototype/window.js,prototype/window_ext.js HTTP/1.1" 200 94182 "http://renault.activities.at/" "Mozilla/5.0 (iPhone; CPU iPhone OS 12_0_1 like Mac OS X) AppleWebKit/605.1.15 (KHTML, like Gecko) Version/12.0 Mobile/15E148 Safari/604.1"
213.225.12.71 - - [09/Nov/2018:12:34:20 +0100] "GET /images/main_block_border.gif HTTP/1.1" 200 43 "http://renault.activities.at/" "Mozilla/5.0 (iPhone; CPU iPhone OS 12_0_1 like Mac OS X) AppleWebKit/605.1.15 (KHTML, like Gecko) Version/12.0 Mobile/15E148 Safari/604.1"
213.225.12.71 - - [09/Nov/2018:12:34:20 +0100] "GET /css/print.css HTTP/1.1" 200 543 "http://renault.activities.at/" "Mozilla/5.0 (iPhone; CPU iPhone OS 12_0_1 like Mac OS X) AppleWebKit/605.1.15 (KHTML, like Gecko) Version/12.0 Mobile/15E148 Safari/604.1"
213.225.12.71 - - [09/Nov/2018:12:34:20 +0100] "GET /images/main_block_corner_right_bot.gif HTTP/1.1" 200 158 "http://renault.activities.at/" "Mozilla/5.0 (iPhone; CPU iPhone OS 12_0_1 like Mac OS X) AppleWebKit/605.1.15 (KHTML, like Gecko) Version/12.0 Mobile/15E148 Safari/604.1"
213.225.12.71 - - [09/Nov/2018:12:34:20 +0100] "GET /images/main_block_corner_left_bot.gif HTTP/1.1" 200 159 "http://renault.activities.at/" "Mozilla/5.0 (iPhone; CPU iPhone OS 12_0_1 like Mac OS X) AppleWebKit/605.1.15 (KHTML, like Gecko) Version/12.0 Mobile/15E148 Safari/604.1"
213.225.12.71 - - [09/Nov/2018:12:34:20 +0100] "GET /images/header_block_border.gif HTTP/1.1" 200 43 "http://renault.activities.at/" "Mozilla/5.0 (iPhone; CPU iPhone OS 12_0_1 like Mac OS X) AppleWebKit/605.1.15 (KHTML, like Gecko) Version/12.0 Mobile/15E148 Safari/604.1"
213.225.12.71 - - [09/Nov/2018:12:34:20 +0100] "GET /images/header_block_corner_left_top.gif HTTP/1.1" 200 160 "http://renault.activities.at/" "Mozilla/5.0 (iPhone; CPU iPhone OS 12_0_1 like Mac OS X) AppleWebKit/605.1.15 (KHTML, like Gecko) Version/12.0 Mobile/15E148 Safari/604.1"
213.225.12.71 - - [09/Nov/2018:12:34:20 +0100] "GET /images/header_block_corner_right_top.gif HTTP/1.1" 200 160 "http://renault.activities.at/" "Mozilla/5.0 (iPhone; CPU iPhone OS 12_0_1 like Mac OS X) AppleWebKit/605.1.15 (KHTML, like Gecko) Version/12.0 Mobile/15E148 Safari/604.1"
213.225.12.71 - - [09/Nov/2018:12:34:20 +0100] "GET /images/main_block_corner_left_top.gif HTTP/1.1" 200 159 "http://renault.activities.at/" "Mozilla/5.0 (iPhone; CPU iPhone OS 12_0_1 like Mac OS X) AppleWebKit/605.1.15 (KHTML, like Gecko) Version/12.0 Mobile/15E148 Safari/604.1"
213.225.12.71 - - [09/Nov/2018:12:34:20 +0100] "GET /images/main_block_corner_right_top.gif HTTP/1.1" 200 159 "http://renault.activities.at/" "Mozilla/5.0 (iPhone; CPU iPhone OS 12_0_1 like Mac OS X) AppleWebKit/605.1.15 (KHTML, like Gecko) Version/12.0 Mobile/15E148 Safari/604.1"
213.225.12.71 - - [09/Nov/2018:12:34:20 +0100] "GET /images/title_border.jpg HTTP/1.1" 200 304 "http://renault.activities.at/" "Mozilla/5.0 (iPhone; CPU iPhone OS 12_0_1 like Mac OS X) AppleWebKit/605.1.15 (KHTML, like Gecko) Version/12.0 Mobile/15E148 Safari/604.1"
213.225.12.71 - - [09/Nov/2018:12:34:20 +0100] "GET /images/title_border_top.jpg HTTP/1.1" 200 336 "http://renault.activities.at/" "Mozilla/5.0 (iPhone; CPU iPhone OS 12_0_1 like Mac OS X) AppleWebKit/605.1.15 (KHTML, like Gecko) Version/12.0 Mobile/15E148 Safari/604.1"
213.225.12.71 - - [09/Nov/2018:12:34:20 +0100] "GET /images/title_corner_left_top.jpg HTTP/1.1" 200 372 "http://renault.activities.at/" "Mozilla/5.0 (iPhone; CPU iPhone OS 12_0_1 like Mac OS X) AppleWebKit/605.1.15 (KHTML, like Gecko) Version/12.0 Mobile/15E148 Safari/604.1"
213.225.12.71 - - [09/Nov/2018:12:34:20 +0100] "GET /images/title_corner_right_top.jpg HTTP/1.1" 200 389 "http://renault.activities.at/" "Mozilla/5.0 (iPhone; CPU iPhone OS 12_0_1 like Mac OS X) AppleWebKit/605.1.15 (KHTML, like Gecko) Version/12.0 Mobile/15E148 Safari/604.1"
213.225.12.71 - - [09/Nov/2018:12:34:20 +0100] "GET /loadthumbnail.php?id=11127982 HTTP/1.1" 200 399614 "http://renault.activities.at/" "Mozilla/5.0 (iPhone; CPU iPhone OS 12_0_1 like Mac OS X) AppleWebKit/605.1.15 (KHTML, like Gecko) Version/12.0 Mobile/15E148 Safari/604.1"
213.225.12.71 - - [09/Nov/2018:12:34:21 +0100] "GET /images/favicon.ico HTTP/1.1" 404 305 "http://renault.activities.at/" "Mozilla/5.0 (iPhone; CPU iPhone OS 12_0_1 like Mac OS X) AppleWebKit/605.1.15 (KHTML, like Gecko) Version/12.0 Mobile/15E148 Safari/604.1"
80.120.148.242 - - [09/Nov/2018:12:34:23 +0100] "GET /reload?ser=1541763263332 HTTP/1.1" 200 28 "http://renault.activities.at/11900795" "Mozilla/5.0 (Windows NT 6.1; Win64; x64) AppleWebKit/537.36 (KHTML, like Gecko) Chrome/70.0.3538.77 Safari/537.36"
213.153.47.173 - - [09/Nov/2018:12:34:48 +0100] "GET /reload?ser=1541763288936 HTTP/1.1" 200 28 "http://renault.activities.at/login?required=true" "Mozilla/5.0 (Windows NT 10.0; Win64; x64; rv:63.0) Gecko/20100101 Firefox/63.0"
193.194.132.24 - - [09/Nov/2018:12:35:18 +0100] "GET /reload?ser=1541763317949 HTTP/1.1" 200 28 "http://renault.2web.at/account?loadrequest=true" "Mozilla/5.0 (Windows NT 6.1; WOW64; Trident/7.0; rv:11.0) like Gecko"
80.120.148.242 - - [09/Nov/2018:12:35:24 +0100] "GET /reload?ser=1541763324334 HTTP/1.1" 200 28 "http://renault.activities.at/11900795" "Mozilla/5.0 (Windows NT 6.1; Win64; x64) AppleWebKit/537.36 (KHTML, like Gecko) Chrome/70.0.3538.77 Safari/537.36"
213.153.47.173 - - [09/Nov/2018:12:35:49 +0100] "GET /reload?ser=1541763349586 HTTP/1.1" 200 28 "http://renault.activities.at/login?required=true" "Mozilla/5.0 (Windows NT 10.0; Win64; x64; rv:63.0) Gecko/20100101 Firefox/63.0"
193.194.132.24 - - [09/Nov/2018:12:36:19 +0100] "GET /reload?ser=1541763379048 HTTP/1.1" 200 28 "http://renault.2web.at/account?loadrequest=true" "Mozilla/5.0 (Windows NT 6.1; WOW64; Trident/7.0; rv:11.0) like Gecko"
80.120.148.242 - - [09/Nov/2018:12:36:26 +0100] "GET /reload?ser=1541763386360 HTTP/1.1" 200 28 "http://renault.activities.at/11900795" "Mozilla/5.0 (Windows NT 6.1; Win64; x64) AppleWebKit/537.36 (KHTML, like Gecko) Chrome/70.0.3538.77 Safari/537.36"
213.153.47.173 - - [09/Nov/2018:12:36:50 +0100] "GET /reload?ser=1541763410258 HTTP/1.1" 200 28 "http://renault.activities.at/login?required=true" "Mozilla/5.0 (Windows NT 10.0; Win64; x64; rv:63.0) Gecko/20100101 Firefox/63.0"
193.194.132.24 - - [09/Nov/2018:12:37:20 +0100] "GET /reload?ser=1541763440132 HTTP/1.1" 200 28 "http://renault.2web.at/account?loadrequest=true" "Mozilla/5.0 (Windows NT 6.1; WOW64; Trident/7.0; rv:11.0) like Gecko"
80.120.148.242 - - [09/Nov/2018:12:37:28 +0100] "GET /reload?ser=1541763448377 HTTP/1.1" 200 28 "http://renault.activities.at/11900795" "Mozilla/5.0 (Windows NT 6.1; Win64; x64) AppleWebKit/537.36 (KHTML, like Gecko) Chrome/70.0.3538.77 Safari/537.36"
213.153.47.173 - - [09/Nov/2018:12:37:50 +0100] "GET /reload?ser=1541763470937 HTTP/1.1" 200 28 "http://renault.activities.at/login?required=true" "Mozilla/5.0 (Windows NT 10.0; Win64; x64; rv:63.0) Gecko/20100101 Firefox/63.0"
193.194.132.24 - - [09/Nov/2018:12:38:21 +0100] "GET /reload?ser=1541763501232 HTTP/1.1" 200 28 "http://renault.2web.at/account?loadrequest=true" "Mozilla/5.0 (Windows NT 6.1; WOW64; Trident/7.0; rv:11.0) like Gecko"
80.120.148.242 - - [09/Nov/2018:12:38:29 +0100] "GET /reload?ser=1541763509380 HTTP/1.1" 200 28 "http://renault.activities.at/11900795" "Mozilla/5.0 (Windows NT 6.1; Win64; x64) AppleWebKit/537.36 (KHTML, like Gecko) Chrome/70.0.3538.77 Safari/537.36"
213.153.47.173 - - [09/Nov/2018:12:38:51 +0100] "GET /reload?ser=1541763531608 HTTP/1.1" 200 28 "http://renault.activities.at/login?required=true" "Mozilla/5.0 (Windows NT 10.0; Win64; x64; rv:63.0) Gecko/20100101 Firefox/63.0"
193.194.132.24 - - [09/Nov/2018:12:39:22 +0100] "GET /reload?ser=1541763562351 HTTP/1.1" 200 28 "http://renault.2web.at/account?loadrequest=true" "Mozilla/5.0 (Windows NT 6.1; WOW64; Trident/7.0; rv:11.0) like Gecko"
80.120.148.242 - - [09/Nov/2018:12:39:30 +0100] "GET /reload?ser=1541763570365 HTTP/1.1" 200 28 "http://renault.activities.at/11900795" "Mozilla/5.0 (Windows NT 6.1; Win64; x64) AppleWebKit/537.36 (KHTML, like Gecko) Chrome/70.0.3538.77 Safari/537.36"
213.153.47.173 - - [09/Nov/2018:12:39:52 +0100] "GET /reload?ser=1541763592280 HTTP/1.1" 200 28 "http://renault.activities.at/login?required=true" "Mozilla/5.0 (Windows NT 10.0; Win64; x64; rv:63.0) Gecko/20100101 Firefox/63.0"
193.194.132.24 - - [09/Nov/2018:12:40:23 +0100] "GET /reload?ser=1541763623381 HTTP/1.1" 200 28 "http://renault.2web.at/account?loadrequest=true" "Mozilla/5.0 (Windows NT 6.1; WOW64; Trident/7.0; rv:11.0) like Gecko"
80.120.148.242 - - [09/Nov/2018:12:40:31 +0100] "GET /reload?ser=1541763631390 HTTP/1.1" 200 28 "http://renault.activities.at/11900795" "Mozilla/5.0 (Windows NT 6.1; Win64; x64) AppleWebKit/537.36 (KHTML, like Gecko) Chrome/70.0.3538.77 Safari/537.36"
213.153.47.173 - - [09/Nov/2018:12:40:53 +0100] "GET /reload?ser=1541763652940 HTTP/1.1" 200 28 "http://renault.activities.at/login?required=true" "Mozilla/5.0 (Windows NT 10.0; Win64; x64; rv:63.0) Gecko/20100101 Firefox/63.0"
193.194.132.24 - - [09/Nov/2018:12:41:24 +0100] "GET /reload?ser=1541763684466 HTTP/1.1" 200 28 "http://renault.2web.at/account?loadrequest=true" "Mozilla/5.0 (Windows NT 6.1; WOW64; Trident/7.0; rv:11.0) like Gecko"
80.120.148.242 - - [09/Nov/2018:12:41:32 +0100] "GET /reload?ser=1541763692390 HTTP/1.1" 200 28 "http://renault.activities.at/11900795" "Mozilla/5.0 (Windows NT 6.1; Win64; x64) AppleWebKit/537.36 (KHTML, like Gecko) Chrome/70.0.3538.77 Safari/537.36"
213.153.47.173 - - [09/Nov/2018:12:41:53 +0100] "GET /reload?ser=1541763713621 HTTP/1.1" 200 28 "http://renault.activities.at/login?required=true" "Mozilla/5.0 (Windows NT 10.0; Win64; x64; rv:63.0) Gecko/20100101 Firefox/63.0"
193.194.132.24 - - [09/Nov/2018:12:42:25 +0100] "GET /reload?ser=1541763745576 HTTP/1.1" 200 28 "http://renault.2web.at/account?loadrequest=true" "Mozilla/5.0 (Windows NT 6.1; WOW64; Trident/7.0; rv:11.0) like Gecko"
80.120.148.242 - - [09/Nov/2018:12:42:33 +0100] "GET /reload?ser=1541763753406 HTTP/1.1" 200 28 "http://renault.activities.at/11900795" "Mozilla/5.0 (Windows NT 6.1; Win64; x64) AppleWebKit/537.36 (KHTML, like Gecko) Chrome/70.0.3538.77 Safari/537.36"
213.153.47.173 - - [09/Nov/2018:12:42:54 +0100] "GET /reload?ser=1541763774291 HTTP/1.1" 200 28 "http://renault.activities.at/login?required=true" "Mozilla/5.0 (Windows NT 10.0; Win64; x64; rv:63.0) Gecko/20100101 Firefox/63.0"
193.194.132.24 - - [09/Nov/2018:12:43:26 +0100] "GET /reload?ser=1541763806677 HTTP/1.1" 200 28 "http://renault.2web.at/account?loadrequest=true" "Mozilla/5.0 (Windows NT 6.1; WOW64; Trident/7.0; rv:11.0) like Gecko"
80.120.148.242 - - [09/Nov/2018:12:43:34 +0100] "GET /reload?ser=1541763814417 HTTP/1.1" 200 28 "http://renault.activities.at/11900795" "Mozilla/5.0 (Windows NT 6.1; Win64; x64) AppleWebKit/537.36 (KHTML, like Gecko) Chrome/70.0.3538.77 Safari/537.36"
213.153.47.173 - - [09/Nov/2018:12:43:55 +0100] "GET /reload?ser=1541763834972 HTTP/1.1" 200 28 "http://renault.activities.at/login?required=true" "Mozilla/5.0 (Windows NT 10.0; Win64; x64; rv:63.0) Gecko/20100101 Firefox/63.0"
193.194.132.24 - - [09/Nov/2018:12:44:27 +0100] "GET /reload?ser=1541763867713 HTTP/1.1" 200 28 "http://renault.2web.at/account?loadrequest=true" "Mozilla/5.0 (Windows NT 6.1; WOW64; Trident/7.0; rv:11.0) like Gecko"
80.120.148.242 - - [09/Nov/2018:12:44:36 +0100] "GET /reload?ser=1541763876379 HTTP/1.1" 200 28 "http://renault.activities.at/11900795" "Mozilla/5.0 (Windows NT 6.1; Win64; x64) AppleWebKit/537.36 (KHTML, like Gecko) Chrome/70.0.3538.77 Safari/537.36"
213.153.47.173 - - [09/Nov/2018:12:44:55 +0100] "GET /reload?ser=1541763895652 HTTP/1.1" 200 28 "http://renault.activities.at/login?required=true" "Mozilla/5.0 (Windows NT 10.0; Win64; x64; rv:63.0) Gecko/20100101 Firefox/63.0"
193.194.132.24 - - [09/Nov/2018:12:45:28 +0100] "GET /reload?ser=1541763928802 HTTP/1.1" 200 28 "http://renault.2web.at/account?loadrequest=true" "Mozilla/5.0 (Windows NT 6.1; WOW64; Trident/7.0; rv:11.0) like Gecko"
80.120.148.242 - - [09/Nov/2018:12:45:37 +0100] "GET /reload?ser=1541763937426 HTTP/1.1" 200 28 "http://renault.activities.at/11900795" "Mozilla/5.0 (Windows NT 6.1; Win64; x64) AppleWebKit/537.36 (KHTML, like Gecko) Chrome/70.0.3538.77 Safari/537.36"
213.153.47.173 - - [09/Nov/2018:12:45:56 +0100] "GET /reload?ser=1541763956313 HTTP/1.1" 200 28 "http://renault.activities.at/login?required=true" "Mozilla/5.0 (Windows NT 10.0; Win64; x64; rv:63.0) Gecko/20100101 Firefox/63.0"
193.194.132.24 - - [09/Nov/2018:12:46:29 +0100] "GET /reload?ser=1541763989889 HTTP/1.1" 200 28 "http://renault.2web.at/account?loadrequest=true" "Mozilla/5.0 (Windows NT 6.1; WOW64; Trident/7.0; rv:11.0) like Gecko"
80.120.148.242 - - [09/Nov/2018:12:46:38 +0100] "GET /reload?ser=1541763998426 HTTP/1.1" 200 28 "http://renault.activities.at/11900795" "Mozilla/5.0 (Windows NT 6.1; Win64; x64) AppleWebKit/537.36 (KHTML, like Gecko) Chrome/70.0.3538.77 Safari/537.36"
213.153.47.173 - - [09/Nov/2018:12:46:57 +0100] "GET /reload?ser=1541764016993 HTTP/1.1" 200 28 "http://renault.activities.at/login?required=true" "Mozilla/5.0 (Windows NT 10.0; Win64; x64; rv:63.0) Gecko/20100101 Firefox/63.0"
193.194.132.24 - - [09/Nov/2018:12:47:31 +0100] "GET /reload?ser=1541764051012 HTTP/1.1" 200 28 "http://renault.2web.at/account?loadrequest=true" "Mozilla/5.0 (Windows NT 6.1; WOW64; Trident/7.0; rv:11.0) like Gecko"
80.120.148.242 - - [09/Nov/2018:12:47:39 +0100] "GET /reload?ser=1541764059390 HTTP/1.1" 200 28 "http://renault.activities.at/11900795" "Mozilla/5.0 (Windows NT 6.1; Win64; x64) AppleWebKit/537.36 (KHTML, like Gecko) Chrome/70.0.3538.77 Safari/537.36"
213.153.47.173 - - [09/Nov/2018:12:47:57 +0100] "GET /reload?ser=1541764077653 HTTP/1.1" 200 28 "http://renault.activities.at/login?required=true" "Mozilla/5.0 (Windows NT 10.0; Win64; x64; rv:63.0) Gecko/20100101 Firefox/63.0"
193.194.132.24 - - [09/Nov/2018:12:48:32 +0100] "GET /reload?ser=1541764112103 HTTP/1.1" 200 28 "http://renault.2web.at/account?loadrequest=true" "Mozilla/5.0 (Windows NT 6.1; WOW64; Trident/7.0; rv:11.0) like Gecko"
80.120.148.242 - - [09/Nov/2018:12:48:40 +0100] "GET /reload?ser=1541764120419 HTTP/1.1" 200 28 "http://renault.activities.at/11900795" "Mozilla/5.0 (Windows NT 6.1; Win64; x64) AppleWebKit/537.36 (KHTML, like Gecko) Chrome/70.0.3538.77 Safari/537.36"
213.153.47.173 - - [09/Nov/2018:12:48:58 +0100] "GET /reload?ser=1541764138323 HTTP/1.1" 200 28 "http://renault.activities.at/login?required=true" "Mozilla/5.0 (Windows NT 10.0; Win64; x64; rv:63.0) Gecko/20100101 Firefox/63.0"
193.194.132.24 - - [09/Nov/2018:12:49:33 +0100] "GET /reload?ser=1541764173165 HTTP/1.1" 200 28 "http://renault.2web.at/account?loadrequest=true" "Mozilla/5.0 (Windows NT 6.1; WOW64; Trident/7.0; rv:11.0) like Gecko"
80.120.148.242 - - [09/Nov/2018:12:49:41 +0100] "GET /reload?ser=1541764181416 HTTP/1.1" 200 28 "http://renault.activities.at/11900795" "Mozilla/5.0 (Windows NT 6.1; Win64; x64) AppleWebKit/537.36 (KHTML, like Gecko) Chrome/70.0.3538.77 Safari/537.36"
213.153.47.173 - - [09/Nov/2018:12:49:59 +0100] "GET /reload?ser=1541764198994 HTTP/1.1" 200 28 "http://renault.activities.at/login?required=true" "Mozilla/5.0 (Windows NT 10.0; Win64; x64; rv:63.0) Gecko/20100101 Firefox/63.0"
193.194.132.24 - - [09/Nov/2018:12:50:34 +0100] "GET /reload?ser=1541764234258 HTTP/1.1" 200 28 "http://renault.2web.at/account?loadrequest=true" "Mozilla/5.0 (Windows NT 6.1; WOW64; Trident/7.0; rv:11.0) like Gecko"
80.120.148.242 - - [09/Nov/2018:12:50:42 +0100] "GET /reload?ser=1541764242441 HTTP/1.1" 200 28 "http://renault.activities.at/11900795" "Mozilla/5.0 (Windows NT 6.1; Win64; x64) AppleWebKit/537.36 (KHTML, like Gecko) Chrome/70.0.3538.77 Safari/537.36"
213.153.47.173 - - [09/Nov/2018:12:50:59 +0100] "GET /reload?ser=1541764259654 HTTP/1.1" 200 28 "http://renault.activities.at/login?required=true" "Mozilla/5.0 (Windows NT 10.0; Win64; x64; rv:63.0) Gecko/20100101 Firefox/63.0"
193.194.132.24 - - [09/Nov/2018:12:51:35 +0100] "GET /reload?ser=1541764295294 HTTP/1.1" 200 28 "http://renault.2web.at/account?loadrequest=true" "Mozilla/5.0 (Windows NT 6.1; WOW64; Trident/7.0; rv:11.0) like Gecko"
80.120.148.242 - - [09/Nov/2018:12:51:43 +0100] "GET /reload?ser=1541764303424 HTTP/1.1" 200 28 "http://renault.activities.at/11900795" "Mozilla/5.0 (Windows NT 6.1; Win64; x64) AppleWebKit/537.36 (KHTML, like Gecko) Chrome/70.0.3538.77 Safari/537.36"
213.153.47.173 - - [09/Nov/2018:12:52:00 +0100] "GET /reload?ser=1541764320324 HTTP/1.1" 200 28 "http://renault.activities.at/login?required=true" "Mozilla/5.0 (Windows NT 10.0; Win64; x64; rv:63.0) Gecko/20100101 Firefox/63.0"
193.194.132.24 - - [09/Nov/2018:12:52:36 +0100] "GET /reload?ser=1541764356405 HTTP/1.1" 200 28 "http://renault.2web.at/account?loadrequest=true" "Mozilla/5.0 (Windows NT 6.1; WOW64; Trident/7.0; rv:11.0) like Gecko"
80.120.148.242 - - [09/Nov/2018:12:52:44 +0100] "GET /reload?ser=1541764364408 HTTP/1.1" 200 28 "http://renault.activities.at/11900795" "Mozilla/5.0 (Windows NT 6.1; Win64; x64) AppleWebKit/537.36 (KHTML, like Gecko) Chrome/70.0.3538.77 Safari/537.36"
213.153.47.173 - - [09/Nov/2018:12:53:01 +0100] "GET /reload?ser=1541764381005 HTTP/1.1" 200 28 "http://renault.activities.at/login?required=true" "Mozilla/5.0 (Windows NT 10.0; Win64; x64; rv:63.0) Gecko/20100101 Firefox/63.0"
193.194.132.24 - - [09/Nov/2018:12:53:37 +0100] "GET /reload?ser=1541764417470 HTTP/1.1" 200 28 "http://renault.2web.at/account?loadrequest=true" "Mozilla/5.0 (Windows NT 6.1; WOW64; Trident/7.0; rv:11.0) like Gecko"
80.120.148.242 - - [09/Nov/2018:12:53:45 +0100] "GET /reload?ser=1541764425434 HTTP/1.1" 200 28 "http://renault.activities.at/11900795" "Mozilla/5.0 (Windows NT 6.1; Win64; x64) AppleWebKit/537.36 (KHTML, like Gecko) Chrome/70.0.3538.77 Safari/537.36"
213.153.47.173 - - [09/Nov/2018:12:54:01 +0100] "GET /reload?ser=1541764441705 HTTP/1.1" 200 28 "http://renault.activities.at/login?required=true" "Mozilla/5.0 (Windows NT 10.0; Win64; x64; rv:63.0) Gecko/20100101 Firefox/63.0"
193.194.132.24 - - [09/Nov/2018:12:54:38 +0100] "GET /reload?ser=1541764478577 HTTP/1.1" 200 28 "http://renault.2web.at/account?loadrequest=true" "Mozilla/5.0 (Windows NT 6.1; WOW64; Trident/7.0; rv:11.0) like Gecko"
80.120.148.242 - - [09/Nov/2018:12:54:46 +0100] "GET /reload?ser=1541764486445 HTTP/1.1" 200 28 "http://renault.activities.at/11900795" "Mozilla/5.0 (Windows NT 6.1; Win64; x64) AppleWebKit/537.36 (KHTML, like Gecko) Chrome/70.0.3538.77 Safari/537.36"
213.153.47.173 - - [09/Nov/2018:12:55:02 +0100] "GET /reload?ser=1541764502365 HTTP/1.1" 200 28 "http://renault.activities.at/login?required=true" "Mozilla/5.0 (Windows NT 10.0; Win64; x64; rv:63.0) Gecko/20100101 Firefox/63.0"
193.194.132.24 - - [09/Nov/2018:12:55:39 +0100] "GET /reload?ser=1541764539694 HTTP/1.1" 200 28 "http://renault.2web.at/account?loadrequest=true" "Mozilla/5.0 (Windows NT 6.1; WOW64; Trident/7.0; rv:11.0) like Gecko"
80.120.148.242 - - [09/Nov/2018:12:55:47 +0100] "GET /reload?ser=1541764547418 HTTP/1.1" 200 28 "http://renault.activities.at/11900795" "Mozilla/5.0 (Windows NT 6.1; Win64; x64) AppleWebKit/537.36 (KHTML, like Gecko) Chrome/70.0.3538.77 Safari/537.36"
213.153.47.173 - - [09/Nov/2018:12:56:03 +0100] "GET /reload?ser=1541764563035 HTTP/1.1" 200 28 "http://renault.activities.at/login?required=true" "Mozilla/5.0 (Windows NT 10.0; Win64; x64; rv:63.0) Gecko/20100101 Firefox/63.0"
193.194.132.24 - - [09/Nov/2018:12:56:40 +0100] "GET /reload?ser=1541764600783 HTTP/1.1" 200 28 "http://renault.2web.at/account?loadrequest=true" "Mozilla/5.0 (Windows NT 6.1; WOW64; Trident/7.0; rv:11.0) like Gecko"
80.120.148.242 - - [09/Nov/2018:12:56:48 +0100] "GET /reload?ser=1541764608436 HTTP/1.1" 200 28 "http://renault.activities.at/11900795" "Mozilla/5.0 (Windows NT 6.1; Win64; x64) AppleWebKit/537.36 (KHTML, like Gecko) Chrome/70.0.3538.77 Safari/537.36"
213.153.47.173 - - [09/Nov/2018:12:57:03 +0100] "GET /reload?ser=1541764623715 HTTP/1.1" 200 28 "http://renault.activities.at/login?required=true" "Mozilla/5.0 (Windows NT 10.0; Win64; x64; rv:63.0) Gecko/20100101 Firefox/63.0"
193.194.132.24 - - [09/Nov/2018:12:57:41 +0100] "GET /reload?ser=1541764661895 HTTP/1.1" 200 28 "http://renault.2web.at/account?loadrequest=true" "Mozilla/5.0 (Windows NT 6.1; WOW64; Trident/7.0; rv:11.0) like Gecko"
80.120.148.242 - - [09/Nov/2018:12:57:49 +0100] "GET /reload?ser=1541764669467 HTTP/1.1" 200 28 "http://renault.activities.at/11900795" "Mozilla/5.0 (Windows NT 6.1; Win64; x64) AppleWebKit/537.36 (KHTML, like Gecko) Chrome/70.0.3538.77 Safari/537.36"
213.153.47.173 - - [09/Nov/2018:12:58:04 +0100] "GET /reload?ser=1541764684375 HTTP/1.1" 200 28 "http://renault.activities.at/login?required=true" "Mozilla/5.0 (Windows NT 10.0; Win64; x64; rv:63.0) Gecko/20100101 Firefox/63.0"
193.194.132.24 - - [09/Nov/2018:12:58:42 +0100] "GET /reload?ser=1541764722990 HTTP/1.1" 200 28 "http://renault.2web.at/account?loadrequest=true" "Mozilla/5.0 (Windows NT 6.1; WOW64; Trident/7.0; rv:11.0) like Gecko"
80.120.148.242 - - [09/Nov/2018:12:58:50 +0100] "GET /reload?ser=1541764730448 HTTP/1.1" 200 28 "http://renault.activities.at/11900795" "Mozilla/5.0 (Windows NT 6.1; Win64; x64) AppleWebKit/537.36 (KHTML, like Gecko) Chrome/70.0.3538.77 Safari/537.36"
213.153.47.173 - - [09/Nov/2018:12:59:05 +0100] "GET /reload?ser=1541764745047 HTTP/1.1" 200 28 "http://renault.activities.at/login?required=true" "Mozilla/5.0 (Windows NT 10.0; Win64; x64; rv:63.0) Gecko/20100101 Firefox/63.0"
193.194.132.24 - - [09/Nov/2018:12:59:44 +0100] "GET /reload?ser=1541764784097 HTTP/1.1" 200 28 "http://renault.2web.at/account?loadrequest=true" "Mozilla/5.0 (Windows NT 6.1; WOW64; Trident/7.0; rv:11.0) like Gecko"
80.120.148.242 - - [09/Nov/2018:12:59:51 +0100] "GET /reload?ser=1541764791459 HTTP/1.1" 200 28 "http://renault.activities.at/11900795" "Mozilla/5.0 (Windows NT 6.1; Win64; x64) AppleWebKit/537.36 (KHTML, like Gecko) Chrome/70.0.3538.77 Safari/537.36"
213.153.47.173 - - [09/Nov/2018:13:00:05 +0100] "GET /reload?ser=1541764805706 HTTP/1.1" 200 28 "http://renault.activities.at/login?required=true" "Mozilla/5.0 (Windows NT 10.0; Win64; x64; rv:63.0) Gecko/20100101 Firefox/63.0"
193.194.132.24 - - [09/Nov/2018:13:00:45 +0100] "GET /reload?ser=1541764845191 HTTP/1.1" 200 28 "http://renault.2web.at/account?loadrequest=true" "Mozilla/5.0 (Windows NT 6.1; WOW64; Trident/7.0; rv:11.0) like Gecko"
80.120.148.242 - - [09/Nov/2018:13:00:52 +0100] "GET /reload?ser=1541764852441 HTTP/1.1" 200 28 "http://renault.activities.at/11900795" "Mozilla/5.0 (Windows NT 6.1; Win64; x64) AppleWebKit/537.36 (KHTML, like Gecko) Chrome/70.0.3538.77 Safari/537.36"
213.153.47.173 - - [09/Nov/2018:13:01:06 +0100] "GET /reload?ser=1541764866355 HTTP/1.1" 200 28 "http://renault.activities.at/login?required=true" "Mozilla/5.0 (Windows NT 10.0; Win64; x64; rv:63.0) Gecko/20100101 Firefox/63.0"
193.194.132.24 - - [09/Nov/2018:13:01:46 +0100] "GET /reload?ser=1541764906286 HTTP/1.1" 200 28 "http://renault.2web.at/account?loadrequest=true" "Mozilla/5.0 (Windows NT 6.1; WOW64; Trident/7.0; rv:11.0) like Gecko"
80.120.148.242 - - [09/Nov/2018:13:01:53 +0100] "GET /reload?ser=1541764913451 HTTP/1.1" 200 28 "http://renault.activities.at/11900795" "Mozilla/5.0 (Windows NT 6.1; Win64; x64) AppleWebKit/537.36 (KHTML, like Gecko) Chrome/70.0.3538.77 Safari/537.36"
213.153.47.173 - - [09/Nov/2018:13:02:07 +0100] "GET /reload?ser=1541764927016 HTTP/1.1" 200 28 "http://renault.activities.at/login?required=true" "Mozilla/5.0 (Windows NT 10.0; Win64; x64; rv:63.0) Gecko/20100101 Firefox/63.0"
193.194.132.24 - - [09/Nov/2018:13:02:47 +0100] "GET /reload?ser=1541764967358 HTTP/1.1" 200 28 "http://renault.2web.at/account?loadrequest=true" "Mozilla/5.0 (Windows NT 6.1; WOW64; Trident/7.0; rv:11.0) like Gecko"
80.120.148.242 - - [09/Nov/2018:13:02:55 +0100] "GET /reload?ser=1541764975479 HTTP/1.1" 200 28 "http://renault.activities.at/11900795" "Mozilla/5.0 (Windows NT 6.1; Win64; x64) AppleWebKit/537.36 (KHTML, like Gecko) Chrome/70.0.3538.77 Safari/537.36"
213.153.47.173 - - [09/Nov/2018:13:03:07 +0100] "GET /reload?ser=1541764987665 HTTP/1.1" 200 28 "http://renault.activities.at/login?required=true" "Mozilla/5.0 (Windows NT 10.0; Win64; x64; rv:63.0) Gecko/20100101 Firefox/63.0"
193.194.132.24 - - [09/Nov/2018:13:03:48 +0100] "GET /reload?ser=1541765028583 HTTP/1.1" 200 28 "http://renault.2web.at/account?loadrequest=true" "Mozilla/5.0 (Windows NT 6.1; WOW64; Trident/7.0; rv:11.0) like Gecko"
80.120.148.242 - - [09/Nov/2018:13:03:56 +0100] "GET /reload?ser=1541765036476 HTTP/1.1" 200 28 "http://renault.activities.at/11900795" "Mozilla/5.0 (Windows NT 6.1; Win64; x64) AppleWebKit/537.36 (KHTML, like Gecko) Chrome/70.0.3538.77 Safari/537.36"
213.153.47.173 - - [09/Nov/2018:13:04:08 +0100] "GET /reload?ser=1541765048335 HTTP/1.1" 200 28 "http://renault.activities.at/login?required=true" "Mozilla/5.0 (Windows NT 10.0; Win64; x64; rv:63.0) Gecko/20100101 Firefox/63.0"
193.194.132.24 - - [09/Nov/2018:13:04:49 +0100] "GET /reload?ser=1541765089693 HTTP/1.1" 200 28 "http://renault.2web.at/account?loadrequest=true" "Mozilla/5.0 (Windows NT 6.1; WOW64; Trident/7.0; rv:11.0) like Gecko"
80.120.148.242 - - [09/Nov/2018:13:04:57 +0100] "GET /reload?ser=1541765097476 HTTP/1.1" 200 28 "http://renault.activities.at/11900795" "Mozilla/5.0 (Windows NT 6.1; Win64; x64) AppleWebKit/537.36 (KHTML, like Gecko) Chrome/70.0.3538.77 Safari/537.36"
213.153.47.173 - - [09/Nov/2018:13:05:09 +0100] "GET /reload?ser=1541765109016 HTTP/1.1" 200 28 "http://renault.activities.at/login?required=true" "Mozilla/5.0 (Windows NT 10.0; Win64; x64; rv:63.0) Gecko/20100101 Firefox/63.0"
193.194.132.24 - - [09/Nov/2018:13:05:50 +0100] "GET /reload?ser=1541765150757 HTTP/1.1" 200 28 "http://renault.2web.at/account?loadrequest=true" "Mozilla/5.0 (Windows NT 6.1; WOW64; Trident/7.0; rv:11.0) like Gecko"
80.120.148.242 - - [09/Nov/2018:13:05:59 +0100] "GET /reload?ser=1541765159479 HTTP/1.1" 200 28 "http://renault.activities.at/11900795" "Mozilla/5.0 (Windows NT 6.1; Win64; x64) AppleWebKit/537.36 (KHTML, like Gecko) Chrome/70.0.3538.77 Safari/537.36"
213.153.47.173 - - [09/Nov/2018:13:06:09 +0100] "GET /reload?ser=1541765169686 HTTP/1.1" 200 28 "http://renault.activities.at/login?required=true" "Mozilla/5.0 (Windows NT 10.0; Win64; x64; rv:63.0) Gecko/20100101 Firefox/63.0"
193.194.132.24 - - [09/Nov/2018:13:06:51 +0100] "GET /reload?ser=1541765211858 HTTP/1.1" 200 28 "http://renault.2web.at/account?loadrequest=true" "Mozilla/5.0 (Windows NT 6.1; WOW64; Trident/7.0; rv:11.0) like Gecko"
80.120.148.242 - - [09/Nov/2018:13:07:01 +0100] "GET /reload?ser=1541765221492 HTTP/1.1" 200 28 "http://renault.activities.at/11900795" "Mozilla/5.0 (Windows NT 6.1; Win64; x64) AppleWebKit/537.36 (KHTML, like Gecko) Chrome/70.0.3538.77 Safari/537.36"
213.153.47.173 - - [09/Nov/2018:13:07:10 +0100] "GET /reload?ser=1541765230347 HTTP/1.1" 200 28 "http://renault.activities.at/login?required=true" "Mozilla/5.0 (Windows NT 10.0; Win64; x64; rv:63.0) Gecko/20100101 Firefox/63.0"
66.249.64.139 - - [09/Nov/2018:13:07:37 +0100] "GET / HTTP/1.1" 200 3474 "-" "Mozilla/5.0 (Linux; Android 6.0.1; Nexus 5X Build/MMB29P) AppleWebKit/537.36 (KHTML, like Gecko) Chrome/41.0.2272.96 Mobile Safari/537.36 (compatible; Googlebot/2.1; +http://www.google.com/bot.html)"
193.194.132.24 - - [09/Nov/2018:13:07:52 +0100] "GET /reload?ser=1541765272972 HTTP/1.1" 200 28 "http://renault.2web.at/account?loadrequest=true" "Mozilla/5.0 (Windows NT 6.1; WOW64; Trident/7.0; rv:11.0) like Gecko"
80.120.148.242 - - [09/Nov/2018:13:08:03 +0100] "GET /reload?ser=1541765283457 HTTP/1.1" 200 28 "http://renault.activities.at/11900795" "Mozilla/5.0 (Windows NT 6.1; Win64; x64) AppleWebKit/537.36 (KHTML, like Gecko) Chrome/70.0.3538.77 Safari/537.36"
213.153.47.173 - - [09/Nov/2018:13:08:11 +0100] "GET /reload?ser=1541765291006 HTTP/1.1" 200 28 "http://renault.activities.at/login?required=true" "Mozilla/5.0 (Windows NT 10.0; Win64; x64; rv:63.0) Gecko/20100101 Firefox/63.0"
193.194.132.24 - - [09/Nov/2018:13:08:54 +0100] "GET /reload?ser=1541765334000 HTTP/1.1" 200 28 "http://renault.2web.at/account?loadrequest=true" "Mozilla/5.0 (Windows NT 6.1; WOW64; Trident/7.0; rv:11.0) like Gecko"
80.120.148.242 - - [09/Nov/2018:13:09:04 +0100] "GET /reload?ser=1541765344467 HTTP/1.1" 200 28 "http://renault.activities.at/11900795" "Mozilla/5.0 (Windows NT 6.1; Win64; x64) AppleWebKit/537.36 (KHTML, like Gecko) Chrome/70.0.3538.77 Safari/537.36"
213.153.47.173 - - [09/Nov/2018:13:09:11 +0100] "GET /reload?ser=1541765351656 HTTP/1.1" 200 28 "http://renault.activities.at/login?required=true" "Mozilla/5.0 (Windows NT 10.0; Win64; x64; rv:63.0) Gecko/20100101 Firefox/63.0"
193.194.132.24 - - [09/Nov/2018:13:09:55 +0100] "GET /reload?ser=1541765395082 HTTP/1.1" 200 28 "http://renault.2web.at/account?loadrequest=true" "Mozilla/5.0 (Windows NT 6.1; WOW64; Trident/7.0; rv:11.0) like Gecko"
80.120.148.242 - - [09/Nov/2018:13:10:05 +0100] "GET /reload?ser=1541765405492 HTTP/1.1" 200 28 "http://renault.activities.at/11900795" "Mozilla/5.0 (Windows NT 6.1; Win64; x64) AppleWebKit/537.36 (KHTML, like Gecko) Chrome/70.0.3538.77 Safari/537.36"
213.153.47.173 - - [09/Nov/2018:13:10:12 +0100] "GET /reload?ser=1541765412314 HTTP/1.1" 200 28 "http://renault.activities.at/login?required=true" "Mozilla/5.0 (Windows NT 10.0; Win64; x64; rv:63.0) Gecko/20100101 Firefox/63.0"
193.194.132.24 - - [09/Nov/2018:13:10:56 +0100] "GET /reload?ser=1541765456130 HTTP/1.1" 200 28 "http://renault.2web.at/account?loadrequest=true" "Mozilla/5.0 (Windows NT 6.1; WOW64; Trident/7.0; rv:11.0) like Gecko"
80.120.148.242 - - [09/Nov/2018:13:11:06 +0100] "GET /reload?ser=1541765466491 HTTP/1.1" 200 28 "http://renault.activities.at/11900795" "Mozilla/5.0 (Windows NT 6.1; Win64; x64) AppleWebKit/537.36 (KHTML, like Gecko) Chrome/70.0.3538.77 Safari/537.36"
213.153.47.173 - - [09/Nov/2018:13:11:13 +0100] "GET /reload?ser=1541765472986 HTTP/1.1" 200 28 "http://renault.activities.at/login?required=true" "Mozilla/5.0 (Windows NT 10.0; Win64; x64; rv:63.0) Gecko/20100101 Firefox/63.0"
193.194.132.24 - - [09/Nov/2018:13:11:57 +0100] "GET /reload?ser=1541765517213 HTTP/1.1" 200 28 "http://renault.2web.at/account?loadrequest=true" "Mozilla/5.0 (Windows NT 6.1; WOW64; Trident/7.0; rv:11.0) like Gecko"
80.120.148.242 - - [09/Nov/2018:13:12:07 +0100] "GET /reload?ser=1541765527490 HTTP/1.1" 200 28 "http://renault.activities.at/11900795" "Mozilla/5.0 (Windows NT 6.1; Win64; x64) AppleWebKit/537.36 (KHTML, like Gecko) Chrome/70.0.3538.77 Safari/537.36"
213.153.47.173 - - [09/Nov/2018:13:12:13 +0100] "GET /reload?ser=1541765533677 HTTP/1.1" 200 28 "http://renault.activities.at/login?required=true" "Mozilla/5.0 (Windows NT 10.0; Win64; x64; rv:63.0) Gecko/20100101 Firefox/63.0"
193.194.132.24 - - [09/Nov/2018:13:12:58 +0100] "GET /reload?ser=1541765578295 HTTP/1.1" 200 28 "http://renault.2web.at/account?loadrequest=true" "Mozilla/5.0 (Windows NT 6.1; WOW64; Trident/7.0; rv:11.0) like Gecko"
80.120.148.242 - - [09/Nov/2018:13:13:08 +0100] "GET /reload?ser=1541765588513 HTTP/1.1" 200 28 "http://renault.activities.at/11900795" "Mozilla/5.0 (Windows NT 6.1; Win64; x64) AppleWebKit/537.36 (KHTML, like Gecko) Chrome/70.0.3538.77 Safari/537.36"
213.153.47.173 - - [09/Nov/2018:13:13:14 +0100] "GET /reload?ser=1541765594326 HTTP/1.1" 200 28 "http://renault.activities.at/login?required=true" "Mozilla/5.0 (Windows NT 10.0; Win64; x64; rv:63.0) Gecko/20100101 Firefox/63.0"
193.194.132.24 - - [09/Nov/2018:13:13:59 +0100] "GET /reload?ser=1541765639392 HTTP/1.1" 200 28 "http://renault.2web.at/account?loadrequest=true" "Mozilla/5.0 (Windows NT 6.1; WOW64; Trident/7.0; rv:11.0) like Gecko"
80.120.148.242 - - [09/Nov/2018:13:14:09 +0100] "GET /reload?ser=1541765649508 HTTP/1.1" 200 28 "http://renault.activities.at/11900795" "Mozilla/5.0 (Windows NT 6.1; Win64; x64) AppleWebKit/537.36 (KHTML, like Gecko) Chrome/70.0.3538.77 Safari/537.36"
213.153.47.173 - - [09/Nov/2018:13:14:15 +0100] "GET /reload?ser=1541765654996 HTTP/1.1" 200 28 "http://renault.activities.at/login?required=true" "Mozilla/5.0 (Windows NT 10.0; Win64; x64; rv:63.0) Gecko/20100101 Firefox/63.0"
193.194.132.24 - - [09/Nov/2018:13:15:00 +0100] "GET /reload?ser=1541765700496 HTTP/1.1" 200 28 "http://renault.2web.at/account?loadrequest=true" "Mozilla/5.0 (Windows NT 6.1; WOW64; Trident/7.0; rv:11.0) like Gecko"
80.120.148.242 - - [09/Nov/2018:13:15:10 +0100] "GET /reload?ser=1541765710505 HTTP/1.1" 200 28 "http://renault.activities.at/11900795" "Mozilla/5.0 (Windows NT 6.1; Win64; x64) AppleWebKit/537.36 (KHTML, like Gecko) Chrome/70.0.3538.77 Safari/537.36"
213.153.47.173 - - [09/Nov/2018:13:15:15 +0100] "GET /reload?ser=1541765715646 HTTP/1.1" 200 28 "http://renault.activities.at/login?required=true" "Mozilla/5.0 (Windows NT 10.0; Win64; x64; rv:63.0) Gecko/20100101 Firefox/63.0"
193.194.132.24 - - [09/Nov/2018:13:16:01 +0100] "GET /reload?ser=1541765761556 HTTP/1.1" 200 28 "http://renault.2web.at/account?loadrequest=true" "Mozilla/5.0 (Windows NT 6.1; WOW64; Trident/7.0; rv:11.0) like Gecko"
80.120.148.242 - - [09/Nov/2018:13:16:12 +0100] "GET /reload?ser=1541765772518 HTTP/1.1" 200 28 "http://renault.activities.at/11900795" "Mozilla/5.0 (Windows NT 6.1; Win64; x64) AppleWebKit/537.36 (KHTML, like Gecko) Chrome/70.0.3538.77 Safari/537.36"
213.153.47.173 - - [09/Nov/2018:13:16:16 +0100] "GET /reload?ser=1541765776295 HTTP/1.1" 200 28 "http://renault.activities.at/login?required=true" "Mozilla/5.0 (Windows NT 10.0; Win64; x64; rv:63.0) Gecko/20100101 Firefox/63.0"
193.194.132.24 - - [09/Nov/2018:13:17:02 +0100] "GET /reload?ser=1541765822633 HTTP/1.1" 200 28 "http://renault.2web.at/account?loadrequest=true" "Mozilla/5.0 (Windows NT 6.1; WOW64; Trident/7.0; rv:11.0) like Gecko"
80.120.148.242 - - [09/Nov/2018:13:17:13 +0100] "GET /reload?ser=1541765833500 HTTP/1.1" 200 28 "http://renault.activities.at/11900795" "Mozilla/5.0 (Windows NT 6.1; Win64; x64) AppleWebKit/537.36 (KHTML, like Gecko) Chrome/70.0.3538.77 Safari/537.36"
213.153.47.173 - - [09/Nov/2018:13:17:17 +0100] "GET /reload?ser=1541765836955 HTTP/1.1" 200 28 "http://renault.activities.at/login?required=true" "Mozilla/5.0 (Windows NT 10.0; Win64; x64; rv:63.0) Gecko/20100101 Firefox/63.0"
193.194.132.24 - - [09/Nov/2018:13:18:03 +0100] "GET /reload?ser=1541765883723 HTTP/1.1" 200 28 "http://renault.2web.at/account?loadrequest=true" "Mozilla/5.0 (Windows NT 6.1; WOW64; Trident/7.0; rv:11.0) like Gecko"
80.120.148.242 - - [09/Nov/2018:13:18:14 +0100] "GET /reload?ser=1541765894491 HTTP/1.1" 200 28 "http://renault.activities.at/11900795" "Mozilla/5.0 (Windows NT 6.1; Win64; x64) AppleWebKit/537.36 (KHTML, like Gecko) Chrome/70.0.3538.77 Safari/537.36"
213.153.47.173 - - [09/Nov/2018:13:18:17 +0100] "GET /reload?ser=1541765897625 HTTP/1.1" 200 28 "http://renault.activities.at/login?required=true" "Mozilla/5.0 (Windows NT 10.0; Win64; x64; rv:63.0) Gecko/20100101 Firefox/63.0"
193.194.132.24 - - [09/Nov/2018:13:19:04 +0100] "GET /reload?ser=1541765944772 HTTP/1.1" 200 28 "http://renault.2web.at/account?loadrequest=true" "Mozilla/5.0 (Windows NT 6.1; WOW64; Trident/7.0; rv:11.0) like Gecko"
80.120.148.242 - - [09/Nov/2018:13:19:15 +0100] "GET /reload?ser=1541765955520 HTTP/1.1" 200 28 "http://renault.activities.at/11900795" "Mozilla/5.0 (Windows NT 6.1; Win64; x64) AppleWebKit/537.36 (KHTML, like Gecko) Chrome/70.0.3538.77 Safari/537.36"
213.153.47.173 - - [09/Nov/2018:13:19:18 +0100] "GET /reload?ser=1541765958295 HTTP/1.1" 200 28 "http://renault.activities.at/login?required=true" "Mozilla/5.0 (Windows NT 10.0; Win64; x64; rv:63.0) Gecko/20100101 Firefox/63.0"
193.194.132.24 - - [09/Nov/2018:13:20:05 +0100] "GET /reload?ser=1541766005843 HTTP/1.1" 200 28 "http://renault.2web.at/account?loadrequest=true" "Mozilla/5.0 (Windows NT 6.1; WOW64; Trident/7.0; rv:11.0) like Gecko"
80.120.148.242 - - [09/Nov/2018:13:20:17 +0100] "GET /reload?ser=1541766017533 HTTP/1.1" 200 28 "http://renault.activities.at/11900795" "Mozilla/5.0 (Windows NT 6.1; Win64; x64) AppleWebKit/537.36 (KHTML, like Gecko) Chrome/70.0.3538.77 Safari/537.36"
213.153.47.173 - - [09/Nov/2018:13:20:19 +0100] "GET /reload?ser=1541766018944 HTTP/1.1" 200 28 "http://renault.activities.at/login?required=true" "Mozilla/5.0 (Windows NT 10.0; Win64; x64; rv:63.0) Gecko/20100101 Firefox/63.0"
193.194.132.24 - - [09/Nov/2018:13:21:07 +0100] "GET /reload?ser=1541766066931 HTTP/1.1" 200 28 "http://renault.2web.at/account?loadrequest=true" "Mozilla/5.0 (Windows NT 6.1; WOW64; Trident/7.0; rv:11.0) like Gecko"
213.153.47.173 - - [09/Nov/2018:13:21:19 +0100] "GET /reload?ser=1541766079598 HTTP/1.1" 200 28 "http://renault.activities.at/login?required=true" "Mozilla/5.0 (Windows NT 10.0; Win64; x64; rv:63.0) Gecko/20100101 Firefox/63.0"
80.120.148.242 - - [09/Nov/2018:13:21:19 +0100] "GET /reload?ser=1541766079500 HTTP/1.1" 200 28 "http://renault.activities.at/11900795" "Mozilla/5.0 (Windows NT 6.1; Win64; x64) AppleWebKit/537.36 (KHTML, like Gecko) Chrome/70.0.3538.77 Safari/537.36"
193.194.132.24 - - [09/Nov/2018:13:22:08 +0100] "GET /reload?ser=1541766128060 HTTP/1.1" 200 28 "http://renault.2web.at/account?loadrequest=true" "Mozilla/5.0 (Windows NT 6.1; WOW64; Trident/7.0; rv:11.0) like Gecko"
213.153.47.173 - - [09/Nov/2018:13:22:20 +0100] "GET /reload?ser=1541766140296 HTTP/1.1" 200 28 "http://renault.activities.at/login?required=true" "Mozilla/5.0 (Windows NT 10.0; Win64; x64; rv:63.0) Gecko/20100101 Firefox/63.0"
80.120.148.242 - - [09/Nov/2018:13:22:20 +0100] "GET /reload?ser=1541766140510 HTTP/1.1" 200 28 "http://renault.activities.at/11900795" "Mozilla/5.0 (Windows NT 6.1; Win64; x64) AppleWebKit/537.36 (KHTML, like Gecko) Chrome/70.0.3538.77 Safari/537.36"
91.223.248.111 - - [09/Nov/2018:13:22:34 +0100] "GET / HTTP/1.1" 200 3474 "-" "Mozilla/5.0 (Windows NT 10.0; WOW64; Trident/7.0; rv:11.0) like Gecko"
91.223.248.111 - - [09/Nov/2018:13:22:35 +0100] "GET /js/default.js HTTP/1.1" 200 14698 "http://renault.activities.at/" "Mozilla/5.0 (Windows NT 10.0; WOW64; Trident/7.0; rv:11.0) like Gecko"
91.223.248.111 - - [09/Nov/2018:13:22:35 +0100] "GET /js/flashdetection.js HTTP/1.1" 200 1059 "http://renault.activities.at/" "Mozilla/5.0 (Windows NT 10.0; WOW64; Trident/7.0; rv:11.0) like Gecko"
91.223.248.111 - - [09/Nov/2018:13:22:35 +0100] "GET /css/reset.css HTTP/1.1" 200 1356 "http://renault.activities.at/" "Mozilla/5.0 (Windows NT 10.0; WOW64; Trident/7.0; rv:11.0) like Gecko"
