193.194.132.25 - - [13/Nov/2018:09:27:18 +0100] "GET /reload?ser=1542097637986 HTTP/1.1" 200 28 "http://renault.2web.at/account?loadrequest=true" "Mozilla/5.0 (Windows NT 6.1; WOW64; Trident/7.0; rv:11.0) like Gecko"
217.76.161.118 - - [13/Nov/2018:09:28:01 +0100] "GET /reload?ser=1542097682539 HTTP/1.1" 200 28 "http://renault.activities.at/11908275" "Mozilla/5.0 (Windows NT 6.1; WOW64; Trident/7.0; rv:11.0) like Gecko"
193.194.132.25 - - [13/Nov/2018:09:28:19 +0100] "GET /reload?ser=1542097699067 HTTP/1.1" 200 28 "http://renault.2web.at/account?loadrequest=true" "Mozilla/5.0 (Windows NT 6.1; WOW64; Trident/7.0; rv:11.0) like Gecko"
217.76.161.118 - - [13/Nov/2018:09:29:02 +0100] "GET /reload?ser=1542097743577 HTTP/1.1" 200 28 "http://renault.activities.at/11908275" "Mozilla/5.0 (Windows NT 6.1; WOW64; Trident/7.0; rv:11.0) like Gecko"
193.194.132.25 - - [13/Nov/2018:09:29:20 +0100] "GET /reload?ser=1542097760144 HTTP/1.1" 200 28 "http://renault.2web.at/account?loadrequest=true" "Mozilla/5.0 (Windows NT 6.1; WOW64; Trident/7.0; rv:11.0) like Gecko"
217.76.161.118 - - [13/Nov/2018:09:30:03 +0100] "GET /reload?ser=1542097804695 HTTP/1.1" 200 28 "http://renault.activities.at/11908275" "Mozilla/5.0 (Windows NT 6.1; WOW64; Trident/7.0; rv:11.0) like Gecko"
193.194.132.25 - - [13/Nov/2018:09:30:21 +0100] "GET /reload?ser=1542097821216 HTTP/1.1" 200 28 "http://renault.2web.at/account?loadrequest=true" "Mozilla/5.0 (Windows NT 6.1; WOW64; Trident/7.0; rv:11.0) like Gecko"
217.76.161.118 - - [13/Nov/2018:09:31:04 +0100] "GET /reload?ser=1542097865765 HTTP/1.1" 200 28 "http://renault.activities.at/11908275" "Mozilla/5.0 (Windows NT 6.1; WOW64; Trident/7.0; rv:11.0) like Gecko"
193.194.132.25 - - [13/Nov/2018:09:31:22 +0100] "GET /reload?ser=1542097882325 HTTP/1.1" 200 28 "http://renault.2web.at/account?loadrequest=true" "Mozilla/5.0 (Windows NT 6.1; WOW64; Trident/7.0; rv:11.0) like Gecko"
217.76.161.118 - - [13/Nov/2018:09:32:05 +0100] "GET /reload?ser=1542097926880 HTTP/1.1" 200 28 "http://renault.activities.at/11908275" "Mozilla/5.0 (Windows NT 6.1; WOW64; Trident/7.0; rv:11.0) like Gecko"
193.194.132.25 - - [13/Nov/2018:09:32:23 +0100] "GET /reload?ser=1542097943414 HTTP/1.1" 200 28 "http://renault.2web.at/account?loadrequest=true" "Mozilla/5.0 (Windows NT 6.1; WOW64; Trident/7.0; rv:11.0) like Gecko"
217.76.161.118 - - [13/Nov/2018:09:33:06 +0100] "GET /reload?ser=1542097988021 HTTP/1.1" 200 28 "http://renault.activities.at/11908275" "Mozilla/5.0 (Windows NT 6.1; WOW64; Trident/7.0; rv:11.0) like Gecko"
193.194.132.25 - - [13/Nov/2018:09:33:24 +0100] "GET /reload?ser=1542098004514 HTTP/1.1" 200 28 "http://renault.2web.at/account?loadrequest=true" "Mozilla/5.0 (Windows NT 6.1; WOW64; Trident/7.0; rv:11.0) like Gecko"
217.76.161.118 - - [13/Nov/2018:09:34:08 +0100] "GET /reload?ser=1542098049102 HTTP/1.1" 200 28 "http://renault.activities.at/11908275" "Mozilla/5.0 (Windows NT 6.1; WOW64; Trident/7.0; rv:11.0) like Gecko"
193.194.132.25 - - [13/Nov/2018:09:34:25 +0100] "GET /reload?ser=1542098065559 HTTP/1.1" 200 28 "http://renault.2web.at/account?loadrequest=true" "Mozilla/5.0 (Windows NT 6.1; WOW64; Trident/7.0; rv:11.0) like Gecko"
217.76.161.118 - - [13/Nov/2018:09:35:09 +0100] "GET /reload?ser=1542098110235 HTTP/1.1" 200 28 "http://renault.activities.at/11908275" "Mozilla/5.0 (Windows NT 6.1; WOW64; Trident/7.0; rv:11.0) like Gecko"
193.194.132.25 - - [13/Nov/2018:09:35:26 +0100] "GET /reload?ser=1542098126644 HTTP/1.1" 200 28 "http://renault.2web.at/account?loadrequest=true" "Mozilla/5.0 (Windows NT 6.1; WOW64; Trident/7.0; rv:11.0) like Gecko"
217.76.161.118 - - [13/Nov/2018:09:36:10 +0100] "GET /reload?ser=1542098171435 HTTP/1.1" 200 28 "http://renault.activities.at/11908275" "Mozilla/5.0 (Windows NT 6.1; WOW64; Trident/7.0; rv:11.0) like Gecko"
193.194.132.25 - - [13/Nov/2018:09:36:27 +0100] "GET /reload?ser=1542098187687 HTTP/1.1" 200 28 "http://renault.2web.at/account?loadrequest=true" "Mozilla/5.0 (Windows NT 6.1; WOW64; Trident/7.0; rv:11.0) like Gecko"
217.76.161.118 - - [13/Nov/2018:09:37:11 +0100] "GET /reload?ser=1542098232576 HTTP/1.1" 200 28 "http://renault.activities.at/11908275" "Mozilla/5.0 (Windows NT 6.1; WOW64; Trident/7.0; rv:11.0) like Gecko"
193.194.132.25 - - [13/Nov/2018:09:37:28 +0100] "GET /reload?ser=1542098248770 HTTP/1.1" 200 28 "http://renault.2web.at/account?loadrequest=true" "Mozilla/5.0 (Windows NT 6.1; WOW64; Trident/7.0; rv:11.0) like Gecko"
217.76.161.118 - - [13/Nov/2018:09:38:12 +0100] "GET /reload?ser=1542098293724 HTTP/1.1" 200 28 "http://renault.activities.at/11908275" "Mozilla/5.0 (Windows NT 6.1; WOW64; Trident/7.0; rv:11.0) like Gecko"
193.194.132.25 - - [13/Nov/2018:09:38:29 +0100] "GET /reload?ser=1542098309865 HTTP/1.1" 200 28 "http://renault.2web.at/account?loadrequest=true" "Mozilla/5.0 (Windows NT 6.1; WOW64; Trident/7.0; rv:11.0) like Gecko"
217.76.161.118 - - [13/Nov/2018:09:39:13 +0100] "GET /reload?ser=1542098354795 HTTP/1.1" 200 28 "http://renault.activities.at/11908275" "Mozilla/5.0 (Windows NT 6.1; WOW64; Trident/7.0; rv:11.0) like Gecko"
193.194.132.25 - - [13/Nov/2018:09:39:31 +0100] "GET /reload?ser=1542098370955 HTTP/1.1" 200 28 "http://renault.2web.at/account?loadrequest=true" "Mozilla/5.0 (Windows NT 6.1; WOW64; Trident/7.0; rv:11.0) like Gecko"
217.76.161.118 - - [13/Nov/2018:09:40:14 +0100] "GET /reload?ser=1542098415909 HTTP/1.1" 200 28 "http://renault.activities.at/11908275" "Mozilla/5.0 (Windows NT 6.1; WOW64; Trident/7.0; rv:11.0) like Gecko"
193.194.132.25 - - [13/Nov/2018:09:40:32 +0100] "GET /reload?ser=1542098431981 HTTP/1.1" 200 28 "http://renault.2web.at/account?loadrequest=true" "Mozilla/5.0 (Windows NT 6.1; WOW64; Trident/7.0; rv:11.0) like Gecko"
217.76.161.118 - - [13/Nov/2018:09:41:15 +0100] "GET /reload?ser=1542098476991 HTTP/1.1" 200 28 "http://renault.activities.at/11908275" "Mozilla/5.0 (Windows NT 6.1; WOW64; Trident/7.0; rv:11.0) like Gecko"
193.194.132.25 - - [13/Nov/2018:09:41:33 +0100] "GET /reload?ser=1542098493069 HTTP/1.1" 200 28 "http://renault.2web.at/account?loadrequest=true" "Mozilla/5.0 (Windows NT 6.1; WOW64; Trident/7.0; rv:11.0) like Gecko"
217.76.161.118 - - [13/Nov/2018:09:42:16 +0100] "GET /reload?ser=1542098538066 HTTP/1.1" 200 28 "http://renault.activities.at/11908275" "Mozilla/5.0 (Windows NT 6.1; WOW64; Trident/7.0; rv:11.0) like Gecko"
193.194.132.25 - - [13/Nov/2018:09:42:34 +0100] "GET /reload?ser=1542098554121 HTTP/1.1" 200 28 "http://renault.2web.at/account?loadrequest=true" "Mozilla/5.0 (Windows NT 6.1; WOW64; Trident/7.0; rv:11.0) like Gecko"
217.76.161.118 - - [13/Nov/2018:09:43:18 +0100] "GET /reload?ser=1542098599216 HTTP/1.1" 200 28 "http://renault.activities.at/11908275" "Mozilla/5.0 (Windows NT 6.1; WOW64; Trident/7.0; rv:11.0) like Gecko"
213.153.47.173 - - [13/Nov/2018:09:43:25 +0100] "GET /account HTTP/1.1" 302 150 "-" "Mozilla/5.0 (Windows NT 10.0; Win64; x64; rv:63.0) Gecko/20100101 Firefox/63.0"
213.153.47.173 - - [13/Nov/2018:09:43:25 +0100] "GET /login?required=true HTTP/1.1" 200 2086 "-" "Mozilla/5.0 (Windows NT 10.0; Win64; x64; rv:63.0) Gecko/20100101 Firefox/63.0"
213.153.47.173 - - [13/Nov/2018:09:43:26 +0100] "GET /css/reset.css HTTP/1.1" 200 1356 "http://renault.activities.at/login?required=true" "Mozilla/5.0 (Windows NT 10.0; Win64; x64; rv:63.0) Gecko/20100101 Firefox/63.0"
213.153.47.173 - - [13/Nov/2018:09:43:26 +0100] "GET /css/clears.css HTTP/1.1" 200 851 "http://renault.activities.at/login?required=true" "Mozilla/5.0 (Windows NT 10.0; Win64; x64; rv:63.0) Gecko/20100101 Firefox/63.0"
213.153.47.173 - - [13/Nov/2018:09:43:26 +0100] "GET /css/styles.css HTTP/1.1" 200 14664 "http://renault.activities.at/login?required=true" "Mozilla/5.0 (Windows NT 10.0; Win64; x64; rv:63.0) Gecko/20100101 Firefox/63.0"
213.153.47.173 - - [13/Nov/2018:09:43:26 +0100] "GET /css/print.css HTTP/1.1" 200 543 "http://renault.activities.at/login?required=true" "Mozilla/5.0 (Windows NT 10.0; Win64; x64; rv:63.0) Gecko/20100101 Firefox/63.0"
213.153.47.173 - - [13/Nov/2018:09:43:26 +0100] "GET /js/default.js HTTP/1.1" 200 14698 "http://renault.activities.at/login?required=true" "Mozilla/5.0 (Windows NT 10.0; Win64; x64; rv:63.0) Gecko/20100101 Firefox/63.0"
213.153.47.173 - - [13/Nov/2018:09:43:26 +0100] "GET /js/checkout.css HTTP/1.1" 200 359 "http://renault.activities.at/login?required=true" "Mozilla/5.0 (Windows NT 10.0; Win64; x64; rv:63.0) Gecko/20100101 Firefox/63.0"
213.153.47.173 - - [13/Nov/2018:09:43:26 +0100] "GET /css/prototip.css HTTP/1.1" 200 968 "http://renault.activities.at/login?required=true" "Mozilla/5.0 (Windows NT 10.0; Win64; x64; rv:63.0) Gecko/20100101 Firefox/63.0"
213.153.47.173 - - [13/Nov/2018:09:43:26 +0100] "GET /css/themes/default.css HTTP/1.1" 200 769 "http://renault.activities.at/login?required=true" "Mozilla/5.0 (Windows NT 10.0; Win64; x64; rv:63.0) Gecko/20100101 Firefox/63.0"
213.153.47.173 - - [13/Nov/2018:09:43:26 +0100] "GET /css/themes/alphacube.css HTTP/1.1" 200 743 "http://renault.activities.at/login?required=true" "Mozilla/5.0 (Windows NT 10.0; Win64; x64; rv:63.0) Gecko/20100101 Firefox/63.0"
213.153.47.173 - - [13/Nov/2018:09:43:26 +0100] "GET /js/index.php?c=auto&f=,prototype/prototype.js,prototype/validation.js,scriptaculous/builder.js,scriptaculous/effects.js,scriptaculous/dragdrop.js,scriptaculous/controls.js,scriptaculous/slider.js,varien/js.js,varien/form.js,varien/menu.js,mage/translate.js,mage/cookies.js,varien/product.js,spinner/SpinnerControl.jsmin.js,prototype/window.js,prototype/window_ext.js HTTP/1.1" 200 94182 "http://renault.activities.at/login?required=true" "Mozilla/5.0 (Windows NT 10.0; Win64; x64; rv:63.0) Gecko/20100101 Firefox/63.0"
213.153.47.173 - - [13/Nov/2018:09:43:27 +0100] "GET /images/main_block_corner_right_bot.gif HTTP/1.1" 200 158 "http://renault.activities.at/css/styles.css" "Mozilla/5.0 (Windows NT 10.0; Win64; x64; rv:63.0) Gecko/20100101 Firefox/63.0"
213.153.47.173 - - [13/Nov/2018:09:43:27 +0100] "GET /images/main_block_corner_left_bot.gif HTTP/1.1" 200 159 "http://renault.activities.at/css/styles.css" "Mozilla/5.0 (Windows NT 10.0; Win64; x64; rv:63.0) Gecko/20100101 Firefox/63.0"
213.153.47.173 - - [13/Nov/2018:09:43:27 +0100] "GET /images/header_block_border.gif HTTP/1.1" 200 43 "http://renault.activities.at/css/styles.css" "Mozilla/5.0 (Windows NT 10.0; Win64; x64; rv:63.0) Gecko/20100101 Firefox/63.0"
213.153.47.173 - - [13/Nov/2018:09:43:27 +0100] "GET /images/header_block_corner_left_top.gif HTTP/1.1" 200 160 "http://renault.activities.at/css/styles.css" "Mozilla/5.0 (Windows NT 10.0; Win64; x64; rv:63.0) Gecko/20100101 Firefox/63.0"
213.153.47.173 - - [13/Nov/2018:09:43:27 +0100] "GET /images/main_block_border.gif HTTP/1.1" 200 43 "http://renault.activities.at/css/styles.css" "Mozilla/5.0 (Windows NT 10.0; Win64; x64; rv:63.0) Gecko/20100101 Firefox/63.0"
213.153.47.173 - - [13/Nov/2018:09:43:27 +0100] "GET /images/header_block_corner_right_top.gif HTTP/1.1" 200 160 "http://renault.activities.at/css/styles.css" "Mozilla/5.0 (Windows NT 10.0; Win64; x64; rv:63.0) Gecko/20100101 Firefox/63.0"
213.153.47.173 - - [13/Nov/2018:09:43:27 +0100] "GET /images/main_block_corner_right_top.gif HTTP/1.1" 200 159 "http://renault.activities.at/css/styles.css" "Mozilla/5.0 (Windows NT 10.0; Win64; x64; rv:63.0) Gecko/20100101 Firefox/63.0"
213.153.47.173 - - [13/Nov/2018:09:43:27 +0100] "GET /images/main_block_corner_left_top.gif HTTP/1.1" 200 159 "http://renault.activities.at/css/styles.css" "Mozilla/5.0 (Windows NT 10.0; Win64; x64; rv:63.0) Gecko/20100101 Firefox/63.0"
213.153.47.173 - - [13/Nov/2018:09:43:27 +0100] "GET /images/title_border.jpg HTTP/1.1" 200 304 "http://renault.activities.at/css/styles.css" "Mozilla/5.0 (Windows NT 10.0; Win64; x64; rv:63.0) Gecko/20100101 Firefox/63.0"
213.153.47.173 - - [13/Nov/2018:09:43:27 +0100] "GET /images/title_border_top.jpg HTTP/1.1" 200 336 "http://renault.activities.at/css/styles.css" "Mozilla/5.0 (Windows NT 10.0; Win64; x64; rv:63.0) Gecko/20100101 Firefox/63.0"
213.153.47.173 - - [13/Nov/2018:09:43:27 +0100] "GET /images/title_corner_left_top.jpg HTTP/1.1" 200 372 "http://renault.activities.at/css/styles.css" "Mozilla/5.0 (Windows NT 10.0; Win64; x64; rv:63.0) Gecko/20100101 Firefox/63.0"
213.153.47.173 - - [13/Nov/2018:09:43:27 +0100] "GET /images/title_corner_right_top.jpg HTTP/1.1" 200 389 "http://renault.activities.at/css/styles.css" "Mozilla/5.0 (Windows NT 10.0; Win64; x64; rv:63.0) Gecko/20100101 Firefox/63.0"
213.153.47.173 - - [13/Nov/2018:09:43:27 +0100] "GET /images/button_right_bg.gif HTTP/1.1" 200 561 "http://renault.activities.at/css/styles.css" "Mozilla/5.0 (Windows NT 10.0; Win64; x64; rv:63.0) Gecko/20100101 Firefox/63.0"
213.153.47.173 - - [13/Nov/2018:09:43:27 +0100] "GET /images/button_left_bg.gif HTTP/1.1" 200 564 "http://renault.activities.at/css/styles.css" "Mozilla/5.0 (Windows NT 10.0; Win64; x64; rv:63.0) Gecko/20100101 Firefox/63.0"
213.153.47.173 - - [13/Nov/2018:09:43:27 +0100] "GET /images/button_bg.gif HTTP/1.1" 200 151 "http://renault.activities.at/css/styles.css" "Mozilla/5.0 (Windows NT 10.0; Win64; x64; rv:63.0) Gecko/20100101 Firefox/63.0"
213.153.47.173 - - [13/Nov/2018:09:43:27 +0100] "GET /images/favicon.ico HTTP/1.1" 404 305 "-" "Mozilla/5.0 (Windows NT 10.0; Win64; x64; rv:63.0) Gecko/20100101 Firefox/63.0"
213.153.47.173 - - [13/Nov/2018:09:43:27 +0100] "GET /loadthumbnail.php?id=11127982 HTTP/1.1" 200 399614 "http://renault.activities.at/login?required=true" "Mozilla/5.0 (Windows NT 10.0; Win64; x64; rv:63.0) Gecko/20100101 Firefox/63.0"
193.194.132.25 - - [13/Nov/2018:09:43:35 +0100] "GET /reload?ser=1542098615172 HTTP/1.1" 200 28 "http://renault.2web.at/account?loadrequest=true" "Mozilla/5.0 (Windows NT 6.1; WOW64; Trident/7.0; rv:11.0) like Gecko"
217.76.161.118 - - [13/Nov/2018:09:44:19 +0100] "GET /reload?ser=1542098660303 HTTP/1.1" 200 28 "http://renault.activities.at/11908275" "Mozilla/5.0 (Windows NT 6.1; WOW64; Trident/7.0; rv:11.0) like Gecko"
213.153.47.173 - - [13/Nov/2018:09:44:28 +0100] "GET /reload?ser=1542098668342 HTTP/1.1" 200 28 "http://renault.activities.at/login?required=true" "Mozilla/5.0 (Windows NT 10.0; Win64; x64; rv:63.0) Gecko/20100101 Firefox/63.0"
193.194.132.25 - - [13/Nov/2018:09:44:36 +0100] "GET /reload?ser=1542098676258 HTTP/1.1" 200 28 "http://renault.2web.at/account?loadrequest=true" "Mozilla/5.0 (Windows NT 6.1; WOW64; Trident/7.0; rv:11.0) like Gecko"
217.76.161.118 - - [13/Nov/2018:09:45:20 +0100] "GET /reload?ser=1542098721377 HTTP/1.1" 200 28 "http://renault.activities.at/11908275" "Mozilla/5.0 (Windows NT 6.1; WOW64; Trident/7.0; rv:11.0) like Gecko"
213.153.47.173 - - [13/Nov/2018:09:45:29 +0100] "GET /reload?ser=1542098729023 HTTP/1.1" 200 28 "http://renault.activities.at/login?required=true" "Mozilla/5.0 (Windows NT 10.0; Win64; x64; rv:63.0) Gecko/20100101 Firefox/63.0"
193.194.132.25 - - [13/Nov/2018:09:45:37 +0100] "GET /reload?ser=1542098737345 HTTP/1.1" 200 28 "http://renault.2web.at/account?loadrequest=true" "Mozilla/5.0 (Windows NT 6.1; WOW64; Trident/7.0; rv:11.0) like Gecko"
217.76.161.118 - - [13/Nov/2018:09:46:21 +0100] "GET /reload?ser=1542098782488 HTTP/1.1" 200 28 "http://renault.activities.at/11908275" "Mozilla/5.0 (Windows NT 6.1; WOW64; Trident/7.0; rv:11.0) like Gecko"
213.153.47.173 - - [13/Nov/2018:09:46:29 +0100] "GET /reload?ser=1542098789694 HTTP/1.1" 200 28 "http://renault.activities.at/login?required=true" "Mozilla/5.0 (Windows NT 10.0; Win64; x64; rv:63.0) Gecko/20100101 Firefox/63.0"
193.194.132.25 - - [13/Nov/2018:09:46:38 +0100] "GET /reload?ser=1542098798461 HTTP/1.1" 200 28 "http://renault.2web.at/account?loadrequest=true" "Mozilla/5.0 (Windows NT 6.1; WOW64; Trident/7.0; rv:11.0) like Gecko"
217.76.161.118 - - [13/Nov/2018:09:47:22 +0100] "GET /reload?ser=1542098843600 HTTP/1.1" 200 28 "http://renault.activities.at/11908275" "Mozilla/5.0 (Windows NT 6.1; WOW64; Trident/7.0; rv:11.0) like Gecko"
213.153.47.173 - - [13/Nov/2018:09:47:30 +0100] "GET /reload?ser=1542098850355 HTTP/1.1" 200 28 "http://renault.activities.at/login?required=true" "Mozilla/5.0 (Windows NT 10.0; Win64; x64; rv:63.0) Gecko/20100101 Firefox/63.0"
193.194.132.25 - - [13/Nov/2018:09:47:39 +0100] "GET /reload?ser=1542098859520 HTTP/1.1" 200 28 "http://renault.2web.at/account?loadrequest=true" "Mozilla/5.0 (Windows NT 6.1; WOW64; Trident/7.0; rv:11.0) like Gecko"
217.76.161.118 - - [13/Nov/2018:09:48:23 +0100] "GET /reload?ser=1542098904650 HTTP/1.1" 200 28 "http://renault.activities.at/11908275" "Mozilla/5.0 (Windows NT 6.1; WOW64; Trident/7.0; rv:11.0) like Gecko"
213.153.47.173 - - [13/Nov/2018:09:48:31 +0100] "GET /reload?ser=1542098911008 HTTP/1.1" 200 28 "http://renault.activities.at/login?required=true" "Mozilla/5.0 (Windows NT 10.0; Win64; x64; rv:63.0) Gecko/20100101 Firefox/63.0"
193.194.132.25 - - [13/Nov/2018:09:48:40 +0100] "GET /reload?ser=1542098920641 HTTP/1.1" 200 28 "http://renault.2web.at/account?loadrequest=true" "Mozilla/5.0 (Windows NT 6.1; WOW64; Trident/7.0; rv:11.0) like Gecko"
217.76.161.118 - - [13/Nov/2018:09:49:24 +0100] "GET /reload?ser=1542098965764 HTTP/1.1" 200 28 "http://renault.activities.at/11908275" "Mozilla/5.0 (Windows NT 6.1; WOW64; Trident/7.0; rv:11.0) like Gecko"
213.153.47.173 - - [13/Nov/2018:09:49:31 +0100] "GET /reload?ser=1542098971678 HTTP/1.1" 200 28 "http://renault.activities.at/login?required=true" "Mozilla/5.0 (Windows NT 10.0; Win64; x64; rv:63.0) Gecko/20100101 Firefox/63.0"
193.194.132.25 - - [13/Nov/2018:09:49:41 +0100] "GET /reload?ser=1542098981729 HTTP/1.1" 200 28 "http://renault.2web.at/account?loadrequest=true" "Mozilla/5.0 (Windows NT 6.1; WOW64; Trident/7.0; rv:11.0) like Gecko"
217.76.161.118 - - [13/Nov/2018:09:50:25 +0100] "GET /reload?ser=1542099026880 HTTP/1.1" 200 28 "http://renault.activities.at/11908275" "Mozilla/5.0 (Windows NT 6.1; WOW64; Trident/7.0; rv:11.0) like Gecko"
213.153.47.173 - - [13/Nov/2018:09:50:32 +0100] "GET /reload?ser=1542099032338 HTTP/1.1" 200 28 "http://renault.activities.at/login?required=true" "Mozilla/5.0 (Windows NT 10.0; Win64; x64; rv:63.0) Gecko/20100101 Firefox/63.0"
193.194.132.25 - - [13/Nov/2018:09:50:42 +0100] "GET /reload?ser=1542099042828 HTTP/1.1" 200 28 "http://renault.2web.at/account?loadrequest=true" "Mozilla/5.0 (Windows NT 6.1; WOW64; Trident/7.0; rv:11.0) like Gecko"
217.76.161.118 - - [13/Nov/2018:09:51:26 +0100] "GET /reload?ser=1542099088003 HTTP/1.1" 200 28 "http://renault.activities.at/11908275" "Mozilla/5.0 (Windows NT 6.1; WOW64; Trident/7.0; rv:11.0) like Gecko"
213.153.47.173 - - [13/Nov/2018:09:51:33 +0100] "GET /reload?ser=1542099092999 HTTP/1.1" 200 28 "http://renault.activities.at/login?required=true" "Mozilla/5.0 (Windows NT 10.0; Win64; x64; rv:63.0) Gecko/20100101 Firefox/63.0"
193.194.132.25 - - [13/Nov/2018:09:51:44 +0100] "GET /reload?ser=1542099103925 HTTP/1.1" 200 28 "http://renault.2web.at/account?loadrequest=true" "Mozilla/5.0 (Windows NT 6.1; WOW64; Trident/7.0; rv:11.0) like Gecko"
217.76.161.118 - - [13/Nov/2018:09:52:27 +0100] "GET /reload?ser=1542099149144 HTTP/1.1" 200 28 "http://renault.activities.at/11908275" "Mozilla/5.0 (Windows NT 6.1; WOW64; Trident/7.0; rv:11.0) like Gecko"
213.153.47.173 - - [13/Nov/2018:09:52:33 +0100] "GET /reload?ser=1542099153649 HTTP/1.1" 200 28 "http://renault.activities.at/login?required=true" "Mozilla/5.0 (Windows NT 10.0; Win64; x64; rv:63.0) Gecko/20100101 Firefox/63.0"
193.194.132.25 - - [13/Nov/2018:09:52:45 +0100] "GET /reload?ser=1542099165035 HTTP/1.1" 200 28 "http://renault.2web.at/account?loadrequest=true" "Mozilla/5.0 (Windows NT 6.1; WOW64; Trident/7.0; rv:11.0) like Gecko"
217.76.161.118 - - [13/Nov/2018:09:53:29 +0100] "GET /reload?ser=1542099210190 HTTP/1.1" 200 28 "http://renault.activities.at/11908275" "Mozilla/5.0 (Windows NT 6.1; WOW64; Trident/7.0; rv:11.0) like Gecko"
213.153.47.173 - - [13/Nov/2018:09:53:34 +0100] "GET /reload?ser=1542099214309 HTTP/1.1" 200 28 "http://renault.activities.at/login?required=true" "Mozilla/5.0 (Windows NT 10.0; Win64; x64; rv:63.0) Gecko/20100101 Firefox/63.0"
193.194.132.25 - - [13/Nov/2018:09:53:46 +0100] "GET /reload?ser=1542099226063 HTTP/1.1" 200 28 "http://renault.2web.at/account?loadrequest=true" "Mozilla/5.0 (Windows NT 6.1; WOW64; Trident/7.0; rv:11.0) like Gecko"
217.76.161.118 - - [13/Nov/2018:09:54:30 +0100] "GET /reload?ser=1542099271360 HTTP/1.1" 200 28 "http://renault.activities.at/11908275" "Mozilla/5.0 (Windows NT 6.1; WOW64; Trident/7.0; rv:11.0) like Gecko"
213.153.47.173 - - [13/Nov/2018:09:54:35 +0100] "GET /reload?ser=1542099274971 HTTP/1.1" 200 28 "http://renault.activities.at/login?required=true" "Mozilla/5.0 (Windows NT 10.0; Win64; x64; rv:63.0) Gecko/20100101 Firefox/63.0"
193.194.132.25 - - [13/Nov/2018:09:54:47 +0100] "GET /reload?ser=1542099287132 HTTP/1.1" 200 28 "http://renault.2web.at/account?loadrequest=true" "Mozilla/5.0 (Windows NT 6.1; WOW64; Trident/7.0; rv:11.0) like Gecko"
217.76.161.118 - - [13/Nov/2018:09:55:31 +0100] "GET /reload?ser=1542099332478 HTTP/1.1" 200 28 "http://renault.activities.at/11908275" "Mozilla/5.0 (Windows NT 6.1; WOW64; Trident/7.0; rv:11.0) like Gecko"
213.153.47.173 - - [13/Nov/2018:09:55:35 +0100] "GET /reload?ser=1542099335621 HTTP/1.1" 200 28 "http://renault.activities.at/login?required=true" "Mozilla/5.0 (Windows NT 10.0; Win64; x64; rv:63.0) Gecko/20100101 Firefox/63.0"
193.194.132.25 - - [13/Nov/2018:09:55:48 +0100] "GET /reload?ser=1542099348195 HTTP/1.1" 200 28 "http://renault.2web.at/account?loadrequest=true" "Mozilla/5.0 (Windows NT 6.1; WOW64; Trident/7.0; rv:11.0) like Gecko"
217.76.161.118 - - [13/Nov/2018:09:56:32 +0100] "GET /reload?ser=1542099393596 HTTP/1.1" 200 28 "http://renault.activities.at/11908275" "Mozilla/5.0 (Windows NT 6.1; WOW64; Trident/7.0; rv:11.0) like Gecko"
213.153.47.173 - - [13/Nov/2018:09:56:36 +0100] "GET /reload?ser=1542099396290 HTTP/1.1" 200 28 "http://renault.activities.at/login?required=true" "Mozilla/5.0 (Windows NT 10.0; Win64; x64; rv:63.0) Gecko/20100101 Firefox/63.0"
193.194.132.25 - - [13/Nov/2018:09:56:49 +0100] "GET /reload?ser=1542099409240 HTTP/1.1" 200 28 "http://renault.2web.at/account?loadrequest=true" "Mozilla/5.0 (Windows NT 6.1; WOW64; Trident/7.0; rv:11.0) like Gecko"
217.76.161.118 - - [13/Nov/2018:09:57:33 +0100] "GET /reload?ser=1542099454714 HTTP/1.1" 200 28 "http://renault.activities.at/11908275" "Mozilla/5.0 (Windows NT 6.1; WOW64; Trident/7.0; rv:11.0) like Gecko"
213.153.47.173 - - [13/Nov/2018:09:57:36 +0100] "GET /reload?ser=1542099456951 HTTP/1.1" 200 28 "http://renault.activities.at/login?required=true" "Mozilla/5.0 (Windows NT 10.0; Win64; x64; rv:63.0) Gecko/20100101 Firefox/63.0"
193.194.132.25 - - [13/Nov/2018:09:57:50 +0100] "GET /reload?ser=1542099470323 HTTP/1.1" 200 28 "http://renault.2web.at/account?loadrequest=true" "Mozilla/5.0 (Windows NT 6.1; WOW64; Trident/7.0; rv:11.0) like Gecko"
217.76.161.118 - - [13/Nov/2018:09:58:34 +0100] "GET /reload?ser=1542099515834 HTTP/1.1" 200 28 "http://renault.activities.at/11908275" "Mozilla/5.0 (Windows NT 6.1; WOW64; Trident/7.0; rv:11.0) like Gecko"
213.153.47.173 - - [13/Nov/2018:09:58:37 +0100] "GET /reload?ser=1542099517621 HTTP/1.1" 200 28 "http://renault.activities.at/login?required=true" "Mozilla/5.0 (Windows NT 10.0; Win64; x64; rv:63.0) Gecko/20100101 Firefox/63.0"
193.194.132.25 - - [13/Nov/2018:09:58:51 +0100] "GET /reload?ser=1542099531372 HTTP/1.1" 200 28 "http://renault.2web.at/account?loadrequest=true" "Mozilla/5.0 (Windows NT 6.1; WOW64; Trident/7.0; rv:11.0) like Gecko"
217.76.161.118 - - [13/Nov/2018:09:59:35 +0100] "GET /reload?ser=1542099576881 HTTP/1.1" 200 28 "http://renault.activities.at/11908275" "Mozilla/5.0 (Windows NT 6.1; WOW64; Trident/7.0; rv:11.0) like Gecko"
213.153.47.173 - - [13/Nov/2018:09:59:38 +0100] "GET /reload?ser=1542099578290 HTTP/1.1" 200 28 "http://renault.activities.at/login?required=true" "Mozilla/5.0 (Windows NT 10.0; Win64; x64; rv:63.0) Gecko/20100101 Firefox/63.0"
193.194.132.25 - - [13/Nov/2018:09:59:52 +0100] "GET /reload?ser=1542099592401 HTTP/1.1" 200 28 "http://renault.2web.at/account?loadrequest=true" "Mozilla/5.0 (Windows NT 6.1; WOW64; Trident/7.0; rv:11.0) like Gecko"
217.76.161.118 - - [13/Nov/2018:10:00:36 +0100] "GET /reload?ser=1542099638035 HTTP/1.1" 200 28 "http://renault.activities.at/11908275" "Mozilla/5.0 (Windows NT 6.1; WOW64; Trident/7.0; rv:11.0) like Gecko"
213.153.47.173 - - [13/Nov/2018:10:00:38 +0100] "GET /reload?ser=1542099638951 HTTP/1.1" 200 28 "http://renault.activities.at/login?required=true" "Mozilla/5.0 (Windows NT 10.0; Win64; x64; rv:63.0) Gecko/20100101 Firefox/63.0"
193.194.132.25 - - [13/Nov/2018:10:00:53 +0100] "GET /reload?ser=1542099653550 HTTP/1.1" 200 28 "http://renault.2web.at/account?loadrequest=true" "Mozilla/5.0 (Windows NT 6.1; WOW64; Trident/7.0; rv:11.0) like Gecko"
213.147.182.108 - - [13/Nov/2018:10:00:57 +0100] "GET / HTTP/1.1" 200 3474 "-" "Mozilla/5.0 (iPhone; CPU iPhone OS 12_1 like Mac OS X) AppleWebKit/605.1.15 (KHTML, like Gecko) Version/12.0 Mobile/15E148 Safari/604.1"
213.147.182.108 - - [13/Nov/2018:10:00:58 +0100] "GET /apple-touch-icon-120x120-precomposed.png HTTP/1.1" 200 1559 "-" "MobileSafari/604.1 CFNetwork/975.0.3 Darwin/18.2.0"
213.147.182.108 - - [13/Nov/2018:10:00:59 +0100] "GET /apple-touch-icon-120x120.png HTTP/1.1" 200 1559 "-" "MobileSafari/604.1 CFNetwork/975.0.3 Darwin/18.2.0"
213.147.182.108 - - [13/Nov/2018:10:01:00 +0100] "GET /apple-touch-icon-precomposed.png HTTP/1.1" 200 1559 "-" "MobileSafari/604.1 CFNetwork/975.0.3 Darwin/18.2.0"
213.147.182.108 - - [13/Nov/2018:10:01:01 +0100] "GET /apple-touch-icon.png HTTP/1.1" 200 1559 "-" "MobileSafari/604.1 CFNetwork/975.0.3 Darwin/18.2.0"
213.147.182.108 - - [13/Nov/2018:10:01:02 +0100] "GET /images/favicon.ico HTTP/1.1" 404 305 "-" "MobileSafari/604.1 CFNetwork/975.0.3 Darwin/18.2.0"
213.147.182.108 - - [13/Nov/2018:10:01:02 +0100] "GET /images/favicon.ico HTTP/1.1" 404 305 "-" "MobileSafari/604.1 CFNetwork/975.0.3 Darwin/18.2.0"
213.147.182.108 - - [13/Nov/2018:10:01:03 +0100] "GET /favicon.ico HTTP/1.1" 200 3250 "-" "MobileSafari/604.1 CFNetwork/975.0.3 Darwin/18.2.0"
213.147.182.108 - - [13/Nov/2018:10:01:03 +0100] "GET /apple-touch-icon-120x120-precomposed.png HTTP/1.1" 200 1559 "-" "MobileSafari/604.1 CFNetwork/975.0.3 Darwin/18.2.0"
213.147.182.108 - - [13/Nov/2018:10:01:04 +0100] "GET /apple-touch-icon-120x120.png HTTP/1.1" 200 1559 "-" "MobileSafari/604.1 CFNetwork/975.0.3 Darwin/18.2.0"
213.147.182.108 - - [13/Nov/2018:10:01:05 +0100] "GET /apple-touch-icon-precomposed.png HTTP/1.1" 200 1559 "-" "MobileSafari/604.1 CFNetwork/975.0.3 Darwin/18.2.0"
213.147.182.108 - - [13/Nov/2018:10:01:06 +0100] "GET /apple-touch-icon.png HTTP/1.1" 200 1559 "-" "MobileSafari/604.1 CFNetwork/975.0.3 Darwin/18.2.0"
213.147.182.108 - - [13/Nov/2018:10:01:07 +0100] "GET /images/favicon.ico HTTP/1.1" 404 305 "-" "MobileSafari/604.1 CFNetwork/975.0.3 Darwin/18.2.0"
213.147.182.108 - - [13/Nov/2018:10:01:07 +0100] "GET /images/favicon.ico HTTP/1.1" 404 305 "-" "MobileSafari/604.1 CFNetwork/975.0.3 Darwin/18.2.0"
213.147.182.108 - - [13/Nov/2018:10:01:07 +0100] "GET /favicon.ico HTTP/1.1" 200 3250 "-" "MobileSafari/604.1 CFNetwork/975.0.3 Darwin/18.2.0"
217.76.161.118 - - [13/Nov/2018:10:01:37 +0100] "GET /reload?ser=1542099699126 HTTP/1.1" 200 28 "http://renault.activities.at/11908275" "Mozilla/5.0 (Windows NT 6.1; WOW64; Trident/7.0; rv:11.0) like Gecko"
213.153.47.173 - - [13/Nov/2018:10:01:39 +0100] "GET /reload?ser=1542099699621 HTTP/1.1" 200 28 "http://renault.activities.at/login?required=true" "Mozilla/5.0 (Windows NT 10.0; Win64; x64; rv:63.0) Gecko/20100101 Firefox/63.0"
193.194.132.25 - - [13/Nov/2018:10:01:54 +0100] "GET /reload?ser=1542099714635 HTTP/1.1" 200 28 "http://renault.2web.at/account?loadrequest=true" "Mozilla/5.0 (Windows NT 6.1; WOW64; Trident/7.0; rv:11.0) like Gecko"
217.76.161.118 - - [13/Nov/2018:10:02:39 +0100] "GET /reload?ser=1542099760146 HTTP/1.1" 200 28 "http://renault.activities.at/11908275" "Mozilla/5.0 (Windows NT 6.1; WOW64; Trident/7.0; rv:11.0) like Gecko"
213.153.47.173 - - [13/Nov/2018:10:02:40 +0100] "GET /reload?ser=1542099760270 HTTP/1.1" 200 28 "http://renault.activities.at/login?required=true" "Mozilla/5.0 (Windows NT 10.0; Win64; x64; rv:63.0) Gecko/20100101 Firefox/63.0"
193.194.132.25 - - [13/Nov/2018:10:02:55 +0100] "GET /reload?ser=1542099775715 HTTP/1.1" 200 28 "http://renault.2web.at/account?loadrequest=true" "Mozilla/5.0 (Windows NT 6.1; WOW64; Trident/7.0; rv:11.0) like Gecko"
217.76.161.118 - - [13/Nov/2018:10:03:40 +0100] "GET /reload?ser=1542099821208 HTTP/1.1" 200 28 "http://renault.activities.at/11908275" "Mozilla/5.0 (Windows NT 6.1; WOW64; Trident/7.0; rv:11.0) like Gecko"
213.153.47.173 - - [13/Nov/2018:10:03:40 +0100] "GET /reload?ser=1542099820930 HTTP/1.1" 200 28 "http://renault.activities.at/login?required=true" "Mozilla/5.0 (Windows NT 10.0; Win64; x64; rv:63.0) Gecko/20100101 Firefox/63.0"
193.194.132.25 - - [13/Nov/2018:10:03:56 +0100] "GET /reload?ser=1542099836831 HTTP/1.1" 200 28 "http://renault.2web.at/account?loadrequest=true" "Mozilla/5.0 (Windows NT 6.1; WOW64; Trident/7.0; rv:11.0) like Gecko"
217.76.161.118 - - [13/Nov/2018:10:04:41 +0100] "GET /reload?ser=1542099882252 HTTP/1.1" 200 28 "http://renault.activities.at/11908275" "Mozilla/5.0 (Windows NT 6.1; WOW64; Trident/7.0; rv:11.0) like Gecko"
213.153.47.173 - - [13/Nov/2018:10:04:41 +0100] "GET /reload?ser=1542099881590 HTTP/1.1" 200 28 "http://renault.activities.at/login?required=true" "Mozilla/5.0 (Windows NT 10.0; Win64; x64; rv:63.0) Gecko/20100101 Firefox/63.0"
193.194.132.25 - - [13/Nov/2018:10:04:57 +0100] "GET /reload?ser=1542099897878 HTTP/1.1" 200 28 "http://renault.2web.at/account?loadrequest=true" "Mozilla/5.0 (Windows NT 6.1; WOW64; Trident/7.0; rv:11.0) like Gecko"
213.153.47.173 - - [13/Nov/2018:10:05:42 +0100] "GET /reload?ser=1542099942260 HTTP/1.1" 200 28 "http://renault.activities.at/login?required=true" "Mozilla/5.0 (Windows NT 10.0; Win64; x64; rv:63.0) Gecko/20100101 Firefox/63.0"
217.76.161.118 - - [13/Nov/2018:10:05:42 +0100] "GET /reload?ser=1542099943373 HTTP/1.1" 200 28 "http://renault.activities.at/11908275" "Mozilla/5.0 (Windows NT 6.1; WOW64; Trident/7.0; rv:11.0) like Gecko"
157.97.69.246 - - [13/Nov/2018:10:05:51 +0100] "GET / HTTP/1.1" 200 3474 "-" "Mozilla/5.0 (Windows NT 10.0; Win64; x64; rv:63.0) Gecko/20100101 Firefox/63.0"
157.97.69.246 - - [13/Nov/2018:10:05:53 +0100] "GET /js/flashdetection.js HTTP/1.1" 200 1059 "http://renault.activities.at/" "Mozilla/5.0 (Windows NT 10.0; Win64; x64; rv:63.0) Gecko/20100101 Firefox/63.0"
157.97.69.246 - - [13/Nov/2018:10:05:53 +0100] "GET /css/reset.css HTTP/1.1" 200 1356 "http://renault.activities.at/" "Mozilla/5.0 (Windows NT 10.0; Win64; x64; rv:63.0) Gecko/20100101 Firefox/63.0"
157.97.69.246 - - [13/Nov/2018:10:05:53 +0100] "GET /css/clears.css HTTP/1.1" 200 851 "http://renault.activities.at/" "Mozilla/5.0 (Windows NT 10.0; Win64; x64; rv:63.0) Gecko/20100101 Firefox/63.0"
157.97.69.246 - - [13/Nov/2018:10:05:53 +0100] "GET /css/styles.css HTTP/1.1" 200 14664 "http://renault.activities.at/" "Mozilla/5.0 (Windows NT 10.0; Win64; x64; rv:63.0) Gecko/20100101 Firefox/63.0"
157.97.69.246 - - [13/Nov/2018:10:05:53 +0100] "GET /js/checkout.css HTTP/1.1" 200 359 "http://renault.activities.at/" "Mozilla/5.0 (Windows NT 10.0; Win64; x64; rv:63.0) Gecko/20100101 Firefox/63.0"
157.97.69.246 - - [13/Nov/2018:10:05:53 +0100] "GET /css/print.css HTTP/1.1" 200 543 "http://renault.activities.at/" "Mozilla/5.0 (Windows NT 10.0; Win64; x64; rv:63.0) Gecko/20100101 Firefox/63.0"
157.97.69.246 - - [13/Nov/2018:10:05:53 +0100] "GET /css/prototip.css HTTP/1.1" 200 968 "http://renault.activities.at/" "Mozilla/5.0 (Windows NT 10.0; Win64; x64; rv:63.0) Gecko/20100101 Firefox/63.0"
157.97.69.246 - - [13/Nov/2018:10:05:53 +0100] "GET /css/themes/default.css HTTP/1.1" 200 769 "http://renault.activities.at/" "Mozilla/5.0 (Windows NT 10.0; Win64; x64; rv:63.0) Gecko/20100101 Firefox/63.0"
157.97.69.246 - - [13/Nov/2018:10:05:53 +0100] "GET /css/themes/alphacube.css HTTP/1.1" 200 743 "http://renault.activities.at/" "Mozilla/5.0 (Windows NT 10.0; Win64; x64; rv:63.0) Gecko/20100101 Firefox/63.0"
157.97.69.246 - - [13/Nov/2018:10:05:53 +0100] "GET /images/main_block_corner_left_top.gif HTTP/1.1" 200 159 "http://renault.activities.at/css/styles.css" "Mozilla/5.0 (Windows NT 10.0; Win64; x64; rv:63.0) Gecko/20100101 Firefox/63.0"
157.97.69.246 - - [13/Nov/2018:10:05:53 +0100] "GET /images/main_block_corner_right_top.gif HTTP/1.1" 200 159 "http://renault.activities.at/css/styles.css" "Mozilla/5.0 (Windows NT 10.0; Win64; x64; rv:63.0) Gecko/20100101 Firefox/63.0"
157.97.69.246 - - [13/Nov/2018:10:05:53 +0100] "GET /images/title_border.jpg HTTP/1.1" 200 304 "http://renault.activities.at/css/styles.css" "Mozilla/5.0 (Windows NT 10.0; Win64; x64; rv:63.0) Gecko/20100101 Firefox/63.0"
157.97.69.246 - - [13/Nov/2018:10:05:53 +0100] "GET /images/title_border_top.jpg HTTP/1.1" 200 336 "http://renault.activities.at/css/styles.css" "Mozilla/5.0 (Windows NT 10.0; Win64; x64; rv:63.0) Gecko/20100101 Firefox/63.0"
157.97.69.246 - - [13/Nov/2018:10:05:53 +0100] "GET /images/title_corner_left_top.jpg HTTP/1.1" 200 372 "http://renault.activities.at/css/styles.css" "Mozilla/5.0 (Windows NT 10.0; Win64; x64; rv:63.0) Gecko/20100101 Firefox/63.0"
157.97.69.246 - - [13/Nov/2018:10:05:53 +0100] "GET /images/favicon.ico HTTP/1.1" 404 305 "-" "Mozilla/5.0 (Windows NT 10.0; Win64; x64; rv:63.0) Gecko/20100101 Firefox/63.0"
157.97.69.246 - - [13/Nov/2018:10:05:53 +0100] "GET /loadthumbnail.php?id=11127982 HTTP/1.1" 200 399614 "http://renault.activities.at/" "Mozilla/5.0 (Windows NT 10.0; Win64; x64; rv:63.0) Gecko/20100101 Firefox/63.0"
157.97.69.246 - - [13/Nov/2018:10:05:54 +0100] "GET /login HTTP/1.1" 200 2086 "http://renault.activities.at/" "Mozilla/5.0 (Windows NT 10.0; Win64; x64; rv:63.0) Gecko/20100101 Firefox/63.0"
157.97.69.246 - - [13/Nov/2018:10:05:55 +0100] "GET /images/button_left_bg.gif HTTP/1.1" 200 564 "http://renault.activities.at/css/styles.css" "Mozilla/5.0 (Windows NT 10.0; Win64; x64; rv:63.0) Gecko/20100101 Firefox/63.0"
157.97.69.246 - - [13/Nov/2018:10:05:55 +0100] "GET /images/button_right_bg.gif HTTP/1.1" 200 561 "http://renault.activities.at/css/styles.css" "Mozilla/5.0 (Windows NT 10.0; Win64; x64; rv:63.0) Gecko/20100101 Firefox/63.0"
157.97.69.246 - - [13/Nov/2018:10:05:55 +0100] "GET /images/button_bg.gif HTTP/1.1" 200 151 "http://renault.activities.at/css/styles.css" "Mozilla/5.0 (Windows NT 10.0; Win64; x64; rv:63.0) Gecko/20100101 Firefox/63.0"
157.97.69.246 - - [13/Nov/2018:10:05:56 +0100] "GET /images/favicon.ico HTTP/1.1" 404 305 "-" "Mozilla/5.0 (Windows NT 10.0; Win64; x64; rv:63.0) Gecko/20100101 Firefox/63.0"
193.194.132.25 - - [13/Nov/2018:10:05:58 +0100] "GET /reload?ser=1542099958933 HTTP/1.1" 200 28 "http://renault.2web.at/account?loadrequest=true" "Mozilla/5.0 (Windows NT 6.1; WOW64; Trident/7.0; rv:11.0) like Gecko"
157.97.69.246 - - [13/Nov/2018:10:06:02 +0100] "POST /login HTTP/1.1" 302 140 "http://renault.activities.at/login" "Mozilla/5.0 (Windows NT 10.0; Win64; x64; rv:63.0) Gecko/20100101 Firefox/63.0"
157.97.69.246 - - [13/Nov/2018:10:06:05 +0100] "GET /account HTTP/1.1" 200 6998 "http://renault.activities.at/login" "Mozilla/5.0 (Windows NT 10.0; Win64; x64; rv:63.0) Gecko/20100101 Firefox/63.0"
157.97.69.246 - - [13/Nov/2018:10:06:09 +0100] "GET /js/account.js HTTP/1.1" 200 953 "http://renault.activities.at/account" "Mozilla/5.0 (Windows NT 10.0; Win64; x64; rv:63.0) Gecko/20100101 Firefox/63.0"
157.97.69.246 - - [13/Nov/2018:10:06:09 +0100] "GET /loadthumbnail.php?id=11825617&width=50&height=50 HTTP/1.1" 200 974 "http://renault.activities.at/account" "Mozilla/5.0 (Windows NT 10.0; Win64; x64; rv:63.0) Gecko/20100101 Firefox/63.0"
157.97.69.246 - - [13/Nov/2018:10:06:09 +0100] "GET /loadthumbnail.php?id=11255648&width=50&height=50 HTTP/1.1" 200 748 "http://renault.activities.at/account" "Mozilla/5.0 (Windows NT 10.0; Win64; x64; rv:63.0) Gecko/20100101 Firefox/63.0"
157.97.69.246 - - [13/Nov/2018:10:06:09 +0100] "GET /loadthumbnail.php?id=11825612&width=50&height=50 HTTP/1.1" 200 1068 "http://renault.activities.at/account" "Mozilla/5.0 (Windows NT 10.0; Win64; x64; rv:63.0) Gecko/20100101 Firefox/63.0"
157.97.69.246 - - [13/Nov/2018:10:06:09 +0100] "GET /loadthumbnail.php?id=10995605&width=50&height=50 HTTP/1.1" 200 735 "http://renault.activities.at/account" "Mozilla/5.0 (Windows NT 10.0; Win64; x64; rv:63.0) Gecko/20100101 Firefox/63.0"
157.97.69.246 - - [13/Nov/2018:10:06:09 +0100] "GET /loadthumbnail.php?id=11036126&width=50&height=50 HTTP/1.1" 200 748 "http://renault.activities.at/account" "Mozilla/5.0 (Windows NT 10.0; Win64; x64; rv:63.0) Gecko/20100101 Firefox/63.0"
157.97.69.246 - - [13/Nov/2018:10:06:09 +0100] "GET /loadthumbnail.php?id=10260863&width=50&height=50 HTTP/1.1" 200 734 "http://renault.activities.at/account" "Mozilla/5.0 (Windows NT 10.0; Win64; x64; rv:63.0) Gecko/20100101 Firefox/63.0"
157.97.69.246 - - [13/Nov/2018:10:06:09 +0100] "GET /loadthumbnail.php?id=10203651&width=50&height=50 HTTP/1.1" 200 1234 "http://renault.activities.at/account" "Mozilla/5.0 (Windows NT 10.0; Win64; x64; rv:63.0) Gecko/20100101 Firefox/63.0"
157.97.69.246 - - [13/Nov/2018:10:06:10 +0100] "GET /loadthumbnail.php?id=11721290&width=50&height=50 HTTP/1.1" 200 705 "http://renault.activities.at/account" "Mozilla/5.0 (Windows NT 10.0; Win64; x64; rv:63.0) Gecko/20100101 Firefox/63.0"
157.97.69.246 - - [13/Nov/2018:10:06:10 +0100] "GET /loadthumbnail.php?id=11693093&width=50&height=50 HTTP/1.1" 200 1278 "http://renault.activities.at/account" "Mozilla/5.0 (Windows NT 10.0; Win64; x64; rv:63.0) Gecko/20100101 Firefox/63.0"
157.97.69.246 - - [13/Nov/2018:10:06:10 +0100] "GET /loadthumbnail.php?id=11089820&width=50&height=50 HTTP/1.1" 200 947 "http://renault.activities.at/account" "Mozilla/5.0 (Windows NT 10.0; Win64; x64; rv:63.0) Gecko/20100101 Firefox/63.0"
157.97.69.246 - - [13/Nov/2018:10:06:10 +0100] "GET /loadthumbnail.php?id=11711045&width=50&height=50 HTTP/1.1" 200 1132 "http://renault.activities.at/account" "Mozilla/5.0 (Windows NT 10.0; Win64; x64; rv:63.0) Gecko/20100101 Firefox/63.0"
157.97.69.246 - - [13/Nov/2018:10:06:10 +0100] "GET /loadthumbnail.php?id=11503755&width=50&height=50 HTTP/1.1" 200 4607 "http://renault.activities.at/account" "Mozilla/5.0 (Windows NT 10.0; Win64; x64; rv:63.0) Gecko/20100101 Firefox/63.0"
157.97.69.246 - - [13/Nov/2018:10:06:10 +0100] "GET /loadthumbnail.php?id=11361093&width=50&height=50 HTTP/1.1" 200 4919 "http://renault.activities.at/account" "Mozilla/5.0 (Windows NT 10.0; Win64; x64; rv:63.0) Gecko/20100101 Firefox/63.0"
157.97.69.246 - - [13/Nov/2018:10:06:10 +0100] "GET /loadthumbnail.php?id=11383873&width=50&height=50 HTTP/1.1" 200 5075 "http://renault.activities.at/account" "Mozilla/5.0 (Windows NT 10.0; Win64; x64; rv:63.0) Gecko/20100101 Firefox/63.0"
157.97.69.246 - - [13/Nov/2018:10:06:10 +0100] "GET /loadthumbnail.php?id=11548693&width=50&height=50 HTTP/1.1" 200 4467 "http://renault.activities.at/account" "Mozilla/5.0 (Windows NT 10.0; Win64; x64; rv:63.0) Gecko/20100101 Firefox/63.0"
157.97.69.246 - - [13/Nov/2018:10:06:10 +0100] "GET /loadthumbnail.php?id=11146700&width=50&height=50 HTTP/1.1" 200 717 "http://renault.activities.at/account" "Mozilla/5.0 (Windows NT 10.0; Win64; x64; rv:63.0) Gecko/20100101 Firefox/63.0"
157.97.69.246 - - [13/Nov/2018:10:06:10 +0100] "GET /images/favicon.ico HTTP/1.1" 404 305 "-" "Mozilla/5.0 (Windows NT 10.0; Win64; x64; rv:63.0) Gecko/20100101 Firefox/63.0"
157.97.69.246 - - [13/Nov/2018:10:06:23 +0100] "GET /cart HTTP/1.1" 200 6266 "http://renault.activities.at/account" "Mozilla/5.0 (Windows NT 10.0; Win64; x64; rv:63.0) Gecko/20100101 Firefox/63.0"
157.97.69.246 - - [13/Nov/2018:10:06:26 +0100] "GET /loadthumbnail.php?id=10232009&width=16&height=16 HTTP/1.1" 200 700 "http://renault.activities.at/cart" "Mozilla/5.0 (Windows NT 10.0; Win64; x64; rv:63.0) Gecko/20100101 Firefox/63.0"
157.97.69.246 - - [13/Nov/2018:10:06:26 +0100] "GET /loadthumbnail.php?id=11339764&width=100 HTTP/1.1" 200 1835 "http://renault.activities.at/cart" "Mozilla/5.0 (Windows NT 10.0; Win64; x64; rv:63.0) Gecko/20100101 Firefox/63.0"
157.97.69.246 - - [13/Nov/2018:10:06:26 +0100] "GET /loadthumbnail.php?id=11351226&width=100 HTTP/1.1" 200 12621 "http://renault.activities.at/cart" "Mozilla/5.0 (Windows NT 10.0; Win64; x64; rv:63.0) Gecko/20100101 Firefox/63.0"
157.97.69.246 - - [13/Nov/2018:10:06:26 +0100] "GET /loadthumbnail.php?id=11181173&width=100 HTTP/1.1" 200 1842 "http://renault.activities.at/cart" "Mozilla/5.0 (Windows NT 10.0; Win64; x64; rv:63.0) Gecko/20100101 Firefox/63.0"
157.97.69.246 - - [13/Nov/2018:10:06:26 +0100] "GET /loadthumbnail.php?id=11351222&width=100 HTTP/1.1" 200 14583 "http://renault.activities.at/cart" "Mozilla/5.0 (Windows NT 10.0; Win64; x64; rv:63.0) Gecko/20100101 Firefox/63.0"
157.97.69.246 - - [13/Nov/2018:10:06:27 +0100] "GET /loadthumbnail.php?id=11181177&width=100 HTTP/1.1" 200 1832 "http://renault.activities.at/cart" "Mozilla/5.0 (Windows NT 10.0; Win64; x64; rv:63.0) Gecko/20100101 Firefox/63.0"
157.97.69.246 - - [13/Nov/2018:10:06:27 +0100] "GET /loadthumbnail.php?id=11181169&width=100 HTTP/1.1" 200 1842 "http://renault.activities.at/cart" "Mozilla/5.0 (Windows NT 10.0; Win64; x64; rv:63.0) Gecko/20100101 Firefox/63.0"
157.97.69.246 - - [13/Nov/2018:10:06:27 +0100] "GET /loadthumbnail.php?id=11228491&width=100 HTTP/1.1" 200 934 "http://renault.activities.at/cart" "Mozilla/5.0 (Windows NT 10.0; Win64; x64; rv:63.0) Gecko/20100101 Firefox/63.0"
157.97.69.246 - - [13/Nov/2018:10:06:27 +0100] "GET /loadthumbnail.php?id=11825611&width=100 HTTP/1.1" 200 1258 "http://renault.activities.at/cart" "Mozilla/5.0 (Windows NT 10.0; Win64; x64; rv:63.0) Gecko/20100101 Firefox/63.0"
157.97.69.246 - - [13/Nov/2018:10:06:27 +0100] "GET /loadthumbnail.php?id=11825610&width=100 HTTP/1.1" 200 1258 "http://renault.activities.at/cart" "Mozilla/5.0 (Windows NT 10.0; Win64; x64; rv:63.0) Gecko/20100101 Firefox/63.0"
157.97.69.246 - - [13/Nov/2018:10:06:27 +0100] "GET /loadthumbnail.php?id=11711045&width=100 HTTP/1.1" 200 2495 "http://renault.activities.at/cart" "Mozilla/5.0 (Windows NT 10.0; Win64; x64; rv:63.0) Gecko/20100101 Firefox/63.0"
157.97.69.246 - - [13/Nov/2018:10:06:27 +0100] "GET /images/favicon.ico HTTP/1.1" 404 305 "-" "Mozilla/5.0 (Windows NT 10.0; Win64; x64; rv:63.0) Gecko/20100101 Firefox/63.0"
213.153.47.173 - - [13/Nov/2018:10:06:42 +0100] "GET /reload?ser=1542100002920 HTTP/1.1" 200 28 "http://renault.activities.at/login?required=true" "Mozilla/5.0 (Windows NT 10.0; Win64; x64; rv:63.0) Gecko/20100101 Firefox/63.0"
217.76.161.118 - - [13/Nov/2018:10:06:43 +0100] "GET /reload?ser=1542100004573 HTTP/1.1" 200 28 "http://renault.activities.at/11908275" "Mozilla/5.0 (Windows NT 6.1; WOW64; Trident/7.0; rv:11.0) like Gecko"
157.97.69.246 - - [13/Nov/2018:10:06:50 +0100] "GET /images/vista-up-hover.gif HTTP/1.1" 200 130 "http://renault.activities.at/css/styles.css" "Mozilla/5.0 (Windows NT 10.0; Win64; x64; rv:63.0) Gecko/20100101 Firefox/63.0"
193.194.132.25 - - [13/Nov/2018:10:07:00 +0100] "GET /reload?ser=1542100020022 HTTP/1.1" 200 28 "http://renault.2web.at/account?loadrequest=true" "Mozilla/5.0 (Windows NT 6.1; WOW64; Trident/7.0; rv:11.0) like Gecko"
157.97.69.246 - - [13/Nov/2018:10:07:09 +0100] "GET /checkout HTTP/1.1" 200 10244 "http://renault.activities.at/cart" "Mozilla/5.0 (Windows NT 10.0; Win64; x64; rv:63.0) Gecko/20100101 Firefox/63.0"
157.97.69.246 - - [13/Nov/2018:10:07:14 +0100] "GET /js/checkout2.js HTTP/1.1" 200 4122 "http://renault.activities.at/checkout" "Mozilla/5.0 (Windows NT 10.0; Win64; x64; rv:63.0) Gecko/20100101 Firefox/63.0"
157.97.69.246 - - [13/Nov/2018:10:07:14 +0100] "GET /images/ajax_loading.gif HTTP/1.1" 200 1542 "http://renault.activities.at/checkout" "Mozilla/5.0 (Windows NT 10.0; Win64; x64; rv:63.0) Gecko/20100101 Firefox/63.0"
157.97.69.246 - - [13/Nov/2018:10:07:14 +0100] "GET /images/step_bg.jpg HTTP/1.1" 200 319 "http://renault.activities.at/css/styles.css" "Mozilla/5.0 (Windows NT 10.0; Win64; x64; rv:63.0) Gecko/20100101 Firefox/63.0"
157.97.69.246 - - [13/Nov/2018:10:07:14 +0100] "GET /images/step_marker.gif HTTP/1.1" 200 650 "http://renault.activities.at/css/styles.css" "Mozilla/5.0 (Windows NT 10.0; Win64; x64; rv:63.0) Gecko/20100101 Firefox/63.0"
157.97.69.246 - - [13/Nov/2018:10:07:14 +0100] "GET /images/checkout_border_top.gif HTTP/1.1" 200 156 "http://renault.activities.at/css/styles.css" "Mozilla/5.0 (Windows NT 10.0; Win64; x64; rv:63.0) Gecko/20100101 Firefox/63.0"
157.97.69.246 - - [13/Nov/2018:10:07:14 +0100] "GET /images/checkout_border.gif HTTP/1.1" 200 43 "http://renault.activities.at/css/styles.css" "Mozilla/5.0 (Windows NT 10.0; Win64; x64; rv:63.0) Gecko/20100101 Firefox/63.0"
157.97.69.246 - - [13/Nov/2018:10:07:14 +0100] "GET /loadthumbnail.php?id=10201939 HTTP/1.1" 200 201 "http://renault.activities.at/checkout" "Mozilla/5.0 (Windows NT 10.0; Win64; x64; rv:63.0) Gecko/20100101 Firefox/63.0"
157.97.69.246 - - [13/Nov/2018:10:07:14 +0100] "GET /loadthumbnail.php?id=10202698 HTTP/1.1" 200 16686 "http://renault.activities.at/checkout" "Mozilla/5.0 (Windows NT 10.0; Win64; x64; rv:63.0) Gecko/20100101 Firefox/63.0"
157.97.69.246 - - [13/Nov/2018:10:07:14 +0100] "GET /images/favicon.ico HTTP/1.1" 404 305 "-" "Mozilla/5.0 (Windows NT 10.0; Win64; x64; rv:63.0) Gecko/20100101 Firefox/63.0"
157.97.69.246 - - [13/Nov/2018:10:07:19 +0100] "POST /docheckout HTTP/1.1" 200 445 "http://renault.activities.at/checkout" "Mozilla/5.0 (Windows NT 10.0; Win64; x64; rv:63.0) Gecko/20100101 Firefox/63.0"
157.97.69.246 - - [13/Nov/2018:10:07:23 +0100] "POST /docheckout HTTP/1.1" 200 961 "http://renault.activities.at/checkout" "Mozilla/5.0 (Windows NT 10.0; Win64; x64; rv:63.0) Gecko/20100101 Firefox/63.0"
157.97.69.246 - - [13/Nov/2018:10:07:26 +0100] "GET /images/error_msg_icon.gif HTTP/1.1" 200 1013 "http://renault.activities.at/checkout" "Mozilla/5.0 (Windows NT 10.0; Win64; x64; rv:63.0) Gecko/20100101 Firefox/63.0"
157.97.69.246 - - [13/Nov/2018:10:07:30 +0100] "POST /docheckout HTTP/1.1" 200 68 "http://renault.activities.at/checkout" "Mozilla/5.0 (Windows NT 10.0; Win64; x64; rv:63.0) Gecko/20100101 Firefox/63.0"
157.97.69.246 - - [13/Nov/2018:10:07:34 +0100] "GET /success HTTP/1.1" 200 3782 "http://renault.activities.at/checkout" "Mozilla/5.0 (Windows NT 10.0; Win64; x64; rv:63.0) Gecko/20100101 Firefox/63.0"
157.97.69.246 - - [13/Nov/2018:10:07:37 +0100] "GET /images/favicon.ico HTTP/1.1" 404 305 "-" "Mozilla/5.0 (Windows NT 10.0; Win64; x64; rv:63.0) Gecko/20100101 Firefox/63.0"
213.153.47.173 - - [13/Nov/2018:10:07:43 +0100] "GET /reload?ser=1542100063568 HTTP/1.1" 200 28 "http://renault.activities.at/login?required=true" "Mozilla/5.0 (Windows NT 10.0; Win64; x64; rv:63.0) Gecko/20100101 Firefox/63.0"
217.76.161.118 - - [13/Nov/2018:10:07:44 +0100] "GET /reload?ser=1542100065690 HTTP/1.1" 200 28 "http://renault.activities.at/11908275" "Mozilla/5.0 (Windows NT 6.1; WOW64; Trident/7.0; rv:11.0) like Gecko"
193.194.132.25 - - [13/Nov/2018:10:08:01 +0100] "GET /reload?ser=1542100081045 HTTP/1.1" 200 28 "http://renault.2web.at/account?loadrequest=true" "Mozilla/5.0 (Windows NT 6.1; WOW64; Trident/7.0; rv:11.0) like Gecko"
213.153.47.173 - - [13/Nov/2018:10:08:44 +0100] "GET /reload?ser=1542100124230 HTTP/1.1" 200 28 "http://renault.activities.at/login?required=true" "Mozilla/5.0 (Windows NT 10.0; Win64; x64; rv:63.0) Gecko/20100101 Firefox/63.0"
217.76.161.118 - - [13/Nov/2018:10:08:45 +0100] "GET /reload?ser=1542100126816 HTTP/1.1" 200 28 "http://renault.activities.at/11908275" "Mozilla/5.0 (Windows NT 6.1; WOW64; Trident/7.0; rv:11.0) like Gecko"
193.194.132.25 - - [13/Nov/2018:10:09:02 +0100] "GET /reload?ser=1542100142079 HTTP/1.1" 200 28 "http://renault.2web.at/account?loadrequest=true" "Mozilla/5.0 (Windows NT 6.1; WOW64; Trident/7.0; rv:11.0) like Gecko"
213.153.47.173 - - [13/Nov/2018:10:09:44 +0100] "GET /reload?ser=1542100184879 HTTP/1.1" 200 28 "http://renault.activities.at/login?required=true" "Mozilla/5.0 (Windows NT 10.0; Win64; x64; rv:63.0) Gecko/20100101 Firefox/63.0"
217.76.161.118 - - [13/Nov/2018:10:09:46 +0100] "GET /reload?ser=1542100187910 HTTP/1.1" 200 28 "http://renault.activities.at/11908275" "Mozilla/5.0 (Windows NT 6.1; WOW64; Trident/7.0; rv:11.0) like Gecko"
193.194.132.25 - - [13/Nov/2018:10:10:03 +0100] "GET /reload?ser=1542100203126 HTTP/1.1" 200 28 "http://renault.2web.at/account?loadrequest=true" "Mozilla/5.0 (Windows NT 6.1; WOW64; Trident/7.0; rv:11.0) like Gecko"
213.153.47.173 - - [13/Nov/2018:10:10:45 +0100] "GET /reload?ser=1542100245540 HTTP/1.1" 200 28 "http://renault.activities.at/login?required=true" "Mozilla/5.0 (Windows NT 10.0; Win64; x64; rv:63.0) Gecko/20100101 Firefox/63.0"
217.76.161.118 - - [13/Nov/2018:10:10:47 +0100] "GET /reload?ser=1542100249077 HTTP/1.1" 200 28 "http://renault.activities.at/11908275" "Mozilla/5.0 (Windows NT 6.1; WOW64; Trident/7.0; rv:11.0) like Gecko"
193.194.132.25 - - [13/Nov/2018:10:11:04 +0100] "GET /reload?ser=1542100264159 HTTP/1.1" 200 28 "http://renault.2web.at/account?loadrequest=true" "Mozilla/5.0 (Windows NT 6.1; WOW64; Trident/7.0; rv:11.0) like Gecko"
213.153.47.173 - - [13/Nov/2018:10:11:46 +0100] "GET /reload?ser=1542100306199 HTTP/1.1" 200 28 "http://renault.activities.at/login?required=true" "Mozilla/5.0 (Windows NT 10.0; Win64; x64; rv:63.0) Gecko/20100101 Firefox/63.0"
217.76.161.118 - - [13/Nov/2018:10:11:49 +0100] "GET /reload?ser=1542100310166 HTTP/1.1" 200 28 "http://renault.activities.at/11908275" "Mozilla/5.0 (Windows NT 6.1; WOW64; Trident/7.0; rv:11.0) like Gecko"
