212.152.158.195 - - [21/Nov/2018:13:20:28 +0100] "GET /graphics/zoomin.cur HTTP/1.1" 200 4063 "http://renault.activities.at/11877754?print=true" "Mozilla/5.0 (Windows NT 10.0; WOW64; Trident/7.0; Touch; rv:11.0) like Gecko"
193.194.132.27 - - [21/Nov/2018:13:20:33 +0100] "GET /reload?ser=1542802832971 HTTP/1.1" 200 28 "http://renault.2web.at/result?searchterm=true&search=serviceheft" "Mozilla/5.0 (Windows NT 6.1; WOW64; Trident/7.0; rv:11.0) like Gecko"
82.135.5.126 - - [21/Nov/2018:13:20:46 +0100] "GET /reload?ser=1542802846703 HTTP/1.1" 200 28 "http://renault.activities.at/result?searchterm=true&search=model" "Mozilla/5.0 (Windows NT 10.0; WOW64; Trident/7.0; rv:11.0) like Gecko"
193.194.132.22 - - [21/Nov/2018:13:20:56 +0100] "GET /reload?ser=1542802855943 HTTP/1.1" 200 28 "http://renault.2web.at/10260254" "Mozilla/5.0 (Windows NT 6.1; WOW64; Trident/7.0; rv:11.0) like Gecko"
212.152.158.195 - - [21/Nov/2018:13:21:11 +0100] "GET /reload?ser=1542802871375 HTTP/1.1" 200 28 "http://renault.activities.at/result?searchterm=true&search=Dacia+Duster" "Mozilla/5.0 (Windows NT 10.0; WOW64; Trident/7.0; Touch; rv:11.0) like Gecko"
80.123.225.36 - - [21/Nov/2018:13:21:18 +0100] "GET /reload?ser=1542802878428 HTTP/1.1" 200 28 "http://renault.activities.at/success" "Mozilla/5.0 (compatible; MSIE 10.0; Windows NT 6.1; WOW64; Trident/6.0)"
213.153.47.173 - - [21/Nov/2018:13:21:23 +0100] "GET /reload?ser=1542802883609 HTTP/1.1" 200 28 "http://renault.activities.at/login?required=true" "Mozilla/5.0 (Windows NT 10.0; Win64; x64; rv:63.0) Gecko/20100101 Firefox/63.0"
193.194.132.27 - - [21/Nov/2018:13:21:34 +0100] "GET /reload?ser=1542802894085 HTTP/1.1" 200 28 "http://renault.2web.at/result?searchterm=true&search=serviceheft" "Mozilla/5.0 (Windows NT 6.1; WOW64; Trident/7.0; rv:11.0) like Gecko"
82.135.5.126 - - [21/Nov/2018:13:21:47 +0100] "GET /reload?ser=1542802907759 HTTP/1.1" 200 28 "http://renault.activities.at/result?searchterm=true&search=model" "Mozilla/5.0 (Windows NT 10.0; WOW64; Trident/7.0; rv:11.0) like Gecko"
193.194.132.22 - - [21/Nov/2018:13:21:57 +0100] "GET /reload?ser=1542802917052 HTTP/1.1" 200 28 "http://renault.2web.at/10260254" "Mozilla/5.0 (Windows NT 6.1; WOW64; Trident/7.0; rv:11.0) like Gecko"
212.152.158.195 - - [21/Nov/2018:13:22:12 +0100] "GET /reload?ser=1542802932295 HTTP/1.1" 200 28 "http://renault.activities.at/result?searchterm=true&search=Dacia+Duster" "Mozilla/5.0 (Windows NT 10.0; WOW64; Trident/7.0; Touch; rv:11.0) like Gecko"
80.123.225.36 - - [21/Nov/2018:13:22:19 +0100] "GET /reload?ser=1542802939380 HTTP/1.1" 200 28 "http://renault.activities.at/success" "Mozilla/5.0 (compatible; MSIE 10.0; Windows NT 6.1; WOW64; Trident/6.0)"
213.153.47.173 - - [21/Nov/2018:13:22:24 +0100] "GET /reload?ser=1542802944258 HTTP/1.1" 200 28 "http://renault.activities.at/login?required=true" "Mozilla/5.0 (Windows NT 10.0; Win64; x64; rv:63.0) Gecko/20100101 Firefox/63.0"
193.194.132.27 - - [21/Nov/2018:13:22:35 +0100] "GET /reload?ser=1542802955154 HTTP/1.1" 200 28 "http://renault.2web.at/result?searchterm=true&search=serviceheft" "Mozilla/5.0 (Windows NT 6.1; WOW64; Trident/7.0; rv:11.0) like Gecko"
82.135.5.126 - - [21/Nov/2018:13:22:48 +0100] "GET /reload?ser=1542802968783 HTTP/1.1" 200 28 "http://renault.activities.at/result?searchterm=true&search=model" "Mozilla/5.0 (Windows NT 10.0; WOW64; Trident/7.0; rv:11.0) like Gecko"
193.194.132.22 - - [21/Nov/2018:13:22:58 +0100] "GET /reload?ser=1542802978155 HTTP/1.1" 200 28 "http://renault.2web.at/10260254" "Mozilla/5.0 (Windows NT 6.1; WOW64; Trident/7.0; rv:11.0) like Gecko"
212.152.158.195 - - [21/Nov/2018:13:23:13 +0100] "GET /reload?ser=1542802993220 HTTP/1.1" 200 28 "http://renault.activities.at/result?searchterm=true&search=Dacia+Duster" "Mozilla/5.0 (Windows NT 10.0; WOW64; Trident/7.0; Touch; rv:11.0) like Gecko"
80.123.225.36 - - [21/Nov/2018:13:23:20 +0100] "GET /reload?ser=1542803000340 HTTP/1.1" 200 28 "http://renault.activities.at/success" "Mozilla/5.0 (compatible; MSIE 10.0; Windows NT 6.1; WOW64; Trident/6.0)"
213.153.47.173 - - [21/Nov/2018:13:23:24 +0100] "GET /reload?ser=1542803004929 HTTP/1.1" 200 28 "http://renault.activities.at/login?required=true" "Mozilla/5.0 (Windows NT 10.0; Win64; x64; rv:63.0) Gecko/20100101 Firefox/63.0"
193.194.132.27 - - [21/Nov/2018:13:23:36 +0100] "GET /reload?ser=1542803016283 HTTP/1.1" 200 28 "http://renault.2web.at/result?searchterm=true&search=serviceheft" "Mozilla/5.0 (Windows NT 6.1; WOW64; Trident/7.0; rv:11.0) like Gecko"
82.135.5.126 - - [21/Nov/2018:13:23:49 +0100] "GET /reload?ser=1542803029828 HTTP/1.1" 200 28 "http://renault.activities.at/result?searchterm=true&search=model" "Mozilla/5.0 (Windows NT 10.0; WOW64; Trident/7.0; rv:11.0) like Gecko"
193.194.132.22 - - [21/Nov/2018:13:23:59 +0100] "GET /reload?ser=1542803039253 HTTP/1.1" 200 28 "http://renault.2web.at/10260254" "Mozilla/5.0 (Windows NT 6.1; WOW64; Trident/7.0; rv:11.0) like Gecko"
212.152.158.195 - - [21/Nov/2018:13:24:14 +0100] "GET /reload?ser=1542803054187 HTTP/1.1" 200 28 "http://renault.activities.at/result?searchterm=true&search=Dacia+Duster" "Mozilla/5.0 (Windows NT 10.0; WOW64; Trident/7.0; Touch; rv:11.0) like Gecko"
80.123.225.36 - - [21/Nov/2018:13:24:21 +0100] "GET /reload?ser=1542803061293 HTTP/1.1" 200 28 "http://renault.activities.at/success" "Mozilla/5.0 (compatible; MSIE 10.0; Windows NT 6.1; WOW64; Trident/6.0)"
213.153.47.173 - - [21/Nov/2018:13:24:25 +0100] "GET /reload?ser=1542803065569 HTTP/1.1" 200 28 "http://renault.activities.at/login?required=true" "Mozilla/5.0 (Windows NT 10.0; Win64; x64; rv:63.0) Gecko/20100101 Firefox/63.0"
193.194.132.27 - - [21/Nov/2018:13:24:37 +0100] "GET /reload?ser=1542803077339 HTTP/1.1" 200 28 "http://renault.2web.at/result?searchterm=true&search=serviceheft" "Mozilla/5.0 (Windows NT 6.1; WOW64; Trident/7.0; rv:11.0) like Gecko"
82.135.5.126 - - [21/Nov/2018:13:24:50 +0100] "GET /reload?ser=1542803090882 HTTP/1.1" 200 28 "http://renault.activities.at/result?searchterm=true&search=model" "Mozilla/5.0 (Windows NT 10.0; WOW64; Trident/7.0; rv:11.0) like Gecko"
193.194.132.22 - - [21/Nov/2018:13:25:00 +0100] "GET /reload?ser=1542803100394 HTTP/1.1" 200 28 "http://renault.2web.at/10260254" "Mozilla/5.0 (Windows NT 6.1; WOW64; Trident/7.0; rv:11.0) like Gecko"
212.152.158.195 - - [21/Nov/2018:13:25:15 +0100] "GET /reload?ser=1542803115143 HTTP/1.1" 200 28 "http://renault.activities.at/result?searchterm=true&search=Dacia+Duster" "Mozilla/5.0 (Windows NT 10.0; WOW64; Trident/7.0; Touch; rv:11.0) like Gecko"
80.123.225.36 - - [21/Nov/2018:13:25:22 +0100] "GET /reload?ser=1542803122242 HTTP/1.1" 200 28 "http://renault.activities.at/success" "Mozilla/5.0 (compatible; MSIE 10.0; Windows NT 6.1; WOW64; Trident/6.0)"
213.153.47.173 - - [21/Nov/2018:13:25:26 +0100] "GET /reload?ser=1542803126275 HTTP/1.1" 200 28 "http://renault.activities.at/login?required=true" "Mozilla/5.0 (Windows NT 10.0; Win64; x64; rv:63.0) Gecko/20100101 Firefox/63.0"
193.194.132.27 - - [21/Nov/2018:13:25:38 +0100] "GET /reload?ser=1542803138423 HTTP/1.1" 200 28 "http://renault.2web.at/result?searchterm=true&search=serviceheft" "Mozilla/5.0 (Windows NT 6.1; WOW64; Trident/7.0; rv:11.0) like Gecko"
82.135.5.126 - - [21/Nov/2018:13:25:52 +0100] "GET /reload?ser=1542803151888 HTTP/1.1" 200 28 "http://renault.activities.at/result?searchterm=true&search=model" "Mozilla/5.0 (Windows NT 10.0; WOW64; Trident/7.0; rv:11.0) like Gecko"
193.194.132.22 - - [21/Nov/2018:13:26:01 +0100] "GET /reload?ser=1542803161501 HTTP/1.1" 200 28 "http://renault.2web.at/10260254" "Mozilla/5.0 (Windows NT 6.1; WOW64; Trident/7.0; rv:11.0) like Gecko"
212.152.158.195 - - [21/Nov/2018:13:26:16 +0100] "GET /reload?ser=1542803176108 HTTP/1.1" 200 28 "http://renault.activities.at/result?searchterm=true&search=Dacia+Duster" "Mozilla/5.0 (Windows NT 10.0; WOW64; Trident/7.0; Touch; rv:11.0) like Gecko"
80.123.225.36 - - [21/Nov/2018:13:26:24 +0100] "GET /reload?ser=1542803183568 HTTP/1.1" 200 28 "http://renault.activities.at/success" "Mozilla/5.0 (compatible; MSIE 10.0; Windows NT 6.1; WOW64; Trident/6.0)"
213.153.47.173 - - [21/Nov/2018:13:26:26 +0100] "GET /reload?ser=1542803186930 HTTP/1.1" 200 28 "http://renault.activities.at/login?required=true" "Mozilla/5.0 (Windows NT 10.0; Win64; x64; rv:63.0) Gecko/20100101 Firefox/63.0"
193.194.132.27 - - [21/Nov/2018:13:26:39 +0100] "GET /reload?ser=1542803199500 HTTP/1.1" 200 28 "http://renault.2web.at/result?searchterm=true&search=serviceheft" "Mozilla/5.0 (Windows NT 6.1; WOW64; Trident/7.0; rv:11.0) like Gecko"
82.135.5.126 - - [21/Nov/2018:13:26:53 +0100] "GET /reload?ser=1542803212921 HTTP/1.1" 200 28 "http://renault.activities.at/result?searchterm=true&search=model" "Mozilla/5.0 (Windows NT 10.0; WOW64; Trident/7.0; rv:11.0) like Gecko"
193.194.132.22 - - [21/Nov/2018:13:27:02 +0100] "GET /reload?ser=1542803222570 HTTP/1.1" 200 28 "http://renault.2web.at/10260254" "Mozilla/5.0 (Windows NT 6.1; WOW64; Trident/7.0; rv:11.0) like Gecko"
212.152.158.195 - - [21/Nov/2018:13:27:17 +0100] "GET /reload?ser=1542803237107 HTTP/1.1" 200 28 "http://renault.activities.at/result?searchterm=true&search=Dacia+Duster" "Mozilla/5.0 (Windows NT 10.0; WOW64; Trident/7.0; Touch; rv:11.0) like Gecko"
80.123.225.36 - - [21/Nov/2018:13:27:25 +0100] "GET /reload?ser=1542803244909 HTTP/1.1" 200 28 "http://renault.activities.at/success" "Mozilla/5.0 (compatible; MSIE 10.0; Windows NT 6.1; WOW64; Trident/6.0)"
213.153.47.173 - - [21/Nov/2018:13:27:27 +0100] "GET /reload?ser=1542803247588 HTTP/1.1" 200 28 "http://renault.activities.at/login?required=true" "Mozilla/5.0 (Windows NT 10.0; Win64; x64; rv:63.0) Gecko/20100101 Firefox/63.0"
193.194.132.27 - - [21/Nov/2018:13:27:40 +0100] "GET /reload?ser=1542803260537 HTTP/1.1" 200 28 "http://renault.2web.at/result?searchterm=true&search=serviceheft" "Mozilla/5.0 (Windows NT 6.1; WOW64; Trident/7.0; rv:11.0) like Gecko"
82.135.5.126 - - [21/Nov/2018:13:27:54 +0100] "GET /reload?ser=1542803273911 HTTP/1.1" 200 28 "http://renault.activities.at/result?searchterm=true&search=model" "Mozilla/5.0 (Windows NT 10.0; WOW64; Trident/7.0; rv:11.0) like Gecko"
193.194.132.22 - - [21/Nov/2018:13:28:03 +0100] "GET /reload?ser=1542803283695 HTTP/1.1" 200 28 "http://renault.2web.at/10260254" "Mozilla/5.0 (Windows NT 6.1; WOW64; Trident/7.0; rv:11.0) like Gecko"
212.152.158.195 - - [21/Nov/2018:13:28:18 +0100] "GET /reload?ser=1542803298107 HTTP/1.1" 200 28 "http://renault.activities.at/result?searchterm=true&search=Dacia+Duster" "Mozilla/5.0 (Windows NT 10.0; WOW64; Trident/7.0; Touch; rv:11.0) like Gecko"
80.123.225.36 - - [21/Nov/2018:13:28:26 +0100] "GET /reload?ser=1542803305915 HTTP/1.1" 200 28 "http://renault.activities.at/success" "Mozilla/5.0 (compatible; MSIE 10.0; Windows NT 6.1; WOW64; Trident/6.0)"
213.153.47.173 - - [21/Nov/2018:13:28:28 +0100] "GET /reload?ser=1542803308249 HTTP/1.1" 200 28 "http://renault.activities.at/login?required=true" "Mozilla/5.0 (Windows NT 10.0; Win64; x64; rv:63.0) Gecko/20100101 Firefox/63.0"
193.194.132.27 - - [21/Nov/2018:13:28:41 +0100] "GET /reload?ser=1542803321635 HTTP/1.1" 200 28 "http://renault.2web.at/result?searchterm=true&search=serviceheft" "Mozilla/5.0 (Windows NT 6.1; WOW64; Trident/7.0; rv:11.0) like Gecko"
82.135.5.126 - - [21/Nov/2018:13:28:55 +0100] "GET /reload?ser=1542803334908 HTTP/1.1" 200 28 "http://renault.activities.at/result?searchterm=true&search=model" "Mozilla/5.0 (Windows NT 10.0; WOW64; Trident/7.0; rv:11.0) like Gecko"
193.194.132.22 - - [21/Nov/2018:13:29:04 +0100] "GET /reload?ser=1542803344839 HTTP/1.1" 200 28 "http://renault.2web.at/10260254" "Mozilla/5.0 (Windows NT 6.1; WOW64; Trident/7.0; rv:11.0) like Gecko"
212.152.158.195 - - [21/Nov/2018:13:29:19 +0100] "GET /reload?ser=1542803359089 HTTP/1.1" 200 28 "http://renault.activities.at/result?searchterm=true&search=Dacia+Duster" "Mozilla/5.0 (Windows NT 10.0; WOW64; Trident/7.0; Touch; rv:11.0) like Gecko"
80.123.225.36 - - [21/Nov/2018:13:29:27 +0100] "GET /reload?ser=1542803366904 HTTP/1.1" 200 28 "http://renault.activities.at/success" "Mozilla/5.0 (compatible; MSIE 10.0; Windows NT 6.1; WOW64; Trident/6.0)"
213.153.47.173 - - [21/Nov/2018:13:29:28 +0100] "GET /reload?ser=1542803368907 HTTP/1.1" 200 28 "http://renault.activities.at/login?required=true" "Mozilla/5.0 (Windows NT 10.0; Win64; x64; rv:63.0) Gecko/20100101 Firefox/63.0"
193.194.132.27 - - [21/Nov/2018:13:29:42 +0100] "GET /reload?ser=1542803382695 HTTP/1.1" 200 28 "http://renault.2web.at/result?searchterm=true&search=serviceheft" "Mozilla/5.0 (Windows NT 6.1; WOW64; Trident/7.0; rv:11.0) like Gecko"
82.135.5.126 - - [21/Nov/2018:13:29:56 +0100] "GET /reload?ser=1542803395937 HTTP/1.1" 200 28 "http://renault.activities.at/result?searchterm=true&search=model" "Mozilla/5.0 (Windows NT 10.0; WOW64; Trident/7.0; rv:11.0) like Gecko"
193.194.132.22 - - [21/Nov/2018:13:30:06 +0100] "GET /reload?ser=1542803405981 HTTP/1.1" 200 28 "http://renault.2web.at/10260254" "Mozilla/5.0 (Windows NT 6.1; WOW64; Trident/7.0; rv:11.0) like Gecko"
212.152.158.195 - - [21/Nov/2018:13:30:20 +0100] "GET /reload?ser=1542803420055 HTTP/1.1" 200 28 "http://renault.activities.at/result?searchterm=true&search=Dacia+Duster" "Mozilla/5.0 (Windows NT 10.0; WOW64; Trident/7.0; Touch; rv:11.0) like Gecko"
80.123.225.36 - - [21/Nov/2018:13:30:28 +0100] "GET /reload?ser=1542803427877 HTTP/1.1" 200 28 "http://renault.activities.at/success" "Mozilla/5.0 (compatible; MSIE 10.0; Windows NT 6.1; WOW64; Trident/6.0)"
213.153.47.173 - - [21/Nov/2018:13:30:29 +0100] "GET /reload?ser=1542803429553 HTTP/1.1" 200 28 "http://renault.activities.at/login?required=true" "Mozilla/5.0 (Windows NT 10.0; Win64; x64; rv:63.0) Gecko/20100101 Firefox/63.0"
193.194.132.27 - - [21/Nov/2018:13:30:43 +0100] "GET /reload?ser=1542803443732 HTTP/1.1" 200 28 "http://renault.2web.at/result?searchterm=true&search=serviceheft" "Mozilla/5.0 (Windows NT 6.1; WOW64; Trident/7.0; rv:11.0) like Gecko"
82.135.5.126 - - [21/Nov/2018:13:30:57 +0100] "GET /reload?ser=1542803456949 HTTP/1.1" 200 28 "http://renault.activities.at/result?searchterm=true&search=model" "Mozilla/5.0 (Windows NT 10.0; WOW64; Trident/7.0; rv:11.0) like Gecko"
193.194.132.22 - - [21/Nov/2018:13:31:07 +0100] "GET /reload?ser=1542803467102 HTTP/1.1" 200 28 "http://renault.2web.at/10260254" "Mozilla/5.0 (Windows NT 6.1; WOW64; Trident/7.0; rv:11.0) like Gecko"
212.152.158.195 - - [21/Nov/2018:13:31:21 +0100] "GET /reload?ser=1542803480988 HTTP/1.1" 200 28 "http://renault.activities.at/result?searchterm=true&search=Dacia+Duster" "Mozilla/5.0 (Windows NT 10.0; WOW64; Trident/7.0; Touch; rv:11.0) like Gecko"
80.123.225.36 - - [21/Nov/2018:13:31:29 +0100] "GET /reload?ser=1542803488876 HTTP/1.1" 200 28 "http://renault.activities.at/success" "Mozilla/5.0 (compatible; MSIE 10.0; Windows NT 6.1; WOW64; Trident/6.0)"
213.153.47.173 - - [21/Nov/2018:13:31:30 +0100] "GET /reload?ser=1542803490199 HTTP/1.1" 200 28 "http://renault.activities.at/login?required=true" "Mozilla/5.0 (Windows NT 10.0; Win64; x64; rv:63.0) Gecko/20100101 Firefox/63.0"
193.194.132.27 - - [21/Nov/2018:13:31:44 +0100] "GET /reload?ser=1542803504798 HTTP/1.1" 200 28 "http://renault.2web.at/result?searchterm=true&search=serviceheft" "Mozilla/5.0 (Windows NT 6.1; WOW64; Trident/7.0; rv:11.0) like Gecko"
82.135.5.126 - - [21/Nov/2018:13:31:58 +0100] "GET /reload?ser=1542803517983 HTTP/1.1" 200 28 "http://renault.activities.at/result?searchterm=true&search=model" "Mozilla/5.0 (Windows NT 10.0; WOW64; Trident/7.0; rv:11.0) like Gecko"
193.194.132.22 - - [21/Nov/2018:13:32:08 +0100] "GET /reload?ser=1542803528218 HTTP/1.1" 200 28 "http://renault.2web.at/10260254" "Mozilla/5.0 (Windows NT 6.1; WOW64; Trident/7.0; rv:11.0) like Gecko"
212.152.158.195 - - [21/Nov/2018:13:32:22 +0100] "GET /reload?ser=1542803541956 HTTP/1.1" 200 28 "http://renault.activities.at/result?searchterm=true&search=Dacia+Duster" "Mozilla/5.0 (Windows NT 10.0; WOW64; Trident/7.0; Touch; rv:11.0) like Gecko"
80.123.225.36 - - [21/Nov/2018:13:32:30 +0100] "GET /reload?ser=1542803549830 HTTP/1.1" 200 28 "http://renault.activities.at/success" "Mozilla/5.0 (compatible; MSIE 10.0; Windows NT 6.1; WOW64; Trident/6.0)"
213.153.47.173 - - [21/Nov/2018:13:32:30 +0100] "GET /reload?ser=1542803550876 HTTP/1.1" 200 28 "http://renault.activities.at/login?required=true" "Mozilla/5.0 (Windows NT 10.0; Win64; x64; rv:63.0) Gecko/20100101 Firefox/63.0"
193.194.132.27 - - [21/Nov/2018:13:32:46 +0100] "GET /reload?ser=1542803565888 HTTP/1.1" 200 28 "http://renault.2web.at/result?searchterm=true&search=serviceheft" "Mozilla/5.0 (Windows NT 6.1; WOW64; Trident/7.0; rv:11.0) like Gecko"
82.135.5.126 - - [21/Nov/2018:13:32:59 +0100] "GET /reload?ser=1542803578978 HTTP/1.1" 200 28 "http://renault.activities.at/result?searchterm=true&search=model" "Mozilla/5.0 (Windows NT 10.0; WOW64; Trident/7.0; rv:11.0) like Gecko"
193.194.132.22 - - [21/Nov/2018:13:33:09 +0100] "GET /reload?ser=1542803589368 HTTP/1.1" 200 28 "http://renault.2web.at/10260254" "Mozilla/5.0 (Windows NT 6.1; WOW64; Trident/7.0; rv:11.0) like Gecko"
212.152.158.195 - - [21/Nov/2018:13:33:23 +0100] "GET /reload?ser=1542803602924 HTTP/1.1" 200 28 "http://renault.activities.at/result?searchterm=true&search=Dacia+Duster" "Mozilla/5.0 (Windows NT 10.0; WOW64; Trident/7.0; Touch; rv:11.0) like Gecko"
80.123.225.36 - - [21/Nov/2018:13:33:31 +0100] "GET /reload?ser=1542803610842 HTTP/1.1" 200 28 "http://renault.activities.at/success" "Mozilla/5.0 (compatible; MSIE 10.0; Windows NT 6.1; WOW64; Trident/6.0)"
213.153.47.173 - - [21/Nov/2018:13:33:31 +0100] "GET /reload?ser=1542803611537 HTTP/1.1" 200 28 "http://renault.activities.at/login?required=true" "Mozilla/5.0 (Windows NT 10.0; Win64; x64; rv:63.0) Gecko/20100101 Firefox/63.0"
193.194.132.27 - - [21/Nov/2018:13:33:47 +0100] "GET /reload?ser=1542803626921 HTTP/1.1" 200 28 "http://renault.2web.at/result?searchterm=true&search=serviceheft" "Mozilla/5.0 (Windows NT 6.1; WOW64; Trident/7.0; rv:11.0) like Gecko"
82.135.5.126 - - [21/Nov/2018:13:34:00 +0100] "GET /reload?ser=1542803640049 HTTP/1.1" 200 28 "http://renault.activities.at/result?searchterm=true&search=model" "Mozilla/5.0 (Windows NT 10.0; WOW64; Trident/7.0; rv:11.0) like Gecko"
193.194.132.22 - - [21/Nov/2018:13:34:10 +0100] "GET /reload?ser=1542803650500 HTTP/1.1" 200 28 "http://renault.2web.at/10260254" "Mozilla/5.0 (Windows NT 6.1; WOW64; Trident/7.0; rv:11.0) like Gecko"
212.152.158.195 - - [21/Nov/2018:13:34:24 +0100] "GET /reload?ser=1542803663905 HTTP/1.1" 200 28 "http://renault.activities.at/result?searchterm=true&search=Dacia+Duster" "Mozilla/5.0 (Windows NT 10.0; WOW64; Trident/7.0; Touch; rv:11.0) like Gecko"
213.153.47.173 - - [21/Nov/2018:13:34:32 +0100] "GET /reload?ser=1542803672196 HTTP/1.1" 200 28 "http://renault.activities.at/login?required=true" "Mozilla/5.0 (Windows NT 10.0; Win64; x64; rv:63.0) Gecko/20100101 Firefox/63.0"
80.123.225.36 - - [21/Nov/2018:13:34:32 +0100] "GET /reload?ser=1542803671813 HTTP/1.1" 200 28 "http://renault.activities.at/success" "Mozilla/5.0 (compatible; MSIE 10.0; Windows NT 6.1; WOW64; Trident/6.0)"
193.194.132.27 - - [21/Nov/2018:13:34:48 +0100] "GET /reload?ser=1542803687962 HTTP/1.1" 200 28 "http://renault.2web.at/result?searchterm=true&search=serviceheft" "Mozilla/5.0 (Windows NT 6.1; WOW64; Trident/7.0; rv:11.0) like Gecko"
82.135.5.126 - - [21/Nov/2018:13:35:01 +0100] "GET /reload?ser=1542803701120 HTTP/1.1" 200 28 "http://renault.activities.at/result?searchterm=true&search=model" "Mozilla/5.0 (Windows NT 10.0; WOW64; Trident/7.0; rv:11.0) like Gecko"
193.194.132.22 - - [21/Nov/2018:13:35:11 +0100] "GET /reload?ser=1542803711639 HTTP/1.1" 200 28 "http://renault.2web.at/10260254" "Mozilla/5.0 (Windows NT 6.1; WOW64; Trident/7.0; rv:11.0) like Gecko"
212.152.158.195 - - [21/Nov/2018:13:35:25 +0100] "GET /reload?ser=1542803724871 HTTP/1.1" 200 28 "http://renault.activities.at/result?searchterm=true&search=Dacia+Duster" "Mozilla/5.0 (Windows NT 10.0; WOW64; Trident/7.0; Touch; rv:11.0) like Gecko"
213.153.47.173 - - [21/Nov/2018:13:35:32 +0100] "GET /reload?ser=1542803732852 HTTP/1.1" 200 28 "http://renault.activities.at/login?required=true" "Mozilla/5.0 (Windows NT 10.0; Win64; x64; rv:63.0) Gecko/20100101 Firefox/63.0"
80.123.225.36 - - [21/Nov/2018:13:35:32 +0100] "GET /reload?ser=1542803732764 HTTP/1.1" 200 28 "http://renault.activities.at/success" "Mozilla/5.0 (compatible; MSIE 10.0; Windows NT 6.1; WOW64; Trident/6.0)"
193.194.132.27 - - [21/Nov/2018:13:35:49 +0100] "GET /reload?ser=1542803749058 HTTP/1.1" 200 28 "http://renault.2web.at/result?searchterm=true&search=serviceheft" "Mozilla/5.0 (Windows NT 6.1; WOW64; Trident/7.0; rv:11.0) like Gecko"
82.135.5.126 - - [21/Nov/2018:13:36:03 +0100] "GET /reload?ser=1542803762148 HTTP/1.1" 200 28 "http://renault.activities.at/result?searchterm=true&search=model" "Mozilla/5.0 (Windows NT 10.0; WOW64; Trident/7.0; rv:11.0) like Gecko"
193.194.132.22 - - [21/Nov/2018:13:36:12 +0100] "GET /reload?ser=1542803772752 HTTP/1.1" 200 28 "http://renault.2web.at/10260254" "Mozilla/5.0 (Windows NT 6.1; WOW64; Trident/7.0; rv:11.0) like Gecko"
212.152.158.195 - - [21/Nov/2018:13:36:25 +0100] "GET /reload?ser=1542803785833 HTTP/1.1" 200 28 "http://renault.activities.at/result?searchterm=true&search=Dacia+Duster" "Mozilla/5.0 (Windows NT 10.0; WOW64; Trident/7.0; Touch; rv:11.0) like Gecko"
213.153.47.173 - - [21/Nov/2018:13:36:33 +0100] "GET /reload?ser=1542803793509 HTTP/1.1" 200 28 "http://renault.activities.at/login?required=true" "Mozilla/5.0 (Windows NT 10.0; Win64; x64; rv:63.0) Gecko/20100101 Firefox/63.0"
80.123.225.36 - - [21/Nov/2018:13:36:33 +0100] "GET /reload?ser=1542803793745 HTTP/1.1" 200 28 "http://renault.activities.at/success" "Mozilla/5.0 (compatible; MSIE 10.0; Windows NT 6.1; WOW64; Trident/6.0)"
193.194.132.27 - - [21/Nov/2018:13:36:50 +0100] "GET /reload?ser=1542803810127 HTTP/1.1" 200 28 "http://renault.2web.at/result?searchterm=true&search=serviceheft" "Mozilla/5.0 (Windows NT 6.1; WOW64; Trident/7.0; rv:11.0) like Gecko"
82.135.5.126 - - [21/Nov/2018:13:37:04 +0100] "GET /reload?ser=1542803824211 HTTP/1.1" 200 28 "http://renault.activities.at/result?searchterm=true&search=model" "Mozilla/5.0 (Windows NT 10.0; WOW64; Trident/7.0; rv:11.0) like Gecko"
193.194.132.22 - - [21/Nov/2018:13:37:13 +0100] "GET /reload?ser=1542803833861 HTTP/1.1" 200 28 "http://renault.2web.at/10260254" "Mozilla/5.0 (Windows NT 6.1; WOW64; Trident/7.0; rv:11.0) like Gecko"
212.152.158.195 - - [21/Nov/2018:13:37:26 +0100] "GET /reload?ser=1542803846848 HTTP/1.1" 200 28 "http://renault.activities.at/result?searchterm=true&search=Dacia+Duster" "Mozilla/5.0 (Windows NT 10.0; WOW64; Trident/7.0; Touch; rv:11.0) like Gecko"
213.153.47.173 - - [21/Nov/2018:13:37:34 +0100] "GET /reload?ser=1542803854180 HTTP/1.1" 200 28 "http://renault.activities.at/login?required=true" "Mozilla/5.0 (Windows NT 10.0; Win64; x64; rv:63.0) Gecko/20100101 Firefox/63.0"
80.123.225.36 - - [21/Nov/2018:13:37:34 +0100] "GET /reload?ser=1542803854732 HTTP/1.1" 200 28 "http://renault.activities.at/success" "Mozilla/5.0 (compatible; MSIE 10.0; Windows NT 6.1; WOW64; Trident/6.0)"
193.194.132.27 - - [21/Nov/2018:13:37:51 +0100] "GET /reload?ser=1542803871206 HTTP/1.1" 200 28 "http://renault.2web.at/result?searchterm=true&search=serviceheft" "Mozilla/5.0 (Windows NT 6.1; WOW64; Trident/7.0; rv:11.0) like Gecko"
82.135.5.126 - - [21/Nov/2018:13:38:05 +0100] "GET /reload?ser=1542803885242 HTTP/1.1" 200 28 "http://renault.activities.at/result?searchterm=true&search=model" "Mozilla/5.0 (Windows NT 10.0; WOW64; Trident/7.0; rv:11.0) like Gecko"
193.194.132.22 - - [21/Nov/2018:13:38:15 +0100] "GET /reload?ser=1542803894962 HTTP/1.1" 200 28 "http://renault.2web.at/10260254" "Mozilla/5.0 (Windows NT 6.1; WOW64; Trident/7.0; rv:11.0) like Gecko"
212.152.158.195 - - [21/Nov/2018:13:38:27 +0100] "GET /reload?ser=1542803907833 HTTP/1.1" 200 28 "http://renault.activities.at/result?searchterm=true&search=Dacia+Duster" "Mozilla/5.0 (Windows NT 10.0; WOW64; Trident/7.0; Touch; rv:11.0) like Gecko"
213.153.47.173 - - [21/Nov/2018:13:38:34 +0100] "GET /reload?ser=1542803914851 HTTP/1.1" 200 28 "http://renault.activities.at/login?required=true" "Mozilla/5.0 (Windows NT 10.0; Win64; x64; rv:63.0) Gecko/20100101 Firefox/63.0"
80.123.225.36 - - [21/Nov/2018:13:38:35 +0100] "GET /reload?ser=1542803915775 HTTP/1.1" 200 28 "http://renault.activities.at/success" "Mozilla/5.0 (compatible; MSIE 10.0; Windows NT 6.1; WOW64; Trident/6.0)"
193.194.132.27 - - [21/Nov/2018:13:38:52 +0100] "GET /reload?ser=1542803932282 HTTP/1.1" 200 28 "http://renault.2web.at/result?searchterm=true&search=serviceheft" "Mozilla/5.0 (Windows NT 6.1; WOW64; Trident/7.0; rv:11.0) like Gecko"
82.135.5.126 - - [21/Nov/2018:13:39:06 +0100] "GET /reload?ser=1542803946246 HTTP/1.1" 200 28 "http://renault.activities.at/result?searchterm=true&search=model" "Mozilla/5.0 (Windows NT 10.0; WOW64; Trident/7.0; rv:11.0) like Gecko"
193.194.132.22 - - [21/Nov/2018:13:39:16 +0100] "GET /reload?ser=1542803956063 HTTP/1.1" 200 28 "http://renault.2web.at/10260254" "Mozilla/5.0 (Windows NT 6.1; WOW64; Trident/7.0; rv:11.0) like Gecko"
212.152.158.195 - - [21/Nov/2018:13:39:28 +0100] "GET /reload?ser=1542803968787 HTTP/1.1" 200 28 "http://renault.activities.at/result?searchterm=true&search=Dacia+Duster" "Mozilla/5.0 (Windows NT 10.0; WOW64; Trident/7.0; Touch; rv:11.0) like Gecko"
213.153.47.173 - - [21/Nov/2018:13:39:35 +0100] "GET /reload?ser=1542803975498 HTTP/1.1" 200 28 "http://renault.activities.at/login?required=true" "Mozilla/5.0 (Windows NT 10.0; Win64; x64; rv:63.0) Gecko/20100101 Firefox/63.0"
80.123.225.36 - - [21/Nov/2018:13:39:36 +0100] "GET /reload?ser=1542803976763 HTTP/1.1" 200 28 "http://renault.activities.at/success" "Mozilla/5.0 (compatible; MSIE 10.0; Windows NT 6.1; WOW64; Trident/6.0)"
193.194.132.27 - - [21/Nov/2018:13:39:53 +0100] "GET /reload?ser=1542803993356 HTTP/1.1" 200 28 "http://renault.2web.at/result?searchterm=true&search=serviceheft" "Mozilla/5.0 (Windows NT 6.1; WOW64; Trident/7.0; rv:11.0) like Gecko"
82.135.5.126 - - [21/Nov/2018:13:40:07 +0100] "GET /reload?ser=1542804007293 HTTP/1.1" 200 28 "http://renault.activities.at/result?searchterm=true&search=model" "Mozilla/5.0 (Windows NT 10.0; WOW64; Trident/7.0; rv:11.0) like Gecko"
193.194.132.22 - - [21/Nov/2018:13:40:17 +0100] "GET /reload?ser=1542804017158 HTTP/1.1" 200 28 "http://renault.2web.at/10260254" "Mozilla/5.0 (Windows NT 6.1; WOW64; Trident/7.0; rv:11.0) like Gecko"
212.152.158.195 - - [21/Nov/2018:13:40:29 +0100] "GET /reload?ser=1542804029771 HTTP/1.1" 200 28 "http://renault.activities.at/result?searchterm=true&search=Dacia+Duster" "Mozilla/5.0 (Windows NT 10.0; WOW64; Trident/7.0; Touch; rv:11.0) like Gecko"
194.96.187.87 - - [21/Nov/2018:13:40:30 +0100] "GET / HTTP/1.1" 200 3474 "-" "Mozilla/5.0 (iPhone; CPU iPhone OS 12_1 like Mac OS X) AppleWebKit/605.1.15 (KHTML, like Gecko) Version/12.0 Mobile/15E148 Safari/604.1"
194.96.187.87 - - [21/Nov/2018:13:40:31 +0100] "GET /apple-touch-icon-120x120-precomposed.png HTTP/1.1" 200 1559 "-" "MobileSafari/604.1 CFNetwork/975.0.3 Darwin/18.2.0"
194.96.187.87 - - [21/Nov/2018:13:40:33 +0100] "GET /apple-touch-icon-120x120.png HTTP/1.1" 200 1559 "-" "MobileSafari/604.1 CFNetwork/975.0.3 Darwin/18.2.0"
194.96.187.87 - - [21/Nov/2018:13:40:34 +0100] "GET /apple-touch-icon-precomposed.png HTTP/1.1" 200 1559 "-" "MobileSafari/604.1 CFNetwork/975.0.3 Darwin/18.2.0"
194.96.187.87 - - [21/Nov/2018:13:40:35 +0100] "GET /apple-touch-icon.png HTTP/1.1" 200 1559 "-" "MobileSafari/604.1 CFNetwork/975.0.3 Darwin/18.2.0"
194.96.187.87 - - [21/Nov/2018:13:40:36 +0100] "GET /images/favicon.ico HTTP/1.1" 404 305 "-" "MobileSafari/604.1 CFNetwork/975.0.3 Darwin/18.2.0"
194.96.187.87 - - [21/Nov/2018:13:40:36 +0100] "GET /images/favicon.ico HTTP/1.1" 404 305 "-" "MobileSafari/604.1 CFNetwork/975.0.3 Darwin/18.2.0"
194.96.187.87 - - [21/Nov/2018:13:40:36 +0100] "GET /favicon.ico HTTP/1.1" 200 3250 "-" "MobileSafari/604.1 CFNetwork/975.0.3 Darwin/18.2.0"
213.153.47.173 - - [21/Nov/2018:13:40:36 +0100] "GET /reload?ser=1542804036158 HTTP/1.1" 200 28 "http://renault.activities.at/login?required=true" "Mozilla/5.0 (Windows NT 10.0; Win64; x64; rv:63.0) Gecko/20100101 Firefox/63.0"
194.96.187.87 - - [21/Nov/2018:13:40:36 +0100] "GET /apple-touch-icon-120x120-precomposed.png HTTP/1.1" 200 1559 "-" "MobileSafari/604.1 CFNetwork/975.0.3 Darwin/18.2.0"
194.96.187.87 - - [21/Nov/2018:13:40:37 +0100] "GET /apple-touch-icon-120x120.png HTTP/1.1" 200 1559 "-" "MobileSafari/604.1 CFNetwork/975.0.3 Darwin/18.2.0"
80.123.225.36 - - [21/Nov/2018:13:40:37 +0100] "GET /reload?ser=1542804037720 HTTP/1.1" 200 28 "http://renault.activities.at/success" "Mozilla/5.0 (compatible; MSIE 10.0; Windows NT 6.1; WOW64; Trident/6.0)"
194.96.187.87 - - [21/Nov/2018:13:40:38 +0100] "GET /apple-touch-icon-precomposed.png HTTP/1.1" 200 1559 "-" "MobileSafari/604.1 CFNetwork/975.0.3 Darwin/18.2.0"
194.96.187.87 - - [21/Nov/2018:13:40:39 +0100] "GET /apple-touch-icon.png HTTP/1.1" 200 1559 "-" "MobileSafari/604.1 CFNetwork/975.0.3 Darwin/18.2.0"
194.96.187.87 - - [21/Nov/2018:13:40:41 +0100] "GET /images/favicon.ico HTTP/1.1" 404 305 "-" "MobileSafari/604.1 CFNetwork/975.0.3 Darwin/18.2.0"
194.96.187.87 - - [21/Nov/2018:13:40:41 +0100] "GET /images/favicon.ico HTTP/1.1" 404 305 "-" "MobileSafari/604.1 CFNetwork/975.0.3 Darwin/18.2.0"
194.96.187.87 - - [21/Nov/2018:13:40:41 +0100] "GET /favicon.ico HTTP/1.1" 200 3250 "-" "MobileSafari/604.1 CFNetwork/975.0.3 Darwin/18.2.0"
193.194.132.27 - - [21/Nov/2018:13:40:54 +0100] "GET /reload?ser=1542804054429 HTTP/1.1" 200 28 "http://renault.2web.at/result?searchterm=true&search=serviceheft" "Mozilla/5.0 (Windows NT 6.1; WOW64; Trident/7.0; rv:11.0) like Gecko"
82.135.5.126 - - [21/Nov/2018:13:41:08 +0100] "GET /reload?ser=1542804068326 HTTP/1.1" 200 28 "http://renault.activities.at/result?searchterm=true&search=model" "Mozilla/5.0 (Windows NT 10.0; WOW64; Trident/7.0; rv:11.0) like Gecko"
193.194.132.22 - - [21/Nov/2018:13:41:18 +0100] "GET /reload?ser=1542804078267 HTTP/1.1" 200 28 "http://renault.2web.at/10260254" "Mozilla/5.0 (Windows NT 6.1; WOW64; Trident/7.0; rv:11.0) like Gecko"
212.152.158.195 - - [21/Nov/2018:13:41:30 +0100] "GET /reload?ser=1542804090709 HTTP/1.1" 200 28 "http://renault.activities.at/result?searchterm=true&search=Dacia+Duster" "Mozilla/5.0 (Windows NT 10.0; WOW64; Trident/7.0; Touch; rv:11.0) like Gecko"
213.153.47.173 - - [21/Nov/2018:13:41:36 +0100] "GET /reload?ser=1542804096818 HTTP/1.1" 200 28 "http://renault.activities.at/login?required=true" "Mozilla/5.0 (Windows NT 10.0; Win64; x64; rv:63.0) Gecko/20100101 Firefox/63.0"
80.123.225.36 - - [21/Nov/2018:13:41:38 +0100] "GET /reload?ser=1542804098687 HTTP/1.1" 200 28 "http://renault.activities.at/success" "Mozilla/5.0 (compatible; MSIE 10.0; Windows NT 6.1; WOW64; Trident/6.0)"
193.194.132.27 - - [21/Nov/2018:13:41:55 +0100] "GET /reload?ser=1542804115523 HTTP/1.1" 200 28 "http://renault.2web.at/result?searchterm=true&search=serviceheft" "Mozilla/5.0 (Windows NT 6.1; WOW64; Trident/7.0; rv:11.0) like Gecko"
82.135.5.126 - - [21/Nov/2018:13:42:09 +0100] "GET /reload?ser=1542804129529 HTTP/1.1" 200 28 "http://renault.activities.at/result?searchterm=true&search=model" "Mozilla/5.0 (Windows NT 10.0; WOW64; Trident/7.0; rv:11.0) like Gecko"
193.194.132.22 - - [21/Nov/2018:13:42:19 +0100] "GET /reload?ser=1542804139389 HTTP/1.1" 200 28 "http://renault.2web.at/10260254" "Mozilla/5.0 (Windows NT 6.1; WOW64; Trident/7.0; rv:11.0) like Gecko"
212.152.158.195 - - [21/Nov/2018:13:42:31 +0100] "GET /reload?ser=1542804151694 HTTP/1.1" 200 28 "http://renault.activities.at/result?searchterm=true&search=Dacia+Duster" "Mozilla/5.0 (Windows NT 10.0; WOW64; Trident/7.0; Touch; rv:11.0) like Gecko"
213.153.47.173 - - [21/Nov/2018:13:42:37 +0100] "GET /reload?ser=1542804157490 HTTP/1.1" 200 28 "http://renault.activities.at/login?required=true" "Mozilla/5.0 (Windows NT 10.0; Win64; x64; rv:63.0) Gecko/20100101 Firefox/63.0"
80.123.225.36 - - [21/Nov/2018:13:42:39 +0100] "GET /reload?ser=1542804159642 HTTP/1.1" 200 28 "http://renault.activities.at/success" "Mozilla/5.0 (compatible; MSIE 10.0; Windows NT 6.1; WOW64; Trident/6.0)"
193.194.132.27 - - [21/Nov/2018:13:42:56 +0100] "GET /reload?ser=1542804176617 HTTP/1.1" 200 28 "http://renault.2web.at/result?searchterm=true&search=serviceheft" "Mozilla/5.0 (Windows NT 6.1; WOW64; Trident/7.0; rv:11.0) like Gecko"
82.135.5.126 - - [21/Nov/2018:13:43:10 +0100] "GET /reload?ser=1542804190564 HTTP/1.1" 200 28 "http://renault.activities.at/result?searchterm=true&search=model" "Mozilla/5.0 (Windows NT 10.0; WOW64; Trident/7.0; rv:11.0) like Gecko"
193.194.132.22 - - [21/Nov/2018:13:43:20 +0100] "GET /reload?ser=1542804200460 HTTP/1.1" 200 28 "http://renault.2web.at/10260254" "Mozilla/5.0 (Windows NT 6.1; WOW64; Trident/7.0; rv:11.0) like Gecko"
212.152.158.195 - - [21/Nov/2018:13:43:32 +0100] "GET /reload?ser=1542804212630 HTTP/1.1" 200 28 "http://renault.activities.at/result?searchterm=true&search=Dacia+Duster" "Mozilla/5.0 (Windows NT 10.0; WOW64; Trident/7.0; Touch; rv:11.0) like Gecko"
213.153.47.173 - - [21/Nov/2018:13:43:38 +0100] "GET /reload?ser=1542804218154 HTTP/1.1" 200 28 "http://renault.activities.at/login?required=true" "Mozilla/5.0 (Windows NT 10.0; Win64; x64; rv:63.0) Gecko/20100101 Firefox/63.0"
80.123.225.36 - - [21/Nov/2018:13:43:40 +0100] "GET /reload?ser=1542804220641 HTTP/1.1" 200 28 "http://renault.activities.at/success" "Mozilla/5.0 (compatible; MSIE 10.0; Windows NT 6.1; WOW64; Trident/6.0)"
193.194.132.27 - - [21/Nov/2018:13:43:57 +0100] "GET /reload?ser=1542804237678 HTTP/1.1" 200 28 "http://renault.2web.at/result?searchterm=true&search=serviceheft" "Mozilla/5.0 (Windows NT 6.1; WOW64; Trident/7.0; rv:11.0) like Gecko"
82.135.5.126 - - [21/Nov/2018:13:44:11 +0100] "GET /reload?ser=1542804251627 HTTP/1.1" 200 28 "http://renault.activities.at/result?searchterm=true&search=model" "Mozilla/5.0 (Windows NT 10.0; WOW64; Trident/7.0; rv:11.0) like Gecko"
193.194.132.22 - - [21/Nov/2018:13:44:21 +0100] "GET /reload?ser=1542804261624 HTTP/1.1" 200 28 "http://renault.2web.at/10260254" "Mozilla/5.0 (Windows NT 6.1; WOW64; Trident/7.0; rv:11.0) like Gecko"
212.152.158.195 - - [21/Nov/2018:13:44:33 +0100] "GET /reload?ser=1542804273550 HTTP/1.1" 200 28 "http://renault.activities.at/result?searchterm=true&search=Dacia+Duster" "Mozilla/5.0 (Windows NT 10.0; WOW64; Trident/7.0; Touch; rv:11.0) like Gecko"
213.153.47.173 - - [21/Nov/2018:13:44:38 +0100] "GET /reload?ser=1542804278827 HTTP/1.1" 200 28 "http://renault.activities.at/login?required=true" "Mozilla/5.0 (Windows NT 10.0; Win64; x64; rv:63.0) Gecko/20100101 Firefox/63.0"
80.123.225.36 - - [21/Nov/2018:13:44:41 +0100] "GET /reload?ser=1542804281625 HTTP/1.1" 200 28 "http://renault.activities.at/success" "Mozilla/5.0 (compatible; MSIE 10.0; Windows NT 6.1; WOW64; Trident/6.0)"
193.194.132.27 - - [21/Nov/2018:13:44:58 +0100] "GET /reload?ser=1542804298743 HTTP/1.1" 200 28 "http://renault.2web.at/result?searchterm=true&search=serviceheft" "Mozilla/5.0 (Windows NT 6.1; WOW64; Trident/7.0; rv:11.0) like Gecko"
82.135.5.126 - - [21/Nov/2018:13:45:12 +0100] "GET /reload?ser=1542804312677 HTTP/1.1" 200 28 "http://renault.activities.at/result?searchterm=true&search=model" "Mozilla/5.0 (Windows NT 10.0; WOW64; Trident/7.0; rv:11.0) like Gecko"
193.194.132.22 - - [21/Nov/2018:13:45:22 +0100] "GET /reload?ser=1542804322688 HTTP/1.1" 200 28 "http://renault.2web.at/10260254" "Mozilla/5.0 (Windows NT 6.1; WOW64; Trident/7.0; rv:11.0) like Gecko"
212.152.158.195 - - [21/Nov/2018:13:45:34 +0100] "GET /reload?ser=1542804334518 HTTP/1.1" 200 28 "http://renault.activities.at/result?searchterm=true&search=Dacia+Duster" "Mozilla/5.0 (Windows NT 10.0; WOW64; Trident/7.0; Touch; rv:11.0) like Gecko"
213.153.47.173 - - [21/Nov/2018:13:45:39 +0100] "GET /reload?ser=1542804339483 HTTP/1.1" 200 28 "http://renault.activities.at/login?required=true" "Mozilla/5.0 (Windows NT 10.0; Win64; x64; rv:63.0) Gecko/20100101 Firefox/63.0"
80.123.225.36 - - [21/Nov/2018:13:45:42 +0100] "GET /reload?ser=1542804342623 HTTP/1.1" 200 28 "http://renault.activities.at/success" "Mozilla/5.0 (compatible; MSIE 10.0; Windows NT 6.1; WOW64; Trident/6.0)"
193.194.132.27 - - [21/Nov/2018:13:45:59 +0100] "GET /reload?ser=1542804359780 HTTP/1.1" 200 28 "http://renault.2web.at/result?searchterm=true&search=serviceheft" "Mozilla/5.0 (Windows NT 6.1; WOW64; Trident/7.0; rv:11.0) like Gecko"
82.135.5.126 - - [21/Nov/2018:13:46:13 +0100] "GET /reload?ser=1542804373784 HTTP/1.1" 200 28 "http://renault.activities.at/result?searchterm=true&search=model" "Mozilla/5.0 (Windows NT 10.0; WOW64; Trident/7.0; rv:11.0) like Gecko"
193.194.132.22 - - [21/Nov/2018:13:46:23 +0100] "GET /reload?ser=1542804383794 HTTP/1.1" 200 28 "http://renault.2web.at/10260254" "Mozilla/5.0 (Windows NT 6.1; WOW64; Trident/7.0; rv:11.0) like Gecko"
212.152.158.195 - - [21/Nov/2018:13:46:35 +0100] "GET /reload?ser=1542804395473 HTTP/1.1" 200 28 "http://renault.activities.at/result?searchterm=true&search=Dacia+Duster" "Mozilla/5.0 (Windows NT 10.0; WOW64; Trident/7.0; Touch; rv:11.0) like Gecko"
213.153.47.173 - - [21/Nov/2018:13:46:40 +0100] "GET /reload?ser=1542804400134 HTTP/1.1" 200 28 "http://renault.activities.at/login?required=true" "Mozilla/5.0 (Windows NT 10.0; Win64; x64; rv:63.0) Gecko/20100101 Firefox/63.0"
80.123.225.36 - - [21/Nov/2018:13:46:43 +0100] "GET /reload?ser=1542804403594 HTTP/1.1" 200 28 "http://renault.activities.at/success" "Mozilla/5.0 (compatible; MSIE 10.0; Windows NT 6.1; WOW64; Trident/6.0)"
193.194.132.27 - - [21/Nov/2018:13:47:01 +0100] "GET /reload?ser=1542804420885 HTTP/1.1" 200 28 "http://renault.2web.at/result?searchterm=true&search=serviceheft" "Mozilla/5.0 (Windows NT 6.1; WOW64; Trident/7.0; rv:11.0) like Gecko"
82.135.5.126 - - [21/Nov/2018:13:47:14 +0100] "GET /reload?ser=1542804434839 HTTP/1.1" 200 28 "http://renault.activities.at/result?searchterm=true&search=model" "Mozilla/5.0 (Windows NT 10.0; WOW64; Trident/7.0; rv:11.0) like Gecko"
212.152.158.195 - - [21/Nov/2018:13:47:36 +0100] "GET /reload?ser=1542804456494 HTTP/1.1" 200 28 "http://renault.activities.at/result?searchterm=true&search=Dacia+Duster" "Mozilla/5.0 (Windows NT 10.0; WOW64; Trident/7.0; Touch; rv:11.0) like Gecko"
213.153.47.173 - - [21/Nov/2018:13:47:40 +0100] "GET /reload?ser=1542804460809 HTTP/1.1" 200 28 "http://renault.activities.at/login?required=true" "Mozilla/5.0 (Windows NT 10.0; Win64; x64; rv:63.0) Gecko/20100101 Firefox/63.0"
80.123.225.36 - - [21/Nov/2018:13:47:44 +0100] "GET /reload?ser=1542804464563 HTTP/1.1" 200 28 "http://renault.activities.at/success" "Mozilla/5.0 (compatible; MSIE 10.0; Windows NT 6.1; WOW64; Trident/6.0)"
193.194.132.27 - - [21/Nov/2018:13:48:02 +0100] "GET /reload?ser=1542804482004 HTTP/1.1" 200 28 "http://renault.2web.at/result?searchterm=true&search=serviceheft" "Mozilla/5.0 (Windows NT 6.1; WOW64; Trident/7.0; rv:11.0) like Gecko"
82.135.5.126 - - [21/Nov/2018:13:48:15 +0100] "GET /reload?ser=1542804495851 HTTP/1.1" 200 28 "http://renault.activities.at/result?searchterm=true&search=model" "Mozilla/5.0 (Windows NT 10.0; WOW64; Trident/7.0; rv:11.0) like Gecko"
212.152.158.195 - - [21/Nov/2018:13:48:37 +0100] "GET /reload?ser=1542804517493 HTTP/1.1" 200 28 "http://renault.activities.at/result?searchterm=true&search=Dacia+Duster" "Mozilla/5.0 (Windows NT 10.0; WOW64; Trident/7.0; Touch; rv:11.0) like Gecko"
213.153.47.173 - - [21/Nov/2018:13:48:41 +0100] "GET /reload?ser=1542804521460 HTTP/1.1" 200 28 "http://renault.activities.at/login?required=true" "Mozilla/5.0 (Windows NT 10.0; Win64; x64; rv:63.0) Gecko/20100101 Firefox/63.0"
80.123.225.36 - - [21/Nov/2018:13:48:45 +0100] "GET /reload?ser=1542804525580 HTTP/1.1" 200 28 "http://renault.activities.at/success" "Mozilla/5.0 (compatible; MSIE 10.0; Windows NT 6.1; WOW64; Trident/6.0)"
193.194.132.27 - - [21/Nov/2018:13:49:03 +0100] "GET /reload?ser=1542804543110 HTTP/1.1" 200 28 "http://renault.2web.at/result?searchterm=true&search=serviceheft" "Mozilla/5.0 (Windows NT 6.1; WOW64; Trident/7.0; rv:11.0) like Gecko"
82.135.5.126 - - [21/Nov/2018:13:49:16 +0100] "GET /reload?ser=1542804556873 HTTP/1.1" 200 28 "http://renault.activities.at/result?searchterm=true&search=model" "Mozilla/5.0 (Windows NT 10.0; WOW64; Trident/7.0; rv:11.0) like Gecko"
212.152.158.195 - - [21/Nov/2018:13:49:38 +0100] "GET /reload?ser=1542804578431 HTTP/1.1" 200 28 "http://renault.activities.at/result?searchterm=true&search=Dacia+Duster" "Mozilla/5.0 (Windows NT 10.0; WOW64; Trident/7.0; Touch; rv:11.0) like Gecko"
213.153.47.173 - - [21/Nov/2018:13:49:42 +0100] "GET /reload?ser=1542804582118 HTTP/1.1" 200 28 "http://renault.activities.at/login?required=true" "Mozilla/5.0 (Windows NT 10.0; Win64; x64; rv:63.0) Gecko/20100101 Firefox/63.0"
80.123.225.36 - - [21/Nov/2018:13:49:46 +0100] "GET /reload?ser=1542804586566 HTTP/1.1" 200 28 "http://renault.activities.at/success" "Mozilla/5.0 (compatible; MSIE 10.0; Windows NT 6.1; WOW64; Trident/6.0)"
193.194.132.27 - - [21/Nov/2018:13:50:04 +0100] "GET /reload?ser=1542804604197 HTTP/1.1" 200 28 "http://renault.2web.at/result?searchterm=true&search=serviceheft" "Mozilla/5.0 (Windows NT 6.1; WOW64; Trident/7.0; rv:11.0) like Gecko"
82.135.5.126 - - [21/Nov/2018:13:50:17 +0100] "GET /reload?ser=1542804617869 HTTP/1.1" 200 28 "http://renault.activities.at/result?searchterm=true&search=model" "Mozilla/5.0 (Windows NT 10.0; WOW64; Trident/7.0; rv:11.0) like Gecko"
212.152.158.195 - - [21/Nov/2018:13:50:39 +0100] "GET /reload?ser=1542804639354 HTTP/1.1" 200 28 "http://renault.activities.at/result?searchterm=true&search=Dacia+Duster" "Mozilla/5.0 (Windows NT 10.0; WOW64; Trident/7.0; Touch; rv:11.0) like Gecko"
213.153.47.173 - - [21/Nov/2018:13:50:42 +0100] "GET /reload?ser=1542804642777 HTTP/1.1" 200 28 "http://renault.activities.at/login?required=true" "Mozilla/5.0 (Windows NT 10.0; Win64; x64; rv:63.0) Gecko/20100101 Firefox/63.0"
80.123.225.36 - - [21/Nov/2018:13:50:47 +0100] "GET /reload?ser=1542804647580 HTTP/1.1" 200 28 "http://renault.activities.at/success" "Mozilla/5.0 (compatible; MSIE 10.0; Windows NT 6.1; WOW64; Trident/6.0)"
193.194.132.27 - - [21/Nov/2018:13:51:05 +0100] "GET /reload?ser=1542804665303 HTTP/1.1" 200 28 "http://renault.2web.at/result?searchterm=true&search=serviceheft" "Mozilla/5.0 (Windows NT 6.1; WOW64; Trident/7.0; rv:11.0) like Gecko"
82.135.5.126 - - [21/Nov/2018:13:51:18 +0100] "GET /reload?ser=1542804678921 HTTP/1.1" 200 28 "http://renault.activities.at/result?searchterm=true&search=model" "Mozilla/5.0 (Windows NT 10.0; WOW64; Trident/7.0; rv:11.0) like Gecko"
212.152.158.195 - - [21/Nov/2018:13:51:40 +0100] "GET /reload?ser=1542804700307 HTTP/1.1" 200 28 "http://renault.activities.at/result?searchterm=true&search=Dacia+Duster" "Mozilla/5.0 (Windows NT 10.0; WOW64; Trident/7.0; Touch; rv:11.0) like Gecko"
213.153.47.173 - - [21/Nov/2018:13:51:43 +0100] "GET /reload?ser=1542804703434 HTTP/1.1" 200 28 "http://renault.activities.at/login?required=true" "Mozilla/5.0 (Windows NT 10.0; Win64; x64; rv:63.0) Gecko/20100101 Firefox/63.0"
80.123.225.36 - - [21/Nov/2018:13:51:48 +0100] "GET /reload?ser=1542804708530 HTTP/1.1" 200 28 "http://renault.activities.at/success" "Mozilla/5.0 (compatible; MSIE 10.0; Windows NT 6.1; WOW64; Trident/6.0)"
193.194.132.27 - - [21/Nov/2018:13:52:06 +0100] "GET /reload?ser=1542804726412 HTTP/1.1" 200 28 "http://renault.2web.at/result?searchterm=true&search=serviceheft" "Mozilla/5.0 (Windows NT 6.1; WOW64; Trident/7.0; rv:11.0) like Gecko"
82.135.5.126 - - [21/Nov/2018:13:52:20 +0100] "GET /reload?ser=1542804739976 HTTP/1.1" 200 28 "http://renault.activities.at/result?searchterm=true&search=model" "Mozilla/5.0 (Windows NT 10.0; WOW64; Trident/7.0; rv:11.0) like Gecko"
212.152.158.195 - - [21/Nov/2018:13:52:41 +0100] "GET /reload?ser=1542804761291 HTTP/1.1" 200 28 "http://renault.activities.at/result?searchterm=true&search=Dacia+Duster" "Mozilla/5.0 (Windows NT 10.0; WOW64; Trident/7.0; Touch; rv:11.0) like Gecko"
213.153.47.173 - - [21/Nov/2018:13:52:44 +0100] "GET /reload?ser=1542804764094 HTTP/1.1" 200 28 "http://renault.activities.at/login?required=true" "Mozilla/5.0 (Windows NT 10.0; Win64; x64; rv:63.0) Gecko/20100101 Firefox/63.0"
80.123.225.36 - - [21/Nov/2018:13:52:49 +0100] "GET /reload?ser=1542804769531 HTTP/1.1" 200 28 "http://renault.activities.at/success" "Mozilla/5.0 (compatible; MSIE 10.0; Windows NT 6.1; WOW64; Trident/6.0)"
193.194.132.27 - - [21/Nov/2018:13:53:07 +0100] "GET /reload?ser=1542804787483 HTTP/1.1" 200 28 "http://renault.2web.at/result?searchterm=true&search=serviceheft" "Mozilla/5.0 (Windows NT 6.1; WOW64; Trident/7.0; rv:11.0) like Gecko"
82.135.5.126 - - [21/Nov/2018:13:53:21 +0100] "GET /reload?ser=1542804801007 HTTP/1.1" 200 28 "http://renault.activities.at/result?searchterm=true&search=model" "Mozilla/5.0 (Windows NT 10.0; WOW64; Trident/7.0; rv:11.0) like Gecko"
212.152.158.195 - - [21/Nov/2018:13:53:42 +0100] "GET /reload?ser=1542804822338 HTTP/1.1" 200 28 "http://renault.activities.at/result?searchterm=true&search=Dacia+Duster" "Mozilla/5.0 (Windows NT 10.0; WOW64; Trident/7.0; Touch; rv:11.0) like Gecko"
213.153.47.173 - - [21/Nov/2018:13:53:44 +0100] "GET /reload?ser=1542804824762 HTTP/1.1" 200 28 "http://renault.activities.at/login?required=true" "Mozilla/5.0 (Windows NT 10.0; Win64; x64; rv:63.0) Gecko/20100101 Firefox/63.0"
80.123.225.36 - - [21/Nov/2018:13:53:50 +0100] "GET /reload?ser=1542804830488 HTTP/1.1" 200 28 "http://renault.activities.at/success" "Mozilla/5.0 (compatible; MSIE 10.0; Windows NT 6.1; WOW64; Trident/6.0)"
193.194.132.27 - - [21/Nov/2018:13:54:08 +0100] "GET /reload?ser=1542804848579 HTTP/1.1" 200 28 "http://renault.2web.at/result?searchterm=true&search=serviceheft" "Mozilla/5.0 (Windows NT 6.1; WOW64; Trident/7.0; rv:11.0) like Gecko"
82.135.5.126 - - [21/Nov/2018:13:54:22 +0100] "GET /reload?ser=1542804862023 HTTP/1.1" 200 28 "http://renault.activities.at/result?searchterm=true&search=model" "Mozilla/5.0 (Windows NT 10.0; WOW64; Trident/7.0; rv:11.0) like Gecko"
193.194.132.27 - - [21/Nov/2018:13:54:35 +0100] "GET /null HTTP/1.1" 200 5727 "http://renault.2web.at/result?searchterm=true&search=serviceheft" "Mozilla/5.0 (Windows NT 6.1; WOW64; Trident/7.0; rv:11.0) like Gecko"
212.152.158.195 - - [21/Nov/2018:13:54:43 +0100] "GET /reload?ser=1542804883276 HTTP/1.1" 200 28 "http://renault.activities.at/result?searchterm=true&search=Dacia+Duster" "Mozilla/5.0 (Windows NT 10.0; WOW64; Trident/7.0; Touch; rv:11.0) like Gecko"
213.153.47.173 - - [21/Nov/2018:13:54:45 +0100] "GET /reload?ser=1542804885422 HTTP/1.1" 200 28 "http://renault.activities.at/login?required=true" "Mozilla/5.0 (Windows NT 10.0; Win64; x64; rv:63.0) Gecko/20100101 Firefox/63.0"
80.123.225.36 - - [21/Nov/2018:13:54:51 +0100] "GET /reload?ser=1542804891494 HTTP/1.1" 200 28 "http://renault.activities.at/success" "Mozilla/5.0 (compatible; MSIE 10.0; Windows NT 6.1; WOW64; Trident/6.0)"
82.135.5.126 - - [21/Nov/2018:13:55:23 +0100] "GET /reload?ser=1542804923093 HTTP/1.1" 200 28 "http://renault.activities.at/result?searchterm=true&search=model" "Mozilla/5.0 (Windows NT 10.0; WOW64; Trident/7.0; rv:11.0) like Gecko"
212.152.158.195 - - [21/Nov/2018:13:55:44 +0100] "GET /reload?ser=1542804944244 HTTP/1.1" 200 28 "http://renault.activities.at/result?searchterm=true&search=Dacia+Duster" "Mozilla/5.0 (Windows NT 10.0; WOW64; Trident/7.0; Touch; rv:11.0) like Gecko"
213.153.47.173 - - [21/Nov/2018:13:55:46 +0100] "GET /reload?ser=1542804946075 HTTP/1.1" 200 28 "http://renault.activities.at/login?required=true" "Mozilla/5.0 (Windows NT 10.0; Win64; x64; rv:63.0) Gecko/20100101 Firefox/63.0"
80.123.225.36 - - [21/Nov/2018:13:55:52 +0100] "GET /reload?ser=1542804952443 HTTP/1.1" 200 28 "http://renault.activities.at/success" "Mozilla/5.0 (compatible; MSIE 10.0; Windows NT 6.1; WOW64; Trident/6.0)"
82.135.5.126 - - [21/Nov/2018:13:56:24 +0100] "GET /reload?ser=1542804984109 HTTP/1.1" 200 28 "http://renault.activities.at/result?searchterm=true&search=model" "Mozilla/5.0 (Windows NT 10.0; WOW64; Trident/7.0; rv:11.0) like Gecko"
212.152.158.195 - - [21/Nov/2018:13:56:45 +0100] "GET /reload?ser=1542805005184 HTTP/1.1" 200 28 "http://renault.activities.at/result?searchterm=true&search=Dacia+Duster" "Mozilla/5.0 (Windows NT 10.0; WOW64; Trident/7.0; Touch; rv:11.0) like Gecko"
213.153.47.173 - - [21/Nov/2018:13:56:46 +0100] "GET /reload?ser=1542805006725 HTTP/1.1" 200 28 "http://renault.activities.at/login?required=true" "Mozilla/5.0 (Windows NT 10.0; Win64; x64; rv:63.0) Gecko/20100101 Firefox/63.0"
80.123.225.36 - - [21/Nov/2018:13:56:53 +0100] "GET /reload?ser=1542805013457 HTTP/1.1" 200 28 "http://renault.activities.at/success" "Mozilla/5.0 (compatible; MSIE 10.0; Windows NT 6.1; WOW64; Trident/6.0)"
82.135.5.126 - - [21/Nov/2018:13:57:25 +0100] "GET /reload?ser=1542805045135 HTTP/1.1" 200 28 "http://renault.activities.at/result?searchterm=true&search=model" "Mozilla/5.0 (Windows NT 10.0; WOW64; Trident/7.0; rv:11.0) like Gecko"
212.152.158.195 - - [21/Nov/2018:13:57:46 +0100] "GET /reload?ser=1542805066137 HTTP/1.1" 200 28 "http://renault.activities.at/result?searchterm=true&search=Dacia+Duster" "Mozilla/5.0 (Windows NT 10.0; WOW64; Trident/7.0; Touch; rv:11.0) like Gecko"
213.153.47.173 - - [21/Nov/2018:13:57:47 +0100] "GET /reload?ser=1542805067386 HTTP/1.1" 200 28 "http://renault.activities.at/login?required=true" "Mozilla/5.0 (Windows NT 10.0; Win64; x64; rv:63.0) Gecko/20100101 Firefox/63.0"
80.123.225.36 - - [21/Nov/2018:13:57:54 +0100] "GET /reload?ser=1542805074473 HTTP/1.1" 200 28 "http://renault.activities.at/success" "Mozilla/5.0 (compatible; MSIE 10.0; Windows NT 6.1; WOW64; Trident/6.0)"
