91.113.144.26 - - [21/Nov/2018:11:02:10 +0100] "GET /js/ProduktGrp.js HTTP/1.1" 304 - "http://renault.activities.at/cart" "Mozilla/5.0 (Windows NT 6.3; WOW64; Trident/7.0; rv:11.0) like Gecko"
91.113.144.26 - - [21/Nov/2018:11:02:10 +0100] "GET /images/header_block_corner_right_top.gif HTTP/1.1" 304 - "http://renault.activities.at/cart" "Mozilla/5.0 (Windows NT 6.3; WOW64; Trident/7.0; rv:11.0) like Gecko"
91.113.144.26 - - [21/Nov/2018:11:02:10 +0100] "GET /images/search_bg.gif HTTP/1.1" 304 - "http://renault.activities.at/cart" "Mozilla/5.0 (Windows NT 6.3; WOW64; Trident/7.0; rv:11.0) like Gecko"
91.113.144.26 - - [21/Nov/2018:11:02:10 +0100] "GET /images/header_block_border.gif HTTP/1.1" 304 - "http://renault.activities.at/cart" "Mozilla/5.0 (Windows NT 6.3; WOW64; Trident/7.0; rv:11.0) like Gecko"
91.113.144.26 - - [21/Nov/2018:11:02:10 +0100] "GET /images/header_block_corner_left_top.gif HTTP/1.1" 304 - "http://renault.activities.at/cart" "Mozilla/5.0 (Windows NT 6.3; WOW64; Trident/7.0; rv:11.0) like Gecko"
91.113.144.26 - - [21/Nov/2018:11:02:10 +0100] "GET /images/main_block_corner_right_bot.gif HTTP/1.1" 304 - "http://renault.activities.at/cart" "Mozilla/5.0 (Windows NT 6.3; WOW64; Trident/7.0; rv:11.0) like Gecko"
91.113.144.26 - - [21/Nov/2018:11:02:10 +0100] "GET /images/main_block_border.gif HTTP/1.1" 304 - "http://renault.activities.at/cart" "Mozilla/5.0 (Windows NT 6.3; WOW64; Trident/7.0; rv:11.0) like Gecko"
91.113.144.26 - - [21/Nov/2018:11:02:10 +0100] "GET /images/menu_divider.gif HTTP/1.1" 304 - "http://renault.activities.at/cart" "Mozilla/5.0 (Windows NT 6.3; WOW64; Trident/7.0; rv:11.0) like Gecko"
91.113.144.26 - - [21/Nov/2018:11:02:10 +0100] "GET /images/button_left_bg.gif HTTP/1.1" 304 - "http://renault.activities.at/cart" "Mozilla/5.0 (Windows NT 6.3; WOW64; Trident/7.0; rv:11.0) like Gecko"
91.113.144.26 - - [21/Nov/2018:11:02:10 +0100] "GET /images/validation_advice_bg.gif HTTP/1.1" 304 - "http://renault.activities.at/cart" "Mozilla/5.0 (Windows NT 6.3; WOW64; Trident/7.0; rv:11.0) like Gecko"
91.113.144.26 - - [21/Nov/2018:11:02:10 +0100] "GET /loadthumbnail.php?id=11819634&width=100 HTTP/1.1" 200 2651 "http://renault.activities.at/cart" "Mozilla/5.0 (Windows NT 6.3; WOW64; Trident/7.0; rv:11.0) like Gecko"
91.113.144.26 - - [21/Nov/2018:11:02:10 +0100] "GET /images/top_links_divider.gif HTTP/1.1" 304 - "http://renault.activities.at/cart" "Mozilla/5.0 (Windows NT 6.3; WOW64; Trident/7.0; rv:11.0) like Gecko"
91.113.144.26 - - [21/Nov/2018:11:02:10 +0100] "GET /images/main_block_corner_left_top.gif HTTP/1.1" 304 - "http://renault.activities.at/cart" "Mozilla/5.0 (Windows NT 6.3; WOW64; Trident/7.0; rv:11.0) like Gecko"
91.113.144.26 - - [21/Nov/2018:11:02:10 +0100] "GET /images/main_block_corner_right_top.gif HTTP/1.1" 304 - "http://renault.activities.at/cart" "Mozilla/5.0 (Windows NT 6.3; WOW64; Trident/7.0; rv:11.0) like Gecko"
91.113.144.26 - - [21/Nov/2018:11:02:10 +0100] "GET /loadthumbnail.php?id=10232009&width=16&height=16 HTTP/1.1" 200 700 "http://renault.activities.at/cart" "Mozilla/5.0 (Windows NT 6.3; WOW64; Trident/7.0; rv:11.0) like Gecko"
91.113.144.26 - - [21/Nov/2018:11:02:10 +0100] "GET /images/main_block_corner_left_bot.gif HTTP/1.1" 304 - "http://renault.activities.at/cart" "Mozilla/5.0 (Windows NT 6.3; WOW64; Trident/7.0; rv:11.0) like Gecko"
91.113.144.26 - - [21/Nov/2018:11:02:10 +0100] "GET /images/button_right_bg.gif HTTP/1.1" 304 - "http://renault.activities.at/cart" "Mozilla/5.0 (Windows NT 6.3; WOW64; Trident/7.0; rv:11.0) like Gecko"
91.113.144.26 - - [21/Nov/2018:11:02:10 +0100] "GET /images/title_corner_right_top.jpg HTTP/1.1" 304 - "http://renault.activities.at/cart" "Mozilla/5.0 (Windows NT 6.3; WOW64; Trident/7.0; rv:11.0) like Gecko"
91.113.144.26 - - [21/Nov/2018:11:02:10 +0100] "GET /images/vista-dn.gif HTTP/1.1" 304 - "http://renault.activities.at/cart" "Mozilla/5.0 (Windows NT 6.3; WOW64; Trident/7.0; rv:11.0) like Gecko"
91.113.144.26 - - [21/Nov/2018:11:02:10 +0100] "GET /images/title_border_top.jpg HTTP/1.1" 304 - "http://renault.activities.at/cart" "Mozilla/5.0 (Windows NT 6.3; WOW64; Trident/7.0; rv:11.0) like Gecko"
91.113.144.26 - - [21/Nov/2018:11:02:10 +0100] "GET /images/vista-up.gif HTTP/1.1" 304 - "http://renault.activities.at/cart" "Mozilla/5.0 (Windows NT 6.3; WOW64; Trident/7.0; rv:11.0) like Gecko"
91.113.144.26 - - [21/Nov/2018:11:02:11 +0100] "GET /images/title_corner_left_top.jpg HTTP/1.1" 304 - "http://renault.activities.at/cart" "Mozilla/5.0 (Windows NT 6.3; WOW64; Trident/7.0; rv:11.0) like Gecko"
91.113.144.26 - - [21/Nov/2018:11:02:11 +0100] "GET /images/title_border.jpg HTTP/1.1" 304 - "http://renault.activities.at/cart" "Mozilla/5.0 (Windows NT 6.3; WOW64; Trident/7.0; rv:11.0) like Gecko"
91.113.144.26 - - [21/Nov/2018:11:02:11 +0100] "GET /images/nav_divider.gif HTTP/1.1" 304 - "http://renault.activities.at/cart" "Mozilla/5.0 (Windows NT 6.3; WOW64; Trident/7.0; rv:11.0) like Gecko"
91.113.144.26 - - [21/Nov/2018:11:02:11 +0100] "GET /images/button_bg.gif HTTP/1.1" 304 - "http://renault.activities.at/cart" "Mozilla/5.0 (Windows NT 6.3; WOW64; Trident/7.0; rv:11.0) like Gecko"
91.113.144.26 - - [21/Nov/2018:11:02:11 +0100] "GET /images/menu_button_bg.jpg HTTP/1.1" 304 - "http://renault.activities.at/cart" "Mozilla/5.0 (Windows NT 6.3; WOW64; Trident/7.0; rv:11.0) like Gecko"
91.113.144.26 - - [21/Nov/2018:11:02:11 +0100] "GET /images/footer_divider.gif HTTP/1.1" 304 - "http://renault.activities.at/cart" "Mozilla/5.0 (Windows NT 6.3; WOW64; Trident/7.0; rv:11.0) like Gecko"
193.194.132.22 - - [21/Nov/2018:11:02:26 +0100] "GET /reload?ser=1542794546480 HTTP/1.1" 200 28 "http://renault.2web.at/10260254" "Mozilla/5.0 (Windows NT 6.1; WOW64; Trident/7.0; rv:11.0) like Gecko"
91.113.144.26 - - [21/Nov/2018:11:02:23 +0100] "GET /checkout HTTP/1.1" 200 20111 "http://renault.activities.at/cart" "Mozilla/5.0 (Windows NT 6.3; WOW64; Trident/7.0; rv:11.0) like Gecko"
91.113.144.26 - - [21/Nov/2018:11:02:28 +0100] "GET /js/default.js HTTP/1.1" 304 - "http://renault.activities.at/checkout" "Mozilla/5.0 (Windows NT 6.3; WOW64; Trident/7.0; rv:11.0) like Gecko"
91.113.144.26 - - [21/Nov/2018:11:02:28 +0100] "GET /css/styles.css HTTP/1.1" 304 - "http://renault.activities.at/checkout" "Mozilla/5.0 (Windows NT 6.3; WOW64; Trident/7.0; rv:11.0) like Gecko"
91.113.144.26 - - [21/Nov/2018:11:02:28 +0100] "GET /css/clears.css HTTP/1.1" 304 - "http://renault.activities.at/checkout" "Mozilla/5.0 (Windows NT 6.3; WOW64; Trident/7.0; rv:11.0) like Gecko"
91.113.144.26 - - [21/Nov/2018:11:02:28 +0100] "GET /js/checkout.css HTTP/1.1" 304 - "http://renault.activities.at/checkout" "Mozilla/5.0 (Windows NT 6.3; WOW64; Trident/7.0; rv:11.0) like Gecko"
91.113.144.26 - - [21/Nov/2018:11:02:28 +0100] "GET /css/reset.css HTTP/1.1" 304 - "http://renault.activities.at/checkout" "Mozilla/5.0 (Windows NT 6.3; WOW64; Trident/7.0; rv:11.0) like Gecko"
91.113.144.26 - - [21/Nov/2018:11:02:28 +0100] "GET /css/prototip.css HTTP/1.1" 304 - "http://renault.activities.at/checkout" "Mozilla/5.0 (Windows NT 6.3; WOW64; Trident/7.0; rv:11.0) like Gecko"
91.113.144.26 - - [21/Nov/2018:11:02:28 +0100] "GET /css/themes/default.css HTTP/1.1" 304 - "http://renault.activities.at/checkout" "Mozilla/5.0 (Windows NT 6.3; WOW64; Trident/7.0; rv:11.0) like Gecko"
91.113.144.26 - - [21/Nov/2018:11:02:28 +0100] "GET /css/print.css HTTP/1.1" 304 - "http://renault.activities.at/checkout" "Mozilla/5.0 (Windows NT 6.3; WOW64; Trident/7.0; rv:11.0) like Gecko"
91.113.144.26 - - [21/Nov/2018:11:02:28 +0100] "GET /css/themes/alphacube.css HTTP/1.1" 304 - "http://renault.activities.at/checkout" "Mozilla/5.0 (Windows NT 6.3; WOW64; Trident/7.0; rv:11.0) like Gecko"
91.113.144.26 - - [21/Nov/2018:11:02:28 +0100] "GET /images/ajax_loading.gif HTTP/1.1" 200 1542 "http://renault.activities.at/checkout" "Mozilla/5.0 (Windows NT 6.3; WOW64; Trident/7.0; rv:11.0) like Gecko"
91.113.144.26 - - [21/Nov/2018:11:02:28 +0100] "GET /js/checkout2.js HTTP/1.1" 200 4122 "http://renault.activities.at/checkout" "Mozilla/5.0 (Windows NT 6.3; WOW64; Trident/7.0; rv:11.0) like Gecko"
91.113.144.26 - - [21/Nov/2018:11:02:28 +0100] "GET /images/header_block_corner_left_top.gif HTTP/1.1" 304 - "http://renault.activities.at/checkout" "Mozilla/5.0 (Windows NT 6.3; WOW64; Trident/7.0; rv:11.0) like Gecko"
91.113.144.26 - - [21/Nov/2018:11:02:28 +0100] "GET /images/main_block_corner_right_top.gif HTTP/1.1" 304 - "http://renault.activities.at/checkout" "Mozilla/5.0 (Windows NT 6.3; WOW64; Trident/7.0; rv:11.0) like Gecko"
91.113.144.26 - - [21/Nov/2018:11:02:28 +0100] "GET /images/main_block_border.gif HTTP/1.1" 304 - "http://renault.activities.at/checkout" "Mozilla/5.0 (Windows NT 6.3; WOW64; Trident/7.0; rv:11.0) like Gecko"
91.113.144.26 - - [21/Nov/2018:11:02:28 +0100] "GET /images/main_block_corner_right_bot.gif HTTP/1.1" 304 - "http://renault.activities.at/checkout" "Mozilla/5.0 (Windows NT 6.3; WOW64; Trident/7.0; rv:11.0) like Gecko"
91.113.144.26 - - [21/Nov/2018:11:02:28 +0100] "GET /loadthumbnail.php?id=10201939 HTTP/1.1" 200 201 "http://renault.activities.at/checkout" "Mozilla/5.0 (Windows NT 6.3; WOW64; Trident/7.0; rv:11.0) like Gecko"
91.113.144.26 - - [21/Nov/2018:11:02:28 +0100] "GET /images/main_block_corner_left_top.gif HTTP/1.1" 304 - "http://renault.activities.at/checkout" "Mozilla/5.0 (Windows NT 6.3; WOW64; Trident/7.0; rv:11.0) like Gecko"
91.113.144.26 - - [21/Nov/2018:11:02:28 +0100] "GET /images/main_block_corner_left_bot.gif HTTP/1.1" 304 - "http://renault.activities.at/checkout" "Mozilla/5.0 (Windows NT 6.3; WOW64; Trident/7.0; rv:11.0) like Gecko"
91.113.144.26 - - [21/Nov/2018:11:02:28 +0100] "GET /images/header_block_corner_right_top.gif HTTP/1.1" 304 - "http://renault.activities.at/checkout" "Mozilla/5.0 (Windows NT 6.3; WOW64; Trident/7.0; rv:11.0) like Gecko"
91.113.144.26 - - [21/Nov/2018:11:02:28 +0100] "GET /images/header_block_border.gif HTTP/1.1" 304 - "http://renault.activities.at/checkout" "Mozilla/5.0 (Windows NT 6.3; WOW64; Trident/7.0; rv:11.0) like Gecko"
91.113.144.26 - - [21/Nov/2018:11:02:28 +0100] "GET /loadthumbnail.php?id=10202698 HTTP/1.1" 200 16686 "http://renault.activities.at/checkout" "Mozilla/5.0 (Windows NT 6.3; WOW64; Trident/7.0; rv:11.0) like Gecko"
91.113.144.26 - - [21/Nov/2018:11:02:28 +0100] "GET /images/search_bg.gif HTTP/1.1" 304 - "http://renault.activities.at/checkout" "Mozilla/5.0 (Windows NT 6.3; WOW64; Trident/7.0; rv:11.0) like Gecko"
91.113.144.26 - - [21/Nov/2018:11:02:28 +0100] "GET /images/menu_button_bg.jpg HTTP/1.1" 304 - "http://renault.activities.at/checkout" "Mozilla/5.0 (Windows NT 6.3; WOW64; Trident/7.0; rv:11.0) like Gecko"
91.113.144.26 - - [21/Nov/2018:11:02:28 +0100] "GET /images/checkout_border.gif HTTP/1.1" 200 43 "http://renault.activities.at/checkout" "Mozilla/5.0 (Windows NT 6.3; WOW64; Trident/7.0; rv:11.0) like Gecko"
91.113.144.26 - - [21/Nov/2018:11:02:28 +0100] "GET /images/button_right_bg.gif HTTP/1.1" 304 - "http://renault.activities.at/checkout" "Mozilla/5.0 (Windows NT 6.3; WOW64; Trident/7.0; rv:11.0) like Gecko"
91.113.144.26 - - [21/Nov/2018:11:02:28 +0100] "GET /images/menu_divider.gif HTTP/1.1" 304 - "http://renault.activities.at/checkout" "Mozilla/5.0 (Windows NT 6.3; WOW64; Trident/7.0; rv:11.0) like Gecko"
91.113.144.26 - - [21/Nov/2018:11:02:28 +0100] "GET /images/checkout_border_top.gif HTTP/1.1" 200 156 "http://renault.activities.at/checkout" "Mozilla/5.0 (Windows NT 6.3; WOW64; Trident/7.0; rv:11.0) like Gecko"
91.113.144.26 - - [21/Nov/2018:11:02:28 +0100] "GET /images/button_bg.gif HTTP/1.1" 304 - "http://renault.activities.at/checkout" "Mozilla/5.0 (Windows NT 6.3; WOW64; Trident/7.0; rv:11.0) like Gecko"
91.113.144.26 - - [21/Nov/2018:11:02:28 +0100] "GET /images/step_marker.gif HTTP/1.1" 200 650 "http://renault.activities.at/checkout" "Mozilla/5.0 (Windows NT 6.3; WOW64; Trident/7.0; rv:11.0) like Gecko"
91.113.144.26 - - [21/Nov/2018:11:02:28 +0100] "GET /images/sidebar_title_corner_right_top.gif HTTP/1.1" 304 - "http://renault.activities.at/checkout" "Mozilla/5.0 (Windows NT 6.3; WOW64; Trident/7.0; rv:11.0) like Gecko"
91.113.144.26 - - [21/Nov/2018:11:02:28 +0100] "GET /images/sidebar_title_border.gif HTTP/1.1" 304 - "http://renault.activities.at/checkout" "Mozilla/5.0 (Windows NT 6.3; WOW64; Trident/7.0; rv:11.0) like Gecko"
91.113.144.26 - - [21/Nov/2018:11:02:28 +0100] "GET /images/button_left_bg.gif HTTP/1.1" 304 - "http://renault.activities.at/checkout" "Mozilla/5.0 (Windows NT 6.3; WOW64; Trident/7.0; rv:11.0) like Gecko"
91.113.144.26 - - [21/Nov/2018:11:02:28 +0100] "GET /images/step_bg.jpg HTTP/1.1" 200 319 "http://renault.activities.at/checkout" "Mozilla/5.0 (Windows NT 6.3; WOW64; Trident/7.0; rv:11.0) like Gecko"
91.113.144.26 - - [21/Nov/2018:11:02:28 +0100] "GET /images/sidebar_title_border_top.gif HTTP/1.1" 304 - "http://renault.activities.at/checkout" "Mozilla/5.0 (Windows NT 6.3; WOW64; Trident/7.0; rv:11.0) like Gecko"
91.113.144.26 - - [21/Nov/2018:11:02:28 +0100] "GET /images/nav_divider.gif HTTP/1.1" 304 - "http://renault.activities.at/checkout" "Mozilla/5.0 (Windows NT 6.3; WOW64; Trident/7.0; rv:11.0) like Gecko"
91.113.144.26 - - [21/Nov/2018:11:02:28 +0100] "GET /images/sidebar_title_corner_left_top.gif HTTP/1.1" 304 - "http://renault.activities.at/checkout" "Mozilla/5.0 (Windows NT 6.3; WOW64; Trident/7.0; rv:11.0) like Gecko"
91.113.144.26 - - [21/Nov/2018:11:02:28 +0100] "GET /images/top_links_divider.gif HTTP/1.1" 304 - "http://renault.activities.at/checkout" "Mozilla/5.0 (Windows NT 6.3; WOW64; Trident/7.0; rv:11.0) like Gecko"
91.113.144.26 - - [21/Nov/2018:11:02:28 +0100] "GET /images/footer_divider.gif HTTP/1.1" 304 - "http://renault.activities.at/checkout" "Mozilla/5.0 (Windows NT 6.3; WOW64; Trident/7.0; rv:11.0) like Gecko"
82.135.5.126 - - [21/Nov/2018:11:02:28 +0100] "GET /reload?ser=1542794548213 HTTP/1.1" 200 28 "http://renault.activities.at/result?searchterm=true&search=model" "Mozilla/5.0 (Windows NT 10.0; WOW64; Trident/7.0; rv:11.0) like Gecko"
91.113.144.26 - - [21/Nov/2018:11:02:31 +0100] "POST /docheckout HTTP/1.1" 200 444 "http://renault.activities.at/checkout" "Mozilla/5.0 (Windows NT 6.3; WOW64; Trident/7.0; rv:11.0) like Gecko"
91.113.144.26 - - [21/Nov/2018:11:02:34 +0100] "POST /docheckout HTTP/1.1" 200 614 "http://renault.activities.at/checkout" "Mozilla/5.0 (Windows NT 6.3; WOW64; Trident/7.0; rv:11.0) like Gecko"
91.113.144.26 - - [21/Nov/2018:11:02:36 +0100] "GET /images/error_msg_icon.gif HTTP/1.1" 200 1013 "http://renault.activities.at/checkout" "Mozilla/5.0 (Windows NT 6.3; WOW64; Trident/7.0; rv:11.0) like Gecko"
91.113.144.26 - - [21/Nov/2018:11:02:41 +0100] "POST /docheckout HTTP/1.1" 200 68 "http://renault.activities.at/checkout" "Mozilla/5.0 (Windows NT 6.3; WOW64; Trident/7.0; rv:11.0) like Gecko"
91.113.144.26 - - [21/Nov/2018:11:02:43 +0100] "GET /success HTTP/1.1" 200 3784 "http://renault.activities.at/checkout" "Mozilla/5.0 (Windows NT 6.3; WOW64; Trident/7.0; rv:11.0) like Gecko"
91.113.144.26 - - [21/Nov/2018:11:02:45 +0100] "GET /js/default.js HTTP/1.1" 304 - "http://renault.activities.at/success" "Mozilla/5.0 (Windows NT 6.3; WOW64; Trident/7.0; rv:11.0) like Gecko"
91.113.144.26 - - [21/Nov/2018:11:02:45 +0100] "GET /css/reset.css HTTP/1.1" 304 - "http://renault.activities.at/success" "Mozilla/5.0 (Windows NT 6.3; WOW64; Trident/7.0; rv:11.0) like Gecko"
91.113.144.26 - - [21/Nov/2018:11:02:45 +0100] "GET /css/styles.css HTTP/1.1" 304 - "http://renault.activities.at/success" "Mozilla/5.0 (Windows NT 6.3; WOW64; Trident/7.0; rv:11.0) like Gecko"
91.113.144.26 - - [21/Nov/2018:11:02:45 +0100] "GET /css/clears.css HTTP/1.1" 304 - "http://renault.activities.at/success" "Mozilla/5.0 (Windows NT 6.3; WOW64; Trident/7.0; rv:11.0) like Gecko"
91.113.144.26 - - [21/Nov/2018:11:02:45 +0100] "GET /css/print.css HTTP/1.1" 304 - "http://renault.activities.at/success" "Mozilla/5.0 (Windows NT 6.3; WOW64; Trident/7.0; rv:11.0) like Gecko"
91.113.144.26 - - [21/Nov/2018:11:02:45 +0100] "GET /js/checkout.css HTTP/1.1" 304 - "http://renault.activities.at/success" "Mozilla/5.0 (Windows NT 6.3; WOW64; Trident/7.0; rv:11.0) like Gecko"
91.113.144.26 - - [21/Nov/2018:11:02:45 +0100] "GET /css/themes/default.css HTTP/1.1" 304 - "http://renault.activities.at/success" "Mozilla/5.0 (Windows NT 6.3; WOW64; Trident/7.0; rv:11.0) like Gecko"
91.113.144.26 - - [21/Nov/2018:11:02:45 +0100] "GET /css/prototip.css HTTP/1.1" 304 - "http://renault.activities.at/success" "Mozilla/5.0 (Windows NT 6.3; WOW64; Trident/7.0; rv:11.0) like Gecko"
91.113.144.26 - - [21/Nov/2018:11:02:45 +0100] "GET /css/themes/alphacube.css HTTP/1.1" 304 - "http://renault.activities.at/success" "Mozilla/5.0 (Windows NT 6.3; WOW64; Trident/7.0; rv:11.0) like Gecko"
91.113.144.26 - - [21/Nov/2018:11:02:45 +0100] "GET /images/header_block_border.gif HTTP/1.1" 304 - "http://renault.activities.at/success" "Mozilla/5.0 (Windows NT 6.3; WOW64; Trident/7.0; rv:11.0) like Gecko"
91.113.144.26 - - [21/Nov/2018:11:02:45 +0100] "GET /images/header_block_corner_right_top.gif HTTP/1.1" 304 - "http://renault.activities.at/success" "Mozilla/5.0 (Windows NT 6.3; WOW64; Trident/7.0; rv:11.0) like Gecko"
91.113.144.26 - - [21/Nov/2018:11:02:45 +0100] "GET /images/header_block_corner_left_top.gif HTTP/1.1" 304 - "http://renault.activities.at/success" "Mozilla/5.0 (Windows NT 6.3; WOW64; Trident/7.0; rv:11.0) like Gecko"
91.113.144.26 - - [21/Nov/2018:11:02:45 +0100] "GET /images/search_bg.gif HTTP/1.1" 304 - "http://renault.activities.at/success" "Mozilla/5.0 (Windows NT 6.3; WOW64; Trident/7.0; rv:11.0) like Gecko"
91.113.144.26 - - [21/Nov/2018:11:02:45 +0100] "GET /images/title_border_top.jpg HTTP/1.1" 304 - "http://renault.activities.at/success" "Mozilla/5.0 (Windows NT 6.3; WOW64; Trident/7.0; rv:11.0) like Gecko"
91.113.144.26 - - [21/Nov/2018:11:02:45 +0100] "GET /images/main_block_corner_left_bot.gif HTTP/1.1" 304 - "http://renault.activities.at/success" "Mozilla/5.0 (Windows NT 6.3; WOW64; Trident/7.0; rv:11.0) like Gecko"
91.113.144.26 - - [21/Nov/2018:11:02:45 +0100] "GET /images/menu_button_bg.jpg HTTP/1.1" 304 - "http://renault.activities.at/success" "Mozilla/5.0 (Windows NT 6.3; WOW64; Trident/7.0; rv:11.0) like Gecko"
91.113.144.26 - - [21/Nov/2018:11:02:45 +0100] "GET /images/top_links_divider.gif HTTP/1.1" 304 - "http://renault.activities.at/success" "Mozilla/5.0 (Windows NT 6.3; WOW64; Trident/7.0; rv:11.0) like Gecko"
91.113.144.26 - - [21/Nov/2018:11:02:45 +0100] "GET /images/main_block_border.gif HTTP/1.1" 304 - "http://renault.activities.at/success" "Mozilla/5.0 (Windows NT 6.3; WOW64; Trident/7.0; rv:11.0) like Gecko"
91.113.144.26 - - [21/Nov/2018:11:02:45 +0100] "GET /images/title_corner_left_top.jpg HTTP/1.1" 304 - "http://renault.activities.at/success" "Mozilla/5.0 (Windows NT 6.3; WOW64; Trident/7.0; rv:11.0) like Gecko"
91.113.144.26 - - [21/Nov/2018:11:02:45 +0100] "GET /images/nav_divider.gif HTTP/1.1" 304 - "http://renault.activities.at/success" "Mozilla/5.0 (Windows NT 6.3; WOW64; Trident/7.0; rv:11.0) like Gecko"
91.113.144.26 - - [21/Nov/2018:11:02:45 +0100] "GET /images/menu_divider.gif HTTP/1.1" 304 - "http://renault.activities.at/success" "Mozilla/5.0 (Windows NT 6.3; WOW64; Trident/7.0; rv:11.0) like Gecko"
91.113.144.26 - - [21/Nov/2018:11:02:45 +0100] "GET /images/main_block_corner_right_top.gif HTTP/1.1" 304 - "http://renault.activities.at/success" "Mozilla/5.0 (Windows NT 6.3; WOW64; Trident/7.0; rv:11.0) like Gecko"
91.113.144.26 - - [21/Nov/2018:11:02:45 +0100] "GET /images/main_block_corner_right_bot.gif HTTP/1.1" 304 - "http://renault.activities.at/success" "Mozilla/5.0 (Windows NT 6.3; WOW64; Trident/7.0; rv:11.0) like Gecko"
91.113.144.26 - - [21/Nov/2018:11:02:45 +0100] "GET /images/button_left_bg.gif HTTP/1.1" 304 - "http://renault.activities.at/success" "Mozilla/5.0 (Windows NT 6.3; WOW64; Trident/7.0; rv:11.0) like Gecko"
91.113.144.26 - - [21/Nov/2018:11:02:45 +0100] "GET /images/title_corner_right_top.jpg HTTP/1.1" 304 - "http://renault.activities.at/success" "Mozilla/5.0 (Windows NT 6.3; WOW64; Trident/7.0; rv:11.0) like Gecko"
91.113.144.26 - - [21/Nov/2018:11:02:45 +0100] "GET /images/main_block_corner_left_top.gif HTTP/1.1" 304 - "http://renault.activities.at/success" "Mozilla/5.0 (Windows NT 6.3; WOW64; Trident/7.0; rv:11.0) like Gecko"
91.113.144.26 - - [21/Nov/2018:11:02:45 +0100] "GET /images/title_border.jpg HTTP/1.1" 304 - "http://renault.activities.at/success" "Mozilla/5.0 (Windows NT 6.3; WOW64; Trident/7.0; rv:11.0) like Gecko"
91.113.144.26 - - [21/Nov/2018:11:02:45 +0100] "GET /images/footer_divider.gif HTTP/1.1" 304 - "http://renault.activities.at/success" "Mozilla/5.0 (Windows NT 6.3; WOW64; Trident/7.0; rv:11.0) like Gecko"
213.153.47.173 - - [21/Nov/2018:11:02:52 +0100] "GET /reload?ser=1542794572418 HTTP/1.1" 200 28 "http://renault.activities.at/login?required=true" "Mozilla/5.0 (Windows NT 10.0; Win64; x64; rv:63.0) Gecko/20100101 Firefox/63.0"
80.123.225.36 - - [21/Nov/2018:11:02:56 +0100] "GET /reload?ser=1542794576532 HTTP/1.1" 200 28 "http://renault.activities.at/success" "Mozilla/5.0 (compatible; MSIE 10.0; Windows NT 6.1; WOW64; Trident/6.0)"
193.194.132.22 - - [21/Nov/2018:11:03:27 +0100] "GET /reload?ser=1542794607560 HTTP/1.1" 200 28 "http://renault.2web.at/10260254" "Mozilla/5.0 (Windows NT 6.1; WOW64; Trident/7.0; rv:11.0) like Gecko"
82.135.5.126 - - [21/Nov/2018:11:03:29 +0100] "GET /reload?ser=1542794609344 HTTP/1.1" 200 28 "http://renault.activities.at/result?searchterm=true&search=model" "Mozilla/5.0 (Windows NT 10.0; WOW64; Trident/7.0; rv:11.0) like Gecko"
213.153.47.173 - - [21/Nov/2018:11:03:53 +0100] "GET /reload?ser=1542794633088 HTTP/1.1" 200 28 "http://renault.activities.at/login?required=true" "Mozilla/5.0 (Windows NT 10.0; Win64; x64; rv:63.0) Gecko/20100101 Firefox/63.0"
80.123.225.36 - - [21/Nov/2018:11:03:57 +0100] "GET /reload?ser=1542794637499 HTTP/1.1" 200 28 "http://renault.activities.at/success" "Mozilla/5.0 (compatible; MSIE 10.0; Windows NT 6.1; WOW64; Trident/6.0)"
193.194.132.22 - - [21/Nov/2018:11:04:28 +0100] "GET /reload?ser=1542794668659 HTTP/1.1" 200 28 "http://renault.2web.at/10260254" "Mozilla/5.0 (Windows NT 6.1; WOW64; Trident/7.0; rv:11.0) like Gecko"
82.135.5.126 - - [21/Nov/2018:11:04:30 +0100] "GET /reload?ser=1542794670315 HTTP/1.1" 200 28 "http://renault.activities.at/result?searchterm=true&search=model" "Mozilla/5.0 (Windows NT 10.0; WOW64; Trident/7.0; rv:11.0) like Gecko"
213.153.47.173 - - [21/Nov/2018:11:04:53 +0100] "GET /reload?ser=1542794693747 HTTP/1.1" 200 28 "http://renault.activities.at/login?required=true" "Mozilla/5.0 (Windows NT 10.0; Win64; x64; rv:63.0) Gecko/20100101 Firefox/63.0"
80.123.225.36 - - [21/Nov/2018:11:04:58 +0100] "GET /reload?ser=1542794698476 HTTP/1.1" 200 28 "http://renault.activities.at/success" "Mozilla/5.0 (compatible; MSIE 10.0; Windows NT 6.1; WOW64; Trident/6.0)"
193.194.132.22 - - [21/Nov/2018:11:05:29 +0100] "GET /reload?ser=1542794729707 HTTP/1.1" 200 28 "http://renault.2web.at/10260254" "Mozilla/5.0 (Windows NT 6.1; WOW64; Trident/7.0; rv:11.0) like Gecko"
82.135.5.126 - - [21/Nov/2018:11:05:31 +0100] "GET /reload?ser=1542794731301 HTTP/1.1" 200 28 "http://renault.activities.at/result?searchterm=true&search=model" "Mozilla/5.0 (Windows NT 10.0; WOW64; Trident/7.0; rv:11.0) like Gecko"
213.153.47.173 - - [21/Nov/2018:11:05:54 +0100] "GET /reload?ser=1542794754407 HTTP/1.1" 200 28 "http://renault.activities.at/login?required=true" "Mozilla/5.0 (Windows NT 10.0; Win64; x64; rv:63.0) Gecko/20100101 Firefox/63.0"
80.123.225.36 - - [21/Nov/2018:11:05:59 +0100] "GET /reload?ser=1542794759499 HTTP/1.1" 200 28 "http://renault.activities.at/success" "Mozilla/5.0 (compatible; MSIE 10.0; Windows NT 6.1; WOW64; Trident/6.0)"
193.194.132.22 - - [21/Nov/2018:11:06:30 +0100] "GET /reload?ser=1542794790828 HTTP/1.1" 200 28 "http://renault.2web.at/10260254" "Mozilla/5.0 (Windows NT 6.1; WOW64; Trident/7.0; rv:11.0) like Gecko"
82.135.5.126 - - [21/Nov/2018:11:06:32 +0100] "GET /reload?ser=1542794792305 HTTP/1.1" 200 28 "http://renault.activities.at/result?searchterm=true&search=model" "Mozilla/5.0 (Windows NT 10.0; WOW64; Trident/7.0; rv:11.0) like Gecko"
213.153.47.173 - - [21/Nov/2018:11:06:55 +0100] "GET /reload?ser=1542794815057 HTTP/1.1" 200 28 "http://renault.activities.at/login?required=true" "Mozilla/5.0 (Windows NT 10.0; Win64; x64; rv:63.0) Gecko/20100101 Firefox/63.0"
80.123.225.36 - - [21/Nov/2018:11:07:00 +0100] "GET /reload?ser=1542794820558 HTTP/1.1" 200 28 "http://renault.activities.at/success" "Mozilla/5.0 (compatible; MSIE 10.0; Windows NT 6.1; WOW64; Trident/6.0)"
193.194.132.22 - - [21/Nov/2018:11:07:31 +0100] "GET /reload?ser=1542794851921 HTTP/1.1" 200 28 "http://renault.2web.at/10260254" "Mozilla/5.0 (Windows NT 6.1; WOW64; Trident/7.0; rv:11.0) like Gecko"
82.135.5.126 - - [21/Nov/2018:11:07:33 +0100] "GET /reload?ser=1542794853334 HTTP/1.1" 200 28 "http://renault.activities.at/result?searchterm=true&search=model" "Mozilla/5.0 (Windows NT 10.0; WOW64; Trident/7.0; rv:11.0) like Gecko"
213.153.47.173 - - [21/Nov/2018:11:07:55 +0100] "GET /reload?ser=1542794875734 HTTP/1.1" 200 28 "http://renault.activities.at/login?required=true" "Mozilla/5.0 (Windows NT 10.0; Win64; x64; rv:63.0) Gecko/20100101 Firefox/63.0"
80.123.225.36 - - [21/Nov/2018:11:08:01 +0100] "GET /reload?ser=1542794881509 HTTP/1.1" 200 28 "http://renault.activities.at/success" "Mozilla/5.0 (compatible; MSIE 10.0; Windows NT 6.1; WOW64; Trident/6.0)"
193.194.132.22 - - [21/Nov/2018:11:08:33 +0100] "GET /reload?ser=1542794913012 HTTP/1.1" 200 28 "http://renault.2web.at/10260254" "Mozilla/5.0 (Windows NT 6.1; WOW64; Trident/7.0; rv:11.0) like Gecko"
82.135.5.126 - - [21/Nov/2018:11:08:34 +0100] "GET /reload?ser=1542794914320 HTTP/1.1" 200 28 "http://renault.activities.at/result?searchterm=true&search=model" "Mozilla/5.0 (Windows NT 10.0; WOW64; Trident/7.0; rv:11.0) like Gecko"
213.153.47.173 - - [21/Nov/2018:11:08:56 +0100] "GET /reload?ser=1542794936394 HTTP/1.1" 200 28 "http://renault.activities.at/login?required=true" "Mozilla/5.0 (Windows NT 10.0; Win64; x64; rv:63.0) Gecko/20100101 Firefox/63.0"
80.123.225.36 - - [21/Nov/2018:11:09:02 +0100] "GET /reload?ser=1542794942470 HTTP/1.1" 200 28 "http://renault.activities.at/success" "Mozilla/5.0 (compatible; MSIE 10.0; Windows NT 6.1; WOW64; Trident/6.0)"
193.194.132.22 - - [21/Nov/2018:11:09:34 +0100] "GET /reload?ser=1542794974098 HTTP/1.1" 200 28 "http://renault.2web.at/10260254" "Mozilla/5.0 (Windows NT 6.1; WOW64; Trident/7.0; rv:11.0) like Gecko"
82.135.5.126 - - [21/Nov/2018:11:09:35 +0100] "GET /reload?ser=1542794975298 HTTP/1.1" 200 28 "http://renault.activities.at/result?searchterm=true&search=model" "Mozilla/5.0 (Windows NT 10.0; WOW64; Trident/7.0; rv:11.0) like Gecko"
213.153.47.173 - - [21/Nov/2018:11:09:57 +0100] "GET /reload?ser=1542794997053 HTTP/1.1" 200 28 "http://renault.activities.at/login?required=true" "Mozilla/5.0 (Windows NT 10.0; Win64; x64; rv:63.0) Gecko/20100101 Firefox/63.0"
80.123.225.36 - - [21/Nov/2018:11:10:03 +0100] "GET /reload?ser=1542795003485 HTTP/1.1" 200 28 "http://renault.activities.at/success" "Mozilla/5.0 (compatible; MSIE 10.0; Windows NT 6.1; WOW64; Trident/6.0)"
193.194.132.22 - - [21/Nov/2018:11:10:35 +0100] "GET /reload?ser=1542795035243 HTTP/1.1" 200 28 "http://renault.2web.at/10260254" "Mozilla/5.0 (Windows NT 6.1; WOW64; Trident/7.0; rv:11.0) like Gecko"
82.135.5.126 - - [21/Nov/2018:11:10:36 +0100] "GET /reload?ser=1542795036345 HTTP/1.1" 200 28 "http://renault.activities.at/result?searchterm=true&search=model" "Mozilla/5.0 (Windows NT 10.0; WOW64; Trident/7.0; rv:11.0) like Gecko"
213.153.47.173 - - [21/Nov/2018:11:10:57 +0100] "GET /reload?ser=1542795057768 HTTP/1.1" 200 28 "http://renault.activities.at/login?required=true" "Mozilla/5.0 (Windows NT 10.0; Win64; x64; rv:63.0) Gecko/20100101 Firefox/63.0"
80.123.225.36 - - [21/Nov/2018:11:11:04 +0100] "GET /reload?ser=1542795064494 HTTP/1.1" 200 28 "http://renault.activities.at/success" "Mozilla/5.0 (compatible; MSIE 10.0; Windows NT 6.1; WOW64; Trident/6.0)"
193.194.132.22 - - [21/Nov/2018:11:11:36 +0100] "GET /reload?ser=1542795096387 HTTP/1.1" 200 28 "http://renault.2web.at/10260254" "Mozilla/5.0 (Windows NT 6.1; WOW64; Trident/7.0; rv:11.0) like Gecko"
82.135.5.126 - - [21/Nov/2018:11:11:37 +0100] "GET /reload?ser=1542795097348 HTTP/1.1" 200 28 "http://renault.activities.at/result?searchterm=true&search=model" "Mozilla/5.0 (Windows NT 10.0; WOW64; Trident/7.0; rv:11.0) like Gecko"
213.153.47.173 - - [21/Nov/2018:11:11:58 +0100] "GET /reload?ser=1542795118599 HTTP/1.1" 200 28 "http://renault.activities.at/login?required=true" "Mozilla/5.0 (Windows NT 10.0; Win64; x64; rv:63.0) Gecko/20100101 Firefox/63.0"
80.123.225.36 - - [21/Nov/2018:11:12:05 +0100] "GET /reload?ser=1542795125503 HTTP/1.1" 200 28 "http://renault.activities.at/success" "Mozilla/5.0 (compatible; MSIE 10.0; Windows NT 6.1; WOW64; Trident/6.0)"
193.194.132.22 - - [21/Nov/2018:11:12:37 +0100] "GET /reload?ser=1542795157536 HTTP/1.1" 200 28 "http://renault.2web.at/10260254" "Mozilla/5.0 (Windows NT 6.1; WOW64; Trident/7.0; rv:11.0) like Gecko"
82.135.5.126 - - [21/Nov/2018:11:12:38 +0100] "GET /reload?ser=1542795158312 HTTP/1.1" 200 28 "http://renault.activities.at/result?searchterm=true&search=model" "Mozilla/5.0 (Windows NT 10.0; WOW64; Trident/7.0; rv:11.0) like Gecko"
213.153.47.173 - - [21/Nov/2018:11:12:59 +0100] "GET /reload?ser=1542795179251 HTTP/1.1" 200 28 "http://renault.activities.at/login?required=true" "Mozilla/5.0 (Windows NT 10.0; Win64; x64; rv:63.0) Gecko/20100101 Firefox/63.0"
80.123.225.36 - - [21/Nov/2018:11:13:06 +0100] "GET /reload?ser=1542795186526 HTTP/1.1" 200 28 "http://renault.activities.at/success" "Mozilla/5.0 (compatible; MSIE 10.0; Windows NT 6.1; WOW64; Trident/6.0)"
193.194.132.22 - - [21/Nov/2018:11:13:38 +0100] "GET /reload?ser=1542795218622 HTTP/1.1" 200 28 "http://renault.2web.at/10260254" "Mozilla/5.0 (Windows NT 6.1; WOW64; Trident/7.0; rv:11.0) like Gecko"
82.135.5.126 - - [21/Nov/2018:11:13:39 +0100] "GET /reload?ser=1542795219321 HTTP/1.1" 200 28 "http://renault.activities.at/result?searchterm=true&search=model" "Mozilla/5.0 (Windows NT 10.0; WOW64; Trident/7.0; rv:11.0) like Gecko"
213.153.47.173 - - [21/Nov/2018:11:13:59 +0100] "GET /reload?ser=1542795239922 HTTP/1.1" 200 28 "http://renault.activities.at/login?required=true" "Mozilla/5.0 (Windows NT 10.0; Win64; x64; rv:63.0) Gecko/20100101 Firefox/63.0"
80.123.225.36 - - [21/Nov/2018:11:14:07 +0100] "GET /reload?ser=1542795247485 HTTP/1.1" 200 28 "http://renault.activities.at/success" "Mozilla/5.0 (compatible; MSIE 10.0; Windows NT 6.1; WOW64; Trident/6.0)"
193.194.132.22 - - [21/Nov/2018:11:14:39 +0100] "GET /reload?ser=1542795279723 HTTP/1.1" 200 28 "http://renault.2web.at/10260254" "Mozilla/5.0 (Windows NT 6.1; WOW64; Trident/7.0; rv:11.0) like Gecko"
82.135.5.126 - - [21/Nov/2018:11:14:40 +0100] "GET /reload?ser=1542795280348 HTTP/1.1" 200 28 "http://renault.activities.at/result?searchterm=true&search=model" "Mozilla/5.0 (Windows NT 10.0; WOW64; Trident/7.0; rv:11.0) like Gecko"
213.153.47.173 - - [21/Nov/2018:11:15:00 +0100] "GET /reload?ser=1542795300599 HTTP/1.1" 200 28 "http://renault.activities.at/login?required=true" "Mozilla/5.0 (Windows NT 10.0; Win64; x64; rv:63.0) Gecko/20100101 Firefox/63.0"
80.123.225.36 - - [21/Nov/2018:11:15:08 +0100] "GET /reload?ser=1542795308438 HTTP/1.1" 200 28 "http://renault.activities.at/success" "Mozilla/5.0 (compatible; MSIE 10.0; Windows NT 6.1; WOW64; Trident/6.0)"
193.194.132.22 - - [21/Nov/2018:11:15:40 +0100] "GET /reload?ser=1542795340850 HTTP/1.1" 200 28 "http://renault.2web.at/10260254" "Mozilla/5.0 (Windows NT 6.1; WOW64; Trident/7.0; rv:11.0) like Gecko"
82.135.5.126 - - [21/Nov/2018:11:15:41 +0100] "GET /reload?ser=1542795341360 HTTP/1.1" 200 28 "http://renault.activities.at/result?searchterm=true&search=model" "Mozilla/5.0 (Windows NT 10.0; WOW64; Trident/7.0; rv:11.0) like Gecko"
213.153.47.173 - - [21/Nov/2018:11:16:01 +0100] "GET /reload?ser=1542795361265 HTTP/1.1" 200 28 "http://renault.activities.at/login?required=true" "Mozilla/5.0 (Windows NT 10.0; Win64; x64; rv:63.0) Gecko/20100101 Firefox/63.0"
80.123.225.36 - - [21/Nov/2018:11:16:09 +0100] "GET /reload?ser=1542795369479 HTTP/1.1" 200 28 "http://renault.activities.at/success" "Mozilla/5.0 (compatible; MSIE 10.0; Windows NT 6.1; WOW64; Trident/6.0)"
193.194.132.22 - - [21/Nov/2018:11:16:42 +0100] "GET /reload?ser=1542795401933 HTTP/1.1" 200 28 "http://renault.2web.at/10260254" "Mozilla/5.0 (Windows NT 6.1; WOW64; Trident/7.0; rv:11.0) like Gecko"
82.135.5.126 - - [21/Nov/2018:11:16:42 +0100] "GET /reload?ser=1542795402371 HTTP/1.1" 200 28 "http://renault.activities.at/result?searchterm=true&search=model" "Mozilla/5.0 (Windows NT 10.0; WOW64; Trident/7.0; rv:11.0) like Gecko"
213.153.47.173 - - [21/Nov/2018:11:17:01 +0100] "GET /reload?ser=1542795421916 HTTP/1.1" 200 28 "http://renault.activities.at/login?required=true" "Mozilla/5.0 (Windows NT 10.0; Win64; x64; rv:63.0) Gecko/20100101 Firefox/63.0"
80.123.225.36 - - [21/Nov/2018:11:17:10 +0100] "GET /reload?ser=1542795430509 HTTP/1.1" 200 28 "http://renault.activities.at/success" "Mozilla/5.0 (compatible; MSIE 10.0; Windows NT 6.1; WOW64; Trident/6.0)"
193.194.132.22 - - [21/Nov/2018:11:17:43 +0100] "GET /reload?ser=1542795463036 HTTP/1.1" 200 28 "http://renault.2web.at/10260254" "Mozilla/5.0 (Windows NT 6.1; WOW64; Trident/7.0; rv:11.0) like Gecko"
82.135.5.126 - - [21/Nov/2018:11:17:43 +0100] "GET /reload?ser=1542795463352 HTTP/1.1" 200 28 "http://renault.activities.at/result?searchterm=true&search=model" "Mozilla/5.0 (Windows NT 10.0; WOW64; Trident/7.0; rv:11.0) like Gecko"
213.153.47.173 - - [21/Nov/2018:11:18:02 +0100] "GET /reload?ser=1542795482568 HTTP/1.1" 200 28 "http://renault.activities.at/login?required=true" "Mozilla/5.0 (Windows NT 10.0; Win64; x64; rv:63.0) Gecko/20100101 Firefox/63.0"
80.123.225.36 - - [21/Nov/2018:11:18:11 +0100] "GET /reload?ser=1542795491490 HTTP/1.1" 200 28 "http://renault.activities.at/success" "Mozilla/5.0 (compatible; MSIE 10.0; Windows NT 6.1; WOW64; Trident/6.0)"
193.194.132.22 - - [21/Nov/2018:11:18:44 +0100] "GET /reload?ser=1542795524123 HTTP/1.1" 200 28 "http://renault.2web.at/10260254" "Mozilla/5.0 (Windows NT 6.1; WOW64; Trident/7.0; rv:11.0) like Gecko"
82.135.5.126 - - [21/Nov/2018:11:18:44 +0100] "GET /reload?ser=1542795524341 HTTP/1.1" 200 28 "http://renault.activities.at/result?searchterm=true&search=model" "Mozilla/5.0 (Windows NT 10.0; WOW64; Trident/7.0; rv:11.0) like Gecko"
213.153.47.173 - - [21/Nov/2018:11:19:03 +0100] "GET /reload?ser=1542795543234 HTTP/1.1" 200 28 "http://renault.activities.at/login?required=true" "Mozilla/5.0 (Windows NT 10.0; Win64; x64; rv:63.0) Gecko/20100101 Firefox/63.0"
80.123.225.36 - - [21/Nov/2018:11:19:12 +0100] "GET /reload?ser=1542795552441 HTTP/1.1" 200 28 "http://renault.activities.at/success" "Mozilla/5.0 (compatible; MSIE 10.0; Windows NT 6.1; WOW64; Trident/6.0)"
193.194.132.22 - - [21/Nov/2018:11:19:45 +0100] "GET /reload?ser=1542795585254 HTTP/1.1" 200 28 "http://renault.2web.at/10260254" "Mozilla/5.0 (Windows NT 6.1; WOW64; Trident/7.0; rv:11.0) like Gecko"
82.135.5.126 - - [21/Nov/2018:11:19:45 +0100] "GET /reload?ser=1542795585334 HTTP/1.1" 200 28 "http://renault.activities.at/result?searchterm=true&search=model" "Mozilla/5.0 (Windows NT 10.0; WOW64; Trident/7.0; rv:11.0) like Gecko"
213.153.47.173 - - [21/Nov/2018:11:20:03 +0100] "GET /reload?ser=1542795603898 HTTP/1.1" 200 28 "http://renault.activities.at/login?required=true" "Mozilla/5.0 (Windows NT 10.0; Win64; x64; rv:63.0) Gecko/20100101 Firefox/63.0"
80.123.225.36 - - [21/Nov/2018:11:20:13 +0100] "GET /reload?ser=1542795613390 HTTP/1.1" 200 28 "http://renault.activities.at/success" "Mozilla/5.0 (compatible; MSIE 10.0; Windows NT 6.1; WOW64; Trident/6.0)"
193.194.132.22 - - [21/Nov/2018:11:20:46 +0100] "GET /reload?ser=1542795646394 HTTP/1.1" 200 28 "http://renault.2web.at/10260254" "Mozilla/5.0 (Windows NT 6.1; WOW64; Trident/7.0; rv:11.0) like Gecko"
82.135.5.126 - - [21/Nov/2018:11:20:46 +0100] "GET /reload?ser=1542795646768 HTTP/1.1" 200 28 "http://renault.activities.at/result?searchterm=true&search=model" "Mozilla/5.0 (Windows NT 10.0; WOW64; Trident/7.0; rv:11.0) like Gecko"
213.153.47.173 - - [21/Nov/2018:11:21:04 +0100] "GET /reload?ser=1542795664551 HTTP/1.1" 200 28 "http://renault.activities.at/login?required=true" "Mozilla/5.0 (Windows NT 10.0; Win64; x64; rv:63.0) Gecko/20100101 Firefox/63.0"
80.123.225.36 - - [21/Nov/2018:11:21:14 +0100] "GET /reload?ser=1542795674370 HTTP/1.1" 200 28 "http://renault.activities.at/success" "Mozilla/5.0 (compatible; MSIE 10.0; Windows NT 6.1; WOW64; Trident/6.0)"
193.194.132.22 - - [21/Nov/2018:11:21:47 +0100] "GET /reload?ser=1542795707510 HTTP/1.1" 200 28 "http://renault.2web.at/10260254" "Mozilla/5.0 (Windows NT 6.1; WOW64; Trident/7.0; rv:11.0) like Gecko"
82.135.5.126 - - [21/Nov/2018:11:21:47 +0100] "GET /reload?ser=1542795707772 HTTP/1.1" 200 28 "http://renault.activities.at/result?searchterm=true&search=model" "Mozilla/5.0 (Windows NT 10.0; WOW64; Trident/7.0; rv:11.0) like Gecko"
213.153.47.173 - - [21/Nov/2018:11:22:05 +0100] "GET /reload?ser=1542795725201 HTTP/1.1" 200 28 "http://renault.activities.at/login?required=true" "Mozilla/5.0 (Windows NT 10.0; Win64; x64; rv:63.0) Gecko/20100101 Firefox/63.0"
80.123.225.36 - - [21/Nov/2018:11:22:15 +0100] "GET /reload?ser=1542795735383 HTTP/1.1" 200 28 "http://renault.activities.at/success" "Mozilla/5.0 (compatible; MSIE 10.0; Windows NT 6.1; WOW64; Trident/6.0)"
193.194.132.22 - - [21/Nov/2018:11:22:48 +0100] "GET /reload?ser=1542795768647 HTTP/1.1" 200 28 "http://renault.2web.at/10260254" "Mozilla/5.0 (Windows NT 6.1; WOW64; Trident/7.0; rv:11.0) like Gecko"
82.135.5.126 - - [21/Nov/2018:11:22:48 +0100] "GET /reload?ser=1542795768767 HTTP/1.1" 200 28 "http://renault.activities.at/result?searchterm=true&search=model" "Mozilla/5.0 (Windows NT 10.0; WOW64; Trident/7.0; rv:11.0) like Gecko"
213.153.47.173 - - [21/Nov/2018:11:23:05 +0100] "GET /reload?ser=1542795785867 HTTP/1.1" 200 28 "http://renault.activities.at/login?required=true" "Mozilla/5.0 (Windows NT 10.0; Win64; x64; rv:63.0) Gecko/20100101 Firefox/63.0"
80.123.225.36 - - [21/Nov/2018:11:23:16 +0100] "GET /reload?ser=1542795796364 HTTP/1.1" 200 28 "http://renault.activities.at/success" "Mozilla/5.0 (compatible; MSIE 10.0; Windows NT 6.1; WOW64; Trident/6.0)"
82.135.5.126 - - [21/Nov/2018:11:23:49 +0100] "GET /reload?ser=1542795829745 HTTP/1.1" 200 28 "http://renault.activities.at/result?searchterm=true&search=model" "Mozilla/5.0 (Windows NT 10.0; WOW64; Trident/7.0; rv:11.0) like Gecko"
193.194.132.22 - - [21/Nov/2018:11:23:49 +0100] "GET /reload?ser=1542795829730 HTTP/1.1" 200 28 "http://renault.2web.at/10260254" "Mozilla/5.0 (Windows NT 6.1; WOW64; Trident/7.0; rv:11.0) like Gecko"
213.153.47.173 - - [21/Nov/2018:11:24:06 +0100] "GET /reload?ser=1542795846554 HTTP/1.1" 200 28 "http://renault.activities.at/login?required=true" "Mozilla/5.0 (Windows NT 10.0; Win64; x64; rv:63.0) Gecko/20100101 Firefox/63.0"
80.123.225.36 - - [21/Nov/2018:11:24:17 +0100] "GET /reload?ser=1542795857338 HTTP/1.1" 200 28 "http://renault.activities.at/success" "Mozilla/5.0 (compatible; MSIE 10.0; Windows NT 6.1; WOW64; Trident/6.0)"
82.135.5.126 - - [21/Nov/2018:11:24:50 +0100] "GET /reload?ser=1542795890874 HTTP/1.1" 200 28 "http://renault.activities.at/result?searchterm=true&search=model" "Mozilla/5.0 (Windows NT 10.0; WOW64; Trident/7.0; rv:11.0) like Gecko"
193.194.132.22 - - [21/Nov/2018:11:24:50 +0100] "GET /reload?ser=1542795890868 HTTP/1.1" 200 28 "http://renault.2web.at/10260254" "Mozilla/5.0 (Windows NT 6.1; WOW64; Trident/7.0; rv:11.0) like Gecko"
213.153.47.173 - - [21/Nov/2018:11:25:07 +0100] "GET /reload?ser=1542795907209 HTTP/1.1" 200 28 "http://renault.activities.at/login?required=true" "Mozilla/5.0 (Windows NT 10.0; Win64; x64; rv:63.0) Gecko/20100101 Firefox/63.0"
80.123.225.36 - - [21/Nov/2018:11:25:18 +0100] "GET /reload?ser=1542795918346 HTTP/1.1" 200 28 "http://renault.activities.at/success" "Mozilla/5.0 (compatible; MSIE 10.0; Windows NT 6.1; WOW64; Trident/6.0)"
82.135.5.126 - - [21/Nov/2018:11:25:51 +0100] "GET /reload?ser=1542795951866 HTTP/1.1" 200 28 "http://renault.activities.at/result?searchterm=true&search=model" "Mozilla/5.0 (Windows NT 10.0; WOW64; Trident/7.0; rv:11.0) like Gecko"
193.194.132.22 - - [21/Nov/2018:11:25:52 +0100] "GET /reload?ser=1542795952021 HTTP/1.1" 200 28 "http://renault.2web.at/10260254" "Mozilla/5.0 (Windows NT 6.1; WOW64; Trident/7.0; rv:11.0) like Gecko"
213.153.47.173 - - [21/Nov/2018:11:26:07 +0100] "GET /reload?ser=1542795967865 HTTP/1.1" 200 28 "http://renault.activities.at/login?required=true" "Mozilla/5.0 (Windows NT 10.0; Win64; x64; rv:63.0) Gecko/20100101 Firefox/63.0"
80.123.225.36 - - [21/Nov/2018:11:26:19 +0100] "GET /reload?ser=1542795979316 HTTP/1.1" 200 28 "http://renault.activities.at/success" "Mozilla/5.0 (compatible; MSIE 10.0; Windows NT 6.1; WOW64; Trident/6.0)"
82.135.5.126 - - [21/Nov/2018:11:26:52 +0100] "GET /reload?ser=1542796012812 HTTP/1.1" 200 28 "http://renault.activities.at/result?searchterm=true&search=model" "Mozilla/5.0 (Windows NT 10.0; WOW64; Trident/7.0; rv:11.0) like Gecko"
193.194.132.22 - - [21/Nov/2018:11:26:53 +0100] "GET /reload?ser=1542796013302 HTTP/1.1" 200 28 "http://renault.2web.at/10260254" "Mozilla/5.0 (Windows NT 6.1; WOW64; Trident/7.0; rv:11.0) like Gecko"
213.153.47.173 - - [21/Nov/2018:11:27:08 +0100] "GET /reload?ser=1542796028506 HTTP/1.1" 200 28 "http://renault.activities.at/login?required=true" "Mozilla/5.0 (Windows NT 10.0; Win64; x64; rv:63.0) Gecko/20100101 Firefox/63.0"
80.123.225.36 - - [21/Nov/2018:11:27:20 +0100] "GET /reload?ser=1542796040314 HTTP/1.1" 200 28 "http://renault.activities.at/success" "Mozilla/5.0 (compatible; MSIE 10.0; Windows NT 6.1; WOW64; Trident/6.0)"
82.135.5.126 - - [21/Nov/2018:11:27:53 +0100] "GET /reload?ser=1542796073752 HTTP/1.1" 200 28 "http://renault.activities.at/result?searchterm=true&search=model" "Mozilla/5.0 (Windows NT 10.0; WOW64; Trident/7.0; rv:11.0) like Gecko"
193.194.132.22 - - [21/Nov/2018:11:27:54 +0100] "GET /reload?ser=1542796074376 HTTP/1.1" 200 28 "http://renault.2web.at/10260254" "Mozilla/5.0 (Windows NT 6.1; WOW64; Trident/7.0; rv:11.0) like Gecko"
213.153.47.173 - - [21/Nov/2018:11:28:09 +0100] "GET /reload?ser=1542796089169 HTTP/1.1" 200 28 "http://renault.activities.at/login?required=true" "Mozilla/5.0 (Windows NT 10.0; Win64; x64; rv:63.0) Gecko/20100101 Firefox/63.0"
80.123.225.36 - - [21/Nov/2018:11:28:21 +0100] "GET /reload?ser=1542796101335 HTTP/1.1" 200 28 "http://renault.activities.at/success" "Mozilla/5.0 (compatible; MSIE 10.0; Windows NT 6.1; WOW64; Trident/6.0)"
82.135.5.126 - - [21/Nov/2018:11:28:54 +0100] "GET /reload?ser=1542796134754 HTTP/1.1" 200 28 "http://renault.activities.at/result?searchterm=true&search=model" "Mozilla/5.0 (Windows NT 10.0; WOW64; Trident/7.0; rv:11.0) like Gecko"
193.194.132.22 - - [21/Nov/2018:11:28:55 +0100] "GET /reload?ser=1542796135512 HTTP/1.1" 200 28 "http://renault.2web.at/10260254" "Mozilla/5.0 (Windows NT 6.1; WOW64; Trident/7.0; rv:11.0) like Gecko"
213.153.47.173 - - [21/Nov/2018:11:29:09 +0100] "GET /reload?ser=1542796149829 HTTP/1.1" 200 28 "http://renault.activities.at/login?required=true" "Mozilla/5.0 (Windows NT 10.0; Win64; x64; rv:63.0) Gecko/20100101 Firefox/63.0"
80.123.225.36 - - [21/Nov/2018:11:29:22 +0100] "GET /reload?ser=1542796162612 HTTP/1.1" 200 28 "http://renault.activities.at/success" "Mozilla/5.0 (compatible; MSIE 10.0; Windows NT 6.1; WOW64; Trident/6.0)"
82.135.5.126 - - [21/Nov/2018:11:29:55 +0100] "GET /reload?ser=1542796195702 HTTP/1.1" 200 28 "http://renault.activities.at/result?searchterm=true&search=model" "Mozilla/5.0 (Windows NT 10.0; WOW64; Trident/7.0; rv:11.0) like Gecko"
193.194.132.22 - - [21/Nov/2018:11:29:56 +0100] "GET /reload?ser=1542796196629 HTTP/1.1" 200 28 "http://renault.2web.at/10260254" "Mozilla/5.0 (Windows NT 6.1; WOW64; Trident/7.0; rv:11.0) like Gecko"
213.153.47.173 - - [21/Nov/2018:11:30:10 +0100] "GET /reload?ser=1542796210498 HTTP/1.1" 200 28 "http://renault.activities.at/login?required=true" "Mozilla/5.0 (Windows NT 10.0; Win64; x64; rv:63.0) Gecko/20100101 Firefox/63.0"
80.123.225.36 - - [21/Nov/2018:11:30:23 +0100] "GET /reload?ser=1542796223644 HTTP/1.1" 200 28 "http://renault.activities.at/success" "Mozilla/5.0 (compatible; MSIE 10.0; Windows NT 6.1; WOW64; Trident/6.0)"
82.135.5.126 - - [21/Nov/2018:11:30:56 +0100] "GET /reload?ser=1542796256706 HTTP/1.1" 200 28 "http://renault.activities.at/result?searchterm=true&search=model" "Mozilla/5.0 (Windows NT 10.0; WOW64; Trident/7.0; rv:11.0) like Gecko"
193.194.132.22 - - [21/Nov/2018:11:30:57 +0100] "GET /reload?ser=1542796257754 HTTP/1.1" 200 28 "http://renault.2web.at/10260254" "Mozilla/5.0 (Windows NT 6.1; WOW64; Trident/7.0; rv:11.0) like Gecko"
213.153.47.173 - - [21/Nov/2018:11:31:11 +0100] "GET /reload?ser=1542796271161 HTTP/1.1" 200 28 "http://renault.activities.at/login?required=true" "Mozilla/5.0 (Windows NT 10.0; Win64; x64; rv:63.0) Gecko/20100101 Firefox/63.0"
80.123.225.36 - - [21/Nov/2018:11:31:24 +0100] "GET /reload?ser=1542796284613 HTTP/1.1" 200 28 "http://renault.activities.at/success" "Mozilla/5.0 (compatible; MSIE 10.0; Windows NT 6.1; WOW64; Trident/6.0)"
82.135.5.126 - - [21/Nov/2018:11:31:57 +0100] "GET /reload?ser=1542796317713 HTTP/1.1" 200 28 "http://renault.activities.at/result?searchterm=true&search=model" "Mozilla/5.0 (Windows NT 10.0; WOW64; Trident/7.0; rv:11.0) like Gecko"
193.194.132.22 - - [21/Nov/2018:11:31:58 +0100] "GET /reload?ser=1542796318821 HTTP/1.1" 200 28 "http://renault.2web.at/10260254" "Mozilla/5.0 (Windows NT 6.1; WOW64; Trident/7.0; rv:11.0) like Gecko"
213.153.47.173 - - [21/Nov/2018:11:32:11 +0100] "GET /reload?ser=1542796331809 HTTP/1.1" 200 28 "http://renault.activities.at/login?required=true" "Mozilla/5.0 (Windows NT 10.0; Win64; x64; rv:63.0) Gecko/20100101 Firefox/63.0"
80.123.225.36 - - [21/Nov/2018:11:32:25 +0100] "GET /reload?ser=1542796345600 HTTP/1.1" 200 28 "http://renault.activities.at/success" "Mozilla/5.0 (compatible; MSIE 10.0; Windows NT 6.1; WOW64; Trident/6.0)"
82.135.5.126 - - [21/Nov/2018:11:32:58 +0100] "GET /reload?ser=1542796378726 HTTP/1.1" 200 28 "http://renault.activities.at/result?searchterm=true&search=model" "Mozilla/5.0 (Windows NT 10.0; WOW64; Trident/7.0; rv:11.0) like Gecko"
193.194.132.22 - - [21/Nov/2018:11:33:00 +0100] "GET /reload?ser=1542796379943 HTTP/1.1" 200 28 "http://renault.2web.at/10260254" "Mozilla/5.0 (Windows NT 6.1; WOW64; Trident/7.0; rv:11.0) like Gecko"
213.153.47.173 - - [21/Nov/2018:11:33:12 +0100] "GET /reload?ser=1542796392459 HTTP/1.1" 200 28 "http://renault.activities.at/login?required=true" "Mozilla/5.0 (Windows NT 10.0; Win64; x64; rv:63.0) Gecko/20100101 Firefox/63.0"
80.123.225.36 - - [21/Nov/2018:11:33:26 +0100] "GET /reload?ser=1542796406575 HTTP/1.1" 200 28 "http://renault.activities.at/success" "Mozilla/5.0 (compatible; MSIE 10.0; Windows NT 6.1; WOW64; Trident/6.0)"
82.135.5.126 - - [21/Nov/2018:11:33:59 +0100] "GET /reload?ser=1542796439718 HTTP/1.1" 200 28 "http://renault.activities.at/result?searchterm=true&search=model" "Mozilla/5.0 (Windows NT 10.0; WOW64; Trident/7.0; rv:11.0) like Gecko"
193.194.132.22 - - [21/Nov/2018:11:34:01 +0100] "GET /reload?ser=1542796441021 HTTP/1.1" 200 28 "http://renault.2web.at/10260254" "Mozilla/5.0 (Windows NT 6.1; WOW64; Trident/7.0; rv:11.0) like Gecko"
213.153.47.173 - - [21/Nov/2018:11:34:13 +0100] "GET /reload?ser=1542796453137 HTTP/1.1" 200 28 "http://renault.activities.at/login?required=true" "Mozilla/5.0 (Windows NT 10.0; Win64; x64; rv:63.0) Gecko/20100101 Firefox/63.0"
80.123.225.36 - - [21/Nov/2018:11:34:27 +0100] "GET /reload?ser=1542796467635 HTTP/1.1" 200 28 "http://renault.activities.at/success" "Mozilla/5.0 (compatible; MSIE 10.0; Windows NT 6.1; WOW64; Trident/6.0)"
82.135.5.126 - - [21/Nov/2018:11:35:00 +0100] "GET /reload?ser=1542796500676 HTTP/1.1" 200 28 "http://renault.activities.at/result?searchterm=true&search=model" "Mozilla/5.0 (Windows NT 10.0; WOW64; Trident/7.0; rv:11.0) like Gecko"
193.194.132.22 - - [21/Nov/2018:11:35:02 +0100] "GET /reload?ser=1542796502118 HTTP/1.1" 200 28 "http://renault.2web.at/10260254" "Mozilla/5.0 (Windows NT 6.1; WOW64; Trident/7.0; rv:11.0) like Gecko"
213.153.47.173 - - [21/Nov/2018:11:35:13 +0100] "GET /reload?ser=1542796513789 HTTP/1.1" 200 28 "http://renault.activities.at/login?required=true" "Mozilla/5.0 (Windows NT 10.0; Win64; x64; rv:63.0) Gecko/20100101 Firefox/63.0"
80.123.225.36 - - [21/Nov/2018:11:35:28 +0100] "GET /reload?ser=1542796528622 HTTP/1.1" 200 28 "http://renault.activities.at/success" "Mozilla/5.0 (compatible; MSIE 10.0; Windows NT 6.1; WOW64; Trident/6.0)"
82.135.5.126 - - [21/Nov/2018:11:36:01 +0100] "GET /reload?ser=1542796561723 HTTP/1.1" 200 28 "http://renault.activities.at/result?searchterm=true&search=model" "Mozilla/5.0 (Windows NT 10.0; WOW64; Trident/7.0; rv:11.0) like Gecko"
193.194.132.22 - - [21/Nov/2018:11:36:03 +0100] "GET /reload?ser=1542796563212 HTTP/1.1" 200 28 "http://renault.2web.at/10260254" "Mozilla/5.0 (Windows NT 6.1; WOW64; Trident/7.0; rv:11.0) like Gecko"
213.153.47.173 - - [21/Nov/2018:11:36:14 +0100] "GET /reload?ser=1542796574577 HTTP/1.1" 200 28 "http://renault.activities.at/login?required=true" "Mozilla/5.0 (Windows NT 10.0; Win64; x64; rv:63.0) Gecko/20100101 Firefox/63.0"
80.123.225.36 - - [21/Nov/2018:11:36:29 +0100] "GET /reload?ser=1542796589574 HTTP/1.1" 200 28 "http://renault.activities.at/success" "Mozilla/5.0 (compatible; MSIE 10.0; Windows NT 6.1; WOW64; Trident/6.0)"
