82.135.5.126 - - [21/Nov/2018:11:37:02 +0100] "GET /reload?ser=1542796622765 HTTP/1.1" 200 28 "http://renault.activities.at/result?searchterm=true&search=model" "Mozilla/5.0 (Windows NT 10.0; WOW64; Trident/7.0; rv:11.0) like Gecko"
193.194.132.22 - - [21/Nov/2018:11:37:04 +0100] "GET /reload?ser=1542796624289 HTTP/1.1" 200 28 "http://renault.2web.at/10260254" "Mozilla/5.0 (Windows NT 6.1; WOW64; Trident/7.0; rv:11.0) like Gecko"
213.153.47.173 - - [21/Nov/2018:11:37:15 +0100] "GET /reload?ser=1542796635261 HTTP/1.1" 200 28 "http://renault.activities.at/login?required=true" "Mozilla/5.0 (Windows NT 10.0; Win64; x64; rv:63.0) Gecko/20100101 Firefox/63.0"
80.123.225.36 - - [21/Nov/2018:11:37:30 +0100] "GET /reload?ser=1542796650542 HTTP/1.1" 200 28 "http://renault.activities.at/success" "Mozilla/5.0 (compatible; MSIE 10.0; Windows NT 6.1; WOW64; Trident/6.0)"
82.135.5.126 - - [21/Nov/2018:11:38:03 +0100] "GET /reload?ser=1542796683825 HTTP/1.1" 200 28 "http://renault.activities.at/result?searchterm=true&search=model" "Mozilla/5.0 (Windows NT 10.0; WOW64; Trident/7.0; rv:11.0) like Gecko"
193.194.132.22 - - [21/Nov/2018:11:38:05 +0100] "GET /reload?ser=1542796685366 HTTP/1.1" 200 28 "http://renault.2web.at/10260254" "Mozilla/5.0 (Windows NT 6.1; WOW64; Trident/7.0; rv:11.0) like Gecko"
213.153.47.173 - - [21/Nov/2018:11:38:15 +0100] "GET /reload?ser=1542796695933 HTTP/1.1" 200 28 "http://renault.activities.at/login?required=true" "Mozilla/5.0 (Windows NT 10.0; Win64; x64; rv:63.0) Gecko/20100101 Firefox/63.0"
80.123.225.36 - - [21/Nov/2018:11:38:31 +0100] "GET /reload?ser=1542796711516 HTTP/1.1" 200 28 "http://renault.activities.at/success" "Mozilla/5.0 (compatible; MSIE 10.0; Windows NT 6.1; WOW64; Trident/6.0)"
82.135.5.126 - - [21/Nov/2018:11:39:04 +0100] "GET /reload?ser=1542796744843 HTTP/1.1" 200 28 "http://renault.activities.at/result?searchterm=true&search=model" "Mozilla/5.0 (Windows NT 10.0; WOW64; Trident/7.0; rv:11.0) like Gecko"
193.194.132.22 - - [21/Nov/2018:11:39:06 +0100] "GET /reload?ser=1542796746456 HTTP/1.1" 200 28 "http://renault.2web.at/10260254" "Mozilla/5.0 (Windows NT 6.1; WOW64; Trident/7.0; rv:11.0) like Gecko"
213.153.47.173 - - [21/Nov/2018:11:39:16 +0100] "GET /reload?ser=1542796756583 HTTP/1.1" 200 28 "http://renault.activities.at/login?required=true" "Mozilla/5.0 (Windows NT 10.0; Win64; x64; rv:63.0) Gecko/20100101 Firefox/63.0"
80.123.225.36 - - [21/Nov/2018:11:39:32 +0100] "GET /reload?ser=1542796772502 HTTP/1.1" 200 28 "http://renault.activities.at/success" "Mozilla/5.0 (compatible; MSIE 10.0; Windows NT 6.1; WOW64; Trident/6.0)"
82.135.5.126 - - [21/Nov/2018:11:40:05 +0100] "GET /reload?ser=1542796805848 HTTP/1.1" 200 28 "http://renault.activities.at/result?searchterm=true&search=model" "Mozilla/5.0 (Windows NT 10.0; WOW64; Trident/7.0; rv:11.0) like Gecko"
193.194.132.22 - - [21/Nov/2018:11:40:07 +0100] "GET /reload?ser=1542796807604 HTTP/1.1" 200 28 "http://renault.2web.at/10260254" "Mozilla/5.0 (Windows NT 6.1; WOW64; Trident/7.0; rv:11.0) like Gecko"
213.153.47.173 - - [21/Nov/2018:11:40:17 +0100] "GET /reload?ser=1542796817262 HTTP/1.1" 200 28 "http://renault.activities.at/login?required=true" "Mozilla/5.0 (Windows NT 10.0; Win64; x64; rv:63.0) Gecko/20100101 Firefox/63.0"
80.123.225.36 - - [21/Nov/2018:11:40:34 +0100] "GET /reload?ser=1542796833457 HTTP/1.1" 200 28 "http://renault.activities.at/success" "Mozilla/5.0 (compatible; MSIE 10.0; Windows NT 6.1; WOW64; Trident/6.0)"
82.135.5.126 - - [21/Nov/2018:11:41:06 +0100] "GET /reload?ser=1542796866822 HTTP/1.1" 200 28 "http://renault.activities.at/result?searchterm=true&search=model" "Mozilla/5.0 (Windows NT 10.0; WOW64; Trident/7.0; rv:11.0) like Gecko"
193.194.132.22 - - [21/Nov/2018:11:41:08 +0100] "GET /reload?ser=1542796868689 HTTP/1.1" 200 28 "http://renault.2web.at/10260254" "Mozilla/5.0 (Windows NT 6.1; WOW64; Trident/7.0; rv:11.0) like Gecko"
213.153.47.173 - - [21/Nov/2018:11:41:17 +0100] "GET /reload?ser=1542796877926 HTTP/1.1" 200 28 "http://renault.activities.at/login?required=true" "Mozilla/5.0 (Windows NT 10.0; Win64; x64; rv:63.0) Gecko/20100101 Firefox/63.0"
80.123.225.36 - - [21/Nov/2018:11:41:35 +0100] "GET /reload?ser=1542796895207 HTTP/1.1" 200 28 "http://renault.activities.at/success" "Mozilla/5.0 (compatible; MSIE 10.0; Windows NT 6.1; WOW64; Trident/6.0)"
82.135.5.126 - - [21/Nov/2018:11:42:07 +0100] "GET /reload?ser=1542796927840 HTTP/1.1" 200 28 "http://renault.activities.at/result?searchterm=true&search=model" "Mozilla/5.0 (Windows NT 10.0; WOW64; Trident/7.0; rv:11.0) like Gecko"
193.194.132.22 - - [21/Nov/2018:11:42:09 +0100] "GET /reload?ser=1542796929835 HTTP/1.1" 200 28 "http://renault.2web.at/10260254" "Mozilla/5.0 (Windows NT 6.1; WOW64; Trident/7.0; rv:11.0) like Gecko"
213.153.47.173 - - [21/Nov/2018:11:42:18 +0100] "GET /reload?ser=1542796938587 HTTP/1.1" 200 28 "http://renault.activities.at/login?required=true" "Mozilla/5.0 (Windows NT 10.0; Win64; x64; rv:63.0) Gecko/20100101 Firefox/63.0"
80.123.225.36 - - [21/Nov/2018:11:42:37 +0100] "GET /reload?ser=1542796956633 HTTP/1.1" 200 28 "http://renault.activities.at/success" "Mozilla/5.0 (compatible; MSIE 10.0; Windows NT 6.1; WOW64; Trident/6.0)"
82.135.5.126 - - [21/Nov/2018:11:43:08 +0100] "GET /reload?ser=1542796988912 HTTP/1.1" 200 28 "http://renault.activities.at/result?searchterm=true&search=model" "Mozilla/5.0 (Windows NT 10.0; WOW64; Trident/7.0; rv:11.0) like Gecko"
193.194.132.22 - - [21/Nov/2018:11:43:11 +0100] "GET /reload?ser=1542796990940 HTTP/1.1" 200 28 "http://renault.2web.at/10260254" "Mozilla/5.0 (Windows NT 6.1; WOW64; Trident/7.0; rv:11.0) like Gecko"
213.153.47.173 - - [21/Nov/2018:11:43:19 +0100] "GET /reload?ser=1542796999251 HTTP/1.1" 200 28 "http://renault.activities.at/login?required=true" "Mozilla/5.0 (Windows NT 10.0; Win64; x64; rv:63.0) Gecko/20100101 Firefox/63.0"
80.123.225.36 - - [21/Nov/2018:11:43:38 +0100] "GET /reload?ser=1542797017965 HTTP/1.1" 200 28 "http://renault.activities.at/success" "Mozilla/5.0 (compatible; MSIE 10.0; Windows NT 6.1; WOW64; Trident/6.0)"
82.135.5.126 - - [21/Nov/2018:11:44:09 +0100] "GET /reload?ser=1542797049895 HTTP/1.1" 200 28 "http://renault.activities.at/result?searchterm=true&search=model" "Mozilla/5.0 (Windows NT 10.0; WOW64; Trident/7.0; rv:11.0) like Gecko"
193.194.132.22 - - [21/Nov/2018:11:44:12 +0100] "GET /reload?ser=1542797051989 HTTP/1.1" 200 28 "http://renault.2web.at/10260254" "Mozilla/5.0 (Windows NT 6.1; WOW64; Trident/7.0; rv:11.0) like Gecko"
213.153.47.173 - - [21/Nov/2018:11:44:19 +0100] "GET /reload?ser=1542797059905 HTTP/1.1" 200 28 "http://renault.activities.at/login?required=true" "Mozilla/5.0 (Windows NT 10.0; Win64; x64; rv:63.0) Gecko/20100101 Firefox/63.0"
80.123.225.36 - - [21/Nov/2018:11:44:40 +0100] "GET /reload?ser=1542797079651 HTTP/1.1" 200 28 "http://renault.activities.at/success" "Mozilla/5.0 (compatible; MSIE 10.0; Windows NT 6.1; WOW64; Trident/6.0)"
82.135.5.126 - - [21/Nov/2018:11:45:10 +0100] "GET /reload?ser=1542797110874 HTTP/1.1" 200 28 "http://renault.activities.at/result?searchterm=true&search=model" "Mozilla/5.0 (Windows NT 10.0; WOW64; Trident/7.0; rv:11.0) like Gecko"
193.194.132.22 - - [21/Nov/2018:11:45:13 +0100] "GET /reload?ser=1542797113117 HTTP/1.1" 200 28 "http://renault.2web.at/10260254" "Mozilla/5.0 (Windows NT 6.1; WOW64; Trident/7.0; rv:11.0) like Gecko"
213.153.47.173 - - [21/Nov/2018:11:45:20 +0100] "GET /reload?ser=1542797120572 HTTP/1.1" 200 28 "http://renault.activities.at/login?required=true" "Mozilla/5.0 (Windows NT 10.0; Win64; x64; rv:63.0) Gecko/20100101 Firefox/63.0"
80.123.225.36 - - [21/Nov/2018:11:45:41 +0100] "GET /reload?ser=1542797140858 HTTP/1.1" 200 28 "http://renault.activities.at/success" "Mozilla/5.0 (compatible; MSIE 10.0; Windows NT 6.1; WOW64; Trident/6.0)"
82.135.5.126 - - [21/Nov/2018:11:46:11 +0100] "GET /reload?ser=1542797171879 HTTP/1.1" 200 28 "http://renault.activities.at/result?searchterm=true&search=model" "Mozilla/5.0 (Windows NT 10.0; WOW64; Trident/7.0; rv:11.0) like Gecko"
193.194.132.22 - - [21/Nov/2018:11:46:14 +0100] "GET /reload?ser=1542797174200 HTTP/1.1" 200 28 "http://renault.2web.at/10260254" "Mozilla/5.0 (Windows NT 6.1; WOW64; Trident/7.0; rv:11.0) like Gecko"
213.153.47.173 - - [21/Nov/2018:11:46:21 +0100] "GET /reload?ser=1542797181226 HTTP/1.1" 200 28 "http://renault.activities.at/login?required=true" "Mozilla/5.0 (Windows NT 10.0; Win64; x64; rv:63.0) Gecko/20100101 Firefox/63.0"
80.123.225.36 - - [21/Nov/2018:11:46:42 +0100] "GET /reload?ser=1542797202076 HTTP/1.1" 200 28 "http://renault.activities.at/success" "Mozilla/5.0 (compatible; MSIE 10.0; Windows NT 6.1; WOW64; Trident/6.0)"
82.135.5.126 - - [21/Nov/2018:11:47:12 +0100] "GET /reload?ser=1542797232892 HTTP/1.1" 200 28 "http://renault.activities.at/result?searchterm=true&search=model" "Mozilla/5.0 (Windows NT 10.0; WOW64; Trident/7.0; rv:11.0) like Gecko"
193.194.132.22 - - [21/Nov/2018:11:47:15 +0100] "GET /reload?ser=1542797235293 HTTP/1.1" 200 28 "http://renault.2web.at/10260254" "Mozilla/5.0 (Windows NT 6.1; WOW64; Trident/7.0; rv:11.0) like Gecko"
213.153.47.173 - - [21/Nov/2018:11:47:21 +0100] "GET /reload?ser=1542797241899 HTTP/1.1" 200 28 "http://renault.activities.at/login?required=true" "Mozilla/5.0 (Windows NT 10.0; Win64; x64; rv:63.0) Gecko/20100101 Firefox/63.0"
80.123.225.36 - - [21/Nov/2018:11:47:43 +0100] "GET /reload?ser=1542797263088 HTTP/1.1" 200 28 "http://renault.activities.at/success" "Mozilla/5.0 (compatible; MSIE 10.0; Windows NT 6.1; WOW64; Trident/6.0)"
82.135.5.126 - - [21/Nov/2018:11:48:13 +0100] "GET /reload?ser=1542797293848 HTTP/1.1" 200 28 "http://renault.activities.at/result?searchterm=true&search=model" "Mozilla/5.0 (Windows NT 10.0; WOW64; Trident/7.0; rv:11.0) like Gecko"
193.194.132.22 - - [21/Nov/2018:11:48:16 +0100] "GET /reload?ser=1542797296385 HTTP/1.1" 200 28 "http://renault.2web.at/10260254" "Mozilla/5.0 (Windows NT 6.1; WOW64; Trident/7.0; rv:11.0) like Gecko"
213.153.47.173 - - [21/Nov/2018:11:48:22 +0100] "GET /reload?ser=1542797302545 HTTP/1.1" 200 28 "http://renault.activities.at/login?required=true" "Mozilla/5.0 (Windows NT 10.0; Win64; x64; rv:63.0) Gecko/20100101 Firefox/63.0"
80.123.225.36 - - [21/Nov/2018:11:48:44 +0100] "GET /reload?ser=1542797324049 HTTP/1.1" 200 28 "http://renault.activities.at/success" "Mozilla/5.0 (compatible; MSIE 10.0; Windows NT 6.1; WOW64; Trident/6.0)"
82.135.5.126 - - [21/Nov/2018:11:49:14 +0100] "GET /reload?ser=1542797354807 HTTP/1.1" 200 28 "http://renault.activities.at/result?searchterm=true&search=model" "Mozilla/5.0 (Windows NT 10.0; WOW64; Trident/7.0; rv:11.0) like Gecko"
193.194.132.22 - - [21/Nov/2018:11:49:17 +0100] "GET /reload?ser=1542797357493 HTTP/1.1" 200 28 "http://renault.2web.at/10260254" "Mozilla/5.0 (Windows NT 6.1; WOW64; Trident/7.0; rv:11.0) like Gecko"
213.153.47.173 - - [21/Nov/2018:11:49:23 +0100] "GET /reload?ser=1542797363213 HTTP/1.1" 200 28 "http://renault.activities.at/login?required=true" "Mozilla/5.0 (Windows NT 10.0; Win64; x64; rv:63.0) Gecko/20100101 Firefox/63.0"
80.123.225.36 - - [21/Nov/2018:11:49:45 +0100] "GET /reload?ser=1542797385052 HTTP/1.1" 200 28 "http://renault.activities.at/success" "Mozilla/5.0 (compatible; MSIE 10.0; Windows NT 6.1; WOW64; Trident/6.0)"
82.135.5.126 - - [21/Nov/2018:11:50:15 +0100] "GET /reload?ser=1542797415793 HTTP/1.1" 200 28 "http://renault.activities.at/result?searchterm=true&search=model" "Mozilla/5.0 (Windows NT 10.0; WOW64; Trident/7.0; rv:11.0) like Gecko"
193.194.132.22 - - [21/Nov/2018:11:50:18 +0100] "GET /reload?ser=1542797418578 HTTP/1.1" 200 28 "http://renault.2web.at/10260254" "Mozilla/5.0 (Windows NT 6.1; WOW64; Trident/7.0; rv:11.0) like Gecko"
213.153.47.173 - - [21/Nov/2018:11:50:23 +0100] "GET /reload?ser=1542797423886 HTTP/1.1" 200 28 "http://renault.activities.at/login?required=true" "Mozilla/5.0 (Windows NT 10.0; Win64; x64; rv:63.0) Gecko/20100101 Firefox/63.0"
80.123.225.36 - - [21/Nov/2018:11:50:46 +0100] "GET /reload?ser=1542797446082 HTTP/1.1" 200 28 "http://renault.activities.at/success" "Mozilla/5.0 (compatible; MSIE 10.0; Windows NT 6.1; WOW64; Trident/6.0)"
82.135.5.126 - - [21/Nov/2018:11:51:17 +0100] "GET /reload?ser=1542797476863 HTTP/1.1" 200 28 "http://renault.activities.at/result?searchterm=true&search=model" "Mozilla/5.0 (Windows NT 10.0; WOW64; Trident/7.0; rv:11.0) like Gecko"
193.194.132.22 - - [21/Nov/2018:11:51:19 +0100] "GET /reload?ser=1542797479707 HTTP/1.1" 200 28 "http://renault.2web.at/10260254" "Mozilla/5.0 (Windows NT 6.1; WOW64; Trident/7.0; rv:11.0) like Gecko"
213.153.47.173 - - [21/Nov/2018:11:51:24 +0100] "GET /reload?ser=1542797484555 HTTP/1.1" 200 28 "http://renault.activities.at/login?required=true" "Mozilla/5.0 (Windows NT 10.0; Win64; x64; rv:63.0) Gecko/20100101 Firefox/63.0"
80.123.225.36 - - [21/Nov/2018:11:51:47 +0100] "GET /reload?ser=1542797507071 HTTP/1.1" 200 28 "http://renault.activities.at/success" "Mozilla/5.0 (compatible; MSIE 10.0; Windows NT 6.1; WOW64; Trident/6.0)"
82.135.5.126 - - [21/Nov/2018:11:52:18 +0100] "GET /reload?ser=1542797537986 HTTP/1.1" 200 28 "http://renault.activities.at/result?searchterm=true&search=model" "Mozilla/5.0 (Windows NT 10.0; WOW64; Trident/7.0; rv:11.0) like Gecko"
193.194.132.22 - - [21/Nov/2018:11:52:20 +0100] "GET /reload?ser=1542797540764 HTTP/1.1" 200 28 "http://renault.2web.at/10260254" "Mozilla/5.0 (Windows NT 6.1; WOW64; Trident/7.0; rv:11.0) like Gecko"
213.153.47.173 - - [21/Nov/2018:11:52:25 +0100] "GET /reload?ser=1542797545208 HTTP/1.1" 200 28 "http://renault.activities.at/login?required=true" "Mozilla/5.0 (Windows NT 10.0; Win64; x64; rv:63.0) Gecko/20100101 Firefox/63.0"
80.123.225.36 - - [21/Nov/2018:11:52:48 +0100] "GET /reload?ser=1542797568020 HTTP/1.1" 200 28 "http://renault.activities.at/success" "Mozilla/5.0 (compatible; MSIE 10.0; Windows NT 6.1; WOW64; Trident/6.0)"
82.135.5.126 - - [21/Nov/2018:11:53:19 +0100] "GET /reload?ser=1542797598997 HTTP/1.1" 200 28 "http://renault.activities.at/result?searchterm=true&search=model" "Mozilla/5.0 (Windows NT 10.0; WOW64; Trident/7.0; rv:11.0) like Gecko"
193.194.132.22 - - [21/Nov/2018:11:53:21 +0100] "GET /reload?ser=1542797601855 HTTP/1.1" 200 28 "http://renault.2web.at/10260254" "Mozilla/5.0 (Windows NT 6.1; WOW64; Trident/7.0; rv:11.0) like Gecko"
213.153.47.173 - - [21/Nov/2018:11:53:25 +0100] "GET /reload?ser=1542797605882 HTTP/1.1" 200 28 "http://renault.activities.at/login?required=true" "Mozilla/5.0 (Windows NT 10.0; Win64; x64; rv:63.0) Gecko/20100101 Firefox/63.0"
80.123.225.36 - - [21/Nov/2018:11:53:49 +0100] "GET /reload?ser=1542797628976 HTTP/1.1" 200 28 "http://renault.activities.at/success" "Mozilla/5.0 (compatible; MSIE 10.0; Windows NT 6.1; WOW64; Trident/6.0)"
82.135.5.126 - - [21/Nov/2018:11:54:20 +0100] "GET /reload?ser=1542797660010 HTTP/1.1" 200 28 "http://renault.activities.at/result?searchterm=true&search=model" "Mozilla/5.0 (Windows NT 10.0; WOW64; Trident/7.0; rv:11.0) like Gecko"
193.194.132.22 - - [21/Nov/2018:11:54:23 +0100] "GET /reload?ser=1542797662937 HTTP/1.1" 200 28 "http://renault.2web.at/10260254" "Mozilla/5.0 (Windows NT 6.1; WOW64; Trident/7.0; rv:11.0) like Gecko"
213.153.47.173 - - [21/Nov/2018:11:54:26 +0100] "GET /reload?ser=1542797666537 HTTP/1.1" 200 28 "http://renault.activities.at/login?required=true" "Mozilla/5.0 (Windows NT 10.0; Win64; x64; rv:63.0) Gecko/20100101 Firefox/63.0"
80.123.225.36 - - [21/Nov/2018:11:54:50 +0100] "GET /reload?ser=1542797689962 HTTP/1.1" 200 28 "http://renault.activities.at/success" "Mozilla/5.0 (compatible; MSIE 10.0; Windows NT 6.1; WOW64; Trident/6.0)"
82.135.5.126 - - [21/Nov/2018:11:55:21 +0100] "GET /reload?ser=1542797721194 HTTP/1.1" 200 28 "http://renault.activities.at/result?searchterm=true&search=model" "Mozilla/5.0 (Windows NT 10.0; WOW64; Trident/7.0; rv:11.0) like Gecko"
193.194.132.22 - - [21/Nov/2018:11:55:24 +0100] "GET /reload?ser=1542797724052 HTTP/1.1" 200 28 "http://renault.2web.at/10260254" "Mozilla/5.0 (Windows NT 6.1; WOW64; Trident/7.0; rv:11.0) like Gecko"
213.153.47.173 - - [21/Nov/2018:11:55:27 +0100] "GET /reload?ser=1542797727338 HTTP/1.1" 200 28 "http://renault.activities.at/login?required=true" "Mozilla/5.0 (Windows NT 10.0; Win64; x64; rv:63.0) Gecko/20100101 Firefox/63.0"
80.123.225.36 - - [21/Nov/2018:11:55:51 +0100] "GET /reload?ser=1542797750942 HTTP/1.1" 200 28 "http://renault.activities.at/success" "Mozilla/5.0 (compatible; MSIE 10.0; Windows NT 6.1; WOW64; Trident/6.0)"
82.135.5.126 - - [21/Nov/2018:11:56:22 +0100] "GET /reload?ser=1542797782169 HTTP/1.1" 200 28 "http://renault.activities.at/result?searchterm=true&search=model" "Mozilla/5.0 (Windows NT 10.0; WOW64; Trident/7.0; rv:11.0) like Gecko"
193.194.132.22 - - [21/Nov/2018:11:56:25 +0100] "GET /reload?ser=1542797785149 HTTP/1.1" 200 28 "http://renault.2web.at/10260254" "Mozilla/5.0 (Windows NT 6.1; WOW64; Trident/7.0; rv:11.0) like Gecko"
213.153.47.173 - - [21/Nov/2018:11:56:28 +0100] "GET /reload?ser=1542797787990 HTTP/1.1" 200 28 "http://renault.activities.at/login?required=true" "Mozilla/5.0 (Windows NT 10.0; Win64; x64; rv:63.0) Gecko/20100101 Firefox/63.0"
80.123.225.36 - - [21/Nov/2018:11:56:52 +0100] "GET /reload?ser=1542797811935 HTTP/1.1" 200 28 "http://renault.activities.at/success" "Mozilla/5.0 (compatible; MSIE 10.0; Windows NT 6.1; WOW64; Trident/6.0)"
82.135.5.126 - - [21/Nov/2018:11:57:23 +0100] "GET /reload?ser=1542797843173 HTTP/1.1" 200 28 "http://renault.activities.at/result?searchterm=true&search=model" "Mozilla/5.0 (Windows NT 10.0; WOW64; Trident/7.0; rv:11.0) like Gecko"
193.194.132.22 - - [21/Nov/2018:11:57:26 +0100] "GET /reload?ser=1542797846308 HTTP/1.1" 200 28 "http://renault.2web.at/10260254" "Mozilla/5.0 (Windows NT 6.1; WOW64; Trident/7.0; rv:11.0) like Gecko"
213.153.47.173 - - [21/Nov/2018:11:57:28 +0100] "GET /reload?ser=1542797848649 HTTP/1.1" 200 28 "http://renault.activities.at/login?required=true" "Mozilla/5.0 (Windows NT 10.0; Win64; x64; rv:63.0) Gecko/20100101 Firefox/63.0"
80.123.225.36 - - [21/Nov/2018:11:57:53 +0100] "GET /reload?ser=1542797872968 HTTP/1.1" 200 28 "http://renault.activities.at/success" "Mozilla/5.0 (compatible; MSIE 10.0; Windows NT 6.1; WOW64; Trident/6.0)"
82.135.5.126 - - [21/Nov/2018:11:58:24 +0100] "GET /reload?ser=1542797904147 HTTP/1.1" 200 28 "http://renault.activities.at/result?searchterm=true&search=model" "Mozilla/5.0 (Windows NT 10.0; WOW64; Trident/7.0; rv:11.0) like Gecko"
193.194.132.22 - - [21/Nov/2018:11:58:27 +0100] "GET /reload?ser=1542797907404 HTTP/1.1" 200 28 "http://renault.2web.at/10260254" "Mozilla/5.0 (Windows NT 6.1; WOW64; Trident/7.0; rv:11.0) like Gecko"
213.153.47.173 - - [21/Nov/2018:11:58:29 +0100] "GET /reload?ser=1542797909315 HTTP/1.1" 200 28 "http://renault.activities.at/login?required=true" "Mozilla/5.0 (Windows NT 10.0; Win64; x64; rv:63.0) Gecko/20100101 Firefox/63.0"
80.123.225.36 - - [21/Nov/2018:11:58:54 +0100] "GET /reload?ser=1542797933974 HTTP/1.1" 200 28 "http://renault.activities.at/success" "Mozilla/5.0 (compatible; MSIE 10.0; Windows NT 6.1; WOW64; Trident/6.0)"
82.135.5.126 - - [21/Nov/2018:11:59:25 +0100] "GET /reload?ser=1542797965183 HTTP/1.1" 200 28 "http://renault.activities.at/result?searchterm=true&search=model" "Mozilla/5.0 (Windows NT 10.0; WOW64; Trident/7.0; rv:11.0) like Gecko"
193.194.132.22 - - [21/Nov/2018:11:59:28 +0100] "GET /reload?ser=1542797968518 HTTP/1.1" 200 28 "http://renault.2web.at/10260254" "Mozilla/5.0 (Windows NT 6.1; WOW64; Trident/7.0; rv:11.0) like Gecko"
213.153.47.173 - - [21/Nov/2018:11:59:30 +0100] "GET /reload?ser=1542797969986 HTTP/1.1" 200 28 "http://renault.activities.at/login?required=true" "Mozilla/5.0 (Windows NT 10.0; Win64; x64; rv:63.0) Gecko/20100101 Firefox/63.0"
80.123.225.36 - - [21/Nov/2018:11:59:55 +0100] "GET /reload?ser=1542797994977 HTTP/1.1" 200 28 "http://renault.activities.at/success" "Mozilla/5.0 (compatible; MSIE 10.0; Windows NT 6.1; WOW64; Trident/6.0)"
82.135.5.126 - - [21/Nov/2018:12:00:26 +0100] "GET /reload?ser=1542798026130 HTTP/1.1" 200 28 "http://renault.activities.at/result?searchterm=true&search=model" "Mozilla/5.0 (Windows NT 10.0; WOW64; Trident/7.0; rv:11.0) like Gecko"
193.194.132.22 - - [21/Nov/2018:12:00:29 +0100] "GET /reload?ser=1542798029644 HTTP/1.1" 200 28 "http://renault.2web.at/10260254" "Mozilla/5.0 (Windows NT 6.1; WOW64; Trident/7.0; rv:11.0) like Gecko"
213.153.47.173 - - [21/Nov/2018:12:00:30 +0100] "GET /reload?ser=1542798030636 HTTP/1.1" 200 28 "http://renault.activities.at/login?required=true" "Mozilla/5.0 (Windows NT 10.0; Win64; x64; rv:63.0) Gecko/20100101 Firefox/63.0"
80.123.225.36 - - [21/Nov/2018:12:00:56 +0100] "GET /reload?ser=1542798055933 HTTP/1.1" 200 28 "http://renault.activities.at/success" "Mozilla/5.0 (compatible; MSIE 10.0; Windows NT 6.1; WOW64; Trident/6.0)"
82.135.5.126 - - [21/Nov/2018:12:01:27 +0100] "GET /reload?ser=1542798087124 HTTP/1.1" 200 28 "http://renault.activities.at/result?searchterm=true&search=model" "Mozilla/5.0 (Windows NT 10.0; WOW64; Trident/7.0; rv:11.0) like Gecko"
193.194.132.22 - - [21/Nov/2018:12:01:30 +0100] "GET /reload?ser=1542798090715 HTTP/1.1" 200 28 "http://renault.2web.at/10260254" "Mozilla/5.0 (Windows NT 6.1; WOW64; Trident/7.0; rv:11.0) like Gecko"
213.153.47.173 - - [21/Nov/2018:12:01:31 +0100] "GET /reload?ser=1542798091300 HTTP/1.1" 200 28 "http://renault.activities.at/login?required=true" "Mozilla/5.0 (Windows NT 10.0; Win64; x64; rv:63.0) Gecko/20100101 Firefox/63.0"
80.123.225.36 - - [21/Nov/2018:12:01:57 +0100] "GET /reload?ser=1542798116913 HTTP/1.1" 200 28 "http://renault.activities.at/success" "Mozilla/5.0 (compatible; MSIE 10.0; Windows NT 6.1; WOW64; Trident/6.0)"
82.135.5.126 - - [21/Nov/2018:12:02:28 +0100] "GET /reload?ser=1542798148131 HTTP/1.1" 200 28 "http://renault.activities.at/result?searchterm=true&search=model" "Mozilla/5.0 (Windows NT 10.0; WOW64; Trident/7.0; rv:11.0) like Gecko"
213.153.47.173 - - [21/Nov/2018:12:02:32 +0100] "GET /reload?ser=1542798151965 HTTP/1.1" 200 28 "http://renault.activities.at/login?required=true" "Mozilla/5.0 (Windows NT 10.0; Win64; x64; rv:63.0) Gecko/20100101 Firefox/63.0"
193.194.132.22 - - [21/Nov/2018:12:02:31 +0100] "GET /reload?ser=1542798151828 HTTP/1.1" 200 28 "http://renault.2web.at/10260254" "Mozilla/5.0 (Windows NT 6.1; WOW64; Trident/7.0; rv:11.0) like Gecko"
80.123.225.36 - - [21/Nov/2018:12:02:58 +0100] "GET /reload?ser=1542798177890 HTTP/1.1" 200 28 "http://renault.activities.at/success" "Mozilla/5.0 (compatible; MSIE 10.0; Windows NT 6.1; WOW64; Trident/6.0)"
82.135.5.126 - - [21/Nov/2018:12:03:29 +0100] "GET /reload?ser=1542798209125 HTTP/1.1" 200 28 "http://renault.activities.at/result?searchterm=true&search=model" "Mozilla/5.0 (Windows NT 10.0; WOW64; Trident/7.0; rv:11.0) like Gecko"
213.153.47.173 - - [21/Nov/2018:12:03:32 +0100] "GET /reload?ser=1542798212630 HTTP/1.1" 200 28 "http://renault.activities.at/login?required=true" "Mozilla/5.0 (Windows NT 10.0; Win64; x64; rv:63.0) Gecko/20100101 Firefox/63.0"
193.194.132.22 - - [21/Nov/2018:12:03:33 +0100] "GET /reload?ser=1542798212892 HTTP/1.1" 200 28 "http://renault.2web.at/10260254" "Mozilla/5.0 (Windows NT 6.1; WOW64; Trident/7.0; rv:11.0) like Gecko"
80.123.225.36 - - [21/Nov/2018:12:03:59 +0100] "GET /reload?ser=1542798238922 HTTP/1.1" 200 28 "http://renault.activities.at/success" "Mozilla/5.0 (compatible; MSIE 10.0; Windows NT 6.1; WOW64; Trident/6.0)"
82.135.5.126 - - [21/Nov/2018:12:04:30 +0100] "GET /reload?ser=1542798270113 HTTP/1.1" 200 28 "http://renault.activities.at/result?searchterm=true&search=model" "Mozilla/5.0 (Windows NT 10.0; WOW64; Trident/7.0; rv:11.0) like Gecko"
213.153.47.173 - - [21/Nov/2018:12:04:33 +0100] "GET /reload?ser=1542798273288 HTTP/1.1" 200 28 "http://renault.activities.at/login?required=true" "Mozilla/5.0 (Windows NT 10.0; Win64; x64; rv:63.0) Gecko/20100101 Firefox/63.0"
193.194.132.22 - - [21/Nov/2018:12:04:34 +0100] "GET /reload?ser=1542798273996 HTTP/1.1" 200 28 "http://renault.2web.at/10260254" "Mozilla/5.0 (Windows NT 6.1; WOW64; Trident/7.0; rv:11.0) like Gecko"
80.123.225.36 - - [21/Nov/2018:12:05:00 +0100] "GET /reload?ser=1542798299936 HTTP/1.1" 200 28 "http://renault.activities.at/success" "Mozilla/5.0 (compatible; MSIE 10.0; Windows NT 6.1; WOW64; Trident/6.0)"
82.135.5.126 - - [21/Nov/2018:12:05:31 +0100] "GET /reload?ser=1542798331129 HTTP/1.1" 200 28 "http://renault.activities.at/result?searchterm=true&search=model" "Mozilla/5.0 (Windows NT 10.0; WOW64; Trident/7.0; rv:11.0) like Gecko"
213.153.47.173 - - [21/Nov/2018:12:05:34 +0100] "GET /reload?ser=1542798333959 HTTP/1.1" 200 28 "http://renault.activities.at/login?required=true" "Mozilla/5.0 (Windows NT 10.0; Win64; x64; rv:63.0) Gecko/20100101 Firefox/63.0"
193.194.132.22 - - [21/Nov/2018:12:05:35 +0100] "GET /reload?ser=1542798335128 HTTP/1.1" 200 28 "http://renault.2web.at/10260254" "Mozilla/5.0 (Windows NT 6.1; WOW64; Trident/7.0; rv:11.0) like Gecko"
80.123.225.36 - - [21/Nov/2018:12:06:01 +0100] "GET /reload?ser=1542798360888 HTTP/1.1" 200 28 "http://renault.activities.at/success" "Mozilla/5.0 (compatible; MSIE 10.0; Windows NT 6.1; WOW64; Trident/6.0)"
82.135.5.126 - - [21/Nov/2018:12:06:32 +0100] "GET /reload?ser=1542798392117 HTTP/1.1" 200 28 "http://renault.activities.at/result?searchterm=true&search=model" "Mozilla/5.0 (Windows NT 10.0; WOW64; Trident/7.0; rv:11.0) like Gecko"
213.153.47.173 - - [21/Nov/2018:12:06:34 +0100] "GET /reload?ser=1542798394615 HTTP/1.1" 200 28 "http://renault.activities.at/login?required=true" "Mozilla/5.0 (Windows NT 10.0; Win64; x64; rv:63.0) Gecko/20100101 Firefox/63.0"
193.194.132.22 - - [21/Nov/2018:12:06:36 +0100] "GET /reload?ser=1542798396211 HTTP/1.1" 200 28 "http://renault.2web.at/10260254" "Mozilla/5.0 (Windows NT 6.1; WOW64; Trident/7.0; rv:11.0) like Gecko"
80.123.225.36 - - [21/Nov/2018:12:07:02 +0100] "GET /reload?ser=1542798421842 HTTP/1.1" 200 28 "http://renault.activities.at/success" "Mozilla/5.0 (compatible; MSIE 10.0; Windows NT 6.1; WOW64; Trident/6.0)"
82.135.5.126 - - [21/Nov/2018:12:07:33 +0100] "GET /reload?ser=1542798453089 HTTP/1.1" 200 28 "http://renault.activities.at/result?searchterm=true&search=model" "Mozilla/5.0 (Windows NT 10.0; WOW64; Trident/7.0; rv:11.0) like Gecko"
213.153.47.173 - - [21/Nov/2018:12:07:35 +0100] "GET /reload?ser=1542798455273 HTTP/1.1" 200 28 "http://renault.activities.at/login?required=true" "Mozilla/5.0 (Windows NT 10.0; Win64; x64; rv:63.0) Gecko/20100101 Firefox/63.0"
193.194.132.22 - - [21/Nov/2018:12:07:37 +0100] "GET /reload?ser=1542798457313 HTTP/1.1" 200 28 "http://renault.2web.at/10260254" "Mozilla/5.0 (Windows NT 6.1; WOW64; Trident/7.0; rv:11.0) like Gecko"
80.123.225.36 - - [21/Nov/2018:12:08:03 +0100] "GET /reload?ser=1542798482832 HTTP/1.1" 200 28 "http://renault.activities.at/success" "Mozilla/5.0 (compatible; MSIE 10.0; Windows NT 6.1; WOW64; Trident/6.0)"
82.135.5.126 - - [21/Nov/2018:12:08:34 +0100] "GET /reload?ser=1542798514054 HTTP/1.1" 200 28 "http://renault.activities.at/result?searchterm=true&search=model" "Mozilla/5.0 (Windows NT 10.0; WOW64; Trident/7.0; rv:11.0) like Gecko"
213.153.47.173 - - [21/Nov/2018:12:08:35 +0100] "GET /reload?ser=1542798515936 HTTP/1.1" 200 28 "http://renault.activities.at/login?required=true" "Mozilla/5.0 (Windows NT 10.0; Win64; x64; rv:63.0) Gecko/20100101 Firefox/63.0"
193.194.132.22 - - [21/Nov/2018:12:08:38 +0100] "GET /reload?ser=1542798518460 HTTP/1.1" 200 28 "http://renault.2web.at/10260254" "Mozilla/5.0 (Windows NT 6.1; WOW64; Trident/7.0; rv:11.0) like Gecko"
80.123.225.36 - - [21/Nov/2018:12:09:04 +0100] "GET /reload?ser=1542798543834 HTTP/1.1" 200 28 "http://renault.activities.at/success" "Mozilla/5.0 (compatible; MSIE 10.0; Windows NT 6.1; WOW64; Trident/6.0)"
82.135.5.126 - - [21/Nov/2018:12:09:35 +0100] "GET /reload?ser=1542798575006 HTTP/1.1" 200 28 "http://renault.activities.at/result?searchterm=true&search=model" "Mozilla/5.0 (Windows NT 10.0; WOW64; Trident/7.0; rv:11.0) like Gecko"
213.153.47.173 - - [21/Nov/2018:12:09:36 +0100] "GET /reload?ser=1542798576589 HTTP/1.1" 200 28 "http://renault.activities.at/login?required=true" "Mozilla/5.0 (Windows NT 10.0; Win64; x64; rv:63.0) Gecko/20100101 Firefox/63.0"
193.194.132.22 - - [21/Nov/2018:12:09:39 +0100] "GET /reload?ser=1542798579553 HTTP/1.1" 200 28 "http://renault.2web.at/10260254" "Mozilla/5.0 (Windows NT 6.1; WOW64; Trident/7.0; rv:11.0) like Gecko"
80.123.225.36 - - [21/Nov/2018:12:10:05 +0100] "GET /reload?ser=1542798604846 HTTP/1.1" 200 28 "http://renault.activities.at/success" "Mozilla/5.0 (compatible; MSIE 10.0; Windows NT 6.1; WOW64; Trident/6.0)"
82.135.5.126 - - [21/Nov/2018:12:10:36 +0100] "GET /reload?ser=1542798635982 HTTP/1.1" 200 28 "http://renault.activities.at/result?searchterm=true&search=model" "Mozilla/5.0 (Windows NT 10.0; WOW64; Trident/7.0; rv:11.0) like Gecko"
213.153.47.173 - - [21/Nov/2018:12:10:37 +0100] "GET /reload?ser=1542798637253 HTTP/1.1" 200 28 "http://renault.activities.at/login?required=true" "Mozilla/5.0 (Windows NT 10.0; Win64; x64; rv:63.0) Gecko/20100101 Firefox/63.0"
193.194.132.22 - - [21/Nov/2018:12:10:40 +0100] "GET /reload?ser=1542798640634 HTTP/1.1" 200 28 "http://renault.2web.at/10260254" "Mozilla/5.0 (Windows NT 6.1; WOW64; Trident/7.0; rv:11.0) like Gecko"
80.123.225.36 - - [21/Nov/2018:12:11:06 +0100] "GET /reload?ser=1542798665828 HTTP/1.1" 200 28 "http://renault.activities.at/success" "Mozilla/5.0 (compatible; MSIE 10.0; Windows NT 6.1; WOW64; Trident/6.0)"
82.135.5.126 - - [21/Nov/2018:12:11:37 +0100] "GET /reload?ser=1542798696989 HTTP/1.1" 200 28 "http://renault.activities.at/result?searchterm=true&search=model" "Mozilla/5.0 (Windows NT 10.0; WOW64; Trident/7.0; rv:11.0) like Gecko"
213.153.47.173 - - [21/Nov/2018:12:11:37 +0100] "GET /reload?ser=1542798697919 HTTP/1.1" 200 28 "http://renault.activities.at/login?required=true" "Mozilla/5.0 (Windows NT 10.0; Win64; x64; rv:63.0) Gecko/20100101 Firefox/63.0"
193.194.132.22 - - [21/Nov/2018:12:11:41 +0100] "GET /reload?ser=1542798701749 HTTP/1.1" 200 28 "http://renault.2web.at/10260254" "Mozilla/5.0 (Windows NT 6.1; WOW64; Trident/7.0; rv:11.0) like Gecko"
80.123.225.36 - - [21/Nov/2018:12:12:07 +0100] "GET /reload?ser=1542798726816 HTTP/1.1" 200 28 "http://renault.activities.at/success" "Mozilla/5.0 (compatible; MSIE 10.0; Windows NT 6.1; WOW64; Trident/6.0)"
82.135.5.126 - - [21/Nov/2018:12:12:38 +0100] "GET /reload?ser=1542798758177 HTTP/1.1" 200 28 "http://renault.activities.at/result?searchterm=true&search=model" "Mozilla/5.0 (Windows NT 10.0; WOW64; Trident/7.0; rv:11.0) like Gecko"
213.153.47.173 - - [21/Nov/2018:12:12:38 +0100] "GET /reload?ser=1542798758575 HTTP/1.1" 200 28 "http://renault.activities.at/login?required=true" "Mozilla/5.0 (Windows NT 10.0; Win64; x64; rv:63.0) Gecko/20100101 Firefox/63.0"
193.194.132.22 - - [21/Nov/2018:12:12:43 +0100] "GET /reload?ser=1542798762867 HTTP/1.1" 200 28 "http://renault.2web.at/10260254" "Mozilla/5.0 (Windows NT 6.1; WOW64; Trident/7.0; rv:11.0) like Gecko"
80.123.225.36 - - [21/Nov/2018:12:13:08 +0100] "GET /reload?ser=1542798787775 HTTP/1.1" 200 28 "http://renault.activities.at/success" "Mozilla/5.0 (compatible; MSIE 10.0; Windows NT 6.1; WOW64; Trident/6.0)"
213.153.47.173 - - [21/Nov/2018:12:13:39 +0100] "GET /reload?ser=1542798819252 HTTP/1.1" 200 28 "http://renault.activities.at/login?required=true" "Mozilla/5.0 (Windows NT 10.0; Win64; x64; rv:63.0) Gecko/20100101 Firefox/63.0"
82.135.5.126 - - [21/Nov/2018:12:13:39 +0100] "GET /reload?ser=1542798819124 HTTP/1.1" 200 28 "http://renault.activities.at/result?searchterm=true&search=model" "Mozilla/5.0 (Windows NT 10.0; WOW64; Trident/7.0; rv:11.0) like Gecko"
193.194.132.22 - - [21/Nov/2018:12:13:44 +0100] "GET /reload?ser=1542798823984 HTTP/1.1" 200 28 "http://renault.2web.at/10260254" "Mozilla/5.0 (Windows NT 6.1; WOW64; Trident/7.0; rv:11.0) like Gecko"
80.123.225.36 - - [21/Nov/2018:12:14:09 +0100] "GET /reload?ser=1542798848749 HTTP/1.1" 200 28 "http://renault.activities.at/success" "Mozilla/5.0 (compatible; MSIE 10.0; Windows NT 6.1; WOW64; Trident/6.0)"
213.153.47.173 - - [21/Nov/2018:12:14:39 +0100] "GET /reload?ser=1542798879919 HTTP/1.1" 200 28 "http://renault.activities.at/login?required=true" "Mozilla/5.0 (Windows NT 10.0; Win64; x64; rv:63.0) Gecko/20100101 Firefox/63.0"
82.135.5.126 - - [21/Nov/2018:12:14:40 +0100] "GET /reload?ser=1542798880139 HTTP/1.1" 200 28 "http://renault.activities.at/result?searchterm=true&search=model" "Mozilla/5.0 (Windows NT 10.0; WOW64; Trident/7.0; rv:11.0) like Gecko"
193.194.132.22 - - [21/Nov/2018:12:14:45 +0100] "GET /reload?ser=1542798885041 HTTP/1.1" 200 28 "http://renault.2web.at/10260254" "Mozilla/5.0 (Windows NT 6.1; WOW64; Trident/7.0; rv:11.0) like Gecko"
80.123.225.36 - - [21/Nov/2018:12:15:10 +0100] "GET /reload?ser=1542798909753 HTTP/1.1" 200 28 "http://renault.activities.at/success" "Mozilla/5.0 (compatible; MSIE 10.0; Windows NT 6.1; WOW64; Trident/6.0)"
213.153.47.173 - - [21/Nov/2018:12:15:40 +0100] "GET /reload?ser=1542798940574 HTTP/1.1" 200 28 "http://renault.activities.at/login?required=true" "Mozilla/5.0 (Windows NT 10.0; Win64; x64; rv:63.0) Gecko/20100101 Firefox/63.0"
82.135.5.126 - - [21/Nov/2018:12:15:41 +0100] "GET /reload?ser=1542798941111 HTTP/1.1" 200 28 "http://renault.activities.at/result?searchterm=true&search=model" "Mozilla/5.0 (Windows NT 10.0; WOW64; Trident/7.0; rv:11.0) like Gecko"
193.194.132.22 - - [21/Nov/2018:12:15:46 +0100] "GET /reload?ser=1542798946100 HTTP/1.1" 200 28 "http://renault.2web.at/10260254" "Mozilla/5.0 (Windows NT 6.1; WOW64; Trident/7.0; rv:11.0) like Gecko"
80.123.225.36 - - [21/Nov/2018:12:16:11 +0100] "GET /reload?ser=1542798970734 HTTP/1.1" 200 28 "http://renault.activities.at/success" "Mozilla/5.0 (compatible; MSIE 10.0; Windows NT 6.1; WOW64; Trident/6.0)"
213.153.47.173 - - [21/Nov/2018:12:16:41 +0100] "GET /reload?ser=1542799001242 HTTP/1.1" 200 28 "http://renault.activities.at/login?required=true" "Mozilla/5.0 (Windows NT 10.0; Win64; x64; rv:63.0) Gecko/20100101 Firefox/63.0"
82.135.5.126 - - [21/Nov/2018:12:16:42 +0100] "GET /reload?ser=1542799002361 HTTP/1.1" 200 28 "http://renault.activities.at/result?searchterm=true&search=model" "Mozilla/5.0 (Windows NT 10.0; WOW64; Trident/7.0; rv:11.0) like Gecko"
193.194.132.22 - - [21/Nov/2018:12:16:47 +0100] "GET /reload?ser=1542799007186 HTTP/1.1" 200 28 "http://renault.2web.at/10260254" "Mozilla/5.0 (Windows NT 6.1; WOW64; Trident/7.0; rv:11.0) like Gecko"
80.123.225.36 - - [21/Nov/2018:12:17:12 +0100] "GET /reload?ser=1542799031751 HTTP/1.1" 200 28 "http://renault.activities.at/success" "Mozilla/5.0 (compatible; MSIE 10.0; Windows NT 6.1; WOW64; Trident/6.0)"
213.153.47.173 - - [21/Nov/2018:12:17:41 +0100] "GET /reload?ser=1542799061920 HTTP/1.1" 200 28 "http://renault.activities.at/login?required=true" "Mozilla/5.0 (Windows NT 10.0; Win64; x64; rv:63.0) Gecko/20100101 Firefox/63.0"
82.135.5.126 - - [21/Nov/2018:12:17:43 +0100] "GET /reload?ser=1542799063379 HTTP/1.1" 200 28 "http://renault.activities.at/result?searchterm=true&search=model" "Mozilla/5.0 (Windows NT 10.0; WOW64; Trident/7.0; rv:11.0) like Gecko"
193.194.132.22 - - [21/Nov/2018:12:17:48 +0100] "GET /reload?ser=1542799068304 HTTP/1.1" 200 28 "http://renault.2web.at/10260254" "Mozilla/5.0 (Windows NT 6.1; WOW64; Trident/7.0; rv:11.0) like Gecko"
80.123.225.36 - - [21/Nov/2018:12:18:13 +0100] "GET /reload?ser=1542799092725 HTTP/1.1" 200 28 "http://renault.activities.at/success" "Mozilla/5.0 (compatible; MSIE 10.0; Windows NT 6.1; WOW64; Trident/6.0)"
213.153.47.173 - - [21/Nov/2018:12:18:42 +0100] "GET /reload?ser=1542799122599 HTTP/1.1" 200 28 "http://renault.activities.at/login?required=true" "Mozilla/5.0 (Windows NT 10.0; Win64; x64; rv:63.0) Gecko/20100101 Firefox/63.0"
82.135.5.126 - - [21/Nov/2018:12:18:44 +0100] "GET /reload?ser=1542799124398 HTTP/1.1" 200 28 "http://renault.activities.at/result?searchterm=true&search=model" "Mozilla/5.0 (Windows NT 10.0; WOW64; Trident/7.0; rv:11.0) like Gecko"
193.194.132.22 - - [21/Nov/2018:12:18:49 +0100] "GET /reload?ser=1542799129442 HTTP/1.1" 200 28 "http://renault.2web.at/10260254" "Mozilla/5.0 (Windows NT 6.1; WOW64; Trident/7.0; rv:11.0) like Gecko"
80.123.225.36 - - [21/Nov/2018:12:19:14 +0100] "GET /reload?ser=1542799153701 HTTP/1.1" 200 28 "http://renault.activities.at/success" "Mozilla/5.0 (compatible; MSIE 10.0; Windows NT 6.1; WOW64; Trident/6.0)"
213.153.47.173 - - [21/Nov/2018:12:19:43 +0100] "GET /reload?ser=1542799183256 HTTP/1.1" 200 28 "http://renault.activities.at/login?required=true" "Mozilla/5.0 (Windows NT 10.0; Win64; x64; rv:63.0) Gecko/20100101 Firefox/63.0"
82.135.5.126 - - [21/Nov/2018:12:19:45 +0100] "GET /reload?ser=1542799185431 HTTP/1.1" 200 28 "http://renault.activities.at/result?searchterm=true&search=model" "Mozilla/5.0 (Windows NT 10.0; WOW64; Trident/7.0; rv:11.0) like Gecko"
193.194.132.22 - - [21/Nov/2018:12:19:50 +0100] "GET /reload?ser=1542799190546 HTTP/1.1" 200 28 "http://renault.2web.at/10260254" "Mozilla/5.0 (Windows NT 6.1; WOW64; Trident/7.0; rv:11.0) like Gecko"
80.123.225.36 - - [21/Nov/2018:12:20:15 +0100] "GET /reload?ser=1542799214687 HTTP/1.1" 200 28 "http://renault.activities.at/success" "Mozilla/5.0 (compatible; MSIE 10.0; Windows NT 6.1; WOW64; Trident/6.0)"
213.153.47.173 - - [21/Nov/2018:12:20:43 +0100] "GET /reload?ser=1542799243919 HTTP/1.1" 200 28 "http://renault.activities.at/login?required=true" "Mozilla/5.0 (Windows NT 10.0; Win64; x64; rv:63.0) Gecko/20100101 Firefox/63.0"
82.135.5.126 - - [21/Nov/2018:12:20:46 +0100] "GET /reload?ser=1542799246449 HTTP/1.1" 200 28 "http://renault.activities.at/result?searchterm=true&search=model" "Mozilla/5.0 (Windows NT 10.0; WOW64; Trident/7.0; rv:11.0) like Gecko"
193.194.132.22 - - [21/Nov/2018:12:20:51 +0100] "GET /reload?ser=1542799251625 HTTP/1.1" 200 28 "http://renault.2web.at/10260254" "Mozilla/5.0 (Windows NT 6.1; WOW64; Trident/7.0; rv:11.0) like Gecko"
80.123.225.36 - - [21/Nov/2018:12:21:16 +0100] "GET /reload?ser=1542799275868 HTTP/1.1" 200 28 "http://renault.activities.at/success" "Mozilla/5.0 (compatible; MSIE 10.0; Windows NT 6.1; WOW64; Trident/6.0)"
213.153.47.173 - - [21/Nov/2018:12:21:44 +0100] "GET /reload?ser=1542799304581 HTTP/1.1" 200 28 "http://renault.activities.at/login?required=true" "Mozilla/5.0 (Windows NT 10.0; Win64; x64; rv:63.0) Gecko/20100101 Firefox/63.0"
82.135.5.126 - - [21/Nov/2018:12:21:47 +0100] "GET /reload?ser=1542799307421 HTTP/1.1" 200 28 "http://renault.activities.at/result?searchterm=true&search=model" "Mozilla/5.0 (Windows NT 10.0; WOW64; Trident/7.0; rv:11.0) like Gecko"
193.194.132.22 - - [21/Nov/2018:12:21:52 +0100] "GET /reload?ser=1542799312721 HTTP/1.1" 200 28 "http://renault.2web.at/10260254" "Mozilla/5.0 (Windows NT 6.1; WOW64; Trident/7.0; rv:11.0) like Gecko"
80.123.225.36 - - [21/Nov/2018:12:22:17 +0100] "GET /reload?ser=1542799337032 HTTP/1.1" 200 28 "http://renault.activities.at/success" "Mozilla/5.0 (compatible; MSIE 10.0; Windows NT 6.1; WOW64; Trident/6.0)"
213.153.47.173 - - [21/Nov/2018:12:22:45 +0100] "GET /reload?ser=1542799365232 HTTP/1.1" 200 28 "http://renault.activities.at/login?required=true" "Mozilla/5.0 (Windows NT 10.0; Win64; x64; rv:63.0) Gecko/20100101 Firefox/63.0"
82.135.5.126 - - [21/Nov/2018:12:22:48 +0100] "GET /reload?ser=1542799368446 HTTP/1.1" 200 28 "http://renault.activities.at/result?searchterm=true&search=model" "Mozilla/5.0 (Windows NT 10.0; WOW64; Trident/7.0; rv:11.0) like Gecko"
193.194.132.22 - - [21/Nov/2018:12:22:53 +0100] "GET /reload?ser=1542799373822 HTTP/1.1" 200 28 "http://renault.2web.at/10260254" "Mozilla/5.0 (Windows NT 6.1; WOW64; Trident/7.0; rv:11.0) like Gecko"
80.123.225.36 - - [21/Nov/2018:12:23:18 +0100] "GET /reload?ser=1542799398019 HTTP/1.1" 200 28 "http://renault.activities.at/success" "Mozilla/5.0 (compatible; MSIE 10.0; Windows NT 6.1; WOW64; Trident/6.0)"
213.153.47.173 - - [21/Nov/2018:12:23:45 +0100] "GET /reload?ser=1542799425894 HTTP/1.1" 200 28 "http://renault.activities.at/login?required=true" "Mozilla/5.0 (Windows NT 10.0; Win64; x64; rv:63.0) Gecko/20100101 Firefox/63.0"
82.135.5.126 - - [21/Nov/2018:12:23:49 +0100] "GET /reload?ser=1542799429434 HTTP/1.1" 200 28 "http://renault.activities.at/result?searchterm=true&search=model" "Mozilla/5.0 (Windows NT 10.0; WOW64; Trident/7.0; rv:11.0) like Gecko"
193.194.132.22 - - [21/Nov/2018:12:23:55 +0100] "GET /reload?ser=1542799434901 HTTP/1.1" 200 28 "http://renault.2web.at/10260254" "Mozilla/5.0 (Windows NT 6.1; WOW64; Trident/7.0; rv:11.0) like Gecko"
80.123.225.36 - - [21/Nov/2018:12:24:19 +0100] "GET /reload?ser=1542799459032 HTTP/1.1" 200 28 "http://renault.activities.at/success" "Mozilla/5.0 (compatible; MSIE 10.0; Windows NT 6.1; WOW64; Trident/6.0)"
213.153.47.173 - - [21/Nov/2018:12:24:46 +0100] "GET /reload?ser=1542799486608 HTTP/1.1" 200 28 "http://renault.activities.at/login?required=true" "Mozilla/5.0 (Windows NT 10.0; Win64; x64; rv:63.0) Gecko/20100101 Firefox/63.0"
82.135.5.126 - - [21/Nov/2018:12:24:50 +0100] "GET /reload?ser=1542799490452 HTTP/1.1" 200 28 "http://renault.activities.at/result?searchterm=true&search=model" "Mozilla/5.0 (Windows NT 10.0; WOW64; Trident/7.0; rv:11.0) like Gecko"
193.194.132.22 - - [21/Nov/2018:12:24:56 +0100] "GET /reload?ser=1542799496002 HTTP/1.1" 200 28 "http://renault.2web.at/10260254" "Mozilla/5.0 (Windows NT 6.1; WOW64; Trident/7.0; rv:11.0) like Gecko"
80.123.225.36 - - [21/Nov/2018:12:25:20 +0100] "GET /reload?ser=1542799520015 HTTP/1.1" 200 28 "http://renault.activities.at/success" "Mozilla/5.0 (compatible; MSIE 10.0; Windows NT 6.1; WOW64; Trident/6.0)"
213.153.47.173 - - [21/Nov/2018:12:25:47 +0100] "GET /reload?ser=1542799547271 HTTP/1.1" 200 28 "http://renault.activities.at/login?required=true" "Mozilla/5.0 (Windows NT 10.0; Win64; x64; rv:63.0) Gecko/20100101 Firefox/63.0"
82.135.5.126 - - [21/Nov/2018:12:25:51 +0100] "GET /reload?ser=1542799551439 HTTP/1.1" 200 28 "http://renault.activities.at/result?searchterm=true&search=model" "Mozilla/5.0 (Windows NT 10.0; WOW64; Trident/7.0; rv:11.0) like Gecko"
193.194.132.22 - - [21/Nov/2018:12:25:57 +0100] "GET /reload?ser=1542799557112 HTTP/1.1" 200 28 "http://renault.2web.at/10260254" "Mozilla/5.0 (Windows NT 6.1; WOW64; Trident/7.0; rv:11.0) like Gecko"
80.123.225.36 - - [21/Nov/2018:12:26:21 +0100] "GET /reload?ser=1542799581009 HTTP/1.1" 200 28 "http://renault.activities.at/success" "Mozilla/5.0 (compatible; MSIE 10.0; Windows NT 6.1; WOW64; Trident/6.0)"
213.153.47.173 - - [21/Nov/2018:12:26:47 +0100] "GET /reload?ser=1542799607934 HTTP/1.1" 200 28 "http://renault.activities.at/login?required=true" "Mozilla/5.0 (Windows NT 10.0; Win64; x64; rv:63.0) Gecko/20100101 Firefox/63.0"
82.135.5.126 - - [21/Nov/2018:12:26:52 +0100] "GET /reload?ser=1542799612473 HTTP/1.1" 200 28 "http://renault.activities.at/result?searchterm=true&search=model" "Mozilla/5.0 (Windows NT 10.0; WOW64; Trident/7.0; rv:11.0) like Gecko"
193.194.132.22 - - [21/Nov/2018:12:26:58 +0100] "GET /reload?ser=1542799618167 HTTP/1.1" 200 28 "http://renault.2web.at/10260254" "Mozilla/5.0 (Windows NT 6.1; WOW64; Trident/7.0; rv:11.0) like Gecko"
80.123.225.36 - - [21/Nov/2018:12:27:22 +0100] "GET /reload?ser=1542799641962 HTTP/1.1" 200 28 "http://renault.activities.at/success" "Mozilla/5.0 (compatible; MSIE 10.0; Windows NT 6.1; WOW64; Trident/6.0)"
213.153.47.173 - - [21/Nov/2018:12:27:48 +0100] "GET /reload?ser=1542799668591 HTTP/1.1" 200 28 "http://renault.activities.at/login?required=true" "Mozilla/5.0 (Windows NT 10.0; Win64; x64; rv:63.0) Gecko/20100101 Firefox/63.0"
82.135.5.126 - - [21/Nov/2018:12:27:53 +0100] "GET /reload?ser=1542799673444 HTTP/1.1" 200 28 "http://renault.activities.at/result?searchterm=true&search=model" "Mozilla/5.0 (Windows NT 10.0; WOW64; Trident/7.0; rv:11.0) like Gecko"
193.194.132.22 - - [21/Nov/2018:12:27:59 +0100] "GET /reload?ser=1542799679296 HTTP/1.1" 200 28 "http://renault.2web.at/10260254" "Mozilla/5.0 (Windows NT 6.1; WOW64; Trident/7.0; rv:11.0) like Gecko"
212.152.158.195 - - [21/Nov/2018:12:28:06 +0100] "GET / HTTP/1.1" 200 3474 "-" "Mozilla/5.0 (Windows NT 10.0; WOW64; Trident/7.0; Touch; rv:11.0) like Gecko"
212.152.158.195 - - [21/Nov/2018:12:28:07 +0100] "GET /css/reset.css HTTP/1.1" 200 1356 "http://renault.activities.at/" "Mozilla/5.0 (Windows NT 10.0; WOW64; Trident/7.0; Touch; rv:11.0) like Gecko"
212.152.158.195 - - [21/Nov/2018:12:28:07 +0100] "GET /js/flashdetection.js HTTP/1.1" 200 1059 "http://renault.activities.at/" "Mozilla/5.0 (Windows NT 10.0; WOW64; Trident/7.0; Touch; rv:11.0) like Gecko"
212.152.158.195 - - [21/Nov/2018:12:28:07 +0100] "GET /css/clears.css HTTP/1.1" 200 851 "http://renault.activities.at/" "Mozilla/5.0 (Windows NT 10.0; WOW64; Trident/7.0; Touch; rv:11.0) like Gecko"
212.152.158.195 - - [21/Nov/2018:12:28:07 +0100] "GET /js/default.js HTTP/1.1" 200 14698 "http://renault.activities.at/" "Mozilla/5.0 (Windows NT 10.0; WOW64; Trident/7.0; Touch; rv:11.0) like Gecko"
212.152.158.195 - - [21/Nov/2018:12:28:07 +0100] "GET /css/styles.css HTTP/1.1" 200 14664 "http://renault.activities.at/" "Mozilla/5.0 (Windows NT 10.0; WOW64; Trident/7.0; Touch; rv:11.0) like Gecko"
212.152.158.195 - - [21/Nov/2018:12:28:07 +0100] "GET /css/print.css HTTP/1.1" 200 543 "http://renault.activities.at/" "Mozilla/5.0 (Windows NT 10.0; WOW64; Trident/7.0; Touch; rv:11.0) like Gecko"
212.152.158.195 - - [21/Nov/2018:12:28:07 +0100] "GET /css/themes/default.css HTTP/1.1" 200 769 "http://renault.activities.at/" "Mozilla/5.0 (Windows NT 10.0; WOW64; Trident/7.0; Touch; rv:11.0) like Gecko"
212.152.158.195 - - [21/Nov/2018:12:28:07 +0100] "GET /js/checkout.css HTTP/1.1" 200 359 "http://renault.activities.at/" "Mozilla/5.0 (Windows NT 10.0; WOW64; Trident/7.0; Touch; rv:11.0) like Gecko"
212.152.158.195 - - [21/Nov/2018:12:28:07 +0100] "GET /css/prototip.css HTTP/1.1" 200 968 "http://renault.activities.at/" "Mozilla/5.0 (Windows NT 10.0; WOW64; Trident/7.0; Touch; rv:11.0) like Gecko"
212.152.158.195 - - [21/Nov/2018:12:28:07 +0100] "GET /css/themes/alphacube.css HTTP/1.1" 200 743 "http://renault.activities.at/" "Mozilla/5.0 (Windows NT 10.0; WOW64; Trident/7.0; Touch; rv:11.0) like Gecko"
212.152.158.195 - - [21/Nov/2018:12:28:07 +0100] "GET /js/index.php?c=auto&f=,prototype/prototype.js,prototype/validation.js,scriptaculous/builder.js,scriptaculous/effects.js,scriptaculous/dragdrop.js,scriptaculous/controls.js,scriptaculous/slider.js,varien/js.js,varien/form.js,varien/menu.js,mage/translate.js,mage/cookies.js,varien/product.js,spinner/SpinnerControl.jsmin.js,prototype/window.js,prototype/window_ext.js HTTP/1.1" 200 94182 "http://renault.activities.at/" "Mozilla/5.0 (Windows NT 10.0; WOW64; Trident/7.0; Touch; rv:11.0) like Gecko"
212.152.158.195 - - [21/Nov/2018:12:28:07 +0100] "GET /images/header_block_corner_left_top.gif HTTP/1.1" 200 160 "http://renault.activities.at/" "Mozilla/5.0 (Windows NT 10.0; WOW64; Trident/7.0; Touch; rv:11.0) like Gecko"
212.152.158.195 - - [21/Nov/2018:12:28:07 +0100] "GET /images/header_block_corner_right_top.gif HTTP/1.1" 200 160 "http://renault.activities.at/" "Mozilla/5.0 (Windows NT 10.0; WOW64; Trident/7.0; Touch; rv:11.0) like Gecko"
212.152.158.195 - - [21/Nov/2018:12:28:07 +0100] "GET /images/header_block_border.gif HTTP/1.1" 200 43 "http://renault.activities.at/" "Mozilla/5.0 (Windows NT 10.0; WOW64; Trident/7.0; Touch; rv:11.0) like Gecko"
212.152.158.195 - - [21/Nov/2018:12:28:07 +0100] "GET /images/main_block_corner_right_bot.gif HTTP/1.1" 200 158 "http://renault.activities.at/" "Mozilla/5.0 (Windows NT 10.0; WOW64; Trident/7.0; Touch; rv:11.0) like Gecko"
212.152.158.195 - - [21/Nov/2018:12:28:07 +0100] "GET /images/main_block_corner_left_bot.gif HTTP/1.1" 200 159 "http://renault.activities.at/" "Mozilla/5.0 (Windows NT 10.0; WOW64; Trident/7.0; Touch; rv:11.0) like Gecko"
212.152.158.195 - - [21/Nov/2018:12:28:07 +0100] "GET /images/main_block_border.gif HTTP/1.1" 200 43 "http://renault.activities.at/" "Mozilla/5.0 (Windows NT 10.0; WOW64; Trident/7.0; Touch; rv:11.0) like Gecko"
212.152.158.195 - - [21/Nov/2018:12:28:08 +0100] "GET /images/title_corner_left_top.jpg HTTP/1.1" 200 372 "http://renault.activities.at/" "Mozilla/5.0 (Windows NT 10.0; WOW64; Trident/7.0; Touch; rv:11.0) like Gecko"
212.152.158.195 - - [21/Nov/2018:12:28:08 +0100] "GET /images/main_block_corner_left_top.gif HTTP/1.1" 200 159 "http://renault.activities.at/" "Mozilla/5.0 (Windows NT 10.0; WOW64; Trident/7.0; Touch; rv:11.0) like Gecko"
212.152.158.195 - - [21/Nov/2018:12:28:08 +0100] "GET /images/main_block_corner_right_top.gif HTTP/1.1" 200 159 "http://renault.activities.at/" "Mozilla/5.0 (Windows NT 10.0; WOW64; Trident/7.0; Touch; rv:11.0) like Gecko"
212.152.158.195 - - [21/Nov/2018:12:28:08 +0100] "GET /images/title_border_top.jpg HTTP/1.1" 200 336 "http://renault.activities.at/" "Mozilla/5.0 (Windows NT 10.0; WOW64; Trident/7.0; Touch; rv:11.0) like Gecko"
212.152.158.195 - - [21/Nov/2018:12:28:08 +0100] "GET /images/title_border.jpg HTTP/1.1" 200 304 "http://renault.activities.at/" "Mozilla/5.0 (Windows NT 10.0; WOW64; Trident/7.0; Touch; rv:11.0) like Gecko"
212.152.158.195 - - [21/Nov/2018:12:28:07 +0100] "GET /images/favicon.ico HTTP/1.1" 404 305 "-" "Mozilla/5.0 (Windows NT 10.0; Win64; x64; Trident/7.0; Touch; rv:11.0) like Gecko"
212.152.158.195 - - [21/Nov/2018:12:28:08 +0100] "GET /images/title_corner_right_top.jpg HTTP/1.1" 200 389 "http://renault.activities.at/" "Mozilla/5.0 (Windows NT 10.0; WOW64; Trident/7.0; Touch; rv:11.0) like Gecko"
212.152.158.195 - - [21/Nov/2018:12:28:08 +0100] "GET /loadthumbnail.php?id=11127982 HTTP/1.1" 200 399614 "http://renault.activities.at/" "Mozilla/5.0 (Windows NT 10.0; WOW64; Trident/7.0; Touch; rv:11.0) like Gecko"
