213.153.47.173 - - [23/Nov/2018:14:39:24 +0100] "GET /reload?ser=1542980364384 HTTP/1.1" 200 28 "http://renault.activities.at/login?required=true" "Mozilla/5.0 (Windows NT 10.0; Win64; x64; rv:63.0) Gecko/20100101 Firefox/63.0"
80.80.251.48 - - [23/Nov/2018:14:39:50 +0100] "GET /reload?ser=1542980390859 HTTP/1.1" 200 28 "http://renault.activities.at/forgotpassword" "Mozilla/5.0 (Windows NT 10.0; WOW64; Trident/7.0; rv:11.0) like Gecko"
213.153.47.173 - - [23/Nov/2018:14:39:53 +0100] "GET /reload?ser=1542980393366 HTTP/1.1" 200 28 "http://renault.activities.at/10201634?dir=DESC&mode=grid&order=name&limit=15&page=8" "Mozilla/5.0 (Windows NT 10.0; Win64; x64) AppleWebKit/537.36 (KHTML, like Gecko) Chrome/69.0.3497.100 Safari/537.36 OPR/56.0.3051.104"
213.153.47.173 - - [23/Nov/2018:14:40:25 +0100] "GET /reload?ser=1542980425041 HTTP/1.1" 200 28 "http://renault.activities.at/login?required=true" "Mozilla/5.0 (Windows NT 10.0; Win64; x64; rv:63.0) Gecko/20100101 Firefox/63.0"
80.80.251.48 - - [23/Nov/2018:14:40:51 +0100] "GET /reload?ser=1542980451486 HTTP/1.1" 200 28 "http://renault.activities.at/forgotpassword" "Mozilla/5.0 (Windows NT 10.0; WOW64; Trident/7.0; rv:11.0) like Gecko"
213.153.47.173 - - [23/Nov/2018:14:40:54 +0100] "GET /reload?ser=1542980454346 HTTP/1.1" 200 28 "http://renault.activities.at/10201634?dir=DESC&mode=grid&order=name&limit=15&page=8" "Mozilla/5.0 (Windows NT 10.0; Win64; x64) AppleWebKit/537.36 (KHTML, like Gecko) Chrome/69.0.3497.100 Safari/537.36 OPR/56.0.3051.104"
213.153.47.173 - - [23/Nov/2018:14:41:25 +0100] "GET /reload?ser=1542980485717 HTTP/1.1" 200 28 "http://renault.activities.at/login?required=true" "Mozilla/5.0 (Windows NT 10.0; Win64; x64; rv:63.0) Gecko/20100101 Firefox/63.0"
80.80.251.48 - - [23/Nov/2018:14:41:52 +0100] "GET /reload?ser=1542980512126 HTTP/1.1" 200 28 "http://renault.activities.at/forgotpassword" "Mozilla/5.0 (Windows NT 10.0; WOW64; Trident/7.0; rv:11.0) like Gecko"
213.153.47.173 - - [23/Nov/2018:14:41:55 +0100] "GET /reload?ser=1542980515361 HTTP/1.1" 200 28 "http://renault.activities.at/10201634?dir=DESC&mode=grid&order=name&limit=15&page=8" "Mozilla/5.0 (Windows NT 10.0; Win64; x64) AppleWebKit/537.36 (KHTML, like Gecko) Chrome/69.0.3497.100 Safari/537.36 OPR/56.0.3051.104"
213.153.47.173 - - [23/Nov/2018:14:42:26 +0100] "GET /reload?ser=1542980546377 HTTP/1.1" 200 28 "http://renault.activities.at/login?required=true" "Mozilla/5.0 (Windows NT 10.0; Win64; x64; rv:63.0) Gecko/20100101 Firefox/63.0"
80.80.251.48 - - [23/Nov/2018:14:42:52 +0100] "GET /reload?ser=1542980572776 HTTP/1.1" 200 28 "http://renault.activities.at/forgotpassword" "Mozilla/5.0 (Windows NT 10.0; WOW64; Trident/7.0; rv:11.0) like Gecko"
213.153.47.173 - - [23/Nov/2018:14:42:56 +0100] "GET /reload?ser=1542980576367 HTTP/1.1" 200 28 "http://renault.activities.at/10201634?dir=DESC&mode=grid&order=name&limit=15&page=8" "Mozilla/5.0 (Windows NT 10.0; Win64; x64) AppleWebKit/537.36 (KHTML, like Gecko) Chrome/69.0.3497.100 Safari/537.36 OPR/56.0.3051.104"
213.153.47.173 - - [23/Nov/2018:14:43:27 +0100] "GET /reload?ser=1542980607027 HTTP/1.1" 200 28 "http://renault.activities.at/login?required=true" "Mozilla/5.0 (Windows NT 10.0; Win64; x64; rv:63.0) Gecko/20100101 Firefox/63.0"
80.80.251.48 - - [23/Nov/2018:14:43:53 +0100] "GET /reload?ser=1542980633431 HTTP/1.1" 200 28 "http://renault.activities.at/forgotpassword" "Mozilla/5.0 (Windows NT 10.0; WOW64; Trident/7.0; rv:11.0) like Gecko"
213.153.47.173 - - [23/Nov/2018:14:43:57 +0100] "GET /reload?ser=1542980637329 HTTP/1.1" 200 28 "http://renault.activities.at/10201634?dir=DESC&mode=grid&order=name&limit=15&page=8" "Mozilla/5.0 (Windows NT 10.0; Win64; x64) AppleWebKit/537.36 (KHTML, like Gecko) Chrome/69.0.3497.100 Safari/537.36 OPR/56.0.3051.104"
213.153.47.173 - - [23/Nov/2018:14:44:27 +0100] "GET /reload?ser=1542980667713 HTTP/1.1" 200 28 "http://renault.activities.at/login?required=true" "Mozilla/5.0 (Windows NT 10.0; Win64; x64; rv:63.0) Gecko/20100101 Firefox/63.0"
80.80.251.48 - - [23/Nov/2018:14:44:54 +0100] "GET /reload?ser=1542980694081 HTTP/1.1" 200 28 "http://renault.activities.at/forgotpassword" "Mozilla/5.0 (Windows NT 10.0; WOW64; Trident/7.0; rv:11.0) like Gecko"
213.153.47.173 - - [23/Nov/2018:14:44:58 +0100] "GET /reload?ser=1542980698333 HTTP/1.1" 200 28 "http://renault.activities.at/10201634?dir=DESC&mode=grid&order=name&limit=15&page=8" "Mozilla/5.0 (Windows NT 10.0; Win64; x64) AppleWebKit/537.36 (KHTML, like Gecko) Chrome/69.0.3497.100 Safari/537.36 OPR/56.0.3051.104"
213.153.47.173 - - [23/Nov/2018:14:45:28 +0100] "GET /reload?ser=1542980728384 HTTP/1.1" 200 28 "http://renault.activities.at/login?required=true" "Mozilla/5.0 (Windows NT 10.0; Win64; x64; rv:63.0) Gecko/20100101 Firefox/63.0"
80.80.251.48 - - [23/Nov/2018:14:45:54 +0100] "GET /reload?ser=1542980754730 HTTP/1.1" 200 28 "http://renault.activities.at/forgotpassword" "Mozilla/5.0 (Windows NT 10.0; WOW64; Trident/7.0; rv:11.0) like Gecko"
213.153.47.173 - - [23/Nov/2018:14:45:59 +0100] "GET /reload?ser=1542980759357 HTTP/1.1" 200 28 "http://renault.activities.at/10201634?dir=DESC&mode=grid&order=name&limit=15&page=8" "Mozilla/5.0 (Windows NT 10.0; Win64; x64) AppleWebKit/537.36 (KHTML, like Gecko) Chrome/69.0.3497.100 Safari/537.36 OPR/56.0.3051.104"
213.153.47.173 - - [23/Nov/2018:14:46:29 +0100] "GET /reload?ser=1542980789042 HTTP/1.1" 200 28 "http://renault.activities.at/login?required=true" "Mozilla/5.0 (Windows NT 10.0; Win64; x64; rv:63.0) Gecko/20100101 Firefox/63.0"
80.80.251.48 - - [23/Nov/2018:14:46:55 +0100] "GET /reload?ser=1542980815363 HTTP/1.1" 200 28 "http://renault.activities.at/forgotpassword" "Mozilla/5.0 (Windows NT 10.0; WOW64; Trident/7.0; rv:11.0) like Gecko"
213.153.47.173 - - [23/Nov/2018:14:47:00 +0100] "GET /reload?ser=1542980820328 HTTP/1.1" 200 28 "http://renault.activities.at/10201634?dir=DESC&mode=grid&order=name&limit=15&page=8" "Mozilla/5.0 (Windows NT 10.0; Win64; x64) AppleWebKit/537.36 (KHTML, like Gecko) Chrome/69.0.3497.100 Safari/537.36 OPR/56.0.3051.104"
213.153.47.173 - - [23/Nov/2018:14:47:29 +0100] "GET /reload?ser=1542980849712 HTTP/1.1" 200 28 "http://renault.activities.at/login?required=true" "Mozilla/5.0 (Windows NT 10.0; Win64; x64; rv:63.0) Gecko/20100101 Firefox/63.0"
80.80.251.48 - - [23/Nov/2018:14:47:56 +0100] "GET /reload?ser=1542980876005 HTTP/1.1" 200 28 "http://renault.activities.at/forgotpassword" "Mozilla/5.0 (Windows NT 10.0; WOW64; Trident/7.0; rv:11.0) like Gecko"
213.153.47.173 - - [23/Nov/2018:14:48:01 +0100] "GET /reload?ser=1542980881321 HTTP/1.1" 200 28 "http://renault.activities.at/10201634?dir=DESC&mode=grid&order=name&limit=15&page=8" "Mozilla/5.0 (Windows NT 10.0; Win64; x64) AppleWebKit/537.36 (KHTML, like Gecko) Chrome/69.0.3497.100 Safari/537.36 OPR/56.0.3051.104"
213.153.47.173 - - [23/Nov/2018:14:48:30 +0100] "GET /reload?ser=1542980910389 HTTP/1.1" 200 28 "http://renault.activities.at/login?required=true" "Mozilla/5.0 (Windows NT 10.0; Win64; x64; rv:63.0) Gecko/20100101 Firefox/63.0"
80.80.251.48 - - [23/Nov/2018:14:48:56 +0100] "GET /reload?ser=1542980936644 HTTP/1.1" 200 28 "http://renault.activities.at/forgotpassword" "Mozilla/5.0 (Windows NT 10.0; WOW64; Trident/7.0; rv:11.0) like Gecko"
213.153.47.173 - - [23/Nov/2018:14:49:02 +0100] "GET /reload?ser=1542980942314 HTTP/1.1" 200 28 "http://renault.activities.at/10201634?dir=DESC&mode=grid&order=name&limit=15&page=8" "Mozilla/5.0 (Windows NT 10.0; Win64; x64) AppleWebKit/537.36 (KHTML, like Gecko) Chrome/69.0.3497.100 Safari/537.36 OPR/56.0.3051.104"
213.153.47.173 - - [23/Nov/2018:14:49:31 +0100] "GET /reload?ser=1542980971053 HTTP/1.1" 200 28 "http://renault.activities.at/login?required=true" "Mozilla/5.0 (Windows NT 10.0; Win64; x64; rv:63.0) Gecko/20100101 Firefox/63.0"
80.80.251.48 - - [23/Nov/2018:14:49:57 +0100] "GET /reload?ser=1542980997276 HTTP/1.1" 200 28 "http://renault.activities.at/forgotpassword" "Mozilla/5.0 (Windows NT 10.0; WOW64; Trident/7.0; rv:11.0) like Gecko"
213.153.47.173 - - [23/Nov/2018:14:50:03 +0100] "GET /reload?ser=1542981003312 HTTP/1.1" 200 28 "http://renault.activities.at/10201634?dir=DESC&mode=grid&order=name&limit=15&page=8" "Mozilla/5.0 (Windows NT 10.0; Win64; x64) AppleWebKit/537.36 (KHTML, like Gecko) Chrome/69.0.3497.100 Safari/537.36 OPR/56.0.3051.104"
213.153.47.173 - - [23/Nov/2018:14:50:31 +0100] "GET /reload?ser=1542981031708 HTTP/1.1" 200 28 "http://renault.activities.at/login?required=true" "Mozilla/5.0 (Windows NT 10.0; Win64; x64; rv:63.0) Gecko/20100101 Firefox/63.0"
80.80.251.48 - - [23/Nov/2018:14:50:57 +0100] "GET /reload?ser=1542981057911 HTTP/1.1" 200 28 "http://renault.activities.at/forgotpassword" "Mozilla/5.0 (Windows NT 10.0; WOW64; Trident/7.0; rv:11.0) like Gecko"
213.153.47.173 - - [23/Nov/2018:14:51:04 +0100] "GET /reload?ser=1542981064336 HTTP/1.1" 200 28 "http://renault.activities.at/10201634?dir=DESC&mode=grid&order=name&limit=15&page=8" "Mozilla/5.0 (Windows NT 10.0; Win64; x64) AppleWebKit/537.36 (KHTML, like Gecko) Chrome/69.0.3497.100 Safari/537.36 OPR/56.0.3051.104"
213.153.47.173 - - [23/Nov/2018:14:51:32 +0100] "GET /reload?ser=1542981092367 HTTP/1.1" 200 28 "http://renault.activities.at/login?required=true" "Mozilla/5.0 (Windows NT 10.0; Win64; x64; rv:63.0) Gecko/20100101 Firefox/63.0"
80.80.251.48 - - [23/Nov/2018:14:51:58 +0100] "GET /reload?ser=1542981118555 HTTP/1.1" 200 28 "http://renault.activities.at/forgotpassword" "Mozilla/5.0 (Windows NT 10.0; WOW64; Trident/7.0; rv:11.0) like Gecko"
213.153.47.173 - - [23/Nov/2018:14:52:05 +0100] "GET /reload?ser=1542981125303 HTTP/1.1" 200 28 "http://renault.activities.at/10201634?dir=DESC&mode=grid&order=name&limit=15&page=8" "Mozilla/5.0 (Windows NT 10.0; Win64; x64) AppleWebKit/537.36 (KHTML, like Gecko) Chrome/69.0.3497.100 Safari/537.36 OPR/56.0.3051.104"
213.153.47.173 - - [23/Nov/2018:14:52:33 +0100] "GET /reload?ser=1542981153017 HTTP/1.1" 200 28 "http://renault.activities.at/login?required=true" "Mozilla/5.0 (Windows NT 10.0; Win64; x64; rv:63.0) Gecko/20100101 Firefox/63.0"
80.80.251.48 - - [23/Nov/2018:14:52:59 +0100] "GET /reload?ser=1542981179199 HTTP/1.1" 200 28 "http://renault.activities.at/forgotpassword" "Mozilla/5.0 (Windows NT 10.0; WOW64; Trident/7.0; rv:11.0) like Gecko"
213.153.47.173 - - [23/Nov/2018:14:53:06 +0100] "GET /reload?ser=1542981186285 HTTP/1.1" 200 28 "http://renault.activities.at/10201634?dir=DESC&mode=grid&order=name&limit=15&page=8" "Mozilla/5.0 (Windows NT 10.0; Win64; x64) AppleWebKit/537.36 (KHTML, like Gecko) Chrome/69.0.3497.100 Safari/537.36 OPR/56.0.3051.104"
213.153.47.173 - - [23/Nov/2018:14:53:33 +0100] "GET /reload?ser=1542981213684 HTTP/1.1" 200 28 "http://renault.activities.at/login?required=true" "Mozilla/5.0 (Windows NT 10.0; Win64; x64; rv:63.0) Gecko/20100101 Firefox/63.0"
80.80.251.48 - - [23/Nov/2018:14:53:59 +0100] "GET /reload?ser=1542981239849 HTTP/1.1" 200 28 "http://renault.activities.at/forgotpassword" "Mozilla/5.0 (Windows NT 10.0; WOW64; Trident/7.0; rv:11.0) like Gecko"
213.153.47.173 - - [23/Nov/2018:14:54:07 +0100] "GET /reload?ser=1542981247296 HTTP/1.1" 200 28 "http://renault.activities.at/10201634?dir=DESC&mode=grid&order=name&limit=15&page=8" "Mozilla/5.0 (Windows NT 10.0; Win64; x64) AppleWebKit/537.36 (KHTML, like Gecko) Chrome/69.0.3497.100 Safari/537.36 OPR/56.0.3051.104"
213.153.47.173 - - [23/Nov/2018:14:54:34 +0100] "GET /reload?ser=1542981274344 HTTP/1.1" 200 28 "http://renault.activities.at/login?required=true" "Mozilla/5.0 (Windows NT 10.0; Win64; x64; rv:63.0) Gecko/20100101 Firefox/63.0"
80.80.251.48 - - [23/Nov/2018:14:55:00 +0100] "GET /reload?ser=1542981300498 HTTP/1.1" 200 28 "http://renault.activities.at/forgotpassword" "Mozilla/5.0 (Windows NT 10.0; WOW64; Trident/7.0; rv:11.0) like Gecko"
213.153.47.173 - - [23/Nov/2018:14:55:08 +0100] "GET /reload?ser=1542981308289 HTTP/1.1" 200 28 "http://renault.activities.at/10201634?dir=DESC&mode=grid&order=name&limit=15&page=8" "Mozilla/5.0 (Windows NT 10.0; Win64; x64) AppleWebKit/537.36 (KHTML, like Gecko) Chrome/69.0.3497.100 Safari/537.36 OPR/56.0.3051.104"
157.55.39.126 - - [23/Nov/2018:14:55:27 +0100] "GET /success HTTP/1.1" 302 138 "-" "Mozilla/5.0 (compatible; bingbot/2.0; +http://www.bing.com/bingbot.htm)"
157.55.39.126 - - [23/Nov/2018:14:55:29 +0100] "GET /cart HTTP/1.1" 200 1714 "-" "Mozilla/5.0 (compatible; bingbot/2.0; +http://www.bing.com/bingbot.htm)"
213.153.47.173 - - [23/Nov/2018:14:55:35 +0100] "GET /reload?ser=1542981335010 HTTP/1.1" 200 28 "http://renault.activities.at/login?required=true" "Mozilla/5.0 (Windows NT 10.0; Win64; x64; rv:63.0) Gecko/20100101 Firefox/63.0"
80.80.251.48 - - [23/Nov/2018:14:56:01 +0100] "GET /reload?ser=1542981361132 HTTP/1.1" 200 28 "http://renault.activities.at/forgotpassword" "Mozilla/5.0 (Windows NT 10.0; WOW64; Trident/7.0; rv:11.0) like Gecko"
213.153.47.173 - - [23/Nov/2018:14:56:09 +0100] "GET /reload?ser=1542981369305 HTTP/1.1" 200 28 "http://renault.activities.at/10201634?dir=DESC&mode=grid&order=name&limit=15&page=8" "Mozilla/5.0 (Windows NT 10.0; Win64; x64) AppleWebKit/537.36 (KHTML, like Gecko) Chrome/69.0.3497.100 Safari/537.36 OPR/56.0.3051.104"
213.153.47.173 - - [23/Nov/2018:14:56:35 +0100] "GET /reload?ser=1542981395660 HTTP/1.1" 200 28 "http://renault.activities.at/login?required=true" "Mozilla/5.0 (Windows NT 10.0; Win64; x64; rv:63.0) Gecko/20100101 Firefox/63.0"
80.80.251.48 - - [23/Nov/2018:14:57:01 +0100] "GET /reload?ser=1542981421759 HTTP/1.1" 200 28 "http://renault.activities.at/forgotpassword" "Mozilla/5.0 (Windows NT 10.0; WOW64; Trident/7.0; rv:11.0) like Gecko"
213.153.47.173 - - [23/Nov/2018:14:57:10 +0100] "GET /reload?ser=1542981430274 HTTP/1.1" 200 28 "http://renault.activities.at/10201634?dir=DESC&mode=grid&order=name&limit=15&page=8" "Mozilla/5.0 (Windows NT 10.0; Win64; x64) AppleWebKit/537.36 (KHTML, like Gecko) Chrome/69.0.3497.100 Safari/537.36 OPR/56.0.3051.104"
213.153.47.173 - - [23/Nov/2018:14:57:36 +0100] "GET /reload?ser=1542981456322 HTTP/1.1" 200 28 "http://renault.activities.at/login?required=true" "Mozilla/5.0 (Windows NT 10.0; Win64; x64; rv:63.0) Gecko/20100101 Firefox/63.0"
213.90.80.156 - - [23/Nov/2018:14:57:51 +0100] "GET /login HTTP/1.1" 200 2086 "-" "Mozilla/5.0 (Windows NT 10.0; Win64; x64) AppleWebKit/537.36 (KHTML, like Gecko) Chrome/70.0.3538.102 Safari/537.36"
213.90.80.156 - - [23/Nov/2018:14:57:52 +0100] "GET /loadthumbnail.php?id=11127982 HTTP/1.1" 200 399614 "http://renault.activities.at/login" "Mozilla/5.0 (Windows NT 10.0; Win64; x64) AppleWebKit/537.36 (KHTML, like Gecko) Chrome/70.0.3538.102 Safari/537.36"
213.90.80.156 - - [23/Nov/2018:14:57:53 +0100] "GET /images/favicon.ico HTTP/1.1" 404 305 "http://renault.activities.at/login" "Mozilla/5.0 (Windows NT 10.0; Win64; x64) AppleWebKit/537.36 (KHTML, like Gecko) Chrome/70.0.3538.102 Safari/537.36"
213.90.80.156 - - [23/Nov/2018:14:57:57 +0100] "POST /login HTTP/1.1" 302 140 "http://renault.activities.at/login" "Mozilla/5.0 (Windows NT 10.0; Win64; x64) AppleWebKit/537.36 (KHTML, like Gecko) Chrome/70.0.3538.102 Safari/537.36"
213.90.80.156 - - [23/Nov/2018:14:57:59 +0100] "GET /account HTTP/1.1" 200 6278 "http://renault.activities.at/login" "Mozilla/5.0 (Windows NT 10.0; Win64; x64) AppleWebKit/537.36 (KHTML, like Gecko) Chrome/70.0.3538.102 Safari/537.36"
80.80.251.48 - - [23/Nov/2018:14:58:02 +0100] "GET /reload?ser=1542981482396 HTTP/1.1" 200 28 "http://renault.activities.at/forgotpassword" "Mozilla/5.0 (Windows NT 10.0; WOW64; Trident/7.0; rv:11.0) like Gecko"
213.90.80.156 - - [23/Nov/2018:14:58:02 +0100] "POST /login HTTP/1.1" 302 140 "http://renault.activities.at/login" "Mozilla/5.0 (Windows NT 10.0; Win64; x64) AppleWebKit/537.36 (KHTML, like Gecko) Chrome/70.0.3538.102 Safari/537.36"
213.90.80.156 - - [23/Nov/2018:14:58:04 +0100] "GET /account HTTP/1.1" 200 6278 "http://renault.activities.at/login" "Mozilla/5.0 (Windows NT 10.0; Win64; x64) AppleWebKit/537.36 (KHTML, like Gecko) Chrome/70.0.3538.102 Safari/537.36"
213.90.80.156 - - [23/Nov/2018:14:58:06 +0100] "GET /loadthumbnail.php?id=10203651&width=50&height=50 HTTP/1.1" 200 1234 "http://renault.activities.at/account" "Mozilla/5.0 (Windows NT 10.0; Win64; x64) AppleWebKit/537.36 (KHTML, like Gecko) Chrome/70.0.3538.102 Safari/537.36"
213.90.80.156 - - [23/Nov/2018:14:58:06 +0100] "GET /loadthumbnail.php?id=11721290&width=50&height=50 HTTP/1.1" 200 705 "http://renault.activities.at/account" "Mozilla/5.0 (Windows NT 10.0; Win64; x64) AppleWebKit/537.36 (KHTML, like Gecko) Chrome/70.0.3538.102 Safari/537.36"
213.90.80.156 - - [23/Nov/2018:14:58:06 +0100] "GET /loadthumbnail.php?id=11108158&width=50&height=50 HTTP/1.1" 200 778 "http://renault.activities.at/account" "Mozilla/5.0 (Windows NT 10.0; Win64; x64) AppleWebKit/537.36 (KHTML, like Gecko) Chrome/70.0.3538.102 Safari/537.36"
213.90.80.156 - - [23/Nov/2018:14:58:06 +0100] "GET /loadthumbnail.php?id=11711045&width=50&height=50 HTTP/1.1" 200 1132 "http://renault.activities.at/account" "Mozilla/5.0 (Windows NT 10.0; Win64; x64) AppleWebKit/537.36 (KHTML, like Gecko) Chrome/70.0.3538.102 Safari/537.36"
213.90.80.156 - - [23/Nov/2018:14:58:06 +0100] "GET /loadthumbnail.php?id=11075482&width=50&height=50 HTTP/1.1" 200 1114 "http://renault.activities.at/account" "Mozilla/5.0 (Windows NT 10.0; Win64; x64) AppleWebKit/537.36 (KHTML, like Gecko) Chrome/70.0.3538.102 Safari/537.36"
213.90.80.156 - - [23/Nov/2018:14:58:06 +0100] "GET /loadthumbnail.php?id=10269569&width=50&height=50 HTTP/1.1" 200 774 "http://renault.activities.at/account" "Mozilla/5.0 (Windows NT 10.0; Win64; x64) AppleWebKit/537.36 (KHTML, like Gecko) Chrome/70.0.3538.102 Safari/537.36"
213.153.47.173 - - [23/Nov/2018:14:58:11 +0100] "GET /reload?ser=1542981491268 HTTP/1.1" 200 28 "http://renault.activities.at/10201634?dir=DESC&mode=grid&order=name&limit=15&page=8" "Mozilla/5.0 (Windows NT 10.0; Win64; x64) AppleWebKit/537.36 (KHTML, like Gecko) Chrome/69.0.3497.100 Safari/537.36 OPR/56.0.3051.104"
213.90.80.156 - - [23/Nov/2018:14:58:12 +0100] "GET /result?searchterm=true&search=clio HTTP/1.1" 200 8725 "http://renault.activities.at/account" "Mozilla/5.0 (Windows NT 10.0; Win64; x64) AppleWebKit/537.36 (KHTML, like Gecko) Chrome/70.0.3538.102 Safari/537.36"
213.90.80.156 - - [23/Nov/2018:14:58:15 +0100] "GET /loadthumbnail.php?id=10203255 HTTP/1.1" 200 137 "http://renault.activities.at/result?searchterm=true&search=clio" "Mozilla/5.0 (Windows NT 10.0; Win64; x64) AppleWebKit/537.36 (KHTML, like Gecko) Chrome/70.0.3538.102 Safari/537.36"
213.90.80.156 - - [23/Nov/2018:14:58:15 +0100] "GET /loadthumbnail.php?id=10203276 HTTP/1.1" 200 75 "http://renault.activities.at/result?searchterm=true&search=clio" "Mozilla/5.0 (Windows NT 10.0; Win64; x64) AppleWebKit/537.36 (KHTML, like Gecko) Chrome/70.0.3538.102 Safari/537.36"
213.90.80.156 - - [23/Nov/2018:14:58:16 +0100] "GET /loadthumbnail.php?id=11181185&width=113 HTTP/1.1" 200 1532 "http://renault.activities.at/result?searchterm=true&search=clio" "Mozilla/5.0 (Windows NT 10.0; Win64; x64) AppleWebKit/537.36 (KHTML, like Gecko) Chrome/70.0.3538.102 Safari/537.36"
213.90.80.156 - - [23/Nov/2018:14:58:15 +0100] "GET /loadthumbnail.php?id=11181187&width=113 HTTP/1.1" 200 1532 "http://renault.activities.at/result?searchterm=true&search=clio" "Mozilla/5.0 (Windows NT 10.0; Win64; x64) AppleWebKit/537.36 (KHTML, like Gecko) Chrome/70.0.3538.102 Safari/537.36"
213.90.80.156 - - [23/Nov/2018:14:58:15 +0100] "GET /loadthumbnail.php?id=11679081&width=113 HTTP/1.1" 200 36621 "http://renault.activities.at/result?searchterm=true&search=clio" "Mozilla/5.0 (Windows NT 10.0; Win64; x64) AppleWebKit/537.36 (KHTML, like Gecko) Chrome/70.0.3538.102 Safari/537.36"
213.90.80.156 - - [23/Nov/2018:14:58:15 +0100] "GET /loadthumbnail.php?id=11760072&width=113 HTTP/1.1" 200 22371 "http://renault.activities.at/result?searchterm=true&search=clio" "Mozilla/5.0 (Windows NT 10.0; Win64; x64) AppleWebKit/537.36 (KHTML, like Gecko) Chrome/70.0.3538.102 Safari/537.36"
213.90.80.156 - - [23/Nov/2018:14:58:16 +0100] "GET /loadthumbnail.php?id=11181178&width=113 HTTP/1.1" 200 1834 "http://renault.activities.at/result?searchterm=true&search=clio" "Mozilla/5.0 (Windows NT 10.0; Win64; x64) AppleWebKit/537.36 (KHTML, like Gecko) Chrome/70.0.3538.102 Safari/537.36"
213.90.80.156 - - [23/Nov/2018:14:58:16 +0100] "GET /loadthumbnail.php?id=11181180&width=113 HTTP/1.1" 200 1834 "http://renault.activities.at/result?searchterm=true&search=clio" "Mozilla/5.0 (Windows NT 10.0; Win64; x64) AppleWebKit/537.36 (KHTML, like Gecko) Chrome/70.0.3538.102 Safari/537.36"
213.90.80.156 - - [23/Nov/2018:14:58:16 +0100] "GET /loadthumbnail.php?id=11308367&width=113 HTTP/1.1" 200 1939 "http://renault.activities.at/result?searchterm=true&search=clio" "Mozilla/5.0 (Windows NT 10.0; Win64; x64) AppleWebKit/537.36 (KHTML, like Gecko) Chrome/70.0.3538.102 Safari/537.36"
213.90.80.156 - - [23/Nov/2018:14:58:16 +0100] "GET /loadthumbnail.php?id=11308371&width=113 HTTP/1.1" 200 1939 "http://renault.activities.at/result?searchterm=true&search=clio" "Mozilla/5.0 (Windows NT 10.0; Win64; x64) AppleWebKit/537.36 (KHTML, like Gecko) Chrome/70.0.3538.102 Safari/537.36"
213.90.80.156 - - [23/Nov/2018:14:58:16 +0100] "GET /loadthumbnail.php?id=10203650&width=113 HTTP/1.1" 200 2741 "http://renault.activities.at/result?searchterm=true&search=clio" "Mozilla/5.0 (Windows NT 10.0; Win64; x64) AppleWebKit/537.36 (KHTML, like Gecko) Chrome/70.0.3538.102 Safari/537.36"
213.90.80.156 - - [23/Nov/2018:14:58:16 +0100] "GET /loadthumbnail.php?id=11181211&width=113 HTTP/1.1" 200 1879 "http://renault.activities.at/result?searchterm=true&search=clio" "Mozilla/5.0 (Windows NT 10.0; Win64; x64) AppleWebKit/537.36 (KHTML, like Gecko) Chrome/70.0.3538.102 Safari/537.36"
213.90.80.156 - - [23/Nov/2018:14:58:16 +0100] "GET /loadthumbnail.php?id=11181219&width=113 HTTP/1.1" 200 2121 "http://renault.activities.at/result?searchterm=true&search=clio" "Mozilla/5.0 (Windows NT 10.0; Win64; x64) AppleWebKit/537.36 (KHTML, like Gecko) Chrome/70.0.3538.102 Safari/537.36"
213.90.80.156 - - [23/Nov/2018:14:58:16 +0100] "GET /loadthumbnail.php?id=11308365&width=113 HTTP/1.1" 200 1939 "http://renault.activities.at/result?searchterm=true&search=clio" "Mozilla/5.0 (Windows NT 10.0; Win64; x64) AppleWebKit/537.36 (KHTML, like Gecko) Chrome/70.0.3538.102 Safari/537.36"
213.90.80.156 - - [23/Nov/2018:14:58:16 +0100] "GET /loadthumbnail.php?id=11181209&width=113 HTTP/1.1" 200 1879 "http://renault.activities.at/result?searchterm=true&search=clio" "Mozilla/5.0 (Windows NT 10.0; Win64; x64) AppleWebKit/537.36 (KHTML, like Gecko) Chrome/70.0.3538.102 Safari/537.36"
213.90.80.156 - - [23/Nov/2018:14:58:16 +0100] "GET /loadthumbnail.php?id=11308366&width=113 HTTP/1.1" 200 1939 "http://renault.activities.at/result?searchterm=true&search=clio" "Mozilla/5.0 (Windows NT 10.0; Win64; x64) AppleWebKit/537.36 (KHTML, like Gecko) Chrome/70.0.3538.102 Safari/537.36"
213.90.80.156 - - [23/Nov/2018:14:58:12 +0100] "POST /axjaxrequest?mode=suggest HTTP/1.1" 200 108 "http://renault.activities.at/account" "Mozilla/5.0 (Windows NT 10.0; Win64; x64) AppleWebKit/537.36 (KHTML, like Gecko) Chrome/70.0.3538.102 Safari/537.36"
213.90.80.156 - - [23/Nov/2018:14:58:21 +0100] "GET /result?dir=DESC&mode=grid&order=name&limit=15&page=2&search=clio HTTP/1.1" 200 8784 "http://renault.activities.at/result?searchterm=true&search=clio" "Mozilla/5.0 (Windows NT 10.0; Win64; x64) AppleWebKit/537.36 (KHTML, like Gecko) Chrome/70.0.3538.102 Safari/537.36"
213.90.80.156 - - [23/Nov/2018:14:58:24 +0100] "GET /loadthumbnail.php?id=10203275 HTTP/1.1" 200 85 "http://renault.activities.at/result?dir=DESC&mode=grid&order=name&limit=15&page=2&search=clio" "Mozilla/5.0 (Windows NT 10.0; Win64; x64) AppleWebKit/537.36 (KHTML, like Gecko) Chrome/70.0.3538.102 Safari/537.36"
213.90.80.156 - - [23/Nov/2018:14:58:24 +0100] "GET /loadthumbnail.php?id=11181166&width=113 HTTP/1.1" 200 847 "http://renault.activities.at/result?dir=DESC&mode=grid&order=name&limit=15&page=2&search=clio" "Mozilla/5.0 (Windows NT 10.0; Win64; x64) AppleWebKit/537.36 (KHTML, like Gecko) Chrome/70.0.3538.102 Safari/537.36"
213.90.80.156 - - [23/Nov/2018:14:58:24 +0100] "GET /loadthumbnail.php?id=11181172&width=113 HTTP/1.1" 200 1576 "http://renault.activities.at/result?dir=DESC&mode=grid&order=name&limit=15&page=2&search=clio" "Mozilla/5.0 (Windows NT 10.0; Win64; x64) AppleWebKit/537.36 (KHTML, like Gecko) Chrome/70.0.3538.102 Safari/537.36"
213.90.80.156 - - [23/Nov/2018:14:58:24 +0100] "GET /loadthumbnail.php?id=11181168&width=113 HTTP/1.1" 200 847 "http://renault.activities.at/result?dir=DESC&mode=grid&order=name&limit=15&page=2&search=clio" "Mozilla/5.0 (Windows NT 10.0; Win64; x64) AppleWebKit/537.36 (KHTML, like Gecko) Chrome/70.0.3538.102 Safari/537.36"
213.90.80.156 - - [23/Nov/2018:14:58:24 +0100] "GET /loadthumbnail.php?id=11181213&width=113 HTTP/1.1" 200 2121 "http://renault.activities.at/result?dir=DESC&mode=grid&order=name&limit=15&page=2&search=clio" "Mozilla/5.0 (Windows NT 10.0; Win64; x64) AppleWebKit/537.36 (KHTML, like Gecko) Chrome/70.0.3538.102 Safari/537.36"
213.90.80.156 - - [23/Nov/2018:14:58:24 +0100] "GET /loadthumbnail.php?id=11181170&width=113 HTTP/1.1" 200 1576 "http://renault.activities.at/result?dir=DESC&mode=grid&order=name&limit=15&page=2&search=clio" "Mozilla/5.0 (Windows NT 10.0; Win64; x64) AppleWebKit/537.36 (KHTML, like Gecko) Chrome/70.0.3538.102 Safari/537.36"
213.90.80.156 - - [23/Nov/2018:14:58:24 +0100] "GET /loadthumbnail.php?id=11314591&width=113 HTTP/1.1" 200 2647 "http://renault.activities.at/result?dir=DESC&mode=grid&order=name&limit=15&page=2&search=clio" "Mozilla/5.0 (Windows NT 10.0; Win64; x64) AppleWebKit/537.36 (KHTML, like Gecko) Chrome/70.0.3538.102 Safari/537.36"
213.90.80.156 - - [23/Nov/2018:14:58:24 +0100] "GET /loadthumbnail.php?id=11141133&width=113 HTTP/1.1" 200 1050 "http://renault.activities.at/result?dir=DESC&mode=grid&order=name&limit=15&page=2&search=clio" "Mozilla/5.0 (Windows NT 10.0; Win64; x64) AppleWebKit/537.36 (KHTML, like Gecko) Chrome/70.0.3538.102 Safari/537.36"
213.90.80.156 - - [23/Nov/2018:14:58:24 +0100] "GET /loadthumbnail.php?id=11819630&width=113 HTTP/1.1" 200 2902 "http://renault.activities.at/result?dir=DESC&mode=grid&order=name&limit=15&page=2&search=clio" "Mozilla/5.0 (Windows NT 10.0; Win64; x64) AppleWebKit/537.36 (KHTML, like Gecko) Chrome/70.0.3538.102 Safari/537.36"
213.90.80.156 - - [23/Nov/2018:14:58:24 +0100] "GET /loadthumbnail.php?id=11314593&width=113 HTTP/1.1" 200 4275 "http://renault.activities.at/result?dir=DESC&mode=grid&order=name&limit=15&page=2&search=clio" "Mozilla/5.0 (Windows NT 10.0; Win64; x64) AppleWebKit/537.36 (KHTML, like Gecko) Chrome/70.0.3538.102 Safari/537.36"
213.90.80.156 - - [23/Nov/2018:14:58:24 +0100] "GET /loadthumbnail.php?id=11314592&width=113 HTTP/1.1" 200 3118 "http://renault.activities.at/result?dir=DESC&mode=grid&order=name&limit=15&page=2&search=clio" "Mozilla/5.0 (Windows NT 10.0; Win64; x64) AppleWebKit/537.36 (KHTML, like Gecko) Chrome/70.0.3538.102 Safari/537.36"
213.90.80.156 - - [23/Nov/2018:14:58:24 +0100] "GET /loadthumbnail.php?id=11319983&width=113 HTTP/1.1" 200 38992 "http://renault.activities.at/result?dir=DESC&mode=grid&order=name&limit=15&page=2&search=clio" "Mozilla/5.0 (Windows NT 10.0; Win64; x64) AppleWebKit/537.36 (KHTML, like Gecko) Chrome/70.0.3538.102 Safari/537.36"
213.153.47.173 - - [23/Nov/2018:14:58:37 +0100] "GET /reload?ser=1542981516983 HTTP/1.1" 200 28 "http://renault.activities.at/login?required=true" "Mozilla/5.0 (Windows NT 10.0; Win64; x64; rv:63.0) Gecko/20100101 Firefox/63.0"
213.90.80.156 - - [23/Nov/2018:14:58:42 +0100] "POST /result?dir=DESC&mode=grid&order=name&limit=15&page=2&search=clio HTTP/1.1" 200 8975 "http://renault.activities.at/result?dir=DESC&mode=grid&order=name&limit=15&page=2&search=clio" "Mozilla/5.0 (Windows NT 10.0; Win64; x64) AppleWebKit/537.36 (KHTML, like Gecko) Chrome/70.0.3538.102 Safari/537.36"
213.90.80.156 - - [23/Nov/2018:14:58:46 +0100] "GET /cart HTTP/1.1" 200 5117 "http://renault.activities.at/result?dir=DESC&mode=grid&order=name&limit=15&page=2&search=clio" "Mozilla/5.0 (Windows NT 10.0; Win64; x64) AppleWebKit/537.36 (KHTML, like Gecko) Chrome/70.0.3538.102 Safari/537.36"
213.90.80.156 - - [23/Nov/2018:14:58:48 +0100] "GET /loadthumbnail.php?id=11819630&width=100 HTTP/1.1" 200 2445 "http://renault.activities.at/cart" "Mozilla/5.0 (Windows NT 10.0; Win64; x64) AppleWebKit/537.36 (KHTML, like Gecko) Chrome/70.0.3538.102 Safari/537.36"
213.90.80.156 - - [23/Nov/2018:14:58:48 +0100] "GET /loadthumbnail.php?id=10232009&width=16&height=16 HTTP/1.1" 200 700 "http://renault.activities.at/cart" "Mozilla/5.0 (Windows NT 10.0; Win64; x64) AppleWebKit/537.36 (KHTML, like Gecko) Chrome/70.0.3538.102 Safari/537.36"
213.90.80.156 - - [23/Nov/2018:14:58:50 +0100] "GET /11763362 HTTP/1.1" 200 6252 "http://renault.activities.at/cart" "Mozilla/5.0 (Windows NT 10.0; Win64; x64) AppleWebKit/537.36 (KHTML, like Gecko) Chrome/70.0.3538.102 Safari/537.36"
213.90.80.156 - - [23/Nov/2018:14:58:53 +0100] "GET /js/magiczoom/magiczoom.css HTTP/1.1" 200 1210 "http://renault.activities.at/11763362" "Mozilla/5.0 (Windows NT 10.0; Win64; x64) AppleWebKit/537.36 (KHTML, like Gecko) Chrome/70.0.3538.102 Safari/537.36"
213.90.80.156 - - [23/Nov/2018:14:58:53 +0100] "GET /js/Produkt.js HTTP/1.1" 200 852 "http://renault.activities.at/11763362" "Mozilla/5.0 (Windows NT 10.0; Win64; x64) AppleWebKit/537.36 (KHTML, like Gecko) Chrome/70.0.3538.102 Safari/537.36"
213.90.80.156 - - [23/Nov/2018:14:58:53 +0100] "GET /js/magiczoom/magiczoom.js HTTP/1.1" 200 26397 "http://renault.activities.at/11763362" "Mozilla/5.0 (Windows NT 10.0; Win64; x64) AppleWebKit/537.36 (KHTML, like Gecko) Chrome/70.0.3538.102 Safari/537.36"
213.90.80.156 - - [23/Nov/2018:14:58:53 +0100] "GET /loadthumbnail.php?id=11819630&width=250 HTTP/1.1" 200 9928 "http://renault.activities.at/11763362" "Mozilla/5.0 (Windows NT 10.0; Win64; x64) AppleWebKit/537.36 (KHTML, like Gecko) Chrome/70.0.3538.102 Safari/537.36"
213.90.80.156 - - [23/Nov/2018:14:58:53 +0100] "GET /loadthumbnail.php?id=11819630&width=900&height=900 HTTP/1.1" 200 80826 "http://renault.activities.at/11763362" "Mozilla/5.0 (Windows NT 10.0; Win64; x64) AppleWebKit/537.36 (KHTML, like Gecko) Chrome/70.0.3538.102 Safari/537.36"
213.90.80.156 - - [23/Nov/2018:14:58:54 +0100] "GET /js/magiczoom/graphics/hint.gif HTTP/1.1" 200 73 "http://renault.activities.at/js/magiczoom/magiczoom.css" "Mozilla/5.0 (Windows NT 10.0; Win64; x64) AppleWebKit/537.36 (KHTML, like Gecko) Chrome/70.0.3538.102 Safari/537.36"
213.90.80.156 - - [23/Nov/2018:14:58:54 +0100] "GET /js/magiczoom/graphics/zoomin.cur HTTP/1.1" 200 326 "http://renault.activities.at/js/magiczoom/magiczoom.css" "Mozilla/5.0 (Windows NT 10.0; Win64; x64) AppleWebKit/537.36 (KHTML, like Gecko) Chrome/70.0.3538.102 Safari/537.36"
213.90.80.156 - - [23/Nov/2018:14:58:57 +0100] "GET /cart HTTP/1.1" 200 5117 "http://renault.activities.at/11763362" "Mozilla/5.0 (Windows NT 10.0; Win64; x64) AppleWebKit/537.36 (KHTML, like Gecko) Chrome/70.0.3538.102 Safari/537.36"
80.80.251.48 - - [23/Nov/2018:14:59:03 +0100] "GET /reload?ser=1542981543033 HTTP/1.1" 200 28 "http://renault.activities.at/forgotpassword" "Mozilla/5.0 (Windows NT 10.0; WOW64; Trident/7.0; rv:11.0) like Gecko"
213.90.80.156 - - [23/Nov/2018:14:59:01 +0100] "GET /checkout HTTP/1.1" 200 10246 "http://renault.activities.at/cart" "Mozilla/5.0 (Windows NT 10.0; Win64; x64) AppleWebKit/537.36 (KHTML, like Gecko) Chrome/70.0.3538.102 Safari/537.36"
213.90.80.156 - - [23/Nov/2018:14:59:05 +0100] "GET /loadthumbnail.php?id=10201939 HTTP/1.1" 200 201 "http://renault.activities.at/checkout" "Mozilla/5.0 (Windows NT 10.0; Win64; x64) AppleWebKit/537.36 (KHTML, like Gecko) Chrome/70.0.3538.102 Safari/537.36"
213.90.80.156 - - [23/Nov/2018:14:59:05 +0100] "GET /loadthumbnail.php?id=10202698 HTTP/1.1" 200 16686 "http://renault.activities.at/checkout" "Mozilla/5.0 (Windows NT 10.0; Win64; x64) AppleWebKit/537.36 (KHTML, like Gecko) Chrome/70.0.3538.102 Safari/537.36"
213.90.80.156 - - [23/Nov/2018:14:59:07 +0100] "POST /docheckout HTTP/1.1" 200 452 "http://renault.activities.at/checkout" "Mozilla/5.0 (Windows NT 10.0; Win64; x64) AppleWebKit/537.36 (KHTML, like Gecko) Chrome/70.0.3538.102 Safari/537.36"
213.90.80.156 - - [23/Nov/2018:14:59:11 +0100] "POST /docheckout HTTP/1.1" 200 615 "http://renault.activities.at/checkout" "Mozilla/5.0 (Windows NT 10.0; Win64; x64) AppleWebKit/537.36 (KHTML, like Gecko) Chrome/70.0.3538.102 Safari/537.36"
213.153.47.173 - - [23/Nov/2018:14:59:12 +0100] "GET /reload?ser=1542981552261 HTTP/1.1" 200 28 "http://renault.activities.at/10201634?dir=DESC&mode=grid&order=name&limit=15&page=8" "Mozilla/5.0 (Windows NT 10.0; Win64; x64) AppleWebKit/537.36 (KHTML, like Gecko) Chrome/69.0.3497.100 Safari/537.36 OPR/56.0.3051.104"
213.90.80.156 - - [23/Nov/2018:14:59:12 +0100] "POST /docheckout HTTP/1.1" 200 68 "http://renault.activities.at/checkout" "Mozilla/5.0 (Windows NT 10.0; Win64; x64) AppleWebKit/537.36 (KHTML, like Gecko) Chrome/70.0.3538.102 Safari/537.36"
213.90.80.156 - - [23/Nov/2018:14:59:14 +0100] "GET /success HTTP/1.1" 200 3778 "http://renault.activities.at/checkout" "Mozilla/5.0 (Windows NT 10.0; Win64; x64) AppleWebKit/537.36 (KHTML, like Gecko) Chrome/70.0.3538.102 Safari/537.36"
213.90.80.156 - - [23/Nov/2018:14:59:23 +0100] "GET /logout HTTP/1.1" 302 140 "http://renault.activities.at/success" "Mozilla/5.0 (Windows NT 10.0; Win64; x64) AppleWebKit/537.36 (KHTML, like Gecko) Chrome/70.0.3538.102 Safari/537.36"
213.90.80.156 - - [23/Nov/2018:14:59:24 +0100] "GET /logout HTTP/1.1" 200 1583 "http://renault.activities.at/success" "Mozilla/5.0 (Windows NT 10.0; Win64; x64) AppleWebKit/537.36 (KHTML, like Gecko) Chrome/70.0.3538.102 Safari/537.36"
213.153.47.173 - - [23/Nov/2018:14:59:37 +0100] "GET /reload?ser=1542981577643 HTTP/1.1" 200 28 "http://renault.activities.at/login?required=true" "Mozilla/5.0 (Windows NT 10.0; Win64; x64; rv:63.0) Gecko/20100101 Firefox/63.0"
34.235.135.20 - - [23/Nov/2018:14:59:49 +0100] "GET /login HTTP/1.1" 200 7269 "-" "Mozilla/4.0 (compatible; MSIE 8.0; Windows NT 5.1; Trident/4.0)"
80.80.251.48 - - [23/Nov/2018:15:00:03 +0100] "GET /reload?ser=1542981603667 HTTP/1.1" 200 28 "http://renault.activities.at/forgotpassword" "Mozilla/5.0 (Windows NT 10.0; WOW64; Trident/7.0; rv:11.0) like Gecko"
213.153.47.173 - - [23/Nov/2018:15:00:13 +0100] "GET /reload?ser=1542981613240 HTTP/1.1" 200 28 "http://renault.activities.at/10201634?dir=DESC&mode=grid&order=name&limit=15&page=8" "Mozilla/5.0 (Windows NT 10.0; Win64; x64) AppleWebKit/537.36 (KHTML, like Gecko) Chrome/69.0.3497.100 Safari/537.36 OPR/56.0.3051.104"
213.153.47.173 - - [23/Nov/2018:15:00:38 +0100] "GET /reload?ser=1542981638304 HTTP/1.1" 200 28 "http://renault.activities.at/login?required=true" "Mozilla/5.0 (Windows NT 10.0; Win64; x64; rv:63.0) Gecko/20100101 Firefox/63.0"
80.80.251.48 - - [23/Nov/2018:15:01:04 +0100] "GET /reload?ser=1542981664295 HTTP/1.1" 200 28 "http://renault.activities.at/forgotpassword" "Mozilla/5.0 (Windows NT 10.0; WOW64; Trident/7.0; rv:11.0) like Gecko"
213.153.47.173 - - [23/Nov/2018:15:01:14 +0100] "GET /reload?ser=1542981674192 HTTP/1.1" 200 28 "http://renault.activities.at/10201634?dir=DESC&mode=grid&order=name&limit=15&page=8" "Mozilla/5.0 (Windows NT 10.0; Win64; x64) AppleWebKit/537.36 (KHTML, like Gecko) Chrome/69.0.3497.100 Safari/537.36 OPR/56.0.3051.104"
213.153.47.173 - - [23/Nov/2018:15:01:39 +0100] "GET /reload?ser=1542981698953 HTTP/1.1" 200 28 "http://renault.activities.at/login?required=true" "Mozilla/5.0 (Windows NT 10.0; Win64; x64; rv:63.0) Gecko/20100101 Firefox/63.0"
80.80.251.48 - - [23/Nov/2018:15:02:04 +0100] "GET /reload?ser=1542981724923 HTTP/1.1" 200 28 "http://renault.activities.at/forgotpassword" "Mozilla/5.0 (Windows NT 10.0; WOW64; Trident/7.0; rv:11.0) like Gecko"
213.153.47.173 - - [23/Nov/2018:15:02:15 +0100] "GET /reload?ser=1542981735174 HTTP/1.1" 200 28 "http://renault.activities.at/10201634?dir=DESC&mode=grid&order=name&limit=15&page=8" "Mozilla/5.0 (Windows NT 10.0; Win64; x64) AppleWebKit/537.36 (KHTML, like Gecko) Chrome/69.0.3497.100 Safari/537.36 OPR/56.0.3051.104"
213.153.47.173 - - [23/Nov/2018:15:02:39 +0100] "GET /reload?ser=1542981759619 HTTP/1.1" 200 28 "http://renault.activities.at/login?required=true" "Mozilla/5.0 (Windows NT 10.0; Win64; x64; rv:63.0) Gecko/20100101 Firefox/63.0"
80.80.251.48 - - [23/Nov/2018:15:03:05 +0100] "GET /reload?ser=1542981785552 HTTP/1.1" 200 28 "http://renault.activities.at/forgotpassword" "Mozilla/5.0 (Windows NT 10.0; WOW64; Trident/7.0; rv:11.0) like Gecko"
213.153.47.173 - - [23/Nov/2018:15:03:16 +0100] "GET /reload?ser=1542981796181 HTTP/1.1" 200 28 "http://renault.activities.at/10201634?dir=DESC&mode=grid&order=name&limit=15&page=8" "Mozilla/5.0 (Windows NT 10.0; Win64; x64) AppleWebKit/537.36 (KHTML, like Gecko) Chrome/69.0.3497.100 Safari/537.36 OPR/56.0.3051.104"
213.153.47.173 - - [23/Nov/2018:15:03:40 +0100] "GET /reload?ser=1542981820271 HTTP/1.1" 200 28 "http://renault.activities.at/login?required=true" "Mozilla/5.0 (Windows NT 10.0; Win64; x64; rv:63.0) Gecko/20100101 Firefox/63.0"
80.80.251.48 - - [23/Nov/2018:15:04:06 +0100] "GET /reload?ser=1542981846202 HTTP/1.1" 200 28 "http://renault.activities.at/forgotpassword" "Mozilla/5.0 (Windows NT 10.0; WOW64; Trident/7.0; rv:11.0) like Gecko"
213.153.47.173 - - [23/Nov/2018:15:04:17 +0100] "GET /reload?ser=1542981857184 HTTP/1.1" 200 28 "http://renault.activities.at/10201634?dir=DESC&mode=grid&order=name&limit=15&page=8" "Mozilla/5.0 (Windows NT 10.0; Win64; x64) AppleWebKit/537.36 (KHTML, like Gecko) Chrome/69.0.3497.100 Safari/537.36 OPR/56.0.3051.104"
213.153.47.173 - - [23/Nov/2018:15:04:40 +0100] "GET /reload?ser=1542981880918 HTTP/1.1" 200 28 "http://renault.activities.at/login?required=true" "Mozilla/5.0 (Windows NT 10.0; Win64; x64; rv:63.0) Gecko/20100101 Firefox/63.0"
80.80.251.48 - - [23/Nov/2018:15:05:06 +0100] "GET /reload?ser=1542981906844 HTTP/1.1" 200 28 "http://renault.activities.at/forgotpassword" "Mozilla/5.0 (Windows NT 10.0; WOW64; Trident/7.0; rv:11.0) like Gecko"
213.153.47.173 - - [23/Nov/2018:15:05:18 +0100] "GET /reload?ser=1542981918188 HTTP/1.1" 200 28 "http://renault.activities.at/10201634?dir=DESC&mode=grid&order=name&limit=15&page=8" "Mozilla/5.0 (Windows NT 10.0; Win64; x64) AppleWebKit/537.36 (KHTML, like Gecko) Chrome/69.0.3497.100 Safari/537.36 OPR/56.0.3051.104"
213.153.47.173 - - [23/Nov/2018:15:05:41 +0100] "GET /reload?ser=1542981941594 HTTP/1.1" 200 28 "http://renault.activities.at/login?required=true" "Mozilla/5.0 (Windows NT 10.0; Win64; x64; rv:63.0) Gecko/20100101 Firefox/63.0"
80.80.251.48 - - [23/Nov/2018:15:06:07 +0100] "GET /reload?ser=1542981967497 HTTP/1.1" 200 28 "http://renault.activities.at/forgotpassword" "Mozilla/5.0 (Windows NT 10.0; WOW64; Trident/7.0; rv:11.0) like Gecko"
213.153.47.173 - - [23/Nov/2018:15:06:19 +0100] "GET /reload?ser=1542981979160 HTTP/1.1" 200 28 "http://renault.activities.at/10201634?dir=DESC&mode=grid&order=name&limit=15&page=8" "Mozilla/5.0 (Windows NT 10.0; Win64; x64) AppleWebKit/537.36 (KHTML, like Gecko) Chrome/69.0.3497.100 Safari/537.36 OPR/56.0.3051.104"
213.153.47.173 - - [23/Nov/2018:15:06:42 +0100] "GET /reload?ser=1542982002236 HTTP/1.1" 200 28 "http://renault.activities.at/login?required=true" "Mozilla/5.0 (Windows NT 10.0; Win64; x64; rv:63.0) Gecko/20100101 Firefox/63.0"
80.80.251.48 - - [23/Nov/2018:15:07:08 +0100] "GET /reload?ser=1542982028148 HTTP/1.1" 200 28 "http://renault.activities.at/forgotpassword" "Mozilla/5.0 (Windows NT 10.0; WOW64; Trident/7.0; rv:11.0) like Gecko"
213.153.47.173 - - [23/Nov/2018:15:07:20 +0100] "GET /reload?ser=1542982040156 HTTP/1.1" 200 28 "http://renault.activities.at/10201634?dir=DESC&mode=grid&order=name&limit=15&page=8" "Mozilla/5.0 (Windows NT 10.0; Win64; x64) AppleWebKit/537.36 (KHTML, like Gecko) Chrome/69.0.3497.100 Safari/537.36 OPR/56.0.3051.104"
213.153.47.173 - - [23/Nov/2018:15:07:42 +0100] "GET /reload?ser=1542982062884 HTTP/1.1" 200 28 "http://renault.activities.at/login?required=true" "Mozilla/5.0 (Windows NT 10.0; Win64; x64; rv:63.0) Gecko/20100101 Firefox/63.0"
80.80.251.48 - - [23/Nov/2018:15:08:08 +0100] "GET /reload?ser=1542982088787 HTTP/1.1" 200 28 "http://renault.activities.at/forgotpassword" "Mozilla/5.0 (Windows NT 10.0; WOW64; Trident/7.0; rv:11.0) like Gecko"
213.153.47.173 - - [23/Nov/2018:15:08:21 +0100] "GET /reload?ser=1542982101160 HTTP/1.1" 200 28 "http://renault.activities.at/10201634?dir=DESC&mode=grid&order=name&limit=15&page=8" "Mozilla/5.0 (Windows NT 10.0; Win64; x64) AppleWebKit/537.36 (KHTML, like Gecko) Chrome/69.0.3497.100 Safari/537.36 OPR/56.0.3051.104"
213.153.47.173 - - [23/Nov/2018:15:08:43 +0100] "GET /reload?ser=1542982123542 HTTP/1.1" 200 28 "http://renault.activities.at/login?required=true" "Mozilla/5.0 (Windows NT 10.0; Win64; x64; rv:63.0) Gecko/20100101 Firefox/63.0"
80.80.251.48 - - [23/Nov/2018:15:09:09 +0100] "GET /reload?ser=1542982149419 HTTP/1.1" 200 28 "http://renault.activities.at/forgotpassword" "Mozilla/5.0 (Windows NT 10.0; WOW64; Trident/7.0; rv:11.0) like Gecko"
213.153.47.173 - - [23/Nov/2018:15:09:22 +0100] "GET /reload?ser=1542982162160 HTTP/1.1" 200 28 "http://renault.activities.at/10201634?dir=DESC&mode=grid&order=name&limit=15&page=8" "Mozilla/5.0 (Windows NT 10.0; Win64; x64) AppleWebKit/537.36 (KHTML, like Gecko) Chrome/69.0.3497.100 Safari/537.36 OPR/56.0.3051.104"
213.153.47.173 - - [23/Nov/2018:15:09:44 +0100] "GET /reload?ser=1542982184193 HTTP/1.1" 200 28 "http://renault.activities.at/login?required=true" "Mozilla/5.0 (Windows NT 10.0; Win64; x64; rv:63.0) Gecko/20100101 Firefox/63.0"
80.80.251.48 - - [23/Nov/2018:15:10:10 +0100] "GET /reload?ser=1542982210046 HTTP/1.1" 200 28 "http://renault.activities.at/forgotpassword" "Mozilla/5.0 (Windows NT 10.0; WOW64; Trident/7.0; rv:11.0) like Gecko"
213.153.47.173 - - [23/Nov/2018:15:10:23 +0100] "GET /reload?ser=1542982223126 HTTP/1.1" 200 28 "http://renault.activities.at/10201634?dir=DESC&mode=grid&order=name&limit=15&page=8" "Mozilla/5.0 (Windows NT 10.0; Win64; x64) AppleWebKit/537.36 (KHTML, like Gecko) Chrome/69.0.3497.100 Safari/537.36 OPR/56.0.3051.104"
213.153.47.173 - - [23/Nov/2018:15:10:44 +0100] "GET /reload?ser=1542982244862 HTTP/1.1" 200 28 "http://renault.activities.at/login?required=true" "Mozilla/5.0 (Windows NT 10.0; Win64; x64; rv:63.0) Gecko/20100101 Firefox/63.0"
80.80.251.48 - - [23/Nov/2018:15:11:10 +0100] "GET /reload?ser=1542982270676 HTTP/1.1" 200 28 "http://renault.activities.at/forgotpassword" "Mozilla/5.0 (Windows NT 10.0; WOW64; Trident/7.0; rv:11.0) like Gecko"
213.153.47.173 - - [23/Nov/2018:15:11:24 +0100] "GET /reload?ser=1542982284129 HTTP/1.1" 200 28 "http://renault.activities.at/10201634?dir=DESC&mode=grid&order=name&limit=15&page=8" "Mozilla/5.0 (Windows NT 10.0; Win64; x64) AppleWebKit/537.36 (KHTML, like Gecko) Chrome/69.0.3497.100 Safari/537.36 OPR/56.0.3051.104"
213.153.47.173 - - [23/Nov/2018:15:11:45 +0100] "GET /reload?ser=1542982305530 HTTP/1.1" 200 28 "http://renault.activities.at/login?required=true" "Mozilla/5.0 (Windows NT 10.0; Win64; x64; rv:63.0) Gecko/20100101 Firefox/63.0"
80.80.251.48 - - [23/Nov/2018:15:12:11 +0100] "GET /reload?ser=1542982331313 HTTP/1.1" 200 28 "http://renault.activities.at/forgotpassword" "Mozilla/5.0 (Windows NT 10.0; WOW64; Trident/7.0; rv:11.0) like Gecko"
213.153.47.173 - - [23/Nov/2018:15:12:25 +0100] "GET /reload?ser=1542982345144 HTTP/1.1" 200 28 "http://renault.activities.at/10201634?dir=DESC&mode=grid&order=name&limit=15&page=8" "Mozilla/5.0 (Windows NT 10.0; Win64; x64) AppleWebKit/537.36 (KHTML, like Gecko) Chrome/69.0.3497.100 Safari/537.36 OPR/56.0.3051.104"
213.153.47.173 - - [23/Nov/2018:15:12:46 +0100] "GET /reload?ser=1542982366194 HTTP/1.1" 200 28 "http://renault.activities.at/login?required=true" "Mozilla/5.0 (Windows NT 10.0; Win64; x64; rv:63.0) Gecko/20100101 Firefox/63.0"
80.80.251.48 - - [23/Nov/2018:15:13:11 +0100] "GET /reload?ser=1542982391961 HTTP/1.1" 200 28 "http://renault.activities.at/forgotpassword" "Mozilla/5.0 (Windows NT 10.0; WOW64; Trident/7.0; rv:11.0) like Gecko"
213.153.47.173 - - [23/Nov/2018:15:13:26 +0100] "GET /reload?ser=1542982406134 HTTP/1.1" 200 28 "http://renault.activities.at/10201634?dir=DESC&mode=grid&order=name&limit=15&page=8" "Mozilla/5.0 (Windows NT 10.0; Win64; x64) AppleWebKit/537.36 (KHTML, like Gecko) Chrome/69.0.3497.100 Safari/537.36 OPR/56.0.3051.104"
213.153.47.173 - - [23/Nov/2018:15:13:46 +0100] "GET /reload?ser=1542982426843 HTTP/1.1" 200 28 "http://renault.activities.at/login?required=true" "Mozilla/5.0 (Windows NT 10.0; Win64; x64; rv:63.0) Gecko/20100101 Firefox/63.0"
80.80.251.48 - - [23/Nov/2018:15:14:12 +0100] "GET /reload?ser=1542982452590 HTTP/1.1" 200 28 "http://renault.activities.at/forgotpassword" "Mozilla/5.0 (Windows NT 10.0; WOW64; Trident/7.0; rv:11.0) like Gecko"
213.153.47.173 - - [23/Nov/2018:15:14:27 +0100] "GET /reload?ser=1542982467128 HTTP/1.1" 200 28 "http://renault.activities.at/10201634?dir=DESC&mode=grid&order=name&limit=15&page=8" "Mozilla/5.0 (Windows NT 10.0; Win64; x64) AppleWebKit/537.36 (KHTML, like Gecko) Chrome/69.0.3497.100 Safari/537.36 OPR/56.0.3051.104"
213.153.47.173 - - [23/Nov/2018:15:14:47 +0100] "GET /reload?ser=1542982487499 HTTP/1.1" 200 28 "http://renault.activities.at/login?required=true" "Mozilla/5.0 (Windows NT 10.0; Win64; x64; rv:63.0) Gecko/20100101 Firefox/63.0"
80.80.251.48 - - [23/Nov/2018:15:15:13 +0100] "GET /reload?ser=1542982513228 HTTP/1.1" 200 28 "http://renault.activities.at/forgotpassword" "Mozilla/5.0 (Windows NT 10.0; WOW64; Trident/7.0; rv:11.0) like Gecko"
213.153.47.173 - - [23/Nov/2018:15:15:28 +0100] "GET /reload?ser=1542982528138 HTTP/1.1" 200 28 "http://renault.activities.at/10201634?dir=DESC&mode=grid&order=name&limit=15&page=8" "Mozilla/5.0 (Windows NT 10.0; Win64; x64) AppleWebKit/537.36 (KHTML, like Gecko) Chrome/69.0.3497.100 Safari/537.36 OPR/56.0.3051.104"
213.153.47.173 - - [23/Nov/2018:15:15:48 +0100] "GET /reload?ser=1542982548160 HTTP/1.1" 200 28 "http://renault.activities.at/login?required=true" "Mozilla/5.0 (Windows NT 10.0; Win64; x64; rv:63.0) Gecko/20100101 Firefox/63.0"
80.80.251.48 - - [23/Nov/2018:15:16:13 +0100] "GET /reload?ser=1542982573868 HTTP/1.1" 200 28 "http://renault.activities.at/forgotpassword" "Mozilla/5.0 (Windows NT 10.0; WOW64; Trident/7.0; rv:11.0) like Gecko"
213.153.47.173 - - [23/Nov/2018:15:16:29 +0100] "GET /reload?ser=1542982589127 HTTP/1.1" 200 28 "http://renault.activities.at/10201634?dir=DESC&mode=grid&order=name&limit=15&page=8" "Mozilla/5.0 (Windows NT 10.0; Win64; x64) AppleWebKit/537.36 (KHTML, like Gecko) Chrome/69.0.3497.100 Safari/537.36 OPR/56.0.3051.104"
213.153.47.173 - - [23/Nov/2018:15:16:48 +0100] "GET /reload?ser=1542982608813 HTTP/1.1" 200 28 "http://renault.activities.at/login?required=true" "Mozilla/5.0 (Windows NT 10.0; Win64; x64; rv:63.0) Gecko/20100101 Firefox/63.0"
80.80.251.48 - - [23/Nov/2018:15:17:14 +0100] "GET /reload?ser=1542982634521 HTTP/1.1" 200 28 "http://renault.activities.at/forgotpassword" "Mozilla/5.0 (Windows NT 10.0; WOW64; Trident/7.0; rv:11.0) like Gecko"
213.153.47.173 - - [23/Nov/2018:15:17:30 +0100] "GET /reload?ser=1542982650128 HTTP/1.1" 200 28 "http://renault.activities.at/10201634?dir=DESC&mode=grid&order=name&limit=15&page=8" "Mozilla/5.0 (Windows NT 10.0; Win64; x64) AppleWebKit/537.36 (KHTML, like Gecko) Chrome/69.0.3497.100 Safari/537.36 OPR/56.0.3051.104"
213.153.47.173 - - [23/Nov/2018:15:17:49 +0100] "GET /reload?ser=1542982669461 HTTP/1.1" 200 28 "http://renault.activities.at/login?required=true" "Mozilla/5.0 (Windows NT 10.0; Win64; x64; rv:63.0) Gecko/20100101 Firefox/63.0"
80.80.251.48 - - [23/Nov/2018:15:18:15 +0100] "GET /reload?ser=1542982695158 HTTP/1.1" 200 28 "http://renault.activities.at/forgotpassword" "Mozilla/5.0 (Windows NT 10.0; WOW64; Trident/7.0; rv:11.0) like Gecko"
213.153.47.173 - - [23/Nov/2018:15:18:31 +0100] "GET /reload?ser=1542982711913 HTTP/1.1" 200 28 "http://renault.activities.at/10201634?dir=DESC&mode=grid&order=name&limit=15&page=8" "Mozilla/5.0 (Windows NT 10.0; Win64; x64) AppleWebKit/537.36 (KHTML, like Gecko) Chrome/69.0.3497.100 Safari/537.36 OPR/56.0.3051.104"
213.153.47.173 - - [23/Nov/2018:15:18:50 +0100] "GET /reload?ser=1542982730113 HTTP/1.1" 200 28 "http://renault.activities.at/login?required=true" "Mozilla/5.0 (Windows NT 10.0; Win64; x64; rv:63.0) Gecko/20100101 Firefox/63.0"
80.80.251.48 - - [23/Nov/2018:15:19:15 +0100] "GET /reload?ser=1542982755783 HTTP/1.1" 200 28 "http://renault.activities.at/forgotpassword" "Mozilla/5.0 (Windows NT 10.0; WOW64; Trident/7.0; rv:11.0) like Gecko"
213.153.47.173 - - [23/Nov/2018:15:19:32 +0100] "GET /reload?ser=1542982772913 HTTP/1.1" 200 28 "http://renault.activities.at/10201634?dir=DESC&mode=grid&order=name&limit=15&page=8" "Mozilla/5.0 (Windows NT 10.0; Win64; x64) AppleWebKit/537.36 (KHTML, like Gecko) Chrome/69.0.3497.100 Safari/537.36 OPR/56.0.3051.104"
213.153.47.173 - - [23/Nov/2018:15:19:50 +0100] "GET /reload?ser=1542982790764 HTTP/1.1" 200 28 "http://renault.activities.at/login?required=true" "Mozilla/5.0 (Windows NT 10.0; Win64; x64; rv:63.0) Gecko/20100101 Firefox/63.0"
80.80.251.48 - - [23/Nov/2018:15:20:16 +0100] "GET /reload?ser=1542982816429 HTTP/1.1" 200 28 "http://renault.activities.at/forgotpassword" "Mozilla/5.0 (Windows NT 10.0; WOW64; Trident/7.0; rv:11.0) like Gecko"
