80.123.225.36 - - [07/Dec/2018:13:52:35 +0100] "GET /css/themes/alphacube/frame_right.gif HTTP/1.1" 200 64 "http://renault.activities.at/result?searchterm=true&search=stunden" "Mozilla/5.0 (compatible; MSIE 9.0; Windows NT 6.1; WOW64; Trident/5.0)"
80.123.225.36 - - [07/Dec/2018:13:52:35 +0100] "GET /css/themes/alphacube/top_left.gif HTTP/1.1" 200 973 "http://renault.activities.at/result?searchterm=true&search=stunden" "Mozilla/5.0 (compatible; MSIE 9.0; Windows NT 6.1; WOW64; Trident/5.0)"
80.123.225.36 - - [07/Dec/2018:13:52:35 +0100] "GET /css/themes/alphacube/button-close-focus.gif HTTP/1.1" 200 699 "http://renault.activities.at/result?searchterm=true&search=stunden" "Mozilla/5.0 (compatible; MSIE 9.0; Windows NT 6.1; WOW64; Trident/5.0)"
80.123.225.36 - - [07/Dec/2018:13:52:35 +0100] "GET /css/themes/alphacube/top_right.gif HTTP/1.1" 200 972 "http://renault.activities.at/result?searchterm=true&search=stunden" "Mozilla/5.0 (compatible; MSIE 9.0; Windows NT 6.1; WOW64; Trident/5.0)"
80.123.225.36 - - [07/Dec/2018:13:52:35 +0100] "GET /css/themes/alphacube/bottom_right-c.gif HTTP/1.1" 200 62 "http://renault.activities.at/result?searchterm=true&search=stunden" "Mozilla/5.0 (compatible; MSIE 9.0; Windows NT 6.1; WOW64; Trident/5.0)"
80.123.225.36 - - [07/Dec/2018:13:52:35 +0100] "GET /css/themes/alphacube/bottom_left-c.gif HTTP/1.1" 200 62 "http://renault.activities.at/result?searchterm=true&search=stunden" "Mozilla/5.0 (compatible; MSIE 9.0; Windows NT 6.1; WOW64; Trident/5.0)"
80.123.225.36 - - [07/Dec/2018:13:52:35 +0100] "GET /717558?print=true HTTP/1.1" 200 2643 "http://renault.activities.at/result?searchterm=true&search=stunden" "Mozilla/5.0 (compatible; MSIE 9.0; Windows NT 6.1; WOW64; Trident/5.0)"
80.123.225.36 - - [07/Dec/2018:13:52:38 +0100] "GET /js/index.php?c=auto&f=,prototype/prototype.js,prototype/validation.js,scriptaculous/builder.js,scriptaculous/effects.js,scriptaculous/dragdrop.js,scriptaculous/controls.js,scriptaculous/slider.js,varien/js.js,varien/form.js,varien/menu.js,mage/translate.js,mage/cookies.js,varien/product.js,spinner/SpinnerControl.jsmin.js,prototype/window.js,prototype/window_ext.js HTTP/1.1" 304 - "http://renault.activities.at/717558?print=true" "Mozilla/5.0 (compatible; MSIE 9.0; Windows NT 6.1; WOW64; Trident/5.0)"
80.123.225.36 - - [07/Dec/2018:13:52:38 +0100] "GET /js/magiczoom/magiczoom.css HTTP/1.1" 200 1210 "http://renault.activities.at/717558?print=true" "Mozilla/5.0 (compatible; MSIE 9.0; Windows NT 6.1; WOW64; Trident/5.0)"
80.123.225.36 - - [07/Dec/2018:13:52:38 +0100] "GET /js/Produkt.js HTTP/1.1" 200 852 "http://renault.activities.at/717558?print=true" "Mozilla/5.0 (compatible; MSIE 9.0; Windows NT 6.1; WOW64; Trident/5.0)"
80.123.225.36 - - [07/Dec/2018:13:52:38 +0100] "GET /js/magiczoom/magiczoom.js HTTP/1.1" 200 26397 "http://renault.activities.at/717558?print=true" "Mozilla/5.0 (compatible; MSIE 9.0; Windows NT 6.1; WOW64; Trident/5.0)"
80.123.225.36 - - [07/Dec/2018:13:52:38 +0100] "GET /loadthumbnail.php?id=10260224&width=250 HTTP/1.1" 200 9352 "http://renault.activities.at/717558?print=true" "Mozilla/5.0 (compatible; MSIE 9.0; Windows NT 6.1; WOW64; Trident/5.0)"
212.152.246.132 - - [07/Dec/2018:13:52:38 +0100] "GET /reload?ser=1544187156031 HTTP/1.1" 200 28 "http://renault.activities.at/" "Mozilla/5.0 (Windows NT 10.0; WOW64; Trident/7.0; rv:11.0) like Gecko"
80.123.225.36 - - [07/Dec/2018:13:52:38 +0100] "GET /loadthumbnail.php?id=10260224&width=900&height=900 HTTP/1.1" 200 31041 "http://renault.activities.at/717558?print=true" "Mozilla/5.0 (compatible; MSIE 9.0; Windows NT 6.1; WOW64; Trident/5.0)"
80.123.225.36 - - [07/Dec/2018:13:52:39 +0100] "GET /js/magiczoom/graphics/hint.gif HTTP/1.1" 200 73 "http://renault.activities.at/717558?print=true" "Mozilla/5.0 (compatible; MSIE 9.0; Windows NT 6.1; WOW64; Trident/5.0)"
80.123.225.36 - - [07/Dec/2018:13:52:39 +0100] "GET /graphics/zoomin.cur HTTP/1.1" 200 3633 "http://renault.activities.at/717558?print=true" "Mozilla/5.0 (compatible; MSIE 9.0; Windows NT 6.1; WOW64; Trident/5.0)"
80.123.225.36 - - [07/Dec/2018:13:52:39 +0100] "GET /graphics/zoomin.cur HTTP/1.1" 200 3633 "http://renault.activities.at/717558?print=true" "Mozilla/5.0 (compatible; MSIE 9.0; Windows NT 6.1; WOW64; Trident/5.0)"
80.123.225.36 - - [07/Dec/2018:13:52:39 +0100] "GET /graphics/zoomin.cur HTTP/1.1" 200 3633 "http://renault.activities.at/717558?print=true" "Mozilla/5.0 (compatible; MSIE 9.0; Windows NT 6.1; WOW64; Trident/5.0)"
80.123.225.36 - - [07/Dec/2018:13:52:40 +0100] "GET /graphics/zoomin.cur HTTP/1.1" 200 3633 "http://renault.activities.at/717558?print=true" "Mozilla/5.0 (compatible; MSIE 9.0; Windows NT 6.1; WOW64; Trident/5.0)"
80.123.225.36 - - [07/Dec/2018:13:52:40 +0100] "GET /graphics/zoomin.cur HTTP/1.1" 200 3633 "http://renault.activities.at/717558?print=true" "Mozilla/5.0 (compatible; MSIE 9.0; Windows NT 6.1; WOW64; Trident/5.0)"
80.123.225.36 - - [07/Dec/2018:13:52:40 +0100] "GET /graphics/zoomin.cur HTTP/1.1" 200 3633 "http://renault.activities.at/717558?print=true" "Mozilla/5.0 (compatible; MSIE 9.0; Windows NT 6.1; WOW64; Trident/5.0)"
80.123.225.36 - - [07/Dec/2018:13:52:41 +0100] "GET /graphics/zoomin.cur HTTP/1.1" 200 3633 "http://renault.activities.at/717558?print=true" "Mozilla/5.0 (compatible; MSIE 9.0; Windows NT 6.1; WOW64; Trident/5.0)"
80.123.225.36 - - [07/Dec/2018:13:52:40 +0100] "GET /graphics/zoomin.cur HTTP/1.1" 200 3633 "http://renault.activities.at/717558?print=true" "Mozilla/5.0 (compatible; MSIE 9.0; Windows NT 6.1; WOW64; Trident/5.0)"
80.123.225.36 - - [07/Dec/2018:13:52:42 +0100] "GET /graphics/zoomin.cur HTTP/1.1" 200 3633 "http://renault.activities.at/717558?print=true" "Mozilla/5.0 (compatible; MSIE 9.0; Windows NT 6.1; WOW64; Trident/5.0)"
80.123.225.36 - - [07/Dec/2018:13:52:40 +0100] "GET /graphics/zoomin.cur HTTP/1.1" 200 3633 "http://renault.activities.at/717558?print=true" "Mozilla/5.0 (compatible; MSIE 9.0; Windows NT 6.1; WOW64; Trident/5.0)"
80.123.225.36 - - [07/Dec/2018:13:52:40 +0100] "GET /graphics/zoomin.cur HTTP/1.1" 200 3633 "http://renault.activities.at/717558?print=true" "Mozilla/5.0 (compatible; MSIE 9.0; Windows NT 6.1; WOW64; Trident/5.0)"
80.123.225.36 - - [07/Dec/2018:13:52:41 +0100] "GET /graphics/zoomin.cur HTTP/1.1" 200 3633 "http://renault.activities.at/717558?print=true" "Mozilla/5.0 (compatible; MSIE 9.0; Windows NT 6.1; WOW64; Trident/5.0)"
80.123.225.36 - - [07/Dec/2018:13:52:44 +0100] "GET /graphics/zoomin.cur HTTP/1.1" 200 3633 "http://renault.activities.at/717558?print=true" "Mozilla/5.0 (compatible; MSIE 9.0; Windows NT 6.1; WOW64; Trident/5.0)"
80.123.225.36 - - [07/Dec/2018:13:52:44 +0100] "GET /graphics/zoomin.cur HTTP/1.1" 200 3633 "http://renault.activities.at/717558?print=true" "Mozilla/5.0 (compatible; MSIE 9.0; Windows NT 6.1; WOW64; Trident/5.0)"
80.123.225.36 - - [07/Dec/2018:13:52:44 +0100] "GET /graphics/zoomin.cur HTTP/1.1" 200 3633 "http://renault.activities.at/717558?print=true" "Mozilla/5.0 (compatible; MSIE 9.0; Windows NT 6.1; WOW64; Trident/5.0)"
80.123.225.36 - - [07/Dec/2018:13:52:43 +0100] "GET /graphics/zoomin.cur HTTP/1.1" 200 3633 "http://renault.activities.at/717558?print=true" "Mozilla/5.0 (compatible; MSIE 9.0; Windows NT 6.1; WOW64; Trident/5.0)"
80.123.225.36 - - [07/Dec/2018:13:52:43 +0100] "GET /graphics/zoomin.cur HTTP/1.1" 200 3633 "http://renault.activities.at/717558?print=true" "Mozilla/5.0 (compatible; MSIE 9.0; Windows NT 6.1; WOW64; Trident/5.0)"
80.123.225.36 - - [07/Dec/2018:13:52:41 +0100] "GET /graphics/zoomin.cur HTTP/1.1" 200 3633 "http://renault.activities.at/717558?print=true" "Mozilla/5.0 (compatible; MSIE 9.0; Windows NT 6.1; WOW64; Trident/5.0)"
80.123.225.36 - - [07/Dec/2018:13:52:47 +0100] "GET /graphics/zoomin.cur HTTP/1.1" 200 3633 "http://renault.activities.at/717558?print=true" "Mozilla/5.0 (compatible; MSIE 9.0; Windows NT 6.1; WOW64; Trident/5.0)"
89.16.198.102 - - [07/Dec/2018:13:53:03 +0100] "GET /reload?ser=1544187192573 HTTP/1.1" 200 28 "http://renault.activities.at/success" "Mozilla/5.0 (Windows NT 6.1; WOW64; rv:50.0) Gecko/20100101 Firefox/50.0"
80.123.225.36 - - [07/Dec/2018:13:52:48 +0100] "GET /graphics/zoomin.cur HTTP/1.1" 200 3633 "http://renault.activities.at/717558?print=true" "Mozilla/5.0 (compatible; MSIE 9.0; Windows NT 6.1; WOW64; Trident/5.0)"
80.123.225.36 - - [07/Dec/2018:13:52:41 +0100] "GET /graphics/zoomin.cur HTTP/1.1" 200 3633 "http://renault.activities.at/717558?print=true" "Mozilla/5.0 (compatible; MSIE 9.0; Windows NT 6.1; WOW64; Trident/5.0)"
213.153.47.173 - - [07/Dec/2018:13:53:06 +0100] "GET /reload?ser=1544187186827 HTTP/1.1" 200 28 "http://renault.activities.at/login?required=true" "Mozilla/5.0 (Windows NT 10.0; Win64; x64; rv:63.0) Gecko/20100101 Firefox/63.0"
80.123.225.36 - - [07/Dec/2018:13:52:48 +0100] "GET /graphics/zoomin.cur HTTP/1.1" 200 3633 "http://renault.activities.at/717558?print=true" "Mozilla/5.0 (compatible; MSIE 9.0; Windows NT 6.1; WOW64; Trident/5.0)"
80.123.225.36 - - [07/Dec/2018:13:52:48 +0100] "GET /graphics/zoomin.cur HTTP/1.1" 200 3633 "http://renault.activities.at/717558?print=true" "Mozilla/5.0 (compatible; MSIE 9.0; Windows NT 6.1; WOW64; Trident/5.0)"
80.123.225.36 - - [07/Dec/2018:13:52:51 +0100] "GET /11788485?print=true HTTP/1.1" 200 2667 "http://renault.activities.at/result?searchterm=true&search=stunden" "Mozilla/5.0 (compatible; MSIE 9.0; Windows NT 6.1; WOW64; Trident/5.0)"
80.123.225.36 - - [07/Dec/2018:13:52:47 +0100] "GET /graphics/zoomin.cur HTTP/1.1" 200 3633 "http://renault.activities.at/717558?print=true" "Mozilla/5.0 (compatible; MSIE 9.0; Windows NT 6.1; WOW64; Trident/5.0)"
80.123.225.36 - - [07/Dec/2018:13:52:48 +0100] "GET /graphics/zoomin.cur HTTP/1.1" 200 3633 "http://renault.activities.at/717558?print=true" "Mozilla/5.0 (compatible; MSIE 9.0; Windows NT 6.1; WOW64; Trident/5.0)"
80.123.225.36 - - [07/Dec/2018:13:52:48 +0100] "GET /graphics/zoomin.cur HTTP/1.1" 200 3633 "http://renault.activities.at/717558?print=true" "Mozilla/5.0 (compatible; MSIE 9.0; Windows NT 6.1; WOW64; Trident/5.0)"
80.123.225.36 - - [07/Dec/2018:13:52:48 +0100] "GET /graphics/zoomin.cur HTTP/1.1" 200 3633 "http://renault.activities.at/717558?print=true" "Mozilla/5.0 (compatible; MSIE 9.0; Windows NT 6.1; WOW64; Trident/5.0)"
80.123.225.36 - - [07/Dec/2018:13:52:42 +0100] "GET /graphics/zoomin.cur HTTP/1.1" 200 3633 "http://renault.activities.at/717558?print=true" "Mozilla/5.0 (compatible; MSIE 9.0; Windows NT 6.1; WOW64; Trident/5.0)"
80.123.225.36 - - [07/Dec/2018:13:52:48 +0100] "GET /graphics/zoomin.cur HTTP/1.1" 200 3633 "http://renault.activities.at/717558?print=true" "Mozilla/5.0 (compatible; MSIE 9.0; Windows NT 6.1; WOW64; Trident/5.0)"
80.123.225.36 - - [07/Dec/2018:13:52:48 +0100] "GET /graphics/zoomin.cur HTTP/1.1" 200 3633 "http://renault.activities.at/717558?print=true" "Mozilla/5.0 (compatible; MSIE 9.0; Windows NT 6.1; WOW64; Trident/5.0)"
80.123.225.36 - - [07/Dec/2018:13:52:50 +0100] "GET /null HTTP/1.1" 200 3633 "http://renault.activities.at/result?searchterm=true&search=stunden" "Mozilla/5.0 (compatible; MSIE 9.0; Windows NT 6.1; WOW64; Trident/5.0)"
80.123.225.36 - - [07/Dec/2018:13:53:20 +0100] "GET /js/index.php?c=auto&f=,prototype/prototype.js,prototype/validation.js,scriptaculous/builder.js,scriptaculous/effects.js,scriptaculous/dragdrop.js,scriptaculous/controls.js,scriptaculous/slider.js,varien/js.js,varien/form.js,varien/menu.js,mage/translate.js,mage/cookies.js,varien/product.js,spinner/SpinnerControl.jsmin.js,prototype/window.js,prototype/window_ext.js HTTP/1.1" 304 - "http://renault.activities.at/null" "Mozilla/5.0 (compatible; MSIE 9.0; Windows NT 6.1; WOW64; Trident/5.0)"
80.123.225.36 - - [07/Dec/2018:13:52:49 +0100] "GET /graphics/zoomin.cur HTTP/1.1" 200 3633 "http://renault.activities.at/717558?print=true" "Mozilla/5.0 (compatible; MSIE 9.0; Windows NT 6.1; WOW64; Trident/5.0)"
80.123.225.36 - - [07/Dec/2018:13:52:47 +0100] "GET /graphics/zoomin.cur HTTP/1.1" 200 3633 "http://renault.activities.at/717558?print=true" "Mozilla/5.0 (compatible; MSIE 9.0; Windows NT 6.1; WOW64; Trident/5.0)"
80.123.225.36 - - [07/Dec/2018:13:52:48 +0100] "GET /graphics/zoomin.cur HTTP/1.1" 200 3633 "http://renault.activities.at/717558?print=true" "Mozilla/5.0 (compatible; MSIE 9.0; Windows NT 6.1; WOW64; Trident/5.0)"
80.123.225.36 - - [07/Dec/2018:13:52:41 +0100] "GET /graphics/zoomin.cur HTTP/1.1" 200 3633 "http://renault.activities.at/717558?print=true" "Mozilla/5.0 (compatible; MSIE 9.0; Windows NT 6.1; WOW64; Trident/5.0)"
80.123.225.36 - - [07/Dec/2018:13:52:44 +0100] "GET /graphics/zoomin.cur HTTP/1.1" 200 3633 "http://renault.activities.at/717558?print=true" "Mozilla/5.0 (compatible; MSIE 9.0; Windows NT 6.1; WOW64; Trident/5.0)"
80.123.225.36 - - [07/Dec/2018:13:52:48 +0100] "GET /graphics/zoomin.cur HTTP/1.1" 200 3633 "http://renault.activities.at/717558?print=true" "Mozilla/5.0 (compatible; MSIE 9.0; Windows NT 6.1; WOW64; Trident/5.0)"
80.123.225.36 - - [07/Dec/2018:13:52:48 +0100] "GET /graphics/zoomin.cur HTTP/1.1" 200 3633 "http://renault.activities.at/717558?print=true" "Mozilla/5.0 (compatible; MSIE 9.0; Windows NT 6.1; WOW64; Trident/5.0)"
80.123.225.36 - - [07/Dec/2018:13:52:48 +0100] "GET /graphics/zoomin.cur HTTP/1.1" 200 3633 "http://renault.activities.at/717558?print=true" "Mozilla/5.0 (compatible; MSIE 9.0; Windows NT 6.1; WOW64; Trident/5.0)"
80.123.225.36 - - [07/Dec/2018:13:52:48 +0100] "GET /graphics/zoomin.cur HTTP/1.1" 200 3633 "http://renault.activities.at/717558?print=true" "Mozilla/5.0 (compatible; MSIE 9.0; Windows NT 6.1; WOW64; Trident/5.0)"
138.21.12.22 - - [07/Dec/2018:13:53:30 +0100] "GET /reload?ser=1544187210630 HTTP/1.1" 200 28 "http://renault.2web.at/11914008" "Mozilla/5.0 (Windows NT 6.1; WOW64; Trident/7.0; rv:11.0) like Gecko"
80.123.225.36 - - [07/Dec/2018:13:52:50 +0100] "GET /graphics/zoomin.cur HTTP/1.1" 200 3633 "http://renault.activities.at/717558?print=true" "Mozilla/5.0 (compatible; MSIE 9.0; Windows NT 6.1; WOW64; Trident/5.0)"
80.123.225.36 - - [07/Dec/2018:13:52:48 +0100] "GET /graphics/zoomin.cur HTTP/1.1" 200 3633 "http://renault.activities.at/717558?print=true" "Mozilla/5.0 (compatible; MSIE 9.0; Windows NT 6.1; WOW64; Trident/5.0)"
80.123.225.36 - - [07/Dec/2018:13:52:50 +0100] "GET /graphics/zoomin.cur HTTP/1.1" 200 3633 "http://renault.activities.at/717558?print=true" "Mozilla/5.0 (compatible; MSIE 9.0; Windows NT 6.1; WOW64; Trident/5.0)"
80.123.225.36 - - [07/Dec/2018:13:52:48 +0100] "GET /graphics/zoomin.cur HTTP/1.1" 200 3633 "http://renault.activities.at/717558?print=true" "Mozilla/5.0 (compatible; MSIE 9.0; Windows NT 6.1; WOW64; Trident/5.0)"
80.123.225.36 - - [07/Dec/2018:13:52:44 +0100] "GET /graphics/zoomin.cur HTTP/1.1" 200 3633 "http://renault.activities.at/717558?print=true" "Mozilla/5.0 (compatible; MSIE 9.0; Windows NT 6.1; WOW64; Trident/5.0)"
80.123.225.36 - - [07/Dec/2018:13:52:43 +0100] "GET /graphics/zoomin.cur HTTP/1.1" 200 3633 "http://renault.activities.at/717558?print=true" "Mozilla/5.0 (compatible; MSIE 9.0; Windows NT 6.1; WOW64; Trident/5.0)"
80.123.225.36 - - [07/Dec/2018:13:52:48 +0100] "GET /graphics/zoomin.cur HTTP/1.1" 200 3633 "http://renault.activities.at/717558?print=true" "Mozilla/5.0 (compatible; MSIE 9.0; Windows NT 6.1; WOW64; Trident/5.0)"
212.152.246.132 - - [07/Dec/2018:13:53:38 +0100] "GET /reload?ser=1544187216692 HTTP/1.1" 200 28 "http://renault.activities.at/" "Mozilla/5.0 (Windows NT 10.0; WOW64; Trident/7.0; rv:11.0) like Gecko"
80.123.225.36 - - [07/Dec/2018:13:52:49 +0100] "GET /graphics/zoomin.cur HTTP/1.1" 200 3633 "http://renault.activities.at/717558?print=true" "Mozilla/5.0 (compatible; MSIE 9.0; Windows NT 6.1; WOW64; Trident/5.0)"
80.123.225.36 - - [07/Dec/2018:13:52:44 +0100] "GET /graphics/zoomin.cur HTTP/1.1" 200 3633 "http://renault.activities.at/717558?print=true" "Mozilla/5.0 (compatible; MSIE 9.0; Windows NT 6.1; WOW64; Trident/5.0)"
80.123.225.36 - - [07/Dec/2018:13:53:26 +0100] "GET /reload?ser=1544187208967 HTTP/1.1" 200 28 "http://renault.activities.at/result?searchterm=true&search=stunden" "Mozilla/5.0 (compatible; MSIE 9.0; Windows NT 6.1; WOW64; Trident/5.0)"
80.123.225.36 - - [07/Dec/2018:13:52:48 +0100] "GET /graphics/zoomin.cur HTTP/1.1" 200 3633 "http://renault.activities.at/717558?print=true" "Mozilla/5.0 (compatible; MSIE 9.0; Windows NT 6.1; WOW64; Trident/5.0)"
80.123.225.36 - - [07/Dec/2018:13:53:05 +0100] "GET /null HTTP/1.1" 200 3633 "http://renault.activities.at/result?searchterm=true&search=stunden" "Mozilla/5.0 (compatible; MSIE 9.0; Windows NT 6.1; WOW64; Trident/5.0)"
80.123.225.36 - - [07/Dec/2018:13:53:44 +0100] "GET /js/index.php?c=auto&f=,prototype/prototype.js,prototype/validation.js,scriptaculous/builder.js,scriptaculous/effects.js,scriptaculous/dragdrop.js,scriptaculous/controls.js,scriptaculous/slider.js,varien/js.js,varien/form.js,varien/menu.js,mage/translate.js,mage/cookies.js,varien/product.js,spinner/SpinnerControl.jsmin.js,prototype/window.js,prototype/window_ext.js HTTP/1.1" 304 - "http://renault.activities.at/null" "Mozilla/5.0 (compatible; MSIE 9.0; Windows NT 6.1; WOW64; Trident/5.0)"
80.123.225.36 - - [07/Dec/2018:13:52:48 +0100] "GET /graphics/zoomin.cur HTTP/1.1" 200 3633 "http://renault.activities.at/717558?print=true" "Mozilla/5.0 (compatible; MSIE 9.0; Windows NT 6.1; WOW64; Trident/5.0)"
89.16.198.102 - - [07/Dec/2018:13:54:04 +0100] "GET /reload?ser=1544187253608 HTTP/1.1" 200 28 "http://renault.activities.at/success" "Mozilla/5.0 (Windows NT 6.1; WOW64; rv:50.0) Gecko/20100101 Firefox/50.0"
213.153.47.173 - - [07/Dec/2018:13:54:07 +0100] "GET /reload?ser=1544187247476 HTTP/1.1" 200 28 "http://renault.activities.at/login?required=true" "Mozilla/5.0 (Windows NT 10.0; Win64; x64; rv:63.0) Gecko/20100101 Firefox/63.0"
138.21.12.22 - - [07/Dec/2018:13:54:31 +0100] "GET /reload?ser=1544187271740 HTTP/1.1" 200 28 "http://renault.2web.at/11914008" "Mozilla/5.0 (Windows NT 6.1; WOW64; Trident/7.0; rv:11.0) like Gecko"
212.152.246.132 - - [07/Dec/2018:13:54:39 +0100] "GET /reload?ser=1544187277349 HTTP/1.1" 200 28 "http://renault.activities.at/" "Mozilla/5.0 (Windows NT 10.0; WOW64; Trident/7.0; rv:11.0) like Gecko"
80.123.225.36 - - [07/Dec/2018:13:54:41 +0100] "GET /reload?ser=1544187284020 HTTP/1.1" 200 28 "http://renault.activities.at/result?searchterm=true&search=stunden" "Mozilla/5.0 (compatible; MSIE 9.0; Windows NT 6.1; WOW64; Trident/5.0)"
89.16.198.102 - - [07/Dec/2018:13:55:05 +0100] "GET /reload?ser=1544187314530 HTTP/1.1" 200 28 "http://renault.activities.at/success" "Mozilla/5.0 (Windows NT 6.1; WOW64; rv:50.0) Gecko/20100101 Firefox/50.0"
213.153.47.173 - - [07/Dec/2018:13:55:08 +0100] "GET /reload?ser=1544187308132 HTTP/1.1" 200 28 "http://renault.activities.at/login?required=true" "Mozilla/5.0 (Windows NT 10.0; Win64; x64; rv:63.0) Gecko/20100101 Firefox/63.0"
138.21.12.22 - - [07/Dec/2018:13:55:32 +0100] "GET /reload?ser=1544187332775 HTTP/1.1" 200 28 "http://renault.2web.at/11914008" "Mozilla/5.0 (Windows NT 6.1; WOW64; Trident/7.0; rv:11.0) like Gecko"
212.152.246.132 - - [07/Dec/2018:13:55:40 +0100] "GET /reload?ser=1544187338010 HTTP/1.1" 200 28 "http://renault.activities.at/" "Mozilla/5.0 (Windows NT 10.0; WOW64; Trident/7.0; rv:11.0) like Gecko"
80.123.225.36 - - [07/Dec/2018:13:55:42 +0100] "GET /reload?ser=1544187344985 HTTP/1.1" 200 28 "http://renault.activities.at/result?searchterm=true&search=stunden" "Mozilla/5.0 (compatible; MSIE 9.0; Windows NT 6.1; WOW64; Trident/5.0)"
89.16.198.102 - - [07/Dec/2018:13:56:06 +0100] "GET /reload?ser=1544187375458 HTTP/1.1" 200 28 "http://renault.activities.at/success" "Mozilla/5.0 (Windows NT 6.1; WOW64; rv:50.0) Gecko/20100101 Firefox/50.0"
213.153.47.173 - - [07/Dec/2018:13:56:08 +0100] "GET /reload?ser=1544187368809 HTTP/1.1" 200 28 "http://renault.activities.at/login?required=true" "Mozilla/5.0 (Windows NT 10.0; Win64; x64; rv:63.0) Gecko/20100101 Firefox/63.0"
138.21.12.22 - - [07/Dec/2018:13:56:33 +0100] "GET /reload?ser=1544187393841 HTTP/1.1" 200 28 "http://renault.2web.at/11914008" "Mozilla/5.0 (Windows NT 6.1; WOW64; Trident/7.0; rv:11.0) like Gecko"
212.152.246.132 - - [07/Dec/2018:13:56:41 +0100] "GET /reload?ser=1544187398706 HTTP/1.1" 200 28 "http://renault.activities.at/" "Mozilla/5.0 (Windows NT 10.0; WOW64; Trident/7.0; rv:11.0) like Gecko"
80.123.225.36 - - [07/Dec/2018:13:56:43 +0100] "GET /reload?ser=1544187405997 HTTP/1.1" 200 28 "http://renault.activities.at/result?searchterm=true&search=stunden" "Mozilla/5.0 (compatible; MSIE 9.0; Windows NT 6.1; WOW64; Trident/5.0)"
89.16.198.102 - - [07/Dec/2018:13:57:06 +0100] "GET /reload?ser=1544187436415 HTTP/1.1" 200 28 "http://renault.activities.at/success" "Mozilla/5.0 (Windows NT 6.1; WOW64; rv:50.0) Gecko/20100101 Firefox/50.0"
213.153.47.173 - - [07/Dec/2018:13:57:09 +0100] "GET /reload?ser=1544187429466 HTTP/1.1" 200 28 "http://renault.activities.at/login?required=true" "Mozilla/5.0 (Windows NT 10.0; Win64; x64; rv:63.0) Gecko/20100101 Firefox/63.0"
138.21.12.22 - - [07/Dec/2018:13:57:34 +0100] "GET /reload?ser=1544187454876 HTTP/1.1" 200 28 "http://renault.2web.at/11914008" "Mozilla/5.0 (Windows NT 6.1; WOW64; Trident/7.0; rv:11.0) like Gecko"
212.152.246.132 - - [07/Dec/2018:13:57:41 +0100] "GET /reload?ser=1544187459369 HTTP/1.1" 200 28 "http://renault.activities.at/" "Mozilla/5.0 (Windows NT 10.0; WOW64; Trident/7.0; rv:11.0) like Gecko"
80.123.225.36 - - [07/Dec/2018:13:57:44 +0100] "GET /reload?ser=1544187466961 HTTP/1.1" 200 28 "http://renault.activities.at/result?searchterm=true&search=stunden" "Mozilla/5.0 (compatible; MSIE 9.0; Windows NT 6.1; WOW64; Trident/5.0)"
89.16.198.102 - - [07/Dec/2018:13:58:07 +0100] "GET /reload?ser=1544187497367 HTTP/1.1" 200 28 "http://renault.activities.at/success" "Mozilla/5.0 (Windows NT 6.1; WOW64; rv:50.0) Gecko/20100101 Firefox/50.0"
213.153.47.173 - - [07/Dec/2018:13:58:10 +0100] "GET /reload?ser=1544187490116 HTTP/1.1" 200 28 "http://renault.activities.at/login?required=true" "Mozilla/5.0 (Windows NT 10.0; Win64; x64; rv:63.0) Gecko/20100101 Firefox/63.0"
138.21.12.22 - - [07/Dec/2018:13:58:35 +0100] "GET /reload?ser=1544187515952 HTTP/1.1" 200 28 "http://renault.2web.at/11914008" "Mozilla/5.0 (Windows NT 6.1; WOW64; Trident/7.0; rv:11.0) like Gecko"
212.152.246.132 - - [07/Dec/2018:13:58:42 +0100] "GET /reload?ser=1544187520035 HTTP/1.1" 200 28 "http://renault.activities.at/" "Mozilla/5.0 (Windows NT 10.0; WOW64; Trident/7.0; rv:11.0) like Gecko"
80.123.225.36 - - [07/Dec/2018:13:58:45 +0100] "GET /reload?ser=1544187527925 HTTP/1.1" 200 28 "http://renault.activities.at/result?searchterm=true&search=stunden" "Mozilla/5.0 (compatible; MSIE 9.0; Windows NT 6.1; WOW64; Trident/5.0)"
89.16.198.102 - - [07/Dec/2018:13:59:08 +0100] "GET /reload?ser=1544187558310 HTTP/1.1" 200 28 "http://renault.activities.at/success" "Mozilla/5.0 (Windows NT 6.1; WOW64; rv:50.0) Gecko/20100101 Firefox/50.0"
213.153.47.173 - - [07/Dec/2018:13:59:10 +0100] "GET /reload?ser=1544187550761 HTTP/1.1" 200 28 "http://renault.activities.at/login?required=true" "Mozilla/5.0 (Windows NT 10.0; Win64; x64; rv:63.0) Gecko/20100101 Firefox/63.0"
138.21.12.22 - - [07/Dec/2018:13:59:36 +0100] "GET /reload?ser=1544187576993 HTTP/1.1" 200 28 "http://renault.2web.at/11914008" "Mozilla/5.0 (Windows NT 6.1; WOW64; Trident/7.0; rv:11.0) like Gecko"
212.152.246.132 - - [07/Dec/2018:13:59:42 +0100] "GET /reload?ser=1544187580696 HTTP/1.1" 200 28 "http://renault.activities.at/" "Mozilla/5.0 (Windows NT 10.0; WOW64; Trident/7.0; rv:11.0) like Gecko"
80.123.225.36 - - [07/Dec/2018:13:59:46 +0100] "GET /reload?ser=1544187588890 HTTP/1.1" 200 28 "http://renault.activities.at/result?searchterm=true&search=stunden" "Mozilla/5.0 (compatible; MSIE 9.0; Windows NT 6.1; WOW64; Trident/5.0)"
89.16.198.102 - - [07/Dec/2018:14:00:09 +0100] "GET /reload?ser=1544187619261 HTTP/1.1" 200 28 "http://renault.activities.at/success" "Mozilla/5.0 (Windows NT 6.1; WOW64; rv:50.0) Gecko/20100101 Firefox/50.0"
213.153.47.173 - - [07/Dec/2018:14:00:11 +0100] "GET /reload?ser=1544187611414 HTTP/1.1" 200 28 "http://renault.activities.at/login?required=true" "Mozilla/5.0 (Windows NT 10.0; Win64; x64; rv:63.0) Gecko/20100101 Firefox/63.0"
138.21.12.22 - - [07/Dec/2018:14:00:38 +0100] "GET /reload?ser=1544187638044 HTTP/1.1" 200 28 "http://renault.2web.at/11914008" "Mozilla/5.0 (Windows NT 6.1; WOW64; Trident/7.0; rv:11.0) like Gecko"
212.152.246.132 - - [07/Dec/2018:14:00:43 +0100] "GET /reload?ser=1544187641354 HTTP/1.1" 200 28 "http://renault.activities.at/" "Mozilla/5.0 (Windows NT 10.0; WOW64; Trident/7.0; rv:11.0) like Gecko"
80.123.225.36 - - [07/Dec/2018:14:00:47 +0100] "GET /reload?ser=1544187649870 HTTP/1.1" 200 28 "http://renault.activities.at/result?searchterm=true&search=stunden" "Mozilla/5.0 (compatible; MSIE 9.0; Windows NT 6.1; WOW64; Trident/5.0)"
89.16.198.102 - - [07/Dec/2018:14:01:10 +0100] "GET /reload?ser=1544187680248 HTTP/1.1" 200 28 "http://renault.activities.at/success" "Mozilla/5.0 (Windows NT 6.1; WOW64; rv:50.0) Gecko/20100101 Firefox/50.0"
213.153.47.173 - - [07/Dec/2018:14:01:12 +0100] "GET /reload?ser=1544187672083 HTTP/1.1" 200 28 "http://renault.activities.at/login?required=true" "Mozilla/5.0 (Windows NT 10.0; Win64; x64; rv:63.0) Gecko/20100101 Firefox/63.0"
138.21.12.22 - - [07/Dec/2018:14:01:39 +0100] "GET /reload?ser=1544187699083 HTTP/1.1" 200 28 "http://renault.2web.at/11914008" "Mozilla/5.0 (Windows NT 6.1; WOW64; Trident/7.0; rv:11.0) like Gecko"
212.152.246.132 - - [07/Dec/2018:14:01:44 +0100] "GET /reload?ser=1544187702016 HTTP/1.1" 200 28 "http://renault.activities.at/" "Mozilla/5.0 (Windows NT 10.0; WOW64; Trident/7.0; rv:11.0) like Gecko"
80.123.225.36 - - [07/Dec/2018:14:01:48 +0100] "GET /reload?ser=1544187710849 HTTP/1.1" 200 28 "http://renault.activities.at/result?searchterm=true&search=stunden" "Mozilla/5.0 (compatible; MSIE 9.0; Windows NT 6.1; WOW64; Trident/5.0)"
89.16.198.102 - - [07/Dec/2018:14:02:11 +0100] "GET /reload?ser=1544187741236 HTTP/1.1" 200 28 "http://renault.activities.at/success" "Mozilla/5.0 (Windows NT 6.1; WOW64; rv:50.0) Gecko/20100101 Firefox/50.0"
213.153.47.173 - - [07/Dec/2018:14:02:12 +0100] "GET /reload?ser=1544187732727 HTTP/1.1" 200 28 "http://renault.activities.at/login?required=true" "Mozilla/5.0 (Windows NT 10.0; Win64; x64; rv:63.0) Gecko/20100101 Firefox/63.0"
138.21.12.22 - - [07/Dec/2018:14:02:40 +0100] "GET /reload?ser=1544187760159 HTTP/1.1" 200 28 "http://renault.2web.at/11914008" "Mozilla/5.0 (Windows NT 6.1; WOW64; Trident/7.0; rv:11.0) like Gecko"
212.152.246.132 - - [07/Dec/2018:14:02:45 +0100] "GET /reload?ser=1544187762680 HTTP/1.1" 200 28 "http://renault.activities.at/" "Mozilla/5.0 (Windows NT 10.0; WOW64; Trident/7.0; rv:11.0) like Gecko"
80.123.225.36 - - [07/Dec/2018:14:02:49 +0100] "GET /reload?ser=1544187771794 HTTP/1.1" 200 28 "http://renault.activities.at/result?searchterm=true&search=stunden" "Mozilla/5.0 (compatible; MSIE 9.0; Windows NT 6.1; WOW64; Trident/5.0)"
89.16.198.102 - - [07/Dec/2018:14:03:12 +0100] "GET /reload?ser=1544187802214 HTTP/1.1" 200 28 "http://renault.activities.at/success" "Mozilla/5.0 (Windows NT 6.1; WOW64; rv:50.0) Gecko/20100101 Firefox/50.0"
213.153.47.173 - - [07/Dec/2018:14:03:13 +0100] "GET /reload?ser=1544187793369 HTTP/1.1" 200 28 "http://renault.activities.at/login?required=true" "Mozilla/5.0 (Windows NT 10.0; Win64; x64; rv:63.0) Gecko/20100101 Firefox/63.0"
178.188.57.42 - - [07/Dec/2018:14:03:33 +0100] "GET /login?required=true HTTP/1.1" 200 2086 "-" "Mozilla/5.0 (Windows NT 6.1; WOW64; Trident/7.0; rv:11.0) like Gecko"
178.188.57.42 - - [07/Dec/2018:14:03:34 +0100] "GET /images/main_block_border.gif HTTP/1.1" 200 43 "http://renault.activities.at/login?required=true" "Mozilla/5.0 (Windows NT 6.1; WOW64; Trident/7.0; rv:11.0) like Gecko"
178.188.57.42 - - [07/Dec/2018:14:03:34 +0100] "GET /images/main_block_corner_left_top.gif HTTP/1.1" 200 159 "http://renault.activities.at/login?required=true" "Mozilla/5.0 (Windows NT 6.1; WOW64; Trident/7.0; rv:11.0) like Gecko"
178.188.57.42 - - [07/Dec/2018:14:03:34 +0100] "GET /images/main_block_corner_right_top.gif HTTP/1.1" 200 159 "http://renault.activities.at/login?required=true" "Mozilla/5.0 (Windows NT 6.1; WOW64; Trident/7.0; rv:11.0) like Gecko"
178.188.57.42 - - [07/Dec/2018:14:03:34 +0100] "GET /images/main_block_corner_left_bot.gif HTTP/1.1" 200 159 "http://renault.activities.at/login?required=true" "Mozilla/5.0 (Windows NT 6.1; WOW64; Trident/7.0; rv:11.0) like Gecko"
178.188.57.42 - - [07/Dec/2018:14:03:34 +0100] "GET /images/main_block_corner_right_bot.gif HTTP/1.1" 200 158 "http://renault.activities.at/login?required=true" "Mozilla/5.0 (Windows NT 6.1; WOW64; Trident/7.0; rv:11.0) like Gecko"
178.188.57.42 - - [07/Dec/2018:14:03:34 +0100] "GET /images/header_block_border.gif HTTP/1.1" 200 43 "http://renault.activities.at/login?required=true" "Mozilla/5.0 (Windows NT 6.1; WOW64; Trident/7.0; rv:11.0) like Gecko"
178.188.57.42 - - [07/Dec/2018:14:03:34 +0100] "GET /images/header_block_corner_left_top.gif HTTP/1.1" 200 160 "http://renault.activities.at/login?required=true" "Mozilla/5.0 (Windows NT 6.1; WOW64; Trident/7.0; rv:11.0) like Gecko"
178.188.57.42 - - [07/Dec/2018:14:03:34 +0100] "GET /images/header_block_corner_right_top.gif HTTP/1.1" 200 160 "http://renault.activities.at/login?required=true" "Mozilla/5.0 (Windows NT 6.1; WOW64; Trident/7.0; rv:11.0) like Gecko"
178.188.57.42 - - [07/Dec/2018:14:03:34 +0100] "GET /images/title_border.jpg HTTP/1.1" 200 304 "http://renault.activities.at/login?required=true" "Mozilla/5.0 (Windows NT 6.1; WOW64; Trident/7.0; rv:11.0) like Gecko"
178.188.57.42 - - [07/Dec/2018:14:03:34 +0100] "GET /images/title_border_top.jpg HTTP/1.1" 200 336 "http://renault.activities.at/login?required=true" "Mozilla/5.0 (Windows NT 6.1; WOW64; Trident/7.0; rv:11.0) like Gecko"
178.188.57.42 - - [07/Dec/2018:14:03:34 +0100] "GET /images/title_corner_left_top.jpg HTTP/1.1" 200 372 "http://renault.activities.at/login?required=true" "Mozilla/5.0 (Windows NT 6.1; WOW64; Trident/7.0; rv:11.0) like Gecko"
178.188.57.42 - - [07/Dec/2018:14:03:34 +0100] "GET /images/title_corner_right_top.jpg HTTP/1.1" 200 389 "http://renault.activities.at/login?required=true" "Mozilla/5.0 (Windows NT 6.1; WOW64; Trident/7.0; rv:11.0) like Gecko"
178.188.57.42 - - [07/Dec/2018:14:03:34 +0100] "GET /images/button_left_bg.gif HTTP/1.1" 200 564 "http://renault.activities.at/login?required=true" "Mozilla/5.0 (Windows NT 6.1; WOW64; Trident/7.0; rv:11.0) like Gecko"
178.188.57.42 - - [07/Dec/2018:14:03:34 +0100] "GET /images/button_right_bg.gif HTTP/1.1" 200 561 "http://renault.activities.at/login?required=true" "Mozilla/5.0 (Windows NT 6.1; WOW64; Trident/7.0; rv:11.0) like Gecko"
178.188.57.42 - - [07/Dec/2018:14:03:34 +0100] "GET /images/button_bg.gif HTTP/1.1" 200 151 "http://renault.activities.at/login?required=true" "Mozilla/5.0 (Windows NT 6.1; WOW64; Trident/7.0; rv:11.0) like Gecko"
178.188.57.42 - - [07/Dec/2018:14:03:34 +0100] "GET /loadthumbnail.php?id=11127982 HTTP/1.1" 200 399614 "http://renault.activities.at/login?required=true" "Mozilla/5.0 (Windows NT 6.1; WOW64; Trident/7.0; rv:11.0) like Gecko"
138.21.12.22 - - [07/Dec/2018:14:03:41 +0100] "GET /reload?ser=1544187821277 HTTP/1.1" 200 28 "http://renault.2web.at/11914008" "Mozilla/5.0 (Windows NT 6.1; WOW64; Trident/7.0; rv:11.0) like Gecko"
212.152.246.132 - - [07/Dec/2018:14:03:45 +0100] "GET /reload?ser=1544187823370 HTTP/1.1" 200 28 "http://renault.activities.at/" "Mozilla/5.0 (Windows NT 10.0; WOW64; Trident/7.0; rv:11.0) like Gecko"
80.123.225.36 - - [07/Dec/2018:14:03:50 +0100] "GET /reload?ser=1544187832778 HTTP/1.1" 200 28 "http://renault.activities.at/result?searchterm=true&search=stunden" "Mozilla/5.0 (compatible; MSIE 9.0; Windows NT 6.1; WOW64; Trident/5.0)"
213.153.47.173 - - [07/Dec/2018:14:04:14 +0100] "GET /reload?ser=1544187854039 HTTP/1.1" 200 28 "http://renault.activities.at/login?required=true" "Mozilla/5.0 (Windows NT 10.0; Win64; x64; rv:63.0) Gecko/20100101 Firefox/63.0"
89.16.198.102 - - [07/Dec/2018:14:04:13 +0100] "GET /reload?ser=1544187863282 HTTP/1.1" 200 28 "http://renault.activities.at/success" "Mozilla/5.0 (Windows NT 6.1; WOW64; rv:50.0) Gecko/20100101 Firefox/50.0"
178.188.57.42 - - [07/Dec/2018:14:04:35 +0100] "GET /reload?ser=1544187875325 HTTP/1.1" 200 28 "http://renault.activities.at/login?required=true" "Mozilla/5.0 (Windows NT 6.1; WOW64; Trident/7.0; rv:11.0) like Gecko"
138.21.12.22 - - [07/Dec/2018:14:04:42 +0100] "GET /reload?ser=1544187882298 HTTP/1.1" 200 28 "http://renault.2web.at/11914008" "Mozilla/5.0 (Windows NT 6.1; WOW64; Trident/7.0; rv:11.0) like Gecko"
212.152.246.132 - - [07/Dec/2018:14:04:46 +0100] "GET /reload?ser=1544187884029 HTTP/1.1" 200 28 "http://renault.activities.at/" "Mozilla/5.0 (Windows NT 10.0; WOW64; Trident/7.0; rv:11.0) like Gecko"
80.123.225.36 - - [07/Dec/2018:14:04:51 +0100] "GET /reload?ser=1544187893758 HTTP/1.1" 200 28 "http://renault.activities.at/result?searchterm=true&search=stunden" "Mozilla/5.0 (compatible; MSIE 9.0; Windows NT 6.1; WOW64; Trident/5.0)"
213.153.47.173 - - [07/Dec/2018:14:05:14 +0100] "GET /reload?ser=1544187914705 HTTP/1.1" 200 28 "http://renault.activities.at/login?required=true" "Mozilla/5.0 (Windows NT 10.0; Win64; x64; rv:63.0) Gecko/20100101 Firefox/63.0"
89.16.198.102 - - [07/Dec/2018:14:05:14 +0100] "GET /reload?ser=1544187924255 HTTP/1.1" 200 28 "http://renault.activities.at/success" "Mozilla/5.0 (Windows NT 6.1; WOW64; rv:50.0) Gecko/20100101 Firefox/50.0"
178.188.57.42 - - [07/Dec/2018:14:05:35 +0100] "GET /reload?ser=1544187935976 HTTP/1.1" 200 28 "http://renault.activities.at/login?required=true" "Mozilla/5.0 (Windows NT 6.1; WOW64; Trident/7.0; rv:11.0) like Gecko"
138.21.12.22 - - [07/Dec/2018:14:05:43 +0100] "GET /reload?ser=1544187943384 HTTP/1.1" 200 28 "http://renault.2web.at/11914008" "Mozilla/5.0 (Windows NT 6.1; WOW64; Trident/7.0; rv:11.0) like Gecko"
212.152.246.132 - - [07/Dec/2018:14:05:46 +0100] "GET /reload?ser=1544187944690 HTTP/1.1" 200 28 "http://renault.activities.at/" "Mozilla/5.0 (Windows NT 10.0; WOW64; Trident/7.0; rv:11.0) like Gecko"
80.123.225.36 - - [07/Dec/2018:14:05:52 +0100] "GET /reload?ser=1544187954723 HTTP/1.1" 200 28 "http://renault.activities.at/result?searchterm=true&search=stunden" "Mozilla/5.0 (compatible; MSIE 9.0; Windows NT 6.1; WOW64; Trident/5.0)"
213.153.47.173 - - [07/Dec/2018:14:06:15 +0100] "GET /reload?ser=1544187975368 HTTP/1.1" 200 28 "http://renault.activities.at/login?required=true" "Mozilla/5.0 (Windows NT 10.0; Win64; x64; rv:63.0) Gecko/20100101 Firefox/63.0"
89.16.198.102 - - [07/Dec/2018:14:06:15 +0100] "GET /reload?ser=1544187985209 HTTP/1.1" 200 28 "http://renault.activities.at/success" "Mozilla/5.0 (Windows NT 6.1; WOW64; rv:50.0) Gecko/20100101 Firefox/50.0"
178.188.57.42 - - [07/Dec/2018:14:06:36 +0100] "GET /reload?ser=1544187996625 HTTP/1.1" 200 28 "http://renault.activities.at/login?required=true" "Mozilla/5.0 (Windows NT 6.1; WOW64; Trident/7.0; rv:11.0) like Gecko"
138.21.12.22 - - [07/Dec/2018:14:06:44 +0100] "GET /reload?ser=1544188004481 HTTP/1.1" 200 28 "http://renault.2web.at/11914008" "Mozilla/5.0 (Windows NT 6.1; WOW64; Trident/7.0; rv:11.0) like Gecko"
212.152.246.132 - - [07/Dec/2018:14:06:47 +0100] "GET /reload?ser=1544188005354 HTTP/1.1" 200 28 "http://renault.activities.at/" "Mozilla/5.0 (Windows NT 10.0; WOW64; Trident/7.0; rv:11.0) like Gecko"
80.123.225.36 - - [07/Dec/2018:14:06:53 +0100] "GET /reload?ser=1544188015687 HTTP/1.1" 200 28 "http://renault.activities.at/result?searchterm=true&search=stunden" "Mozilla/5.0 (compatible; MSIE 9.0; Windows NT 6.1; WOW64; Trident/5.0)"
213.153.47.173 - - [07/Dec/2018:14:07:16 +0100] "GET /reload?ser=1544188036025 HTTP/1.1" 200 28 "http://renault.activities.at/login?required=true" "Mozilla/5.0 (Windows NT 10.0; Win64; x64; rv:63.0) Gecko/20100101 Firefox/63.0"
89.16.198.102 - - [07/Dec/2018:14:07:16 +0100] "GET /reload?ser=1544188046161 HTTP/1.1" 200 28 "http://renault.activities.at/success" "Mozilla/5.0 (Windows NT 6.1; WOW64; rv:50.0) Gecko/20100101 Firefox/50.0"
178.188.57.42 - - [07/Dec/2018:14:07:37 +0100] "GET /reload?ser=1544188057311 HTTP/1.1" 200 28 "http://renault.activities.at/login?required=true" "Mozilla/5.0 (Windows NT 6.1; WOW64; Trident/7.0; rv:11.0) like Gecko"
138.21.12.22 - - [07/Dec/2018:14:07:45 +0100] "GET /reload?ser=1544188065553 HTTP/1.1" 200 28 "http://renault.2web.at/11914008" "Mozilla/5.0 (Windows NT 6.1; WOW64; Trident/7.0; rv:11.0) like Gecko"
212.152.246.132 - - [07/Dec/2018:14:07:48 +0100] "GET /reload?ser=1544188066015 HTTP/1.1" 200 28 "http://renault.activities.at/" "Mozilla/5.0 (Windows NT 10.0; WOW64; Trident/7.0; rv:11.0) like Gecko"
80.123.225.36 - - [07/Dec/2018:14:07:54 +0100] "GET /reload?ser=1544188076708 HTTP/1.1" 200 28 "http://renault.activities.at/result?searchterm=true&search=stunden" "Mozilla/5.0 (compatible; MSIE 9.0; Windows NT 6.1; WOW64; Trident/5.0)"
213.153.47.173 - - [07/Dec/2018:14:08:16 +0100] "GET /reload?ser=1544188096694 HTTP/1.1" 200 28 "http://renault.activities.at/login?required=true" "Mozilla/5.0 (Windows NT 10.0; Win64; x64; rv:63.0) Gecko/20100101 Firefox/63.0"
89.16.198.102 - - [07/Dec/2018:14:08:17 +0100] "GET /reload?ser=1544188107111 HTTP/1.1" 200 28 "http://renault.activities.at/success" "Mozilla/5.0 (Windows NT 6.1; WOW64; rv:50.0) Gecko/20100101 Firefox/50.0"
178.188.57.42 - - [07/Dec/2018:14:08:37 +0100] "GET /reload?ser=1544188117955 HTTP/1.1" 200 28 "http://renault.activities.at/login?required=true" "Mozilla/5.0 (Windows NT 6.1; WOW64; Trident/7.0; rv:11.0) like Gecko"
138.21.12.22 - - [07/Dec/2018:14:08:46 +0100] "GET /reload?ser=1544188126664 HTTP/1.1" 200 28 "http://renault.2web.at/11914008" "Mozilla/5.0 (Windows NT 6.1; WOW64; Trident/7.0; rv:11.0) like Gecko"
212.152.246.132 - - [07/Dec/2018:14:08:49 +0100] "GET /reload?ser=1544188126693 HTTP/1.1" 200 28 "http://renault.activities.at/" "Mozilla/5.0 (Windows NT 10.0; WOW64; Trident/7.0; rv:11.0) like Gecko"
80.123.225.36 - - [07/Dec/2018:14:08:55 +0100] "GET /reload?ser=1544188137685 HTTP/1.1" 200 28 "http://renault.activities.at/result?searchterm=true&search=stunden" "Mozilla/5.0 (compatible; MSIE 9.0; Windows NT 6.1; WOW64; Trident/5.0)"
213.153.47.173 - - [07/Dec/2018:14:09:17 +0100] "GET /reload?ser=1544188157359 HTTP/1.1" 200 28 "http://renault.activities.at/login?required=true" "Mozilla/5.0 (Windows NT 10.0; Win64; x64; rv:63.0) Gecko/20100101 Firefox/63.0"
89.16.198.102 - - [07/Dec/2018:14:09:18 +0100] "GET /reload?ser=1544188168099 HTTP/1.1" 200 28 "http://renault.activities.at/success" "Mozilla/5.0 (Windows NT 6.1; WOW64; rv:50.0) Gecko/20100101 Firefox/50.0"
178.188.57.42 - - [07/Dec/2018:14:09:38 +0100] "GET /reload?ser=1544188178622 HTTP/1.1" 200 28 "http://renault.activities.at/login?required=true" "Mozilla/5.0 (Windows NT 6.1; WOW64; Trident/7.0; rv:11.0) like Gecko"
138.21.12.22 - - [07/Dec/2018:14:09:47 +0100] "GET /reload?ser=1544188187789 HTTP/1.1" 200 28 "http://renault.2web.at/11914008" "Mozilla/5.0 (Windows NT 6.1; WOW64; Trident/7.0; rv:11.0) like Gecko"
212.152.246.132 - - [07/Dec/2018:14:09:49 +0100] "GET /reload?ser=1544188187367 HTTP/1.1" 200 28 "http://renault.activities.at/" "Mozilla/5.0 (Windows NT 10.0; WOW64; Trident/7.0; rv:11.0) like Gecko"
80.123.225.36 - - [07/Dec/2018:14:09:56 +0100] "GET /reload?ser=1544188198637 HTTP/1.1" 200 28 "http://renault.activities.at/result?searchterm=true&search=stunden" "Mozilla/5.0 (compatible; MSIE 9.0; Windows NT 6.1; WOW64; Trident/5.0)"
213.153.47.173 - - [07/Dec/2018:14:10:18 +0100] "GET /reload?ser=1544188218013 HTTP/1.1" 200 28 "http://renault.activities.at/login?required=true" "Mozilla/5.0 (Windows NT 10.0; Win64; x64; rv:63.0) Gecko/20100101 Firefox/63.0"
89.16.198.102 - - [07/Dec/2018:14:10:19 +0100] "GET /reload?ser=1544188229085 HTTP/1.1" 200 28 "http://renault.activities.at/success" "Mozilla/5.0 (Windows NT 6.1; WOW64; rv:50.0) Gecko/20100101 Firefox/50.0"
46.125.250.127 - - [07/Dec/2018:14:10:33 +0100] "GET / HTTP/1.1" 200 3417 "-" "Mozilla/5.0 (iPhone; CPU iPhone OS 12_1 like Mac OS X) AppleWebKit/605.1.15 (KHTML, like Gecko) Version/12.0 Mobile/15E148 Safari/604.1"
46.125.250.127 - - [07/Dec/2018:14:10:34 +0100] "GET /apple-touch-icon-120x120-precomposed.png HTTP/1.1" 200 1559 "-" "MobileSafari/604.1 CFNetwork/975.0.3 Darwin/18.2.0"
46.125.250.127 - - [07/Dec/2018:14:10:35 +0100] "GET /apple-touch-icon-120x120.png HTTP/1.1" 200 1559 "-" "MobileSafari/604.1 CFNetwork/975.0.3 Darwin/18.2.0"
46.125.250.127 - - [07/Dec/2018:14:10:36 +0100] "GET /apple-touch-icon-precomposed.png HTTP/1.1" 200 1559 "-" "MobileSafari/604.1 CFNetwork/975.0.3 Darwin/18.2.0"
46.125.250.127 - - [07/Dec/2018:14:10:37 +0100] "GET /apple-touch-icon.png HTTP/1.1" 200 1559 "-" "MobileSafari/604.1 CFNetwork/975.0.3 Darwin/18.2.0"
46.125.250.127 - - [07/Dec/2018:14:10:38 +0100] "GET /images/favicon.ico HTTP/1.1" 404 305 "-" "MobileSafari/604.1 CFNetwork/975.0.3 Darwin/18.2.0"
46.125.250.127 - - [07/Dec/2018:14:10:39 +0100] "GET /images/favicon.ico HTTP/1.1" 404 305 "-" "MobileSafari/604.1 CFNetwork/975.0.3 Darwin/18.2.0"
46.125.250.127 - - [07/Dec/2018:14:10:39 +0100] "GET /favicon.ico HTTP/1.1" 200 3250 "-" "MobileSafari/604.1 CFNetwork/975.0.3 Darwin/18.2.0"
178.188.57.42 - - [07/Dec/2018:14:10:39 +0100] "GET /reload?ser=1544188239253 HTTP/1.1" 200 28 "http://renault.activities.at/login?required=true" "Mozilla/5.0 (Windows NT 6.1; WOW64; Trident/7.0; rv:11.0) like Gecko"
46.125.250.127 - - [07/Dec/2018:14:10:39 +0100] "GET /apple-touch-icon-120x120-precomposed.png HTTP/1.1" 200 1559 "-" "MobileSafari/604.1 CFNetwork/975.0.3 Darwin/18.2.0"
46.125.250.127 - - [07/Dec/2018:14:10:40 +0100] "GET /apple-touch-icon-120x120.png HTTP/1.1" 200 1559 "-" "MobileSafari/604.1 CFNetwork/975.0.3 Darwin/18.2.0"
46.125.250.127 - - [07/Dec/2018:14:10:41 +0100] "GET /apple-touch-icon-precomposed.png HTTP/1.1" 200 1559 "-" "MobileSafari/604.1 CFNetwork/975.0.3 Darwin/18.2.0"
46.125.250.127 - - [07/Dec/2018:14:10:42 +0100] "GET /apple-touch-icon.png HTTP/1.1" 200 1559 "-" "MobileSafari/604.1 CFNetwork/975.0.3 Darwin/18.2.0"
46.125.250.127 - - [07/Dec/2018:14:10:43 +0100] "GET /images/favicon.ico HTTP/1.1" 404 305 "-" "MobileSafari/604.1 CFNetwork/975.0.3 Darwin/18.2.0"
46.125.250.127 - - [07/Dec/2018:14:10:43 +0100] "GET /images/favicon.ico HTTP/1.1" 404 305 "-" "MobileSafari/604.1 CFNetwork/975.0.3 Darwin/18.2.0"
46.125.250.127 - - [07/Dec/2018:14:10:43 +0100] "GET /favicon.ico HTTP/1.1" 200 3250 "-" "MobileSafari/604.1 CFNetwork/975.0.3 Darwin/18.2.0"
138.21.12.22 - - [07/Dec/2018:14:10:48 +0100] "GET /reload?ser=1544188248843 HTTP/1.1" 200 28 "http://renault.2web.at/11914008" "Mozilla/5.0 (Windows NT 6.1; WOW64; Trident/7.0; rv:11.0) like Gecko"
212.152.246.132 - - [07/Dec/2018:14:10:50 +0100] "GET /reload?ser=1544188248032 HTTP/1.1" 200 28 "http://renault.activities.at/" "Mozilla/5.0 (Windows NT 10.0; WOW64; Trident/7.0; rv:11.0) like Gecko"
80.123.225.36 - - [07/Dec/2018:14:10:57 +0100] "GET /reload?ser=1544188259599 HTTP/1.1" 200 28 "http://renault.activities.at/result?searchterm=true&search=stunden" "Mozilla/5.0 (compatible; MSIE 9.0; Windows NT 6.1; WOW64; Trident/5.0)"
213.153.47.173 - - [07/Dec/2018:14:11:18 +0100] "GET /reload?ser=1544188278670 HTTP/1.1" 200 28 "http://renault.activities.at/login?required=true" "Mozilla/5.0 (Windows NT 10.0; Win64; x64; rv:63.0) Gecko/20100101 Firefox/63.0"
89.16.198.102 - - [07/Dec/2018:14:11:21 +0100] "GET /reload?ser=1544188290088 HTTP/1.1" 200 28 "http://renault.activities.at/success" "Mozilla/5.0 (Windows NT 6.1; WOW64; rv:50.0) Gecko/20100101 Firefox/50.0"
178.188.57.42 - - [07/Dec/2018:14:11:39 +0100] "GET /reload?ser=1544188299904 HTTP/1.1" 200 28 "http://renault.activities.at/login?required=true" "Mozilla/5.0 (Windows NT 6.1; WOW64; Trident/7.0; rv:11.0) like Gecko"
138.21.12.22 - - [07/Dec/2018:14:11:49 +0100] "GET /reload?ser=1544188309893 HTTP/1.1" 200 28 "http://renault.2web.at/11914008" "Mozilla/5.0 (Windows NT 6.1; WOW64; Trident/7.0; rv:11.0) like Gecko"
212.152.246.132 - - [07/Dec/2018:14:11:51 +0100] "GET /reload?ser=1544188308690 HTTP/1.1" 200 28 "http://renault.activities.at/" "Mozilla/5.0 (Windows NT 10.0; WOW64; Trident/7.0; rv:11.0) like Gecko"
80.123.225.36 - - [07/Dec/2018:14:11:58 +0100] "GET /reload?ser=1544188320534 HTTP/1.1" 200 28 "http://renault.activities.at/result?searchterm=true&search=stunden" "Mozilla/5.0 (compatible; MSIE 9.0; Windows NT 6.1; WOW64; Trident/5.0)"
213.153.47.173 - - [07/Dec/2018:14:12:19 +0100] "GET /reload?ser=1544188339320 HTTP/1.1" 200 28 "http://renault.activities.at/login?required=true" "Mozilla/5.0 (Windows NT 10.0; Win64; x64; rv:63.0) Gecko/20100101 Firefox/63.0"
89.16.198.102 - - [07/Dec/2018:14:12:22 +0100] "GET /reload?ser=1544188352017 HTTP/1.1" 200 28 "http://renault.activities.at/success" "Mozilla/5.0 (Windows NT 6.1; WOW64; rv:50.0) Gecko/20100101 Firefox/50.0"
178.188.57.42 - - [07/Dec/2018:14:12:40 +0100] "GET /reload?ser=1544188360547 HTTP/1.1" 200 28 "http://renault.activities.at/login?required=true" "Mozilla/5.0 (Windows NT 6.1; WOW64; Trident/7.0; rv:11.0) like Gecko"
138.21.12.22 - - [07/Dec/2018:14:12:50 +0100] "GET /reload?ser=1544188370941 HTTP/1.1" 200 28 "http://renault.2web.at/11914008" "Mozilla/5.0 (Windows NT 6.1; WOW64; Trident/7.0; rv:11.0) like Gecko"
212.152.246.132 - - [07/Dec/2018:14:12:51 +0100] "GET /reload?ser=1544188369353 HTTP/1.1" 200 28 "http://renault.activities.at/" "Mozilla/5.0 (Windows NT 10.0; WOW64; Trident/7.0; rv:11.0) like Gecko"
80.123.225.36 - - [07/Dec/2018:14:12:59 +0100] "GET /reload?ser=1544188381497 HTTP/1.1" 200 28 "http://renault.activities.at/result?searchterm=true&search=stunden" "Mozilla/5.0 (compatible; MSIE 9.0; Windows NT 6.1; WOW64; Trident/5.0)"
213.153.47.173 - - [07/Dec/2018:14:13:20 +0100] "GET /reload?ser=1544188399998 HTTP/1.1" 200 28 "http://renault.activities.at/login?required=true" "Mozilla/5.0 (Windows NT 10.0; Win64; x64; rv:63.0) Gecko/20100101 Firefox/63.0"
89.16.198.102 - - [07/Dec/2018:14:13:23 +0100] "GET /reload?ser=1544188412969 HTTP/1.1" 200 28 "http://renault.activities.at/success" "Mozilla/5.0 (Windows NT 6.1; WOW64; rv:50.0) Gecko/20100101 Firefox/50.0"
178.188.57.42 - - [07/Dec/2018:14:13:41 +0100] "GET /reload?ser=1544188421204 HTTP/1.1" 200 28 "http://renault.activities.at/login?required=true" "Mozilla/5.0 (Windows NT 6.1; WOW64; Trident/7.0; rv:11.0) like Gecko"
138.21.12.22 - - [07/Dec/2018:14:13:51 +0100] "GET /reload?ser=1544188432014 HTTP/1.1" 200 28 "http://renault.2web.at/11914008" "Mozilla/5.0 (Windows NT 6.1; WOW64; Trident/7.0; rv:11.0) like Gecko"
212.152.246.132 - - [07/Dec/2018:14:13:52 +0100] "GET /reload?ser=1544188430029 HTTP/1.1" 200 28 "http://renault.activities.at/" "Mozilla/5.0 (Windows NT 10.0; WOW64; Trident/7.0; rv:11.0) like Gecko"
80.123.225.36 - - [07/Dec/2018:14:14:00 +0100] "GET /reload?ser=1544188442478 HTTP/1.1" 200 28 "http://renault.activities.at/result?searchterm=true&search=stunden" "Mozilla/5.0 (compatible; MSIE 9.0; Windows NT 6.1; WOW64; Trident/5.0)"
213.153.47.173 - - [07/Dec/2018:14:14:20 +0100] "GET /reload?ser=1544188460663 HTTP/1.1" 200 28 "http://renault.activities.at/login?required=true" "Mozilla/5.0 (Windows NT 10.0; Win64; x64; rv:63.0) Gecko/20100101 Firefox/63.0"
89.16.198.102 - - [07/Dec/2018:14:14:24 +0100] "GET /reload?ser=1544188473964 HTTP/1.1" 200 28 "http://renault.activities.at/success" "Mozilla/5.0 (Windows NT 6.1; WOW64; rv:50.0) Gecko/20100101 Firefox/50.0"
178.188.57.42 - - [07/Dec/2018:14:14:41 +0100] "GET /reload?ser=1544188481848 HTTP/1.1" 200 28 "http://renault.activities.at/login?required=true" "Mozilla/5.0 (Windows NT 6.1; WOW64; Trident/7.0; rv:11.0) like Gecko"
212.152.246.132 - - [07/Dec/2018:14:14:53 +0100] "GET /reload?ser=1544188490696 HTTP/1.1" 200 28 "http://renault.activities.at/" "Mozilla/5.0 (Windows NT 10.0; WOW64; Trident/7.0; rv:11.0) like Gecko"
138.21.12.22 - - [07/Dec/2018:14:14:53 +0100] "GET /reload?ser=1544188493100 HTTP/1.1" 200 28 "http://renault.2web.at/11914008" "Mozilla/5.0 (Windows NT 6.1; WOW64; Trident/7.0; rv:11.0) like Gecko"
80.123.225.36 - - [07/Dec/2018:14:15:01 +0100] "GET /reload?ser=1544188503478 HTTP/1.1" 200 28 "http://renault.activities.at/result?searchterm=true&search=stunden" "Mozilla/5.0 (compatible; MSIE 9.0; Windows NT 6.1; WOW64; Trident/5.0)"
213.153.47.173 - - [07/Dec/2018:14:15:21 +0100] "GET /reload?ser=1544188521332 HTTP/1.1" 200 28 "http://renault.activities.at/login?required=true" "Mozilla/5.0 (Windows NT 10.0; Win64; x64; rv:63.0) Gecko/20100101 Firefox/63.0"
89.16.198.102 - - [07/Dec/2018:14:15:25 +0100] "GET /reload?ser=1544188535051 HTTP/1.1" 200 28 "http://renault.activities.at/success" "Mozilla/5.0 (Windows NT 6.1; WOW64; rv:50.0) Gecko/20100101 Firefox/50.0"
178.188.57.42 - - [07/Dec/2018:14:15:42 +0100] "GET /reload?ser=1544188542485 HTTP/1.1" 200 28 "http://renault.activities.at/login?required=true" "Mozilla/5.0 (Windows NT 6.1; WOW64; Trident/7.0; rv:11.0) like Gecko"
212.152.246.132 - - [07/Dec/2018:14:15:53 +0100] "GET /reload?ser=1544188551359 HTTP/1.1" 200 28 "http://renault.activities.at/" "Mozilla/5.0 (Windows NT 10.0; WOW64; Trident/7.0; rv:11.0) like Gecko"
138.21.12.22 - - [07/Dec/2018:14:15:54 +0100] "GET /reload?ser=1544188554146 HTTP/1.1" 200 28 "http://renault.2web.at/11914008" "Mozilla/5.0 (Windows NT 6.1; WOW64; Trident/7.0; rv:11.0) like Gecko"
80.123.225.36 - - [07/Dec/2018:14:16:02 +0100] "GET /reload?ser=1544188564444 HTTP/1.1" 200 28 "http://renault.activities.at/result?searchterm=true&search=stunden" "Mozilla/5.0 (compatible; MSIE 9.0; Windows NT 6.1; WOW64; Trident/5.0)"
213.153.47.173 - - [07/Dec/2018:14:16:22 +0100] "GET /reload?ser=1544188581978 HTTP/1.1" 200 28 "http://renault.activities.at/login?required=true" "Mozilla/5.0 (Windows NT 10.0; Win64; x64; rv:63.0) Gecko/20100101 Firefox/63.0"
