80.123.225.36 - - [07/Dec/2018:12:50:20 +0100] "GET /reload?ser=1544183423045 HTTP/1.1" 200 28 "http://renault.activities.at/result?searchterm=true&search=stunden" "Mozilla/5.0 (compatible; MSIE 9.0; Windows NT 6.1; WOW64; Trident/5.0)"
138.21.12.22 - - [07/Dec/2018:12:50:24 +0100] "GET /reload?ser=1544183424816 HTTP/1.1" 200 28 "http://renault.2web.at/11914008" "Mozilla/5.0 (Windows NT 6.1; WOW64; Trident/7.0; rv:11.0) like Gecko"
213.153.47.173 - - [07/Dec/2018:12:50:25 +0100] "GET /reload?ser=1544183425439 HTTP/1.1" 200 28 "http://renault.activities.at/login?required=true" "Mozilla/5.0 (Windows NT 10.0; Win64; x64; rv:63.0) Gecko/20100101 Firefox/63.0"
193.194.132.25 - - [07/Dec/2018:12:51:18 +0100] "GET /reload?ser=1544183478448 HTTP/1.1" 200 28 "http://renault.2web.at/11913701" "Mozilla/5.0 (Windows NT 6.1; WOW64; Trident/7.0; rv:11.0) like Gecko"
80.123.225.36 - - [07/Dec/2018:12:51:21 +0100] "GET /reload?ser=1544183484008 HTTP/1.1" 200 28 "http://renault.activities.at/result?searchterm=true&search=stunden" "Mozilla/5.0 (compatible; MSIE 9.0; Windows NT 6.1; WOW64; Trident/5.0)"
213.153.47.173 - - [07/Dec/2018:12:51:26 +0100] "GET /reload?ser=1544183486094 HTTP/1.1" 200 28 "http://renault.activities.at/login?required=true" "Mozilla/5.0 (Windows NT 10.0; Win64; x64; rv:63.0) Gecko/20100101 Firefox/63.0"
138.21.12.22 - - [07/Dec/2018:12:51:26 +0100] "GET /reload?ser=1544183485887 HTTP/1.1" 200 28 "http://renault.2web.at/11914008" "Mozilla/5.0 (Windows NT 6.1; WOW64; Trident/7.0; rv:11.0) like Gecko"
193.194.132.25 - - [07/Dec/2018:12:52:19 +0100] "GET /reload?ser=1544183539537 HTTP/1.1" 200 28 "http://renault.2web.at/11913701" "Mozilla/5.0 (Windows NT 6.1; WOW64; Trident/7.0; rv:11.0) like Gecko"
80.123.225.36 - - [07/Dec/2018:12:52:22 +0100] "GET /reload?ser=1544183544979 HTTP/1.1" 200 28 "http://renault.activities.at/result?searchterm=true&search=stunden" "Mozilla/5.0 (compatible; MSIE 9.0; Windows NT 6.1; WOW64; Trident/5.0)"
213.153.47.173 - - [07/Dec/2018:12:52:26 +0100] "GET /reload?ser=1544183546750 HTTP/1.1" 200 28 "http://renault.activities.at/login?required=true" "Mozilla/5.0 (Windows NT 10.0; Win64; x64; rv:63.0) Gecko/20100101 Firefox/63.0"
138.21.12.22 - - [07/Dec/2018:12:52:27 +0100] "GET /reload?ser=1544183547012 HTTP/1.1" 200 28 "http://renault.2web.at/11914008" "Mozilla/5.0 (Windows NT 6.1; WOW64; Trident/7.0; rv:11.0) like Gecko"
193.194.132.25 - - [07/Dec/2018:12:53:20 +0100] "GET /reload?ser=1544183600673 HTTP/1.1" 200 28 "http://renault.2web.at/11913701" "Mozilla/5.0 (Windows NT 6.1; WOW64; Trident/7.0; rv:11.0) like Gecko"
80.123.225.36 - - [07/Dec/2018:12:53:23 +0100] "GET /reload?ser=1544183605988 HTTP/1.1" 200 28 "http://renault.activities.at/result?searchterm=true&search=stunden" "Mozilla/5.0 (compatible; MSIE 9.0; Windows NT 6.1; WOW64; Trident/5.0)"
213.153.47.173 - - [07/Dec/2018:12:53:27 +0100] "GET /reload?ser=1544183607422 HTTP/1.1" 200 28 "http://renault.activities.at/login?required=true" "Mozilla/5.0 (Windows NT 10.0; Win64; x64; rv:63.0) Gecko/20100101 Firefox/63.0"
138.21.12.22 - - [07/Dec/2018:12:53:28 +0100] "GET /reload?ser=1544183608087 HTTP/1.1" 200 28 "http://renault.2web.at/11914008" "Mozilla/5.0 (Windows NT 6.1; WOW64; Trident/7.0; rv:11.0) like Gecko"
193.194.132.25 - - [07/Dec/2018:12:54:21 +0100] "GET /reload?ser=1544183661842 HTTP/1.1" 200 28 "http://renault.2web.at/11913701" "Mozilla/5.0 (Windows NT 6.1; WOW64; Trident/7.0; rv:11.0) like Gecko"
80.123.225.36 - - [07/Dec/2018:12:54:24 +0100] "GET /reload?ser=1544183667022 HTTP/1.1" 200 28 "http://renault.activities.at/result?searchterm=true&search=stunden" "Mozilla/5.0 (compatible; MSIE 9.0; Windows NT 6.1; WOW64; Trident/5.0)"
213.153.47.173 - - [07/Dec/2018:12:54:28 +0100] "GET /reload?ser=1544183668083 HTTP/1.1" 200 28 "http://renault.activities.at/login?required=true" "Mozilla/5.0 (Windows NT 10.0; Win64; x64; rv:63.0) Gecko/20100101 Firefox/63.0"
138.21.12.22 - - [07/Dec/2018:12:54:29 +0100] "GET /reload?ser=1544183669165 HTTP/1.1" 200 28 "http://renault.2web.at/11914008" "Mozilla/5.0 (Windows NT 6.1; WOW64; Trident/7.0; rv:11.0) like Gecko"
193.194.132.25 - - [07/Dec/2018:12:55:22 +0100] "GET /reload?ser=1544183722899 HTTP/1.1" 200 28 "http://renault.2web.at/11913701" "Mozilla/5.0 (Windows NT 6.1; WOW64; Trident/7.0; rv:11.0) like Gecko"
80.123.225.36 - - [07/Dec/2018:12:55:25 +0100] "GET /reload?ser=1544183727956 HTTP/1.1" 200 28 "http://renault.activities.at/result?searchterm=true&search=stunden" "Mozilla/5.0 (compatible; MSIE 9.0; Windows NT 6.1; WOW64; Trident/5.0)"
213.153.47.173 - - [07/Dec/2018:12:55:28 +0100] "GET /reload?ser=1544183728745 HTTP/1.1" 200 28 "http://renault.activities.at/login?required=true" "Mozilla/5.0 (Windows NT 10.0; Win64; x64; rv:63.0) Gecko/20100101 Firefox/63.0"
138.21.12.22 - - [07/Dec/2018:12:55:30 +0100] "GET /reload?ser=1544183730246 HTTP/1.1" 200 28 "http://renault.2web.at/11914008" "Mozilla/5.0 (Windows NT 6.1; WOW64; Trident/7.0; rv:11.0) like Gecko"
193.194.132.25 - - [07/Dec/2018:12:56:24 +0100] "GET /reload?ser=1544183783985 HTTP/1.1" 200 28 "http://renault.2web.at/11913701" "Mozilla/5.0 (Windows NT 6.1; WOW64; Trident/7.0; rv:11.0) like Gecko"
80.123.225.36 - - [07/Dec/2018:12:56:26 +0100] "GET /reload?ser=1544183788933 HTTP/1.1" 200 28 "http://renault.activities.at/result?searchterm=true&search=stunden" "Mozilla/5.0 (compatible; MSIE 9.0; Windows NT 6.1; WOW64; Trident/5.0)"
213.153.47.173 - - [07/Dec/2018:12:56:29 +0100] "GET /reload?ser=1544183789427 HTTP/1.1" 200 28 "http://renault.activities.at/login?required=true" "Mozilla/5.0 (Windows NT 10.0; Win64; x64; rv:63.0) Gecko/20100101 Firefox/63.0"
138.21.12.22 - - [07/Dec/2018:12:56:31 +0100] "GET /reload?ser=1544183791299 HTTP/1.1" 200 28 "http://renault.2web.at/11914008" "Mozilla/5.0 (Windows NT 6.1; WOW64; Trident/7.0; rv:11.0) like Gecko"
193.194.132.25 - - [07/Dec/2018:12:57:25 +0100] "GET /reload?ser=1544183845074 HTTP/1.1" 200 28 "http://renault.2web.at/11913701" "Mozilla/5.0 (Windows NT 6.1; WOW64; Trident/7.0; rv:11.0) like Gecko"
80.123.225.36 - - [07/Dec/2018:12:57:27 +0100] "GET /reload?ser=1544183849928 HTTP/1.1" 200 28 "http://renault.activities.at/result?searchterm=true&search=stunden" "Mozilla/5.0 (compatible; MSIE 9.0; Windows NT 6.1; WOW64; Trident/5.0)"
213.153.47.173 - - [07/Dec/2018:12:57:30 +0100] "GET /reload?ser=1544183850087 HTTP/1.1" 200 28 "http://renault.activities.at/login?required=true" "Mozilla/5.0 (Windows NT 10.0; Win64; x64; rv:63.0) Gecko/20100101 Firefox/63.0"
138.21.12.22 - - [07/Dec/2018:12:57:32 +0100] "GET /reload?ser=1544183852363 HTTP/1.1" 200 28 "http://renault.2web.at/11914008" "Mozilla/5.0 (Windows NT 6.1; WOW64; Trident/7.0; rv:11.0) like Gecko"
193.194.132.25 - - [07/Dec/2018:12:58:26 +0100] "GET /reload?ser=1544183906128 HTTP/1.1" 200 28 "http://renault.2web.at/11913701" "Mozilla/5.0 (Windows NT 6.1; WOW64; Trident/7.0; rv:11.0) like Gecko"
80.123.225.36 - - [07/Dec/2018:12:58:28 +0100] "GET /reload?ser=1544183910924 HTTP/1.1" 200 28 "http://renault.activities.at/result?searchterm=true&search=stunden" "Mozilla/5.0 (compatible; MSIE 9.0; Windows NT 6.1; WOW64; Trident/5.0)"
213.153.47.173 - - [07/Dec/2018:12:58:30 +0100] "GET /reload?ser=1544183910741 HTTP/1.1" 200 28 "http://renault.activities.at/login?required=true" "Mozilla/5.0 (Windows NT 10.0; Win64; x64; rv:63.0) Gecko/20100101 Firefox/63.0"
138.21.12.22 - - [07/Dec/2018:12:58:33 +0100] "GET /reload?ser=1544183913462 HTTP/1.1" 200 28 "http://renault.2web.at/11914008" "Mozilla/5.0 (Windows NT 6.1; WOW64; Trident/7.0; rv:11.0) like Gecko"
193.194.132.25 - - [07/Dec/2018:12:59:27 +0100] "GET /reload?ser=1544183967192 HTTP/1.1" 200 28 "http://renault.2web.at/11913701" "Mozilla/5.0 (Windows NT 6.1; WOW64; Trident/7.0; rv:11.0) like Gecko"
80.123.225.36 - - [07/Dec/2018:12:59:29 +0100] "GET /reload?ser=1544183971878 HTTP/1.1" 200 28 "http://renault.activities.at/result?searchterm=true&search=stunden" "Mozilla/5.0 (compatible; MSIE 9.0; Windows NT 6.1; WOW64; Trident/5.0)"
213.153.47.173 - - [07/Dec/2018:12:59:31 +0100] "GET /reload?ser=1544183971419 HTTP/1.1" 200 28 "http://renault.activities.at/login?required=true" "Mozilla/5.0 (Windows NT 10.0; Win64; x64; rv:63.0) Gecko/20100101 Firefox/63.0"
138.21.12.22 - - [07/Dec/2018:12:59:34 +0100] "GET /reload?ser=1544183974517 HTTP/1.1" 200 28 "http://renault.2web.at/11914008" "Mozilla/5.0 (Windows NT 6.1; WOW64; Trident/7.0; rv:11.0) like Gecko"
193.194.132.25 - - [07/Dec/2018:13:00:28 +0100] "GET /reload?ser=1544184028256 HTTP/1.1" 200 28 "http://renault.2web.at/11913701" "Mozilla/5.0 (Windows NT 6.1; WOW64; Trident/7.0; rv:11.0) like Gecko"
80.123.225.36 - - [07/Dec/2018:13:00:30 +0100] "GET /reload?ser=1544184032861 HTTP/1.1" 200 28 "http://renault.activities.at/result?searchterm=true&search=stunden" "Mozilla/5.0 (compatible; MSIE 9.0; Windows NT 6.1; WOW64; Trident/5.0)"
213.153.47.173 - - [07/Dec/2018:13:00:32 +0100] "GET /reload?ser=1544184032088 HTTP/1.1" 200 28 "http://renault.activities.at/login?required=true" "Mozilla/5.0 (Windows NT 10.0; Win64; x64; rv:63.0) Gecko/20100101 Firefox/63.0"
138.21.12.22 - - [07/Dec/2018:13:00:35 +0100] "GET /reload?ser=1544184035588 HTTP/1.1" 200 28 "http://renault.2web.at/11914008" "Mozilla/5.0 (Windows NT 6.1; WOW64; Trident/7.0; rv:11.0) like Gecko"
193.194.132.25 - - [07/Dec/2018:13:01:29 +0100] "GET /reload?ser=1544184089285 HTTP/1.1" 200 28 "http://renault.2web.at/11913701" "Mozilla/5.0 (Windows NT 6.1; WOW64; Trident/7.0; rv:11.0) like Gecko"
80.123.225.36 - - [07/Dec/2018:13:01:31 +0100] "GET /reload?ser=1544184093906 HTTP/1.1" 200 28 "http://renault.activities.at/result?searchterm=true&search=stunden" "Mozilla/5.0 (compatible; MSIE 9.0; Windows NT 6.1; WOW64; Trident/5.0)"
213.153.47.173 - - [07/Dec/2018:13:01:32 +0100] "GET /reload?ser=1544184092764 HTTP/1.1" 200 28 "http://renault.activities.at/login?required=true" "Mozilla/5.0 (Windows NT 10.0; Win64; x64; rv:63.0) Gecko/20100101 Firefox/63.0"
138.21.12.22 - - [07/Dec/2018:13:01:36 +0100] "GET /reload?ser=1544184096659 HTTP/1.1" 200 28 "http://renault.2web.at/11914008" "Mozilla/5.0 (Windows NT 6.1; WOW64; Trident/7.0; rv:11.0) like Gecko"
193.194.132.25 - - [07/Dec/2018:13:02:30 +0100] "GET /reload?ser=1544184150347 HTTP/1.1" 200 28 "http://renault.2web.at/11913701" "Mozilla/5.0 (Windows NT 6.1; WOW64; Trident/7.0; rv:11.0) like Gecko"
80.123.225.36 - - [07/Dec/2018:13:02:32 +0100] "GET /reload?ser=1544184154878 HTTP/1.1" 200 28 "http://renault.activities.at/result?searchterm=true&search=stunden" "Mozilla/5.0 (compatible; MSIE 9.0; Windows NT 6.1; WOW64; Trident/5.0)"
213.153.47.173 - - [07/Dec/2018:13:02:33 +0100] "GET /reload?ser=1544184153433 HTTP/1.1" 200 28 "http://renault.activities.at/login?required=true" "Mozilla/5.0 (Windows NT 10.0; Win64; x64; rv:63.0) Gecko/20100101 Firefox/63.0"
138.21.12.22 - - [07/Dec/2018:13:02:37 +0100] "GET /reload?ser=1544184157723 HTTP/1.1" 200 28 "http://renault.2web.at/11914008" "Mozilla/5.0 (Windows NT 6.1; WOW64; Trident/7.0; rv:11.0) like Gecko"
193.194.132.25 - - [07/Dec/2018:13:03:31 +0100] "GET /reload?ser=1544184211517 HTTP/1.1" 200 28 "http://renault.2web.at/11913701" "Mozilla/5.0 (Windows NT 6.1; WOW64; Trident/7.0; rv:11.0) like Gecko"
80.123.225.36 - - [07/Dec/2018:13:03:33 +0100] "GET /reload?ser=1544184215856 HTTP/1.1" 200 28 "http://renault.activities.at/result?searchterm=true&search=stunden" "Mozilla/5.0 (compatible; MSIE 9.0; Windows NT 6.1; WOW64; Trident/5.0)"
213.153.47.173 - - [07/Dec/2018:13:03:34 +0100] "GET /reload?ser=1544184214100 HTTP/1.1" 200 28 "http://renault.activities.at/login?required=true" "Mozilla/5.0 (Windows NT 10.0; Win64; x64; rv:63.0) Gecko/20100101 Firefox/63.0"
138.21.12.22 - - [07/Dec/2018:13:03:38 +0100] "GET /reload?ser=1544184218795 HTTP/1.1" 200 28 "http://renault.2web.at/11914008" "Mozilla/5.0 (Windows NT 6.1; WOW64; Trident/7.0; rv:11.0) like Gecko"
193.194.132.25 - - [07/Dec/2018:13:04:32 +0100] "GET /reload?ser=1544184272600 HTTP/1.1" 200 28 "http://renault.2web.at/11913701" "Mozilla/5.0 (Windows NT 6.1; WOW64; Trident/7.0; rv:11.0) like Gecko"
213.153.47.173 - - [07/Dec/2018:13:04:34 +0100] "GET /reload?ser=1544184274772 HTTP/1.1" 200 28 "http://renault.activities.at/login?required=true" "Mozilla/5.0 (Windows NT 10.0; Win64; x64; rv:63.0) Gecko/20100101 Firefox/63.0"
80.123.225.36 - - [07/Dec/2018:13:04:34 +0100] "GET /reload?ser=1544184276829 HTTP/1.1" 200 28 "http://renault.activities.at/result?searchterm=true&search=stunden" "Mozilla/5.0 (compatible; MSIE 9.0; Windows NT 6.1; WOW64; Trident/5.0)"
138.21.12.22 - - [07/Dec/2018:13:04:39 +0100] "GET /reload?ser=1544184279877 HTTP/1.1" 200 28 "http://renault.2web.at/11914008" "Mozilla/5.0 (Windows NT 6.1; WOW64; Trident/7.0; rv:11.0) like Gecko"
188.21.129.54 - - [07/Dec/2018:13:05:18 +0100] "GET /browserconfig.xml HTTP/1.1" 200 1559 "-" "Mozilla/5.0 (Windows NT 6.3; Win64; x64; Trident/7.0; rv:11.0) like Gecko"
193.194.132.25 - - [07/Dec/2018:13:05:33 +0100] "GET /reload?ser=1544184333720 HTTP/1.1" 200 28 "http://renault.2web.at/11913701" "Mozilla/5.0 (Windows NT 6.1; WOW64; Trident/7.0; rv:11.0) like Gecko"
213.153.47.173 - - [07/Dec/2018:13:05:35 +0100] "GET /reload?ser=1544184335433 HTTP/1.1" 200 28 "http://renault.activities.at/login?required=true" "Mozilla/5.0 (Windows NT 10.0; Win64; x64; rv:63.0) Gecko/20100101 Firefox/63.0"
80.123.225.36 - - [07/Dec/2018:13:05:35 +0100] "GET /reload?ser=1544184337808 HTTP/1.1" 200 28 "http://renault.activities.at/result?searchterm=true&search=stunden" "Mozilla/5.0 (compatible; MSIE 9.0; Windows NT 6.1; WOW64; Trident/5.0)"
138.21.12.22 - - [07/Dec/2018:13:05:40 +0100] "GET /reload?ser=1544184340897 HTTP/1.1" 200 28 "http://renault.2web.at/11914008" "Mozilla/5.0 (Windows NT 6.1; WOW64; Trident/7.0; rv:11.0) like Gecko"
193.194.132.25 - - [07/Dec/2018:13:06:35 +0100] "GET /reload?ser=1544184394789 HTTP/1.1" 200 28 "http://renault.2web.at/11913701" "Mozilla/5.0 (Windows NT 6.1; WOW64; Trident/7.0; rv:11.0) like Gecko"
213.153.47.173 - - [07/Dec/2018:13:06:36 +0100] "GET /reload?ser=1544184396097 HTTP/1.1" 200 28 "http://renault.activities.at/login?required=true" "Mozilla/5.0 (Windows NT 10.0; Win64; x64; rv:63.0) Gecko/20100101 Firefox/63.0"
80.123.225.36 - - [07/Dec/2018:13:06:36 +0100] "GET /reload?ser=1544184398788 HTTP/1.1" 200 28 "http://renault.activities.at/result?searchterm=true&search=stunden" "Mozilla/5.0 (compatible; MSIE 9.0; Windows NT 6.1; WOW64; Trident/5.0)"
138.21.12.22 - - [07/Dec/2018:13:06:42 +0100] "GET /reload?ser=1544184401982 HTTP/1.1" 200 28 "http://renault.2web.at/11914008" "Mozilla/5.0 (Windows NT 6.1; WOW64; Trident/7.0; rv:11.0) like Gecko"
193.194.132.25 - - [07/Dec/2018:13:07:36 +0100] "GET /reload?ser=1544184455945 HTTP/1.1" 200 28 "http://renault.2web.at/11913701" "Mozilla/5.0 (Windows NT 6.1; WOW64; Trident/7.0; rv:11.0) like Gecko"
213.153.47.173 - - [07/Dec/2018:13:07:36 +0100] "GET /reload?ser=1544184456775 HTTP/1.1" 200 28 "http://renault.activities.at/login?required=true" "Mozilla/5.0 (Windows NT 10.0; Win64; x64; rv:63.0) Gecko/20100101 Firefox/63.0"
80.123.225.36 - - [07/Dec/2018:13:07:42 +0100] "GET /reload?ser=1544184464776 HTTP/1.1" 200 28 "http://renault.activities.at/result?searchterm=true&search=stunden" "Mozilla/5.0 (compatible; MSIE 9.0; Windows NT 6.1; WOW64; Trident/5.0)"
138.21.12.22 - - [07/Dec/2018:13:07:43 +0100] "GET /reload?ser=1544184463066 HTTP/1.1" 200 28 "http://renault.2web.at/11914008" "Mozilla/5.0 (Windows NT 6.1; WOW64; Trident/7.0; rv:11.0) like Gecko"
213.153.47.173 - - [07/Dec/2018:13:08:37 +0100] "GET /reload?ser=1544184517448 HTTP/1.1" 200 28 "http://renault.activities.at/login?required=true" "Mozilla/5.0 (Windows NT 10.0; Win64; x64; rv:63.0) Gecko/20100101 Firefox/63.0"
193.194.132.25 - - [07/Dec/2018:13:08:37 +0100] "GET /reload?ser=1544184517084 HTTP/1.1" 200 28 "http://renault.2web.at/11913701" "Mozilla/5.0 (Windows NT 6.1; WOW64; Trident/7.0; rv:11.0) like Gecko"
80.123.225.36 - - [07/Dec/2018:13:08:43 +0100] "GET /reload?ser=1544184525788 HTTP/1.1" 200 28 "http://renault.activities.at/result?searchterm=true&search=stunden" "Mozilla/5.0 (compatible; MSIE 9.0; Windows NT 6.1; WOW64; Trident/5.0)"
138.21.12.22 - - [07/Dec/2018:13:08:44 +0100] "GET /reload?ser=1544184524152 HTTP/1.1" 200 28 "http://renault.2web.at/11914008" "Mozilla/5.0 (Windows NT 6.1; WOW64; Trident/7.0; rv:11.0) like Gecko"
213.153.47.173 - - [07/Dec/2018:13:09:38 +0100] "GET /reload?ser=1544184578105 HTTP/1.1" 200 28 "http://renault.activities.at/login?required=true" "Mozilla/5.0 (Windows NT 10.0; Win64; x64; rv:63.0) Gecko/20100101 Firefox/63.0"
193.194.132.25 - - [07/Dec/2018:13:09:38 +0100] "GET /reload?ser=1544184578157 HTTP/1.1" 200 28 "http://renault.2web.at/11913701" "Mozilla/5.0 (Windows NT 6.1; WOW64; Trident/7.0; rv:11.0) like Gecko"
80.123.225.36 - - [07/Dec/2018:13:09:44 +0100] "GET /reload?ser=1544184586778 HTTP/1.1" 200 28 "http://renault.activities.at/result?searchterm=true&search=stunden" "Mozilla/5.0 (compatible; MSIE 9.0; Windows NT 6.1; WOW64; Trident/5.0)"
138.21.12.22 - - [07/Dec/2018:13:09:45 +0100] "GET /reload?ser=1544184585210 HTTP/1.1" 200 28 "http://renault.2web.at/11914008" "Mozilla/5.0 (Windows NT 6.1; WOW64; Trident/7.0; rv:11.0) like Gecko"
213.153.47.173 - - [07/Dec/2018:13:10:38 +0100] "GET /reload?ser=1544184638777 HTTP/1.1" 200 28 "http://renault.activities.at/login?required=true" "Mozilla/5.0 (Windows NT 10.0; Win64; x64; rv:63.0) Gecko/20100101 Firefox/63.0"
193.194.132.25 - - [07/Dec/2018:13:10:39 +0100] "GET /reload?ser=1544184639236 HTTP/1.1" 200 28 "http://renault.2web.at/11913701" "Mozilla/5.0 (Windows NT 6.1; WOW64; Trident/7.0; rv:11.0) like Gecko"
80.123.225.36 - - [07/Dec/2018:13:10:45 +0100] "GET /reload?ser=1544184647764 HTTP/1.1" 200 28 "http://renault.activities.at/result?searchterm=true&search=stunden" "Mozilla/5.0 (compatible; MSIE 9.0; Windows NT 6.1; WOW64; Trident/5.0)"
138.21.12.22 - - [07/Dec/2018:13:10:46 +0100] "GET /reload?ser=1544184646307 HTTP/1.1" 200 28 "http://renault.2web.at/11914008" "Mozilla/5.0 (Windows NT 6.1; WOW64; Trident/7.0; rv:11.0) like Gecko"
213.153.47.173 - - [07/Dec/2018:13:11:39 +0100] "GET /reload?ser=1544184699442 HTTP/1.1" 200 28 "http://renault.activities.at/login?required=true" "Mozilla/5.0 (Windows NT 10.0; Win64; x64; rv:63.0) Gecko/20100101 Firefox/63.0"
193.194.132.25 - - [07/Dec/2018:13:11:40 +0100] "GET /reload?ser=1544184700319 HTTP/1.1" 200 28 "http://renault.2web.at/11913701" "Mozilla/5.0 (Windows NT 6.1; WOW64; Trident/7.0; rv:11.0) like Gecko"
80.123.225.36 - - [07/Dec/2018:13:11:46 +0100] "GET /reload?ser=1544184708760 HTTP/1.1" 200 28 "http://renault.activities.at/result?searchterm=true&search=stunden" "Mozilla/5.0 (compatible; MSIE 9.0; Windows NT 6.1; WOW64; Trident/5.0)"
138.21.12.22 - - [07/Dec/2018:13:11:47 +0100] "GET /reload?ser=1544184707397 HTTP/1.1" 200 28 "http://renault.2web.at/11914008" "Mozilla/5.0 (Windows NT 6.1; WOW64; Trident/7.0; rv:11.0) like Gecko"
213.153.47.173 - - [07/Dec/2018:13:12:40 +0100] "GET /reload?ser=1544184760112 HTTP/1.1" 200 28 "http://renault.activities.at/login?required=true" "Mozilla/5.0 (Windows NT 10.0; Win64; x64; rv:63.0) Gecko/20100101 Firefox/63.0"
193.194.132.25 - - [07/Dec/2018:13:12:41 +0100] "GET /reload?ser=1544184761400 HTTP/1.1" 200 28 "http://renault.2web.at/11913701" "Mozilla/5.0 (Windows NT 6.1; WOW64; Trident/7.0; rv:11.0) like Gecko"
80.123.225.36 - - [07/Dec/2018:13:12:47 +0100] "GET /reload?ser=1544184769747 HTTP/1.1" 200 28 "http://renault.activities.at/result?searchterm=true&search=stunden" "Mozilla/5.0 (compatible; MSIE 9.0; Windows NT 6.1; WOW64; Trident/5.0)"
138.21.12.22 - - [07/Dec/2018:13:12:48 +0100] "GET /reload?ser=1544184768460 HTTP/1.1" 200 28 "http://renault.2web.at/11914008" "Mozilla/5.0 (Windows NT 6.1; WOW64; Trident/7.0; rv:11.0) like Gecko"
213.153.47.173 - - [07/Dec/2018:13:13:40 +0100] "GET /reload?ser=1544184820768 HTTP/1.1" 200 28 "http://renault.activities.at/login?required=true" "Mozilla/5.0 (Windows NT 10.0; Win64; x64; rv:63.0) Gecko/20100101 Firefox/63.0"
193.194.132.25 - - [07/Dec/2018:13:13:42 +0100] "GET /reload?ser=1544184822501 HTTP/1.1" 200 28 "http://renault.2web.at/11913701" "Mozilla/5.0 (Windows NT 6.1; WOW64; Trident/7.0; rv:11.0) like Gecko"
80.123.225.36 - - [07/Dec/2018:13:13:48 +0100] "GET /reload?ser=1544184830738 HTTP/1.1" 200 28 "http://renault.activities.at/result?searchterm=true&search=stunden" "Mozilla/5.0 (compatible; MSIE 9.0; Windows NT 6.1; WOW64; Trident/5.0)"
138.21.12.22 - - [07/Dec/2018:13:13:49 +0100] "GET /reload?ser=1544184829556 HTTP/1.1" 200 28 "http://renault.2web.at/11914008" "Mozilla/5.0 (Windows NT 6.1; WOW64; Trident/7.0; rv:11.0) like Gecko"
213.153.47.173 - - [07/Dec/2018:13:14:41 +0100] "GET /reload?ser=1544184881548 HTTP/1.1" 200 28 "http://renault.activities.at/login?required=true" "Mozilla/5.0 (Windows NT 10.0; Win64; x64; rv:63.0) Gecko/20100101 Firefox/63.0"
193.194.132.25 - - [07/Dec/2018:13:14:43 +0100] "GET /reload?ser=1544184883573 HTTP/1.1" 200 28 "http://renault.2web.at/11913701" "Mozilla/5.0 (Windows NT 6.1; WOW64; Trident/7.0; rv:11.0) like Gecko"
80.123.225.36 - - [07/Dec/2018:13:14:49 +0100] "GET /reload?ser=1544184891733 HTTP/1.1" 200 28 "http://renault.activities.at/result?searchterm=true&search=stunden" "Mozilla/5.0 (compatible; MSIE 9.0; Windows NT 6.1; WOW64; Trident/5.0)"
138.21.12.22 - - [07/Dec/2018:13:14:50 +0100] "GET /reload?ser=1544184890610 HTTP/1.1" 200 28 "http://renault.2web.at/11914008" "Mozilla/5.0 (Windows NT 6.1; WOW64; Trident/7.0; rv:11.0) like Gecko"
213.153.47.173 - - [07/Dec/2018:13:15:42 +0100] "GET /reload?ser=1544184942275 HTTP/1.1" 200 28 "http://renault.activities.at/login?required=true" "Mozilla/5.0 (Windows NT 10.0; Win64; x64; rv:63.0) Gecko/20100101 Firefox/63.0"
193.194.132.25 - - [07/Dec/2018:13:15:44 +0100] "GET /reload?ser=1544184944672 HTTP/1.1" 200 28 "http://renault.2web.at/11913701" "Mozilla/5.0 (Windows NT 6.1; WOW64; Trident/7.0; rv:11.0) like Gecko"
80.123.225.36 - - [07/Dec/2018:13:15:50 +0100] "GET /reload?ser=1544184952724 HTTP/1.1" 200 28 "http://renault.activities.at/result?searchterm=true&search=stunden" "Mozilla/5.0 (compatible; MSIE 9.0; Windows NT 6.1; WOW64; Trident/5.0)"
138.21.12.22 - - [07/Dec/2018:13:15:51 +0100] "GET /reload?ser=1544184951669 HTTP/1.1" 200 28 "http://renault.2web.at/11914008" "Mozilla/5.0 (Windows NT 6.1; WOW64; Trident/7.0; rv:11.0) like Gecko"
213.153.47.173 - - [07/Dec/2018:13:16:43 +0100] "GET /reload?ser=1544185002919 HTTP/1.1" 200 28 "http://renault.activities.at/login?required=true" "Mozilla/5.0 (Windows NT 10.0; Win64; x64; rv:63.0) Gecko/20100101 Firefox/63.0"
193.194.132.25 - - [07/Dec/2018:13:16:46 +0100] "GET /reload?ser=1544185005795 HTTP/1.1" 200 28 "http://renault.2web.at/11913701" "Mozilla/5.0 (Windows NT 6.1; WOW64; Trident/7.0; rv:11.0) like Gecko"
80.123.225.36 - - [07/Dec/2018:13:16:51 +0100] "GET /reload?ser=1544185013673 HTTP/1.1" 200 28 "http://renault.activities.at/result?searchterm=true&search=stunden" "Mozilla/5.0 (compatible; MSIE 9.0; Windows NT 6.1; WOW64; Trident/5.0)"
138.21.12.22 - - [07/Dec/2018:13:16:52 +0100] "GET /reload?ser=1544185012776 HTTP/1.1" 200 28 "http://renault.2web.at/11914008" "Mozilla/5.0 (Windows NT 6.1; WOW64; Trident/7.0; rv:11.0) like Gecko"
213.153.47.173 - - [07/Dec/2018:13:17:43 +0100] "GET /reload?ser=1544185063581 HTTP/1.1" 200 28 "http://renault.activities.at/login?required=true" "Mozilla/5.0 (Windows NT 10.0; Win64; x64; rv:63.0) Gecko/20100101 Firefox/63.0"
193.194.132.25 - - [07/Dec/2018:13:17:47 +0100] "GET /reload?ser=1544185066890 HTTP/1.1" 200 28 "http://renault.2web.at/11913701" "Mozilla/5.0 (Windows NT 6.1; WOW64; Trident/7.0; rv:11.0) like Gecko"
80.123.225.36 - - [07/Dec/2018:13:17:52 +0100] "GET /reload?ser=1544185074627 HTTP/1.1" 200 28 "http://renault.activities.at/result?searchterm=true&search=stunden" "Mozilla/5.0 (compatible; MSIE 9.0; Windows NT 6.1; WOW64; Trident/5.0)"
138.21.12.22 - - [07/Dec/2018:13:17:53 +0100] "GET /reload?ser=1544185073838 HTTP/1.1" 200 28 "http://renault.2web.at/11914008" "Mozilla/5.0 (Windows NT 6.1; WOW64; Trident/7.0; rv:11.0) like Gecko"
89.16.198.102 - - [07/Dec/2018:13:18:29 +0100] "GET / HTTP/1.1" 200 3417 "-" "Mozilla/5.0 (Windows NT 6.1; WOW64; rv:50.0) Gecko/20100101 Firefox/50.0"
89.16.198.102 - - [07/Dec/2018:13:18:30 +0100] "GET /js/flashdetection.js HTTP/1.1" 200 1059 "http://renault.activities.at/" "Mozilla/5.0 (Windows NT 6.1; WOW64; rv:50.0) Gecko/20100101 Firefox/50.0"
89.16.198.102 - - [07/Dec/2018:13:18:30 +0100] "GET /css/clears.css HTTP/1.1" 200 851 "http://renault.activities.at/" "Mozilla/5.0 (Windows NT 6.1; WOW64; rv:50.0) Gecko/20100101 Firefox/50.0"
89.16.198.102 - - [07/Dec/2018:13:18:30 +0100] "GET /css/reset.css HTTP/1.1" 200 1356 "http://renault.activities.at/" "Mozilla/5.0 (Windows NT 6.1; WOW64; rv:50.0) Gecko/20100101 Firefox/50.0"
89.16.198.102 - - [07/Dec/2018:13:18:30 +0100] "GET /js/default.js HTTP/1.1" 200 14698 "http://renault.activities.at/" "Mozilla/5.0 (Windows NT 6.1; WOW64; rv:50.0) Gecko/20100101 Firefox/50.0"
89.16.198.102 - - [07/Dec/2018:13:18:30 +0100] "GET /css/styles.css HTTP/1.1" 200 14664 "http://renault.activities.at/" "Mozilla/5.0 (Windows NT 6.1; WOW64; rv:50.0) Gecko/20100101 Firefox/50.0"
89.16.198.102 - - [07/Dec/2018:13:18:30 +0100] "GET /css/print.css HTTP/1.1" 200 543 "http://renault.activities.at/" "Mozilla/5.0 (Windows NT 6.1; WOW64; rv:50.0) Gecko/20100101 Firefox/50.0"
89.16.198.102 - - [07/Dec/2018:13:18:30 +0100] "GET /js/checkout.css HTTP/1.1" 200 359 "http://renault.activities.at/" "Mozilla/5.0 (Windows NT 6.1; WOW64; rv:50.0) Gecko/20100101 Firefox/50.0"
89.16.198.102 - - [07/Dec/2018:13:18:30 +0100] "GET /css/prototip.css HTTP/1.1" 200 968 "http://renault.activities.at/" "Mozilla/5.0 (Windows NT 6.1; WOW64; rv:50.0) Gecko/20100101 Firefox/50.0"
89.16.198.102 - - [07/Dec/2018:13:18:30 +0100] "GET /css/themes/default.css HTTP/1.1" 200 769 "http://renault.activities.at/" "Mozilla/5.0 (Windows NT 6.1; WOW64; rv:50.0) Gecko/20100101 Firefox/50.0"
89.16.198.102 - - [07/Dec/2018:13:18:30 +0100] "GET /css/themes/alphacube.css HTTP/1.1" 200 743 "http://renault.activities.at/" "Mozilla/5.0 (Windows NT 6.1; WOW64; rv:50.0) Gecko/20100101 Firefox/50.0"
89.16.198.102 - - [07/Dec/2018:13:18:30 +0100] "GET /js/index.php?c=auto&f=,prototype/prototype.js,prototype/validation.js,scriptaculous/builder.js,scriptaculous/effects.js,scriptaculous/dragdrop.js,scriptaculous/controls.js,scriptaculous/slider.js,varien/js.js,varien/form.js,varien/menu.js,mage/translate.js,mage/cookies.js,varien/product.js,spinner/SpinnerControl.jsmin.js,prototype/window.js,prototype/window_ext.js HTTP/1.1" 200 94182 "http://renault.activities.at/" "Mozilla/5.0 (Windows NT 6.1; WOW64; rv:50.0) Gecko/20100101 Firefox/50.0"
89.16.198.102 - - [07/Dec/2018:13:18:30 +0100] "GET /images/favicon.ico HTTP/1.1" 404 305 "-" "Mozilla/5.0 (Windows NT 6.1; WOW64; rv:50.0) Gecko/20100101 Firefox/50.0"
89.16.198.102 - - [07/Dec/2018:13:18:30 +0100] "GET /images/favicon.ico HTTP/1.1" 404 305 "-" "Mozilla/5.0 (Windows NT 6.1; WOW64; rv:50.0) Gecko/20100101 Firefox/50.0"
89.16.198.102 - - [07/Dec/2018:13:18:30 +0100] "GET /images/main_block_border.gif HTTP/1.1" 200 43 "http://renault.activities.at/css/styles.css" "Mozilla/5.0 (Windows NT 6.1; WOW64; rv:50.0) Gecko/20100101 Firefox/50.0"
89.16.198.102 - - [07/Dec/2018:13:18:30 +0100] "GET /images/main_block_corner_left_bot.gif HTTP/1.1" 200 159 "http://renault.activities.at/css/styles.css" "Mozilla/5.0 (Windows NT 6.1; WOW64; rv:50.0) Gecko/20100101 Firefox/50.0"
89.16.198.102 - - [07/Dec/2018:13:18:30 +0100] "GET /images/header_block_border.gif HTTP/1.1" 200 43 "http://renault.activities.at/css/styles.css" "Mozilla/5.0 (Windows NT 6.1; WOW64; rv:50.0) Gecko/20100101 Firefox/50.0"
89.16.198.102 - - [07/Dec/2018:13:18:30 +0100] "GET /images/main_block_corner_right_bot.gif HTTP/1.1" 200 158 "http://renault.activities.at/css/styles.css" "Mozilla/5.0 (Windows NT 6.1; WOW64; rv:50.0) Gecko/20100101 Firefox/50.0"
89.16.198.102 - - [07/Dec/2018:13:18:30 +0100] "GET /images/header_block_corner_right_top.gif HTTP/1.1" 200 160 "http://renault.activities.at/css/styles.css" "Mozilla/5.0 (Windows NT 6.1; WOW64; rv:50.0) Gecko/20100101 Firefox/50.0"
89.16.198.102 - - [07/Dec/2018:13:18:30 +0100] "GET /images/header_block_corner_left_top.gif HTTP/1.1" 200 160 "http://renault.activities.at/css/styles.css" "Mozilla/5.0 (Windows NT 6.1; WOW64; rv:50.0) Gecko/20100101 Firefox/50.0"
89.16.198.102 - - [07/Dec/2018:13:18:31 +0100] "GET /images/main_block_corner_left_top.gif HTTP/1.1" 200 159 "http://renault.activities.at/css/styles.css" "Mozilla/5.0 (Windows NT 6.1; WOW64; rv:50.0) Gecko/20100101 Firefox/50.0"
89.16.198.102 - - [07/Dec/2018:13:18:31 +0100] "GET /images/main_block_corner_right_top.gif HTTP/1.1" 200 159 "http://renault.activities.at/css/styles.css" "Mozilla/5.0 (Windows NT 6.1; WOW64; rv:50.0) Gecko/20100101 Firefox/50.0"
89.16.198.102 - - [07/Dec/2018:13:18:31 +0100] "GET /images/title_border.jpg HTTP/1.1" 200 304 "http://renault.activities.at/css/styles.css" "Mozilla/5.0 (Windows NT 6.1; WOW64; rv:50.0) Gecko/20100101 Firefox/50.0"
89.16.198.102 - - [07/Dec/2018:13:18:31 +0100] "GET /images/title_border_top.jpg HTTP/1.1" 200 336 "http://renault.activities.at/css/styles.css" "Mozilla/5.0 (Windows NT 6.1; WOW64; rv:50.0) Gecko/20100101 Firefox/50.0"
89.16.198.102 - - [07/Dec/2018:13:18:31 +0100] "GET /images/title_corner_left_top.jpg HTTP/1.1" 200 372 "http://renault.activities.at/css/styles.css" "Mozilla/5.0 (Windows NT 6.1; WOW64; rv:50.0) Gecko/20100101 Firefox/50.0"
89.16.198.102 - - [07/Dec/2018:13:18:31 +0100] "GET /images/title_corner_right_top.jpg HTTP/1.1" 200 389 "http://renault.activities.at/css/styles.css" "Mozilla/5.0 (Windows NT 6.1; WOW64; rv:50.0) Gecko/20100101 Firefox/50.0"
89.16.198.102 - - [07/Dec/2018:13:18:30 +0100] "GET /loadthumbnail.php?id=11127982 HTTP/1.1" 200 399614 "http://renault.activities.at/" "Mozilla/5.0 (Windows NT 6.1; WOW64; rv:50.0) Gecko/20100101 Firefox/50.0"
89.16.198.102 - - [07/Dec/2018:13:18:31 +0100] "GET /images/favicon.ico HTTP/1.1" 404 305 "-" "Mozilla/5.0 (Windows NT 6.1; WOW64; rv:50.0) Gecko/20100101 Firefox/50.0"
213.153.47.173 - - [07/Dec/2018:13:18:44 +0100] "GET /reload?ser=1544185124238 HTTP/1.1" 200 28 "http://renault.activities.at/login?required=true" "Mozilla/5.0 (Windows NT 10.0; Win64; x64; rv:63.0) Gecko/20100101 Firefox/63.0"
193.194.132.25 - - [07/Dec/2018:13:18:48 +0100] "GET /reload?ser=1544185128051 HTTP/1.1" 200 28 "http://renault.2web.at/11913701" "Mozilla/5.0 (Windows NT 6.1; WOW64; Trident/7.0; rv:11.0) like Gecko"
80.123.225.36 - - [07/Dec/2018:13:18:53 +0100] "GET /reload?ser=1544185135625 HTTP/1.1" 200 28 "http://renault.activities.at/result?searchterm=true&search=stunden" "Mozilla/5.0 (compatible; MSIE 9.0; Windows NT 6.1; WOW64; Trident/5.0)"
138.21.12.22 - - [07/Dec/2018:13:18:54 +0100] "GET /reload?ser=1544185134869 HTTP/1.1" 200 28 "http://renault.2web.at/11914008" "Mozilla/5.0 (Windows NT 6.1; WOW64; Trident/7.0; rv:11.0) like Gecko"
89.16.198.102 - - [07/Dec/2018:13:19:04 +0100] "GET /login HTTP/1.1" 200 2086 "http://renault.activities.at/" "Mozilla/5.0 (Windows NT 6.1; WOW64; rv:50.0) Gecko/20100101 Firefox/50.0"
89.16.198.102 - - [07/Dec/2018:13:19:05 +0100] "GET /images/button_left_bg.gif HTTP/1.1" 200 564 "http://renault.activities.at/css/styles.css" "Mozilla/5.0 (Windows NT 6.1; WOW64; rv:50.0) Gecko/20100101 Firefox/50.0"
89.16.198.102 - - [07/Dec/2018:13:19:05 +0100] "GET /images/button_right_bg.gif HTTP/1.1" 200 561 "http://renault.activities.at/css/styles.css" "Mozilla/5.0 (Windows NT 6.1; WOW64; rv:50.0) Gecko/20100101 Firefox/50.0"
89.16.198.102 - - [07/Dec/2018:13:19:05 +0100] "GET /images/button_bg.gif HTTP/1.1" 200 151 "http://renault.activities.at/css/styles.css" "Mozilla/5.0 (Windows NT 6.1; WOW64; rv:50.0) Gecko/20100101 Firefox/50.0"
89.16.198.102 - - [07/Dec/2018:13:19:06 +0100] "GET /favicon.ico HTTP/1.1" 200 3250 "-" "Mozilla/5.0 (Windows NT 6.1; WOW64; rv:50.0) Gecko/20100101 Firefox/50.0"
89.16.198.102 - - [07/Dec/2018:13:19:09 +0100] "POST /login HTTP/1.1" 302 140 "http://renault.activities.at/login" "Mozilla/5.0 (Windows NT 6.1; WOW64; rv:50.0) Gecko/20100101 Firefox/50.0"
89.16.198.102 - - [07/Dec/2018:13:19:10 +0100] "GET /account HTTP/1.1" 200 5949 "http://renault.activities.at/login" "Mozilla/5.0 (Windows NT 6.1; WOW64; rv:50.0) Gecko/20100101 Firefox/50.0"
89.16.198.102 - - [07/Dec/2018:13:19:13 +0100] "GET /js/account.js HTTP/1.1" 200 953 "http://renault.activities.at/account" "Mozilla/5.0 (Windows NT 6.1; WOW64; rv:50.0) Gecko/20100101 Firefox/50.0"
89.16.198.102 - - [07/Dec/2018:13:19:13 +0100] "GET /loadthumbnail.php?id=11423689&width=50&height=50 HTTP/1.1" 200 838 "http://renault.activities.at/account" "Mozilla/5.0 (Windows NT 6.1; WOW64; rv:50.0) Gecko/20100101 Firefox/50.0"
89.16.198.102 - - [07/Dec/2018:13:19:14 +0100] "GET /images/top_links_divider.gif HTTP/1.1" 200 44 "http://renault.activities.at/css/styles.css" "Mozilla/5.0 (Windows NT 6.1; WOW64; rv:50.0) Gecko/20100101 Firefox/50.0"
89.16.198.102 - - [07/Dec/2018:13:19:14 +0100] "GET /images/menu_button_bg.jpg HTTP/1.1" 200 322 "http://renault.activities.at/css/styles.css" "Mozilla/5.0 (Windows NT 6.1; WOW64; rv:50.0) Gecko/20100101 Firefox/50.0"
89.16.198.102 - - [07/Dec/2018:13:19:14 +0100] "GET /images/nav_divider.gif HTTP/1.1" 200 43 "http://renault.activities.at/css/styles.css" "Mozilla/5.0 (Windows NT 6.1; WOW64; rv:50.0) Gecko/20100101 Firefox/50.0"
89.16.198.102 - - [07/Dec/2018:13:19:14 +0100] "GET /images/menu_divider.gif HTTP/1.1" 200 176 "http://renault.activities.at/css/styles.css" "Mozilla/5.0 (Windows NT 6.1; WOW64; rv:50.0) Gecko/20100101 Firefox/50.0"
89.16.198.102 - - [07/Dec/2018:13:19:14 +0100] "GET /images/search_bg.gif HTTP/1.1" 200 1726 "http://renault.activities.at/css/styles.css" "Mozilla/5.0 (Windows NT 6.1; WOW64; rv:50.0) Gecko/20100101 Firefox/50.0"
89.16.198.102 - - [07/Dec/2018:13:19:14 +0100] "GET /images/sidebar_title_border.gif HTTP/1.1" 200 43 "http://renault.activities.at/css/styles.css" "Mozilla/5.0 (Windows NT 6.1; WOW64; rv:50.0) Gecko/20100101 Firefox/50.0"
89.16.198.102 - - [07/Dec/2018:13:19:14 +0100] "GET /images/sidebar_title_corner_left_top.gif HTTP/1.1" 200 1124 "http://renault.activities.at/css/styles.css" "Mozilla/5.0 (Windows NT 6.1; WOW64; rv:50.0) Gecko/20100101 Firefox/50.0"
89.16.198.102 - - [07/Dec/2018:13:19:14 +0100] "GET /images/sidebar_title_corner_right_top.gif HTTP/1.1" 200 383 "http://renault.activities.at/css/styles.css" "Mozilla/5.0 (Windows NT 6.1; WOW64; rv:50.0) Gecko/20100101 Firefox/50.0"
89.16.198.102 - - [07/Dec/2018:13:19:14 +0100] "GET /images/sidebar_title_border_top.gif HTTP/1.1" 200 155 "http://renault.activities.at/css/styles.css" "Mozilla/5.0 (Windows NT 6.1; WOW64; rv:50.0) Gecko/20100101 Firefox/50.0"
89.16.198.102 - - [07/Dec/2018:13:19:14 +0100] "GET /images/footer_divider.gif HTTP/1.1" 200 44 "http://renault.activities.at/css/styles.css" "Mozilla/5.0 (Windows NT 6.1; WOW64; rv:50.0) Gecko/20100101 Firefox/50.0"
89.16.198.102 - - [07/Dec/2018:13:19:29 +0100] "POST /axjaxrequest?mode=suggest HTTP/1.1" 200 1181 "http://renault.activities.at/account" "Mozilla/5.0 (Windows NT 6.1; WOW64; rv:50.0) Gecko/20100101 Firefox/50.0"
89.16.198.102 - - [07/Dec/2018:13:19:34 +0100] "POST /axjaxrequest?mode=suggest HTTP/1.1" 200 152 "http://renault.activities.at/account" "Mozilla/5.0 (Windows NT 6.1; WOW64; rv:50.0) Gecko/20100101 Firefox/50.0"
89.16.198.102 - - [07/Dec/2018:13:19:38 +0100] "POST /axjaxrequest?mode=suggest HTTP/1.1" 200 117 "http://renault.activities.at/account" "Mozilla/5.0 (Windows NT 6.1; WOW64; rv:50.0) Gecko/20100101 Firefox/50.0"
89.16.198.102 - - [07/Dec/2018:13:19:41 +0100] "GET /result?searchterm=true&search=reh200230712 HTTP/1.1" 200 5818 "http://renault.activities.at/account" "Mozilla/5.0 (Windows NT 6.1; WOW64; rv:50.0) Gecko/20100101 Firefox/50.0"
89.16.198.102 - - [07/Dec/2018:13:19:42 +0100] "GET /js/prototip.js HTTP/1.1" 200 4588 "http://renault.activities.at/result?searchterm=true&search=reh200230712" "Mozilla/5.0 (Windows NT 6.1; WOW64; rv:50.0) Gecko/20100101 Firefox/50.0"
89.16.198.102 - - [07/Dec/2018:13:19:42 +0100] "GET /js/ProduktGrp.js HTTP/1.1" 200 1569 "http://renault.activities.at/result?searchterm=true&search=reh200230712" "Mozilla/5.0 (Windows NT 6.1; WOW64; rv:50.0) Gecko/20100101 Firefox/50.0"
89.16.198.102 - - [07/Dec/2018:13:19:43 +0100] "GET /images/loading.gif HTTP/1.1" 200 3208 "http://renault.activities.at/result?searchterm=true&search=reh200230712" "Mozilla/5.0 (Windows NT 6.1; WOW64; rv:50.0) Gecko/20100101 Firefox/50.0"
89.16.198.102 - - [07/Dec/2018:13:19:43 +0100] "GET /loadthumbnail.php?id=10203255 HTTP/1.1" 200 137 "http://renault.activities.at/result?searchterm=true&search=reh200230712" "Mozilla/5.0 (Windows NT 6.1; WOW64; rv:50.0) Gecko/20100101 Firefox/50.0"
89.16.198.102 - - [07/Dec/2018:13:19:43 +0100] "GET /loadthumbnail.php?id=10260190&width=113 HTTP/1.1" 200 4509 "http://renault.activities.at/result?searchterm=true&search=reh200230712" "Mozilla/5.0 (Windows NT 6.1; WOW64; rv:50.0) Gecko/20100101 Firefox/50.0"
89.16.198.102 - - [07/Dec/2018:13:19:43 +0100] "GET /images/pager_bg.gif HTTP/1.1" 200 150 "http://renault.activities.at/css/styles.css" "Mozilla/5.0 (Windows NT 6.1; WOW64; rv:50.0) Gecko/20100101 Firefox/50.0"
89.16.198.102 - - [07/Dec/2018:13:19:43 +0100] "GET /images/vista-up.gif HTTP/1.1" 200 131 "http://renault.activities.at/css/styles.css" "Mozilla/5.0 (Windows NT 6.1; WOW64; rv:50.0) Gecko/20100101 Firefox/50.0"
89.16.198.102 - - [07/Dec/2018:13:19:43 +0100] "GET /images/vista-dn.gif HTTP/1.1" 200 128 "http://renault.activities.at/css/styles.css" "Mozilla/5.0 (Windows NT 6.1; WOW64; rv:50.0) Gecko/20100101 Firefox/50.0"
213.153.47.173 - - [07/Dec/2018:13:19:44 +0100] "GET /reload?ser=1544185184889 HTTP/1.1" 200 28 "http://renault.activities.at/login?required=true" "Mozilla/5.0 (Windows NT 10.0; Win64; x64; rv:63.0) Gecko/20100101 Firefox/63.0"
89.16.198.102 - - [07/Dec/2018:13:19:48 +0100] "GET /images/vista-up-hover.gif HTTP/1.1" 200 130 "http://renault.activities.at/css/styles.css" "Mozilla/5.0 (Windows NT 6.1; WOW64; rv:50.0) Gecko/20100101 Firefox/50.0"
193.194.132.25 - - [07/Dec/2018:13:19:49 +0100] "GET /reload?ser=1544185189097 HTTP/1.1" 200 28 "http://renault.2web.at/11913701" "Mozilla/5.0 (Windows NT 6.1; WOW64; Trident/7.0; rv:11.0) like Gecko"
89.16.198.102 - - [07/Dec/2018:13:19:50 +0100] "POST /result?searchterm=true&search=reh200230712 HTTP/1.1" 200 6010 "http://renault.activities.at/result?searchterm=true&search=reh200230712" "Mozilla/5.0 (Windows NT 6.1; WOW64; rv:50.0) Gecko/20100101 Firefox/50.0"
89.16.198.102 - - [07/Dec/2018:13:19:52 +0100] "GET /images/success_msg_icon.gif HTTP/1.1" 200 1024 "http://renault.activities.at/css/styles.css" "Mozilla/5.0 (Windows NT 6.1; WOW64; rv:50.0) Gecko/20100101 Firefox/50.0"
80.123.225.36 - - [07/Dec/2018:13:19:54 +0100] "GET /reload?ser=1544185196596 HTTP/1.1" 200 28 "http://renault.activities.at/result?searchterm=true&search=stunden" "Mozilla/5.0 (compatible; MSIE 9.0; Windows NT 6.1; WOW64; Trident/5.0)"
138.21.12.22 - - [07/Dec/2018:13:19:56 +0100] "GET /reload?ser=1544185195949 HTTP/1.1" 200 28 "http://renault.2web.at/11914008" "Mozilla/5.0 (Windows NT 6.1; WOW64; Trident/7.0; rv:11.0) like Gecko"
89.16.198.102 - - [07/Dec/2018:13:19:57 +0100] "GET /checkout HTTP/1.1" 200 20126 "http://renault.activities.at/result?searchterm=true&search=reh200230712" "Mozilla/5.0 (Windows NT 6.1; WOW64; rv:50.0) Gecko/20100101 Firefox/50.0"
89.16.198.102 - - [07/Dec/2018:13:20:02 +0100] "GET /js/checkout2.js HTTP/1.1" 200 4122 "http://renault.activities.at/checkout" "Mozilla/5.0 (Windows NT 6.1; WOW64; rv:50.0) Gecko/20100101 Firefox/50.0"
89.16.198.102 - - [07/Dec/2018:13:20:02 +0100] "GET /images/ajax_loading.gif HTTP/1.1" 200 1542 "http://renault.activities.at/checkout" "Mozilla/5.0 (Windows NT 6.1; WOW64; rv:50.0) Gecko/20100101 Firefox/50.0"
89.16.198.102 - - [07/Dec/2018:13:20:02 +0100] "GET /loadthumbnail.php?id=10201939 HTTP/1.1" 200 201 "http://renault.activities.at/checkout" "Mozilla/5.0 (Windows NT 6.1; WOW64; rv:50.0) Gecko/20100101 Firefox/50.0"
89.16.198.102 - - [07/Dec/2018:13:20:02 +0100] "GET /loadthumbnail.php?id=10202698 HTTP/1.1" 200 16686 "http://renault.activities.at/checkout" "Mozilla/5.0 (Windows NT 6.1; WOW64; rv:50.0) Gecko/20100101 Firefox/50.0"
89.16.198.102 - - [07/Dec/2018:13:20:02 +0100] "GET /images/step_bg.jpg HTTP/1.1" 200 319 "http://renault.activities.at/css/styles.css" "Mozilla/5.0 (Windows NT 6.1; WOW64; rv:50.0) Gecko/20100101 Firefox/50.0"
89.16.198.102 - - [07/Dec/2018:13:20:02 +0100] "GET /images/step_marker.gif HTTP/1.1" 200 650 "http://renault.activities.at/css/styles.css" "Mozilla/5.0 (Windows NT 6.1; WOW64; rv:50.0) Gecko/20100101 Firefox/50.0"
89.16.198.102 - - [07/Dec/2018:13:20:02 +0100] "GET /images/checkout_border_top.gif HTTP/1.1" 200 156 "http://renault.activities.at/css/styles.css" "Mozilla/5.0 (Windows NT 6.1; WOW64; rv:50.0) Gecko/20100101 Firefox/50.0"
89.16.198.102 - - [07/Dec/2018:13:20:02 +0100] "GET /images/checkout_border.gif HTTP/1.1" 200 43 "http://renault.activities.at/css/styles.css" "Mozilla/5.0 (Windows NT 6.1; WOW64; rv:50.0) Gecko/20100101 Firefox/50.0"
89.16.198.102 - - [07/Dec/2018:13:20:14 +0100] "POST /docheckout HTTP/1.1" 200 463 "http://renault.activities.at/checkout" "Mozilla/5.0 (Windows NT 6.1; WOW64; rv:50.0) Gecko/20100101 Firefox/50.0"
89.16.198.102 - - [07/Dec/2018:13:20:18 +0100] "POST /docheckout HTTP/1.1" 200 600 "http://renault.activities.at/checkout" "Mozilla/5.0 (Windows NT 6.1; WOW64; rv:50.0) Gecko/20100101 Firefox/50.0"
89.16.198.102 - - [07/Dec/2018:13:20:19 +0100] "GET /images/error_msg_icon.gif HTTP/1.1" 200 1013 "http://renault.activities.at/checkout" "Mozilla/5.0 (Windows NT 6.1; WOW64; rv:50.0) Gecko/20100101 Firefox/50.0"
89.16.198.102 - - [07/Dec/2018:13:20:28 +0100] "POST /docheckout HTTP/1.1" 200 68 "http://renault.activities.at/checkout" "Mozilla/5.0 (Windows NT 6.1; WOW64; rv:50.0) Gecko/20100101 Firefox/50.0"
89.16.198.102 - - [07/Dec/2018:13:20:30 +0100] "GET /success HTTP/1.1" 200 3789 "http://renault.activities.at/checkout" "Mozilla/5.0 (Windows NT 6.1; WOW64; rv:50.0) Gecko/20100101 Firefox/50.0"
213.153.47.173 - - [07/Dec/2018:13:20:45 +0100] "GET /reload?ser=1544185245571 HTTP/1.1" 200 28 "http://renault.activities.at/login?required=true" "Mozilla/5.0 (Windows NT 10.0; Win64; x64; rv:63.0) Gecko/20100101 Firefox/63.0"
193.194.132.25 - - [07/Dec/2018:13:20:50 +0100] "GET /reload?ser=1544185250121 HTTP/1.1" 200 28 "http://renault.2web.at/11913701" "Mozilla/5.0 (Windows NT 6.1; WOW64; Trident/7.0; rv:11.0) like Gecko"
80.123.225.36 - - [07/Dec/2018:13:20:55 +0100] "GET /reload?ser=1544185257547 HTTP/1.1" 200 28 "http://renault.activities.at/result?searchterm=true&search=stunden" "Mozilla/5.0 (compatible; MSIE 9.0; Windows NT 6.1; WOW64; Trident/5.0)"
138.21.12.22 - - [07/Dec/2018:13:20:57 +0100] "GET /reload?ser=1544185256989 HTTP/1.1" 200 28 "http://renault.2web.at/11914008" "Mozilla/5.0 (Windows NT 6.1; WOW64; Trident/7.0; rv:11.0) like Gecko"
89.16.198.102 - - [07/Dec/2018:13:21:33 +0100] "GET /reload?ser=1544185302605 HTTP/1.1" 200 28 "http://renault.activities.at/success" "Mozilla/5.0 (Windows NT 6.1; WOW64; rv:50.0) Gecko/20100101 Firefox/50.0"
213.153.47.173 - - [07/Dec/2018:13:21:46 +0100] "GET /reload?ser=1544185306233 HTTP/1.1" 200 28 "http://renault.activities.at/login?required=true" "Mozilla/5.0 (Windows NT 10.0; Win64; x64; rv:63.0) Gecko/20100101 Firefox/63.0"
193.194.132.25 - - [07/Dec/2018:13:21:51 +0100] "GET /reload?ser=1544185311166 HTTP/1.1" 200 28 "http://renault.2web.at/11913701" "Mozilla/5.0 (Windows NT 6.1; WOW64; Trident/7.0; rv:11.0) like Gecko"
80.123.225.36 - - [07/Dec/2018:13:21:56 +0100] "GET /reload?ser=1544185318555 HTTP/1.1" 200 28 "http://renault.activities.at/result?searchterm=true&search=stunden" "Mozilla/5.0 (compatible; MSIE 9.0; Windows NT 6.1; WOW64; Trident/5.0)"
138.21.12.22 - - [07/Dec/2018:13:21:58 +0100] "GET /reload?ser=1544185318042 HTTP/1.1" 200 28 "http://renault.2web.at/11914008" "Mozilla/5.0 (Windows NT 6.1; WOW64; Trident/7.0; rv:11.0) like Gecko"
89.16.198.102 - - [07/Dec/2018:13:22:34 +0100] "GET /reload?ser=1544185363571 HTTP/1.1" 200 28 "http://renault.activities.at/success" "Mozilla/5.0 (Windows NT 6.1; WOW64; rv:50.0) Gecko/20100101 Firefox/50.0"
213.153.47.173 - - [07/Dec/2018:13:22:46 +0100] "GET /reload?ser=1544185366886 HTTP/1.1" 200 28 "http://renault.activities.at/login?required=true" "Mozilla/5.0 (Windows NT 10.0; Win64; x64; rv:63.0) Gecko/20100101 Firefox/63.0"
193.194.132.25 - - [07/Dec/2018:13:22:52 +0100] "GET /reload?ser=1544185372252 HTTP/1.1" 200 28 "http://renault.2web.at/11913701" "Mozilla/5.0 (Windows NT 6.1; WOW64; Trident/7.0; rv:11.0) like Gecko"
80.123.225.36 - - [07/Dec/2018:13:22:57 +0100] "GET /reload?ser=1544185379521 HTTP/1.1" 200 28 "http://renault.activities.at/result?searchterm=true&search=stunden" "Mozilla/5.0 (compatible; MSIE 9.0; Windows NT 6.1; WOW64; Trident/5.0)"
138.21.12.22 - - [07/Dec/2018:13:22:59 +0100] "GET /reload?ser=1544185379086 HTTP/1.1" 200 28 "http://renault.2web.at/11914008" "Mozilla/5.0 (Windows NT 6.1; WOW64; Trident/7.0; rv:11.0) like Gecko"
89.16.198.102 - - [07/Dec/2018:13:23:35 +0100] "GET /reload?ser=1544185424524 HTTP/1.1" 200 28 "http://renault.activities.at/success" "Mozilla/5.0 (Windows NT 6.1; WOW64; rv:50.0) Gecko/20100101 Firefox/50.0"
213.153.47.173 - - [07/Dec/2018:13:23:47 +0100] "GET /reload?ser=1544185427551 HTTP/1.1" 200 28 "http://renault.activities.at/login?required=true" "Mozilla/5.0 (Windows NT 10.0; Win64; x64; rv:63.0) Gecko/20100101 Firefox/63.0"
193.194.132.25 - - [07/Dec/2018:13:23:53 +0100] "GET /reload?ser=1544185433406 HTTP/1.1" 200 28 "http://renault.2web.at/11913701" "Mozilla/5.0 (Windows NT 6.1; WOW64; Trident/7.0; rv:11.0) like Gecko"
80.123.225.36 - - [07/Dec/2018:13:23:58 +0100] "GET /reload?ser=1544185440541 HTTP/1.1" 200 28 "http://renault.activities.at/result?searchterm=true&search=stunden" "Mozilla/5.0 (compatible; MSIE 9.0; Windows NT 6.1; WOW64; Trident/5.0)"
138.21.12.22 - - [07/Dec/2018:13:24:00 +0100] "GET /reload?ser=1544185440158 HTTP/1.1" 200 28 "http://renault.2web.at/11914008" "Mozilla/5.0 (Windows NT 6.1; WOW64; Trident/7.0; rv:11.0) like Gecko"
89.16.198.102 - - [07/Dec/2018:13:24:36 +0100] "GET /reload?ser=1544185485504 HTTP/1.1" 200 28 "http://renault.activities.at/success" "Mozilla/5.0 (Windows NT 6.1; WOW64; rv:50.0) Gecko/20100101 Firefox/50.0"
213.153.47.173 - - [07/Dec/2018:13:24:48 +0100] "GET /reload?ser=1544185488219 HTTP/1.1" 200 28 "http://renault.activities.at/login?required=true" "Mozilla/5.0 (Windows NT 10.0; Win64; x64; rv:63.0) Gecko/20100101 Firefox/63.0"
193.194.132.25 - - [07/Dec/2018:13:24:54 +0100] "GET /reload?ser=1544185494533 HTTP/1.1" 200 28 "http://renault.2web.at/11913701" "Mozilla/5.0 (Windows NT 6.1; WOW64; Trident/7.0; rv:11.0) like Gecko"
80.123.225.36 - - [07/Dec/2018:13:24:59 +0100] "GET /reload?ser=1544185501498 HTTP/1.1" 200 28 "http://renault.activities.at/result?searchterm=true&search=stunden" "Mozilla/5.0 (compatible; MSIE 9.0; Windows NT 6.1; WOW64; Trident/5.0)"
138.21.12.22 - - [07/Dec/2018:13:25:01 +0100] "GET /reload?ser=1544185501185 HTTP/1.1" 200 28 "http://renault.2web.at/11914008" "Mozilla/5.0 (Windows NT 6.1; WOW64; Trident/7.0; rv:11.0) like Gecko"
89.16.198.102 - - [07/Dec/2018:13:25:37 +0100] "GET /reload?ser=1544185546436 HTTP/1.1" 200 28 "http://renault.activities.at/success" "Mozilla/5.0 (Windows NT 6.1; WOW64; rv:50.0) Gecko/20100101 Firefox/50.0"
213.153.47.173 - - [07/Dec/2018:13:25:48 +0100] "GET /reload?ser=1544185548873 HTTP/1.1" 200 28 "http://renault.activities.at/login?required=true" "Mozilla/5.0 (Windows NT 10.0; Win64; x64; rv:63.0) Gecko/20100101 Firefox/63.0"
80.123.225.36 - - [07/Dec/2018:13:26:00 +0100] "GET /reload?ser=1544185562441 HTTP/1.1" 200 28 "http://renault.activities.at/result?searchterm=true&search=stunden" "Mozilla/5.0 (compatible; MSIE 9.0; Windows NT 6.1; WOW64; Trident/5.0)"
138.21.12.22 - - [07/Dec/2018:13:26:02 +0100] "GET /reload?ser=1544185562252 HTTP/1.1" 200 28 "http://renault.2web.at/11914008" "Mozilla/5.0 (Windows NT 6.1; WOW64; Trident/7.0; rv:11.0) like Gecko"
212.152.246.132 - - [07/Dec/2018:13:26:19 +0100] "GET / HTTP/1.1" 200 3417 "-" "Mozilla/5.0 (Windows NT 10.0; WOW64; Trident/7.0; rv:11.0) like Gecko"
212.152.246.132 - - [07/Dec/2018:13:26:20 +0100] "GET /css/clears.css HTTP/1.1" 200 851 "http://renault.activities.at/" "Mozilla/5.0 (Windows NT 10.0; WOW64; Trident/7.0; rv:11.0) like Gecko"
212.152.246.132 - - [07/Dec/2018:13:26:20 +0100] "GET /css/reset.css HTTP/1.1" 200 1356 "http://renault.activities.at/" "Mozilla/5.0 (Windows NT 10.0; WOW64; Trident/7.0; rv:11.0) like Gecko"
212.152.246.132 - - [07/Dec/2018:13:26:20 +0100] "GET /css/styles.css HTTP/1.1" 200 14664 "http://renault.activities.at/" "Mozilla/5.0 (Windows NT 10.0; WOW64; Trident/7.0; rv:11.0) like Gecko"
212.152.246.132 - - [07/Dec/2018:13:26:20 +0100] "GET /js/flashdetection.js HTTP/1.1" 200 1059 "http://renault.activities.at/" "Mozilla/5.0 (Windows NT 10.0; WOW64; Trident/7.0; rv:11.0) like Gecko"
212.152.246.132 - - [07/Dec/2018:13:26:20 +0100] "GET /css/print.css HTTP/1.1" 200 543 "http://renault.activities.at/" "Mozilla/5.0 (Windows NT 10.0; WOW64; Trident/7.0; rv:11.0) like Gecko"
212.152.246.132 - - [07/Dec/2018:13:26:20 +0100] "GET /js/checkout.css HTTP/1.1" 200 359 "http://renault.activities.at/" "Mozilla/5.0 (Windows NT 10.0; WOW64; Trident/7.0; rv:11.0) like Gecko"
212.152.246.132 - - [07/Dec/2018:13:26:20 +0100] "GET /css/themes/default.css HTTP/1.1" 200 769 "http://renault.activities.at/" "Mozilla/5.0 (Windows NT 10.0; WOW64; Trident/7.0; rv:11.0) like Gecko"
