212.152.246.132 - - [07/Dec/2018:13:26:20 +0100] "GET /css/prototip.css HTTP/1.1" 200 968 "http://renault.activities.at/" "Mozilla/5.0 (Windows NT 10.0; WOW64; Trident/7.0; rv:11.0) like Gecko"
212.152.246.132 - - [07/Dec/2018:13:26:20 +0100] "GET /css/themes/alphacube.css HTTP/1.1" 200 743 "http://renault.activities.at/" "Mozilla/5.0 (Windows NT 10.0; WOW64; Trident/7.0; rv:11.0) like Gecko"
89.16.198.102 - - [07/Dec/2018:13:26:37 +0100] "GET /reload?ser=1544185607387 HTTP/1.1" 200 28 "http://renault.activities.at/success" "Mozilla/5.0 (Windows NT 6.1; WOW64; rv:50.0) Gecko/20100101 Firefox/50.0"
213.153.47.173 - - [07/Dec/2018:13:26:49 +0100] "GET /reload?ser=1544185609539 HTTP/1.1" 200 28 "http://renault.activities.at/login?required=true" "Mozilla/5.0 (Windows NT 10.0; Win64; x64; rv:63.0) Gecko/20100101 Firefox/63.0"
80.123.225.36 - - [07/Dec/2018:13:27:01 +0100] "GET /reload?ser=1544185623439 HTTP/1.1" 200 28 "http://renault.activities.at/result?searchterm=true&search=stunden" "Mozilla/5.0 (compatible; MSIE 9.0; Windows NT 6.1; WOW64; Trident/5.0)"
138.21.12.22 - - [07/Dec/2018:13:27:03 +0100] "GET /reload?ser=1544185623301 HTTP/1.1" 200 28 "http://renault.2web.at/11914008" "Mozilla/5.0 (Windows NT 6.1; WOW64; Trident/7.0; rv:11.0) like Gecko"
212.152.246.132 - - [07/Dec/2018:13:27:21 +0100] "GET /reload?ser=1544185638788 HTTP/1.1" 200 28 "http://renault.activities.at/" "Mozilla/5.0 (Windows NT 10.0; WOW64; Trident/7.0; rv:11.0) like Gecko"
89.16.198.102 - - [07/Dec/2018:13:27:38 +0100] "GET /reload?ser=1544185668307 HTTP/1.1" 200 28 "http://renault.activities.at/success" "Mozilla/5.0 (Windows NT 6.1; WOW64; rv:50.0) Gecko/20100101 Firefox/50.0"
213.153.47.173 - - [07/Dec/2018:13:27:50 +0100] "GET /reload?ser=1544185670202 HTTP/1.1" 200 28 "http://renault.activities.at/login?required=true" "Mozilla/5.0 (Windows NT 10.0; Win64; x64; rv:63.0) Gecko/20100101 Firefox/63.0"
80.123.225.36 - - [07/Dec/2018:13:28:02 +0100] "GET /reload?ser=1544185684442 HTTP/1.1" 200 28 "http://renault.activities.at/result?searchterm=true&search=stunden" "Mozilla/5.0 (compatible; MSIE 9.0; Windows NT 6.1; WOW64; Trident/5.0)"
138.21.12.22 - - [07/Dec/2018:13:28:04 +0100] "GET /reload?ser=1544185684380 HTTP/1.1" 200 28 "http://renault.2web.at/11914008" "Mozilla/5.0 (Windows NT 6.1; WOW64; Trident/7.0; rv:11.0) like Gecko"
212.152.246.132 - - [07/Dec/2018:13:28:21 +0100] "GET /reload?ser=1544185699489 HTTP/1.1" 200 28 "http://renault.activities.at/" "Mozilla/5.0 (Windows NT 10.0; WOW64; Trident/7.0; rv:11.0) like Gecko"
89.16.198.102 - - [07/Dec/2018:13:28:39 +0100] "GET /reload?ser=1544185729235 HTTP/1.1" 200 28 "http://renault.activities.at/success" "Mozilla/5.0 (Windows NT 6.1; WOW64; rv:50.0) Gecko/20100101 Firefox/50.0"
213.153.47.173 - - [07/Dec/2018:13:28:50 +0100] "GET /reload?ser=1544185730880 HTTP/1.1" 200 28 "http://renault.activities.at/login?required=true" "Mozilla/5.0 (Windows NT 10.0; Win64; x64; rv:63.0) Gecko/20100101 Firefox/63.0"
80.123.225.36 - - [07/Dec/2018:13:29:03 +0100] "GET /reload?ser=1544185745377 HTTP/1.1" 200 28 "http://renault.activities.at/result?searchterm=true&search=stunden" "Mozilla/5.0 (compatible; MSIE 9.0; Windows NT 6.1; WOW64; Trident/5.0)"
138.21.12.22 - - [07/Dec/2018:13:29:05 +0100] "GET /reload?ser=1544185745400 HTTP/1.1" 200 28 "http://renault.2web.at/11914008" "Mozilla/5.0 (Windows NT 6.1; WOW64; Trident/7.0; rv:11.0) like Gecko"
212.152.246.132 - - [07/Dec/2018:13:29:22 +0100] "GET /reload?ser=1544185760174 HTTP/1.1" 200 28 "http://renault.activities.at/" "Mozilla/5.0 (Windows NT 10.0; WOW64; Trident/7.0; rv:11.0) like Gecko"
89.16.198.102 - - [07/Dec/2018:13:29:40 +0100] "GET /reload?ser=1544185790238 HTTP/1.1" 200 28 "http://renault.activities.at/success" "Mozilla/5.0 (Windows NT 6.1; WOW64; rv:50.0) Gecko/20100101 Firefox/50.0"
213.153.47.173 - - [07/Dec/2018:13:29:51 +0100] "GET /reload?ser=1544185791547 HTTP/1.1" 200 28 "http://renault.activities.at/login?required=true" "Mozilla/5.0 (Windows NT 10.0; Win64; x64; rv:63.0) Gecko/20100101 Firefox/63.0"
80.123.225.36 - - [07/Dec/2018:13:30:04 +0100] "GET /reload?ser=1544185806343 HTTP/1.1" 200 28 "http://renault.activities.at/result?searchterm=true&search=stunden" "Mozilla/5.0 (compatible; MSIE 9.0; Windows NT 6.1; WOW64; Trident/5.0)"
138.21.12.22 - - [07/Dec/2018:13:30:06 +0100] "GET /reload?ser=1544185806451 HTTP/1.1" 200 28 "http://renault.2web.at/11914008" "Mozilla/5.0 (Windows NT 6.1; WOW64; Trident/7.0; rv:11.0) like Gecko"
212.152.246.132 - - [07/Dec/2018:13:30:23 +0100] "GET /reload?ser=1544185820875 HTTP/1.1" 200 28 "http://renault.activities.at/" "Mozilla/5.0 (Windows NT 10.0; WOW64; Trident/7.0; rv:11.0) like Gecko"
89.16.198.102 - - [07/Dec/2018:13:30:41 +0100] "GET /reload?ser=1544185851309 HTTP/1.1" 200 28 "http://renault.activities.at/success" "Mozilla/5.0 (Windows NT 6.1; WOW64; rv:50.0) Gecko/20100101 Firefox/50.0"
213.153.47.173 - - [07/Dec/2018:13:30:52 +0100] "GET /reload?ser=1544185852202 HTTP/1.1" 200 28 "http://renault.activities.at/login?required=true" "Mozilla/5.0 (Windows NT 10.0; Win64; x64; rv:63.0) Gecko/20100101 Firefox/63.0"
80.123.225.36 - - [07/Dec/2018:13:31:05 +0100] "GET /reload?ser=1544185867322 HTTP/1.1" 200 28 "http://renault.activities.at/result?searchterm=true&search=stunden" "Mozilla/5.0 (compatible; MSIE 9.0; Windows NT 6.1; WOW64; Trident/5.0)"
138.21.12.22 - - [07/Dec/2018:13:31:07 +0100] "GET /reload?ser=1544185867472 HTTP/1.1" 200 28 "http://renault.2web.at/11914008" "Mozilla/5.0 (Windows NT 6.1; WOW64; Trident/7.0; rv:11.0) like Gecko"
212.152.246.132 - - [07/Dec/2018:13:31:23 +0100] "GET /reload?ser=1544185881561 HTTP/1.1" 200 28 "http://renault.activities.at/" "Mozilla/5.0 (Windows NT 10.0; WOW64; Trident/7.0; rv:11.0) like Gecko"
89.16.198.102 - - [07/Dec/2018:13:31:42 +0100] "GET /reload?ser=1544185912294 HTTP/1.1" 200 28 "http://renault.activities.at/success" "Mozilla/5.0 (Windows NT 6.1; WOW64; rv:50.0) Gecko/20100101 Firefox/50.0"
213.153.47.173 - - [07/Dec/2018:13:31:52 +0100] "GET /reload?ser=1544185912863 HTTP/1.1" 200 28 "http://renault.activities.at/login?required=true" "Mozilla/5.0 (Windows NT 10.0; Win64; x64; rv:63.0) Gecko/20100101 Firefox/63.0"
80.123.225.36 - - [07/Dec/2018:13:32:06 +0100] "GET /reload?ser=1544185928342 HTTP/1.1" 200 28 "http://renault.activities.at/result?searchterm=true&search=stunden" "Mozilla/5.0 (compatible; MSIE 9.0; Windows NT 6.1; WOW64; Trident/5.0)"
138.21.12.22 - - [07/Dec/2018:13:32:08 +0100] "GET /reload?ser=1544185928533 HTTP/1.1" 200 28 "http://renault.2web.at/11914008" "Mozilla/5.0 (Windows NT 6.1; WOW64; Trident/7.0; rv:11.0) like Gecko"
212.152.246.132 - - [07/Dec/2018:13:32:24 +0100] "GET /reload?ser=1544185942248 HTTP/1.1" 200 28 "http://renault.activities.at/" "Mozilla/5.0 (Windows NT 10.0; WOW64; Trident/7.0; rv:11.0) like Gecko"
89.16.198.102 - - [07/Dec/2018:13:32:43 +0100] "GET /reload?ser=1544185973263 HTTP/1.1" 200 28 "http://renault.activities.at/success" "Mozilla/5.0 (Windows NT 6.1; WOW64; rv:50.0) Gecko/20100101 Firefox/50.0"
213.153.47.173 - - [07/Dec/2018:13:32:53 +0100] "GET /reload?ser=1544185973528 HTTP/1.1" 200 28 "http://renault.activities.at/login?required=true" "Mozilla/5.0 (Windows NT 10.0; Win64; x64; rv:63.0) Gecko/20100101 Firefox/63.0"
80.123.225.36 - - [07/Dec/2018:13:33:07 +0100] "GET /reload?ser=1544185989311 HTTP/1.1" 200 28 "http://renault.activities.at/result?searchterm=true&search=stunden" "Mozilla/5.0 (compatible; MSIE 9.0; Windows NT 6.1; WOW64; Trident/5.0)"
138.21.12.22 - - [07/Dec/2018:13:33:09 +0100] "GET /reload?ser=1544185989555 HTTP/1.1" 200 28 "http://renault.2web.at/11914008" "Mozilla/5.0 (Windows NT 6.1; WOW64; Trident/7.0; rv:11.0) like Gecko"
212.152.246.132 - - [07/Dec/2018:13:33:25 +0100] "GET /reload?ser=1544186002933 HTTP/1.1" 200 28 "http://renault.activities.at/" "Mozilla/5.0 (Windows NT 10.0; WOW64; Trident/7.0; rv:11.0) like Gecko"
89.16.198.102 - - [07/Dec/2018:13:33:44 +0100] "GET /reload?ser=1544186034203 HTTP/1.1" 200 28 "http://renault.activities.at/success" "Mozilla/5.0 (Windows NT 6.1; WOW64; rv:50.0) Gecko/20100101 Firefox/50.0"
213.153.47.173 - - [07/Dec/2018:13:33:54 +0100] "GET /reload?ser=1544186034196 HTTP/1.1" 200 28 "http://renault.activities.at/login?required=true" "Mozilla/5.0 (Windows NT 10.0; Win64; x64; rv:63.0) Gecko/20100101 Firefox/63.0"
80.123.225.36 - - [07/Dec/2018:13:34:08 +0100] "GET /reload?ser=1544186050251 HTTP/1.1" 200 28 "http://renault.activities.at/result?searchterm=true&search=stunden" "Mozilla/5.0 (compatible; MSIE 9.0; Windows NT 6.1; WOW64; Trident/5.0)"
138.21.12.22 - - [07/Dec/2018:13:34:10 +0100] "GET /reload?ser=1544186050591 HTTP/1.1" 200 28 "http://renault.2web.at/11914008" "Mozilla/5.0 (Windows NT 6.1; WOW64; Trident/7.0; rv:11.0) like Gecko"
212.152.246.132 - - [07/Dec/2018:13:34:25 +0100] "GET /reload?ser=1544186063618 HTTP/1.1" 200 28 "http://renault.activities.at/" "Mozilla/5.0 (Windows NT 10.0; WOW64; Trident/7.0; rv:11.0) like Gecko"
217.76.161.118 - - [07/Dec/2018:13:34:38 +0100] "GET / HTTP/1.1" 200 3417 "-" "Mozilla/5.0 (Windows NT 6.1; WOW64; Trident/7.0; rv:11.0) like Gecko"
217.76.161.118 - - [07/Dec/2018:13:34:39 +0100] "GET /js/default.js HTTP/1.1" 200 14698 "http://renault.activities.at/" "Mozilla/5.0 (Windows NT 6.1; WOW64; Trident/7.0; rv:11.0) like Gecko"
217.76.161.118 - - [07/Dec/2018:13:34:39 +0100] "GET /css/reset.css HTTP/1.1" 200 1356 "http://renault.activities.at/" "Mozilla/5.0 (Windows NT 6.1; WOW64; Trident/7.0; rv:11.0) like Gecko"
217.76.161.118 - - [07/Dec/2018:13:34:39 +0100] "GET /css/print.css HTTP/1.1" 200 543 "http://renault.activities.at/" "Mozilla/5.0 (Windows NT 6.1; WOW64; Trident/7.0; rv:11.0) like Gecko"
217.76.161.118 - - [07/Dec/2018:13:34:39 +0100] "GET /js/flashdetection.js HTTP/1.1" 200 1059 "http://renault.activities.at/" "Mozilla/5.0 (Windows NT 6.1; WOW64; Trident/7.0; rv:11.0) like Gecko"
217.76.161.118 - - [07/Dec/2018:13:34:39 +0100] "GET /css/clears.css HTTP/1.1" 200 851 "http://renault.activities.at/" "Mozilla/5.0 (Windows NT 6.1; WOW64; Trident/7.0; rv:11.0) like Gecko"
217.76.161.118 - - [07/Dec/2018:13:34:39 +0100] "GET /css/styles.css HTTP/1.1" 200 14664 "http://renault.activities.at/" "Mozilla/5.0 (Windows NT 6.1; WOW64; Trident/7.0; rv:11.0) like Gecko"
217.76.161.118 - - [07/Dec/2018:13:34:39 +0100] "GET /css/themes/alphacube.css HTTP/1.1" 200 743 "http://renault.activities.at/" "Mozilla/5.0 (Windows NT 6.1; WOW64; Trident/7.0; rv:11.0) like Gecko"
217.76.161.118 - - [07/Dec/2018:13:34:39 +0100] "GET /css/prototip.css HTTP/1.1" 200 968 "http://renault.activities.at/" "Mozilla/5.0 (Windows NT 6.1; WOW64; Trident/7.0; rv:11.0) like Gecko"
217.76.161.118 - - [07/Dec/2018:13:34:39 +0100] "GET /js/checkout.css HTTP/1.1" 200 359 "http://renault.activities.at/" "Mozilla/5.0 (Windows NT 6.1; WOW64; Trident/7.0; rv:11.0) like Gecko"
217.76.161.118 - - [07/Dec/2018:13:34:39 +0100] "GET /css/themes/default.css HTTP/1.1" 200 769 "http://renault.activities.at/" "Mozilla/5.0 (Windows NT 6.1; WOW64; Trident/7.0; rv:11.0) like Gecko"
217.76.161.118 - - [07/Dec/2018:13:34:39 +0100] "GET /images/main_block_border.gif HTTP/1.1" 200 43 "http://renault.activities.at/" "Mozilla/5.0 (Windows NT 6.1; WOW64; Trident/7.0; rv:11.0) like Gecko"
217.76.161.118 - - [07/Dec/2018:13:34:39 +0100] "GET /images/main_block_corner_right_bot.gif HTTP/1.1" 200 158 "http://renault.activities.at/" "Mozilla/5.0 (Windows NT 6.1; WOW64; Trident/7.0; rv:11.0) like Gecko"
217.76.161.118 - - [07/Dec/2018:13:34:39 +0100] "GET /images/header_block_corner_left_top.gif HTTP/1.1" 200 160 "http://renault.activities.at/" "Mozilla/5.0 (Windows NT 6.1; WOW64; Trident/7.0; rv:11.0) like Gecko"
217.76.161.118 - - [07/Dec/2018:13:34:39 +0100] "GET /images/main_block_corner_left_bot.gif HTTP/1.1" 200 159 "http://renault.activities.at/" "Mozilla/5.0 (Windows NT 6.1; WOW64; Trident/7.0; rv:11.0) like Gecko"
217.76.161.118 - - [07/Dec/2018:13:34:39 +0100] "GET /images/header_block_corner_right_top.gif HTTP/1.1" 200 160 "http://renault.activities.at/" "Mozilla/5.0 (Windows NT 6.1; WOW64; Trident/7.0; rv:11.0) like Gecko"
217.76.161.118 - - [07/Dec/2018:13:34:39 +0100] "GET /images/header_block_border.gif HTTP/1.1" 200 43 "http://renault.activities.at/" "Mozilla/5.0 (Windows NT 6.1; WOW64; Trident/7.0; rv:11.0) like Gecko"
217.76.161.118 - - [07/Dec/2018:13:34:39 +0100] "GET /images/favicon.ico HTTP/1.1" 404 305 "-" "Mozilla/5.0 (Windows NT 6.1; Win64; x64; Trident/7.0; rv:11.0) like Gecko"
217.76.161.118 - - [07/Dec/2018:13:34:40 +0100] "GET /favicon.ico HTTP/1.1" 200 3250 "-" "Mozilla/5.0 (Windows NT 6.1; Win64; x64; Trident/7.0; rv:11.0) like Gecko"
217.76.161.118 - - [07/Dec/2018:13:34:40 +0100] "GET /images/title_border.jpg HTTP/1.1" 200 304 "http://renault.activities.at/" "Mozilla/5.0 (Windows NT 6.1; WOW64; Trident/7.0; rv:11.0) like Gecko"
217.76.161.118 - - [07/Dec/2018:13:34:40 +0100] "GET /images/title_border_top.jpg HTTP/1.1" 200 336 "http://renault.activities.at/" "Mozilla/5.0 (Windows NT 6.1; WOW64; Trident/7.0; rv:11.0) like Gecko"
217.76.161.118 - - [07/Dec/2018:13:34:40 +0100] "GET /images/main_block_corner_right_top.gif HTTP/1.1" 200 159 "http://renault.activities.at/" "Mozilla/5.0 (Windows NT 6.1; WOW64; Trident/7.0; rv:11.0) like Gecko"
217.76.161.118 - - [07/Dec/2018:13:34:40 +0100] "GET /images/main_block_corner_left_top.gif HTTP/1.1" 200 159 "http://renault.activities.at/" "Mozilla/5.0 (Windows NT 6.1; WOW64; Trident/7.0; rv:11.0) like Gecko"
217.76.161.118 - - [07/Dec/2018:13:34:40 +0100] "GET /images/title_corner_left_top.jpg HTTP/1.1" 200 372 "http://renault.activities.at/" "Mozilla/5.0 (Windows NT 6.1; WOW64; Trident/7.0; rv:11.0) like Gecko"
217.76.161.118 - - [07/Dec/2018:13:34:40 +0100] "GET /images/title_corner_right_top.jpg HTTP/1.1" 200 389 "http://renault.activities.at/" "Mozilla/5.0 (Windows NT 6.1; WOW64; Trident/7.0; rv:11.0) like Gecko"
217.76.161.118 - - [07/Dec/2018:13:34:40 +0100] "GET /loadthumbnail.php?id=11127982 HTTP/1.1" 200 399614 "http://renault.activities.at/" "Mozilla/5.0 (Windows NT 6.1; WOW64; Trident/7.0; rv:11.0) like Gecko"
217.76.161.118 - - [07/Dec/2018:13:34:44 +0100] "GET /login HTTP/1.1" 200 2086 "http://renault.activities.at/" "Mozilla/5.0 (Windows NT 6.1; WOW64; Trident/7.0; rv:11.0) like Gecko"
217.76.161.118 - - [07/Dec/2018:13:34:45 +0100] "GET /images/button_left_bg.gif HTTP/1.1" 200 564 "http://renault.activities.at/login" "Mozilla/5.0 (Windows NT 6.1; WOW64; Trident/7.0; rv:11.0) like Gecko"
217.76.161.118 - - [07/Dec/2018:13:34:45 +0100] "GET /images/button_right_bg.gif HTTP/1.1" 200 561 "http://renault.activities.at/login" "Mozilla/5.0 (Windows NT 6.1; WOW64; Trident/7.0; rv:11.0) like Gecko"
217.76.161.118 - - [07/Dec/2018:13:34:45 +0100] "GET /images/button_bg.gif HTTP/1.1" 200 151 "http://renault.activities.at/login" "Mozilla/5.0 (Windows NT 6.1; WOW64; Trident/7.0; rv:11.0) like Gecko"
217.76.161.118 - - [07/Dec/2018:13:34:45 +0100] "GET /favicon.ico HTTP/1.1" 200 3250 "-" "Mozilla/5.0 (Windows NT 6.1; Win64; x64; Trident/7.0; rv:11.0) like Gecko"
89.16.198.102 - - [07/Dec/2018:13:34:45 +0100] "GET /reload?ser=1544186095168 HTTP/1.1" 200 28 "http://renault.activities.at/success" "Mozilla/5.0 (Windows NT 6.1; WOW64; rv:50.0) Gecko/20100101 Firefox/50.0"
213.153.47.173 - - [07/Dec/2018:13:34:54 +0100] "GET /reload?ser=1544186094866 HTTP/1.1" 200 28 "http://renault.activities.at/login?required=true" "Mozilla/5.0 (Windows NT 10.0; Win64; x64; rv:63.0) Gecko/20100101 Firefox/63.0"
217.76.161.118 - - [07/Dec/2018:13:34:59 +0100] "POST /login HTTP/1.1" 302 140 "http://renault.activities.at/login" "Mozilla/5.0 (Windows NT 6.1; WOW64; Trident/7.0; rv:11.0) like Gecko"
217.76.161.118 - - [07/Dec/2018:13:35:01 +0100] "GET /account HTTP/1.1" 200 6339 "http://renault.activities.at/login" "Mozilla/5.0 (Windows NT 6.1; WOW64; Trident/7.0; rv:11.0) like Gecko"
217.76.161.118 - - [07/Dec/2018:13:35:04 +0100] "GET /js/account.js HTTP/1.1" 200 953 "http://renault.activities.at/account" "Mozilla/5.0 (Windows NT 6.1; WOW64; Trident/7.0; rv:11.0) like Gecko"
217.76.161.118 - - [07/Dec/2018:13:35:04 +0100] "GET /loadthumbnail.php?id=11819630&width=50&height=50 HTTP/1.1" 200 1142 "http://renault.activities.at/account" "Mozilla/5.0 (Windows NT 6.1; WOW64; Trident/7.0; rv:11.0) like Gecko"
217.76.161.118 - - [07/Dec/2018:13:35:04 +0100] "GET /loadthumbnail.php?id=11798475&width=50&height=50 HTTP/1.1" 200 1218 "http://renault.activities.at/account" "Mozilla/5.0 (Windows NT 6.1; WOW64; Trident/7.0; rv:11.0) like Gecko"
217.76.161.118 - - [07/Dec/2018:13:35:04 +0100] "GET /loadthumbnail.php?id=11808715&width=50&height=50 HTTP/1.1" 200 1186 "http://renault.activities.at/account" "Mozilla/5.0 (Windows NT 6.1; WOW64; Trident/7.0; rv:11.0) like Gecko"
217.76.161.118 - - [07/Dec/2018:13:35:04 +0100] "GET /loadthumbnail.php?id=11819634&width=50&height=50 HTTP/1.1" 200 1193 "http://renault.activities.at/account" "Mozilla/5.0 (Windows NT 6.1; WOW64; Trident/7.0; rv:11.0) like Gecko"
217.76.161.118 - - [07/Dec/2018:13:35:04 +0100] "GET /loadthumbnail.php?id=11808714&width=50&height=50 HTTP/1.1" 200 1309 "http://renault.activities.at/account" "Mozilla/5.0 (Windows NT 6.1; WOW64; Trident/7.0; rv:11.0) like Gecko"
217.76.161.118 - - [07/Dec/2018:13:35:04 +0100] "GET /loadthumbnail.php?id=11351226&width=50&height=50 HTTP/1.1" 200 4457 "http://renault.activities.at/account" "Mozilla/5.0 (Windows NT 6.1; WOW64; Trident/7.0; rv:11.0) like Gecko"
217.76.161.118 - - [07/Dec/2018:13:35:04 +0100] "GET /images/search_bg.gif HTTP/1.1" 200 1726 "http://renault.activities.at/account" "Mozilla/5.0 (Windows NT 6.1; WOW64; Trident/7.0; rv:11.0) like Gecko"
217.76.161.118 - - [07/Dec/2018:13:35:04 +0100] "GET /images/menu_divider.gif HTTP/1.1" 200 176 "http://renault.activities.at/account" "Mozilla/5.0 (Windows NT 6.1; WOW64; Trident/7.0; rv:11.0) like Gecko"
217.76.161.118 - - [07/Dec/2018:13:35:04 +0100] "GET /images/sidebar_title_border.gif HTTP/1.1" 200 43 "http://renault.activities.at/account" "Mozilla/5.0 (Windows NT 6.1; WOW64; Trident/7.0; rv:11.0) like Gecko"
217.76.161.118 - - [07/Dec/2018:13:35:04 +0100] "GET /images/menu_button_bg.jpg HTTP/1.1" 200 322 "http://renault.activities.at/account" "Mozilla/5.0 (Windows NT 6.1; WOW64; Trident/7.0; rv:11.0) like Gecko"
217.76.161.118 - - [07/Dec/2018:13:35:04 +0100] "GET /images/top_links_divider.gif HTTP/1.1" 200 44 "http://renault.activities.at/account" "Mozilla/5.0 (Windows NT 6.1; WOW64; Trident/7.0; rv:11.0) like Gecko"
217.76.161.118 - - [07/Dec/2018:13:35:04 +0100] "GET /images/nav_divider.gif HTTP/1.1" 200 43 "http://renault.activities.at/account" "Mozilla/5.0 (Windows NT 6.1; WOW64; Trident/7.0; rv:11.0) like Gecko"
217.76.161.118 - - [07/Dec/2018:13:35:04 +0100] "GET /images/sidebar_title_border_top.gif HTTP/1.1" 200 155 "http://renault.activities.at/account" "Mozilla/5.0 (Windows NT 6.1; WOW64; Trident/7.0; rv:11.0) like Gecko"
217.76.161.118 - - [07/Dec/2018:13:35:04 +0100] "GET /images/sidebar_title_corner_right_top.gif HTTP/1.1" 200 383 "http://renault.activities.at/account" "Mozilla/5.0 (Windows NT 6.1; WOW64; Trident/7.0; rv:11.0) like Gecko"
217.76.161.118 - - [07/Dec/2018:13:35:04 +0100] "GET /images/footer_divider.gif HTTP/1.1" 200 44 "http://renault.activities.at/account" "Mozilla/5.0 (Windows NT 6.1; WOW64; Trident/7.0; rv:11.0) like Gecko"
217.76.161.118 - - [07/Dec/2018:13:35:04 +0100] "GET /images/sidebar_title_corner_left_top.gif HTTP/1.1" 200 1124 "http://renault.activities.at/account" "Mozilla/5.0 (Windows NT 6.1; WOW64; Trident/7.0; rv:11.0) like Gecko"
217.76.161.118 - - [07/Dec/2018:13:35:04 +0100] "GET /loadthumbnail.php?id=11434114&width=50&height=50 HTTP/1.1" 200 1658 "http://renault.activities.at/account" "Mozilla/5.0 (Windows NT 6.1; WOW64; Trident/7.0; rv:11.0) like Gecko"
217.76.161.118 - - [07/Dec/2018:13:35:04 +0100] "GET /loadthumbnail.php?id=10745359&width=50&height=50 HTTP/1.1" 200 1503 "http://renault.activities.at/account" "Mozilla/5.0 (Windows NT 6.1; WOW64; Trident/7.0; rv:11.0) like Gecko"
80.123.225.36 - - [07/Dec/2018:13:35:09 +0100] "GET /reload?ser=1544186111295 HTTP/1.1" 200 28 "http://renault.activities.at/result?searchterm=true&search=stunden" "Mozilla/5.0 (compatible; MSIE 9.0; Windows NT 6.1; WOW64; Trident/5.0)"
138.21.12.22 - - [07/Dec/2018:13:35:11 +0100] "GET /reload?ser=1544186111631 HTTP/1.1" 200 28 "http://renault.2web.at/11914008" "Mozilla/5.0 (Windows NT 6.1; WOW64; Trident/7.0; rv:11.0) like Gecko"
212.152.246.132 - - [07/Dec/2018:13:35:26 +0100] "GET /reload?ser=1544186124304 HTTP/1.1" 200 28 "http://renault.activities.at/" "Mozilla/5.0 (Windows NT 10.0; WOW64; Trident/7.0; rv:11.0) like Gecko"
89.16.198.102 - - [07/Dec/2018:13:35:46 +0100] "GET /reload?ser=1544186156103 HTTP/1.1" 200 28 "http://renault.activities.at/success" "Mozilla/5.0 (Windows NT 6.1; WOW64; rv:50.0) Gecko/20100101 Firefox/50.0"
217.76.161.118 - - [07/Dec/2018:13:35:50 +0100] "GET /orders HTTP/1.1" 200 5839 "http://renault.activities.at/account" "Mozilla/5.0 (Windows NT 6.1; WOW64; Trident/7.0; rv:11.0) like Gecko"
217.76.161.118 - - [07/Dec/2018:13:35:51 +0100] "GET /images/pager_bg.gif HTTP/1.1" 200 150 "http://renault.activities.at/orders" "Mozilla/5.0 (Windows NT 6.1; WOW64; Trident/7.0; rv:11.0) like Gecko"
217.76.161.118 - - [07/Dec/2018:13:35:51 +0100] "GET /loadthumbnail.php?id=10203276 HTTP/1.1" 200 75 "http://renault.activities.at/orders" "Mozilla/5.0 (Windows NT 6.1; WOW64; Trident/7.0; rv:11.0) like Gecko"
213.153.47.173 - - [07/Dec/2018:13:35:55 +0100] "GET /reload?ser=1544186155527 HTTP/1.1" 200 28 "http://renault.activities.at/login?required=true" "Mozilla/5.0 (Windows NT 10.0; Win64; x64; rv:63.0) Gecko/20100101 Firefox/63.0"
217.76.161.118 - - [07/Dec/2018:13:35:57 +0100] "GET /11908275 HTTP/1.1" 200 6241 "http://renault.activities.at/orders" "Mozilla/5.0 (Windows NT 6.1; WOW64; Trident/7.0; rv:11.0) like Gecko"
217.76.161.118 - - [07/Dec/2018:13:36:00 +0100] "GET /images/icons/lupe.gif HTTP/1.1" 200 324 "http://renault.activities.at/11908275" "Mozilla/5.0 (Windows NT 6.1; WOW64; Trident/7.0; rv:11.0) like Gecko"
80.123.225.36 - - [07/Dec/2018:13:36:10 +0100] "GET /reload?ser=1544186172296 HTTP/1.1" 200 28 "http://renault.activities.at/result?searchterm=true&search=stunden" "Mozilla/5.0 (compatible; MSIE 9.0; Windows NT 6.1; WOW64; Trident/5.0)"
138.21.12.22 - - [07/Dec/2018:13:36:12 +0100] "GET /reload?ser=1544186172702 HTTP/1.1" 200 28 "http://renault.2web.at/11914008" "Mozilla/5.0 (Windows NT 6.1; WOW64; Trident/7.0; rv:11.0) like Gecko"
212.152.246.132 - - [07/Dec/2018:13:36:27 +0100] "GET /reload?ser=1544186184989 HTTP/1.1" 200 28 "http://renault.activities.at/" "Mozilla/5.0 (Windows NT 10.0; WOW64; Trident/7.0; rv:11.0) like Gecko"
217.76.161.118 - - [07/Dec/2018:13:36:28 +0100] "POST /axjaxrequest?mode=suggest HTTP/1.1" 200 21 "http://renault.activities.at/11908275" "Mozilla/5.0 (Windows NT 6.1; WOW64; Trident/7.0; rv:11.0) like Gecko"
217.76.161.118 - - [07/Dec/2018:13:36:29 +0100] "GET /result?searchterm=true&search=usb HTTP/1.1" 200 6403 "http://renault.activities.at/11908275" "Mozilla/5.0 (Windows NT 6.1; WOW64; Trident/7.0; rv:11.0) like Gecko"
217.76.161.118 - - [07/Dec/2018:13:36:31 +0100] "GET /js/prototip.js HTTP/1.1" 200 4588 "http://renault.activities.at/result?searchterm=true&search=usb" "Mozilla/5.0 (Windows NT 6.1; WOW64; Trident/7.0; rv:11.0) like Gecko"
217.76.161.118 - - [07/Dec/2018:13:36:31 +0100] "GET /images/loading.gif HTTP/1.1" 200 3208 "http://renault.activities.at/result?searchterm=true&search=usb" "Mozilla/5.0 (Windows NT 6.1; WOW64; Trident/7.0; rv:11.0) like Gecko"
217.76.161.118 - - [07/Dec/2018:13:36:31 +0100] "GET /js/ProduktGrp.js HTTP/1.1" 200 1569 "http://renault.activities.at/result?searchterm=true&search=usb" "Mozilla/5.0 (Windows NT 6.1; WOW64; Trident/7.0; rv:11.0) like Gecko"
217.76.161.118 - - [07/Dec/2018:13:36:31 +0100] "GET /images/validation_advice_bg.gif HTTP/1.1" 200 134 "http://renault.activities.at/result?searchterm=true&search=usb" "Mozilla/5.0 (Windows NT 6.1; WOW64; Trident/7.0; rv:11.0) like Gecko"
217.76.161.118 - - [07/Dec/2018:13:36:31 +0100] "GET /images/vista-dn.gif HTTP/1.1" 200 128 "http://renault.activities.at/result?searchterm=true&search=usb" "Mozilla/5.0 (Windows NT 6.1; WOW64; Trident/7.0; rv:11.0) like Gecko"
217.76.161.118 - - [07/Dec/2018:13:36:31 +0100] "GET /images/vista-up.gif HTTP/1.1" 200 131 "http://renault.activities.at/result?searchterm=true&search=usb" "Mozilla/5.0 (Windows NT 6.1; WOW64; Trident/7.0; rv:11.0) like Gecko"
217.76.161.118 - - [07/Dec/2018:13:36:31 +0100] "GET /loadthumbnail.php?id=10203255 HTTP/1.1" 200 137 "http://renault.activities.at/result?searchterm=true&search=usb" "Mozilla/5.0 (Windows NT 6.1; WOW64; Trident/7.0; rv:11.0) like Gecko"
217.76.161.118 - - [07/Dec/2018:13:36:31 +0100] "GET /loadthumbnail.php?id=11117056&width=113 HTTP/1.1" 200 2184 "http://renault.activities.at/result?searchterm=true&search=usb" "Mozilla/5.0 (Windows NT 6.1; WOW64; Trident/7.0; rv:11.0) like Gecko"
217.76.161.118 - - [07/Dec/2018:13:36:31 +0100] "GET /loadthumbnail.php?id=11194750&width=113 HTTP/1.1" 200 2347 "http://renault.activities.at/result?searchterm=true&search=usb" "Mozilla/5.0 (Windows NT 6.1; WOW64; Trident/7.0; rv:11.0) like Gecko"
89.16.198.102 - - [07/Dec/2018:13:36:47 +0100] "GET /reload?ser=1544186217100 HTTP/1.1" 200 28 "http://renault.activities.at/success" "Mozilla/5.0 (Windows NT 6.1; WOW64; rv:50.0) Gecko/20100101 Firefox/50.0"
213.153.47.173 - - [07/Dec/2018:13:36:56 +0100] "GET /reload?ser=1544186216180 HTTP/1.1" 200 28 "http://renault.activities.at/login?required=true" "Mozilla/5.0 (Windows NT 10.0; Win64; x64; rv:63.0) Gecko/20100101 Firefox/63.0"
80.123.225.36 - - [07/Dec/2018:13:37:11 +0100] "GET /reload?ser=1544186233314 HTTP/1.1" 200 28 "http://renault.activities.at/result?searchterm=true&search=stunden" "Mozilla/5.0 (compatible; MSIE 9.0; Windows NT 6.1; WOW64; Trident/5.0)"
138.21.12.22 - - [07/Dec/2018:13:37:13 +0100] "GET /reload?ser=1544186233774 HTTP/1.1" 200 28 "http://renault.2web.at/11914008" "Mozilla/5.0 (Windows NT 6.1; WOW64; Trident/7.0; rv:11.0) like Gecko"
212.152.246.132 - - [07/Dec/2018:13:37:27 +0100] "GET /reload?ser=1544186245674 HTTP/1.1" 200 28 "http://renault.activities.at/" "Mozilla/5.0 (Windows NT 10.0; WOW64; Trident/7.0; rv:11.0) like Gecko"
217.76.161.118 - - [07/Dec/2018:13:37:31 +0100] "GET /reload?ser=1544186245380 HTTP/1.1" 200 28 "http://renault.activities.at/result?searchterm=true&search=usb" "Mozilla/5.0 (Windows NT 6.1; WOW64; Trident/7.0; rv:11.0) like Gecko"
89.16.198.102 - - [07/Dec/2018:13:37:48 +0100] "GET /reload?ser=1544186278078 HTTP/1.1" 200 28 "http://renault.activities.at/success" "Mozilla/5.0 (Windows NT 6.1; WOW64; rv:50.0) Gecko/20100101 Firefox/50.0"
213.153.47.173 - - [07/Dec/2018:13:37:56 +0100] "GET /reload?ser=1544186276843 HTTP/1.1" 200 28 "http://renault.activities.at/login?required=true" "Mozilla/5.0 (Windows NT 10.0; Win64; x64; rv:63.0) Gecko/20100101 Firefox/63.0"
80.123.225.36 - - [07/Dec/2018:13:38:12 +0100] "GET /reload?ser=1544186294338 HTTP/1.1" 200 28 "http://renault.activities.at/result?searchterm=true&search=stunden" "Mozilla/5.0 (compatible; MSIE 9.0; Windows NT 6.1; WOW64; Trident/5.0)"
138.21.12.22 - - [07/Dec/2018:13:38:14 +0100] "GET /reload?ser=1544186294848 HTTP/1.1" 200 28 "http://renault.2web.at/11914008" "Mozilla/5.0 (Windows NT 6.1; WOW64; Trident/7.0; rv:11.0) like Gecko"
212.152.246.132 - - [07/Dec/2018:13:38:28 +0100] "GET /reload?ser=1544186306361 HTTP/1.1" 200 28 "http://renault.activities.at/" "Mozilla/5.0 (Windows NT 10.0; WOW64; Trident/7.0; rv:11.0) like Gecko"
217.76.161.118 - - [07/Dec/2018:13:38:33 +0100] "GET /reload?ser=1544186306517 HTTP/1.1" 200 28 "http://renault.activities.at/result?searchterm=true&search=usb" "Mozilla/5.0 (Windows NT 6.1; WOW64; Trident/7.0; rv:11.0) like Gecko"
89.16.198.102 - - [07/Dec/2018:13:38:49 +0100] "GET /reload?ser=1544186339014 HTTP/1.1" 200 28 "http://renault.activities.at/success" "Mozilla/5.0 (Windows NT 6.1; WOW64; rv:50.0) Gecko/20100101 Firefox/50.0"
213.153.47.173 - - [07/Dec/2018:13:38:57 +0100] "GET /reload?ser=1544186337525 HTTP/1.1" 200 28 "http://renault.activities.at/login?required=true" "Mozilla/5.0 (Windows NT 10.0; Win64; x64; rv:63.0) Gecko/20100101 Firefox/63.0"
80.123.225.36 - - [07/Dec/2018:13:39:13 +0100] "GET /reload?ser=1544186355269 HTTP/1.1" 200 28 "http://renault.activities.at/result?searchterm=true&search=stunden" "Mozilla/5.0 (compatible; MSIE 9.0; Windows NT 6.1; WOW64; Trident/5.0)"
138.21.12.22 - - [07/Dec/2018:13:39:15 +0100] "GET /reload?ser=1544186355960 HTTP/1.1" 200 28 "http://renault.2web.at/11914008" "Mozilla/5.0 (Windows NT 6.1; WOW64; Trident/7.0; rv:11.0) like Gecko"
212.152.246.132 - - [07/Dec/2018:13:39:29 +0100] "GET /reload?ser=1544186367046 HTTP/1.1" 200 28 "http://renault.activities.at/" "Mozilla/5.0 (Windows NT 10.0; WOW64; Trident/7.0; rv:11.0) like Gecko"
217.76.161.118 - - [07/Dec/2018:13:39:34 +0100] "GET /reload?ser=1544186367638 HTTP/1.1" 200 28 "http://renault.activities.at/result?searchterm=true&search=usb" "Mozilla/5.0 (Windows NT 6.1; WOW64; Trident/7.0; rv:11.0) like Gecko"
89.16.198.102 - - [07/Dec/2018:13:39:50 +0100] "GET /reload?ser=1544186399985 HTTP/1.1" 200 28 "http://renault.activities.at/success" "Mozilla/5.0 (Windows NT 6.1; WOW64; rv:50.0) Gecko/20100101 Firefox/50.0"
213.153.47.173 - - [07/Dec/2018:13:39:58 +0100] "GET /reload?ser=1544186398186 HTTP/1.1" 200 28 "http://renault.activities.at/login?required=true" "Mozilla/5.0 (Windows NT 10.0; Win64; x64; rv:63.0) Gecko/20100101 Firefox/63.0"
80.123.225.36 - - [07/Dec/2018:13:40:14 +0100] "GET /reload?ser=1544186416212 HTTP/1.1" 200 28 "http://renault.activities.at/result?searchterm=true&search=stunden" "Mozilla/5.0 (compatible; MSIE 9.0; Windows NT 6.1; WOW64; Trident/5.0)"
138.21.12.22 - - [07/Dec/2018:13:40:17 +0100] "GET /reload?ser=1544186416987 HTTP/1.1" 200 28 "http://renault.2web.at/11914008" "Mozilla/5.0 (Windows NT 6.1; WOW64; Trident/7.0; rv:11.0) like Gecko"
212.152.246.132 - - [07/Dec/2018:13:40:30 +0100] "GET /reload?ser=1544186427733 HTTP/1.1" 200 28 "http://renault.activities.at/" "Mozilla/5.0 (Windows NT 10.0; WOW64; Trident/7.0; rv:11.0) like Gecko"
217.76.161.118 - - [07/Dec/2018:13:40:35 +0100] "GET /reload?ser=1544186428826 HTTP/1.1" 200 28 "http://renault.activities.at/result?searchterm=true&search=usb" "Mozilla/5.0 (Windows NT 6.1; WOW64; Trident/7.0; rv:11.0) like Gecko"
89.16.198.102 - - [07/Dec/2018:13:40:51 +0100] "GET /reload?ser=1544186460970 HTTP/1.1" 200 28 "http://renault.activities.at/success" "Mozilla/5.0 (Windows NT 6.1; WOW64; rv:50.0) Gecko/20100101 Firefox/50.0"
213.153.47.173 - - [07/Dec/2018:13:40:58 +0100] "GET /reload?ser=1544186458851 HTTP/1.1" 200 28 "http://renault.activities.at/login?required=true" "Mozilla/5.0 (Windows NT 10.0; Win64; x64; rv:63.0) Gecko/20100101 Firefox/63.0"
80.123.225.36 - - [07/Dec/2018:13:41:14 +0100] "GET /reload?ser=1544186477183 HTTP/1.1" 200 28 "http://renault.activities.at/result?searchterm=true&search=stunden" "Mozilla/5.0 (compatible; MSIE 9.0; Windows NT 6.1; WOW64; Trident/5.0)"
138.21.12.22 - - [07/Dec/2018:13:41:18 +0100] "GET /reload?ser=1544186478037 HTTP/1.1" 200 28 "http://renault.2web.at/11914008" "Mozilla/5.0 (Windows NT 6.1; WOW64; Trident/7.0; rv:11.0) like Gecko"
212.152.246.132 - - [07/Dec/2018:13:41:30 +0100] "GET /reload?ser=1544186488432 HTTP/1.1" 200 28 "http://renault.activities.at/" "Mozilla/5.0 (Windows NT 10.0; WOW64; Trident/7.0; rv:11.0) like Gecko"
217.76.161.118 - - [07/Dec/2018:13:41:36 +0100] "GET /reload?ser=1544186490014 HTTP/1.1" 200 28 "http://renault.activities.at/result?searchterm=true&search=usb" "Mozilla/5.0 (Windows NT 6.1; WOW64; Trident/7.0; rv:11.0) like Gecko"
89.16.198.102 - - [07/Dec/2018:13:41:52 +0100] "GET /reload?ser=1544186521928 HTTP/1.1" 200 28 "http://renault.activities.at/success" "Mozilla/5.0 (Windows NT 6.1; WOW64; rv:50.0) Gecko/20100101 Firefox/50.0"
213.153.47.173 - - [07/Dec/2018:13:41:59 +0100] "GET /reload?ser=1544186519518 HTTP/1.1" 200 28 "http://renault.activities.at/login?required=true" "Mozilla/5.0 (Windows NT 10.0; Win64; x64; rv:63.0) Gecko/20100101 Firefox/63.0"
80.123.225.36 - - [07/Dec/2018:13:42:15 +0100] "GET /reload?ser=1544186538182 HTTP/1.1" 200 28 "http://renault.activities.at/result?searchterm=true&search=stunden" "Mozilla/5.0 (compatible; MSIE 9.0; Windows NT 6.1; WOW64; Trident/5.0)"
138.21.12.22 - - [07/Dec/2018:13:42:19 +0100] "GET /reload?ser=1544186539072 HTTP/1.1" 200 28 "http://renault.2web.at/11914008" "Mozilla/5.0 (Windows NT 6.1; WOW64; Trident/7.0; rv:11.0) like Gecko"
212.152.246.132 - - [07/Dec/2018:13:42:31 +0100] "GET /reload?ser=1544186549135 HTTP/1.1" 200 28 "http://renault.activities.at/" "Mozilla/5.0 (Windows NT 10.0; WOW64; Trident/7.0; rv:11.0) like Gecko"
217.76.161.118 - - [07/Dec/2018:13:42:37 +0100] "GET /reload?ser=1544186551083 HTTP/1.1" 200 28 "http://renault.activities.at/result?searchterm=true&search=usb" "Mozilla/5.0 (Windows NT 6.1; WOW64; Trident/7.0; rv:11.0) like Gecko"
89.16.198.102 - - [07/Dec/2018:13:42:53 +0100] "GET /reload?ser=1544186582864 HTTP/1.1" 200 28 "http://renault.activities.at/success" "Mozilla/5.0 (Windows NT 6.1; WOW64; rv:50.0) Gecko/20100101 Firefox/50.0"
213.153.47.173 - - [07/Dec/2018:13:43:00 +0100] "GET /reload?ser=1544186580166 HTTP/1.1" 200 28 "http://renault.activities.at/login?required=true" "Mozilla/5.0 (Windows NT 10.0; Win64; x64; rv:63.0) Gecko/20100101 Firefox/63.0"
80.123.225.36 - - [07/Dec/2018:13:43:16 +0100] "GET /reload?ser=1544186599180 HTTP/1.1" 200 28 "http://renault.activities.at/result?searchterm=true&search=stunden" "Mozilla/5.0 (compatible; MSIE 9.0; Windows NT 6.1; WOW64; Trident/5.0)"
138.21.12.22 - - [07/Dec/2018:13:43:20 +0100] "GET /reload?ser=1544186600122 HTTP/1.1" 200 28 "http://renault.2web.at/11914008" "Mozilla/5.0 (Windows NT 6.1; WOW64; Trident/7.0; rv:11.0) like Gecko"
212.152.246.132 - - [07/Dec/2018:13:43:32 +0100] "GET /reload?ser=1544186609824 HTTP/1.1" 200 28 "http://renault.activities.at/" "Mozilla/5.0 (Windows NT 10.0; WOW64; Trident/7.0; rv:11.0) like Gecko"
217.76.161.118 - - [07/Dec/2018:13:43:38 +0100] "GET /reload?ser=1544186612183 HTTP/1.1" 200 28 "http://renault.activities.at/result?searchterm=true&search=usb" "Mozilla/5.0 (Windows NT 6.1; WOW64; Trident/7.0; rv:11.0) like Gecko"
89.16.198.102 - - [07/Dec/2018:13:43:54 +0100] "GET /reload?ser=1544186643824 HTTP/1.1" 200 28 "http://renault.activities.at/success" "Mozilla/5.0 (Windows NT 6.1; WOW64; rv:50.0) Gecko/20100101 Firefox/50.0"
213.153.47.173 - - [07/Dec/2018:13:44:00 +0100] "GET /reload?ser=1544186640821 HTTP/1.1" 200 28 "http://renault.activities.at/login?required=true" "Mozilla/5.0 (Windows NT 10.0; Win64; x64; rv:63.0) Gecko/20100101 Firefox/63.0"
80.123.225.36 - - [07/Dec/2018:13:44:17 +0100] "GET /reload?ser=1544186660152 HTTP/1.1" 200 28 "http://renault.activities.at/result?searchterm=true&search=stunden" "Mozilla/5.0 (compatible; MSIE 9.0; Windows NT 6.1; WOW64; Trident/5.0)"
138.21.12.22 - - [07/Dec/2018:13:44:21 +0100] "GET /reload?ser=1544186661169 HTTP/1.1" 200 28 "http://renault.2web.at/11914008" "Mozilla/5.0 (Windows NT 6.1; WOW64; Trident/7.0; rv:11.0) like Gecko"
212.152.246.132 - - [07/Dec/2018:13:44:32 +0100] "GET /reload?ser=1544186670585 HTTP/1.1" 200 28 "http://renault.activities.at/" "Mozilla/5.0 (Windows NT 10.0; WOW64; Trident/7.0; rv:11.0) like Gecko"
217.76.161.118 - - [07/Dec/2018:13:44:39 +0100] "GET /reload?ser=1544186673290 HTTP/1.1" 200 28 "http://renault.activities.at/result?searchterm=true&search=usb" "Mozilla/5.0 (Windows NT 6.1; WOW64; Trident/7.0; rv:11.0) like Gecko"
89.16.198.102 - - [07/Dec/2018:13:44:55 +0100] "GET /reload?ser=1544186704802 HTTP/1.1" 200 28 "http://renault.activities.at/success" "Mozilla/5.0 (Windows NT 6.1; WOW64; rv:50.0) Gecko/20100101 Firefox/50.0"
213.153.47.173 - - [07/Dec/2018:13:45:01 +0100] "GET /reload?ser=1544186701494 HTTP/1.1" 200 28 "http://renault.activities.at/login?required=true" "Mozilla/5.0 (Windows NT 10.0; Win64; x64; rv:63.0) Gecko/20100101 Firefox/63.0"
80.123.225.36 - - [07/Dec/2018:13:45:18 +0100] "GET /reload?ser=1544186721089 HTTP/1.1" 200 28 "http://renault.activities.at/result?searchterm=true&search=stunden" "Mozilla/5.0 (compatible; MSIE 9.0; Windows NT 6.1; WOW64; Trident/5.0)"
138.21.12.22 - - [07/Dec/2018:13:45:22 +0100] "GET /reload?ser=1544186722221 HTTP/1.1" 200 28 "http://renault.2web.at/11914008" "Mozilla/5.0 (Windows NT 6.1; WOW64; Trident/7.0; rv:11.0) like Gecko"
80.120.5.131 - - [07/Dec/2018:13:45:25 +0100] "GET /10201637 HTTP/1.1" 302 150 "-" "Mozilla/5.0 (Macintosh; Intel Mac OS X 10_13_6) AppleWebKit/605.1.15 (KHTML, like Gecko)"
80.120.5.131 - - [07/Dec/2018:13:45:28 +0100] "GET /login?required=true HTTP/1.1" 200 2086 "-" "Mozilla/5.0 (Macintosh; Intel Mac OS X 10_13_6) AppleWebKit/605.1.15 (KHTML, like Gecko)"
80.120.5.131 - - [07/Dec/2018:13:45:29 +0100] "GET /apple-touch-icon-precomposed.png HTTP/1.1" 200 1559 "-" "Safari/13606.2.104.1.2 CFNetwork/902.3.1 Darwin/17.7.0 (x86_64)"
80.120.5.131 - - [07/Dec/2018:13:45:29 +0100] "GET /apple-touch-icon.png HTTP/1.1" 200 1559 "-" "Safari/13606.2.104.1.2 CFNetwork/902.3.1 Darwin/17.7.0 (x86_64)"
80.120.5.131 - - [07/Dec/2018:13:45:30 +0100] "GET /images/favicon.ico HTTP/1.1" 404 305 "-" "Safari/13606.2.104.1.2 CFNetwork/902.3.1 Darwin/17.7.0 (x86_64)"
80.120.5.131 - - [07/Dec/2018:13:45:31 +0100] "GET /images/favicon.ico HTTP/1.1" 404 305 "-" "Safari/13606.2.104.1.2 CFNetwork/902.3.1 Darwin/17.7.0 (x86_64)"
80.120.5.131 - - [07/Dec/2018:13:45:31 +0100] "GET /favicon.ico HTTP/1.1" 200 3250 "-" "Safari/13606.2.104.1.2 CFNetwork/902.3.1 Darwin/17.7.0 (x86_64)"
80.120.5.131 - - [07/Dec/2018:13:45:31 +0100] "GET /apple-touch-icon-precomposed.png HTTP/1.1" 200 1559 "-" "Safari/13606.2.104.1.2 CFNetwork/902.3.1 Darwin/17.7.0 (x86_64)"
80.120.5.131 - - [07/Dec/2018:13:45:32 +0100] "GET /apple-touch-icon.png HTTP/1.1" 200 1559 "-" "Safari/13606.2.104.1.2 CFNetwork/902.3.1 Darwin/17.7.0 (x86_64)"
80.120.5.131 - - [07/Dec/2018:13:45:32 +0100] "GET /images/favicon.ico HTTP/1.1" 404 305 "-" "Safari/13606.2.104.1.2 CFNetwork/902.3.1 Darwin/17.7.0 (x86_64)"
80.120.5.131 - - [07/Dec/2018:13:45:33 +0100] "GET /images/favicon.ico HTTP/1.1" 404 305 "-" "Safari/13606.2.104.1.2 CFNetwork/902.3.1 Darwin/17.7.0 (x86_64)"
80.120.5.131 - - [07/Dec/2018:13:45:33 +0100] "GET /favicon.ico HTTP/1.1" 200 3250 "-" "Safari/13606.2.104.1.2 CFNetwork/902.3.1 Darwin/17.7.0 (x86_64)"
80.120.5.131 - - [07/Dec/2018:13:45:33 +0100] "GET /10201637 HTTP/1.1" 302 150 "-" "Mozilla/5.0 (iPhone; CPU iPhone OS 11_3 like Mac OS X) AppleWebKit/605.1.15 (KHTML, like Gecko) Version/11.0 Mobile/15E148 Safari/604.1"
212.152.246.132 - - [07/Dec/2018:13:45:33 +0100] "GET /reload?ser=1544186731273 HTTP/1.1" 200 28 "http://renault.activities.at/" "Mozilla/5.0 (Windows NT 10.0; WOW64; Trident/7.0; rv:11.0) like Gecko"
80.120.5.131 - - [07/Dec/2018:13:45:33 +0100] "GET /login?required=true HTTP/1.1" 200 2086 "-" "Mozilla/5.0 (iPhone; CPU iPhone OS 11_3 like Mac OS X) AppleWebKit/605.1.15 (KHTML, like Gecko) Version/11.0 Mobile/15E148 Safari/604.1"
80.120.5.131 - - [07/Dec/2018:13:45:34 +0100] "GET /apple-touch-icon-precomposed.png HTTP/1.1" 200 1559 "-" "Safari/13606.2.104.1.2 CFNetwork/902.3.1 Darwin/17.7.0 (x86_64)"
80.120.5.131 - - [07/Dec/2018:13:45:35 +0100] "GET /apple-touch-icon.png HTTP/1.1" 200 1559 "-" "Safari/13606.2.104.1.2 CFNetwork/902.3.1 Darwin/17.7.0 (x86_64)"
80.120.5.131 - - [07/Dec/2018:13:45:36 +0100] "GET /images/favicon.ico HTTP/1.1" 404 305 "-" "Safari/13606.2.104.1.2 CFNetwork/902.3.1 Darwin/17.7.0 (x86_64)"
80.120.5.131 - - [07/Dec/2018:13:45:36 +0100] "GET /images/favicon.ico HTTP/1.1" 404 305 "-" "Safari/13606.2.104.1.2 CFNetwork/902.3.1 Darwin/17.7.0 (x86_64)"
80.120.5.131 - - [07/Dec/2018:13:45:36 +0100] "GET /favicon.ico HTTP/1.1" 200 3250 "-" "Safari/13606.2.104.1.2 CFNetwork/902.3.1 Darwin/17.7.0 (x86_64)"
80.120.5.131 - - [07/Dec/2018:13:45:36 +0100] "GET /apple-touch-icon-precomposed.png HTTP/1.1" 200 1559 "-" "Safari/13606.2.104.1.2 CFNetwork/902.3.1 Darwin/17.7.0 (x86_64)"
80.120.5.131 - - [07/Dec/2018:13:45:37 +0100] "GET /apple-touch-icon.png HTTP/1.1" 200 1559 "-" "Safari/13606.2.104.1.2 CFNetwork/902.3.1 Darwin/17.7.0 (x86_64)"
80.120.5.131 - - [07/Dec/2018:13:45:38 +0100] "GET /images/favicon.ico HTTP/1.1" 404 305 "-" "Safari/13606.2.104.1.2 CFNetwork/902.3.1 Darwin/17.7.0 (x86_64)"
80.120.5.131 - - [07/Dec/2018:13:45:38 +0100] "GET /images/favicon.ico HTTP/1.1" 404 305 "-" "Safari/13606.2.104.1.2 CFNetwork/902.3.1 Darwin/17.7.0 (x86_64)"
80.120.5.131 - - [07/Dec/2018:13:45:38 +0100] "GET /favicon.ico HTTP/1.1" 200 3250 "-" "Safari/13606.2.104.1.2 CFNetwork/902.3.1 Darwin/17.7.0 (x86_64)"
217.76.161.118 - - [07/Dec/2018:13:45:41 +0100] "GET /reload?ser=1544186734512 HTTP/1.1" 200 28 "http://renault.activities.at/result?searchterm=true&search=usb" "Mozilla/5.0 (Windows NT 6.1; WOW64; Trident/7.0; rv:11.0) like Gecko"
89.16.198.102 - - [07/Dec/2018:13:45:56 +0100] "GET /reload?ser=1544186765809 HTTP/1.1" 200 28 "http://renault.activities.at/success" "Mozilla/5.0 (Windows NT 6.1; WOW64; rv:50.0) Gecko/20100101 Firefox/50.0"
213.153.47.173 - - [07/Dec/2018:13:46:02 +0100] "GET /reload?ser=1544186762161 HTTP/1.1" 200 28 "http://renault.activities.at/login?required=true" "Mozilla/5.0 (Windows NT 10.0; Win64; x64; rv:63.0) Gecko/20100101 Firefox/63.0"
80.123.225.36 - - [07/Dec/2018:13:46:19 +0100] "GET /reload?ser=1544186782070 HTTP/1.1" 200 28 "http://renault.activities.at/result?searchterm=true&search=stunden" "Mozilla/5.0 (compatible; MSIE 9.0; Windows NT 6.1; WOW64; Trident/5.0)"
138.21.12.22 - - [07/Dec/2018:13:46:23 +0100] "GET /reload?ser=1544186783244 HTTP/1.1" 200 28 "http://renault.2web.at/11914008" "Mozilla/5.0 (Windows NT 6.1; WOW64; Trident/7.0; rv:11.0) like Gecko"
212.152.246.132 - - [07/Dec/2018:13:46:34 +0100] "GET /reload?ser=1544186791963 HTTP/1.1" 200 28 "http://renault.activities.at/" "Mozilla/5.0 (Windows NT 10.0; WOW64; Trident/7.0; rv:11.0) like Gecko"
217.76.161.118 - - [07/Dec/2018:13:46:42 +0100] "GET /reload?ser=1544186795570 HTTP/1.1" 200 28 "http://renault.activities.at/result?searchterm=true&search=usb" "Mozilla/5.0 (Windows NT 6.1; WOW64; Trident/7.0; rv:11.0) like Gecko"
89.16.198.102 - - [07/Dec/2018:13:46:57 +0100] "GET /reload?ser=1544186826737 HTTP/1.1" 200 28 "http://renault.activities.at/success" "Mozilla/5.0 (Windows NT 6.1; WOW64; rv:50.0) Gecko/20100101 Firefox/50.0"
213.153.47.173 - - [07/Dec/2018:13:47:02 +0100] "GET /reload?ser=1544186822833 HTTP/1.1" 200 28 "http://renault.activities.at/login?required=true" "Mozilla/5.0 (Windows NT 10.0; Win64; x64; rv:63.0) Gecko/20100101 Firefox/63.0"
80.123.225.36 - - [07/Dec/2018:13:47:20 +0100] "GET /reload?ser=1544186843036 HTTP/1.1" 200 28 "http://renault.activities.at/result?searchterm=true&search=stunden" "Mozilla/5.0 (compatible; MSIE 9.0; Windows NT 6.1; WOW64; Trident/5.0)"
138.21.12.22 - - [07/Dec/2018:13:47:24 +0100] "GET /reload?ser=1544186844270 HTTP/1.1" 200 28 "http://renault.2web.at/11914008" "Mozilla/5.0 (Windows NT 6.1; WOW64; Trident/7.0; rv:11.0) like Gecko"
212.152.246.132 - - [07/Dec/2018:13:47:34 +0100] "GET /reload?ser=1544186852665 HTTP/1.1" 200 28 "http://renault.activities.at/" "Mozilla/5.0 (Windows NT 10.0; WOW64; Trident/7.0; rv:11.0) like Gecko"
217.76.161.118 - - [07/Dec/2018:13:47:43 +0100] "GET /reload?ser=1544186856652 HTTP/1.1" 200 28 "http://renault.activities.at/result?searchterm=true&search=usb" "Mozilla/5.0 (Windows NT 6.1; WOW64; Trident/7.0; rv:11.0) like Gecko"
89.16.198.102 - - [07/Dec/2018:13:47:58 +0100] "GET /reload?ser=1544186887677 HTTP/1.1" 200 28 "http://renault.activities.at/success" "Mozilla/5.0 (Windows NT 6.1; WOW64; rv:50.0) Gecko/20100101 Firefox/50.0"
213.153.47.173 - - [07/Dec/2018:13:48:03 +0100] "GET /reload?ser=1544186883502 HTTP/1.1" 200 28 "http://renault.activities.at/login?required=true" "Mozilla/5.0 (Windows NT 10.0; Win64; x64; rv:63.0) Gecko/20100101 Firefox/63.0"
80.123.225.36 - - [07/Dec/2018:13:48:21 +0100] "GET /reload?ser=1544186903998 HTTP/1.1" 200 28 "http://renault.activities.at/result?searchterm=true&search=stunden" "Mozilla/5.0 (compatible; MSIE 9.0; Windows NT 6.1; WOW64; Trident/5.0)"
138.21.12.22 - - [07/Dec/2018:13:48:25 +0100] "GET /reload?ser=1544186905337 HTTP/1.1" 200 28 "http://renault.2web.at/11914008" "Mozilla/5.0 (Windows NT 6.1; WOW64; Trident/7.0; rv:11.0) like Gecko"
212.152.246.132 - - [07/Dec/2018:13:48:35 +0100] "GET /reload?ser=1544186913352 HTTP/1.1" 200 28 "http://renault.activities.at/" "Mozilla/5.0 (Windows NT 10.0; WOW64; Trident/7.0; rv:11.0) like Gecko"
89.16.198.102 - - [07/Dec/2018:13:48:59 +0100] "GET /reload?ser=1544186948759 HTTP/1.1" 200 28 "http://renault.activities.at/success" "Mozilla/5.0 (Windows NT 6.1; WOW64; rv:50.0) Gecko/20100101 Firefox/50.0"
213.153.47.173 - - [07/Dec/2018:13:49:04 +0100] "GET /reload?ser=1544186944167 HTTP/1.1" 200 28 "http://renault.activities.at/login?required=true" "Mozilla/5.0 (Windows NT 10.0; Win64; x64; rv:63.0) Gecko/20100101 Firefox/63.0"
80.123.225.36 - - [07/Dec/2018:13:49:22 +0100] "GET /reload?ser=1544186964976 HTTP/1.1" 200 28 "http://renault.activities.at/result?searchterm=true&search=stunden" "Mozilla/5.0 (compatible; MSIE 9.0; Windows NT 6.1; WOW64; Trident/5.0)"
138.21.12.22 - - [07/Dec/2018:13:49:26 +0100] "GET /reload?ser=1544186966385 HTTP/1.1" 200 28 "http://renault.2web.at/11914008" "Mozilla/5.0 (Windows NT 6.1; WOW64; Trident/7.0; rv:11.0) like Gecko"
212.152.246.132 - - [07/Dec/2018:13:49:36 +0100] "GET /reload?ser=1544186974025 HTTP/1.1" 200 28 "http://renault.activities.at/" "Mozilla/5.0 (Windows NT 10.0; WOW64; Trident/7.0; rv:11.0) like Gecko"
89.16.198.102 - - [07/Dec/2018:13:50:00 +0100] "GET /reload?ser=1544187009730 HTTP/1.1" 200 28 "http://renault.activities.at/success" "Mozilla/5.0 (Windows NT 6.1; WOW64; rv:50.0) Gecko/20100101 Firefox/50.0"
213.153.47.173 - - [07/Dec/2018:13:50:04 +0100] "GET /reload?ser=1544187004832 HTTP/1.1" 200 28 "http://renault.activities.at/login?required=true" "Mozilla/5.0 (Windows NT 10.0; Win64; x64; rv:63.0) Gecko/20100101 Firefox/63.0"
80.123.225.36 - - [07/Dec/2018:13:50:23 +0100] "GET /reload?ser=1544187025950 HTTP/1.1" 200 28 "http://renault.activities.at/result?searchterm=true&search=stunden" "Mozilla/5.0 (compatible; MSIE 9.0; Windows NT 6.1; WOW64; Trident/5.0)"
138.21.12.22 - - [07/Dec/2018:13:50:27 +0100] "GET /reload?ser=1544187027453 HTTP/1.1" 200 28 "http://renault.2web.at/11914008" "Mozilla/5.0 (Windows NT 6.1; WOW64; Trident/7.0; rv:11.0) like Gecko"
212.152.246.132 - - [07/Dec/2018:13:50:36 +0100] "GET /reload?ser=1544187034703 HTTP/1.1" 200 28 "http://renault.activities.at/" "Mozilla/5.0 (Windows NT 10.0; WOW64; Trident/7.0; rv:11.0) like Gecko"
89.16.198.102 - - [07/Dec/2018:13:51:01 +0100] "GET /reload?ser=1544187070661 HTTP/1.1" 200 28 "http://renault.activities.at/success" "Mozilla/5.0 (Windows NT 6.1; WOW64; rv:50.0) Gecko/20100101 Firefox/50.0"
66.249.69.14 - - [07/Dec/2018:13:51:04 +0100] "GET /robots.txt HTTP/1.1" 404 300 "-" "Mozilla/5.0 (compatible; Googlebot/2.1; +http://www.google.com/bot.html)"
66.249.69.12 - - [07/Dec/2018:13:51:05 +0100] "GET / HTTP/1.1" 200 3417 "-" "Mozilla/5.0 (compatible; Googlebot/2.1; +http://www.google.com/bot.html)"
213.153.47.173 - - [07/Dec/2018:13:51:05 +0100] "GET /reload?ser=1544187065501 HTTP/1.1" 200 28 "http://renault.activities.at/login?required=true" "Mozilla/5.0 (Windows NT 10.0; Win64; x64; rv:63.0) Gecko/20100101 Firefox/63.0"
80.123.225.36 - - [07/Dec/2018:13:51:24 +0100] "GET /reload?ser=1544187086930 HTTP/1.1" 200 28 "http://renault.activities.at/result?searchterm=true&search=stunden" "Mozilla/5.0 (compatible; MSIE 9.0; Windows NT 6.1; WOW64; Trident/5.0)"
138.21.12.22 - - [07/Dec/2018:13:51:28 +0100] "GET /reload?ser=1544187088503 HTTP/1.1" 200 28 "http://renault.2web.at/11914008" "Mozilla/5.0 (Windows NT 6.1; WOW64; Trident/7.0; rv:11.0) like Gecko"
212.152.246.132 - - [07/Dec/2018:13:51:37 +0100] "GET /reload?ser=1544187095364 HTTP/1.1" 200 28 "http://renault.activities.at/" "Mozilla/5.0 (Windows NT 10.0; WOW64; Trident/7.0; rv:11.0) like Gecko"
89.16.198.102 - - [07/Dec/2018:13:52:02 +0100] "GET /reload?ser=1544187131589 HTTP/1.1" 200 28 "http://renault.activities.at/success" "Mozilla/5.0 (Windows NT 6.1; WOW64; rv:50.0) Gecko/20100101 Firefox/50.0"
213.153.47.173 - - [07/Dec/2018:13:52:06 +0100] "GET /reload?ser=1544187126161 HTTP/1.1" 200 28 "http://renault.activities.at/login?required=true" "Mozilla/5.0 (Windows NT 10.0; Win64; x64; rv:63.0) Gecko/20100101 Firefox/63.0"
80.123.225.36 - - [07/Dec/2018:13:52:25 +0100] "GET /reload?ser=1544187147988 HTTP/1.1" 200 28 "http://renault.activities.at/result?searchterm=true&search=stunden" "Mozilla/5.0 (compatible; MSIE 9.0; Windows NT 6.1; WOW64; Trident/5.0)"
138.21.12.22 - - [07/Dec/2018:13:52:29 +0100] "GET /reload?ser=1544187149589 HTTP/1.1" 200 28 "http://renault.2web.at/11914008" "Mozilla/5.0 (Windows NT 6.1; WOW64; Trident/7.0; rv:11.0) like Gecko"
80.123.225.36 - - [07/Dec/2018:13:52:35 +0100] "GET /css/themes/alphacube/top_mid.gif HTTP/1.1" 200 833 "http://renault.activities.at/result?searchterm=true&search=stunden" "Mozilla/5.0 (compatible; MSIE 9.0; Windows NT 6.1; WOW64; Trident/5.0)"
80.123.225.36 - - [07/Dec/2018:13:52:35 +0100] "GET /css/themes/alphacube/bottom_middle.gif HTTP/1.1" 200 44 "http://renault.activities.at/result?searchterm=true&search=stunden" "Mozilla/5.0 (compatible; MSIE 9.0; Windows NT 6.1; WOW64; Trident/5.0)"
80.123.225.36 - - [07/Dec/2018:13:52:35 +0100] "GET /css/themes/alphacube/frame_left.gif HTTP/1.1" 200 64 "http://renault.activities.at/result?searchterm=true&search=stunden" "Mozilla/5.0 (compatible; MSIE 9.0; Windows NT 6.1; WOW64; Trident/5.0)"
