138.21.12.24 - - [17/Dec/2018:13:23:15 +0100] "GET /reload?ser=1545049395001 HTTP/1.1" 200 28 "http://renault.2web.at/account?loadrequest=true" "Mozilla/5.0 (Windows NT 6.1; WOW64; Trident/7.0; rv:11.0) like Gecko"
80.122.35.214 - - [17/Dec/2018:13:23:15 +0100] "GET /loadthumbnail.php?id=11342067&width=250 HTTP/1.1" 200 96189 "http://renault.2web.at/11340311?print=true" "Mozilla/5.0 (Windows NT 6.1; Win64; x64) AppleWebKit/537.36 (KHTML, like Gecko) Chrome/70.0.3538.110 Safari/537.36"
80.122.35.214 - - [17/Dec/2018:13:23:16 +0100] "GET /loadthumbnail.php?id=11342067&width=900&height=900 HTTP/1.1" 200 532752 "http://renault.2web.at/11340311?print=true" "Mozilla/5.0 (Windows NT 6.1; Win64; x64) AppleWebKit/537.36 (KHTML, like Gecko) Chrome/70.0.3538.110 Safari/537.36"
80.122.35.214 - - [17/Dec/2018:13:23:16 +0100] "GET /js/magiczoom/graphics/zoomin.cur HTTP/1.1" 200 326 "http://renault.2web.at/js/magiczoom/magiczoom.css" "Mozilla/5.0 (Windows NT 6.1; Win64; x64) AppleWebKit/537.36 (KHTML, like Gecko) Chrome/70.0.3538.110 Safari/537.36"
80.122.35.214 - - [17/Dec/2018:13:23:16 +0100] "GET /js/magiczoom/graphics/hint.gif HTTP/1.1" 200 73 "http://renault.2web.at/js/magiczoom/magiczoom.css" "Mozilla/5.0 (Windows NT 6.1; Win64; x64) AppleWebKit/537.36 (KHTML, like Gecko) Chrome/70.0.3538.110 Safari/537.36"
80.123.225.36 - - [17/Dec/2018:13:23:22 +0100] "GET /reload?ser=1545049403122 HTTP/1.1" 200 28 "http://renault.activities.at/success" "Mozilla/5.0 (Windows NT 6.1; WOW64; Trident/7.0; rv:11.0) like Gecko"
80.122.35.214 - - [17/Dec/2018:13:23:26 +0100] "GET /cart HTTP/1.1" 200 5656 "http://renault.2web.at/result?dir=DESC&mode=grid&order=name&limit=15&page=2&search=Zoe" "Mozilla/5.0 (Windows NT 6.1; Win64; x64) AppleWebKit/537.36 (KHTML, like Gecko) Chrome/70.0.3538.110 Safari/537.36"
80.122.35.214 - - [17/Dec/2018:13:23:31 +0100] "GET /11763445 HTTP/1.1" 200 6011 "http://renault.2web.at/cart" "Mozilla/5.0 (Windows NT 6.1; Win64; x64) AppleWebKit/537.36 (KHTML, like Gecko) Chrome/70.0.3538.110 Safari/537.36"
80.122.35.214 - - [17/Dec/2018:13:23:35 +0100] "GET /loadthumbnail.php?id=11845304&width=250 HTTP/1.1" 200 9624 "http://renault.2web.at/11763445" "Mozilla/5.0 (Windows NT 6.1; Win64; x64) AppleWebKit/537.36 (KHTML, like Gecko) Chrome/70.0.3538.110 Safari/537.36"
80.122.35.214 - - [17/Dec/2018:13:23:35 +0100] "GET /loadthumbnail.php?id=11845304&width=900&height=900 HTTP/1.1" 200 73493 "http://renault.2web.at/11763445" "Mozilla/5.0 (Windows NT 6.1; Win64; x64) AppleWebKit/537.36 (KHTML, like Gecko) Chrome/70.0.3538.110 Safari/537.36"
80.122.35.214 - - [17/Dec/2018:13:23:41 +0100] "GET /checkout HTTP/1.1" 200 10260 "http://renault.2web.at/11763445" "Mozilla/5.0 (Windows NT 6.1; Win64; x64) AppleWebKit/537.36 (KHTML, like Gecko) Chrome/70.0.3538.110 Safari/537.36"
80.122.35.214 - - [17/Dec/2018:13:23:46 +0100] "GET / HTTP/1.1" 200 6439 "http://renault.2web.at/checkout" "Mozilla/5.0 (Windows NT 6.1; Win64; x64) AppleWebKit/537.36 (KHTML, like Gecko) Chrome/70.0.3538.110 Safari/537.36"
213.153.47.173 - - [17/Dec/2018:13:23:52 +0100] "GET /reload?ser=1545049432016 HTTP/1.1" 200 28 "http://renault.activities.at/login?required=true" "Mozilla/5.0 (Windows NT 10.0; Win64; x64; rv:64.0) Gecko/20100101 Firefox/64.0"
80.122.35.214 - - [17/Dec/2018:13:23:52 +0100] "POST /axjaxrequest?mode=suggest HTTP/1.1" 200 21 "http://renault.2web.at/" "Mozilla/5.0 (Windows NT 6.1; Win64; x64) AppleWebKit/537.36 (KHTML, like Gecko) Chrome/70.0.3538.110 Safari/537.36"
80.122.35.214 - - [17/Dec/2018:13:23:54 +0100] "POST /axjaxrequest?mode=suggest HTTP/1.1" 200 21 "http://renault.2web.at/" "Mozilla/5.0 (Windows NT 6.1; Win64; x64) AppleWebKit/537.36 (KHTML, like Gecko) Chrome/70.0.3538.110 Safari/537.36"
80.122.35.214 - - [17/Dec/2018:13:23:57 +0100] "GET /result?searchterm=true&search=Mobilit%E4t HTTP/1.1" 200 6530 "http://renault.2web.at/" "Mozilla/5.0 (Windows NT 6.1; Win64; x64) AppleWebKit/537.36 (KHTML, like Gecko) Chrome/70.0.3538.110 Safari/537.36"
80.122.35.214 - - [17/Dec/2018:13:23:59 +0100] "GET /loadthumbnail.php?id=11351226&width=113 HTTP/1.1" 200 16210 "http://renault.2web.at/result?searchterm=true&search=Mobilit%E4t" "Mozilla/5.0 (Windows NT 6.1; Win64; x64) AppleWebKit/537.36 (KHTML, like Gecko) Chrome/70.0.3538.110 Safari/537.36"
80.122.35.214 - - [17/Dec/2018:13:23:59 +0100] "GET /loadthumbnail.php?id=10745359&width=113 HTTP/1.1" 200 4202 "http://renault.2web.at/result?searchterm=true&search=Mobilit%E4t" "Mozilla/5.0 (Windows NT 6.1; Win64; x64) AppleWebKit/537.36 (KHTML, like Gecko) Chrome/70.0.3538.110 Safari/537.36"
80.122.35.214 - - [17/Dec/2018:13:23:59 +0100] "GET /loadthumbnail.php?id=11351222&width=113 HTTP/1.1" 200 17851 "http://renault.2web.at/result?searchterm=true&search=Mobilit%E4t" "Mozilla/5.0 (Windows NT 6.1; Win64; x64) AppleWebKit/537.36 (KHTML, like Gecko) Chrome/70.0.3538.110 Safari/537.36"
80.122.35.214 - - [17/Dec/2018:13:23:59 +0100] "GET /loadthumbnail.php?id=11434114&width=113 HTTP/1.1" 200 4564 "http://renault.2web.at/result?searchterm=true&search=Mobilit%E4t" "Mozilla/5.0 (Windows NT 6.1; Win64; x64) AppleWebKit/537.36 (KHTML, like Gecko) Chrome/70.0.3538.110 Safari/537.36"
80.122.35.214 - - [17/Dec/2018:13:23:57 +0100] "POST /axjaxrequest?mode=suggest HTTP/1.1" 200 142 "http://renault.2web.at/" "Mozilla/5.0 (Windows NT 6.1; Win64; x64) AppleWebKit/537.36 (KHTML, like Gecko) Chrome/70.0.3538.110 Safari/537.36"
80.122.35.214 - - [17/Dec/2018:13:24:15 +0100] "GET /action HTTP/1.1" 200 3941 "http://renault.2web.at/result?searchterm=true&search=Mobilit%E4t" "Mozilla/5.0 (Windows NT 6.1; Win64; x64) AppleWebKit/537.36 (KHTML, like Gecko) Chrome/70.0.3538.110 Safari/537.36"
138.21.12.24 - - [17/Dec/2018:13:24:16 +0100] "GET /reload?ser=1545049456091 HTTP/1.1" 200 28 "http://renault.2web.at/account?loadrequest=true" "Mozilla/5.0 (Windows NT 6.1; WOW64; Trident/7.0; rv:11.0) like Gecko"
80.122.35.214 - - [17/Dec/2018:13:24:22 +0100] "GET /11914008 HTTP/1.1" 200 7973 "http://renault.2web.at/action" "Mozilla/5.0 (Windows NT 6.1; Win64; x64) AppleWebKit/537.36 (KHTML, like Gecko) Chrome/70.0.3538.110 Safari/537.36"
80.122.35.214 - - [17/Dec/2018:13:24:24 +0100] "GET /js/actionorder.js HTTP/1.1" 200 4403 "http://renault.2web.at/11914008" "Mozilla/5.0 (Windows NT 6.1; Win64; x64) AppleWebKit/537.36 (KHTML, like Gecko) Chrome/70.0.3538.110 Safari/537.36"
80.122.35.214 - - [17/Dec/2018:13:24:24 +0100] "GET /js/actiontabs.js HTTP/1.1" 200 519 "http://renault.2web.at/11914008" "Mozilla/5.0 (Windows NT 6.1; Win64; x64) AppleWebKit/537.36 (KHTML, like Gecko) Chrome/70.0.3538.110 Safari/537.36"
80.122.35.214 - - [17/Dec/2018:13:24:24 +0100] "GET /images/icons/pdf.gif HTTP/1.1" 200 1044 "http://renault.2web.at/11914008" "Mozilla/5.0 (Windows NT 6.1; Win64; x64) AppleWebKit/537.36 (KHTML, like Gecko) Chrome/70.0.3538.110 Safari/537.36"
80.122.35.214 - - [17/Dec/2018:13:24:24 +0100] "GET /images/icons/disabled_page_lupe.gif HTTP/1.1" 200 663 "http://renault.2web.at/11914008" "Mozilla/5.0 (Windows NT 6.1; Win64; x64) AppleWebKit/537.36 (KHTML, like Gecko) Chrome/70.0.3538.110 Safari/537.36"
80.122.35.214 - - [17/Dec/2018:13:24:24 +0100] "GET /images/icons/page_edit.gif HTTP/1.1" 200 1077 "http://renault.2web.at/11914008" "Mozilla/5.0 (Windows NT 6.1; Win64; x64) AppleWebKit/537.36 (KHTML, like Gecko) Chrome/70.0.3538.110 Safari/537.36"
80.122.35.214 - - [17/Dec/2018:13:24:24 +0100] "GET /images/tabs_button_corner_right_top.gif HTTP/1.1" 200 132 "http://renault.2web.at/css/styles.css" "Mozilla/5.0 (Windows NT 6.1; Win64; x64) AppleWebKit/537.36 (KHTML, like Gecko) Chrome/70.0.3538.110 Safari/537.36"
80.122.35.214 - - [17/Dec/2018:13:24:24 +0100] "GET /images/tabs_button_corner_right_top_active.gif HTTP/1.1" 200 136 "http://renault.2web.at/css/styles.css" "Mozilla/5.0 (Windows NT 6.1; Win64; x64) AppleWebKit/537.36 (KHTML, like Gecko) Chrome/70.0.3538.110 Safari/537.36"
80.122.35.214 - - [17/Dec/2018:13:24:24 +0100] "GET /images/tabs_corner_right_top.gif HTTP/1.1" 200 98 "http://renault.2web.at/css/styles.css" "Mozilla/5.0 (Windows NT 6.1; Win64; x64) AppleWebKit/537.36 (KHTML, like Gecko) Chrome/70.0.3538.110 Safari/537.36"
80.122.35.214 - - [17/Dec/2018:13:24:24 +0100] "GET /images/tabs_button_corner_left_top.gif HTTP/1.1" 200 132 "http://renault.2web.at/css/styles.css" "Mozilla/5.0 (Windows NT 6.1; Win64; x64) AppleWebKit/537.36 (KHTML, like Gecko) Chrome/70.0.3538.110 Safari/537.36"
80.122.35.214 - - [17/Dec/2018:13:24:24 +0100] "GET /images/tabs_corner_left_bot.gif HTTP/1.1" 200 98 "http://renault.2web.at/css/styles.css" "Mozilla/5.0 (Windows NT 6.1; Win64; x64) AppleWebKit/537.36 (KHTML, like Gecko) Chrome/70.0.3538.110 Safari/537.36"
80.122.35.214 - - [17/Dec/2018:13:24:24 +0100] "GET /images/tabs_button_corner_left_top_active.gif HTTP/1.1" 200 138 "http://renault.2web.at/css/styles.css" "Mozilla/5.0 (Windows NT 6.1; Win64; x64) AppleWebKit/537.36 (KHTML, like Gecko) Chrome/70.0.3538.110 Safari/537.36"
80.122.35.214 - - [17/Dec/2018:13:24:24 +0100] "GET /images/tabs_border.gif HTTP/1.1" 200 43 "http://renault.2web.at/css/styles.css" "Mozilla/5.0 (Windows NT 6.1; Win64; x64) AppleWebKit/537.36 (KHTML, like Gecko) Chrome/70.0.3538.110 Safari/537.36"
80.122.35.214 - - [17/Dec/2018:13:24:24 +0100] "GET /images/tabs_corner_right_bot.gif HTTP/1.1" 200 99 "http://renault.2web.at/css/styles.css" "Mozilla/5.0 (Windows NT 6.1; Win64; x64) AppleWebKit/537.36 (KHTML, like Gecko) Chrome/70.0.3538.110 Safari/537.36"
80.122.35.214 - - [17/Dec/2018:13:24:24 +0100] "GET /images/tabs_corner_left_top.gif HTTP/1.1" 200 99 "http://renault.2web.at/css/styles.css" "Mozilla/5.0 (Windows NT 6.1; Win64; x64) AppleWebKit/537.36 (KHTML, like Gecko) Chrome/70.0.3538.110 Safari/537.36"
80.122.35.214 - - [17/Dec/2018:13:24:24 +0100] "GET /loadthumbnail.php?id=10203651&width=200 HTTP/1.1" 200 4671 "http://renault.2web.at/11914008" "Mozilla/5.0 (Windows NT 6.1; Win64; x64) AppleWebKit/537.36 (KHTML, like Gecko) Chrome/70.0.3538.110 Safari/537.36"
80.123.225.36 - - [17/Dec/2018:13:24:23 +0100] "GET /reload?ser=1545049464050 HTTP/1.1" 200 28 "http://renault.activities.at/success" "Mozilla/5.0 (Windows NT 6.1; WOW64; Trident/7.0; rv:11.0) like Gecko"
80.122.35.214 - - [17/Dec/2018:13:24:30 +0100] "GET /10201442 HTTP/1.1" 200 8804 "http://renault.2web.at/11914008" "Mozilla/5.0 (Windows NT 6.1; Win64; x64) AppleWebKit/537.36 (KHTML, like Gecko) Chrome/70.0.3538.110 Safari/537.36"
80.122.35.214 - - [17/Dec/2018:13:24:33 +0100] "GET /images/sub_title_bg.jpg HTTP/1.1" 200 314 "http://renault.2web.at/css/styles.css" "Mozilla/5.0 (Windows NT 6.1; Win64; x64) AppleWebKit/537.36 (KHTML, like Gecko) Chrome/70.0.3538.110 Safari/537.36"
80.122.35.214 - - [17/Dec/2018:13:24:33 +0100] "GET /loadthumbnail.php?id=11926561&width=113 HTTP/1.1" 200 34510 "http://renault.2web.at/10201442" "Mozilla/5.0 (Windows NT 6.1; Win64; x64) AppleWebKit/537.36 (KHTML, like Gecko) Chrome/70.0.3538.110 Safari/537.36"
80.122.35.214 - - [17/Dec/2018:13:24:33 +0100] "GET /loadthumbnail.php?id=11926581&width=113 HTTP/1.1" 200 35255 "http://renault.2web.at/10201442" "Mozilla/5.0 (Windows NT 6.1; Win64; x64) AppleWebKit/537.36 (KHTML, like Gecko) Chrome/70.0.3538.110 Safari/537.36"
80.122.35.214 - - [17/Dec/2018:13:24:33 +0100] "GET /loadthumbnail.php?id=11926648&width=113 HTTP/1.1" 200 35142 "http://renault.2web.at/10201442" "Mozilla/5.0 (Windows NT 6.1; Win64; x64) AppleWebKit/537.36 (KHTML, like Gecko) Chrome/70.0.3538.110 Safari/537.36"
80.122.35.214 - - [17/Dec/2018:13:24:33 +0100] "GET /loadthumbnail.php?id=11926679&width=113 HTTP/1.1" 200 33362 "http://renault.2web.at/10201442" "Mozilla/5.0 (Windows NT 6.1; Win64; x64) AppleWebKit/537.36 (KHTML, like Gecko) Chrome/70.0.3538.110 Safari/537.36"
80.122.35.214 - - [17/Dec/2018:13:24:33 +0100] "GET /loadthumbnail.php?id=11926585&width=113 HTTP/1.1" 200 37549 "http://renault.2web.at/10201442" "Mozilla/5.0 (Windows NT 6.1; Win64; x64) AppleWebKit/537.36 (KHTML, like Gecko) Chrome/70.0.3538.110 Safari/537.36"
80.122.35.214 - - [17/Dec/2018:13:24:33 +0100] "GET /loadthumbnail.php?id=11926557&width=113 HTTP/1.1" 200 36925 "http://renault.2web.at/10201442" "Mozilla/5.0 (Windows NT 6.1; Win64; x64) AppleWebKit/537.36 (KHTML, like Gecko) Chrome/70.0.3538.110 Safari/537.36"
80.122.35.214 - - [17/Dec/2018:13:24:34 +0100] "GET /loadthumbnail.php?id=11926591&width=113 HTTP/1.1" 200 34469 "http://renault.2web.at/10201442" "Mozilla/5.0 (Windows NT 6.1; Win64; x64) AppleWebKit/537.36 (KHTML, like Gecko) Chrome/70.0.3538.110 Safari/537.36"
80.122.35.214 - - [17/Dec/2018:13:24:34 +0100] "GET /loadthumbnail.php?id=11926552&width=113 HTTP/1.1" 200 35098 "http://renault.2web.at/10201442" "Mozilla/5.0 (Windows NT 6.1; Win64; x64) AppleWebKit/537.36 (KHTML, like Gecko) Chrome/70.0.3538.110 Safari/537.36"
80.122.35.214 - - [17/Dec/2018:13:24:34 +0100] "GET /loadthumbnail.php?id=11926595&width=113 HTTP/1.1" 200 34271 "http://renault.2web.at/10201442" "Mozilla/5.0 (Windows NT 6.1; Win64; x64) AppleWebKit/537.36 (KHTML, like Gecko) Chrome/70.0.3538.110 Safari/537.36"
80.122.35.214 - - [17/Dec/2018:13:24:34 +0100] "GET /loadthumbnail.php?id=11926683&width=113 HTTP/1.1" 200 34706 "http://renault.2web.at/10201442" "Mozilla/5.0 (Windows NT 6.1; Win64; x64) AppleWebKit/537.36 (KHTML, like Gecko) Chrome/70.0.3538.110 Safari/537.36"
80.122.35.214 - - [17/Dec/2018:13:24:34 +0100] "GET /loadthumbnail.php?id=11926687&width=113 HTTP/1.1" 200 36764 "http://renault.2web.at/10201442" "Mozilla/5.0 (Windows NT 6.1; Win64; x64) AppleWebKit/537.36 (KHTML, like Gecko) Chrome/70.0.3538.110 Safari/537.36"
80.122.35.214 - - [17/Dec/2018:13:24:34 +0100] "GET /loadthumbnail.php?id=11926640&width=113 HTTP/1.1" 200 36074 "http://renault.2web.at/10201442" "Mozilla/5.0 (Windows NT 6.1; Win64; x64) AppleWebKit/537.36 (KHTML, like Gecko) Chrome/70.0.3538.110 Safari/537.36"
80.122.35.214 - - [17/Dec/2018:13:24:43 +0100] "GET /11926562?print=true HTTP/1.1" 200 2679 "http://renault.2web.at/10201442" "Mozilla/5.0 (Windows NT 6.1; Win64; x64) AppleWebKit/537.36 (KHTML, like Gecko) Chrome/70.0.3538.110 Safari/537.36"
80.122.35.214 - - [17/Dec/2018:13:24:45 +0100] "GET /loadthumbnail.php?id=11926565&width=250 HTTP/1.1" 200 123771 "http://renault.2web.at/11926562?print=true" "Mozilla/5.0 (Windows NT 6.1; Win64; x64) AppleWebKit/537.36 (KHTML, like Gecko) Chrome/70.0.3538.110 Safari/537.36"
80.122.35.214 - - [17/Dec/2018:13:24:46 +0100] "GET /js/magiczoom/graphics/loader.gif HTTP/1.1" 200 1849 "http://renault.2web.at/js/magiczoom/magiczoom.css" "Mozilla/5.0 (Windows NT 6.1; Win64; x64) AppleWebKit/537.36 (KHTML, like Gecko) Chrome/70.0.3538.110 Safari/537.36"
80.122.35.214 - - [17/Dec/2018:13:24:45 +0100] "GET /loadthumbnail.php?id=11926565&width=900&height=900 HTTP/1.1" 200 593022 "http://renault.2web.at/11926562?print=true" "Mozilla/5.0 (Windows NT 6.1; Win64; x64) AppleWebKit/537.36 (KHTML, like Gecko) Chrome/70.0.3538.110 Safari/537.36"
213.153.47.173 - - [17/Dec/2018:13:24:52 +0100] "GET /reload?ser=1545049492677 HTTP/1.1" 200 28 "http://renault.activities.at/login?required=true" "Mozilla/5.0 (Windows NT 10.0; Win64; x64; rv:64.0) Gecko/20100101 Firefox/64.0"
80.122.35.214 - - [17/Dec/2018:13:25:12 +0100] "GET /11926586?print=true HTTP/1.1" 200 2655 "http://renault.2web.at/10201442" "Mozilla/5.0 (Windows NT 6.1; Win64; x64) AppleWebKit/537.36 (KHTML, like Gecko) Chrome/70.0.3538.110 Safari/537.36"
80.122.35.214 - - [17/Dec/2018:13:25:14 +0100] "GET /loadthumbnail.php?id=11926591&width=250 HTTP/1.1" 200 134480 "http://renault.2web.at/11926586?print=true" "Mozilla/5.0 (Windows NT 6.1; Win64; x64) AppleWebKit/537.36 (KHTML, like Gecko) Chrome/70.0.3538.110 Safari/537.36"
80.122.35.214 - - [17/Dec/2018:13:25:14 +0100] "GET /loadthumbnail.php?id=11926591&width=900&height=900 HTTP/1.1" 200 625798 "http://renault.2web.at/11926586?print=true" "Mozilla/5.0 (Windows NT 6.1; Win64; x64) AppleWebKit/537.36 (KHTML, like Gecko) Chrome/70.0.3538.110 Safari/537.36"
138.21.12.24 - - [17/Dec/2018:13:25:17 +0100] "GET /reload?ser=1545049517143 HTTP/1.1" 200 28 "http://renault.2web.at/account?loadrequest=true" "Mozilla/5.0 (Windows NT 6.1; WOW64; Trident/7.0; rv:11.0) like Gecko"
80.123.225.36 - - [17/Dec/2018:13:25:24 +0100] "GET /reload?ser=1545049525008 HTTP/1.1" 200 28 "http://renault.activities.at/success" "Mozilla/5.0 (Windows NT 6.1; WOW64; Trident/7.0; rv:11.0) like Gecko"
80.122.35.214 - - [17/Dec/2018:13:25:34 +0100] "GET /reload?ser=1545049534076 HTTP/1.1" 200 28 "http://renault.2web.at/10201442" "Mozilla/5.0 (Windows NT 6.1; Win64; x64) AppleWebKit/537.36 (KHTML, like Gecko) Chrome/70.0.3538.110 Safari/537.36"
80.122.35.214 - - [17/Dec/2018:13:25:38 +0100] "GET /10201442?dir=DESC&mode=grid&order=name&limit=15&page=2 HTTP/1.1" 200 9016 "http://renault.2web.at/10201442" "Mozilla/5.0 (Windows NT 6.1; Win64; x64) AppleWebKit/537.36 (KHTML, like Gecko) Chrome/70.0.3538.110 Safari/537.36"
80.122.35.214 - - [17/Dec/2018:13:25:41 +0100] "GET /10201442?dir=DESC&mode=grid&order=name&limit=15&page=2 HTTP/1.1" 200 9016 "http://renault.2web.at/10201442" "Mozilla/5.0 (Windows NT 6.1; Win64; x64) AppleWebKit/537.36 (KHTML, like Gecko) Chrome/70.0.3538.110 Safari/537.36"
80.122.35.214 - - [17/Dec/2018:13:25:43 +0100] "GET /loadthumbnail.php?id=11926636&width=113 HTTP/1.1" 200 36118 "http://renault.2web.at/10201442?dir=DESC&mode=grid&order=name&limit=15&page=2" "Mozilla/5.0 (Windows NT 6.1; Win64; x64) AppleWebKit/537.36 (KHTML, like Gecko) Chrome/70.0.3538.110 Safari/537.36"
80.122.35.214 - - [17/Dec/2018:13:25:43 +0100] "GET /loadthumbnail.php?id=11361071&width=113 HTTP/1.1" 200 17044 "http://renault.2web.at/10201442?dir=DESC&mode=grid&order=name&limit=15&page=2" "Mozilla/5.0 (Windows NT 6.1; Win64; x64) AppleWebKit/537.36 (KHTML, like Gecko) Chrome/70.0.3538.110 Safari/537.36"
80.122.35.214 - - [17/Dec/2018:13:25:43 +0100] "GET /loadthumbnail.php?id=11926519&width=113 HTTP/1.1" 200 33217 "http://renault.2web.at/10201442?dir=DESC&mode=grid&order=name&limit=15&page=2" "Mozilla/5.0 (Windows NT 6.1; Win64; x64) AppleWebKit/537.36 (KHTML, like Gecko) Chrome/70.0.3538.110 Safari/537.36"
80.122.35.214 - - [17/Dec/2018:13:25:43 +0100] "GET /loadthumbnail.php?id=11342686&width=113 HTTP/1.1" 200 21940 "http://renault.2web.at/10201442?dir=DESC&mode=grid&order=name&limit=15&page=2" "Mozilla/5.0 (Windows NT 6.1; Win64; x64) AppleWebKit/537.36 (KHTML, like Gecko) Chrome/70.0.3538.110 Safari/537.36"
80.122.35.214 - - [17/Dec/2018:13:25:43 +0100] "GET /loadthumbnail.php?id=11926537&width=113 HTTP/1.1" 200 32860 "http://renault.2web.at/10201442?dir=DESC&mode=grid&order=name&limit=15&page=2" "Mozilla/5.0 (Windows NT 6.1; Win64; x64) AppleWebKit/537.36 (KHTML, like Gecko) Chrome/70.0.3538.110 Safari/537.36"
80.122.35.214 - - [17/Dec/2018:13:25:43 +0100] "GET /loadthumbnail.php?id=11383873&width=113 HTTP/1.1" 200 23267 "http://renault.2web.at/10201442?dir=DESC&mode=grid&order=name&limit=15&page=2" "Mozilla/5.0 (Windows NT 6.1; Win64; x64) AppleWebKit/537.36 (KHTML, like Gecko) Chrome/70.0.3538.110 Safari/537.36"
80.122.35.214 - - [17/Dec/2018:13:25:43 +0100] "GET /loadthumbnail.php?id=11361093&width=113 HTTP/1.1" 200 21857 "http://renault.2web.at/10201442?dir=DESC&mode=grid&order=name&limit=15&page=2" "Mozilla/5.0 (Windows NT 6.1; Win64; x64) AppleWebKit/537.36 (KHTML, like Gecko) Chrome/70.0.3538.110 Safari/537.36"
80.122.35.214 - - [17/Dec/2018:13:25:43 +0100] "GET /loadthumbnail.php?id=11592482&width=113 HTTP/1.1" 200 20108 "http://renault.2web.at/10201442?dir=DESC&mode=grid&order=name&limit=15&page=2" "Mozilla/5.0 (Windows NT 6.1; Win64; x64) AppleWebKit/537.36 (KHTML, like Gecko) Chrome/70.0.3538.110 Safari/537.36"
80.122.35.214 - - [17/Dec/2018:13:25:43 +0100] "GET /loadthumbnail.php?id=11793250&width=113 HTTP/1.1" 200 23647 "http://renault.2web.at/10201442?dir=DESC&mode=grid&order=name&limit=15&page=2" "Mozilla/5.0 (Windows NT 6.1; Win64; x64) AppleWebKit/537.36 (KHTML, like Gecko) Chrome/70.0.3538.110 Safari/537.36"
80.122.35.214 - - [17/Dec/2018:13:25:43 +0100] "GET /loadthumbnail.php?id=11518629&width=113 HTTP/1.1" 200 19415 "http://renault.2web.at/10201442?dir=DESC&mode=grid&order=name&limit=15&page=2" "Mozilla/5.0 (Windows NT 6.1; Win64; x64) AppleWebKit/537.36 (KHTML, like Gecko) Chrome/70.0.3538.110 Safari/537.36"
80.122.35.214 - - [17/Dec/2018:13:25:43 +0100] "GET /loadthumbnail.php?id=11564187&width=113 HTTP/1.1" 200 22491 "http://renault.2web.at/10201442?dir=DESC&mode=grid&order=name&limit=15&page=2" "Mozilla/5.0 (Windows NT 6.1; Win64; x64) AppleWebKit/537.36 (KHTML, like Gecko) Chrome/70.0.3538.110 Safari/537.36"
80.122.35.214 - - [17/Dec/2018:13:25:43 +0100] "GET /loadthumbnail.php?id=11645083&width=113 HTTP/1.1" 200 20489 "http://renault.2web.at/10201442?dir=DESC&mode=grid&order=name&limit=15&page=2" "Mozilla/5.0 (Windows NT 6.1; Win64; x64) AppleWebKit/537.36 (KHTML, like Gecko) Chrome/70.0.3538.110 Safari/537.36"
80.122.35.214 - - [17/Dec/2018:13:25:43 +0100] "GET /loadthumbnail.php?id=11548917&width=113 HTTP/1.1" 200 22455 "http://renault.2web.at/10201442?dir=DESC&mode=grid&order=name&limit=15&page=2" "Mozilla/5.0 (Windows NT 6.1; Win64; x64) AppleWebKit/537.36 (KHTML, like Gecko) Chrome/70.0.3538.110 Safari/537.36"
80.122.35.214 - - [17/Dec/2018:13:25:43 +0100] "GET /loadthumbnail.php?id=11475295&width=113 HTTP/1.1" 200 17922 "http://renault.2web.at/10201442?dir=DESC&mode=grid&order=name&limit=15&page=2" "Mozilla/5.0 (Windows NT 6.1; Win64; x64) AppleWebKit/537.36 (KHTML, like Gecko) Chrome/70.0.3538.110 Safari/537.36"
213.153.47.173 - - [17/Dec/2018:13:25:53 +0100] "GET /reload?ser=1545049553317 HTTP/1.1" 200 28 "http://renault.activities.at/login?required=true" "Mozilla/5.0 (Windows NT 10.0; Win64; x64; rv:64.0) Gecko/20100101 Firefox/64.0"
80.122.35.214 - - [17/Dec/2018:13:25:55 +0100] "GET /checkout HTTP/1.1" 200 10260 "http://renault.2web.at/10201442?dir=DESC&mode=grid&order=name&limit=15&page=2" "Mozilla/5.0 (Windows NT 6.1; Win64; x64) AppleWebKit/537.36 (KHTML, like Gecko) Chrome/70.0.3538.110 Safari/537.36"
80.122.35.214 - - [17/Dec/2018:13:26:08 +0100] "POST /docheckout HTTP/1.1" 200 435 "http://renault.2web.at/checkout" "Mozilla/5.0 (Windows NT 6.1; Win64; x64) AppleWebKit/537.36 (KHTML, like Gecko) Chrome/70.0.3538.110 Safari/537.36"
80.122.35.214 - - [17/Dec/2018:13:26:11 +0100] "POST /docheckout HTTP/1.1" 200 730 "http://renault.2web.at/checkout" "Mozilla/5.0 (Windows NT 6.1; Win64; x64) AppleWebKit/537.36 (KHTML, like Gecko) Chrome/70.0.3538.110 Safari/537.36"
80.122.35.214 - - [17/Dec/2018:13:26:13 +0100] "GET /images/error_msg_icon.gif HTTP/1.1" 200 1013 "http://renault.2web.at/checkout" "Mozilla/5.0 (Windows NT 6.1; Win64; x64) AppleWebKit/537.36 (KHTML, like Gecko) Chrome/70.0.3538.110 Safari/537.36"
138.21.12.24 - - [17/Dec/2018:13:26:18 +0100] "GET /reload?ser=1545049578177 HTTP/1.1" 200 28 "http://renault.2web.at/account?loadrequest=true" "Mozilla/5.0 (Windows NT 6.1; WOW64; Trident/7.0; rv:11.0) like Gecko"
80.122.35.214 - - [17/Dec/2018:13:26:17 +0100] "POST /docheckout HTTP/1.1" 200 68 "http://renault.2web.at/checkout" "Mozilla/5.0 (Windows NT 6.1; Win64; x64) AppleWebKit/537.36 (KHTML, like Gecko) Chrome/70.0.3538.110 Safari/537.36"
80.122.35.214 - - [17/Dec/2018:13:26:20 +0100] "GET /success HTTP/1.1" 200 3799 "http://renault.2web.at/checkout" "Mozilla/5.0 (Windows NT 6.1; Win64; x64) AppleWebKit/537.36 (KHTML, like Gecko) Chrome/70.0.3538.110 Safari/537.36"
80.123.225.36 - - [17/Dec/2018:13:26:25 +0100] "GET /reload?ser=1545049585983 HTTP/1.1" 200 28 "http://renault.activities.at/success" "Mozilla/5.0 (Windows NT 6.1; WOW64; Trident/7.0; rv:11.0) like Gecko"
213.153.47.173 - - [17/Dec/2018:13:26:54 +0100] "GET /reload?ser=1545049613967 HTTP/1.1" 200 28 "http://renault.activities.at/login?required=true" "Mozilla/5.0 (Windows NT 10.0; Win64; x64; rv:64.0) Gecko/20100101 Firefox/64.0"
138.21.12.24 - - [17/Dec/2018:13:27:19 +0100] "GET /reload?ser=1545049639253 HTTP/1.1" 200 28 "http://renault.2web.at/account?loadrequest=true" "Mozilla/5.0 (Windows NT 6.1; WOW64; Trident/7.0; rv:11.0) like Gecko"
80.122.35.214 - - [17/Dec/2018:13:27:22 +0100] "GET /reload?ser=1545049642534 HTTP/1.1" 200 28 "http://renault.2web.at/success" "Mozilla/5.0 (Windows NT 6.1; Win64; x64) AppleWebKit/537.36 (KHTML, like Gecko) Chrome/70.0.3538.110 Safari/537.36"
80.123.225.36 - - [17/Dec/2018:13:27:26 +0100] "GET /reload?ser=1545049646916 HTTP/1.1" 200 28 "http://renault.activities.at/success" "Mozilla/5.0 (Windows NT 6.1; WOW64; Trident/7.0; rv:11.0) like Gecko"
213.153.47.173 - - [17/Dec/2018:13:27:54 +0100] "GET /reload?ser=1545049674641 HTTP/1.1" 200 28 "http://renault.activities.at/login?required=true" "Mozilla/5.0 (Windows NT 10.0; Win64; x64; rv:64.0) Gecko/20100101 Firefox/64.0"
138.21.12.24 - - [17/Dec/2018:13:28:20 +0100] "GET /reload?ser=1545049700325 HTTP/1.1" 200 28 "http://renault.2web.at/account?loadrequest=true" "Mozilla/5.0 (Windows NT 6.1; WOW64; Trident/7.0; rv:11.0) like Gecko"
80.122.35.214 - - [17/Dec/2018:13:28:23 +0100] "GET /reload?ser=1545049703454 HTTP/1.1" 200 28 "http://renault.2web.at/success" "Mozilla/5.0 (Windows NT 6.1; Win64; x64) AppleWebKit/537.36 (KHTML, like Gecko) Chrome/70.0.3538.110 Safari/537.36"
80.120.5.131 - - [17/Dec/2018:13:28:23 +0100] "GET /10201637 HTTP/1.1" 302 150 "-" "Mozilla/5.0 (Macintosh; Intel Mac OS X 10_13_6) AppleWebKit/605.1.15 (KHTML, like Gecko)"
80.120.5.131 - - [17/Dec/2018:13:28:26 +0100] "GET /login?required=true HTTP/1.1" 200 2086 "-" "Mozilla/5.0 (Macintosh; Intel Mac OS X 10_13_6) AppleWebKit/605.1.15 (KHTML, like Gecko)"
80.120.5.131 - - [17/Dec/2018:13:28:27 +0100] "GET /apple-touch-icon-precomposed.png HTTP/1.1" 200 1559 "-" "Safari/13606.3.4.1.4 CFNetwork/902.3.1 Darwin/17.7.0 (x86_64)"
80.123.225.36 - - [17/Dec/2018:13:28:27 +0100] "GET /reload?ser=1545049707937 HTTP/1.1" 200 28 "http://renault.activities.at/success" "Mozilla/5.0 (Windows NT 6.1; WOW64; Trident/7.0; rv:11.0) like Gecko"
80.120.5.131 - - [17/Dec/2018:13:28:28 +0100] "GET /apple-touch-icon.png HTTP/1.1" 200 1559 "-" "Safari/13606.3.4.1.4 CFNetwork/902.3.1 Darwin/17.7.0 (x86_64)"
80.120.5.131 - - [17/Dec/2018:13:28:29 +0100] "GET /images/favicon.ico HTTP/1.1" 404 305 "-" "Safari/13606.3.4.1.4 CFNetwork/902.3.1 Darwin/17.7.0 (x86_64)"
80.120.5.131 - - [17/Dec/2018:13:28:29 +0100] "GET /images/favicon.ico HTTP/1.1" 404 305 "-" "Safari/13606.3.4.1.4 CFNetwork/902.3.1 Darwin/17.7.0 (x86_64)"
80.120.5.131 - - [17/Dec/2018:13:28:29 +0100] "GET /favicon.ico HTTP/1.1" 200 3250 "-" "Safari/13606.3.4.1.4 CFNetwork/902.3.1 Darwin/17.7.0 (x86_64)"
80.120.5.131 - - [17/Dec/2018:13:28:29 +0100] "GET /apple-touch-icon-precomposed.png HTTP/1.1" 200 1559 "-" "Safari/13606.3.4.1.4 CFNetwork/902.3.1 Darwin/17.7.0 (x86_64)"
80.120.5.131 - - [17/Dec/2018:13:28:30 +0100] "GET /apple-touch-icon.png HTTP/1.1" 200 1559 "-" "Safari/13606.3.4.1.4 CFNetwork/902.3.1 Darwin/17.7.0 (x86_64)"
80.120.5.131 - - [17/Dec/2018:13:28:31 +0100] "GET /images/favicon.ico HTTP/1.1" 404 305 "-" "Safari/13606.3.4.1.4 CFNetwork/902.3.1 Darwin/17.7.0 (x86_64)"
80.120.5.131 - - [17/Dec/2018:13:28:31 +0100] "GET /images/favicon.ico HTTP/1.1" 404 305 "-" "Safari/13606.3.4.1.4 CFNetwork/902.3.1 Darwin/17.7.0 (x86_64)"
80.120.5.131 - - [17/Dec/2018:13:28:31 +0100] "GET /favicon.ico HTTP/1.1" 200 3250 "-" "Safari/13606.3.4.1.4 CFNetwork/902.3.1 Darwin/17.7.0 (x86_64)"
80.120.5.131 - - [17/Dec/2018:13:28:31 +0100] "GET /10201637 HTTP/1.1" 302 150 "-" "Mozilla/5.0 (iPhone; CPU iPhone OS 11_3 like Mac OS X) AppleWebKit/605.1.15 (KHTML, like Gecko) Version/11.0 Mobile/15E148 Safari/604.1"
80.120.5.131 - - [17/Dec/2018:13:28:32 +0100] "GET /login?required=true HTTP/1.1" 200 2086 "-" "Mozilla/5.0 (iPhone; CPU iPhone OS 11_3 like Mac OS X) AppleWebKit/605.1.15 (KHTML, like Gecko) Version/11.0 Mobile/15E148 Safari/604.1"
80.120.5.131 - - [17/Dec/2018:13:28:33 +0100] "GET /apple-touch-icon-precomposed.png HTTP/1.1" 200 1559 "-" "Safari/13606.3.4.1.4 CFNetwork/902.3.1 Darwin/17.7.0 (x86_64)"
80.120.5.131 - - [17/Dec/2018:13:28:34 +0100] "GET /apple-touch-icon.png HTTP/1.1" 200 1559 "-" "Safari/13606.3.4.1.4 CFNetwork/902.3.1 Darwin/17.7.0 (x86_64)"
80.120.5.131 - - [17/Dec/2018:13:28:34 +0100] "GET /images/favicon.ico HTTP/1.1" 404 305 "-" "Safari/13606.3.4.1.4 CFNetwork/902.3.1 Darwin/17.7.0 (x86_64)"
80.120.5.131 - - [17/Dec/2018:13:28:35 +0100] "GET /images/favicon.ico HTTP/1.1" 404 305 "-" "Safari/13606.3.4.1.4 CFNetwork/902.3.1 Darwin/17.7.0 (x86_64)"
80.120.5.131 - - [17/Dec/2018:13:28:35 +0100] "GET /favicon.ico HTTP/1.1" 200 3250 "-" "Safari/13606.3.4.1.4 CFNetwork/902.3.1 Darwin/17.7.0 (x86_64)"
80.120.5.131 - - [17/Dec/2018:13:28:35 +0100] "GET /apple-touch-icon-precomposed.png HTTP/1.1" 200 1559 "-" "Safari/13606.3.4.1.4 CFNetwork/902.3.1 Darwin/17.7.0 (x86_64)"
80.120.5.131 - - [17/Dec/2018:13:28:36 +0100] "GET /apple-touch-icon.png HTTP/1.1" 200 1559 "-" "Safari/13606.3.4.1.4 CFNetwork/902.3.1 Darwin/17.7.0 (x86_64)"
80.120.5.131 - - [17/Dec/2018:13:28:37 +0100] "GET /images/favicon.ico HTTP/1.1" 404 305 "-" "Safari/13606.3.4.1.4 CFNetwork/902.3.1 Darwin/17.7.0 (x86_64)"
80.120.5.131 - - [17/Dec/2018:13:28:37 +0100] "GET /images/favicon.ico HTTP/1.1" 404 305 "-" "Safari/13606.3.4.1.4 CFNetwork/902.3.1 Darwin/17.7.0 (x86_64)"
80.120.5.131 - - [17/Dec/2018:13:28:37 +0100] "GET /favicon.ico HTTP/1.1" 200 3250 "-" "Safari/13606.3.4.1.4 CFNetwork/902.3.1 Darwin/17.7.0 (x86_64)"
213.153.47.173 - - [17/Dec/2018:13:28:55 +0100] "GET /reload?ser=1545049735294 HTTP/1.1" 200 28 "http://renault.activities.at/login?required=true" "Mozilla/5.0 (Windows NT 10.0; Win64; x64; rv:64.0) Gecko/20100101 Firefox/64.0"
138.21.12.24 - - [17/Dec/2018:13:29:21 +0100] "GET /reload?ser=1545049761368 HTTP/1.1" 200 28 "http://renault.2web.at/account?loadrequest=true" "Mozilla/5.0 (Windows NT 6.1; WOW64; Trident/7.0; rv:11.0) like Gecko"
80.122.35.214 - - [17/Dec/2018:13:29:24 +0100] "GET /reload?ser=1545049764427 HTTP/1.1" 200 28 "http://renault.2web.at/success" "Mozilla/5.0 (Windows NT 6.1; Win64; x64) AppleWebKit/537.36 (KHTML, like Gecko) Chrome/70.0.3538.110 Safari/537.36"
80.123.225.36 - - [17/Dec/2018:13:29:28 +0100] "GET /reload?ser=1545049768932 HTTP/1.1" 200 28 "http://renault.activities.at/success" "Mozilla/5.0 (Windows NT 6.1; WOW64; Trident/7.0; rv:11.0) like Gecko"
213.153.47.173 - - [17/Dec/2018:13:29:55 +0100] "GET /reload?ser=1545049795936 HTTP/1.1" 200 28 "http://renault.activities.at/login?required=true" "Mozilla/5.0 (Windows NT 10.0; Win64; x64; rv:64.0) Gecko/20100101 Firefox/64.0"
138.21.12.24 - - [17/Dec/2018:13:30:22 +0100] "GET /reload?ser=1545049822403 HTTP/1.1" 200 28 "http://renault.2web.at/account?loadrequest=true" "Mozilla/5.0 (Windows NT 6.1; WOW64; Trident/7.0; rv:11.0) like Gecko"
80.123.225.36 - - [17/Dec/2018:13:30:29 +0100] "GET /reload?ser=1545049829915 HTTP/1.1" 200 28 "http://renault.activities.at/success" "Mozilla/5.0 (Windows NT 6.1; WOW64; Trident/7.0; rv:11.0) like Gecko"
213.153.47.173 - - [17/Dec/2018:13:30:56 +0100] "GET /reload?ser=1545049856606 HTTP/1.1" 200 28 "http://renault.activities.at/login?required=true" "Mozilla/5.0 (Windows NT 10.0; Win64; x64; rv:64.0) Gecko/20100101 Firefox/64.0"
138.21.12.24 - - [17/Dec/2018:13:31:23 +0100] "GET /reload?ser=1545049883506 HTTP/1.1" 200 28 "http://renault.2web.at/account?loadrequest=true" "Mozilla/5.0 (Windows NT 6.1; WOW64; Trident/7.0; rv:11.0) like Gecko"
80.123.225.36 - - [17/Dec/2018:13:31:30 +0100] "GET /reload?ser=1545049890851 HTTP/1.1" 200 28 "http://renault.activities.at/success" "Mozilla/5.0 (Windows NT 6.1; WOW64; Trident/7.0; rv:11.0) like Gecko"
213.153.47.173 - - [17/Dec/2018:13:31:57 +0100] "GET /reload?ser=1545049917257 HTTP/1.1" 200 28 "http://renault.activities.at/login?required=true" "Mozilla/5.0 (Windows NT 10.0; Win64; x64; rv:64.0) Gecko/20100101 Firefox/64.0"
138.21.12.24 - - [17/Dec/2018:13:32:24 +0100] "GET /reload?ser=1545049944553 HTTP/1.1" 200 28 "http://renault.2web.at/account?loadrequest=true" "Mozilla/5.0 (Windows NT 6.1; WOW64; Trident/7.0; rv:11.0) like Gecko"
80.123.225.36 - - [17/Dec/2018:13:32:31 +0100] "GET /reload?ser=1545049951816 HTTP/1.1" 200 28 "http://renault.activities.at/success" "Mozilla/5.0 (Windows NT 6.1; WOW64; Trident/7.0; rv:11.0) like Gecko"
213.153.47.173 - - [17/Dec/2018:13:32:57 +0100] "GET /reload?ser=1545049977939 HTTP/1.1" 200 28 "http://renault.activities.at/login?required=true" "Mozilla/5.0 (Windows NT 10.0; Win64; x64; rv:64.0) Gecko/20100101 Firefox/64.0"
213.153.47.173 - - [17/Dec/2018:13:33:25 +0100] "GET /layout.php HTTP/1.1" 200 1559 "-" "Mozilla/5.0 (Windows NT 10.0; Win64; x64) AppleWebKit/537.36 (KHTML, like Gecko) Chrome/69.0.3497.100 Safari/537.36 OPR/56.0.3051.116"
213.153.47.173 - - [17/Dec/2018:13:33:26 +0100] "GET /images/favicon.ico HTTP/1.1" 404 305 "-" "Mozilla/5.0 (Windows NT 10.0; Win64; x64) AppleWebKit/537.36 (KHTML, like Gecko) Chrome/69.0.3497.100 Safari/537.36 OPR/56.0.3051.116"
138.21.12.24 - - [17/Dec/2018:13:33:25 +0100] "GET /reload?ser=1545050005643 HTTP/1.1" 200 28 "http://renault.2web.at/account?loadrequest=true" "Mozilla/5.0 (Windows NT 6.1; WOW64; Trident/7.0; rv:11.0) like Gecko"
80.123.225.36 - - [17/Dec/2018:13:33:32 +0100] "GET /reload?ser=1545050012817 HTTP/1.1" 200 28 "http://renault.activities.at/success" "Mozilla/5.0 (Windows NT 6.1; WOW64; Trident/7.0; rv:11.0) like Gecko"
213.153.47.173 - - [17/Dec/2018:13:33:58 +0100] "GET /reload?ser=1545050038606 HTTP/1.1" 200 28 "http://renault.activities.at/login?required=true" "Mozilla/5.0 (Windows NT 10.0; Win64; x64; rv:64.0) Gecko/20100101 Firefox/64.0"
138.21.12.24 - - [17/Dec/2018:13:34:26 +0100] "GET /reload?ser=1545050066755 HTTP/1.1" 200 28 "http://renault.2web.at/account?loadrequest=true" "Mozilla/5.0 (Windows NT 6.1; WOW64; Trident/7.0; rv:11.0) like Gecko"
80.123.225.36 - - [17/Dec/2018:13:34:33 +0100] "GET /reload?ser=1545050073751 HTTP/1.1" 200 28 "http://renault.activities.at/success" "Mozilla/5.0 (Windows NT 6.1; WOW64; Trident/7.0; rv:11.0) like Gecko"
213.153.47.173 - - [17/Dec/2018:13:34:59 +0100] "GET /reload?ser=1545050099277 HTTP/1.1" 200 28 "http://renault.activities.at/login?required=true" "Mozilla/5.0 (Windows NT 10.0; Win64; x64; rv:64.0) Gecko/20100101 Firefox/64.0"
138.21.12.24 - - [17/Dec/2018:13:35:27 +0100] "GET /reload?ser=1545050127826 HTTP/1.1" 200 28 "http://renault.2web.at/account?loadrequest=true" "Mozilla/5.0 (Windows NT 6.1; WOW64; Trident/7.0; rv:11.0) like Gecko"
80.123.225.36 - - [17/Dec/2018:13:35:34 +0100] "GET /reload?ser=1545050134711 HTTP/1.1" 200 28 "http://renault.activities.at/success" "Mozilla/5.0 (Windows NT 6.1; WOW64; Trident/7.0; rv:11.0) like Gecko"
213.153.47.173 - - [17/Dec/2018:13:36:00 +0100] "GET /reload?ser=1545050159946 HTTP/1.1" 200 28 "http://renault.activities.at/login?required=true" "Mozilla/5.0 (Windows NT 10.0; Win64; x64; rv:64.0) Gecko/20100101 Firefox/64.0"
138.21.12.24 - - [17/Dec/2018:13:36:29 +0100] "GET /reload?ser=1545050188955 HTTP/1.1" 200 28 "http://renault.2web.at/account?loadrequest=true" "Mozilla/5.0 (Windows NT 6.1; WOW64; Trident/7.0; rv:11.0) like Gecko"
80.123.225.36 - - [17/Dec/2018:13:36:35 +0100] "GET /reload?ser=1545050195682 HTTP/1.1" 200 28 "http://renault.activities.at/success" "Mozilla/5.0 (Windows NT 6.1; WOW64; Trident/7.0; rv:11.0) like Gecko"
213.153.47.173 - - [17/Dec/2018:13:37:00 +0100] "GET /reload?ser=1545050220616 HTTP/1.1" 200 28 "http://renault.activities.at/login?required=true" "Mozilla/5.0 (Windows NT 10.0; Win64; x64; rv:64.0) Gecko/20100101 Firefox/64.0"
138.21.12.24 - - [17/Dec/2018:13:37:30 +0100] "GET /reload?ser=1545050250075 HTTP/1.1" 200 28 "http://renault.2web.at/account?loadrequest=true" "Mozilla/5.0 (Windows NT 6.1; WOW64; Trident/7.0; rv:11.0) like Gecko"
80.123.225.36 - - [17/Dec/2018:13:37:36 +0100] "GET /reload?ser=1545050256681 HTTP/1.1" 200 28 "http://renault.activities.at/success" "Mozilla/5.0 (Windows NT 6.1; WOW64; Trident/7.0; rv:11.0) like Gecko"
213.153.47.173 - - [17/Dec/2018:13:38:01 +0100] "GET /reload?ser=1545050281276 HTTP/1.1" 200 28 "http://renault.activities.at/login?required=true" "Mozilla/5.0 (Windows NT 10.0; Win64; x64; rv:64.0) Gecko/20100101 Firefox/64.0"
138.21.12.24 - - [17/Dec/2018:13:38:31 +0100] "GET /reload?ser=1545050311151 HTTP/1.1" 200 28 "http://renault.2web.at/account?loadrequest=true" "Mozilla/5.0 (Windows NT 6.1; WOW64; Trident/7.0; rv:11.0) like Gecko"
80.123.225.36 - - [17/Dec/2018:13:38:37 +0100] "GET /reload?ser=1545050317684 HTTP/1.1" 200 28 "http://renault.activities.at/success" "Mozilla/5.0 (Windows NT 6.1; WOW64; Trident/7.0; rv:11.0) like Gecko"
213.153.47.173 - - [17/Dec/2018:13:39:02 +0100] "GET /reload?ser=1545050341970 HTTP/1.1" 200 28 "http://renault.activities.at/login?required=true" "Mozilla/5.0 (Windows NT 10.0; Win64; x64; rv:64.0) Gecko/20100101 Firefox/64.0"
138.21.12.24 - - [17/Dec/2018:13:39:32 +0100] "GET /reload?ser=1545050372260 HTTP/1.1" 200 28 "http://renault.2web.at/account?loadrequest=true" "Mozilla/5.0 (Windows NT 6.1; WOW64; Trident/7.0; rv:11.0) like Gecko"
80.123.225.36 - - [17/Dec/2018:13:39:38 +0100] "GET /reload?ser=1545050378692 HTTP/1.1" 200 28 "http://renault.activities.at/success" "Mozilla/5.0 (Windows NT 6.1; WOW64; Trident/7.0; rv:11.0) like Gecko"
213.153.47.173 - - [17/Dec/2018:13:40:02 +0100] "GET /reload?ser=1545050402636 HTTP/1.1" 200 28 "http://renault.activities.at/login?required=true" "Mozilla/5.0 (Windows NT 10.0; Win64; x64; rv:64.0) Gecko/20100101 Firefox/64.0"
138.21.12.24 - - [17/Dec/2018:13:40:33 +0100] "GET /reload?ser=1545050433354 HTTP/1.1" 200 28 "http://renault.2web.at/account?loadrequest=true" "Mozilla/5.0 (Windows NT 6.1; WOW64; Trident/7.0; rv:11.0) like Gecko"
80.123.225.36 - - [17/Dec/2018:13:40:39 +0100] "GET /reload?ser=1545050439699 HTTP/1.1" 200 28 "http://renault.activities.at/success" "Mozilla/5.0 (Windows NT 6.1; WOW64; Trident/7.0; rv:11.0) like Gecko"
213.153.47.173 - - [17/Dec/2018:13:41:03 +0100] "GET /reload?ser=1545050463299 HTTP/1.1" 200 28 "http://renault.activities.at/login?required=true" "Mozilla/5.0 (Windows NT 10.0; Win64; x64; rv:64.0) Gecko/20100101 Firefox/64.0"
138.21.12.24 - - [17/Dec/2018:13:41:34 +0100] "GET /reload?ser=1545050494433 HTTP/1.1" 200 28 "http://renault.2web.at/account?loadrequest=true" "Mozilla/5.0 (Windows NT 6.1; WOW64; Trident/7.0; rv:11.0) like Gecko"
80.123.225.36 - - [17/Dec/2018:13:41:40 +0100] "GET /reload?ser=1545050500660 HTTP/1.1" 200 28 "http://renault.activities.at/success" "Mozilla/5.0 (Windows NT 6.1; WOW64; Trident/7.0; rv:11.0) like Gecko"
213.153.47.173 - - [17/Dec/2018:13:42:04 +0100] "GET /reload?ser=1545050523972 HTTP/1.1" 200 28 "http://renault.activities.at/login?required=true" "Mozilla/5.0 (Windows NT 10.0; Win64; x64; rv:64.0) Gecko/20100101 Firefox/64.0"
138.21.12.24 - - [17/Dec/2018:13:42:35 +0100] "GET /reload?ser=1545050555560 HTTP/1.1" 200 28 "http://renault.2web.at/account?loadrequest=true" "Mozilla/5.0 (Windows NT 6.1; WOW64; Trident/7.0; rv:11.0) like Gecko"
80.123.225.36 - - [17/Dec/2018:13:42:41 +0100] "GET /reload?ser=1545050561618 HTTP/1.1" 200 28 "http://renault.activities.at/success" "Mozilla/5.0 (Windows NT 6.1; WOW64; Trident/7.0; rv:11.0) like Gecko"
213.153.47.173 - - [17/Dec/2018:13:43:04 +0100] "GET /reload?ser=1545050584633 HTTP/1.1" 200 28 "http://renault.activities.at/login?required=true" "Mozilla/5.0 (Windows NT 10.0; Win64; x64; rv:64.0) Gecko/20100101 Firefox/64.0"
138.21.12.24 - - [17/Dec/2018:13:43:36 +0100] "GET /reload?ser=1545050616638 HTTP/1.1" 200 28 "http://renault.2web.at/account?loadrequest=true" "Mozilla/5.0 (Windows NT 6.1; WOW64; Trident/7.0; rv:11.0) like Gecko"
80.123.225.36 - - [17/Dec/2018:13:43:42 +0100] "GET /reload?ser=1545050622607 HTTP/1.1" 200 28 "http://renault.activities.at/success" "Mozilla/5.0 (Windows NT 6.1; WOW64; Trident/7.0; rv:11.0) like Gecko"
213.153.47.173 - - [17/Dec/2018:13:44:05 +0100] "GET /reload?ser=1545050645339 HTTP/1.1" 200 28 "http://renault.activities.at/login?required=true" "Mozilla/5.0 (Windows NT 10.0; Win64; x64; rv:64.0) Gecko/20100101 Firefox/64.0"
138.21.12.24 - - [17/Dec/2018:13:44:37 +0100] "GET /reload?ser=1545050677717 HTTP/1.1" 200 28 "http://renault.2web.at/account?loadrequest=true" "Mozilla/5.0 (Windows NT 6.1; WOW64; Trident/7.0; rv:11.0) like Gecko"
80.123.225.36 - - [17/Dec/2018:13:44:43 +0100] "GET /reload?ser=1545050683574 HTTP/1.1" 200 28 "http://renault.activities.at/success" "Mozilla/5.0 (Windows NT 6.1; WOW64; Trident/7.0; rv:11.0) like Gecko"
213.153.47.173 - - [17/Dec/2018:13:45:06 +0100] "GET /reload?ser=1545050706633 HTTP/1.1" 200 28 "http://renault.activities.at/login?required=true" "Mozilla/5.0 (Windows NT 10.0; Win64; x64; rv:64.0) Gecko/20100101 Firefox/64.0"
138.21.12.24 - - [17/Dec/2018:13:45:38 +0100] "GET /reload?ser=1545050738782 HTTP/1.1" 200 28 "http://renault.2web.at/account?loadrequest=true" "Mozilla/5.0 (Windows NT 6.1; WOW64; Trident/7.0; rv:11.0) like Gecko"
80.123.225.36 - - [17/Dec/2018:13:45:44 +0100] "GET /reload?ser=1545050744550 HTTP/1.1" 200 28 "http://renault.activities.at/success" "Mozilla/5.0 (Windows NT 6.1; WOW64; Trident/7.0; rv:11.0) like Gecko"
213.153.47.173 - - [17/Dec/2018:13:46:07 +0100] "GET /reload?ser=1545050767308 HTTP/1.1" 200 28 "http://renault.activities.at/login?required=true" "Mozilla/5.0 (Windows NT 10.0; Win64; x64; rv:64.0) Gecko/20100101 Firefox/64.0"
138.21.12.24 - - [17/Dec/2018:13:46:39 +0100] "GET /reload?ser=1545050799852 HTTP/1.1" 200 28 "http://renault.2web.at/account?loadrequest=true" "Mozilla/5.0 (Windows NT 6.1; WOW64; Trident/7.0; rv:11.0) like Gecko"
80.123.225.36 - - [17/Dec/2018:13:46:45 +0100] "GET /reload?ser=1545050805519 HTTP/1.1" 200 28 "http://renault.activities.at/success" "Mozilla/5.0 (Windows NT 6.1; WOW64; Trident/7.0; rv:11.0) like Gecko"
213.153.47.173 - - [17/Dec/2018:13:47:08 +0100] "GET /reload?ser=1545050827983 HTTP/1.1" 200 28 "http://renault.activities.at/login?required=true" "Mozilla/5.0 (Windows NT 10.0; Win64; x64; rv:64.0) Gecko/20100101 Firefox/64.0"
138.21.12.24 - - [17/Dec/2018:13:47:41 +0100] "GET /reload?ser=1545050860954 HTTP/1.1" 200 28 "http://renault.2web.at/account?loadrequest=true" "Mozilla/5.0 (Windows NT 6.1; WOW64; Trident/7.0; rv:11.0) like Gecko"
80.123.225.36 - - [17/Dec/2018:13:47:46 +0100] "GET /reload?ser=1545050866508 HTTP/1.1" 200 28 "http://renault.activities.at/success" "Mozilla/5.0 (Windows NT 6.1; WOW64; Trident/7.0; rv:11.0) like Gecko"
213.153.47.173 - - [17/Dec/2018:13:48:08 +0100] "GET /reload?ser=1545050888646 HTTP/1.1" 200 28 "http://renault.activities.at/login?required=true" "Mozilla/5.0 (Windows NT 10.0; Win64; x64; rv:64.0) Gecko/20100101 Firefox/64.0"
138.21.12.24 - - [17/Dec/2018:13:48:42 +0100] "GET /reload?ser=1545050922096 HTTP/1.1" 200 28 "http://renault.2web.at/account?loadrequest=true" "Mozilla/5.0 (Windows NT 6.1; WOW64; Trident/7.0; rv:11.0) like Gecko"
80.123.225.36 - - [17/Dec/2018:13:48:47 +0100] "GET /reload?ser=1545050927585 HTTP/1.1" 200 28 "http://renault.activities.at/success" "Mozilla/5.0 (Windows NT 6.1; WOW64; Trident/7.0; rv:11.0) like Gecko"
213.153.47.173 - - [17/Dec/2018:13:49:09 +0100] "GET /reload?ser=1545050949330 HTTP/1.1" 200 28 "http://renault.activities.at/login?required=true" "Mozilla/5.0 (Windows NT 10.0; Win64; x64; rv:64.0) Gecko/20100101 Firefox/64.0"
138.21.12.24 - - [17/Dec/2018:13:49:43 +0100] "GET /reload?ser=1545050983208 HTTP/1.1" 200 28 "http://renault.2web.at/account?loadrequest=true" "Mozilla/5.0 (Windows NT 6.1; WOW64; Trident/7.0; rv:11.0) like Gecko"
80.123.225.36 - - [17/Dec/2018:13:49:48 +0100] "GET /reload?ser=1545050988544 HTTP/1.1" 200 28 "http://renault.activities.at/success" "Mozilla/5.0 (Windows NT 6.1; WOW64; Trident/7.0; rv:11.0) like Gecko"
213.153.47.173 - - [17/Dec/2018:13:50:10 +0100] "GET /reload?ser=1545051010009 HTTP/1.1" 200 28 "http://renault.activities.at/login?required=true" "Mozilla/5.0 (Windows NT 10.0; Win64; x64; rv:64.0) Gecko/20100101 Firefox/64.0"
138.21.12.24 - - [17/Dec/2018:13:50:44 +0100] "GET /reload?ser=1545051044321 HTTP/1.1" 200 28 "http://renault.2web.at/account?loadrequest=true" "Mozilla/5.0 (Windows NT 6.1; WOW64; Trident/7.0; rv:11.0) like Gecko"
80.123.225.36 - - [17/Dec/2018:13:50:49 +0100] "GET /reload?ser=1545051049510 HTTP/1.1" 200 28 "http://renault.activities.at/success" "Mozilla/5.0 (Windows NT 6.1; WOW64; Trident/7.0; rv:11.0) like Gecko"
213.153.47.173 - - [17/Dec/2018:13:51:10 +0100] "GET /reload?ser=1545051070696 HTTP/1.1" 200 28 "http://renault.activities.at/login?required=true" "Mozilla/5.0 (Windows NT 10.0; Win64; x64; rv:64.0) Gecko/20100101 Firefox/64.0"
138.21.12.24 - - [17/Dec/2018:13:51:45 +0100] "GET /reload?ser=1545051105405 HTTP/1.1" 200 28 "http://renault.2web.at/account?loadrequest=true" "Mozilla/5.0 (Windows NT 6.1; WOW64; Trident/7.0; rv:11.0) like Gecko"
80.123.225.36 - - [17/Dec/2018:13:51:50 +0100] "GET /reload?ser=1545051110523 HTTP/1.1" 200 28 "http://renault.activities.at/success" "Mozilla/5.0 (Windows NT 6.1; WOW64; Trident/7.0; rv:11.0) like Gecko"
213.153.47.173 - - [17/Dec/2018:13:52:11 +0100] "GET /reload?ser=1545051131375 HTTP/1.1" 200 28 "http://renault.activities.at/login?required=true" "Mozilla/5.0 (Windows NT 10.0; Win64; x64; rv:64.0) Gecko/20100101 Firefox/64.0"
138.21.12.24 - - [17/Dec/2018:13:52:46 +0100] "GET /reload?ser=1545051166517 HTTP/1.1" 200 28 "http://renault.2web.at/account?loadrequest=true" "Mozilla/5.0 (Windows NT 6.1; WOW64; Trident/7.0; rv:11.0) like Gecko"
80.123.225.36 - - [17/Dec/2018:13:52:51 +0100] "GET /reload?ser=1545051171551 HTTP/1.1" 200 28 "http://renault.activities.at/success" "Mozilla/5.0 (Windows NT 6.1; WOW64; Trident/7.0; rv:11.0) like Gecko"
213.153.47.173 - - [17/Dec/2018:13:53:12 +0100] "GET /reload?ser=1545051192062 HTTP/1.1" 200 28 "http://renault.activities.at/login?required=true" "Mozilla/5.0 (Windows NT 10.0; Win64; x64; rv:64.0) Gecko/20100101 Firefox/64.0"
138.21.12.24 - - [17/Dec/2018:13:53:47 +0100] "GET /reload?ser=1545051227762 HTTP/1.1" 200 28 "http://renault.2web.at/account?loadrequest=true" "Mozilla/5.0 (Windows NT 6.1; WOW64; Trident/7.0; rv:11.0) like Gecko"
80.123.225.36 - - [17/Dec/2018:13:53:52 +0100] "GET /reload?ser=1545051232505 HTTP/1.1" 200 28 "http://renault.activities.at/success" "Mozilla/5.0 (Windows NT 6.1; WOW64; Trident/7.0; rv:11.0) like Gecko"
213.153.47.173 - - [17/Dec/2018:13:54:12 +0100] "GET /reload?ser=1545051252734 HTTP/1.1" 200 28 "http://renault.activities.at/login?required=true" "Mozilla/5.0 (Windows NT 10.0; Win64; x64; rv:64.0) Gecko/20100101 Firefox/64.0"
138.21.12.24 - - [17/Dec/2018:13:54:48 +0100] "GET /reload?ser=1545051288858 HTTP/1.1" 200 28 "http://renault.2web.at/account?loadrequest=true" "Mozilla/5.0 (Windows NT 6.1; WOW64; Trident/7.0; rv:11.0) like Gecko"
80.123.225.36 - - [17/Dec/2018:13:54:52 +0100] "GET /reload?ser=1545051293471 HTTP/1.1" 200 28 "http://renault.activities.at/success" "Mozilla/5.0 (Windows NT 6.1; WOW64; Trident/7.0; rv:11.0) like Gecko"
213.153.47.173 - - [17/Dec/2018:13:55:13 +0100] "GET /reload?ser=1545051313460 HTTP/1.1" 200 28 "http://renault.activities.at/login?required=true" "Mozilla/5.0 (Windows NT 10.0; Win64; x64; rv:64.0) Gecko/20100101 Firefox/64.0"
138.21.12.24 - - [17/Dec/2018:13:55:50 +0100] "GET /reload?ser=1545051349950 HTTP/1.1" 200 28 "http://renault.2web.at/account?loadrequest=true" "Mozilla/5.0 (Windows NT 6.1; WOW64; Trident/7.0; rv:11.0) like Gecko"
80.123.225.36 - - [17/Dec/2018:13:55:53 +0100] "GET /reload?ser=1545051354450 HTTP/1.1" 200 28 "http://renault.activities.at/success" "Mozilla/5.0 (Windows NT 6.1; WOW64; Trident/7.0; rv:11.0) like Gecko"
213.153.47.173 - - [17/Dec/2018:13:56:14 +0100] "GET /reload?ser=1545051374250 HTTP/1.1" 200 28 "http://renault.activities.at/login?required=true" "Mozilla/5.0 (Windows NT 10.0; Win64; x64; rv:64.0) Gecko/20100101 Firefox/64.0"
138.21.12.24 - - [17/Dec/2018:13:56:51 +0100] "GET /reload?ser=1545051411015 HTTP/1.1" 200 28 "http://renault.2web.at/account?loadrequest=true" "Mozilla/5.0 (Windows NT 6.1; WOW64; Trident/7.0; rv:11.0) like Gecko"
80.123.225.36 - - [17/Dec/2018:13:56:54 +0100] "GET /reload?ser=1545051415456 HTTP/1.1" 200 28 "http://renault.activities.at/success" "Mozilla/5.0 (Windows NT 6.1; WOW64; Trident/7.0; rv:11.0) like Gecko"
213.153.47.173 - - [17/Dec/2018:13:57:14 +0100] "GET /reload?ser=1545051434913 HTTP/1.1" 200 28 "http://renault.activities.at/login?required=true" "Mozilla/5.0 (Windows NT 10.0; Win64; x64; rv:64.0) Gecko/20100101 Firefox/64.0"
138.21.12.24 - - [17/Dec/2018:13:57:52 +0100] "GET /reload?ser=1545051472100 HTTP/1.1" 200 28 "http://renault.2web.at/account?loadrequest=true" "Mozilla/5.0 (Windows NT 6.1; WOW64; Trident/7.0; rv:11.0) like Gecko"
80.123.225.36 - - [17/Dec/2018:13:57:55 +0100] "GET /reload?ser=1545051476476 HTTP/1.1" 200 28 "http://renault.activities.at/success" "Mozilla/5.0 (Windows NT 6.1; WOW64; Trident/7.0; rv:11.0) like Gecko"
213.153.47.173 - - [17/Dec/2018:13:58:15 +0100] "GET /reload?ser=1545051495568 HTTP/1.1" 200 28 "http://renault.activities.at/login?required=true" "Mozilla/5.0 (Windows NT 10.0; Win64; x64; rv:64.0) Gecko/20100101 Firefox/64.0"
212.152.246.135 - - [17/Dec/2018:13:58:23 +0100] "GET / HTTP/1.1" 200 3417 "-" "Mozilla/5.0 (Windows NT 6.1; WOW64; Trident/7.0; rv:11.0) like Gecko"
212.152.246.135 - - [17/Dec/2018:13:58:24 +0100] "GET /js/default.js HTTP/1.1" 200 14698 "http://renault.activities.at/" "Mozilla/5.0 (Windows NT 6.1; WOW64; Trident/7.0; rv:11.0) like Gecko"
212.152.246.135 - - [17/Dec/2018:13:58:24 +0100] "GET /js/flashdetection.js HTTP/1.1" 200 1059 "http://renault.activities.at/" "Mozilla/5.0 (Windows NT 6.1; WOW64; Trident/7.0; rv:11.0) like Gecko"
212.152.246.135 - - [17/Dec/2018:13:58:24 +0100] "GET /css/reset.css HTTP/1.1" 200 1356 "http://renault.activities.at/" "Mozilla/5.0 (Windows NT 6.1; WOW64; Trident/7.0; rv:11.0) like Gecko"
