212.152.246.135 - - [18/Dec/2018:13:13:39 +0100] "POST /result?searchterm=true&search=Garantie HTTP/1.1" 200 7386 "http://renault.activities.at/result?searchterm=true&search=Garantie" "Mozilla/5.0 (Windows NT 10.0; WOW64; Trident/7.0; rv:11.0) like Gecko"
83.175.113.91 - - [18/Dec/2018:13:14:19 +0100] "GET /reload?ser=1545135261087 HTTP/1.1" 200 28 "http://renault.activities.at/10201634?dir=DESC&mode=grid&order=name&limit=15&page=2&cat=10260260" "Mozilla/5.0 (Windows NT 6.1; WOW64; Trident/7.0; rv:11.0) like Gecko"
213.153.47.173 - - [18/Dec/2018:13:14:22 +0100] "GET /reload?ser=1545135262180 HTTP/1.1" 200 28 "http://renault.activities.at/login?required=true" "Mozilla/5.0 (Windows NT 10.0; Win64; x64; rv:64.0) Gecko/20100101 Firefox/64.0"
138.21.12.25 - - [18/Dec/2018:13:14:32 +0100] "GET /reload?ser=1545135272174 HTTP/1.1" 200 28 "http://renault.2web.at/account?loadrequest=true" "Mozilla/5.0 (Windows NT 6.1; WOW64; Trident/7.0; rv:11.0) like Gecko"
212.152.246.135 - - [18/Dec/2018:13:14:43 +0100] "GET /result?searchterm=true&search=Service HTTP/1.1" 200 8483 "http://renault.activities.at/result?searchterm=true&search=Garantie" "Mozilla/5.0 (Windows NT 10.0; WOW64; Trident/7.0; rv:11.0) like Gecko"
212.152.246.135 - - [18/Dec/2018:13:14:43 +0100] "POST /axjaxrequest?mode=suggest HTTP/1.1" 200 184 "http://renault.activities.at/result?searchterm=true&search=Garantie" "Mozilla/5.0 (Windows NT 10.0; WOW64; Trident/7.0; rv:11.0) like Gecko"
212.152.246.135 - - [18/Dec/2018:13:14:44 +0100] "GET /reload?ser=1545135284425 HTTP/1.1" 200 28 "http://renault.activities.at/result?searchterm=true&search=Garantie" "Mozilla/5.0 (Windows NT 10.0; WOW64; Trident/7.0; rv:11.0) like Gecko"
212.152.246.135 - - [18/Dec/2018:13:14:57 +0100] "POST /axjaxrequest?mode=suggest HTTP/1.1" 200 197 "http://renault.activities.at/result?searchterm=true&search=Service" "Mozilla/5.0 (Windows NT 10.0; WOW64; Trident/7.0; rv:11.0) like Gecko"
212.152.246.135 - - [18/Dec/2018:13:15:02 +0100] "POST /axjaxrequest?mode=suggest HTTP/1.1" 200 21 "http://renault.activities.at/result?searchterm=true&search=Service" "Mozilla/5.0 (Windows NT 10.0; WOW64; Trident/7.0; rv:11.0) like Gecko"
212.152.246.135 - - [18/Dec/2018:13:15:03 +0100] "POST /axjaxrequest?mode=suggest HTTP/1.1" 200 21 "http://renault.activities.at/result?searchterm=true&search=Service" "Mozilla/5.0 (Windows NT 10.0; WOW64; Trident/7.0; rv:11.0) like Gecko"
212.152.246.135 - - [18/Dec/2018:13:15:04 +0100] "POST /axjaxrequest?mode=suggest HTTP/1.1" 200 21 "http://renault.activities.at/result?searchterm=true&search=Service" "Mozilla/5.0 (Windows NT 10.0; WOW64; Trident/7.0; rv:11.0) like Gecko"
83.175.113.91 - - [18/Dec/2018:13:15:20 +0100] "GET /reload?ser=1545135322033 HTTP/1.1" 200 28 "http://renault.activities.at/10201634?dir=DESC&mode=grid&order=name&limit=15&page=2&cat=10260260" "Mozilla/5.0 (Windows NT 6.1; WOW64; Trident/7.0; rv:11.0) like Gecko"
213.153.47.173 - - [18/Dec/2018:13:15:22 +0100] "GET /reload?ser=1545135322840 HTTP/1.1" 200 28 "http://renault.activities.at/login?required=true" "Mozilla/5.0 (Windows NT 10.0; Win64; x64; rv:64.0) Gecko/20100101 Firefox/64.0"
138.21.12.25 - - [18/Dec/2018:13:15:33 +0100] "GET /reload?ser=1545135333262 HTTP/1.1" 200 28 "http://renault.2web.at/account?loadrequest=true" "Mozilla/5.0 (Windows NT 6.1; WOW64; Trident/7.0; rv:11.0) like Gecko"
66.249.64.75 - - [18/Dec/2018:13:15:46 +0100] "GET /favicon.ico HTTP/1.1" 304 - "-" "Googlebot-Image/1.0"
212.152.246.135 - - [18/Dec/2018:13:15:46 +0100] "GET /reload?ser=1545135346082 HTTP/1.1" 200 28 "http://renault.activities.at/result?searchterm=true&search=Service" "Mozilla/5.0 (Windows NT 10.0; WOW64; Trident/7.0; rv:11.0) like Gecko"
212.152.246.135 - - [18/Dec/2018:13:15:49 +0100] "POST /axjaxrequest?mode=suggest HTTP/1.1" 200 21 "http://renault.activities.at/result?searchterm=true&search=Service" "Mozilla/5.0 (Windows NT 10.0; WOW64; Trident/7.0; rv:11.0) like Gecko"
212.152.246.135 - - [18/Dec/2018:13:15:49 +0100] "GET /result?searchterm=true&search=Rechnungsmappen HTTP/1.1" 200 4956 "http://renault.activities.at/result?searchterm=true&search=Service" "Mozilla/5.0 (Windows NT 10.0; WOW64; Trident/7.0; rv:11.0) like Gecko"
212.152.246.135 - - [18/Dec/2018:13:15:51 +0100] "GET /result?searchterm=true&search=Rechnungsmappen HTTP/1.1" 200 4956 "http://renault.activities.at/result?searchterm=true&search=Service" "Mozilla/5.0 (Windows NT 10.0; WOW64; Trident/7.0; rv:11.0) like Gecko"
212.152.246.135 - - [18/Dec/2018:13:15:53 +0100] "GET /images/note_msg_icon.gif HTTP/1.1" 200 1022 "http://renault.activities.at/result?searchterm=true&search=Rechnungsmappen" "Mozilla/5.0 (Windows NT 10.0; WOW64; Trident/7.0; rv:11.0) like Gecko"
212.152.246.135 - - [18/Dec/2018:13:15:57 +0100] "GET /result?searchterm=true&search=renault HTTP/1.1" 200 8819 "http://renault.activities.at/result?searchterm=true&search=Rechnungsmappen" "Mozilla/5.0 (Windows NT 10.0; WOW64; Trident/7.0; rv:11.0) like Gecko"
212.152.246.135 - - [18/Dec/2018:13:16:01 +0100] "GET /loadthumbnail.php?id=11910255&width=113 HTTP/1.1" 200 18465 "http://renault.activities.at/result?searchterm=true&search=renault" "Mozilla/5.0 (Windows NT 10.0; WOW64; Trident/7.0; rv:11.0) like Gecko"
212.152.246.135 - - [18/Dec/2018:13:16:01 +0100] "GET /loadthumbnail.php?id=11615284&width=113 HTTP/1.1" 200 18014 "http://renault.activities.at/result?searchterm=true&search=renault" "Mozilla/5.0 (Windows NT 10.0; WOW64; Trident/7.0; rv:11.0) like Gecko"
212.152.246.135 - - [18/Dec/2018:13:16:01 +0100] "GET /loadthumbnail.php?id=11423691&width=113 HTTP/1.1" 200 6071 "http://renault.activities.at/result?searchterm=true&search=renault" "Mozilla/5.0 (Windows NT 10.0; WOW64; Trident/7.0; rv:11.0) like Gecko"
212.152.246.135 - - [18/Dec/2018:13:16:01 +0100] "GET /loadthumbnail.php?id=11186502&width=113 HTTP/1.1" 200 2016 "http://renault.activities.at/result?searchterm=true&search=renault" "Mozilla/5.0 (Windows NT 10.0; WOW64; Trident/7.0; rv:11.0) like Gecko"
212.152.246.135 - - [18/Dec/2018:13:16:01 +0100] "GET /loadthumbnail.php?id=11910262&width=113 HTTP/1.1" 200 18465 "http://renault.activities.at/result?searchterm=true&search=renault" "Mozilla/5.0 (Windows NT 10.0; WOW64; Trident/7.0; rv:11.0) like Gecko"
212.152.246.135 - - [18/Dec/2018:13:16:01 +0100] "GET /loadthumbnail.php?id=11186498&width=113 HTTP/1.1" 200 2016 "http://renault.activities.at/result?searchterm=true&search=renault" "Mozilla/5.0 (Windows NT 10.0; WOW64; Trident/7.0; rv:11.0) like Gecko"
212.152.246.135 - - [18/Dec/2018:13:16:01 +0100] "GET /loadthumbnail.php?id=11186518&width=113 HTTP/1.1" 200 1516 "http://renault.activities.at/result?searchterm=true&search=renault" "Mozilla/5.0 (Windows NT 10.0; WOW64; Trident/7.0; rv:11.0) like Gecko"
212.152.246.135 - - [18/Dec/2018:13:16:01 +0100] "GET /loadthumbnail.php?id=11186505&width=113 HTTP/1.1" 200 1516 "http://renault.activities.at/result?searchterm=true&search=renault" "Mozilla/5.0 (Windows NT 10.0; WOW64; Trident/7.0; rv:11.0) like Gecko"
212.152.246.135 - - [18/Dec/2018:13:16:01 +0100] "GET /loadthumbnail.php?id=11137061&width=113 HTTP/1.1" 200 2095 "http://renault.activities.at/result?searchterm=true&search=renault" "Mozilla/5.0 (Windows NT 10.0; WOW64; Trident/7.0; rv:11.0) like Gecko"
212.152.246.135 - - [18/Dec/2018:13:16:01 +0100] "GET /loadthumbnail.php?id=11183285&width=113 HTTP/1.1" 200 1898 "http://renault.activities.at/result?searchterm=true&search=renault" "Mozilla/5.0 (Windows NT 10.0; WOW64; Trident/7.0; rv:11.0) like Gecko"
212.152.246.135 - - [18/Dec/2018:13:15:57 +0100] "POST /axjaxrequest?mode=suggest HTTP/1.1" 200 113 "http://renault.activities.at/result?searchterm=true&search=Rechnungsmappen" "Mozilla/5.0 (Windows NT 10.0; WOW64; Trident/7.0; rv:11.0) like Gecko"
212.152.246.135 - - [18/Dec/2018:13:16:11 +0100] "GET /result?dir=DESC&mode=grid&order=name&limit=15&page=2&search=renault HTTP/1.1" 200 8724 "http://renault.activities.at/result?searchterm=true&search=renault" "Mozilla/5.0 (Windows NT 10.0; WOW64; Trident/7.0; rv:11.0) like Gecko"
212.152.246.135 - - [18/Dec/2018:13:16:15 +0100] "GET /loadthumbnail.php?id=11339764&width=113 HTTP/1.1" 200 2128 "http://renault.activities.at/result?dir=DESC&mode=grid&order=name&limit=15&page=2&search=renault" "Mozilla/5.0 (Windows NT 10.0; WOW64; Trident/7.0; rv:11.0) like Gecko"
212.152.246.135 - - [18/Dec/2018:13:16:15 +0100] "GET /loadthumbnail.php?id=11181207&width=113 HTTP/1.1" 200 1279 "http://renault.activities.at/result?dir=DESC&mode=grid&order=name&limit=15&page=2&search=renault" "Mozilla/5.0 (Windows NT 10.0; WOW64; Trident/7.0; rv:11.0) like Gecko"
212.152.246.135 - - [18/Dec/2018:13:16:15 +0100] "GET /loadthumbnail.php?id=11339768&width=113 HTTP/1.1" 200 2128 "http://renault.activities.at/result?dir=DESC&mode=grid&order=name&limit=15&page=2&search=renault" "Mozilla/5.0 (Windows NT 10.0; WOW64; Trident/7.0; rv:11.0) like Gecko"
212.152.246.135 - - [18/Dec/2018:13:16:15 +0100] "GET /loadthumbnail.php?id=11181201&width=113 HTTP/1.1" 200 1279 "http://renault.activities.at/result?dir=DESC&mode=grid&order=name&limit=15&page=2&search=renault" "Mozilla/5.0 (Windows NT 10.0; WOW64; Trident/7.0; rv:11.0) like Gecko"
212.152.246.135 - - [18/Dec/2018:13:16:15 +0100] "GET /loadthumbnail.php?id=11181227&width=113 HTTP/1.1" 200 1322 "http://renault.activities.at/result?dir=DESC&mode=grid&order=name&limit=15&page=2&search=renault" "Mozilla/5.0 (Windows NT 10.0; WOW64; Trident/7.0; rv:11.0) like Gecko"
212.152.246.135 - - [18/Dec/2018:13:16:15 +0100] "GET /loadthumbnail.php?id=11195908&width=113 HTTP/1.1" 200 1279 "http://renault.activities.at/result?dir=DESC&mode=grid&order=name&limit=15&page=2&search=renault" "Mozilla/5.0 (Windows NT 10.0; WOW64; Trident/7.0; rv:11.0) like Gecko"
212.152.246.135 - - [18/Dec/2018:13:16:15 +0100] "GET /loadthumbnail.php?id=11194725&width=113 HTTP/1.1" 200 1322 "http://renault.activities.at/result?dir=DESC&mode=grid&order=name&limit=15&page=2&search=renault" "Mozilla/5.0 (Windows NT 10.0; WOW64; Trident/7.0; rv:11.0) like Gecko"
212.152.246.135 - - [18/Dec/2018:13:16:15 +0100] "GET /loadthumbnail.php?id=11181225&width=113 HTTP/1.1" 200 1322 "http://renault.activities.at/result?dir=DESC&mode=grid&order=name&limit=15&page=2&search=renault" "Mozilla/5.0 (Windows NT 10.0; WOW64; Trident/7.0; rv:11.0) like Gecko"
212.152.246.135 - - [18/Dec/2018:13:16:15 +0100] "GET /loadthumbnail.php?id=11181199&width=113 HTTP/1.1" 200 1829 "http://renault.activities.at/result?dir=DESC&mode=grid&order=name&limit=15&page=2&search=renault" "Mozilla/5.0 (Windows NT 10.0; WOW64; Trident/7.0; rv:11.0) like Gecko"
212.152.246.135 - - [18/Dec/2018:13:16:15 +0100] "GET /loadthumbnail.php?id=11181197&width=113 HTTP/1.1" 200 1829 "http://renault.activities.at/result?dir=DESC&mode=grid&order=name&limit=15&page=2&search=renault" "Mozilla/5.0 (Windows NT 10.0; WOW64; Trident/7.0; rv:11.0) like Gecko"
212.152.246.135 - - [18/Dec/2018:13:16:15 +0100] "GET /loadthumbnail.php?id=11194700&width=113 HTTP/1.1" 200 1829 "http://renault.activities.at/result?dir=DESC&mode=grid&order=name&limit=15&page=2&search=renault" "Mozilla/5.0 (Windows NT 10.0; WOW64; Trident/7.0; rv:11.0) like Gecko"
212.152.246.135 - - [18/Dec/2018:13:16:15 +0100] "GET /loadthumbnail.php?id=11186469&width=113 HTTP/1.1" 200 1278 "http://renault.activities.at/result?dir=DESC&mode=grid&order=name&limit=15&page=2&search=renault" "Mozilla/5.0 (Windows NT 10.0; WOW64; Trident/7.0; rv:11.0) like Gecko"
212.152.246.135 - - [18/Dec/2018:13:16:15 +0100] "GET /loadthumbnail.php?id=11194717&width=113 HTTP/1.1" 200 1278 "http://renault.activities.at/result?dir=DESC&mode=grid&order=name&limit=15&page=2&search=renault" "Mozilla/5.0 (Windows NT 10.0; WOW64; Trident/7.0; rv:11.0) like Gecko"
212.152.246.135 - - [18/Dec/2018:13:16:19 +0100] "GET /result?dir=DESC&mode=grid&order=name&limit=15&page=3&search=renault HTTP/1.1" 200 8710 "http://renault.activities.at/result?dir=DESC&mode=grid&order=name&limit=15&page=2&search=renault" "Mozilla/5.0 (Windows NT 10.0; WOW64; Trident/7.0; rv:11.0) like Gecko"
83.175.113.91 - - [18/Dec/2018:13:16:21 +0100] "GET /reload?ser=1545135382977 HTTP/1.1" 200 28 "http://renault.activities.at/10201634?dir=DESC&mode=grid&order=name&limit=15&page=2&cat=10260260" "Mozilla/5.0 (Windows NT 6.1; WOW64; Trident/7.0; rv:11.0) like Gecko"
212.152.246.135 - - [18/Dec/2018:13:16:22 +0100] "GET /loadthumbnail.php?id=11186457&width=113 HTTP/1.1" 200 1278 "http://renault.activities.at/result?dir=DESC&mode=grid&order=name&limit=15&page=3&search=renault" "Mozilla/5.0 (Windows NT 10.0; WOW64; Trident/7.0; rv:11.0) like Gecko"
212.152.246.135 - - [18/Dec/2018:13:16:22 +0100] "GET /loadthumbnail.php?id=11181237&width=113 HTTP/1.1" 200 1156 "http://renault.activities.at/result?dir=DESC&mode=grid&order=name&limit=15&page=3&search=renault" "Mozilla/5.0 (Windows NT 10.0; WOW64; Trident/7.0; rv:11.0) like Gecko"
212.152.246.135 - - [18/Dec/2018:13:16:22 +0100] "GET /loadthumbnail.php?id=11195851&width=113 HTTP/1.1" 200 1156 "http://renault.activities.at/result?dir=DESC&mode=grid&order=name&limit=15&page=3&search=renault" "Mozilla/5.0 (Windows NT 10.0; WOW64; Trident/7.0; rv:11.0) like Gecko"
212.152.246.135 - - [18/Dec/2018:13:16:22 +0100] "GET /loadthumbnail.php?id=11186495&width=113 HTTP/1.1" 200 1974 "http://renault.activities.at/result?dir=DESC&mode=grid&order=name&limit=15&page=3&search=renault" "Mozilla/5.0 (Windows NT 10.0; WOW64; Trident/7.0; rv:11.0) like Gecko"
212.152.246.135 - - [18/Dec/2018:13:16:22 +0100] "GET /loadthumbnail.php?id=11186483&width=113 HTTP/1.1" 200 1974 "http://renault.activities.at/result?dir=DESC&mode=grid&order=name&limit=15&page=3&search=renault" "Mozilla/5.0 (Windows NT 10.0; WOW64; Trident/7.0; rv:11.0) like Gecko"
212.152.246.135 - - [18/Dec/2018:13:16:22 +0100] "GET /loadthumbnail.php?id=11181235&width=113 HTTP/1.1" 200 1156 "http://renault.activities.at/result?dir=DESC&mode=grid&order=name&limit=15&page=3&search=renault" "Mozilla/5.0 (Windows NT 10.0; WOW64; Trident/7.0; rv:11.0) like Gecko"
212.152.246.135 - - [18/Dec/2018:13:16:22 +0100] "GET /loadthumbnail.php?id=11186479&width=113 HTTP/1.1" 200 1083 "http://renault.activities.at/result?dir=DESC&mode=grid&order=name&limit=15&page=3&search=renault" "Mozilla/5.0 (Windows NT 10.0; WOW64; Trident/7.0; rv:11.0) like Gecko"
212.152.246.135 - - [18/Dec/2018:13:16:22 +0100] "GET /loadthumbnail.php?id=11194721&width=113 HTTP/1.1" 200 1083 "http://renault.activities.at/result?dir=DESC&mode=grid&order=name&limit=15&page=3&search=renault" "Mozilla/5.0 (Windows NT 10.0; WOW64; Trident/7.0; rv:11.0) like Gecko"
212.152.246.135 - - [18/Dec/2018:13:16:22 +0100] "GET /loadthumbnail.php?id=11181233&width=113 HTTP/1.1" 200 1353 "http://renault.activities.at/result?dir=DESC&mode=grid&order=name&limit=15&page=3&search=renault" "Mozilla/5.0 (Windows NT 10.0; WOW64; Trident/7.0; rv:11.0) like Gecko"
212.152.246.135 - - [18/Dec/2018:13:16:22 +0100] "GET /loadthumbnail.php?id=11186475&width=113 HTTP/1.1" 200 1083 "http://renault.activities.at/result?dir=DESC&mode=grid&order=name&limit=15&page=3&search=renault" "Mozilla/5.0 (Windows NT 10.0; WOW64; Trident/7.0; rv:11.0) like Gecko"
212.152.246.135 - - [18/Dec/2018:13:16:22 +0100] "GET /loadthumbnail.php?id=11194732&width=113 HTTP/1.1" 200 1353 "http://renault.activities.at/result?dir=DESC&mode=grid&order=name&limit=15&page=3&search=renault" "Mozilla/5.0 (Windows NT 10.0; WOW64; Trident/7.0; rv:11.0) like Gecko"
212.152.246.135 - - [18/Dec/2018:13:16:22 +0100] "GET /loadthumbnail.php?id=11181230&width=113 HTTP/1.1" 200 1353 "http://renault.activities.at/result?dir=DESC&mode=grid&order=name&limit=15&page=3&search=renault" "Mozilla/5.0 (Windows NT 10.0; WOW64; Trident/7.0; rv:11.0) like Gecko"
212.152.246.135 - - [18/Dec/2018:13:16:23 +0100] "GET /loadthumbnail.php?id=11181211&width=113 HTTP/1.1" 200 1879 "http://renault.activities.at/result?dir=DESC&mode=grid&order=name&limit=15&page=3&search=renault" "Mozilla/5.0 (Windows NT 10.0; WOW64; Trident/7.0; rv:11.0) like Gecko"
213.153.47.173 - - [18/Dec/2018:13:16:23 +0100] "GET /reload?ser=1545135383499 HTTP/1.1" 200 28 "http://renault.activities.at/login?required=true" "Mozilla/5.0 (Windows NT 10.0; Win64; x64; rv:64.0) Gecko/20100101 Firefox/64.0"
212.152.246.135 - - [18/Dec/2018:13:16:26 +0100] "GET /result?dir=DESC&mode=grid&order=name&limit=15&page=4&search=renault HTTP/1.1" 200 8731 "http://renault.activities.at/result?dir=DESC&mode=grid&order=name&limit=15&page=3&search=renault" "Mozilla/5.0 (Windows NT 10.0; WOW64; Trident/7.0; rv:11.0) like Gecko"
212.152.246.135 - - [18/Dec/2018:13:16:29 +0100] "GET /loadthumbnail.php?id=11181209&width=113 HTTP/1.1" 200 1879 "http://renault.activities.at/result?dir=DESC&mode=grid&order=name&limit=15&page=4&search=renault" "Mozilla/5.0 (Windows NT 10.0; WOW64; Trident/7.0; rv:11.0) like Gecko"
212.152.246.135 - - [18/Dec/2018:13:16:29 +0100] "GET /loadthumbnail.php?id=11308365&width=113 HTTP/1.1" 200 1939 "http://renault.activities.at/result?dir=DESC&mode=grid&order=name&limit=15&page=4&search=renault" "Mozilla/5.0 (Windows NT 10.0; WOW64; Trident/7.0; rv:11.0) like Gecko"
212.152.246.135 - - [18/Dec/2018:13:16:29 +0100] "GET /loadthumbnail.php?id=11181213&width=113 HTTP/1.1" 200 2121 "http://renault.activities.at/result?dir=DESC&mode=grid&order=name&limit=15&page=4&search=renault" "Mozilla/5.0 (Windows NT 10.0; WOW64; Trident/7.0; rv:11.0) like Gecko"
212.152.246.135 - - [18/Dec/2018:13:16:29 +0100] "GET /loadthumbnail.php?id=11181223&width=113 HTTP/1.1" 200 1171 "http://renault.activities.at/result?dir=DESC&mode=grid&order=name&limit=15&page=4&search=renault" "Mozilla/5.0 (Windows NT 10.0; WOW64; Trident/7.0; rv:11.0) like Gecko"
212.152.246.135 - - [18/Dec/2018:13:16:29 +0100] "GET /loadthumbnail.php?id=11181219&width=113 HTTP/1.1" 200 2121 "http://renault.activities.at/result?dir=DESC&mode=grid&order=name&limit=15&page=4&search=renault" "Mozilla/5.0 (Windows NT 10.0; WOW64; Trident/7.0; rv:11.0) like Gecko"
212.152.246.135 - - [18/Dec/2018:13:16:29 +0100] "GET /loadthumbnail.php?id=11308366&width=113 HTTP/1.1" 200 1939 "http://renault.activities.at/result?dir=DESC&mode=grid&order=name&limit=15&page=4&search=renault" "Mozilla/5.0 (Windows NT 10.0; WOW64; Trident/7.0; rv:11.0) like Gecko"
212.152.246.135 - - [18/Dec/2018:13:16:29 +0100] "GET /loadthumbnail.php?id=11194713&width=113 HTTP/1.1" 200 1171 "http://renault.activities.at/result?dir=DESC&mode=grid&order=name&limit=15&page=4&search=renault" "Mozilla/5.0 (Windows NT 10.0; WOW64; Trident/7.0; rv:11.0) like Gecko"
212.152.246.135 - - [18/Dec/2018:13:16:29 +0100] "GET /loadthumbnail.php?id=11181221&width=113 HTTP/1.1" 200 1171 "http://renault.activities.at/result?dir=DESC&mode=grid&order=name&limit=15&page=4&search=renault" "Mozilla/5.0 (Windows NT 10.0; WOW64; Trident/7.0; rv:11.0) like Gecko"
138.21.12.25 - - [18/Dec/2018:13:16:34 +0100] "GET /reload?ser=1545135394332 HTTP/1.1" 200 28 "http://renault.2web.at/account?loadrequest=true" "Mozilla/5.0 (Windows NT 6.1; WOW64; Trident/7.0; rv:11.0) like Gecko"
212.152.246.135 - - [18/Dec/2018:13:16:32 +0100] "GET /result?dir=DESC&mode=grid&order=name&limit=15&page=5&search=renault HTTP/1.1" 200 8655 "http://renault.activities.at/result?dir=DESC&mode=grid&order=name&limit=15&page=4&search=renault" "Mozilla/5.0 (Windows NT 10.0; WOW64; Trident/7.0; rv:11.0) like Gecko"
212.152.246.135 - - [18/Dec/2018:13:16:38 +0100] "GET /result?dir=DESC&mode=grid&order=name&limit=15&page=6&search=renault HTTP/1.1" 200 8901 "http://renault.activities.at/result?dir=DESC&mode=grid&order=name&limit=15&page=5&search=renault" "Mozilla/5.0 (Windows NT 10.0; WOW64; Trident/7.0; rv:11.0) like Gecko"
212.152.246.135 - - [18/Dec/2018:13:16:41 +0100] "GET /loadthumbnail.php?id=11775715&width=113 HTTP/1.1" 200 3740 "http://renault.activities.at/result?dir=DESC&mode=grid&order=name&limit=15&page=6&search=renault" "Mozilla/5.0 (Windows NT 10.0; WOW64; Trident/7.0; rv:11.0) like Gecko"
212.152.246.135 - - [18/Dec/2018:13:16:41 +0100] "GET /loadthumbnail.php?id=11090247&width=113 HTTP/1.1" 200 2847 "http://renault.activities.at/result?dir=DESC&mode=grid&order=name&limit=15&page=6&search=renault" "Mozilla/5.0 (Windows NT 10.0; WOW64; Trident/7.0; rv:11.0) like Gecko"
212.152.246.135 - - [18/Dec/2018:13:16:41 +0100] "GET /loadthumbnail.php?id=11487911&width=113 HTTP/1.1" 200 2789 "http://renault.activities.at/result?dir=DESC&mode=grid&order=name&limit=15&page=6&search=renault" "Mozilla/5.0 (Windows NT 10.0; WOW64; Trident/7.0; rv:11.0) like Gecko"
212.152.246.135 - - [18/Dec/2018:13:16:41 +0100] "GET /loadthumbnail.php?id=11340123&width=113 HTTP/1.1" 200 5559 "http://renault.activities.at/result?dir=DESC&mode=grid&order=name&limit=15&page=6&search=renault" "Mozilla/5.0 (Windows NT 10.0; WOW64; Trident/7.0; rv:11.0) like Gecko"
212.152.246.135 - - [18/Dec/2018:13:16:52 +0100] "GET /result?dir=DESC&mode=grid&order=name&limit=15&page=7&search=renault HTTP/1.1" 200 9147 "http://renault.activities.at/result?dir=DESC&mode=grid&order=name&limit=15&page=6&search=renault" "Mozilla/5.0 (Windows NT 10.0; WOW64; Trident/7.0; rv:11.0) like Gecko"
212.152.246.135 - - [18/Dec/2018:13:16:55 +0100] "GET /loadthumbnail.php?id=10260771&width=113 HTTP/1.1" 200 1878 "http://renault.activities.at/result?dir=DESC&mode=grid&order=name&limit=15&page=7&search=renault" "Mozilla/5.0 (Windows NT 10.0; WOW64; Trident/7.0; rv:11.0) like Gecko"
212.152.246.135 - - [18/Dec/2018:13:16:55 +0100] "GET /loadthumbnail.php?id=10746885&width=113 HTTP/1.1" 200 3633 "http://renault.activities.at/result?dir=DESC&mode=grid&order=name&limit=15&page=7&search=renault" "Mozilla/5.0 (Windows NT 10.0; WOW64; Trident/7.0; rv:11.0) like Gecko"
212.152.246.135 - - [18/Dec/2018:13:16:55 +0100] "GET /loadthumbnail.php?id=11893885&width=113 HTTP/1.1" 200 3187 "http://renault.activities.at/result?dir=DESC&mode=grid&order=name&limit=15&page=7&search=renault" "Mozilla/5.0 (Windows NT 10.0; WOW64; Trident/7.0; rv:11.0) like Gecko"
212.152.246.135 - - [18/Dec/2018:13:16:55 +0100] "GET /loadthumbnail.php?id=11423689&width=113 HTTP/1.1" 200 1359 "http://renault.activities.at/result?dir=DESC&mode=grid&order=name&limit=15&page=7&search=renault" "Mozilla/5.0 (Windows NT 10.0; WOW64; Trident/7.0; rv:11.0) like Gecko"
212.152.246.135 - - [18/Dec/2018:13:16:55 +0100] "GET /loadthumbnail.php?id=11146700&width=113 HTTP/1.1" 200 1415 "http://renault.activities.at/result?dir=DESC&mode=grid&order=name&limit=15&page=7&search=renault" "Mozilla/5.0 (Windows NT 10.0; WOW64; Trident/7.0; rv:11.0) like Gecko"
212.152.246.135 - - [18/Dec/2018:13:16:55 +0100] "GET /loadthumbnail.php?id=11532883&width=113 HTTP/1.1" 200 35124 "http://renault.activities.at/result?dir=DESC&mode=grid&order=name&limit=15&page=7&search=renault" "Mozilla/5.0 (Windows NT 10.0; WOW64; Trident/7.0; rv:11.0) like Gecko"
212.152.246.135 - - [18/Dec/2018:13:16:55 +0100] "GET /loadthumbnail.php?id=11100138&width=113 HTTP/1.1" 200 4475 "http://renault.activities.at/result?dir=DESC&mode=grid&order=name&limit=15&page=7&search=renault" "Mozilla/5.0 (Windows NT 10.0; WOW64; Trident/7.0; rv:11.0) like Gecko"
212.152.246.135 - - [18/Dec/2018:13:16:55 +0100] "GET /loadthumbnail.php?id=11489779&width=113 HTTP/1.1" 200 1080 "http://renault.activities.at/result?dir=DESC&mode=grid&order=name&limit=15&page=7&search=renault" "Mozilla/5.0 (Windows NT 10.0; WOW64; Trident/7.0; rv:11.0) like Gecko"
212.152.246.135 - - [18/Dec/2018:13:16:55 +0100] "GET /loadthumbnail.php?id=11340121&width=113 HTTP/1.1" 200 4540 "http://renault.activities.at/result?dir=DESC&mode=grid&order=name&limit=15&page=7&search=renault" "Mozilla/5.0 (Windows NT 10.0; WOW64; Trident/7.0; rv:11.0) like Gecko"
212.152.246.135 - - [18/Dec/2018:13:16:55 +0100] "GET /loadthumbnail.php?id=11211825&width=113 HTTP/1.1" 200 1953 "http://renault.activities.at/result?dir=DESC&mode=grid&order=name&limit=15&page=7&search=renault" "Mozilla/5.0 (Windows NT 10.0; WOW64; Trident/7.0; rv:11.0) like Gecko"
212.152.246.135 - - [18/Dec/2018:13:16:55 +0100] "GET /loadthumbnail.php?id=11592489&width=113 HTTP/1.1" 200 16712 "http://renault.activities.at/result?dir=DESC&mode=grid&order=name&limit=15&page=7&search=renault" "Mozilla/5.0 (Windows NT 10.0; WOW64; Trident/7.0; rv:11.0) like Gecko"
212.152.246.135 - - [18/Dec/2018:13:16:56 +0100] "GET /loadthumbnail.php?id=11108158&width=113 HTTP/1.1" 200 1545 "http://renault.activities.at/result?dir=DESC&mode=grid&order=name&limit=15&page=7&search=renault" "Mozilla/5.0 (Windows NT 10.0; WOW64; Trident/7.0; rv:11.0) like Gecko"
212.152.246.135 - - [18/Dec/2018:13:16:56 +0100] "GET /loadthumbnail.php?id=11489786&width=113 HTTP/1.1" 200 2751 "http://renault.activities.at/result?dir=DESC&mode=grid&order=name&limit=15&page=7&search=renault" "Mozilla/5.0 (Windows NT 10.0; WOW64; Trident/7.0; rv:11.0) like Gecko"
212.152.246.135 - - [18/Dec/2018:13:17:01 +0100] "POST /result?dir=DESC&mode=grid&order=name&limit=15&page=7&search=renault HTTP/1.1" 200 9251 "http://renault.activities.at/result?dir=DESC&mode=grid&order=name&limit=15&page=7&search=renault" "Mozilla/5.0 (Windows NT 10.0; WOW64; Trident/7.0; rv:11.0) like Gecko"
212.152.246.135 - - [18/Dec/2018:13:17:11 +0100] "POST /axjaxrequest?mode=suggest HTTP/1.1" 200 142 "http://renault.activities.at/result?dir=DESC&mode=grid&order=name&limit=15&page=7&search=renault" "Mozilla/5.0 (Windows NT 10.0; WOW64; Trident/7.0; rv:11.0) like Gecko"
212.152.246.135 - - [18/Dec/2018:13:17:12 +0100] "GET /result?searchterm=true&search=Rechnungserkl HTTP/1.1" 200 6148 "http://renault.activities.at/result?dir=DESC&mode=grid&order=name&limit=15&page=7&search=renault" "Mozilla/5.0 (Windows NT 10.0; WOW64; Trident/7.0; rv:11.0) like Gecko"
212.152.246.135 - - [18/Dec/2018:13:17:19 +0100] "POST /axjaxrequest?mode=suggest HTTP/1.1" 200 133 "http://renault.activities.at/result?searchterm=true&search=Rechnungserkl" "Mozilla/5.0 (Windows NT 10.0; WOW64; Trident/7.0; rv:11.0) like Gecko"
83.175.113.91 - - [18/Dec/2018:13:17:22 +0100] "GET /reload?ser=1545135443999 HTTP/1.1" 200 28 "http://renault.activities.at/10201634?dir=DESC&mode=grid&order=name&limit=15&page=2&cat=10260260" "Mozilla/5.0 (Windows NT 6.1; WOW64; Trident/7.0; rv:11.0) like Gecko"
212.152.246.135 - - [18/Dec/2018:13:17:20 +0100] "GET /result?searchterm=true&search=dacia HTTP/1.1" 200 8917 "http://renault.activities.at/result?searchterm=true&search=Rechnungserkl" "Mozilla/5.0 (Windows NT 10.0; WOW64; Trident/7.0; rv:11.0) like Gecko"
212.152.246.135 - - [18/Dec/2018:13:17:24 +0100] "GET /loadthumbnail.php?id=11615285&width=113 HTTP/1.1" 200 15651 "http://renault.activities.at/result?searchterm=true&search=dacia" "Mozilla/5.0 (Windows NT 10.0; WOW64; Trident/7.0; rv:11.0) like Gecko"
212.152.246.135 - - [18/Dec/2018:13:17:24 +0100] "GET /loadthumbnail.php?id=11878139&width=113 HTTP/1.1" 200 19930 "http://renault.activities.at/result?searchterm=true&search=dacia" "Mozilla/5.0 (Windows NT 10.0; WOW64; Trident/7.0; rv:11.0) like Gecko"
212.152.246.135 - - [18/Dec/2018:13:17:24 +0100] "GET /loadthumbnail.php?id=11910267&width=113 HTTP/1.1" 200 16417 "http://renault.activities.at/result?searchterm=true&search=dacia" "Mozilla/5.0 (Windows NT 10.0; WOW64; Trident/7.0; rv:11.0) like Gecko"
212.152.246.135 - - [18/Dec/2018:13:17:24 +0100] "GET /loadthumbnail.php?id=10272696&width=113 HTTP/1.1" 200 6494 "http://renault.activities.at/result?searchterm=true&search=dacia" "Mozilla/5.0 (Windows NT 10.0; WOW64; Trident/7.0; rv:11.0) like Gecko"
212.152.246.135 - - [18/Dec/2018:13:17:24 +0100] "GET /loadthumbnail.php?id=11910272&width=113 HTTP/1.1" 200 16417 "http://renault.activities.at/result?searchterm=true&search=dacia" "Mozilla/5.0 (Windows NT 10.0; WOW64; Trident/7.0; rv:11.0) like Gecko"
212.152.246.135 - - [18/Dec/2018:13:17:24 +0100] "GET /loadthumbnail.php?id=11679165&width=113 HTTP/1.1" 200 19398 "http://renault.activities.at/result?searchterm=true&search=dacia" "Mozilla/5.0 (Windows NT 10.0; WOW64; Trident/7.0; rv:11.0) like Gecko"
213.153.47.173 - - [18/Dec/2018:13:17:24 +0100] "GET /reload?ser=1545135444169 HTTP/1.1" 200 28 "http://renault.activities.at/login?required=true" "Mozilla/5.0 (Windows NT 10.0; Win64; x64; rv:64.0) Gecko/20100101 Firefox/64.0"
212.152.246.135 - - [18/Dec/2018:13:17:24 +0100] "GET /loadthumbnail.php?id=11825623&width=113 HTTP/1.1" 200 1820 "http://renault.activities.at/result?searchterm=true&search=dacia" "Mozilla/5.0 (Windows NT 10.0; WOW64; Trident/7.0; rv:11.0) like Gecko"
212.152.246.135 - - [18/Dec/2018:13:17:24 +0100] "GET /loadthumbnail.php?id=11825624&width=113 HTTP/1.1" 200 1820 "http://renault.activities.at/result?searchterm=true&search=dacia" "Mozilla/5.0 (Windows NT 10.0; WOW64; Trident/7.0; rv:11.0) like Gecko"
212.152.246.135 - - [18/Dec/2018:13:17:24 +0100] "GET /loadthumbnail.php?id=11825622&width=113 HTTP/1.1" 200 1953 "http://renault.activities.at/result?searchterm=true&search=dacia" "Mozilla/5.0 (Windows NT 10.0; WOW64; Trident/7.0; rv:11.0) like Gecko"
212.152.246.135 - - [18/Dec/2018:13:17:24 +0100] "GET /loadthumbnail.php?id=11825621&width=113 HTTP/1.1" 200 1953 "http://renault.activities.at/result?searchterm=true&search=dacia" "Mozilla/5.0 (Windows NT 10.0; WOW64; Trident/7.0; rv:11.0) like Gecko"
212.152.246.135 - - [18/Dec/2018:13:17:24 +0100] "GET /loadthumbnail.php?id=11825620&width=113 HTTP/1.1" 200 2089 "http://renault.activities.at/result?searchterm=true&search=dacia" "Mozilla/5.0 (Windows NT 10.0; WOW64; Trident/7.0; rv:11.0) like Gecko"
212.152.246.135 - - [18/Dec/2018:13:17:24 +0100] "GET /loadthumbnail.php?id=11825619&width=113 HTTP/1.1" 200 2089 "http://renault.activities.at/result?searchterm=true&search=dacia" "Mozilla/5.0 (Windows NT 10.0; WOW64; Trident/7.0; rv:11.0) like Gecko"
212.152.246.135 - - [18/Dec/2018:13:17:31 +0100] "GET /result?dir=DESC&mode=grid&order=name&limit=15&page=2&search=dacia HTTP/1.1" 200 8836 "http://renault.activities.at/result?searchterm=true&search=dacia" "Mozilla/5.0 (Windows NT 10.0; WOW64; Trident/7.0; rv:11.0) like Gecko"
212.152.246.135 - - [18/Dec/2018:13:17:34 +0100] "GET /loadthumbnail.php?id=11722649&width=113 HTTP/1.1" 200 1687 "http://renault.activities.at/result?dir=DESC&mode=grid&order=name&limit=15&page=2&search=dacia" "Mozilla/5.0 (Windows NT 10.0; WOW64; Trident/7.0; rv:11.0) like Gecko"
212.152.246.135 - - [18/Dec/2018:13:17:34 +0100] "GET /loadthumbnail.php?id=11722648&width=113 HTTP/1.1" 200 1687 "http://renault.activities.at/result?dir=DESC&mode=grid&order=name&limit=15&page=2&search=dacia" "Mozilla/5.0 (Windows NT 10.0; WOW64; Trident/7.0; rv:11.0) like Gecko"
212.152.246.135 - - [18/Dec/2018:13:17:34 +0100] "GET /loadthumbnail.php?id=11825626&width=113 HTTP/1.1" 200 2138 "http://renault.activities.at/result?dir=DESC&mode=grid&order=name&limit=15&page=2&search=dacia" "Mozilla/5.0 (Windows NT 10.0; WOW64; Trident/7.0; rv:11.0) like Gecko"
212.152.246.135 - - [18/Dec/2018:13:17:34 +0100] "GET /loadthumbnail.php?id=11825618&width=113 HTTP/1.1" 200 2042 "http://renault.activities.at/result?dir=DESC&mode=grid&order=name&limit=15&page=2&search=dacia" "Mozilla/5.0 (Windows NT 10.0; WOW64; Trident/7.0; rv:11.0) like Gecko"
212.152.246.135 - - [18/Dec/2018:13:17:34 +0100] "GET /loadthumbnail.php?id=11825617&width=113 HTTP/1.1" 200 2042 "http://renault.activities.at/result?dir=DESC&mode=grid&order=name&limit=15&page=2&search=dacia" "Mozilla/5.0 (Windows NT 10.0; WOW64; Trident/7.0; rv:11.0) like Gecko"
212.152.246.135 - - [18/Dec/2018:13:17:34 +0100] "GET /loadthumbnail.php?id=11825625&width=113 HTTP/1.1" 200 2138 "http://renault.activities.at/result?dir=DESC&mode=grid&order=name&limit=15&page=2&search=dacia" "Mozilla/5.0 (Windows NT 10.0; WOW64; Trident/7.0; rv:11.0) like Gecko"
212.152.246.135 - - [18/Dec/2018:13:17:34 +0100] "GET /loadthumbnail.php?id=11487913&width=113 HTTP/1.1" 200 2439 "http://renault.activities.at/result?dir=DESC&mode=grid&order=name&limit=15&page=2&search=dacia" "Mozilla/5.0 (Windows NT 10.0; WOW64; Trident/7.0; rv:11.0) like Gecko"
212.152.246.135 - - [18/Dec/2018:13:17:35 +0100] "GET /loadthumbnail.php?id=11340124&width=113 HTTP/1.1" 200 4949 "http://renault.activities.at/result?dir=DESC&mode=grid&order=name&limit=15&page=2&search=dacia" "Mozilla/5.0 (Windows NT 10.0; WOW64; Trident/7.0; rv:11.0) like Gecko"
212.152.246.135 - - [18/Dec/2018:13:17:35 +0100] "GET /loadthumbnail.php?id=11825615&width=113 HTTP/1.1" 200 2408 "http://renault.activities.at/result?dir=DESC&mode=grid&order=name&limit=15&page=2&search=dacia" "Mozilla/5.0 (Windows NT 10.0; WOW64; Trident/7.0; rv:11.0) like Gecko"
212.152.246.135 - - [18/Dec/2018:13:17:35 +0100] "GET /loadthumbnail.php?id=11247081&width=113 HTTP/1.1" 200 2512 "http://renault.activities.at/result?dir=DESC&mode=grid&order=name&limit=15&page=2&search=dacia" "Mozilla/5.0 (Windows NT 10.0; WOW64; Trident/7.0; rv:11.0) like Gecko"
212.152.246.135 - - [18/Dec/2018:13:17:35 +0100] "GET /loadthumbnail.php?id=11676220&width=113 HTTP/1.1" 200 1633 "http://renault.activities.at/result?dir=DESC&mode=grid&order=name&limit=15&page=2&search=dacia" "Mozilla/5.0 (Windows NT 10.0; WOW64; Trident/7.0; rv:11.0) like Gecko"
212.152.246.135 - - [18/Dec/2018:13:17:35 +0100] "GET /loadthumbnail.php?id=11825616&width=113 HTTP/1.1" 200 2367 "http://renault.activities.at/result?dir=DESC&mode=grid&order=name&limit=15&page=2&search=dacia" "Mozilla/5.0 (Windows NT 10.0; WOW64; Trident/7.0; rv:11.0) like Gecko"
212.152.246.135 - - [18/Dec/2018:13:17:35 +0100] "GET /loadthumbnail.php?id=11710979&width=113 HTTP/1.1" 200 1909 "http://renault.activities.at/result?dir=DESC&mode=grid&order=name&limit=15&page=2&search=dacia" "Mozilla/5.0 (Windows NT 10.0; WOW64; Trident/7.0; rv:11.0) like Gecko"
138.21.12.25 - - [18/Dec/2018:13:17:35 +0100] "GET /reload?ser=1545135455376 HTTP/1.1" 200 28 "http://renault.2web.at/account?loadrequest=true" "Mozilla/5.0 (Windows NT 6.1; WOW64; Trident/7.0; rv:11.0) like Gecko"
212.152.246.135 - - [18/Dec/2018:13:17:39 +0100] "GET /result?dir=DESC&mode=grid&order=name&limit=15&page=3&search=dacia HTTP/1.1" 200 8860 "http://renault.activities.at/result?dir=DESC&mode=grid&order=name&limit=15&page=2&search=dacia" "Mozilla/5.0 (Windows NT 10.0; WOW64; Trident/7.0; rv:11.0) like Gecko"
212.152.246.135 - - [18/Dec/2018:13:17:43 +0100] "GET /loadthumbnail.php?id=11423690&width=113 HTTP/1.1" 200 1470 "http://renault.activities.at/result?dir=DESC&mode=grid&order=name&limit=15&page=3&search=dacia" "Mozilla/5.0 (Windows NT 10.0; WOW64; Trident/7.0; rv:11.0) like Gecko"
212.152.246.135 - - [18/Dec/2018:13:17:43 +0100] "GET /loadthumbnail.php?id=11831525&width=113 HTTP/1.1" 200 4126 "http://renault.activities.at/result?dir=DESC&mode=grid&order=name&limit=15&page=3&search=dacia" "Mozilla/5.0 (Windows NT 10.0; WOW64; Trident/7.0; rv:11.0) like Gecko"
212.152.246.135 - - [18/Dec/2018:13:17:43 +0100] "GET /loadthumbnail.php?id=11665065&width=113 HTTP/1.1" 200 2677 "http://renault.activities.at/result?dir=DESC&mode=grid&order=name&limit=15&page=3&search=dacia" "Mozilla/5.0 (Windows NT 10.0; WOW64; Trident/7.0; rv:11.0) like Gecko"
212.152.246.135 - - [18/Dec/2018:13:17:43 +0100] "GET /loadthumbnail.php?id=11831534&width=113 HTTP/1.1" 200 4126 "http://renault.activities.at/result?dir=DESC&mode=grid&order=name&limit=15&page=3&search=dacia" "Mozilla/5.0 (Windows NT 10.0; WOW64; Trident/7.0; rv:11.0) like Gecko"
212.152.246.135 - - [18/Dec/2018:13:17:43 +0100] "GET /loadthumbnail.php?id=11665066&width=113 HTTP/1.1" 200 4533 "http://renault.activities.at/result?dir=DESC&mode=grid&order=name&limit=15&page=3&search=dacia" "Mozilla/5.0 (Windows NT 10.0; WOW64; Trident/7.0; rv:11.0) like Gecko"
212.152.246.135 - - [18/Dec/2018:13:17:43 +0100] "GET /loadthumbnail.php?id=11784479&width=113 HTTP/1.1" 200 2490 "http://renault.activities.at/result?dir=DESC&mode=grid&order=name&limit=15&page=3&search=dacia" "Mozilla/5.0 (Windows NT 10.0; WOW64; Trident/7.0; rv:11.0) like Gecko"
212.152.246.135 - - [18/Dec/2018:13:17:43 +0100] "GET /loadthumbnail.php?id=11784481&width=113 HTTP/1.1" 200 5692 "http://renault.activities.at/result?dir=DESC&mode=grid&order=name&limit=15&page=3&search=dacia" "Mozilla/5.0 (Windows NT 10.0; WOW64; Trident/7.0; rv:11.0) like Gecko"
212.152.246.135 - - [18/Dec/2018:13:17:43 +0100] "GET /loadthumbnail.php?id=11784483&width=113 HTTP/1.1" 200 5836 "http://renault.activities.at/result?dir=DESC&mode=grid&order=name&limit=15&page=3&search=dacia" "Mozilla/5.0 (Windows NT 10.0; WOW64; Trident/7.0; rv:11.0) like Gecko"
212.152.246.135 - - [18/Dec/2018:13:17:43 +0100] "GET /loadthumbnail.php?id=11784466&width=113 HTTP/1.1" 200 3044 "http://renault.activities.at/result?dir=DESC&mode=grid&order=name&limit=15&page=3&search=dacia" "Mozilla/5.0 (Windows NT 10.0; WOW64; Trident/7.0; rv:11.0) like Gecko"
212.152.246.135 - - [18/Dec/2018:13:17:43 +0100] "GET /loadthumbnail.php?id=11784465&width=113 HTTP/1.1" 200 2824 "http://renault.activities.at/result?dir=DESC&mode=grid&order=name&limit=15&page=3&search=dacia" "Mozilla/5.0 (Windows NT 10.0; WOW64; Trident/7.0; rv:11.0) like Gecko"
212.152.246.135 - - [18/Dec/2018:13:17:43 +0100] "GET /loadthumbnail.php?id=11784480&width=113 HTTP/1.1" 200 4887 "http://renault.activities.at/result?dir=DESC&mode=grid&order=name&limit=15&page=3&search=dacia" "Mozilla/5.0 (Windows NT 10.0; WOW64; Trident/7.0; rv:11.0) like Gecko"
212.152.246.135 - - [18/Dec/2018:13:17:43 +0100] "GET /loadthumbnail.php?id=11784464&width=113 HTTP/1.1" 200 2802 "http://renault.activities.at/result?dir=DESC&mode=grid&order=name&limit=15&page=3&search=dacia" "Mozilla/5.0 (Windows NT 10.0; WOW64; Trident/7.0; rv:11.0) like Gecko"
212.152.246.135 - - [18/Dec/2018:13:17:43 +0100] "GET /loadthumbnail.php?id=11340122&width=113 HTTP/1.1" 200 3786 "http://renault.activities.at/result?dir=DESC&mode=grid&order=name&limit=15&page=3&search=dacia" "Mozilla/5.0 (Windows NT 10.0; WOW64; Trident/7.0; rv:11.0) like Gecko"
212.152.246.135 - - [18/Dec/2018:13:17:43 +0100] "GET /loadthumbnail.php?id=11592506&width=113 HTTP/1.1" 200 18179 "http://renault.activities.at/result?dir=DESC&mode=grid&order=name&limit=15&page=3&search=dacia" "Mozilla/5.0 (Windows NT 10.0; WOW64; Trident/7.0; rv:11.0) like Gecko"
212.152.246.135 - - [18/Dec/2018:13:17:55 +0100] "POST /result?dir=DESC&mode=grid&order=name&limit=15&page=3&search=dacia HTTP/1.1" 200 8965 "http://renault.activities.at/result?dir=DESC&mode=grid&order=name&limit=15&page=3&search=dacia" "Mozilla/5.0 (Windows NT 10.0; WOW64; Trident/7.0; rv:11.0) like Gecko"
212.152.246.135 - - [18/Dec/2018:13:18:09 +0100] "POST /axjaxrequest?mode=suggest HTTP/1.1" 200 21 "http://renault.activities.at/result?dir=DESC&mode=grid&order=name&limit=15&page=3&search=dacia" "Mozilla/5.0 (Windows NT 10.0; WOW64; Trident/7.0; rv:11.0) like Gecko"
212.152.246.135 - - [18/Dec/2018:13:18:09 +0100] "GET /result?searchterm=true&search=zr HTTP/1.1" 200 4948 "http://renault.activities.at/result?dir=DESC&mode=grid&order=name&limit=15&page=3&search=dacia" "Mozilla/5.0 (Windows NT 10.0; WOW64; Trident/7.0; rv:11.0) like Gecko"
212.152.246.135 - - [18/Dec/2018:13:18:19 +0100] "POST /axjaxrequest?mode=suggest HTTP/1.1" 200 123 "http://renault.activities.at/result?searchterm=true&search=zr" "Mozilla/5.0 (Windows NT 10.0; WOW64; Trident/7.0; rv:11.0) like Gecko"
83.175.113.91 - - [18/Dec/2018:13:18:23 +0100] "GET /reload?ser=1545135504945 HTTP/1.1" 200 28 "http://renault.activities.at/10201634?dir=DESC&mode=grid&order=name&limit=15&page=2&cat=10260260" "Mozilla/5.0 (Windows NT 6.1; WOW64; Trident/7.0; rv:11.0) like Gecko"
212.152.246.135 - - [18/Dec/2018:13:18:20 +0100] "GET /result?searchterm=true&search=ze HTTP/1.1" 200 8973 "http://renault.activities.at/result?searchterm=true&search=zr" "Mozilla/5.0 (Windows NT 10.0; WOW64; Trident/7.0; rv:11.0) like Gecko"
213.153.47.173 - - [18/Dec/2018:13:18:24 +0100] "GET /reload?ser=1545135504839 HTTP/1.1" 200 28 "http://renault.activities.at/login?required=true" "Mozilla/5.0 (Windows NT 10.0; Win64; x64; rv:64.0) Gecko/20100101 Firefox/64.0"
212.152.246.135 - - [18/Dec/2018:13:18:25 +0100] "GET /result?searchterm=true&search=ze HTTP/1.1" 200 8973 "http://renault.activities.at/result?searchterm=true&search=zr" "Mozilla/5.0 (Windows NT 10.0; WOW64; Trident/7.0; rv:11.0) like Gecko"
138.21.12.25 - - [18/Dec/2018:13:18:36 +0100] "GET /reload?ser=1545135516415 HTTP/1.1" 200 28 "http://renault.2web.at/account?loadrequest=true" "Mozilla/5.0 (Windows NT 6.1; WOW64; Trident/7.0; rv:11.0) like Gecko"
212.152.246.135 - - [18/Dec/2018:13:18:34 +0100] "GET /result?dir=DESC&mode=grid&order=name&limit=15&page=2&search=ze HTTP/1.1" 200 8662 "http://renault.activities.at/result?searchterm=true&search=ze" "Mozilla/5.0 (Windows NT 10.0; WOW64; Trident/7.0; rv:11.0) like Gecko"
212.152.246.135 - - [18/Dec/2018:13:18:45 +0100] "GET /result?dir=DESC&mode=grid&order=name&limit=15&page=3&search=ze HTTP/1.1" 200 8844 "http://renault.activities.at/result?dir=DESC&mode=grid&order=name&limit=15&page=2&search=ze" "Mozilla/5.0 (Windows NT 10.0; WOW64; Trident/7.0; rv:11.0) like Gecko"
212.152.246.135 - - [18/Dec/2018:13:18:52 +0100] "GET /result?dir=DESC&mode=grid&order=name&limit=15&page=4&search=ze HTTP/1.1" 200 8872 "http://renault.activities.at/result?dir=DESC&mode=grid&order=name&limit=15&page=3&search=ze" "Mozilla/5.0 (Windows NT 10.0; WOW64; Trident/7.0; rv:11.0) like Gecko"
83.175.113.91 - - [18/Dec/2018:13:19:24 +0100] "GET /reload?ser=1545135565894 HTTP/1.1" 200 28 "http://renault.activities.at/10201634?dir=DESC&mode=grid&order=name&limit=15&page=2&cat=10260260" "Mozilla/5.0 (Windows NT 6.1; WOW64; Trident/7.0; rv:11.0) like Gecko"
213.153.47.173 - - [18/Dec/2018:13:19:25 +0100] "GET /reload?ser=1545135565500 HTTP/1.1" 200 28 "http://renault.activities.at/login?required=true" "Mozilla/5.0 (Windows NT 10.0; Win64; x64; rv:64.0) Gecko/20100101 Firefox/64.0"
138.21.12.25 - - [18/Dec/2018:13:19:37 +0100] "GET /reload?ser=1545135577457 HTTP/1.1" 200 28 "http://renault.2web.at/account?loadrequest=true" "Mozilla/5.0 (Windows NT 6.1; WOW64; Trident/7.0; rv:11.0) like Gecko"
212.152.246.135 - - [18/Dec/2018:13:19:53 +0100] "POST /result?dir=DESC&mode=grid&order=name&limit=15&page=4&search=ze HTTP/1.1" 200 8972 "http://renault.activities.at/result?dir=DESC&mode=grid&order=name&limit=15&page=4&search=ze" "Mozilla/5.0 (Windows NT 10.0; WOW64; Trident/7.0; rv:11.0) like Gecko"
212.152.246.135 - - [18/Dec/2018:13:19:55 +0100] "GET /reload?ser=1545135595449 HTTP/1.1" 200 28 "http://renault.activities.at/result?dir=DESC&mode=grid&order=name&limit=15&page=4&search=ze" "Mozilla/5.0 (Windows NT 10.0; WOW64; Trident/7.0; rv:11.0) like Gecko"
83.175.113.91 - - [18/Dec/2018:13:20:25 +0100] "GET /reload?ser=1545135626891 HTTP/1.1" 200 28 "http://renault.activities.at/10201634?dir=DESC&mode=grid&order=name&limit=15&page=2&cat=10260260" "Mozilla/5.0 (Windows NT 6.1; WOW64; Trident/7.0; rv:11.0) like Gecko"
213.153.47.173 - - [18/Dec/2018:13:20:26 +0100] "GET /reload?ser=1545135626169 HTTP/1.1" 200 28 "http://renault.activities.at/login?required=true" "Mozilla/5.0 (Windows NT 10.0; Win64; x64; rv:64.0) Gecko/20100101 Firefox/64.0"
212.152.246.135 - - [18/Dec/2018:13:20:24 +0100] "GET /cart HTTP/1.1" 200 6752 "http://renault.activities.at/result?dir=DESC&mode=grid&order=name&limit=15&page=4&search=ze" "Mozilla/5.0 (Windows NT 10.0; WOW64; Trident/7.0; rv:11.0) like Gecko"
212.152.246.135 - - [18/Dec/2018:13:20:28 +0100] "GET /loadthumbnail.php?id=10232009&width=16&height=16 HTTP/1.1" 200 700 "http://renault.activities.at/cart" "Mozilla/5.0 (Windows NT 10.0; WOW64; Trident/7.0; rv:11.0) like Gecko"
212.152.246.135 - - [18/Dec/2018:13:20:28 +0100] "GET /loadthumbnail.php?id=11075492&width=100 HTTP/1.1" 200 2117 "http://renault.activities.at/cart" "Mozilla/5.0 (Windows NT 10.0; WOW64; Trident/7.0; rv:11.0) like Gecko"
212.152.246.135 - - [18/Dec/2018:13:20:28 +0100] "GET /loadthumbnail.php?id=10269569&width=100 HTTP/1.1" 200 1229 "http://renault.activities.at/cart" "Mozilla/5.0 (Windows NT 10.0; WOW64; Trident/7.0; rv:11.0) like Gecko"
212.152.246.135 - - [18/Dec/2018:13:20:28 +0100] "GET /loadthumbnail.php?id=11075482&width=100 HTTP/1.1" 200 2117 "http://renault.activities.at/cart" "Mozilla/5.0 (Windows NT 10.0; WOW64; Trident/7.0; rv:11.0) like Gecko"
212.152.246.135 - - [18/Dec/2018:13:20:28 +0100] "GET /loadthumbnail.php?id=10269567&width=100 HTTP/1.1" 200 1333 "http://renault.activities.at/cart" "Mozilla/5.0 (Windows NT 10.0; WOW64; Trident/7.0; rv:11.0) like Gecko"
212.152.246.135 - - [18/Dec/2018:13:20:28 +0100] "GET /loadthumbnail.php?id=10986339&width=100 HTTP/1.1" 200 2565 "http://renault.activities.at/cart" "Mozilla/5.0 (Windows NT 10.0; WOW64; Trident/7.0; rv:11.0) like Gecko"
212.152.246.135 - - [18/Dec/2018:13:20:28 +0100] "GET /loadthumbnail.php?id=11351226&width=100 HTTP/1.1" 200 12621 "http://renault.activities.at/cart" "Mozilla/5.0 (Windows NT 10.0; WOW64; Trident/7.0; rv:11.0) like Gecko"
212.152.246.135 - - [18/Dec/2018:13:20:28 +0100] "GET /loadthumbnail.php?id=11351222&width=100 HTTP/1.1" 200 14583 "http://renault.activities.at/cart" "Mozilla/5.0 (Windows NT 10.0; WOW64; Trident/7.0; rv:11.0) like Gecko"
212.152.246.135 - - [18/Dec/2018:13:20:28 +0100] "GET /loadthumbnail.php?id=10203650&width=100 HTTP/1.1" 200 2545 "http://renault.activities.at/cart" "Mozilla/5.0 (Windows NT 10.0; WOW64; Trident/7.0; rv:11.0) like Gecko"
212.152.246.135 - - [18/Dec/2018:13:20:28 +0100] "GET /loadthumbnail.php?id=11423689&width=100 HTTP/1.1" 200 1265 "http://renault.activities.at/cart" "Mozilla/5.0 (Windows NT 10.0; WOW64; Trident/7.0; rv:11.0) like Gecko"
212.152.246.135 - - [18/Dec/2018:13:20:29 +0100] "GET /loadthumbnail.php?id=11423690&width=100 HTTP/1.1" 200 1354 "http://renault.activities.at/cart" "Mozilla/5.0 (Windows NT 10.0; WOW64; Trident/7.0; rv:11.0) like Gecko"
212.152.246.135 - - [18/Dec/2018:13:20:29 +0100] "GET /loadthumbnail.php?id=10260174&width=100 HTTP/1.1" 200 3124 "http://renault.activities.at/cart" "Mozilla/5.0 (Windows NT 10.0; WOW64; Trident/7.0; rv:11.0) like Gecko"
138.21.12.25 - - [18/Dec/2018:13:20:38 +0100] "GET /reload?ser=1545135638552 HTTP/1.1" 200 28 "http://renault.2web.at/account?loadrequest=true" "Mozilla/5.0 (Windows NT 6.1; WOW64; Trident/7.0; rv:11.0) like Gecko"
83.175.113.91 - - [18/Dec/2018:13:21:26 +0100] "GET /reload?ser=1545135687840 HTTP/1.1" 200 28 "http://renault.activities.at/10201634?dir=DESC&mode=grid&order=name&limit=15&page=2&cat=10260260" "Mozilla/5.0 (Windows NT 6.1; WOW64; Trident/7.0; rv:11.0) like Gecko"
213.153.47.173 - - [18/Dec/2018:13:21:26 +0100] "GET /reload?ser=1545135686830 HTTP/1.1" 200 28 "http://renault.activities.at/login?required=true" "Mozilla/5.0 (Windows NT 10.0; Win64; x64; rv:64.0) Gecko/20100101 Firefox/64.0"
212.152.246.135 - - [18/Dec/2018:13:21:29 +0100] "GET /reload?ser=1545135689047 HTTP/1.1" 200 28 "http://renault.activities.at/cart" "Mozilla/5.0 (Windows NT 10.0; WOW64; Trident/7.0; rv:11.0) like Gecko"
138.21.12.25 - - [18/Dec/2018:13:21:39 +0100] "GET /reload?ser=1545135699618 HTTP/1.1" 200 28 "http://renault.2web.at/account?loadrequest=true" "Mozilla/5.0 (Windows NT 6.1; WOW64; Trident/7.0; rv:11.0) like Gecko"
83.175.113.91 - - [18/Dec/2018:13:22:27 +0100] "GET /reload?ser=1545135748811 HTTP/1.1" 200 28 "http://renault.activities.at/10201634?dir=DESC&mode=grid&order=name&limit=15&page=2&cat=10260260" "Mozilla/5.0 (Windows NT 6.1; WOW64; Trident/7.0; rv:11.0) like Gecko"
213.153.47.173 - - [18/Dec/2018:13:22:27 +0100] "GET /reload?ser=1545135747500 HTTP/1.1" 200 28 "http://renault.activities.at/login?required=true" "Mozilla/5.0 (Windows NT 10.0; Win64; x64; rv:64.0) Gecko/20100101 Firefox/64.0"
212.152.246.135 - - [18/Dec/2018:13:22:30 +0100] "GET /reload?ser=1545135750049 HTTP/1.1" 200 28 "http://renault.activities.at/cart" "Mozilla/5.0 (Windows NT 10.0; WOW64; Trident/7.0; rv:11.0) like Gecko"
138.21.12.25 - - [18/Dec/2018:13:22:40 +0100] "GET /reload?ser=1545135760705 HTTP/1.1" 200 28 "http://renault.2web.at/account?loadrequest=true" "Mozilla/5.0 (Windows NT 6.1; WOW64; Trident/7.0; rv:11.0) like Gecko"
213.153.47.173 - - [18/Dec/2018:13:23:28 +0100] "GET /reload?ser=1545135808170 HTTP/1.1" 200 28 "http://renault.activities.at/login?required=true" "Mozilla/5.0 (Windows NT 10.0; Win64; x64; rv:64.0) Gecko/20100101 Firefox/64.0"
83.175.113.91 - - [18/Dec/2018:13:23:28 +0100] "GET /reload?ser=1545135809799 HTTP/1.1" 200 28 "http://renault.activities.at/10201634?dir=DESC&mode=grid&order=name&limit=15&page=2&cat=10260260" "Mozilla/5.0 (Windows NT 6.1; WOW64; Trident/7.0; rv:11.0) like Gecko"
212.152.246.135 - - [18/Dec/2018:13:23:31 +0100] "GET /reload?ser=1545135811052 HTTP/1.1" 200 28 "http://renault.activities.at/cart" "Mozilla/5.0 (Windows NT 10.0; WOW64; Trident/7.0; rv:11.0) like Gecko"
212.152.246.135 - - [18/Dec/2018:13:23:37 +0100] "GET /checkout HTTP/1.1" 200 20242 "http://renault.activities.at/cart" "Mozilla/5.0 (Windows NT 10.0; WOW64; Trident/7.0; rv:11.0) like Gecko"
212.152.246.135 - - [18/Dec/2018:13:23:42 +0100] "GET /js/checkout2.js HTTP/1.1" 200 4122 "http://renault.activities.at/checkout" "Mozilla/5.0 (Windows NT 10.0; WOW64; Trident/7.0; rv:11.0) like Gecko"
138.21.12.25 - - [18/Dec/2018:13:23:41 +0100] "GET /reload?ser=1545135821770 HTTP/1.1" 200 28 "http://renault.2web.at/account?loadrequest=true" "Mozilla/5.0 (Windows NT 6.1; WOW64; Trident/7.0; rv:11.0) like Gecko"
212.152.246.135 - - [18/Dec/2018:13:23:42 +0100] "GET /images/checkout_border_top.gif HTTP/1.1" 200 156 "http://renault.activities.at/checkout" "Mozilla/5.0 (Windows NT 10.0; WOW64; Trident/7.0; rv:11.0) like Gecko"
212.152.246.135 - - [18/Dec/2018:13:23:42 +0100] "GET /images/step_marker.gif HTTP/1.1" 200 650 "http://renault.activities.at/checkout" "Mozilla/5.0 (Windows NT 10.0; WOW64; Trident/7.0; rv:11.0) like Gecko"
