80.123.225.36 - - [07/Jan/2019:15:44:12 +0100] "GET /reload?ser=1546872250856 HTTP/1.1" 200 28 "http://renault.activities.at/cart" "Mozilla/5.0 (Windows NT 6.1; Win64; x64) AppleWebKit/537.36 (KHTML, like Gecko) Chrome/71.0.3578.98 Safari/537.36"
138.21.12.22 - - [07/Jan/2019:15:44:29 +0100] "GET /reload?ser=1546872269365 HTTP/1.1" 200 28 "http://renault.2web.at/success" "Mozilla/5.0 (Windows NT 6.1; WOW64; Trident/7.0; rv:11.0) like Gecko"
213.153.47.173 - - [07/Jan/2019:15:44:50 +0100] "GET /reload?ser=1546872290245 HTTP/1.1" 200 28 "http://renault.activities.at/login?required=true" "Mozilla/5.0 (Windows NT 10.0; Win64; x64; rv:64.0) Gecko/20100101 Firefox/64.0"
89.16.198.102 - - [07/Jan/2019:15:44:55 +0100] "GET /reload?ser=1546872297470 HTTP/1.1" 200 28 "http://renault.activities.at/result?searchterm=true&search=lack" "Mozilla/5.0 (Windows NT 10.0; WOW64) AppleWebKit/537.36 (KHTML, like Gecko) Chrome/61.0.3163.79 Safari/537.36 Maxthon/5.2.5.4000"
80.123.225.36 - - [07/Jan/2019:15:45:13 +0100] "GET /reload?ser=1546872311932 HTTP/1.1" 200 28 "http://renault.activities.at/cart" "Mozilla/5.0 (Windows NT 6.1; Win64; x64) AppleWebKit/537.36 (KHTML, like Gecko) Chrome/71.0.3578.98 Safari/537.36"
138.21.12.22 - - [07/Jan/2019:15:45:30 +0100] "GET /reload?ser=1546872330461 HTTP/1.1" 200 28 "http://renault.2web.at/success" "Mozilla/5.0 (Windows NT 6.1; WOW64; Trident/7.0; rv:11.0) like Gecko"
213.153.47.173 - - [07/Jan/2019:15:45:50 +0100] "GET /reload?ser=1546872350936 HTTP/1.1" 200 28 "http://renault.activities.at/login?required=true" "Mozilla/5.0 (Windows NT 10.0; Win64; x64; rv:64.0) Gecko/20100101 Firefox/64.0"
89.16.198.102 - - [07/Jan/2019:15:45:56 +0100] "GET /reload?ser=1546872358470 HTTP/1.1" 200 28 "http://renault.activities.at/result?searchterm=true&search=lack" "Mozilla/5.0 (Windows NT 10.0; WOW64) AppleWebKit/537.36 (KHTML, like Gecko) Chrome/61.0.3163.79 Safari/537.36 Maxthon/5.2.5.4000"
80.123.225.36 - - [07/Jan/2019:15:46:14 +0100] "GET /reload?ser=1546872372915 HTTP/1.1" 200 28 "http://renault.activities.at/cart" "Mozilla/5.0 (Windows NT 6.1; Win64; x64) AppleWebKit/537.36 (KHTML, like Gecko) Chrome/71.0.3578.98 Safari/537.36"
138.21.12.22 - - [07/Jan/2019:15:46:31 +0100] "GET /reload?ser=1546872391598 HTTP/1.1" 200 28 "http://renault.2web.at/success" "Mozilla/5.0 (Windows NT 6.1; WOW64; Trident/7.0; rv:11.0) like Gecko"
213.153.47.173 - - [07/Jan/2019:15:46:51 +0100] "GET /reload?ser=1546872411624 HTTP/1.1" 200 28 "http://renault.activities.at/login?required=true" "Mozilla/5.0 (Windows NT 10.0; Win64; x64; rv:64.0) Gecko/20100101 Firefox/64.0"
89.16.198.102 - - [07/Jan/2019:15:46:57 +0100] "GET /reload?ser=1546872419469 HTTP/1.1" 200 28 "http://renault.activities.at/result?searchterm=true&search=lack" "Mozilla/5.0 (Windows NT 10.0; WOW64) AppleWebKit/537.36 (KHTML, like Gecko) Chrome/61.0.3163.79 Safari/537.36 Maxthon/5.2.5.4000"
80.123.225.36 - - [07/Jan/2019:15:47:15 +0100] "GET /reload?ser=1546872433927 HTTP/1.1" 200 28 "http://renault.activities.at/cart" "Mozilla/5.0 (Windows NT 6.1; Win64; x64) AppleWebKit/537.36 (KHTML, like Gecko) Chrome/71.0.3578.98 Safari/537.36"
138.21.12.22 - - [07/Jan/2019:15:47:32 +0100] "GET /reload?ser=1546872452707 HTTP/1.1" 200 28 "http://renault.2web.at/success" "Mozilla/5.0 (Windows NT 6.1; WOW64; Trident/7.0; rv:11.0) like Gecko"
213.153.47.173 - - [07/Jan/2019:15:47:52 +0100] "GET /reload?ser=1546872472294 HTTP/1.1" 200 28 "http://renault.activities.at/login?required=true" "Mozilla/5.0 (Windows NT 10.0; Win64; x64; rv:64.0) Gecko/20100101 Firefox/64.0"
89.16.198.102 - - [07/Jan/2019:15:47:58 +0100] "GET /reload?ser=1546872480471 HTTP/1.1" 200 28 "http://renault.activities.at/result?searchterm=true&search=lack" "Mozilla/5.0 (Windows NT 10.0; WOW64) AppleWebKit/537.36 (KHTML, like Gecko) Chrome/61.0.3163.79 Safari/537.36 Maxthon/5.2.5.4000"
80.123.225.36 - - [07/Jan/2019:15:48:16 +0100] "GET /reload?ser=1546872494965 HTTP/1.1" 200 28 "http://renault.activities.at/cart" "Mozilla/5.0 (Windows NT 6.1; Win64; x64) AppleWebKit/537.36 (KHTML, like Gecko) Chrome/71.0.3578.98 Safari/537.36"
138.21.12.22 - - [07/Jan/2019:15:48:33 +0100] "GET /reload?ser=1546872513832 HTTP/1.1" 200 28 "http://renault.2web.at/success" "Mozilla/5.0 (Windows NT 6.1; WOW64; Trident/7.0; rv:11.0) like Gecko"
213.153.47.173 - - [07/Jan/2019:15:48:53 +0100] "GET /reload?ser=1546872532964 HTTP/1.1" 200 28 "http://renault.activities.at/login?required=true" "Mozilla/5.0 (Windows NT 10.0; Win64; x64; rv:64.0) Gecko/20100101 Firefox/64.0"
89.16.198.102 - - [07/Jan/2019:15:48:59 +0100] "GET /reload?ser=1546872541469 HTTP/1.1" 200 28 "http://renault.activities.at/result?searchterm=true&search=lack" "Mozilla/5.0 (Windows NT 10.0; WOW64) AppleWebKit/537.36 (KHTML, like Gecko) Chrome/61.0.3163.79 Safari/537.36 Maxthon/5.2.5.4000"
80.123.225.36 - - [07/Jan/2019:15:49:17 +0100] "GET /reload?ser=1546872555940 HTTP/1.1" 200 28 "http://renault.activities.at/cart" "Mozilla/5.0 (Windows NT 6.1; Win64; x64) AppleWebKit/537.36 (KHTML, like Gecko) Chrome/71.0.3578.98 Safari/537.36"
138.21.12.22 - - [07/Jan/2019:15:49:35 +0100] "GET /reload?ser=1546872574950 HTTP/1.1" 200 28 "http://renault.2web.at/success" "Mozilla/5.0 (Windows NT 6.1; WOW64; Trident/7.0; rv:11.0) like Gecko"
213.153.47.173 - - [07/Jan/2019:15:49:53 +0100] "GET /reload?ser=1546872593624 HTTP/1.1" 200 28 "http://renault.activities.at/login?required=true" "Mozilla/5.0 (Windows NT 10.0; Win64; x64; rv:64.0) Gecko/20100101 Firefox/64.0"
89.16.198.102 - - [07/Jan/2019:15:50:00 +0100] "GET /reload?ser=1546872602469 HTTP/1.1" 200 28 "http://renault.activities.at/result?searchterm=true&search=lack" "Mozilla/5.0 (Windows NT 10.0; WOW64) AppleWebKit/537.36 (KHTML, like Gecko) Chrome/61.0.3163.79 Safari/537.36 Maxthon/5.2.5.4000"
80.123.225.36 - - [07/Jan/2019:15:50:18 +0100] "GET /reload?ser=1546872616911 HTTP/1.1" 200 28 "http://renault.activities.at/cart" "Mozilla/5.0 (Windows NT 6.1; Win64; x64) AppleWebKit/537.36 (KHTML, like Gecko) Chrome/71.0.3578.98 Safari/537.36"
138.21.12.22 - - [07/Jan/2019:15:50:36 +0100] "GET /reload?ser=1546872636020 HTTP/1.1" 200 28 "http://renault.2web.at/success" "Mozilla/5.0 (Windows NT 6.1; WOW64; Trident/7.0; rv:11.0) like Gecko"
213.153.47.173 - - [07/Jan/2019:15:50:54 +0100] "GET /reload?ser=1546872654292 HTTP/1.1" 200 28 "http://renault.activities.at/login?required=true" "Mozilla/5.0 (Windows NT 10.0; Win64; x64; rv:64.0) Gecko/20100101 Firefox/64.0"
89.16.198.102 - - [07/Jan/2019:15:51:01 +0100] "GET /reload?ser=1546872663470 HTTP/1.1" 200 28 "http://renault.activities.at/result?searchterm=true&search=lack" "Mozilla/5.0 (Windows NT 10.0; WOW64) AppleWebKit/537.36 (KHTML, like Gecko) Chrome/61.0.3163.79 Safari/537.36 Maxthon/5.2.5.4000"
80.123.225.36 - - [07/Jan/2019:15:51:19 +0100] "GET /reload?ser=1546872677924 HTTP/1.1" 200 28 "http://renault.activities.at/cart" "Mozilla/5.0 (Windows NT 6.1; Win64; x64) AppleWebKit/537.36 (KHTML, like Gecko) Chrome/71.0.3578.98 Safari/537.36"
138.21.12.22 - - [07/Jan/2019:15:51:37 +0100] "GET /reload?ser=1546872697172 HTTP/1.1" 200 28 "http://renault.2web.at/success" "Mozilla/5.0 (Windows NT 6.1; WOW64; Trident/7.0; rv:11.0) like Gecko"
213.153.47.173 - - [07/Jan/2019:15:51:55 +0100] "GET /reload?ser=1546872714973 HTTP/1.1" 200 28 "http://renault.activities.at/login?required=true" "Mozilla/5.0 (Windows NT 10.0; Win64; x64; rv:64.0) Gecko/20100101 Firefox/64.0"
89.16.198.102 - - [07/Jan/2019:15:52:02 +0100] "GET /reload?ser=1546872724471 HTTP/1.1" 200 28 "http://renault.activities.at/result?searchterm=true&search=lack" "Mozilla/5.0 (Windows NT 10.0; WOW64) AppleWebKit/537.36 (KHTML, like Gecko) Chrome/61.0.3163.79 Safari/537.36 Maxthon/5.2.5.4000"
80.123.225.36 - - [07/Jan/2019:15:52:20 +0100] "GET /reload?ser=1546872738871 HTTP/1.1" 200 28 "http://renault.activities.at/cart" "Mozilla/5.0 (Windows NT 6.1; Win64; x64) AppleWebKit/537.36 (KHTML, like Gecko) Chrome/71.0.3578.98 Safari/537.36"
138.21.12.22 - - [07/Jan/2019:15:52:38 +0100] "GET /reload?ser=1546872758321 HTTP/1.1" 200 28 "http://renault.2web.at/success" "Mozilla/5.0 (Windows NT 6.1; WOW64; Trident/7.0; rv:11.0) like Gecko"
213.153.47.173 - - [07/Jan/2019:15:52:55 +0100] "GET /reload?ser=1546872775653 HTTP/1.1" 200 28 "http://renault.activities.at/login?required=true" "Mozilla/5.0 (Windows NT 10.0; Win64; x64; rv:64.0) Gecko/20100101 Firefox/64.0"
89.16.198.102 - - [07/Jan/2019:15:53:03 +0100] "GET /reload?ser=1546872785470 HTTP/1.1" 200 28 "http://renault.activities.at/result?searchterm=true&search=lack" "Mozilla/5.0 (Windows NT 10.0; WOW64) AppleWebKit/537.36 (KHTML, like Gecko) Chrome/61.0.3163.79 Safari/537.36 Maxthon/5.2.5.4000"
80.123.225.36 - - [07/Jan/2019:15:53:21 +0100] "GET /reload?ser=1546872799869 HTTP/1.1" 200 28 "http://renault.activities.at/cart" "Mozilla/5.0 (Windows NT 6.1; Win64; x64) AppleWebKit/537.36 (KHTML, like Gecko) Chrome/71.0.3578.98 Safari/537.36"
138.21.12.22 - - [07/Jan/2019:15:53:39 +0100] "GET /reload?ser=1546872819429 HTTP/1.1" 200 28 "http://renault.2web.at/success" "Mozilla/5.0 (Windows NT 6.1; WOW64; Trident/7.0; rv:11.0) like Gecko"
46.125.249.10 - - [07/Jan/2019:15:53:39 +0100] "GET / HTTP/1.1" 200 3417 "-" "Mozilla/5.0 (Windows NT 6.1; Win64; x64) AppleWebKit/537.36 (KHTML, like Gecko) Chrome/70.0.3538.102 Safari/537.36 OPR/57.0.3098.110"
46.125.249.10 - - [07/Jan/2019:15:53:41 +0100] "GET /images/favicon.ico HTTP/1.1" 404 305 "-" "Mozilla/5.0 (Windows NT 6.1; Win64; x64) AppleWebKit/537.36 (KHTML, like Gecko) Chrome/70.0.3538.102 Safari/537.36 OPR/57.0.3098.110"
213.153.47.173 - - [07/Jan/2019:15:53:56 +0100] "GET /reload?ser=1546872836312 HTTP/1.1" 200 28 "http://renault.activities.at/login?required=true" "Mozilla/5.0 (Windows NT 10.0; Win64; x64; rv:64.0) Gecko/20100101 Firefox/64.0"
89.16.198.102 - - [07/Jan/2019:15:54:05 +0100] "GET /reload?ser=1546872847470 HTTP/1.1" 200 28 "http://renault.activities.at/result?searchterm=true&search=lack" "Mozilla/5.0 (Windows NT 10.0; WOW64) AppleWebKit/537.36 (KHTML, like Gecko) Chrome/61.0.3163.79 Safari/537.36 Maxthon/5.2.5.4000"
80.123.225.36 - - [07/Jan/2019:15:54:22 +0100] "GET /reload?ser=1546872860884 HTTP/1.1" 200 28 "http://renault.activities.at/cart" "Mozilla/5.0 (Windows NT 6.1; Win64; x64) AppleWebKit/537.36 (KHTML, like Gecko) Chrome/71.0.3578.98 Safari/537.36"
138.21.12.22 - - [07/Jan/2019:15:54:40 +0100] "GET /reload?ser=1546872880507 HTTP/1.1" 200 28 "http://renault.2web.at/success" "Mozilla/5.0 (Windows NT 6.1; WOW64; Trident/7.0; rv:11.0) like Gecko"
213.153.47.173 - - [07/Jan/2019:15:54:57 +0100] "GET /reload?ser=1546872896973 HTTP/1.1" 200 28 "http://renault.activities.at/login?required=true" "Mozilla/5.0 (Windows NT 10.0; Win64; x64; rv:64.0) Gecko/20100101 Firefox/64.0"
89.16.198.102 - - [07/Jan/2019:15:55:06 +0100] "GET /reload?ser=1546872908470 HTTP/1.1" 200 28 "http://renault.activities.at/result?searchterm=true&search=lack" "Mozilla/5.0 (Windows NT 10.0; WOW64) AppleWebKit/537.36 (KHTML, like Gecko) Chrome/61.0.3163.79 Safari/537.36 Maxthon/5.2.5.4000"
80.123.225.36 - - [07/Jan/2019:15:55:23 +0100] "GET /reload?ser=1546872921883 HTTP/1.1" 200 28 "http://renault.activities.at/cart" "Mozilla/5.0 (Windows NT 6.1; Win64; x64) AppleWebKit/537.36 (KHTML, like Gecko) Chrome/71.0.3578.98 Safari/537.36"
138.21.12.22 - - [07/Jan/2019:15:55:41 +0100] "GET /reload?ser=1546872941584 HTTP/1.1" 200 28 "http://renault.2web.at/success" "Mozilla/5.0 (Windows NT 6.1; WOW64; Trident/7.0; rv:11.0) like Gecko"
213.153.47.173 - - [07/Jan/2019:15:55:57 +0100] "GET /reload?ser=1546872957632 HTTP/1.1" 200 28 "http://renault.activities.at/login?required=true" "Mozilla/5.0 (Windows NT 10.0; Win64; x64; rv:64.0) Gecko/20100101 Firefox/64.0"
89.16.198.102 - - [07/Jan/2019:15:56:07 +0100] "GET /reload?ser=1546872969470 HTTP/1.1" 200 28 "http://renault.activities.at/result?searchterm=true&search=lack" "Mozilla/5.0 (Windows NT 10.0; WOW64) AppleWebKit/537.36 (KHTML, like Gecko) Chrome/61.0.3163.79 Safari/537.36 Maxthon/5.2.5.4000"
80.123.225.36 - - [07/Jan/2019:15:56:27 +0100] "GET /reload?ser=1546872985872 HTTP/1.1" 200 28 "http://renault.activities.at/cart" "Mozilla/5.0 (Windows NT 6.1; Win64; x64) AppleWebKit/537.36 (KHTML, like Gecko) Chrome/71.0.3578.98 Safari/537.36"
138.21.12.22 - - [07/Jan/2019:15:56:42 +0100] "GET /reload?ser=1546873002727 HTTP/1.1" 200 28 "http://renault.2web.at/success" "Mozilla/5.0 (Windows NT 6.1; WOW64; Trident/7.0; rv:11.0) like Gecko"
213.153.47.173 - - [07/Jan/2019:15:56:58 +0100] "GET /reload?ser=1546873018303 HTTP/1.1" 200 28 "http://renault.activities.at/login?required=true" "Mozilla/5.0 (Windows NT 10.0; Win64; x64; rv:64.0) Gecko/20100101 Firefox/64.0"
89.16.198.102 - - [07/Jan/2019:15:57:08 +0100] "GET /reload?ser=1546873030471 HTTP/1.1" 200 28 "http://renault.activities.at/result?searchterm=true&search=lack" "Mozilla/5.0 (Windows NT 10.0; WOW64) AppleWebKit/537.36 (KHTML, like Gecko) Chrome/61.0.3163.79 Safari/537.36 Maxthon/5.2.5.4000"
80.123.225.36 - - [07/Jan/2019:15:57:28 +0100] "GET /reload?ser=1546873046891 HTTP/1.1" 200 28 "http://renault.activities.at/cart" "Mozilla/5.0 (Windows NT 6.1; Win64; x64) AppleWebKit/537.36 (KHTML, like Gecko) Chrome/71.0.3578.98 Safari/537.36"
138.21.12.22 - - [07/Jan/2019:15:57:43 +0100] "GET /reload?ser=1546873063810 HTTP/1.1" 200 28 "http://renault.2web.at/success" "Mozilla/5.0 (Windows NT 6.1; WOW64; Trident/7.0; rv:11.0) like Gecko"
213.153.47.173 - - [07/Jan/2019:15:57:44 +0100] "GET /layout.php HTTP/1.1" 200 1559 "-" "Mozilla/5.0 (Windows NT 10.0; Win64; x64) AppleWebKit/537.36 (KHTML, like Gecko) Chrome/70.0.3538.102 Safari/537.36 OPR/57.0.3098.106"
213.153.47.173 - - [07/Jan/2019:15:57:45 +0100] "GET /images/favicon.ico HTTP/1.1" 404 305 "-" "Mozilla/5.0 (Windows NT 10.0; Win64; x64) AppleWebKit/537.36 (KHTML, like Gecko) Chrome/70.0.3538.102 Safari/537.36 OPR/57.0.3098.106"
213.153.47.173 - - [07/Jan/2019:15:57:58 +0100] "GET /reload?ser=1546873078952 HTTP/1.1" 200 28 "http://renault.activities.at/login?required=true" "Mozilla/5.0 (Windows NT 10.0; Win64; x64; rv:64.0) Gecko/20100101 Firefox/64.0"
89.16.198.102 - - [07/Jan/2019:15:58:09 +0100] "GET /reload?ser=1546873091471 HTTP/1.1" 200 28 "http://renault.activities.at/result?searchterm=true&search=lack" "Mozilla/5.0 (Windows NT 10.0; WOW64) AppleWebKit/537.36 (KHTML, like Gecko) Chrome/61.0.3163.79 Safari/537.36 Maxthon/5.2.5.4000"
80.123.225.36 - - [07/Jan/2019:15:58:29 +0100] "GET /reload?ser=1546873107888 HTTP/1.1" 200 28 "http://renault.activities.at/cart" "Mozilla/5.0 (Windows NT 6.1; Win64; x64) AppleWebKit/537.36 (KHTML, like Gecko) Chrome/71.0.3578.98 Safari/537.36"
138.21.12.22 - - [07/Jan/2019:15:58:44 +0100] "GET /reload?ser=1546873124870 HTTP/1.1" 200 28 "http://renault.2web.at/success" "Mozilla/5.0 (Windows NT 6.1; WOW64; Trident/7.0; rv:11.0) like Gecko"
213.153.47.173 - - [07/Jan/2019:15:58:59 +0100] "GET /reload?ser=1546873139622 HTTP/1.1" 200 28 "http://renault.activities.at/login?required=true" "Mozilla/5.0 (Windows NT 10.0; Win64; x64; rv:64.0) Gecko/20100101 Firefox/64.0"
89.16.198.102 - - [07/Jan/2019:15:59:10 +0100] "GET /reload?ser=1546873152471 HTTP/1.1" 200 28 "http://renault.activities.at/result?searchterm=true&search=lack" "Mozilla/5.0 (Windows NT 10.0; WOW64) AppleWebKit/537.36 (KHTML, like Gecko) Chrome/61.0.3163.79 Safari/537.36 Maxthon/5.2.5.4000"
80.123.225.36 - - [07/Jan/2019:15:59:30 +0100] "GET /reload?ser=1546873168880 HTTP/1.1" 200 28 "http://renault.activities.at/cart" "Mozilla/5.0 (Windows NT 6.1; Win64; x64) AppleWebKit/537.36 (KHTML, like Gecko) Chrome/71.0.3578.98 Safari/537.36"
138.21.12.22 - - [07/Jan/2019:15:59:46 +0100] "GET /reload?ser=1546873186014 HTTP/1.1" 200 28 "http://renault.2web.at/success" "Mozilla/5.0 (Windows NT 6.1; WOW64; Trident/7.0; rv:11.0) like Gecko"
213.153.47.173 - - [07/Jan/2019:16:00:00 +0100] "GET /reload?ser=1546873200432 HTTP/1.1" 200 28 "http://renault.activities.at/login?required=true" "Mozilla/5.0 (Windows NT 10.0; Win64; x64; rv:64.0) Gecko/20100101 Firefox/64.0"
89.16.198.102 - - [07/Jan/2019:16:00:11 +0100] "GET /reload?ser=1546873213470 HTTP/1.1" 200 28 "http://renault.activities.at/result?searchterm=true&search=lack" "Mozilla/5.0 (Windows NT 10.0; WOW64) AppleWebKit/537.36 (KHTML, like Gecko) Chrome/61.0.3163.79 Safari/537.36 Maxthon/5.2.5.4000"
80.123.225.36 - - [07/Jan/2019:16:00:31 +0100] "GET /reload?ser=1546873229915 HTTP/1.1" 200 28 "http://renault.activities.at/cart" "Mozilla/5.0 (Windows NT 6.1; Win64; x64) AppleWebKit/537.36 (KHTML, like Gecko) Chrome/71.0.3578.98 Safari/537.36"
138.21.12.22 - - [07/Jan/2019:16:00:47 +0100] "GET /reload?ser=1546873247102 HTTP/1.1" 200 28 "http://renault.2web.at/success" "Mozilla/5.0 (Windows NT 6.1; WOW64; Trident/7.0; rv:11.0) like Gecko"
213.153.47.173 - - [07/Jan/2019:16:01:01 +0100] "GET /reload?ser=1546873261101 HTTP/1.1" 200 28 "http://renault.activities.at/login?required=true" "Mozilla/5.0 (Windows NT 10.0; Win64; x64; rv:64.0) Gecko/20100101 Firefox/64.0"
89.16.198.102 - - [07/Jan/2019:16:01:12 +0100] "GET /reload?ser=1546873274470 HTTP/1.1" 200 28 "http://renault.activities.at/result?searchterm=true&search=lack" "Mozilla/5.0 (Windows NT 10.0; WOW64) AppleWebKit/537.36 (KHTML, like Gecko) Chrome/61.0.3163.79 Safari/537.36 Maxthon/5.2.5.4000"
80.123.225.36 - - [07/Jan/2019:16:01:32 +0100] "GET /reload?ser=1546873290892 HTTP/1.1" 200 28 "http://renault.activities.at/cart" "Mozilla/5.0 (Windows NT 6.1; Win64; x64) AppleWebKit/537.36 (KHTML, like Gecko) Chrome/71.0.3578.98 Safari/537.36"
138.21.12.22 - - [07/Jan/2019:16:01:48 +0100] "GET /reload?ser=1546873308221 HTTP/1.1" 200 28 "http://renault.2web.at/success" "Mozilla/5.0 (Windows NT 6.1; WOW64; Trident/7.0; rv:11.0) like Gecko"
213.153.47.173 - - [07/Jan/2019:16:02:01 +0100] "GET /reload?ser=1546873321761 HTTP/1.1" 200 28 "http://renault.activities.at/login?required=true" "Mozilla/5.0 (Windows NT 10.0; Win64; x64; rv:64.0) Gecko/20100101 Firefox/64.0"
89.16.198.102 - - [07/Jan/2019:16:02:13 +0100] "GET /reload?ser=1546873335470 HTTP/1.1" 200 28 "http://renault.activities.at/result?searchterm=true&search=lack" "Mozilla/5.0 (Windows NT 10.0; WOW64) AppleWebKit/537.36 (KHTML, like Gecko) Chrome/61.0.3163.79 Safari/537.36 Maxthon/5.2.5.4000"
80.123.225.36 - - [07/Jan/2019:16:02:33 +0100] "GET /reload?ser=1546873351874 HTTP/1.1" 200 28 "http://renault.activities.at/cart" "Mozilla/5.0 (Windows NT 6.1; Win64; x64) AppleWebKit/537.36 (KHTML, like Gecko) Chrome/71.0.3578.98 Safari/537.36"
138.21.12.22 - - [07/Jan/2019:16:02:49 +0100] "GET /reload?ser=1546873369290 HTTP/1.1" 200 28 "http://renault.2web.at/success" "Mozilla/5.0 (Windows NT 6.1; WOW64; Trident/7.0; rv:11.0) like Gecko"
213.153.47.173 - - [07/Jan/2019:16:03:02 +0100] "GET /reload?ser=1546873382431 HTTP/1.1" 200 28 "http://renault.activities.at/login?required=true" "Mozilla/5.0 (Windows NT 10.0; Win64; x64; rv:64.0) Gecko/20100101 Firefox/64.0"
89.16.198.102 - - [07/Jan/2019:16:03:14 +0100] "GET /reload?ser=1546873396470 HTTP/1.1" 200 28 "http://renault.activities.at/result?searchterm=true&search=lack" "Mozilla/5.0 (Windows NT 10.0; WOW64) AppleWebKit/537.36 (KHTML, like Gecko) Chrome/61.0.3163.79 Safari/537.36 Maxthon/5.2.5.4000"
80.123.225.36 - - [07/Jan/2019:16:03:34 +0100] "GET /reload?ser=1546873412840 HTTP/1.1" 200 28 "http://renault.activities.at/cart" "Mozilla/5.0 (Windows NT 6.1; Win64; x64) AppleWebKit/537.36 (KHTML, like Gecko) Chrome/71.0.3578.98 Safari/537.36"
138.21.12.22 - - [07/Jan/2019:16:03:50 +0100] "GET /reload?ser=1546873430334 HTTP/1.1" 200 28 "http://renault.2web.at/success" "Mozilla/5.0 (Windows NT 6.1; WOW64; Trident/7.0; rv:11.0) like Gecko"
213.153.47.173 - - [07/Jan/2019:16:04:03 +0100] "GET /reload?ser=1546873443102 HTTP/1.1" 200 28 "http://renault.activities.at/login?required=true" "Mozilla/5.0 (Windows NT 10.0; Win64; x64; rv:64.0) Gecko/20100101 Firefox/64.0"
89.16.198.102 - - [07/Jan/2019:16:04:15 +0100] "GET /reload?ser=1546873457470 HTTP/1.1" 200 28 "http://renault.activities.at/result?searchterm=true&search=lack" "Mozilla/5.0 (Windows NT 10.0; WOW64) AppleWebKit/537.36 (KHTML, like Gecko) Chrome/61.0.3163.79 Safari/537.36 Maxthon/5.2.5.4000"
80.123.225.36 - - [07/Jan/2019:16:04:35 +0100] "GET /reload?ser=1546873473877 HTTP/1.1" 200 28 "http://renault.activities.at/cart" "Mozilla/5.0 (Windows NT 6.1; Win64; x64) AppleWebKit/537.36 (KHTML, like Gecko) Chrome/71.0.3578.98 Safari/537.36"
138.21.12.22 - - [07/Jan/2019:16:04:51 +0100] "GET /reload?ser=1546873491431 HTTP/1.1" 200 28 "http://renault.2web.at/success" "Mozilla/5.0 (Windows NT 6.1; WOW64; Trident/7.0; rv:11.0) like Gecko"
213.153.47.173 - - [07/Jan/2019:16:05:03 +0100] "GET /reload?ser=1546873503772 HTTP/1.1" 200 28 "http://renault.activities.at/login?required=true" "Mozilla/5.0 (Windows NT 10.0; Win64; x64; rv:64.0) Gecko/20100101 Firefox/64.0"
89.16.198.102 - - [07/Jan/2019:16:05:16 +0100] "GET /reload?ser=1546873518470 HTTP/1.1" 200 28 "http://renault.activities.at/result?searchterm=true&search=lack" "Mozilla/5.0 (Windows NT 10.0; WOW64) AppleWebKit/537.36 (KHTML, like Gecko) Chrome/61.0.3163.79 Safari/537.36 Maxthon/5.2.5.4000"
80.123.225.36 - - [07/Jan/2019:16:05:36 +0100] "GET /reload?ser=1546873534842 HTTP/1.1" 200 28 "http://renault.activities.at/cart" "Mozilla/5.0 (Windows NT 6.1; Win64; x64) AppleWebKit/537.36 (KHTML, like Gecko) Chrome/71.0.3578.98 Safari/537.36"
138.21.12.22 - - [07/Jan/2019:16:05:52 +0100] "GET /reload?ser=1546873552482 HTTP/1.1" 200 28 "http://renault.2web.at/success" "Mozilla/5.0 (Windows NT 6.1; WOW64; Trident/7.0; rv:11.0) like Gecko"
213.153.47.173 - - [07/Jan/2019:16:06:04 +0100] "GET /reload?ser=1546873564431 HTTP/1.1" 200 28 "http://renault.activities.at/login?required=true" "Mozilla/5.0 (Windows NT 10.0; Win64; x64; rv:64.0) Gecko/20100101 Firefox/64.0"
89.16.198.102 - - [07/Jan/2019:16:06:17 +0100] "GET /reload?ser=1546873579471 HTTP/1.1" 200 28 "http://renault.activities.at/result?searchterm=true&search=lack" "Mozilla/5.0 (Windows NT 10.0; WOW64) AppleWebKit/537.36 (KHTML, like Gecko) Chrome/61.0.3163.79 Safari/537.36 Maxthon/5.2.5.4000"
80.123.225.36 - - [07/Jan/2019:16:06:37 +0100] "GET /reload?ser=1546873595839 HTTP/1.1" 200 28 "http://renault.activities.at/cart" "Mozilla/5.0 (Windows NT 6.1; Win64; x64) AppleWebKit/537.36 (KHTML, like Gecko) Chrome/71.0.3578.98 Safari/537.36"
138.21.12.22 - - [07/Jan/2019:16:06:53 +0100] "GET /reload?ser=1546873613620 HTTP/1.1" 200 28 "http://renault.2web.at/success" "Mozilla/5.0 (Windows NT 6.1; WOW64; Trident/7.0; rv:11.0) like Gecko"
213.153.47.173 - - [07/Jan/2019:16:07:05 +0100] "GET /reload?ser=1546873625111 HTTP/1.1" 200 28 "http://renault.activities.at/login?required=true" "Mozilla/5.0 (Windows NT 10.0; Win64; x64; rv:64.0) Gecko/20100101 Firefox/64.0"
89.16.198.102 - - [07/Jan/2019:16:07:18 +0100] "GET /reload?ser=1546873640470 HTTP/1.1" 200 28 "http://renault.activities.at/result?searchterm=true&search=lack" "Mozilla/5.0 (Windows NT 10.0; WOW64) AppleWebKit/537.36 (KHTML, like Gecko) Chrome/61.0.3163.79 Safari/537.36 Maxthon/5.2.5.4000"
80.123.225.36 - - [07/Jan/2019:16:07:38 +0100] "GET /reload?ser=1546873656815 HTTP/1.1" 200 28 "http://renault.activities.at/cart" "Mozilla/5.0 (Windows NT 6.1; Win64; x64) AppleWebKit/537.36 (KHTML, like Gecko) Chrome/71.0.3578.98 Safari/537.36"
138.21.12.22 - - [07/Jan/2019:16:07:54 +0100] "GET /reload?ser=1546873674711 HTTP/1.1" 200 28 "http://renault.2web.at/success" "Mozilla/5.0 (Windows NT 6.1; WOW64; Trident/7.0; rv:11.0) like Gecko"
213.153.47.173 - - [07/Jan/2019:16:08:05 +0100] "GET /reload?ser=1546873685770 HTTP/1.1" 200 28 "http://renault.activities.at/login?required=true" "Mozilla/5.0 (Windows NT 10.0; Win64; x64; rv:64.0) Gecko/20100101 Firefox/64.0"
89.16.198.102 - - [07/Jan/2019:16:08:19 +0100] "GET /reload?ser=1546873701471 HTTP/1.1" 200 28 "http://renault.activities.at/result?searchterm=true&search=lack" "Mozilla/5.0 (Windows NT 10.0; WOW64) AppleWebKit/537.36 (KHTML, like Gecko) Chrome/61.0.3163.79 Safari/537.36 Maxthon/5.2.5.4000"
80.123.225.36 - - [07/Jan/2019:16:08:39 +0100] "GET /reload?ser=1546873717844 HTTP/1.1" 200 28 "http://renault.activities.at/cart" "Mozilla/5.0 (Windows NT 6.1; Win64; x64) AppleWebKit/537.36 (KHTML, like Gecko) Chrome/71.0.3578.98 Safari/537.36"
138.21.12.22 - - [07/Jan/2019:16:08:55 +0100] "GET /reload?ser=1546873735810 HTTP/1.1" 200 28 "http://renault.2web.at/success" "Mozilla/5.0 (Windows NT 6.1; WOW64; Trident/7.0; rv:11.0) like Gecko"
213.153.47.173 - - [07/Jan/2019:16:09:06 +0100] "GET /reload?ser=1546873746430 HTTP/1.1" 200 28 "http://renault.activities.at/login?required=true" "Mozilla/5.0 (Windows NT 10.0; Win64; x64; rv:64.0) Gecko/20100101 Firefox/64.0"
89.16.198.102 - - [07/Jan/2019:16:09:20 +0100] "GET /reload?ser=1546873762471 HTTP/1.1" 200 28 "http://renault.activities.at/result?searchterm=true&search=lack" "Mozilla/5.0 (Windows NT 10.0; WOW64) AppleWebKit/537.36 (KHTML, like Gecko) Chrome/61.0.3163.79 Safari/537.36 Maxthon/5.2.5.4000"
80.123.225.36 - - [07/Jan/2019:16:09:40 +0100] "GET /reload?ser=1546873778810 HTTP/1.1" 200 28 "http://renault.activities.at/cart" "Mozilla/5.0 (Windows NT 6.1; Win64; x64) AppleWebKit/537.36 (KHTML, like Gecko) Chrome/71.0.3578.98 Safari/537.36"
138.21.12.22 - - [07/Jan/2019:16:09:56 +0100] "GET /reload?ser=1546873796892 HTTP/1.1" 200 28 "http://renault.2web.at/success" "Mozilla/5.0 (Windows NT 6.1; WOW64; Trident/7.0; rv:11.0) like Gecko"
213.153.47.173 - - [07/Jan/2019:16:10:07 +0100] "GET /reload?ser=1546873807100 HTTP/1.1" 200 28 "http://renault.activities.at/login?required=true" "Mozilla/5.0 (Windows NT 10.0; Win64; x64; rv:64.0) Gecko/20100101 Firefox/64.0"
89.16.198.102 - - [07/Jan/2019:16:10:21 +0100] "GET /reload?ser=1546873823471 HTTP/1.1" 200 28 "http://renault.activities.at/result?searchterm=true&search=lack" "Mozilla/5.0 (Windows NT 10.0; WOW64) AppleWebKit/537.36 (KHTML, like Gecko) Chrome/61.0.3163.79 Safari/537.36 Maxthon/5.2.5.4000"
80.123.225.36 - - [07/Jan/2019:16:10:41 +0100] "GET /reload?ser=1546873839777 HTTP/1.1" 200 28 "http://renault.activities.at/cart" "Mozilla/5.0 (Windows NT 6.1; Win64; x64) AppleWebKit/537.36 (KHTML, like Gecko) Chrome/71.0.3578.98 Safari/537.36"
138.21.12.22 - - [07/Jan/2019:16:10:58 +0100] "GET /reload?ser=1546873858037 HTTP/1.1" 200 28 "http://renault.2web.at/success" "Mozilla/5.0 (Windows NT 6.1; WOW64; Trident/7.0; rv:11.0) like Gecko"
213.153.47.173 - - [07/Jan/2019:16:11:07 +0100] "GET /reload?ser=1546873867760 HTTP/1.1" 200 28 "http://renault.activities.at/login?required=true" "Mozilla/5.0 (Windows NT 10.0; Win64; x64; rv:64.0) Gecko/20100101 Firefox/64.0"
89.16.198.102 - - [07/Jan/2019:16:11:22 +0100] "GET /reload?ser=1546873884470 HTTP/1.1" 200 28 "http://renault.activities.at/result?searchterm=true&search=lack" "Mozilla/5.0 (Windows NT 10.0; WOW64) AppleWebKit/537.36 (KHTML, like Gecko) Chrome/61.0.3163.79 Safari/537.36 Maxthon/5.2.5.4000"
80.123.225.36 - - [07/Jan/2019:16:11:42 +0100] "GET /reload?ser=1546873900748 HTTP/1.1" 200 28 "http://renault.activities.at/cart" "Mozilla/5.0 (Windows NT 6.1; Win64; x64) AppleWebKit/537.36 (KHTML, like Gecko) Chrome/71.0.3578.98 Safari/537.36"
138.21.12.22 - - [07/Jan/2019:16:11:59 +0100] "GET /reload?ser=1546873919166 HTTP/1.1" 200 28 "http://renault.2web.at/success" "Mozilla/5.0 (Windows NT 6.1; WOW64; Trident/7.0; rv:11.0) like Gecko"
213.153.47.173 - - [07/Jan/2019:16:12:08 +0100] "GET /reload?ser=1546873928420 HTTP/1.1" 200 28 "http://renault.activities.at/login?required=true" "Mozilla/5.0 (Windows NT 10.0; Win64; x64; rv:64.0) Gecko/20100101 Firefox/64.0"
88.116.197.170 - - [07/Jan/2019:16:12:14 +0100] "GET /account HTTP/1.1" 302 150 "-" "Mozilla/5.0 (iPhone; CPU iPhone OS 12_1_2 like Mac OS X) AppleWebKit/605.1.15 (KHTML, like Gecko) Version/12.0 Mobile/15E148 Safari/604.1"
88.116.197.170 - - [07/Jan/2019:16:12:15 +0100] "GET /login?required=true HTTP/1.1" 200 2086 "-" "Mozilla/5.0 (iPhone; CPU iPhone OS 12_1_2 like Mac OS X) AppleWebKit/605.1.15 (KHTML, like Gecko) Version/12.0 Mobile/15E148 Safari/604.1"
88.116.197.170 - - [07/Jan/2019:16:12:16 +0100] "GET /apple-touch-icon-120x120-precomposed.png HTTP/1.1" 200 1559 "-" "MobileSafari/604.1 CFNetwork/976 Darwin/18.2.0"
88.116.197.170 - - [07/Jan/2019:16:12:17 +0100] "GET /apple-touch-icon-120x120.png HTTP/1.1" 200 1559 "-" "MobileSafari/604.1 CFNetwork/976 Darwin/18.2.0"
88.116.197.170 - - [07/Jan/2019:16:12:18 +0100] "GET /apple-touch-icon-precomposed.png HTTP/1.1" 200 1559 "-" "MobileSafari/604.1 CFNetwork/976 Darwin/18.2.0"
88.116.197.170 - - [07/Jan/2019:16:12:19 +0100] "GET /apple-touch-icon.png HTTP/1.1" 200 1559 "-" "MobileSafari/604.1 CFNetwork/976 Darwin/18.2.0"
88.116.197.170 - - [07/Jan/2019:16:12:20 +0100] "GET /images/favicon.ico HTTP/1.1" 404 305 "-" "MobileSafari/604.1 CFNetwork/976 Darwin/18.2.0"
88.116.197.170 - - [07/Jan/2019:16:12:20 +0100] "GET /images/favicon.ico HTTP/1.1" 404 305 "-" "MobileSafari/604.1 CFNetwork/976 Darwin/18.2.0"
88.116.197.170 - - [07/Jan/2019:16:12:20 +0100] "GET /favicon.ico HTTP/1.1" 200 3250 "-" "MobileSafari/604.1 CFNetwork/976 Darwin/18.2.0"
88.116.197.170 - - [07/Jan/2019:16:12:20 +0100] "GET /apple-touch-icon-120x120-precomposed.png HTTP/1.1" 200 1559 "-" "MobileSafari/604.1 CFNetwork/976 Darwin/18.2.0"
88.116.197.170 - - [07/Jan/2019:16:12:21 +0100] "GET /apple-touch-icon-120x120.png HTTP/1.1" 200 1559 "-" "MobileSafari/604.1 CFNetwork/976 Darwin/18.2.0"
88.116.197.170 - - [07/Jan/2019:16:12:22 +0100] "GET /apple-touch-icon-precomposed.png HTTP/1.1" 200 1559 "-" "MobileSafari/604.1 CFNetwork/976 Darwin/18.2.0"
88.116.197.170 - - [07/Jan/2019:16:12:23 +0100] "GET /apple-touch-icon.png HTTP/1.1" 200 1559 "-" "MobileSafari/604.1 CFNetwork/976 Darwin/18.2.0"
88.116.197.170 - - [07/Jan/2019:16:12:24 +0100] "GET /images/favicon.ico HTTP/1.1" 404 305 "-" "MobileSafari/604.1 CFNetwork/976 Darwin/18.2.0"
89.16.198.102 - - [07/Jan/2019:16:12:23 +0100] "GET /reload?ser=1546873945469 HTTP/1.1" 200 28 "http://renault.activities.at/result?searchterm=true&search=lack" "Mozilla/5.0 (Windows NT 10.0; WOW64) AppleWebKit/537.36 (KHTML, like Gecko) Chrome/61.0.3163.79 Safari/537.36 Maxthon/5.2.5.4000"
88.116.197.170 - - [07/Jan/2019:16:12:24 +0100] "GET /images/favicon.ico HTTP/1.1" 404 305 "-" "MobileSafari/604.1 CFNetwork/976 Darwin/18.2.0"
88.116.197.170 - - [07/Jan/2019:16:12:24 +0100] "GET /favicon.ico HTTP/1.1" 200 3250 "-" "MobileSafari/604.1 CFNetwork/976 Darwin/18.2.0"
80.123.225.36 - - [07/Jan/2019:16:12:43 +0100] "GET /reload?ser=1546873961745 HTTP/1.1" 200 28 "http://renault.activities.at/cart" "Mozilla/5.0 (Windows NT 6.1; Win64; x64) AppleWebKit/537.36 (KHTML, like Gecko) Chrome/71.0.3578.98 Safari/537.36"
138.21.12.22 - - [07/Jan/2019:16:13:00 +0100] "GET /reload?ser=1546873980270 HTTP/1.1" 200 28 "http://renault.2web.at/success" "Mozilla/5.0 (Windows NT 6.1; WOW64; Trident/7.0; rv:11.0) like Gecko"
213.153.47.173 - - [07/Jan/2019:16:13:09 +0100] "GET /reload?ser=1546873989080 HTTP/1.1" 200 28 "http://renault.activities.at/login?required=true" "Mozilla/5.0 (Windows NT 10.0; Win64; x64; rv:64.0) Gecko/20100101 Firefox/64.0"
89.16.198.102 - - [07/Jan/2019:16:13:24 +0100] "GET /reload?ser=1546874006470 HTTP/1.1" 200 28 "http://renault.activities.at/result?searchterm=true&search=lack" "Mozilla/5.0 (Windows NT 10.0; WOW64) AppleWebKit/537.36 (KHTML, like Gecko) Chrome/61.0.3163.79 Safari/537.36 Maxthon/5.2.5.4000"
80.123.225.36 - - [07/Jan/2019:16:13:44 +0100] "GET /reload?ser=1546874022728 HTTP/1.1" 200 28 "http://renault.activities.at/cart" "Mozilla/5.0 (Windows NT 6.1; Win64; x64) AppleWebKit/537.36 (KHTML, like Gecko) Chrome/71.0.3578.98 Safari/537.36"
138.21.12.22 - - [07/Jan/2019:16:14:01 +0100] "GET /reload?ser=1546874041323 HTTP/1.1" 200 28 "http://renault.2web.at/success" "Mozilla/5.0 (Windows NT 6.1; WOW64; Trident/7.0; rv:11.0) like Gecko"
213.153.47.173 - - [07/Jan/2019:16:14:09 +0100] "GET /reload?ser=1546874049740 HTTP/1.1" 200 28 "http://renault.activities.at/login?required=true" "Mozilla/5.0 (Windows NT 10.0; Win64; x64; rv:64.0) Gecko/20100101 Firefox/64.0"
89.16.198.102 - - [07/Jan/2019:16:14:25 +0100] "GET /reload?ser=1546874067470 HTTP/1.1" 200 28 "http://renault.activities.at/result?searchterm=true&search=lack" "Mozilla/5.0 (Windows NT 10.0; WOW64) AppleWebKit/537.36 (KHTML, like Gecko) Chrome/61.0.3163.79 Safari/537.36 Maxthon/5.2.5.4000"
80.123.225.36 - - [07/Jan/2019:16:14:45 +0100] "GET /reload?ser=1546874083760 HTTP/1.1" 200 28 "http://renault.activities.at/cart" "Mozilla/5.0 (Windows NT 6.1; Win64; x64) AppleWebKit/537.36 (KHTML, like Gecko) Chrome/71.0.3578.98 Safari/537.36"
138.21.12.22 - - [07/Jan/2019:16:15:02 +0100] "GET /reload?ser=1546874102369 HTTP/1.1" 200 28 "http://renault.2web.at/success" "Mozilla/5.0 (Windows NT 6.1; WOW64; Trident/7.0; rv:11.0) like Gecko"
213.153.47.173 - - [07/Jan/2019:16:15:10 +0100] "GET /reload?ser=1546874110400 HTTP/1.1" 200 28 "http://renault.activities.at/login?required=true" "Mozilla/5.0 (Windows NT 10.0; Win64; x64; rv:64.0) Gecko/20100101 Firefox/64.0"
89.16.198.102 - - [07/Jan/2019:16:15:26 +0100] "GET /reload?ser=1546874128470 HTTP/1.1" 200 28 "http://renault.activities.at/result?searchterm=true&search=lack" "Mozilla/5.0 (Windows NT 10.0; WOW64) AppleWebKit/537.36 (KHTML, like Gecko) Chrome/61.0.3163.79 Safari/537.36 Maxthon/5.2.5.4000"
80.123.225.36 - - [07/Jan/2019:16:15:46 +0100] "GET /reload?ser=1546874144749 HTTP/1.1" 200 28 "http://renault.activities.at/cart" "Mozilla/5.0 (Windows NT 6.1; Win64; x64) AppleWebKit/537.36 (KHTML, like Gecko) Chrome/71.0.3578.98 Safari/537.36"
138.21.12.22 - - [07/Jan/2019:16:16:03 +0100] "GET /reload?ser=1546874163453 HTTP/1.1" 200 28 "http://renault.2web.at/success" "Mozilla/5.0 (Windows NT 6.1; WOW64; Trident/7.0; rv:11.0) like Gecko"
213.153.47.173 - - [07/Jan/2019:16:16:11 +0100] "GET /reload?ser=1546874171059 HTTP/1.1" 200 28 "http://renault.activities.at/login?required=true" "Mozilla/5.0 (Windows NT 10.0; Win64; x64; rv:64.0) Gecko/20100101 Firefox/64.0"
89.16.198.102 - - [07/Jan/2019:16:16:27 +0100] "GET /reload?ser=1546874189470 HTTP/1.1" 200 28 "http://renault.activities.at/result?searchterm=true&search=lack" "Mozilla/5.0 (Windows NT 10.0; WOW64) AppleWebKit/537.36 (KHTML, like Gecko) Chrome/61.0.3163.79 Safari/537.36 Maxthon/5.2.5.4000"
80.123.225.36 - - [07/Jan/2019:16:16:47 +0100] "GET /reload?ser=1546874205728 HTTP/1.1" 200 28 "http://renault.activities.at/cart" "Mozilla/5.0 (Windows NT 6.1; Win64; x64) AppleWebKit/537.36 (KHTML, like Gecko) Chrome/71.0.3578.98 Safari/537.36"
138.21.12.22 - - [07/Jan/2019:16:17:04 +0100] "GET /reload?ser=1546874224707 HTTP/1.1" 200 28 "http://renault.2web.at/success" "Mozilla/5.0 (Windows NT 6.1; WOW64; Trident/7.0; rv:11.0) like Gecko"
213.153.47.173 - - [07/Jan/2019:16:17:11 +0100] "GET /reload?ser=1546874231719 HTTP/1.1" 200 28 "http://renault.activities.at/login?required=true" "Mozilla/5.0 (Windows NT 10.0; Win64; x64; rv:64.0) Gecko/20100101 Firefox/64.0"
89.16.198.102 - - [07/Jan/2019:16:17:28 +0100] "GET /reload?ser=1546874250471 HTTP/1.1" 200 28 "http://renault.activities.at/result?searchterm=true&search=lack" "Mozilla/5.0 (Windows NT 10.0; WOW64) AppleWebKit/537.36 (KHTML, like Gecko) Chrome/61.0.3163.79 Safari/537.36 Maxthon/5.2.5.4000"
80.123.225.36 - - [07/Jan/2019:16:17:48 +0100] "GET /reload?ser=1546874266724 HTTP/1.1" 200 28 "http://renault.activities.at/cart" "Mozilla/5.0 (Windows NT 6.1; Win64; x64) AppleWebKit/537.36 (KHTML, like Gecko) Chrome/71.0.3578.98 Safari/537.36"
138.21.12.22 - - [07/Jan/2019:16:18:05 +0100] "GET /reload?ser=1546874285818 HTTP/1.1" 200 28 "http://renault.2web.at/success" "Mozilla/5.0 (Windows NT 6.1; WOW64; Trident/7.0; rv:11.0) like Gecko"
213.153.47.173 - - [07/Jan/2019:16:18:12 +0100] "GET /reload?ser=1546874292400 HTTP/1.1" 200 28 "http://renault.activities.at/login?required=true" "Mozilla/5.0 (Windows NT 10.0; Win64; x64; rv:64.0) Gecko/20100101 Firefox/64.0"
89.16.198.102 - - [07/Jan/2019:16:18:30 +0100] "GET /reload?ser=1546874312470 HTTP/1.1" 200 28 "http://renault.activities.at/result?searchterm=true&search=lack" "Mozilla/5.0 (Windows NT 10.0; WOW64) AppleWebKit/537.36 (KHTML, like Gecko) Chrome/61.0.3163.79 Safari/537.36 Maxthon/5.2.5.4000"
80.123.225.36 - - [07/Jan/2019:16:18:48 +0100] "GET /reload?ser=1546874327678 HTTP/1.1" 200 28 "http://renault.activities.at/cart" "Mozilla/5.0 (Windows NT 6.1; Win64; x64) AppleWebKit/537.36 (KHTML, like Gecko) Chrome/71.0.3578.98 Safari/537.36"
138.21.12.22 - - [07/Jan/2019:16:19:06 +0100] "GET /reload?ser=1546874346938 HTTP/1.1" 200 28 "http://renault.2web.at/success" "Mozilla/5.0 (Windows NT 6.1; WOW64; Trident/7.0; rv:11.0) like Gecko"
213.153.47.173 - - [07/Jan/2019:16:19:13 +0100] "GET /reload?ser=1546874353069 HTTP/1.1" 200 28 "http://renault.activities.at/login?required=true" "Mozilla/5.0 (Windows NT 10.0; Win64; x64; rv:64.0) Gecko/20100101 Firefox/64.0"
89.16.198.102 - - [07/Jan/2019:16:19:31 +0100] "GET /reload?ser=1546874373470 HTTP/1.1" 200 28 "http://renault.activities.at/result?searchterm=true&search=lack" "Mozilla/5.0 (Windows NT 10.0; WOW64) AppleWebKit/537.36 (KHTML, like Gecko) Chrome/61.0.3163.79 Safari/537.36 Maxthon/5.2.5.4000"
80.123.225.36 - - [07/Jan/2019:16:19:49 +0100] "GET /reload?ser=1546874388648 HTTP/1.1" 200 28 "http://renault.activities.at/cart" "Mozilla/5.0 (Windows NT 6.1; Win64; x64) AppleWebKit/537.36 (KHTML, like Gecko) Chrome/71.0.3578.98 Safari/537.36"
138.21.12.22 - - [07/Jan/2019:16:20:08 +0100] "GET /reload?ser=1546874407995 HTTP/1.1" 200 28 "http://renault.2web.at/success" "Mozilla/5.0 (Windows NT 6.1; WOW64; Trident/7.0; rv:11.0) like Gecko"
213.153.47.173 - - [07/Jan/2019:16:20:13 +0100] "GET /reload?ser=1546874413749 HTTP/1.1" 200 28 "http://renault.activities.at/login?required=true" "Mozilla/5.0 (Windows NT 10.0; Win64; x64; rv:64.0) Gecko/20100101 Firefox/64.0"
89.16.198.102 - - [07/Jan/2019:16:20:33 +0100] "GET /reload?ser=1546874435470 HTTP/1.1" 200 28 "http://renault.activities.at/result?searchterm=true&search=lack" "Mozilla/5.0 (Windows NT 10.0; WOW64) AppleWebKit/537.36 (KHTML, like Gecko) Chrome/61.0.3163.79 Safari/537.36 Maxthon/5.2.5.4000"
80.123.225.36 - - [07/Jan/2019:16:20:50 +0100] "GET /reload?ser=1546874449627 HTTP/1.1" 200 28 "http://renault.activities.at/cart" "Mozilla/5.0 (Windows NT 6.1; Win64; x64) AppleWebKit/537.36 (KHTML, like Gecko) Chrome/71.0.3578.98 Safari/537.36"
138.21.12.22 - - [07/Jan/2019:16:21:09 +0100] "GET /reload?ser=1546874469072 HTTP/1.1" 200 28 "http://renault.2web.at/success" "Mozilla/5.0 (Windows NT 6.1; WOW64; Trident/7.0; rv:11.0) like Gecko"
213.153.47.173 - - [07/Jan/2019:16:21:14 +0100] "GET /reload?ser=1546874474409 HTTP/1.1" 200 28 "http://renault.activities.at/login?required=true" "Mozilla/5.0 (Windows NT 10.0; Win64; x64; rv:64.0) Gecko/20100101 Firefox/64.0"
89.16.198.102 - - [07/Jan/2019:16:21:34 +0100] "GET /reload?ser=1546874496470 HTTP/1.1" 200 28 "http://renault.activities.at/result?searchterm=true&search=lack" "Mozilla/5.0 (Windows NT 10.0; WOW64) AppleWebKit/537.36 (KHTML, like Gecko) Chrome/61.0.3163.79 Safari/537.36 Maxthon/5.2.5.4000"
80.123.225.36 - - [07/Jan/2019:16:21:51 +0100] "GET /reload?ser=1546874510663 HTTP/1.1" 200 28 "http://renault.activities.at/cart" "Mozilla/5.0 (Windows NT 6.1; Win64; x64) AppleWebKit/537.36 (KHTML, like Gecko) Chrome/71.0.3578.98 Safari/537.36"
138.21.12.22 - - [07/Jan/2019:16:22:10 +0100] "GET /reload?ser=1546874530144 HTTP/1.1" 200 28 "http://renault.2web.at/success" "Mozilla/5.0 (Windows NT 6.1; WOW64; Trident/7.0; rv:11.0) like Gecko"
213.153.47.173 - - [07/Jan/2019:16:22:15 +0100] "GET /reload?ser=1546874535069 HTTP/1.1" 200 28 "http://renault.activities.at/login?required=true" "Mozilla/5.0 (Windows NT 10.0; Win64; x64; rv:64.0) Gecko/20100101 Firefox/64.0"
89.16.198.102 - - [07/Jan/2019:16:22:36 +0100] "GET /reload?ser=1546874558470 HTTP/1.1" 200 28 "http://renault.activities.at/result?searchterm=true&search=lack" "Mozilla/5.0 (Windows NT 10.0; WOW64) AppleWebKit/537.36 (KHTML, like Gecko) Chrome/61.0.3163.79 Safari/537.36 Maxthon/5.2.5.4000"
80.123.225.36 - - [07/Jan/2019:16:22:52 +0100] "GET /reload?ser=1546874571673 HTTP/1.1" 200 28 "http://renault.activities.at/cart" "Mozilla/5.0 (Windows NT 6.1; Win64; x64) AppleWebKit/537.36 (KHTML, like Gecko) Chrome/71.0.3578.98 Safari/537.36"
138.21.12.22 - - [07/Jan/2019:16:23:11 +0100] "GET /reload?ser=1546874591253 HTTP/1.1" 200 28 "http://renault.2web.at/success" "Mozilla/5.0 (Windows NT 6.1; WOW64; Trident/7.0; rv:11.0) like Gecko"
213.153.47.173 - - [07/Jan/2019:16:23:15 +0100] "GET /reload?ser=1546874595719 HTTP/1.1" 200 28 "http://renault.activities.at/login?required=true" "Mozilla/5.0 (Windows NT 10.0; Win64; x64; rv:64.0) Gecko/20100101 Firefox/64.0"
89.16.198.102 - - [07/Jan/2019:16:23:37 +0100] "GET /reload?ser=1546874619470 HTTP/1.1" 200 28 "http://renault.activities.at/result?searchterm=true&search=lack" "Mozilla/5.0 (Windows NT 10.0; WOW64) AppleWebKit/537.36 (KHTML, like Gecko) Chrome/61.0.3163.79 Safari/537.36 Maxthon/5.2.5.4000"
80.123.225.36 - - [07/Jan/2019:16:23:53 +0100] "GET /reload?ser=1546874632658 HTTP/1.1" 200 28 "http://renault.activities.at/cart" "Mozilla/5.0 (Windows NT 6.1; Win64; x64) AppleWebKit/537.36 (KHTML, like Gecko) Chrome/71.0.3578.98 Safari/537.36"
213.153.47.173 - - [07/Jan/2019:16:24:16 +0100] "GET /reload?ser=1546874656388 HTTP/1.1" 200 28 "http://renault.activities.at/login?required=true" "Mozilla/5.0 (Windows NT 10.0; Win64; x64; rv:64.0) Gecko/20100101 Firefox/64.0"
89.16.198.102 - - [07/Jan/2019:16:24:39 +0100] "GET /reload?ser=1546874681470 HTTP/1.1" 200 28 "http://renault.activities.at/result?searchterm=true&search=lack" "Mozilla/5.0 (Windows NT 10.0; WOW64) AppleWebKit/537.36 (KHTML, like Gecko) Chrome/61.0.3163.79 Safari/537.36 Maxthon/5.2.5.4000"
80.123.225.36 - - [07/Jan/2019:16:24:54 +0100] "GET /reload?ser=1546874693653 HTTP/1.1" 200 28 "http://renault.activities.at/cart" "Mozilla/5.0 (Windows NT 6.1; Win64; x64) AppleWebKit/537.36 (KHTML, like Gecko) Chrome/71.0.3578.98 Safari/537.36"
213.153.47.173 - - [07/Jan/2019:16:25:17 +0100] "GET /reload?ser=1546874717048 HTTP/1.1" 200 28 "http://renault.activities.at/login?required=true" "Mozilla/5.0 (Windows NT 10.0; Win64; x64; rv:64.0) Gecko/20100101 Firefox/64.0"
89.16.198.102 - - [07/Jan/2019:16:25:41 +0100] "GET /reload?ser=1546874743470 HTTP/1.1" 200 28 "http://renault.activities.at/result?searchterm=true&search=lack" "Mozilla/5.0 (Windows NT 10.0; WOW64) AppleWebKit/537.36 (KHTML, like Gecko) Chrome/61.0.3163.79 Safari/537.36 Maxthon/5.2.5.4000"
80.123.225.36 - - [07/Jan/2019:16:25:56 +0100] "GET /reload?ser=1546874754697 HTTP/1.1" 200 28 "http://renault.activities.at/cart" "Mozilla/5.0 (Windows NT 6.1; Win64; x64) AppleWebKit/537.36 (KHTML, like Gecko) Chrome/71.0.3578.98 Safari/537.36"
213.153.47.173 - - [07/Jan/2019:16:26:17 +0100] "GET /reload?ser=1546874777728 HTTP/1.1" 200 28 "http://renault.activities.at/login?required=true" "Mozilla/5.0 (Windows NT 10.0; Win64; x64; rv:64.0) Gecko/20100101 Firefox/64.0"
89.16.198.102 - - [07/Jan/2019:16:26:43 +0100] "GET /reload?ser=1546874805470 HTTP/1.1" 200 28 "http://renault.activities.at/result?searchterm=true&search=lack" "Mozilla/5.0 (Windows NT 10.0; WOW64) AppleWebKit/537.36 (KHTML, like Gecko) Chrome/61.0.3163.79 Safari/537.36 Maxthon/5.2.5.4000"
80.123.225.36 - - [07/Jan/2019:16:26:57 +0100] "GET /reload?ser=1546874815721 HTTP/1.1" 200 28 "http://renault.activities.at/cart" "Mozilla/5.0 (Windows NT 6.1; Win64; x64) AppleWebKit/537.36 (KHTML, like Gecko) Chrome/71.0.3578.98 Safari/537.36"
213.153.47.173 - - [07/Jan/2019:16:27:18 +0100] "GET /reload?ser=1546874838379 HTTP/1.1" 200 28 "http://renault.activities.at/login?required=true" "Mozilla/5.0 (Windows NT 10.0; Win64; x64; rv:64.0) Gecko/20100101 Firefox/64.0"
89.16.198.102 - - [07/Jan/2019:16:27:44 +0100] "GET /reload?ser=1546874866470 HTTP/1.1" 200 28 "http://renault.activities.at/result?searchterm=true&search=lack" "Mozilla/5.0 (Windows NT 10.0; WOW64) AppleWebKit/537.36 (KHTML, like Gecko) Chrome/61.0.3163.79 Safari/537.36 Maxthon/5.2.5.4000"
80.123.225.36 - - [07/Jan/2019:16:27:57 +0100] "GET /reload?ser=1546874876683 HTTP/1.1" 200 28 "http://renault.activities.at/cart" "Mozilla/5.0 (Windows NT 6.1; Win64; x64) AppleWebKit/537.36 (KHTML, like Gecko) Chrome/71.0.3578.98 Safari/537.36"
213.153.47.173 - - [07/Jan/2019:16:28:19 +0100] "GET /reload?ser=1546874899059 HTTP/1.1" 200 28 "http://renault.activities.at/login?required=true" "Mozilla/5.0 (Windows NT 10.0; Win64; x64; rv:64.0) Gecko/20100101 Firefox/64.0"
89.16.198.102 - - [07/Jan/2019:16:28:45 +0100] "GET /reload?ser=1546874927471 HTTP/1.1" 200 28 "http://renault.activities.at/result?searchterm=true&search=lack" "Mozilla/5.0 (Windows NT 10.0; WOW64) AppleWebKit/537.36 (KHTML, like Gecko) Chrome/61.0.3163.79 Safari/537.36 Maxthon/5.2.5.4000"
80.123.225.36 - - [07/Jan/2019:16:28:58 +0100] "GET /reload?ser=1546874937670 HTTP/1.1" 200 28 "http://renault.activities.at/cart" "Mozilla/5.0 (Windows NT 6.1; Win64; x64) AppleWebKit/537.36 (KHTML, like Gecko) Chrome/71.0.3578.98 Safari/537.36"
213.153.47.173 - - [07/Jan/2019:16:29:19 +0100] "GET /reload?ser=1546874959707 HTTP/1.1" 200 28 "http://renault.activities.at/login?required=true" "Mozilla/5.0 (Windows NT 10.0; Win64; x64; rv:64.0) Gecko/20100101 Firefox/64.0"
89.16.198.102 - - [07/Jan/2019:16:29:46 +0100] "GET /reload?ser=1546874988470 HTTP/1.1" 200 28 "http://renault.activities.at/result?searchterm=true&search=lack" "Mozilla/5.0 (Windows NT 10.0; WOW64) AppleWebKit/537.36 (KHTML, like Gecko) Chrome/61.0.3163.79 Safari/537.36 Maxthon/5.2.5.4000"
80.123.225.36 - - [07/Jan/2019:16:30:00 +0100] "GET /reload?ser=1546874998707 HTTP/1.1" 200 28 "http://renault.activities.at/cart" "Mozilla/5.0 (Windows NT 6.1; Win64; x64) AppleWebKit/537.36 (KHTML, like Gecko) Chrome/71.0.3578.98 Safari/537.36"
213.153.47.173 - - [07/Jan/2019:16:30:20 +0100] "GET /reload?ser=1546875020378 HTTP/1.1" 200 28 "http://renault.activities.at/login?required=true" "Mozilla/5.0 (Windows NT 10.0; Win64; x64; rv:64.0) Gecko/20100101 Firefox/64.0"
89.16.198.102 - - [07/Jan/2019:16:30:47 +0100] "GET /reload?ser=1546875049471 HTTP/1.1" 200 28 "http://renault.activities.at/result?searchterm=true&search=lack" "Mozilla/5.0 (Windows NT 10.0; WOW64) AppleWebKit/537.36 (KHTML, like Gecko) Chrome/61.0.3163.79 Safari/537.36 Maxthon/5.2.5.4000"
80.123.225.36 - - [07/Jan/2019:16:31:01 +0100] "GET /reload?ser=1546875059743 HTTP/1.1" 200 28 "http://renault.activities.at/cart" "Mozilla/5.0 (Windows NT 6.1; Win64; x64) AppleWebKit/537.36 (KHTML, like Gecko) Chrome/71.0.3578.98 Safari/537.36"
212.152.158.195 - - [07/Jan/2019:16:31:05 +0100] "GET / HTTP/1.1" 200 3417 "-" "Mozilla/5.0 (Windows NT 10.0; WOW64; Trident/7.0; Touch; rv:11.0) like Gecko"
212.152.158.195 - - [07/Jan/2019:16:31:06 +0100] "GET /css/reset.css HTTP/1.1" 200 1356 "http://renault.activities.at/" "Mozilla/5.0 (Windows NT 10.0; WOW64; Trident/7.0; Touch; rv:11.0) like Gecko"
212.152.158.195 - - [07/Jan/2019:16:31:06 +0100] "GET /js/default.js HTTP/1.1" 200 14698 "http://renault.activities.at/" "Mozilla/5.0 (Windows NT 10.0; WOW64; Trident/7.0; Touch; rv:11.0) like Gecko"
212.152.158.195 - - [07/Jan/2019:16:31:06 +0100] "GET /js/flashdetection.js HTTP/1.1" 200 1059 "http://renault.activities.at/" "Mozilla/5.0 (Windows NT 10.0; WOW64; Trident/7.0; Touch; rv:11.0) like Gecko"
212.152.158.195 - - [07/Jan/2019:16:31:06 +0100] "GET /css/clears.css HTTP/1.1" 200 851 "http://renault.activities.at/" "Mozilla/5.0 (Windows NT 10.0; WOW64; Trident/7.0; Touch; rv:11.0) like Gecko"
212.152.158.195 - - [07/Jan/2019:16:31:06 +0100] "GET /css/styles.css HTTP/1.1" 200 14664 "http://renault.activities.at/" "Mozilla/5.0 (Windows NT 10.0; WOW64; Trident/7.0; Touch; rv:11.0) like Gecko"
212.152.158.195 - - [07/Jan/2019:16:31:06 +0100] "GET /css/print.css HTTP/1.1" 200 543 "http://renault.activities.at/" "Mozilla/5.0 (Windows NT 10.0; WOW64; Trident/7.0; Touch; rv:11.0) like Gecko"
212.152.158.195 - - [07/Jan/2019:16:31:06 +0100] "GET /css/prototip.css HTTP/1.1" 200 968 "http://renault.activities.at/" "Mozilla/5.0 (Windows NT 10.0; WOW64; Trident/7.0; Touch; rv:11.0) like Gecko"
212.152.158.195 - - [07/Jan/2019:16:31:06 +0100] "GET /js/checkout.css HTTP/1.1" 200 359 "http://renault.activities.at/" "Mozilla/5.0 (Windows NT 10.0; WOW64; Trident/7.0; Touch; rv:11.0) like Gecko"
212.152.158.195 - - [07/Jan/2019:16:31:06 +0100] "GET /css/themes/default.css HTTP/1.1" 200 769 "http://renault.activities.at/" "Mozilla/5.0 (Windows NT 10.0; WOW64; Trident/7.0; Touch; rv:11.0) like Gecko"
212.152.158.195 - - [07/Jan/2019:16:31:06 +0100] "GET /css/themes/alphacube.css HTTP/1.1" 200 743 "http://renault.activities.at/" "Mozilla/5.0 (Windows NT 10.0; WOW64; Trident/7.0; Touch; rv:11.0) like Gecko"
212.152.158.195 - - [07/Jan/2019:16:31:06 +0100] "GET /js/index.php?c=auto&f=,prototype/prototype.js,prototype/validation.js,scriptaculous/builder.js,scriptaculous/effects.js,scriptaculous/dragdrop.js,scriptaculous/controls.js,scriptaculous/slider.js,varien/js.js,varien/form.js,varien/menu.js,mage/translate.js,mage/cookies.js,varien/product.js,spinner/SpinnerControl.jsmin.js,prototype/window.js,prototype/window_ext.js HTTP/1.1" 200 94182 "http://renault.activities.at/" "Mozilla/5.0 (Windows NT 10.0; WOW64; Trident/7.0; Touch; rv:11.0) like Gecko"
212.152.158.195 - - [07/Jan/2019:16:31:07 +0100] "GET /images/main_block_corner_left_bot.gif HTTP/1.1" 200 159 "http://renault.activities.at/" "Mozilla/5.0 (Windows NT 10.0; WOW64; Trident/7.0; Touch; rv:11.0) like Gecko"
212.152.158.195 - - [07/Jan/2019:16:31:07 +0100] "GET /images/main_block_border.gif HTTP/1.1" 200 43 "http://renault.activities.at/" "Mozilla/5.0 (Windows NT 10.0; WOW64; Trident/7.0; Touch; rv:11.0) like Gecko"
