212.186.238.50 - - [07/Jan/2019:12:39:45 +0100] "GET /js/index.php?c=auto&f=,prototype/prototype.js,prototype/validation.js,scriptaculous/builder.js,scriptaculous/effects.js,scriptaculous/dragdrop.js,scriptaculous/controls.js,scriptaculous/slider.js,varien/js.js,varien/form.js,varien/menu.js,mage/translate.js,mage/cookies.js,varien/product.js,spinner/SpinnerControl.jsmin.js,prototype/window.js,prototype/window_ext.js HTTP/1.1" 200 94182 "http://renault.activities.at/" "Mozilla/5.0 (Windows NT 10.0; Win64; x64; rv:64.0) Gecko/20100101 Firefox/64.0"
212.186.238.50 - - [07/Jan/2019:12:39:45 +0100] "GET /images/main_block_border.gif HTTP/1.1" 200 43 "http://renault.activities.at/css/styles.css" "Mozilla/5.0 (Windows NT 10.0; Win64; x64; rv:64.0) Gecko/20100101 Firefox/64.0"
212.186.238.50 - - [07/Jan/2019:12:39:45 +0100] "GET /images/main_block_corner_left_bot.gif HTTP/1.1" 200 159 "http://renault.activities.at/css/styles.css" "Mozilla/5.0 (Windows NT 10.0; Win64; x64; rv:64.0) Gecko/20100101 Firefox/64.0"
212.186.238.50 - - [07/Jan/2019:12:39:45 +0100] "GET /images/header_block_border.gif HTTP/1.1" 200 43 "http://renault.activities.at/css/styles.css" "Mozilla/5.0 (Windows NT 10.0; Win64; x64; rv:64.0) Gecko/20100101 Firefox/64.0"
212.186.238.50 - - [07/Jan/2019:12:39:45 +0100] "GET /images/main_block_corner_right_bot.gif HTTP/1.1" 200 158 "http://renault.activities.at/css/styles.css" "Mozilla/5.0 (Windows NT 10.0; Win64; x64; rv:64.0) Gecko/20100101 Firefox/64.0"
212.186.238.50 - - [07/Jan/2019:12:39:45 +0100] "GET /images/header_block_corner_left_top.gif HTTP/1.1" 200 160 "http://renault.activities.at/css/styles.css" "Mozilla/5.0 (Windows NT 10.0; Win64; x64; rv:64.0) Gecko/20100101 Firefox/64.0"
212.186.238.50 - - [07/Jan/2019:12:39:45 +0100] "GET /images/header_block_corner_right_top.gif HTTP/1.1" 200 160 "http://renault.activities.at/css/styles.css" "Mozilla/5.0 (Windows NT 10.0; Win64; x64; rv:64.0) Gecko/20100101 Firefox/64.0"
212.186.238.50 - - [07/Jan/2019:12:39:45 +0100] "GET /images/main_block_corner_left_top.gif HTTP/1.1" 200 159 "http://renault.activities.at/css/styles.css" "Mozilla/5.0 (Windows NT 10.0; Win64; x64; rv:64.0) Gecko/20100101 Firefox/64.0"
212.186.238.50 - - [07/Jan/2019:12:39:45 +0100] "GET /images/favicon.ico HTTP/1.1" 404 305 "-" "Mozilla/5.0 (Windows NT 10.0; Win64; x64; rv:64.0) Gecko/20100101 Firefox/64.0"
212.186.238.50 - - [07/Jan/2019:12:39:45 +0100] "GET /images/main_block_corner_right_top.gif HTTP/1.1" 200 159 "http://renault.activities.at/css/styles.css" "Mozilla/5.0 (Windows NT 10.0; Win64; x64; rv:64.0) Gecko/20100101 Firefox/64.0"
212.186.238.50 - - [07/Jan/2019:12:39:45 +0100] "GET /images/title_border.jpg HTTP/1.1" 200 304 "http://renault.activities.at/css/styles.css" "Mozilla/5.0 (Windows NT 10.0; Win64; x64; rv:64.0) Gecko/20100101 Firefox/64.0"
212.186.238.50 - - [07/Jan/2019:12:39:45 +0100] "GET /images/title_border_top.jpg HTTP/1.1" 200 336 "http://renault.activities.at/css/styles.css" "Mozilla/5.0 (Windows NT 10.0; Win64; x64; rv:64.0) Gecko/20100101 Firefox/64.0"
212.186.238.50 - - [07/Jan/2019:12:39:45 +0100] "GET /images/title_corner_left_top.jpg HTTP/1.1" 200 372 "http://renault.activities.at/css/styles.css" "Mozilla/5.0 (Windows NT 10.0; Win64; x64; rv:64.0) Gecko/20100101 Firefox/64.0"
212.186.238.50 - - [07/Jan/2019:12:39:45 +0100] "GET /images/title_corner_right_top.jpg HTTP/1.1" 200 389 "http://renault.activities.at/css/styles.css" "Mozilla/5.0 (Windows NT 10.0; Win64; x64; rv:64.0) Gecko/20100101 Firefox/64.0"
212.186.238.50 - - [07/Jan/2019:12:39:45 +0100] "GET /loadthumbnail.php?id=11127982 HTTP/1.1" 200 399614 "http://renault.activities.at/" "Mozilla/5.0 (Windows NT 10.0; Win64; x64; rv:64.0) Gecko/20100101 Firefox/64.0"
212.186.238.50 - - [07/Jan/2019:12:39:47 +0100] "GET /login HTTP/1.1" 200 2086 "http://renault.activities.at/" "Mozilla/5.0 (Windows NT 10.0; Win64; x64; rv:64.0) Gecko/20100101 Firefox/64.0"
212.186.238.50 - - [07/Jan/2019:12:39:47 +0100] "GET /js/checkout.css HTTP/1.1" 200 359 "http://renault.activities.at/login" "Mozilla/5.0 (Windows NT 10.0; Win64; x64; rv:64.0) Gecko/20100101 Firefox/64.0"
212.186.238.50 - - [07/Jan/2019:12:39:47 +0100] "GET /css/themes/alphacube.css HTTP/1.1" 200 743 "http://renault.activities.at/login" "Mozilla/5.0 (Windows NT 10.0; Win64; x64; rv:64.0) Gecko/20100101 Firefox/64.0"
212.186.238.50 - - [07/Jan/2019:12:39:47 +0100] "GET /css/themes/default.css HTTP/1.1" 200 769 "http://renault.activities.at/login" "Mozilla/5.0 (Windows NT 10.0; Win64; x64; rv:64.0) Gecko/20100101 Firefox/64.0"
212.186.238.50 - - [07/Jan/2019:12:39:47 +0100] "GET /css/prototip.css HTTP/1.1" 200 968 "http://renault.activities.at/login" "Mozilla/5.0 (Windows NT 10.0; Win64; x64; rv:64.0) Gecko/20100101 Firefox/64.0"
212.186.238.50 - - [07/Jan/2019:12:39:48 +0100] "GET /images/button_left_bg.gif HTTP/1.1" 200 564 "http://renault.activities.at/css/styles.css" "Mozilla/5.0 (Windows NT 10.0; Win64; x64; rv:64.0) Gecko/20100101 Firefox/64.0"
212.186.238.50 - - [07/Jan/2019:12:39:48 +0100] "GET /images/button_right_bg.gif HTTP/1.1" 200 561 "http://renault.activities.at/css/styles.css" "Mozilla/5.0 (Windows NT 10.0; Win64; x64; rv:64.0) Gecko/20100101 Firefox/64.0"
212.186.238.50 - - [07/Jan/2019:12:39:48 +0100] "GET /images/button_bg.gif HTTP/1.1" 200 151 "http://renault.activities.at/css/styles.css" "Mozilla/5.0 (Windows NT 10.0; Win64; x64; rv:64.0) Gecko/20100101 Firefox/64.0"
213.153.47.173 - - [07/Jan/2019:12:39:48 +0100] "GET /reload?ser=1546861188013 HTTP/1.1" 200 28 "http://renault.activities.at/login?required=true" "Mozilla/5.0 (Windows NT 10.0; Win64; x64; rv:64.0) Gecko/20100101 Firefox/64.0"
193.194.132.29 - - [07/Jan/2019:12:39:56 +0100] "GET /reload?ser=1546861196458 HTTP/1.1" 200 28 "http://renault.2web.at/account?loadrequest=true" "Mozilla/5.0 (Windows NT 6.1; WOW64; Trident/7.0; rv:11.0) like Gecko"
212.186.238.50 - - [07/Jan/2019:12:39:56 +0100] "POST /login HTTP/1.1" 302 140 "http://renault.activities.at/login" "Mozilla/5.0 (Windows NT 10.0; Win64; x64; rv:64.0) Gecko/20100101 Firefox/64.0"
212.186.238.50 - - [07/Jan/2019:12:39:58 +0100] "GET /account HTTP/1.1" 200 6628 "http://renault.activities.at/login" "Mozilla/5.0 (Windows NT 10.0; Win64; x64; rv:64.0) Gecko/20100101 Firefox/64.0"
212.186.238.50 - - [07/Jan/2019:12:40:00 +0100] "GET /css/prototip.css HTTP/1.1" 200 968 "http://renault.activities.at/account" "Mozilla/5.0 (Windows NT 10.0; Win64; x64; rv:64.0) Gecko/20100101 Firefox/64.0"
212.186.238.50 - - [07/Jan/2019:12:40:00 +0100] "GET /css/themes/alphacube.css HTTP/1.1" 200 743 "http://renault.activities.at/account" "Mozilla/5.0 (Windows NT 10.0; Win64; x64; rv:64.0) Gecko/20100101 Firefox/64.0"
212.186.238.50 - - [07/Jan/2019:12:40:00 +0100] "GET /css/themes/default.css HTTP/1.1" 200 769 "http://renault.activities.at/account" "Mozilla/5.0 (Windows NT 10.0; Win64; x64; rv:64.0) Gecko/20100101 Firefox/64.0"
212.186.238.50 - - [07/Jan/2019:12:40:00 +0100] "GET /js/account.js HTTP/1.1" 200 953 "http://renault.activities.at/account" "Mozilla/5.0 (Windows NT 10.0; Win64; x64; rv:64.0) Gecko/20100101 Firefox/64.0"
212.186.238.50 - - [07/Jan/2019:12:40:00 +0100] "GET /images/ajax_loading.gif HTTP/1.1" 200 1542 "http://renault.activities.at/account" "Mozilla/5.0 (Windows NT 10.0; Win64; x64; rv:64.0) Gecko/20100101 Firefox/64.0"
212.186.238.50 - - [07/Jan/2019:12:40:00 +0100] "GET /images/top_links_divider.gif HTTP/1.1" 200 44 "http://renault.activities.at/css/styles.css" "Mozilla/5.0 (Windows NT 10.0; Win64; x64; rv:64.0) Gecko/20100101 Firefox/64.0"
212.186.238.50 - - [07/Jan/2019:12:40:00 +0100] "GET /images/menu_button_bg.jpg HTTP/1.1" 200 322 "http://renault.activities.at/css/styles.css" "Mozilla/5.0 (Windows NT 10.0; Win64; x64; rv:64.0) Gecko/20100101 Firefox/64.0"
212.186.238.50 - - [07/Jan/2019:12:40:00 +0100] "GET /images/nav_divider.gif HTTP/1.1" 200 43 "http://renault.activities.at/css/styles.css" "Mozilla/5.0 (Windows NT 10.0; Win64; x64; rv:64.0) Gecko/20100101 Firefox/64.0"
212.186.238.50 - - [07/Jan/2019:12:40:00 +0100] "GET /images/menu_divider.gif HTTP/1.1" 200 176 "http://renault.activities.at/css/styles.css" "Mozilla/5.0 (Windows NT 10.0; Win64; x64; rv:64.0) Gecko/20100101 Firefox/64.0"
212.186.238.50 - - [07/Jan/2019:12:40:00 +0100] "GET /images/search_bg.gif HTTP/1.1" 200 1726 "http://renault.activities.at/css/styles.css" "Mozilla/5.0 (Windows NT 10.0; Win64; x64; rv:64.0) Gecko/20100101 Firefox/64.0"
212.186.238.50 - - [07/Jan/2019:12:40:01 +0100] "GET /images/sidebar_title_border.gif HTTP/1.1" 200 43 "http://renault.activities.at/css/styles.css" "Mozilla/5.0 (Windows NT 10.0; Win64; x64; rv:64.0) Gecko/20100101 Firefox/64.0"
212.186.238.50 - - [07/Jan/2019:12:40:01 +0100] "GET /images/sidebar_title_border_top.gif HTTP/1.1" 200 155 "http://renault.activities.at/css/styles.css" "Mozilla/5.0 (Windows NT 10.0; Win64; x64; rv:64.0) Gecko/20100101 Firefox/64.0"
212.186.238.50 - - [07/Jan/2019:12:40:01 +0100] "GET /images/sidebar_title_corner_right_top.gif HTTP/1.1" 200 383 "http://renault.activities.at/css/styles.css" "Mozilla/5.0 (Windows NT 10.0; Win64; x64; rv:64.0) Gecko/20100101 Firefox/64.0"
212.186.238.50 - - [07/Jan/2019:12:40:01 +0100] "GET /images/sidebar_title_corner_left_top.gif HTTP/1.1" 200 1124 "http://renault.activities.at/css/styles.css" "Mozilla/5.0 (Windows NT 10.0; Win64; x64; rv:64.0) Gecko/20100101 Firefox/64.0"
212.186.238.50 - - [07/Jan/2019:12:40:01 +0100] "GET /images/reset_bg.gif HTTP/1.1" 200 785 "http://renault.activities.at/css/styles.css" "Mozilla/5.0 (Windows NT 10.0; Win64; x64; rv:64.0) Gecko/20100101 Firefox/64.0"
212.186.238.50 - - [07/Jan/2019:12:40:01 +0100] "GET /images/footer_divider.gif HTTP/1.1" 200 44 "http://renault.activities.at/css/styles.css" "Mozilla/5.0 (Windows NT 10.0; Win64; x64; rv:64.0) Gecko/20100101 Firefox/64.0"
212.186.238.50 - - [07/Jan/2019:12:40:00 +0100] "GET /loadthumbnail.php?id=10260190&width=50&height=50 HTTP/1.1" 200 1018 "http://renault.activities.at/account" "Mozilla/5.0 (Windows NT 10.0; Win64; x64; rv:64.0) Gecko/20100101 Firefox/64.0"
212.186.238.50 - - [07/Jan/2019:12:40:11 +0100] "POST /account HTTP/1.1" 302 140 "http://renault.activities.at/account" "Mozilla/5.0 (Windows NT 10.0; Win64; x64; rv:64.0) Gecko/20100101 Firefox/64.0"
212.186.238.50 - - [07/Jan/2019:12:40:12 +0100] "GET /account HTTP/1.1" 200 6642 "http://renault.activities.at/account" "Mozilla/5.0 (Windows NT 10.0; Win64; x64; rv:64.0) Gecko/20100101 Firefox/64.0"
212.186.238.50 - - [07/Jan/2019:12:40:13 +0100] "GET /css/prototip.css HTTP/1.1" 200 968 "http://renault.activities.at/account" "Mozilla/5.0 (Windows NT 10.0; Win64; x64; rv:64.0) Gecko/20100101 Firefox/64.0"
212.186.238.50 - - [07/Jan/2019:12:40:13 +0100] "GET /css/themes/default.css HTTP/1.1" 200 769 "http://renault.activities.at/account" "Mozilla/5.0 (Windows NT 10.0; Win64; x64; rv:64.0) Gecko/20100101 Firefox/64.0"
212.186.238.50 - - [07/Jan/2019:12:40:13 +0100] "GET /css/themes/alphacube.css HTTP/1.1" 200 743 "http://renault.activities.at/account" "Mozilla/5.0 (Windows NT 10.0; Win64; x64; rv:64.0) Gecko/20100101 Firefox/64.0"
212.186.238.50 - - [07/Jan/2019:12:40:16 +0100] "POST /axjaxrequest?mode=suggest HTTP/1.1" 200 627 "http://renault.activities.at/account" "Mozilla/5.0 (Windows NT 10.0; Win64; x64; rv:64.0) Gecko/20100101 Firefox/64.0"
212.186.238.50 - - [07/Jan/2019:12:40:19 +0100] "GET /result?searchterm=true&search=scenic HTTP/1.1" 200 8412 "http://renault.activities.at/account" "Mozilla/5.0 (Windows NT 10.0; Win64; x64; rv:64.0) Gecko/20100101 Firefox/64.0"
212.186.238.50 - - [07/Jan/2019:12:40:22 +0100] "GET /js/prototip.js HTTP/1.1" 200 4588 "http://renault.activities.at/result?searchterm=true&search=scenic" "Mozilla/5.0 (Windows NT 10.0; Win64; x64; rv:64.0) Gecko/20100101 Firefox/64.0"
212.186.238.50 - - [07/Jan/2019:12:40:22 +0100] "GET /css/reset.css HTTP/1.1" 200 1356 "http://renault.activities.at/result?searchterm=true&search=scenic" "Mozilla/5.0 (Windows NT 10.0; Win64; x64; rv:64.0) Gecko/20100101 Firefox/64.0"
212.186.238.50 - - [07/Jan/2019:12:40:22 +0100] "GET /css/prototip.css HTTP/1.1" 200 968 "http://renault.activities.at/result?searchterm=true&search=scenic" "Mozilla/5.0 (Windows NT 10.0; Win64; x64; rv:64.0) Gecko/20100101 Firefox/64.0"
212.186.238.50 - - [07/Jan/2019:12:40:22 +0100] "GET /css/themes/default.css HTTP/1.1" 200 769 "http://renault.activities.at/result?searchterm=true&search=scenic" "Mozilla/5.0 (Windows NT 10.0; Win64; x64; rv:64.0) Gecko/20100101 Firefox/64.0"
212.186.238.50 - - [07/Jan/2019:12:40:22 +0100] "GET /js/ProduktGrp.js HTTP/1.1" 200 1569 "http://renault.activities.at/result?searchterm=true&search=scenic" "Mozilla/5.0 (Windows NT 10.0; Win64; x64; rv:64.0) Gecko/20100101 Firefox/64.0"
212.186.238.50 - - [07/Jan/2019:12:40:22 +0100] "GET /css/themes/alphacube.css HTTP/1.1" 200 743 "http://renault.activities.at/result?searchterm=true&search=scenic" "Mozilla/5.0 (Windows NT 10.0; Win64; x64; rv:64.0) Gecko/20100101 Firefox/64.0"
212.186.238.50 - - [07/Jan/2019:12:40:22 +0100] "GET /images/loading.gif HTTP/1.1" 200 3208 "http://renault.activities.at/result?searchterm=true&search=scenic" "Mozilla/5.0 (Windows NT 10.0; Win64; x64; rv:64.0) Gecko/20100101 Firefox/64.0"
212.186.238.50 - - [07/Jan/2019:12:40:22 +0100] "GET /loadthumbnail.php?id=10203276 HTTP/1.1" 200 75 "http://renault.activities.at/result?searchterm=true&search=scenic" "Mozilla/5.0 (Windows NT 10.0; Win64; x64; rv:64.0) Gecko/20100101 Firefox/64.0"
212.186.238.50 - - [07/Jan/2019:12:40:22 +0100] "GET /loadthumbnail.php?id=10203255 HTTP/1.1" 200 137 "http://renault.activities.at/result?searchterm=true&search=scenic" "Mozilla/5.0 (Windows NT 10.0; Win64; x64; rv:64.0) Gecko/20100101 Firefox/64.0"
212.186.238.50 - - [07/Jan/2019:12:40:22 +0100] "GET /loadthumbnail.php?id=11181187&width=113 HTTP/1.1" 200 1532 "http://renault.activities.at/result?searchterm=true&search=scenic" "Mozilla/5.0 (Windows NT 10.0; Win64; x64; rv:64.0) Gecko/20100101 Firefox/64.0"
212.186.238.50 - - [07/Jan/2019:12:40:22 +0100] "GET /loadthumbnail.php?id=11181185&width=113 HTTP/1.1" 200 1532 "http://renault.activities.at/result?searchterm=true&search=scenic" "Mozilla/5.0 (Windows NT 10.0; Win64; x64; rv:64.0) Gecko/20100101 Firefox/64.0"
212.186.238.50 - - [07/Jan/2019:12:40:23 +0100] "GET /loadthumbnail.php?id=11181180&width=113 HTTP/1.1" 200 1834 "http://renault.activities.at/result?searchterm=true&search=scenic" "Mozilla/5.0 (Windows NT 10.0; Win64; x64; rv:64.0) Gecko/20100101 Firefox/64.0"
212.186.238.50 - - [07/Jan/2019:12:40:23 +0100] "GET /loadthumbnail.php?id=11181178&width=113 HTTP/1.1" 200 1834 "http://renault.activities.at/result?searchterm=true&search=scenic" "Mozilla/5.0 (Windows NT 10.0; Win64; x64; rv:64.0) Gecko/20100101 Firefox/64.0"
212.186.238.50 - - [07/Jan/2019:12:40:23 +0100] "GET /loadthumbnail.php?id=11181227&width=113 HTTP/1.1" 200 1322 "http://renault.activities.at/result?searchterm=true&search=scenic" "Mozilla/5.0 (Windows NT 10.0; Win64; x64; rv:64.0) Gecko/20100101 Firefox/64.0"
212.186.238.50 - - [07/Jan/2019:12:40:23 +0100] "GET /loadthumbnail.php?id=11194725&width=113 HTTP/1.1" 200 1322 "http://renault.activities.at/result?searchterm=true&search=scenic" "Mozilla/5.0 (Windows NT 10.0; Win64; x64; rv:64.0) Gecko/20100101 Firefox/64.0"
212.186.238.50 - - [07/Jan/2019:12:40:23 +0100] "GET /loadthumbnail.php?id=11181225&width=113 HTTP/1.1" 200 1322 "http://renault.activities.at/result?searchterm=true&search=scenic" "Mozilla/5.0 (Windows NT 10.0; Win64; x64; rv:64.0) Gecko/20100101 Firefox/64.0"
212.186.238.50 - - [07/Jan/2019:12:40:23 +0100] "GET /loadthumbnail.php?id=11186469&width=113 HTTP/1.1" 200 1278 "http://renault.activities.at/result?searchterm=true&search=scenic" "Mozilla/5.0 (Windows NT 10.0; Win64; x64; rv:64.0) Gecko/20100101 Firefox/64.0"
212.186.238.50 - - [07/Jan/2019:12:40:23 +0100] "GET /loadthumbnail.php?id=10203650&width=113 HTTP/1.1" 200 2741 "http://renault.activities.at/result?searchterm=true&search=scenic" "Mozilla/5.0 (Windows NT 10.0; Win64; x64; rv:64.0) Gecko/20100101 Firefox/64.0"
212.186.238.50 - - [07/Jan/2019:12:40:23 +0100] "GET /loadthumbnail.php?id=11186495&width=113 HTTP/1.1" 200 1974 "http://renault.activities.at/result?searchterm=true&search=scenic" "Mozilla/5.0 (Windows NT 10.0; Win64; x64; rv:64.0) Gecko/20100101 Firefox/64.0"
212.186.238.50 - - [07/Jan/2019:12:40:23 +0100] "GET /images/pager_bg.gif HTTP/1.1" 200 150 "http://renault.activities.at/css/styles.css" "Mozilla/5.0 (Windows NT 10.0; Win64; x64; rv:64.0) Gecko/20100101 Firefox/64.0"
212.186.238.50 - - [07/Jan/2019:12:40:23 +0100] "GET /images/vista-up.gif HTTP/1.1" 200 131 "http://renault.activities.at/css/styles.css" "Mozilla/5.0 (Windows NT 10.0; Win64; x64; rv:64.0) Gecko/20100101 Firefox/64.0"
212.186.238.50 - - [07/Jan/2019:12:40:23 +0100] "GET /images/vista-dn.gif HTTP/1.1" 200 128 "http://renault.activities.at/css/styles.css" "Mozilla/5.0 (Windows NT 10.0; Win64; x64; rv:64.0) Gecko/20100101 Firefox/64.0"
212.186.238.50 - - [07/Jan/2019:12:40:23 +0100] "GET /loadthumbnail.php?id=11186483&width=113 HTTP/1.1" 200 1974 "http://renault.activities.at/result?searchterm=true&search=scenic" "Mozilla/5.0 (Windows NT 10.0; Win64; x64; rv:64.0) Gecko/20100101 Firefox/64.0"
212.186.238.50 - - [07/Jan/2019:12:40:23 +0100] "GET /loadthumbnail.php?id=11181168&width=113 HTTP/1.1" 200 847 "http://renault.activities.at/result?searchterm=true&search=scenic" "Mozilla/5.0 (Windows NT 10.0; Win64; x64; rv:64.0) Gecko/20100101 Firefox/64.0"
212.186.238.50 - - [07/Jan/2019:12:40:23 +0100] "GET /loadthumbnail.php?id=11181166&width=113 HTTP/1.1" 200 847 "http://renault.activities.at/result?searchterm=true&search=scenic" "Mozilla/5.0 (Windows NT 10.0; Win64; x64; rv:64.0) Gecko/20100101 Firefox/64.0"
212.186.238.50 - - [07/Jan/2019:12:40:34 +0100] "GET /result?dir=DESC&mode=grid&order=name&limit=15&page=2&search=scenic HTTP/1.1" 200 7549 "http://renault.activities.at/result?searchterm=true&search=scenic" "Mozilla/5.0 (Windows NT 10.0; Win64; x64; rv:64.0) Gecko/20100101 Firefox/64.0"
212.186.238.50 - - [07/Jan/2019:12:40:36 +0100] "GET /css/reset.css HTTP/1.1" 200 1356 "http://renault.activities.at/result?dir=DESC&mode=grid&order=name&limit=15&page=2&search=scenic" "Mozilla/5.0 (Windows NT 10.0; Win64; x64; rv:64.0) Gecko/20100101 Firefox/64.0"
212.186.238.50 - - [07/Jan/2019:12:40:36 +0100] "GET /js/checkout.css HTTP/1.1" 200 359 "http://renault.activities.at/result?dir=DESC&mode=grid&order=name&limit=15&page=2&search=scenic" "Mozilla/5.0 (Windows NT 10.0; Win64; x64; rv:64.0) Gecko/20100101 Firefox/64.0"
212.186.238.50 - - [07/Jan/2019:12:40:36 +0100] "GET /css/clears.css HTTP/1.1" 200 851 "http://renault.activities.at/result?dir=DESC&mode=grid&order=name&limit=15&page=2&search=scenic" "Mozilla/5.0 (Windows NT 10.0; Win64; x64; rv:64.0) Gecko/20100101 Firefox/64.0"
212.186.238.50 - - [07/Jan/2019:12:40:36 +0100] "GET /css/themes/default.css HTTP/1.1" 200 769 "http://renault.activities.at/result?dir=DESC&mode=grid&order=name&limit=15&page=2&search=scenic" "Mozilla/5.0 (Windows NT 10.0; Win64; x64; rv:64.0) Gecko/20100101 Firefox/64.0"
212.186.238.50 - - [07/Jan/2019:12:40:36 +0100] "GET /css/prototip.css HTTP/1.1" 200 968 "http://renault.activities.at/result?dir=DESC&mode=grid&order=name&limit=15&page=2&search=scenic" "Mozilla/5.0 (Windows NT 10.0; Win64; x64; rv:64.0) Gecko/20100101 Firefox/64.0"
212.186.238.50 - - [07/Jan/2019:12:40:36 +0100] "GET /css/themes/alphacube.css HTTP/1.1" 200 743 "http://renault.activities.at/result?dir=DESC&mode=grid&order=name&limit=15&page=2&search=scenic" "Mozilla/5.0 (Windows NT 10.0; Win64; x64; rv:64.0) Gecko/20100101 Firefox/64.0"
212.186.238.50 - - [07/Jan/2019:12:40:36 +0100] "GET /loadthumbnail.php?id=10203275 HTTP/1.1" 200 85 "http://renault.activities.at/result?dir=DESC&mode=grid&order=name&limit=15&page=2&search=scenic" "Mozilla/5.0 (Windows NT 10.0; Win64; x64; rv:64.0) Gecko/20100101 Firefox/64.0"
212.186.238.50 - - [07/Jan/2019:12:40:36 +0100] "GET /loadthumbnail.php?id=11181172&width=113 HTTP/1.1" 200 1576 "http://renault.activities.at/result?dir=DESC&mode=grid&order=name&limit=15&page=2&search=scenic" "Mozilla/5.0 (Windows NT 10.0; Win64; x64; rv:64.0) Gecko/20100101 Firefox/64.0"
212.186.238.50 - - [07/Jan/2019:12:40:36 +0100] "GET /loadthumbnail.php?id=11181170&width=113 HTTP/1.1" 200 1576 "http://renault.activities.at/result?dir=DESC&mode=grid&order=name&limit=15&page=2&search=scenic" "Mozilla/5.0 (Windows NT 10.0; Win64; x64; rv:64.0) Gecko/20100101 Firefox/64.0"
212.186.238.50 - - [07/Jan/2019:12:40:36 +0100] "GET /loadthumbnail.php?id=11418135&width=113 HTTP/1.1" 200 4142 "http://renault.activities.at/result?dir=DESC&mode=grid&order=name&limit=15&page=2&search=scenic" "Mozilla/5.0 (Windows NT 10.0; Win64; x64; rv:64.0) Gecko/20100101 Firefox/64.0"
212.186.238.50 - - [07/Jan/2019:12:40:36 +0100] "GET /loadthumbnail.php?id=11349155&width=113 HTTP/1.1" 200 2814 "http://renault.activities.at/result?dir=DESC&mode=grid&order=name&limit=15&page=2&search=scenic" "Mozilla/5.0 (Windows NT 10.0; Win64; x64; rv:64.0) Gecko/20100101 Firefox/64.0"
212.186.238.50 - - [07/Jan/2019:12:40:36 +0100] "GET /loadthumbnail.php?id=11314589&width=113 HTTP/1.1" 200 3055 "http://renault.activities.at/result?dir=DESC&mode=grid&order=name&limit=15&page=2&search=scenic" "Mozilla/5.0 (Windows NT 10.0; Win64; x64; rv:64.0) Gecko/20100101 Firefox/64.0"
212.186.238.50 - - [07/Jan/2019:12:40:37 +0100] "GET /loadthumbnail.php?id=11470095&width=113 HTTP/1.1" 200 5019 "http://renault.activities.at/result?dir=DESC&mode=grid&order=name&limit=15&page=2&search=scenic" "Mozilla/5.0 (Windows NT 10.0; Win64; x64; rv:64.0) Gecko/20100101 Firefox/64.0"
212.186.238.50 - - [07/Jan/2019:12:40:37 +0100] "GET /loadthumbnail.php?id=11255648&width=113 HTTP/1.1" 200 1285 "http://renault.activities.at/result?dir=DESC&mode=grid&order=name&limit=15&page=2&search=scenic" "Mozilla/5.0 (Windows NT 10.0; Win64; x64; rv:64.0) Gecko/20100101 Firefox/64.0"
212.186.238.50 - - [07/Jan/2019:12:40:37 +0100] "GET /loadthumbnail.php?id=11819632&width=113 HTTP/1.1" 200 3552 "http://renault.activities.at/result?dir=DESC&mode=grid&order=name&limit=15&page=2&search=scenic" "Mozilla/5.0 (Windows NT 10.0; Win64; x64; rv:64.0) Gecko/20100101 Firefox/64.0"
80.147.214.42 - - [07/Jan/2019:12:40:37 +0100] "GET /reload?ser=1546861202781 HTTP/1.1" 200 28 "http://renault.activities.at/" "Mozilla/5.0 (Windows NT 6.1; WOW64; Trident/7.0; rv:11.0) like Gecko"
212.186.238.50 - - [07/Jan/2019:12:40:42 +0100] "GET /css/themes/alphacube/top_mid.gif HTTP/1.1" 200 833 "http://renault.activities.at/css/themes/alphacube.css" "Mozilla/5.0 (Windows NT 10.0; Win64; x64; rv:64.0) Gecko/20100101 Firefox/64.0"
212.186.238.50 - - [07/Jan/2019:12:40:42 +0100] "GET /css/themes/alphacube/bottom_middle.gif HTTP/1.1" 200 44 "http://renault.activities.at/css/themes/alphacube.css" "Mozilla/5.0 (Windows NT 10.0; Win64; x64; rv:64.0) Gecko/20100101 Firefox/64.0"
212.186.238.50 - - [07/Jan/2019:12:40:42 +0100] "GET /css/themes/alphacube/frame_right.gif HTTP/1.1" 200 64 "http://renault.activities.at/css/themes/alphacube.css" "Mozilla/5.0 (Windows NT 10.0; Win64; x64; rv:64.0) Gecko/20100101 Firefox/64.0"
212.186.238.50 - - [07/Jan/2019:12:40:42 +0100] "GET /css/themes/alphacube/frame_left.gif HTTP/1.1" 200 64 "http://renault.activities.at/css/themes/alphacube.css" "Mozilla/5.0 (Windows NT 10.0; Win64; x64; rv:64.0) Gecko/20100101 Firefox/64.0"
212.186.238.50 - - [07/Jan/2019:12:40:42 +0100] "GET /css/themes/alphacube/button-close-focus.gif HTTP/1.1" 200 699 "http://renault.activities.at/css/themes/alphacube.css" "Mozilla/5.0 (Windows NT 10.0; Win64; x64; rv:64.0) Gecko/20100101 Firefox/64.0"
212.186.238.50 - - [07/Jan/2019:12:40:42 +0100] "GET /css/themes/alphacube/top_left.gif HTTP/1.1" 200 973 "http://renault.activities.at/css/themes/alphacube.css" "Mozilla/5.0 (Windows NT 10.0; Win64; x64; rv:64.0) Gecko/20100101 Firefox/64.0"
212.186.238.50 - - [07/Jan/2019:12:40:42 +0100] "GET /css/themes/alphacube/top_right.gif HTTP/1.1" 200 972 "http://renault.activities.at/css/themes/alphacube.css" "Mozilla/5.0 (Windows NT 10.0; Win64; x64; rv:64.0) Gecko/20100101 Firefox/64.0"
212.186.238.50 - - [07/Jan/2019:12:40:42 +0100] "GET /css/themes/alphacube/bottom_left-c.gif HTTP/1.1" 200 62 "http://renault.activities.at/css/themes/alphacube.css" "Mozilla/5.0 (Windows NT 10.0; Win64; x64; rv:64.0) Gecko/20100101 Firefox/64.0"
212.186.238.50 - - [07/Jan/2019:12:40:42 +0100] "GET /css/themes/alphacube/bottom_right-c.gif HTTP/1.1" 200 62 "http://renault.activities.at/css/themes/alphacube.css" "Mozilla/5.0 (Windows NT 10.0; Win64; x64; rv:64.0) Gecko/20100101 Firefox/64.0"
212.186.238.50 - - [07/Jan/2019:12:40:42 +0100] "GET /11763368?print=true HTTP/1.1" 200 2651 "http://renault.activities.at/result?dir=DESC&mode=grid&order=name&limit=15&page=2&search=scenic" "Mozilla/5.0 (Windows NT 10.0; Win64; x64; rv:64.0) Gecko/20100101 Firefox/64.0"
212.186.238.50 - - [07/Jan/2019:12:40:45 +0100] "GET /css/reset.css HTTP/1.1" 200 1356 "http://renault.activities.at/11763368?print=true" "Mozilla/5.0 (Windows NT 10.0; Win64; x64; rv:64.0) Gecko/20100101 Firefox/64.0"
212.186.238.50 - - [07/Jan/2019:12:40:45 +0100] "GET /js/checkout.css HTTP/1.1" 200 359 "http://renault.activities.at/11763368?print=true" "Mozilla/5.0 (Windows NT 10.0; Win64; x64; rv:64.0) Gecko/20100101 Firefox/64.0"
212.186.238.50 - - [07/Jan/2019:12:40:45 +0100] "GET /css/clears.css HTTP/1.1" 200 851 "http://renault.activities.at/11763368?print=true" "Mozilla/5.0 (Windows NT 10.0; Win64; x64; rv:64.0) Gecko/20100101 Firefox/64.0"
212.186.238.50 - - [07/Jan/2019:12:40:45 +0100] "GET /css/prototip.css HTTP/1.1" 200 968 "http://renault.activities.at/11763368?print=true" "Mozilla/5.0 (Windows NT 10.0; Win64; x64; rv:64.0) Gecko/20100101 Firefox/64.0"
212.186.238.50 - - [07/Jan/2019:12:40:45 +0100] "GET /css/themes/default.css HTTP/1.1" 200 769 "http://renault.activities.at/11763368?print=true" "Mozilla/5.0 (Windows NT 10.0; Win64; x64; rv:64.0) Gecko/20100101 Firefox/64.0"
212.186.238.50 - - [07/Jan/2019:12:40:45 +0100] "GET /css/themes/alphacube.css HTTP/1.1" 200 743 "http://renault.activities.at/11763368?print=true" "Mozilla/5.0 (Windows NT 10.0; Win64; x64; rv:64.0) Gecko/20100101 Firefox/64.0"
212.186.238.50 - - [07/Jan/2019:12:40:45 +0100] "GET /js/magiczoom/magiczoom.css HTTP/1.1" 200 1210 "http://renault.activities.at/11763368?print=true" "Mozilla/5.0 (Windows NT 10.0; Win64; x64; rv:64.0) Gecko/20100101 Firefox/64.0"
212.186.238.50 - - [07/Jan/2019:12:40:45 +0100] "GET /js/magiczoom/magiczoom.js HTTP/1.1" 200 26397 "http://renault.activities.at/11763368?print=true" "Mozilla/5.0 (Windows NT 10.0; Win64; x64; rv:64.0) Gecko/20100101 Firefox/64.0"
212.186.238.50 - - [07/Jan/2019:12:40:45 +0100] "GET /js/Produkt.js HTTP/1.1" 200 852 "http://renault.activities.at/11763368?print=true" "Mozilla/5.0 (Windows NT 10.0; Win64; x64; rv:64.0) Gecko/20100101 Firefox/64.0"
212.186.238.50 - - [07/Jan/2019:12:40:45 +0100] "GET /loadthumbnail.php?id=11819632&width=250 HTTP/1.1" 200 12795 "http://renault.activities.at/11763368?print=true" "Mozilla/5.0 (Windows NT 10.0; Win64; x64; rv:64.0) Gecko/20100101 Firefox/64.0"
212.186.238.50 - - [07/Jan/2019:12:40:45 +0100] "GET /loadthumbnail.php?id=11819632&width=250 HTTP/1.1" 200 12795 "http://renault.activities.at/11763368?print=true" "Mozilla/5.0 (Windows NT 10.0; Win64; x64; rv:64.0) Gecko/20100101 Firefox/64.0"
212.186.238.50 - - [07/Jan/2019:12:40:45 +0100] "GET /loadthumbnail.php?id=11819632&width=900&height=900 HTTP/1.1" 200 108764 "http://renault.activities.at/11763368?print=true" "Mozilla/5.0 (Windows NT 10.0; Win64; x64; rv:64.0) Gecko/20100101 Firefox/64.0"
212.186.238.50 - - [07/Jan/2019:12:40:45 +0100] "GET /js/magiczoom/graphics/hint.gif HTTP/1.1" 200 73 "http://renault.activities.at/js/magiczoom/magiczoom.css" "Mozilla/5.0 (Windows NT 10.0; Win64; x64; rv:64.0) Gecko/20100101 Firefox/64.0"
212.186.238.50 - - [07/Jan/2019:12:40:48 +0100] "GET /images/vista-up-hover.gif HTTP/1.1" 200 130 "http://renault.activities.at/css/styles.css" "Mozilla/5.0 (Windows NT 10.0; Win64; x64; rv:64.0) Gecko/20100101 Firefox/64.0"
213.153.47.173 - - [07/Jan/2019:12:40:48 +0100] "GET /reload?ser=1546861248674 HTTP/1.1" 200 28 "http://renault.activities.at/login?required=true" "Mozilla/5.0 (Windows NT 10.0; Win64; x64; rv:64.0) Gecko/20100101 Firefox/64.0"
212.186.238.50 - - [07/Jan/2019:12:40:54 +0100] "GET /images/vista-dn-hover.gif HTTP/1.1" 200 127 "http://renault.activities.at/css/styles.css" "Mozilla/5.0 (Windows NT 10.0; Win64; x64; rv:64.0) Gecko/20100101 Firefox/64.0"
212.186.238.50 - - [07/Jan/2019:12:40:55 +0100] "POST /11763368?print=true HTTP/1.1" 200 2762 "http://renault.activities.at/11763368?print=true" "Mozilla/5.0 (Windows NT 10.0; Win64; x64; rv:64.0) Gecko/20100101 Firefox/64.0"
212.186.238.50 - - [07/Jan/2019:12:40:56 +0100] "GET /js/checkout.css HTTP/1.1" 200 359 "http://renault.activities.at/11763368?print=true" "Mozilla/5.0 (Windows NT 10.0; Win64; x64; rv:64.0) Gecko/20100101 Firefox/64.0"
212.186.238.50 - - [07/Jan/2019:12:40:56 +0100] "GET /css/prototip.css HTTP/1.1" 200 968 "http://renault.activities.at/11763368?print=true" "Mozilla/5.0 (Windows NT 10.0; Win64; x64; rv:64.0) Gecko/20100101 Firefox/64.0"
212.186.238.50 - - [07/Jan/2019:12:40:56 +0100] "GET /css/themes/default.css HTTP/1.1" 200 769 "http://renault.activities.at/11763368?print=true" "Mozilla/5.0 (Windows NT 10.0; Win64; x64; rv:64.0) Gecko/20100101 Firefox/64.0"
212.186.238.50 - - [07/Jan/2019:12:40:56 +0100] "GET /css/themes/alphacube.css HTTP/1.1" 200 743 "http://renault.activities.at/11763368?print=true" "Mozilla/5.0 (Windows NT 10.0; Win64; x64; rv:64.0) Gecko/20100101 Firefox/64.0"
212.186.238.50 - - [07/Jan/2019:12:40:56 +0100] "GET /js/magiczoom/magiczoom.css HTTP/1.1" 200 1210 "http://renault.activities.at/11763368?print=true" "Mozilla/5.0 (Windows NT 10.0; Win64; x64; rv:64.0) Gecko/20100101 Firefox/64.0"
212.186.238.50 - - [07/Jan/2019:12:40:57 +0100] "GET /images/success_msg_icon.gif HTTP/1.1" 200 1024 "http://renault.activities.at/css/styles.css" "Mozilla/5.0 (Windows NT 10.0; Win64; x64; rv:64.0) Gecko/20100101 Firefox/64.0"
193.194.132.29 - - [07/Jan/2019:12:40:57 +0100] "GET /reload?ser=1546861257539 HTTP/1.1" 200 28 "http://renault.2web.at/account?loadrequest=true" "Mozilla/5.0 (Windows NT 6.1; WOW64; Trident/7.0; rv:11.0) like Gecko"
212.186.238.50 - - [07/Jan/2019:12:41:05 +0100] "GET /cart HTTP/1.1" 200 5275 "http://renault.activities.at/result?dir=DESC&mode=grid&order=name&limit=15&page=2&search=scenic" "Mozilla/5.0 (Windows NT 10.0; Win64; x64; rv:64.0) Gecko/20100101 Firefox/64.0"
212.186.238.50 - - [07/Jan/2019:12:41:08 +0100] "GET /css/prototip.css HTTP/1.1" 200 968 "http://renault.activities.at/cart" "Mozilla/5.0 (Windows NT 10.0; Win64; x64; rv:64.0) Gecko/20100101 Firefox/64.0"
212.186.238.50 - - [07/Jan/2019:12:41:08 +0100] "GET /css/themes/alphacube.css HTTP/1.1" 200 743 "http://renault.activities.at/cart" "Mozilla/5.0 (Windows NT 10.0; Win64; x64; rv:64.0) Gecko/20100101 Firefox/64.0"
212.186.238.50 - - [07/Jan/2019:12:41:08 +0100] "GET /loadthumbnail.php?id=10232009&width=16&height=16 HTTP/1.1" 200 700 "http://renault.activities.at/cart" "Mozilla/5.0 (Windows NT 10.0; Win64; x64; rv:64.0) Gecko/20100101 Firefox/64.0"
212.186.238.50 - - [07/Jan/2019:12:41:08 +0100] "GET /loadthumbnail.php?id=11819632&width=100 HTTP/1.1" 200 3041 "http://renault.activities.at/cart" "Mozilla/5.0 (Windows NT 10.0; Win64; x64; rv:64.0) Gecko/20100101 Firefox/64.0"
212.186.238.50 - - [07/Jan/2019:12:41:08 +0100] "GET /images/favicon.ico HTTP/1.1" 404 305 "-" "Mozilla/5.0 (Windows NT 10.0; Win64; x64; rv:64.0) Gecko/20100101 Firefox/64.0"
212.186.238.50 - - [07/Jan/2019:12:41:12 +0100] "GET /checkout HTTP/1.1" 200 10440 "http://renault.activities.at/cart" "Mozilla/5.0 (Windows NT 10.0; Win64; x64; rv:64.0) Gecko/20100101 Firefox/64.0"
212.186.238.50 - - [07/Jan/2019:12:41:16 +0100] "GET /css/prototip.css HTTP/1.1" 200 968 "http://renault.activities.at/checkout" "Mozilla/5.0 (Windows NT 10.0; Win64; x64; rv:64.0) Gecko/20100101 Firefox/64.0"
212.186.238.50 - - [07/Jan/2019:12:41:16 +0100] "GET /css/themes/alphacube.css HTTP/1.1" 200 743 "http://renault.activities.at/checkout" "Mozilla/5.0 (Windows NT 10.0; Win64; x64; rv:64.0) Gecko/20100101 Firefox/64.0"
212.186.238.50 - - [07/Jan/2019:12:41:16 +0100] "GET /js/checkout2.js HTTP/1.1" 200 4122 "http://renault.activities.at/checkout" "Mozilla/5.0 (Windows NT 10.0; Win64; x64; rv:64.0) Gecko/20100101 Firefox/64.0"
212.186.238.50 - - [07/Jan/2019:12:41:16 +0100] "GET /images/step_bg.jpg HTTP/1.1" 200 319 "http://renault.activities.at/css/styles.css" "Mozilla/5.0 (Windows NT 10.0; Win64; x64; rv:64.0) Gecko/20100101 Firefox/64.0"
212.186.238.50 - - [07/Jan/2019:12:41:16 +0100] "GET /images/step_marker.gif HTTP/1.1" 200 650 "http://renault.activities.at/css/styles.css" "Mozilla/5.0 (Windows NT 10.0; Win64; x64; rv:64.0) Gecko/20100101 Firefox/64.0"
212.186.238.50 - - [07/Jan/2019:12:41:16 +0100] "GET /images/checkout_border_top.gif HTTP/1.1" 200 156 "http://renault.activities.at/css/styles.css" "Mozilla/5.0 (Windows NT 10.0; Win64; x64; rv:64.0) Gecko/20100101 Firefox/64.0"
212.186.238.50 - - [07/Jan/2019:12:41:16 +0100] "GET /images/checkout_border.gif HTTP/1.1" 200 43 "http://renault.activities.at/css/styles.css" "Mozilla/5.0 (Windows NT 10.0; Win64; x64; rv:64.0) Gecko/20100101 Firefox/64.0"
212.186.238.50 - - [07/Jan/2019:12:41:16 +0100] "GET /loadthumbnail.php?id=10201939 HTTP/1.1" 200 201 "http://renault.activities.at/checkout" "Mozilla/5.0 (Windows NT 10.0; Win64; x64; rv:64.0) Gecko/20100101 Firefox/64.0"
212.186.238.50 - - [07/Jan/2019:12:41:16 +0100] "GET /loadthumbnail.php?id=10202698 HTTP/1.1" 200 16686 "http://renault.activities.at/checkout" "Mozilla/5.0 (Windows NT 10.0; Win64; x64; rv:64.0) Gecko/20100101 Firefox/64.0"
212.186.238.50 - - [07/Jan/2019:12:41:26 +0100] "POST /docheckout HTTP/1.1" 200 460 "http://renault.activities.at/checkout" "Mozilla/5.0 (Windows NT 10.0; Win64; x64; rv:64.0) Gecko/20100101 Firefox/64.0"
212.186.238.50 - - [07/Jan/2019:12:41:29 +0100] "POST /docheckout HTTP/1.1" 200 625 "http://renault.activities.at/checkout" "Mozilla/5.0 (Windows NT 10.0; Win64; x64; rv:64.0) Gecko/20100101 Firefox/64.0"
212.186.238.50 - - [07/Jan/2019:12:41:31 +0100] "GET /images/error_msg_icon.gif HTTP/1.1" 200 1013 "http://renault.activities.at/checkout" "Mozilla/5.0 (Windows NT 10.0; Win64; x64; rv:64.0) Gecko/20100101 Firefox/64.0"
212.186.238.50 - - [07/Jan/2019:12:41:32 +0100] "POST /docheckout HTTP/1.1" 200 68 "http://renault.activities.at/checkout" "Mozilla/5.0 (Windows NT 10.0; Win64; x64; rv:64.0) Gecko/20100101 Firefox/64.0"
212.186.238.50 - - [07/Jan/2019:12:41:35 +0100] "GET /success HTTP/1.1" 200 3935 "http://renault.activities.at/checkout" "Mozilla/5.0 (Windows NT 10.0; Win64; x64; rv:64.0) Gecko/20100101 Firefox/64.0"
212.186.238.50 - - [07/Jan/2019:12:41:37 +0100] "GET /css/prototip.css HTTP/1.1" 200 968 "http://renault.activities.at/success" "Mozilla/5.0 (Windows NT 10.0; Win64; x64; rv:64.0) Gecko/20100101 Firefox/64.0"
212.186.238.50 - - [07/Jan/2019:12:41:37 +0100] "GET /css/themes/alphacube.css HTTP/1.1" 200 743 "http://renault.activities.at/success" "Mozilla/5.0 (Windows NT 10.0; Win64; x64; rv:64.0) Gecko/20100101 Firefox/64.0"
80.147.214.42 - - [07/Jan/2019:12:41:37 +0100] "GET /reload?ser=1546861263487 HTTP/1.1" 200 28 "http://renault.activities.at/" "Mozilla/5.0 (Windows NT 6.1; WOW64; Trident/7.0; rv:11.0) like Gecko"
212.186.238.50 - - [07/Jan/2019:12:41:40 +0100] "GET /logout HTTP/1.1" 302 140 "http://renault.activities.at/success" "Mozilla/5.0 (Windows NT 10.0; Win64; x64; rv:64.0) Gecko/20100101 Firefox/64.0"
212.186.238.50 - - [07/Jan/2019:12:41:41 +0100] "GET /logout HTTP/1.1" 200 1583 "http://renault.activities.at/success" "Mozilla/5.0 (Windows NT 10.0; Win64; x64; rv:64.0) Gecko/20100101 Firefox/64.0"
212.186.238.50 - - [07/Jan/2019:12:41:42 +0100] "GET /css/prototip.css HTTP/1.1" 200 968 "http://renault.activities.at/logout" "Mozilla/5.0 (Windows NT 10.0; Win64; x64; rv:64.0) Gecko/20100101 Firefox/64.0"
212.186.238.50 - - [07/Jan/2019:12:41:47 +0100] "GET / HTTP/1.1" 200 3417 "http://renault.activities.at/logout" "Mozilla/5.0 (Windows NT 10.0; Win64; x64; rv:64.0) Gecko/20100101 Firefox/64.0"
212.186.238.50 - - [07/Jan/2019:12:41:48 +0100] "GET /css/prototip.css HTTP/1.1" 200 968 "http://renault.activities.at/" "Mozilla/5.0 (Windows NT 10.0; Win64; x64; rv:64.0) Gecko/20100101 Firefox/64.0"
213.153.47.173 - - [07/Jan/2019:12:41:49 +0100] "GET /reload?ser=1546861309345 HTTP/1.1" 200 28 "http://renault.activities.at/login?required=true" "Mozilla/5.0 (Windows NT 10.0; Win64; x64; rv:64.0) Gecko/20100101 Firefox/64.0"
193.194.132.29 - - [07/Jan/2019:12:41:58 +0100] "GET /reload?ser=1546861318647 HTTP/1.1" 200 28 "http://renault.2web.at/account?loadrequest=true" "Mozilla/5.0 (Windows NT 6.1; WOW64; Trident/7.0; rv:11.0) like Gecko"
80.147.214.42 - - [07/Jan/2019:12:42:38 +0100] "GET /reload?ser=1546861324179 HTTP/1.1" 200 28 "http://renault.activities.at/" "Mozilla/5.0 (Windows NT 6.1; WOW64; Trident/7.0; rv:11.0) like Gecko"
212.186.238.50 - - [07/Jan/2019:12:42:48 +0100] "GET /reload?ser=1546861465027 HTTP/1.1" 200 28 "http://renault.activities.at/" "Mozilla/5.0 (Windows NT 10.0; Win64; x64; rv:64.0) Gecko/20100101 Firefox/64.0"
213.153.47.173 - - [07/Jan/2019:12:42:50 +0100] "GET /reload?ser=1546861370014 HTTP/1.1" 200 28 "http://renault.activities.at/login?required=true" "Mozilla/5.0 (Windows NT 10.0; Win64; x64; rv:64.0) Gecko/20100101 Firefox/64.0"
193.194.132.29 - - [07/Jan/2019:12:42:59 +0100] "GET /reload?ser=1546861379709 HTTP/1.1" 200 28 "http://renault.2web.at/account?loadrequest=true" "Mozilla/5.0 (Windows NT 6.1; WOW64; Trident/7.0; rv:11.0) like Gecko"
80.147.214.42 - - [07/Jan/2019:12:43:39 +0100] "GET /reload?ser=1546861384863 HTTP/1.1" 200 28 "http://renault.activities.at/" "Mozilla/5.0 (Windows NT 6.1; WOW64; Trident/7.0; rv:11.0) like Gecko"
212.186.238.50 - - [07/Jan/2019:12:43:49 +0100] "GET /reload?ser=1546861525676 HTTP/1.1" 200 28 "http://renault.activities.at/" "Mozilla/5.0 (Windows NT 10.0; Win64; x64; rv:64.0) Gecko/20100101 Firefox/64.0"
213.153.47.173 - - [07/Jan/2019:12:43:50 +0100] "GET /reload?ser=1546861430665 HTTP/1.1" 200 28 "http://renault.activities.at/login?required=true" "Mozilla/5.0 (Windows NT 10.0; Win64; x64; rv:64.0) Gecko/20100101 Firefox/64.0"
193.194.132.29 - - [07/Jan/2019:12:44:00 +0100] "GET /reload?ser=1546861440736 HTTP/1.1" 200 28 "http://renault.2web.at/account?loadrequest=true" "Mozilla/5.0 (Windows NT 6.1; WOW64; Trident/7.0; rv:11.0) like Gecko"
80.147.214.42 - - [07/Jan/2019:12:44:39 +0100] "GET /reload?ser=1546861445561 HTTP/1.1" 200 28 "http://renault.activities.at/" "Mozilla/5.0 (Windows NT 6.1; WOW64; Trident/7.0; rv:11.0) like Gecko"
212.186.238.50 - - [07/Jan/2019:12:44:49 +0100] "GET /reload?ser=1546861586324 HTTP/1.1" 200 28 "http://renault.activities.at/" "Mozilla/5.0 (Windows NT 10.0; Win64; x64; rv:64.0) Gecko/20100101 Firefox/64.0"
213.153.47.173 - - [07/Jan/2019:12:44:51 +0100] "GET /reload?ser=1546861491334 HTTP/1.1" 200 28 "http://renault.activities.at/login?required=true" "Mozilla/5.0 (Windows NT 10.0; Win64; x64; rv:64.0) Gecko/20100101 Firefox/64.0"
193.194.132.29 - - [07/Jan/2019:12:45:01 +0100] "GET /reload?ser=1546861501803 HTTP/1.1" 200 28 "http://renault.2web.at/account?loadrequest=true" "Mozilla/5.0 (Windows NT 6.1; WOW64; Trident/7.0; rv:11.0) like Gecko"
80.147.214.42 - - [07/Jan/2019:12:45:40 +0100] "GET /reload?ser=1546861506266 HTTP/1.1" 200 28 "http://renault.activities.at/" "Mozilla/5.0 (Windows NT 6.1; WOW64; Trident/7.0; rv:11.0) like Gecko"
212.186.238.50 - - [07/Jan/2019:12:45:50 +0100] "GET /reload?ser=1546861646959 HTTP/1.1" 200 28 "http://renault.activities.at/" "Mozilla/5.0 (Windows NT 10.0; Win64; x64; rv:64.0) Gecko/20100101 Firefox/64.0"
213.153.47.173 - - [07/Jan/2019:12:45:52 +0100] "GET /reload?ser=1546861551993 HTTP/1.1" 200 28 "http://renault.activities.at/login?required=true" "Mozilla/5.0 (Windows NT 10.0; Win64; x64; rv:64.0) Gecko/20100101 Firefox/64.0"
193.194.132.29 - - [07/Jan/2019:12:46:02 +0100] "GET /reload?ser=1546861562853 HTTP/1.1" 200 28 "http://renault.2web.at/account?loadrequest=true" "Mozilla/5.0 (Windows NT 6.1; WOW64; Trident/7.0; rv:11.0) like Gecko"
80.147.214.42 - - [07/Jan/2019:12:46:41 +0100] "GET /reload?ser=1546861566957 HTTP/1.1" 200 28 "http://renault.activities.at/" "Mozilla/5.0 (Windows NT 6.1; WOW64; Trident/7.0; rv:11.0) like Gecko"
212.186.238.50 - - [07/Jan/2019:12:46:51 +0100] "GET /reload?ser=1546861707594 HTTP/1.1" 200 28 "http://renault.activities.at/" "Mozilla/5.0 (Windows NT 10.0; Win64; x64; rv:64.0) Gecko/20100101 Firefox/64.0"
213.153.47.173 - - [07/Jan/2019:12:46:52 +0100] "GET /reload?ser=1546861612674 HTTP/1.1" 200 28 "http://renault.activities.at/login?required=true" "Mozilla/5.0 (Windows NT 10.0; Win64; x64; rv:64.0) Gecko/20100101 Firefox/64.0"
193.194.132.29 - - [07/Jan/2019:12:47:04 +0100] "GET /reload?ser=1546861623947 HTTP/1.1" 200 28 "http://renault.2web.at/account?loadrequest=true" "Mozilla/5.0 (Windows NT 6.1; WOW64; Trident/7.0; rv:11.0) like Gecko"
80.147.214.42 - - [07/Jan/2019:12:47:41 +0100] "GET /reload?ser=1546861627661 HTTP/1.1" 200 28 "http://renault.activities.at/" "Mozilla/5.0 (Windows NT 6.1; WOW64; Trident/7.0; rv:11.0) like Gecko"
212.186.238.50 - - [07/Jan/2019:12:47:51 +0100] "GET /reload?ser=1546861768244 HTTP/1.1" 200 28 "http://renault.activities.at/" "Mozilla/5.0 (Windows NT 10.0; Win64; x64; rv:64.0) Gecko/20100101 Firefox/64.0"
213.153.47.173 - - [07/Jan/2019:12:47:53 +0100] "GET /reload?ser=1546861673324 HTTP/1.1" 200 28 "http://renault.activities.at/login?required=true" "Mozilla/5.0 (Windows NT 10.0; Win64; x64; rv:64.0) Gecko/20100101 Firefox/64.0"
193.194.132.29 - - [07/Jan/2019:12:48:05 +0100] "GET /reload?ser=1546861685025 HTTP/1.1" 200 28 "http://renault.2web.at/account?loadrequest=true" "Mozilla/5.0 (Windows NT 6.1; WOW64; Trident/7.0; rv:11.0) like Gecko"
80.147.214.42 - - [07/Jan/2019:12:48:42 +0100] "GET /reload?ser=1546861688363 HTTP/1.1" 200 28 "http://renault.activities.at/" "Mozilla/5.0 (Windows NT 6.1; WOW64; Trident/7.0; rv:11.0) like Gecko"
212.186.238.50 - - [07/Jan/2019:12:48:52 +0100] "GET /reload?ser=1546861828892 HTTP/1.1" 200 28 "http://renault.activities.at/" "Mozilla/5.0 (Windows NT 10.0; Win64; x64; rv:64.0) Gecko/20100101 Firefox/64.0"
213.153.47.173 - - [07/Jan/2019:12:48:54 +0100] "GET /reload?ser=1546861733993 HTTP/1.1" 200 28 "http://renault.activities.at/login?required=true" "Mozilla/5.0 (Windows NT 10.0; Win64; x64; rv:64.0) Gecko/20100101 Firefox/64.0"
193.194.132.29 - - [07/Jan/2019:12:49:06 +0100] "GET /reload?ser=1546861746073 HTTP/1.1" 200 28 "http://renault.2web.at/account?loadrequest=true" "Mozilla/5.0 (Windows NT 6.1; WOW64; Trident/7.0; rv:11.0) like Gecko"
80.147.214.42 - - [07/Jan/2019:12:49:43 +0100] "GET /reload?ser=1546861749045 HTTP/1.1" 200 28 "http://renault.activities.at/" "Mozilla/5.0 (Windows NT 6.1; WOW64; Trident/7.0; rv:11.0) like Gecko"
212.186.238.50 - - [07/Jan/2019:12:49:53 +0100] "GET /reload?ser=1546861889526 HTTP/1.1" 200 28 "http://renault.activities.at/" "Mozilla/5.0 (Windows NT 10.0; Win64; x64; rv:64.0) Gecko/20100101 Firefox/64.0"
213.153.47.173 - - [07/Jan/2019:12:49:54 +0100] "GET /reload?ser=1546861794654 HTTP/1.1" 200 28 "http://renault.activities.at/login?required=true" "Mozilla/5.0 (Windows NT 10.0; Win64; x64; rv:64.0) Gecko/20100101 Firefox/64.0"
193.194.132.29 - - [07/Jan/2019:12:50:07 +0100] "GET /reload?ser=1546861807146 HTTP/1.1" 200 28 "http://renault.2web.at/account?loadrequest=true" "Mozilla/5.0 (Windows NT 6.1; WOW64; Trident/7.0; rv:11.0) like Gecko"
80.147.214.42 - - [07/Jan/2019:12:50:44 +0100] "GET /reload?ser=1546861809750 HTTP/1.1" 200 28 "http://renault.activities.at/" "Mozilla/5.0 (Windows NT 6.1; WOW64; Trident/7.0; rv:11.0) like Gecko"
212.186.238.50 - - [07/Jan/2019:12:50:53 +0100] "GET /reload?ser=1546861950160 HTTP/1.1" 200 28 "http://renault.activities.at/" "Mozilla/5.0 (Windows NT 10.0; Win64; x64; rv:64.0) Gecko/20100101 Firefox/64.0"
213.153.47.173 - - [07/Jan/2019:12:50:55 +0100] "GET /reload?ser=1546861855333 HTTP/1.1" 200 28 "http://renault.activities.at/login?required=true" "Mozilla/5.0 (Windows NT 10.0; Win64; x64; rv:64.0) Gecko/20100101 Firefox/64.0"
193.194.132.29 - - [07/Jan/2019:12:51:08 +0100] "GET /reload?ser=1546861868256 HTTP/1.1" 200 28 "http://renault.2web.at/account?loadrequest=true" "Mozilla/5.0 (Windows NT 6.1; WOW64; Trident/7.0; rv:11.0) like Gecko"
80.147.214.42 - - [07/Jan/2019:12:51:44 +0100] "GET /reload?ser=1546861870455 HTTP/1.1" 200 28 "http://renault.activities.at/" "Mozilla/5.0 (Windows NT 6.1; WOW64; Trident/7.0; rv:11.0) like Gecko"
212.186.238.50 - - [07/Jan/2019:12:51:54 +0100] "GET /reload?ser=1546862010812 HTTP/1.1" 200 28 "http://renault.activities.at/" "Mozilla/5.0 (Windows NT 10.0; Win64; x64; rv:64.0) Gecko/20100101 Firefox/64.0"
213.153.47.173 - - [07/Jan/2019:12:51:56 +0100] "GET /reload?ser=1546861916003 HTTP/1.1" 200 28 "http://renault.activities.at/login?required=true" "Mozilla/5.0 (Windows NT 10.0; Win64; x64; rv:64.0) Gecko/20100101 Firefox/64.0"
193.194.132.29 - - [07/Jan/2019:12:52:09 +0100] "GET /reload?ser=1546861929343 HTTP/1.1" 200 28 "http://renault.2web.at/account?loadrequest=true" "Mozilla/5.0 (Windows NT 6.1; WOW64; Trident/7.0; rv:11.0) like Gecko"
80.147.214.42 - - [07/Jan/2019:12:52:45 +0100] "GET /reload?ser=1546861931140 HTTP/1.1" 200 28 "http://renault.activities.at/" "Mozilla/5.0 (Windows NT 6.1; WOW64; Trident/7.0; rv:11.0) like Gecko"
212.186.238.50 - - [07/Jan/2019:12:52:55 +0100] "GET /reload?ser=1546862071461 HTTP/1.1" 200 28 "http://renault.activities.at/" "Mozilla/5.0 (Windows NT 10.0; Win64; x64; rv:64.0) Gecko/20100101 Firefox/64.0"
213.153.47.173 - - [07/Jan/2019:12:52:56 +0100] "GET /reload?ser=1546861976674 HTTP/1.1" 200 28 "http://renault.activities.at/login?required=true" "Mozilla/5.0 (Windows NT 10.0; Win64; x64; rv:64.0) Gecko/20100101 Firefox/64.0"
193.194.132.29 - - [07/Jan/2019:12:53:10 +0100] "GET /reload?ser=1546861990426 HTTP/1.1" 200 28 "http://renault.2web.at/account?loadrequest=true" "Mozilla/5.0 (Windows NT 6.1; WOW64; Trident/7.0; rv:11.0) like Gecko"
80.147.214.42 - - [07/Jan/2019:12:53:46 +0100] "GET /reload?ser=1546861991828 HTTP/1.1" 200 28 "http://renault.activities.at/" "Mozilla/5.0 (Windows NT 6.1; WOW64; Trident/7.0; rv:11.0) like Gecko"
212.186.238.50 - - [07/Jan/2019:12:53:55 +0100] "GET /reload?ser=1546862132109 HTTP/1.1" 200 28 "http://renault.activities.at/" "Mozilla/5.0 (Windows NT 10.0; Win64; x64; rv:64.0) Gecko/20100101 Firefox/64.0"
213.153.47.173 - - [07/Jan/2019:12:53:57 +0100] "GET /reload?ser=1546862037333 HTTP/1.1" 200 28 "http://renault.activities.at/login?required=true" "Mozilla/5.0 (Windows NT 10.0; Win64; x64; rv:64.0) Gecko/20100101 Firefox/64.0"
193.194.132.29 - - [07/Jan/2019:12:54:11 +0100] "GET /reload?ser=1546862051504 HTTP/1.1" 200 28 "http://renault.2web.at/account?loadrequest=true" "Mozilla/5.0 (Windows NT 6.1; WOW64; Trident/7.0; rv:11.0) like Gecko"
80.147.214.42 - - [07/Jan/2019:12:54:46 +0100] "GET /reload?ser=1546862052516 HTTP/1.1" 200 28 "http://renault.activities.at/" "Mozilla/5.0 (Windows NT 6.1; WOW64; Trident/7.0; rv:11.0) like Gecko"
212.186.238.50 - - [07/Jan/2019:12:54:56 +0100] "GET /reload?ser=1546862192759 HTTP/1.1" 200 28 "http://renault.activities.at/" "Mozilla/5.0 (Windows NT 10.0; Win64; x64; rv:64.0) Gecko/20100101 Firefox/64.0"
213.153.47.173 - - [07/Jan/2019:12:54:58 +0100] "GET /reload?ser=1546862097993 HTTP/1.1" 200 28 "http://renault.activities.at/login?required=true" "Mozilla/5.0 (Windows NT 10.0; Win64; x64; rv:64.0) Gecko/20100101 Firefox/64.0"
193.194.132.29 - - [07/Jan/2019:12:55:12 +0100] "GET /reload?ser=1546862112593 HTTP/1.1" 200 28 "http://renault.2web.at/account?loadrequest=true" "Mozilla/5.0 (Windows NT 6.1; WOW64; Trident/7.0; rv:11.0) like Gecko"
80.147.214.42 - - [07/Jan/2019:12:55:47 +0100] "GET /reload?ser=1546862113215 HTTP/1.1" 200 28 "http://renault.activities.at/" "Mozilla/5.0 (Windows NT 6.1; WOW64; Trident/7.0; rv:11.0) like Gecko"
212.186.238.50 - - [07/Jan/2019:12:55:57 +0100] "GET /reload?ser=1546862253408 HTTP/1.1" 200 28 "http://renault.activities.at/" "Mozilla/5.0 (Windows NT 10.0; Win64; x64; rv:64.0) Gecko/20100101 Firefox/64.0"
213.153.47.173 - - [07/Jan/2019:12:55:58 +0100] "GET /reload?ser=1546862158653 HTTP/1.1" 200 28 "http://renault.activities.at/login?required=true" "Mozilla/5.0 (Windows NT 10.0; Win64; x64; rv:64.0) Gecko/20100101 Firefox/64.0"
193.194.132.29 - - [07/Jan/2019:12:56:13 +0100] "GET /reload?ser=1546862173675 HTTP/1.1" 200 28 "http://renault.2web.at/account?loadrequest=true" "Mozilla/5.0 (Windows NT 6.1; WOW64; Trident/7.0; rv:11.0) like Gecko"
80.147.214.42 - - [07/Jan/2019:12:56:48 +0100] "GET /reload?ser=1546862173911 HTTP/1.1" 200 28 "http://renault.activities.at/" "Mozilla/5.0 (Windows NT 6.1; WOW64; Trident/7.0; rv:11.0) like Gecko"
212.186.238.50 - - [07/Jan/2019:12:56:57 +0100] "GET /reload?ser=1546862314057 HTTP/1.1" 200 28 "http://renault.activities.at/" "Mozilla/5.0 (Windows NT 10.0; Win64; x64; rv:64.0) Gecko/20100101 Firefox/64.0"
213.153.47.173 - - [07/Jan/2019:12:56:59 +0100] "GET /reload?ser=1546862219323 HTTP/1.1" 200 28 "http://renault.activities.at/login?required=true" "Mozilla/5.0 (Windows NT 10.0; Win64; x64; rv:64.0) Gecko/20100101 Firefox/64.0"
193.194.132.29 - - [07/Jan/2019:12:57:14 +0100] "GET /reload?ser=1546862234734 HTTP/1.1" 200 28 "http://renault.2web.at/account?loadrequest=true" "Mozilla/5.0 (Windows NT 6.1; WOW64; Trident/7.0; rv:11.0) like Gecko"
