188.21.129.54 - - [08/Jan/2019:12:14:31 +0100] "GET /reload?ser=1546946071761 HTTP/1.1" 200 28 "http://renault.activities.at/result?searchterm=true&search=Stunden" "Mozilla/5.0 (Windows NT 6.1; WOW64; Trident/7.0; rv:11.0) like Gecko"
80.123.225.36 - - [08/Jan/2019:12:14:33 +0100] "GET /reload?ser=1546946068669 HTTP/1.1" 200 28 "http://renault.activities.at/success" "Mozilla/5.0 (Windows NT 6.1; WOW64; Trident/7.0; rv:11.0) like Gecko"
82.135.5.126 - - [08/Jan/2019:12:14:37 +0100] "GET /reload?ser=1546946077021 HTTP/1.1" 200 28 "http://renault.activities.at/10201442?dir=DESC&mode=grid&order=name&limit=15&page=2&cat=10260257" "Mozilla/5.0 (Windows NT 10.0; WOW64; Trident/7.0; rv:11.0) like Gecko"
213.90.59.82 - - [08/Jan/2019:12:14:43 +0100] "GET /reload?ser=1546946079296 HTTP/1.1" 200 28 "http://renault.activities.at/" "Mozilla/4.0 (compatible; MSIE 7.0; Windows NT 5.1; Trident/4.0; GTB7.5; .NET CLR 2.0.50727; .NET CLR 3.0.4506.2152; .NET CLR 3.5.30729; .NET4.0C; .NET4.0E; InfoPath.1; OfficeLiveConnector.1.5; OfficeLivePatch.1.3)"
80.123.225.36 - - [08/Jan/2019:12:14:53 +0100] "GET /reload?ser=1546946092194 HTTP/1.1" 200 28 "http://renault.activities.at/success" "Mozilla/5.0 (Windows NT 10.0; Win64; x64) AppleWebKit/537.36 (KHTML, like Gecko) Chrome/71.0.3578.98 Safari/537.36"
213.153.47.173 - - [08/Jan/2019:12:15:04 +0100] "GET /reload?ser=1546946104221 HTTP/1.1" 200 28 "http://renault.activities.at/login?required=true" "Mozilla/5.0 (Windows NT 10.0; Win64; x64; rv:64.0) Gecko/20100101 Firefox/64.0"
188.21.129.54 - - [08/Jan/2019:12:15:32 +0100] "GET /reload?ser=1546946132837 HTTP/1.1" 200 28 "http://renault.activities.at/result?searchterm=true&search=Stunden" "Mozilla/5.0 (Windows NT 6.1; WOW64; Trident/7.0; rv:11.0) like Gecko"
80.123.225.36 - - [08/Jan/2019:12:15:34 +0100] "GET /reload?ser=1546946129680 HTTP/1.1" 200 28 "http://renault.activities.at/success" "Mozilla/5.0 (Windows NT 6.1; WOW64; Trident/7.0; rv:11.0) like Gecko"
82.135.5.126 - - [08/Jan/2019:12:15:38 +0100] "GET /reload?ser=1546946138003 HTTP/1.1" 200 28 "http://renault.activities.at/10201442?dir=DESC&mode=grid&order=name&limit=15&page=2&cat=10260257" "Mozilla/5.0 (Windows NT 10.0; WOW64; Trident/7.0; rv:11.0) like Gecko"
213.90.59.82 - - [08/Jan/2019:12:15:44 +0100] "GET /reload?ser=1546946139921 HTTP/1.1" 200 28 "http://renault.activities.at/" "Mozilla/4.0 (compatible; MSIE 7.0; Windows NT 5.1; Trident/4.0; GTB7.5; .NET CLR 2.0.50727; .NET CLR 3.0.4506.2152; .NET CLR 3.5.30729; .NET4.0C; .NET4.0E; InfoPath.1; OfficeLiveConnector.1.5; OfficeLivePatch.1.3)"
80.123.225.36 - - [08/Jan/2019:12:15:54 +0100] "GET /reload?ser=1546946153132 HTTP/1.1" 200 28 "http://renault.activities.at/success" "Mozilla/5.0 (Windows NT 10.0; Win64; x64) AppleWebKit/537.36 (KHTML, like Gecko) Chrome/71.0.3578.98 Safari/537.36"
213.153.47.173 - - [08/Jan/2019:12:16:04 +0100] "GET /reload?ser=1546946164877 HTTP/1.1" 200 28 "http://renault.activities.at/login?required=true" "Mozilla/5.0 (Windows NT 10.0; Win64; x64; rv:64.0) Gecko/20100101 Firefox/64.0"
188.21.129.54 - - [08/Jan/2019:12:16:33 +0100] "GET /reload?ser=1546946193830 HTTP/1.1" 200 28 "http://renault.activities.at/result?searchterm=true&search=Stunden" "Mozilla/5.0 (Windows NT 6.1; WOW64; Trident/7.0; rv:11.0) like Gecko"
80.123.225.36 - - [08/Jan/2019:12:16:35 +0100] "GET /reload?ser=1546946190675 HTTP/1.1" 200 28 "http://renault.activities.at/success" "Mozilla/5.0 (Windows NT 6.1; WOW64; Trident/7.0; rv:11.0) like Gecko"
82.135.5.126 - - [08/Jan/2019:12:16:39 +0100] "GET /reload?ser=1546946199004 HTTP/1.1" 200 28 "http://renault.activities.at/10201442?dir=DESC&mode=grid&order=name&limit=15&page=2&cat=10260257" "Mozilla/5.0 (Windows NT 10.0; WOW64; Trident/7.0; rv:11.0) like Gecko"
213.90.59.82 - - [08/Jan/2019:12:16:44 +0100] "GET /reload?ser=1546946200546 HTTP/1.1" 200 28 "http://renault.activities.at/" "Mozilla/4.0 (compatible; MSIE 7.0; Windows NT 5.1; Trident/4.0; GTB7.5; .NET CLR 2.0.50727; .NET CLR 3.0.4506.2152; .NET CLR 3.5.30729; .NET4.0C; .NET4.0E; InfoPath.1; OfficeLiveConnector.1.5; OfficeLivePatch.1.3)"
80.123.225.36 - - [08/Jan/2019:12:16:55 +0100] "GET /reload?ser=1546946214115 HTTP/1.1" 200 28 "http://renault.activities.at/success" "Mozilla/5.0 (Windows NT 10.0; Win64; x64) AppleWebKit/537.36 (KHTML, like Gecko) Chrome/71.0.3578.98 Safari/537.36"
213.153.47.173 - - [08/Jan/2019:12:17:05 +0100] "GET /reload?ser=1546946225538 HTTP/1.1" 200 28 "http://renault.activities.at/login?required=true" "Mozilla/5.0 (Windows NT 10.0; Win64; x64; rv:64.0) Gecko/20100101 Firefox/64.0"
188.21.129.54 - - [08/Jan/2019:12:17:34 +0100] "GET /reload?ser=1546946254814 HTTP/1.1" 200 28 "http://renault.activities.at/result?searchterm=true&search=Stunden" "Mozilla/5.0 (Windows NT 6.1; WOW64; Trident/7.0; rv:11.0) like Gecko"
80.123.225.36 - - [08/Jan/2019:12:17:35 +0100] "GET /reload?ser=1546946251638 HTTP/1.1" 200 28 "http://renault.activities.at/success" "Mozilla/5.0 (Windows NT 6.1; WOW64; Trident/7.0; rv:11.0) like Gecko"
82.135.5.126 - - [08/Jan/2019:12:17:40 +0100] "GET /reload?ser=1546946259975 HTTP/1.1" 200 28 "http://renault.activities.at/10201442?dir=DESC&mode=grid&order=name&limit=15&page=2&cat=10260257" "Mozilla/5.0 (Windows NT 10.0; WOW64; Trident/7.0; rv:11.0) like Gecko"
213.90.59.82 - - [08/Jan/2019:12:17:45 +0100] "GET /reload?ser=1546946261187 HTTP/1.1" 200 28 "http://renault.activities.at/" "Mozilla/4.0 (compatible; MSIE 7.0; Windows NT 5.1; Trident/4.0; GTB7.5; .NET CLR 2.0.50727; .NET CLR 3.0.4506.2152; .NET CLR 3.5.30729; .NET4.0C; .NET4.0E; InfoPath.1; OfficeLiveConnector.1.5; OfficeLivePatch.1.3)"
80.123.225.36 - - [08/Jan/2019:12:17:56 +0100] "GET /reload?ser=1546946275069 HTTP/1.1" 200 28 "http://renault.activities.at/success" "Mozilla/5.0 (Windows NT 10.0; Win64; x64) AppleWebKit/537.36 (KHTML, like Gecko) Chrome/71.0.3578.98 Safari/537.36"
213.153.47.173 - - [08/Jan/2019:12:18:06 +0100] "GET /reload?ser=1546946286249 HTTP/1.1" 200 28 "http://renault.activities.at/login?required=true" "Mozilla/5.0 (Windows NT 10.0; Win64; x64; rv:64.0) Gecko/20100101 Firefox/64.0"
188.21.129.54 - - [08/Jan/2019:12:18:35 +0100] "GET /reload?ser=1546946315819 HTTP/1.1" 200 28 "http://renault.activities.at/result?searchterm=true&search=Stunden" "Mozilla/5.0 (Windows NT 6.1; WOW64; Trident/7.0; rv:11.0) like Gecko"
80.123.225.36 - - [08/Jan/2019:12:18:36 +0100] "GET /reload?ser=1546946312632 HTTP/1.1" 200 28 "http://renault.activities.at/success" "Mozilla/5.0 (Windows NT 6.1; WOW64; Trident/7.0; rv:11.0) like Gecko"
82.135.5.126 - - [08/Jan/2019:12:18:41 +0100] "GET /reload?ser=1546946321028 HTTP/1.1" 200 28 "http://renault.activities.at/10201442?dir=DESC&mode=grid&order=name&limit=15&page=2&cat=10260257" "Mozilla/5.0 (Windows NT 10.0; WOW64; Trident/7.0; rv:11.0) like Gecko"
213.90.59.82 - - [08/Jan/2019:12:18:46 +0100] "GET /reload?ser=1546946321828 HTTP/1.1" 200 28 "http://renault.activities.at/" "Mozilla/4.0 (compatible; MSIE 7.0; Windows NT 5.1; Trident/4.0; GTB7.5; .NET CLR 2.0.50727; .NET CLR 3.0.4506.2152; .NET CLR 3.5.30729; .NET4.0C; .NET4.0E; InfoPath.1; OfficeLiveConnector.1.5; OfficeLivePatch.1.3)"
80.123.225.36 - - [08/Jan/2019:12:18:57 +0100] "GET /reload?ser=1546946336029 HTTP/1.1" 200 28 "http://renault.activities.at/success" "Mozilla/5.0 (Windows NT 10.0; Win64; x64) AppleWebKit/537.36 (KHTML, like Gecko) Chrome/71.0.3578.98 Safari/537.36"
213.153.47.173 - - [08/Jan/2019:12:19:06 +0100] "GET /reload?ser=1546946346907 HTTP/1.1" 200 28 "http://renault.activities.at/login?required=true" "Mozilla/5.0 (Windows NT 10.0; Win64; x64; rv:64.0) Gecko/20100101 Firefox/64.0"
188.21.129.54 - - [08/Jan/2019:12:19:36 +0100] "GET /reload?ser=1546946376880 HTTP/1.1" 200 28 "http://renault.activities.at/result?searchterm=true&search=Stunden" "Mozilla/5.0 (Windows NT 6.1; WOW64; Trident/7.0; rv:11.0) like Gecko"
80.123.225.36 - - [08/Jan/2019:12:19:37 +0100] "GET /reload?ser=1546946373627 HTTP/1.1" 200 28 "http://renault.activities.at/success" "Mozilla/5.0 (Windows NT 6.1; WOW64; Trident/7.0; rv:11.0) like Gecko"
82.135.5.126 - - [08/Jan/2019:12:19:42 +0100] "GET /reload?ser=1546946382026 HTTP/1.1" 200 28 "http://renault.activities.at/10201442?dir=DESC&mode=grid&order=name&limit=15&page=2&cat=10260257" "Mozilla/5.0 (Windows NT 10.0; WOW64; Trident/7.0; rv:11.0) like Gecko"
213.90.59.82 - - [08/Jan/2019:12:19:46 +0100] "GET /reload?ser=1546946382484 HTTP/1.1" 200 28 "http://renault.activities.at/" "Mozilla/4.0 (compatible; MSIE 7.0; Windows NT 5.1; Trident/4.0; GTB7.5; .NET CLR 2.0.50727; .NET CLR 3.0.4506.2152; .NET CLR 3.5.30729; .NET4.0C; .NET4.0E; InfoPath.1; OfficeLiveConnector.1.5; OfficeLivePatch.1.3)"
80.123.225.36 - - [08/Jan/2019:12:19:58 +0100] "GET /reload?ser=1546946396998 HTTP/1.1" 200 28 "http://renault.activities.at/success" "Mozilla/5.0 (Windows NT 10.0; Win64; x64) AppleWebKit/537.36 (KHTML, like Gecko) Chrome/71.0.3578.98 Safari/537.36"
213.153.47.173 - - [08/Jan/2019:12:20:07 +0100] "GET /reload?ser=1546946407569 HTTP/1.1" 200 28 "http://renault.activities.at/login?required=true" "Mozilla/5.0 (Windows NT 10.0; Win64; x64; rv:64.0) Gecko/20100101 Firefox/64.0"
188.21.129.54 - - [08/Jan/2019:12:20:37 +0100] "GET /reload?ser=1546946437859 HTTP/1.1" 200 28 "http://renault.activities.at/result?searchterm=true&search=Stunden" "Mozilla/5.0 (Windows NT 6.1; WOW64; Trident/7.0; rv:11.0) like Gecko"
80.123.225.36 - - [08/Jan/2019:12:20:38 +0100] "GET /reload?ser=1546946434637 HTTP/1.1" 200 28 "http://renault.activities.at/success" "Mozilla/5.0 (Windows NT 6.1; WOW64; Trident/7.0; rv:11.0) like Gecko"
82.135.5.126 - - [08/Jan/2019:12:20:43 +0100] "GET /reload?ser=1546946442993 HTTP/1.1" 200 28 "http://renault.activities.at/10201442?dir=DESC&mode=grid&order=name&limit=15&page=2&cat=10260257" "Mozilla/5.0 (Windows NT 10.0; WOW64; Trident/7.0; rv:11.0) like Gecko"
213.90.59.82 - - [08/Jan/2019:12:20:47 +0100] "GET /reload?ser=1546946443125 HTTP/1.1" 200 28 "http://renault.activities.at/" "Mozilla/4.0 (compatible; MSIE 7.0; Windows NT 5.1; Trident/4.0; GTB7.5; .NET CLR 2.0.50727; .NET CLR 3.0.4506.2152; .NET CLR 3.5.30729; .NET4.0C; .NET4.0E; InfoPath.1; OfficeLiveConnector.1.5; OfficeLivePatch.1.3)"
80.123.225.36 - - [08/Jan/2019:12:20:59 +0100] "GET /reload?ser=1546946457934 HTTP/1.1" 200 28 "http://renault.activities.at/success" "Mozilla/5.0 (Windows NT 10.0; Win64; x64) AppleWebKit/537.36 (KHTML, like Gecko) Chrome/71.0.3578.98 Safari/537.36"
213.153.47.173 - - [08/Jan/2019:12:21:08 +0100] "GET /reload?ser=1546946468269 HTTP/1.1" 200 28 "http://renault.activities.at/login?required=true" "Mozilla/5.0 (Windows NT 10.0; Win64; x64; rv:64.0) Gecko/20100101 Firefox/64.0"
90.152.153.42 - - [08/Jan/2019:12:21:11 +0100] "GET / HTTP/1.1" 200 3417 "http://www.google.at/url?sa=t&rct=j&q=&esrc=s&source=web&cd=1&ved=2ahUKEwjpzLDWiN7fAhURblAKHaUbDl0QFjAAegQIAxAC&url=http%3A%2F%2Frenault.activities.at%2F&usg=AOvVaw3f4IMOXk6tNg001mjujamn" "Mozilla/5.0 (Windows NT 6.1; WOW64; Trident/7.0; rv:11.0) like Gecko"
90.152.153.42 - - [08/Jan/2019:12:21:12 +0100] "GET /js/default.js HTTP/1.1" 200 14698 "http://renault.activities.at/" "Mozilla/5.0 (Windows NT 6.1; WOW64; Trident/7.0; rv:11.0) like Gecko"
90.152.153.42 - - [08/Jan/2019:12:21:12 +0100] "GET /js/flashdetection.js HTTP/1.1" 200 1059 "http://renault.activities.at/" "Mozilla/5.0 (Windows NT 6.1; WOW64; Trident/7.0; rv:11.0) like Gecko"
90.152.153.42 - - [08/Jan/2019:12:21:12 +0100] "GET /css/clears.css HTTP/1.1" 200 851 "http://renault.activities.at/" "Mozilla/5.0 (Windows NT 6.1; WOW64; Trident/7.0; rv:11.0) like Gecko"
90.152.153.42 - - [08/Jan/2019:12:21:12 +0100] "GET /css/reset.css HTTP/1.1" 200 1356 "http://renault.activities.at/" "Mozilla/5.0 (Windows NT 6.1; WOW64; Trident/7.0; rv:11.0) like Gecko"
90.152.153.42 - - [08/Jan/2019:12:21:12 +0100] "GET /css/styles.css HTTP/1.1" 200 14664 "http://renault.activities.at/" "Mozilla/5.0 (Windows NT 6.1; WOW64; Trident/7.0; rv:11.0) like Gecko"
90.152.153.42 - - [08/Jan/2019:12:21:12 +0100] "GET /css/print.css HTTP/1.1" 200 543 "http://renault.activities.at/" "Mozilla/5.0 (Windows NT 6.1; WOW64; Trident/7.0; rv:11.0) like Gecko"
90.152.153.42 - - [08/Jan/2019:12:21:12 +0100] "GET /js/checkout.css HTTP/1.1" 200 359 "http://renault.activities.at/" "Mozilla/5.0 (Windows NT 6.1; WOW64; Trident/7.0; rv:11.0) like Gecko"
90.152.153.42 - - [08/Jan/2019:12:21:12 +0100] "GET /css/prototip.css HTTP/1.1" 200 968 "http://renault.activities.at/" "Mozilla/5.0 (Windows NT 6.1; WOW64; Trident/7.0; rv:11.0) like Gecko"
90.152.153.42 - - [08/Jan/2019:12:21:12 +0100] "GET /css/themes/default.css HTTP/1.1" 200 769 "http://renault.activities.at/" "Mozilla/5.0 (Windows NT 6.1; WOW64; Trident/7.0; rv:11.0) like Gecko"
90.152.153.42 - - [08/Jan/2019:12:21:12 +0100] "GET /css/themes/alphacube.css HTTP/1.1" 200 743 "http://renault.activities.at/" "Mozilla/5.0 (Windows NT 6.1; WOW64; Trident/7.0; rv:11.0) like Gecko"
90.152.153.42 - - [08/Jan/2019:12:21:12 +0100] "GET /js/index.php?c=auto&f=,prototype/prototype.js,prototype/validation.js,scriptaculous/builder.js,scriptaculous/effects.js,scriptaculous/dragdrop.js,scriptaculous/controls.js,scriptaculous/slider.js,varien/js.js,varien/form.js,varien/menu.js,mage/translate.js,mage/cookies.js,varien/product.js,spinner/SpinnerControl.jsmin.js,prototype/window.js,prototype/window_ext.js HTTP/1.1" 200 94182 "http://renault.activities.at/" "Mozilla/5.0 (Windows NT 6.1; WOW64; Trident/7.0; rv:11.0) like Gecko"
90.152.153.42 - - [08/Jan/2019:12:21:12 +0100] "GET /images/main_block_border.gif HTTP/1.1" 200 43 "http://renault.activities.at/" "Mozilla/5.0 (Windows NT 6.1; WOW64; Trident/7.0; rv:11.0) like Gecko"
90.152.153.42 - - [08/Jan/2019:12:21:12 +0100] "GET /images/main_block_corner_left_bot.gif HTTP/1.1" 200 159 "http://renault.activities.at/" "Mozilla/5.0 (Windows NT 6.1; WOW64; Trident/7.0; rv:11.0) like Gecko"
90.152.153.42 - - [08/Jan/2019:12:21:12 +0100] "GET /images/main_block_corner_right_bot.gif HTTP/1.1" 200 158 "http://renault.activities.at/" "Mozilla/5.0 (Windows NT 6.1; WOW64; Trident/7.0; rv:11.0) like Gecko"
90.152.153.42 - - [08/Jan/2019:12:21:12 +0100] "GET /images/header_block_border.gif HTTP/1.1" 200 43 "http://renault.activities.at/" "Mozilla/5.0 (Windows NT 6.1; WOW64; Trident/7.0; rv:11.0) like Gecko"
90.152.153.42 - - [08/Jan/2019:12:21:12 +0100] "GET /images/header_block_corner_left_top.gif HTTP/1.1" 200 160 "http://renault.activities.at/" "Mozilla/5.0 (Windows NT 6.1; WOW64; Trident/7.0; rv:11.0) like Gecko"
90.152.153.42 - - [08/Jan/2019:12:21:12 +0100] "GET /images/header_block_corner_right_top.gif HTTP/1.1" 200 160 "http://renault.activities.at/" "Mozilla/5.0 (Windows NT 6.1; WOW64; Trident/7.0; rv:11.0) like Gecko"
90.152.153.42 - - [08/Jan/2019:12:21:13 +0100] "GET /images/main_block_corner_left_top.gif HTTP/1.1" 200 159 "http://renault.activities.at/" "Mozilla/5.0 (Windows NT 6.1; WOW64; Trident/7.0; rv:11.0) like Gecko"
90.152.153.42 - - [08/Jan/2019:12:21:13 +0100] "GET /images/main_block_corner_right_top.gif HTTP/1.1" 200 159 "http://renault.activities.at/" "Mozilla/5.0 (Windows NT 6.1; WOW64; Trident/7.0; rv:11.0) like Gecko"
90.152.153.42 - - [08/Jan/2019:12:21:13 +0100] "GET /images/title_border.jpg HTTP/1.1" 200 304 "http://renault.activities.at/" "Mozilla/5.0 (Windows NT 6.1; WOW64; Trident/7.0; rv:11.0) like Gecko"
90.152.153.42 - - [08/Jan/2019:12:21:13 +0100] "GET /images/title_border_top.jpg HTTP/1.1" 200 336 "http://renault.activities.at/" "Mozilla/5.0 (Windows NT 6.1; WOW64; Trident/7.0; rv:11.0) like Gecko"
90.152.153.42 - - [08/Jan/2019:12:21:13 +0100] "GET /images/title_corner_left_top.jpg HTTP/1.1" 200 372 "http://renault.activities.at/" "Mozilla/5.0 (Windows NT 6.1; WOW64; Trident/7.0; rv:11.0) like Gecko"
90.152.153.42 - - [08/Jan/2019:12:21:13 +0100] "GET /images/title_corner_right_top.jpg HTTP/1.1" 200 389 "http://renault.activities.at/" "Mozilla/5.0 (Windows NT 6.1; WOW64; Trident/7.0; rv:11.0) like Gecko"
90.152.153.42 - - [08/Jan/2019:12:21:13 +0100] "GET /loadthumbnail.php?id=11127982 HTTP/1.1" 200 399614 "http://renault.activities.at/" "Mozilla/5.0 (Windows NT 6.1; WOW64; Trident/7.0; rv:11.0) like Gecko"
90.152.153.42 - - [08/Jan/2019:12:21:15 +0100] "GET /login HTTP/1.1" 200 2086 "http://renault.activities.at/" "Mozilla/5.0 (Windows NT 6.1; WOW64; Trident/7.0; rv:11.0) like Gecko"
90.152.153.42 - - [08/Jan/2019:12:21:15 +0100] "GET /js/default.js HTTP/1.1" 304 - "http://renault.activities.at/login" "Mozilla/5.0 (Windows NT 6.1; WOW64; Trident/7.0; rv:11.0) like Gecko"
90.152.153.42 - - [08/Jan/2019:12:21:15 +0100] "GET /css/reset.css HTTP/1.1" 304 - "http://renault.activities.at/login" "Mozilla/5.0 (Windows NT 6.1; WOW64; Trident/7.0; rv:11.0) like Gecko"
90.152.153.42 - - [08/Jan/2019:12:21:15 +0100] "GET /css/clears.css HTTP/1.1" 304 - "http://renault.activities.at/login" "Mozilla/5.0 (Windows NT 6.1; WOW64; Trident/7.0; rv:11.0) like Gecko"
90.152.153.42 - - [08/Jan/2019:12:21:15 +0100] "GET /css/styles.css HTTP/1.1" 304 - "http://renault.activities.at/login" "Mozilla/5.0 (Windows NT 6.1; WOW64; Trident/7.0; rv:11.0) like Gecko"
90.152.153.42 - - [08/Jan/2019:12:21:15 +0100] "GET /css/print.css HTTP/1.1" 304 - "http://renault.activities.at/login" "Mozilla/5.0 (Windows NT 6.1; WOW64; Trident/7.0; rv:11.0) like Gecko"
90.152.153.42 - - [08/Jan/2019:12:21:15 +0100] "GET /js/checkout.css HTTP/1.1" 304 - "http://renault.activities.at/login" "Mozilla/5.0 (Windows NT 6.1; WOW64; Trident/7.0; rv:11.0) like Gecko"
90.152.153.42 - - [08/Jan/2019:12:21:16 +0100] "GET /css/prototip.css HTTP/1.1" 304 - "http://renault.activities.at/login" "Mozilla/5.0 (Windows NT 6.1; WOW64; Trident/7.0; rv:11.0) like Gecko"
90.152.153.42 - - [08/Jan/2019:12:21:16 +0100] "GET /css/themes/default.css HTTP/1.1" 304 - "http://renault.activities.at/login" "Mozilla/5.0 (Windows NT 6.1; WOW64; Trident/7.0; rv:11.0) like Gecko"
90.152.153.42 - - [08/Jan/2019:12:21:16 +0100] "GET /css/themes/alphacube.css HTTP/1.1" 304 - "http://renault.activities.at/login" "Mozilla/5.0 (Windows NT 6.1; WOW64; Trident/7.0; rv:11.0) like Gecko"
90.152.153.42 - - [08/Jan/2019:12:21:16 +0100] "GET /images/header_block_border.gif HTTP/1.1" 304 - "http://renault.activities.at/login" "Mozilla/5.0 (Windows NT 6.1; WOW64; Trident/7.0; rv:11.0) like Gecko"
90.152.153.42 - - [08/Jan/2019:12:21:16 +0100] "GET /images/main_block_corner_right_bot.gif HTTP/1.1" 304 - "http://renault.activities.at/login" "Mozilla/5.0 (Windows NT 6.1; WOW64; Trident/7.0; rv:11.0) like Gecko"
90.152.153.42 - - [08/Jan/2019:12:21:16 +0100] "GET /images/main_block_corner_left_top.gif HTTP/1.1" 304 - "http://renault.activities.at/login" "Mozilla/5.0 (Windows NT 6.1; WOW64; Trident/7.0; rv:11.0) like Gecko"
90.152.153.42 - - [08/Jan/2019:12:21:16 +0100] "GET /images/title_corner_right_top.jpg HTTP/1.1" 304 - "http://renault.activities.at/login" "Mozilla/5.0 (Windows NT 6.1; WOW64; Trident/7.0; rv:11.0) like Gecko"
90.152.153.42 - - [08/Jan/2019:12:21:16 +0100] "GET /images/title_corner_left_top.jpg HTTP/1.1" 304 - "http://renault.activities.at/login" "Mozilla/5.0 (Windows NT 6.1; WOW64; Trident/7.0; rv:11.0) like Gecko"
90.152.153.42 - - [08/Jan/2019:12:21:16 +0100] "GET /images/title_border_top.jpg HTTP/1.1" 304 - "http://renault.activities.at/login" "Mozilla/5.0 (Windows NT 6.1; WOW64; Trident/7.0; rv:11.0) like Gecko"
90.152.153.42 - - [08/Jan/2019:12:21:16 +0100] "GET /images/main_block_border.gif HTTP/1.1" 304 - "http://renault.activities.at/login" "Mozilla/5.0 (Windows NT 6.1; WOW64; Trident/7.0; rv:11.0) like Gecko"
90.152.153.42 - - [08/Jan/2019:12:21:16 +0100] "GET /images/main_block_corner_right_top.gif HTTP/1.1" 304 - "http://renault.activities.at/login" "Mozilla/5.0 (Windows NT 6.1; WOW64; Trident/7.0; rv:11.0) like Gecko"
90.152.153.42 - - [08/Jan/2019:12:21:16 +0100] "GET /images/main_block_corner_left_bot.gif HTTP/1.1" 304 - "http://renault.activities.at/login" "Mozilla/5.0 (Windows NT 6.1; WOW64; Trident/7.0; rv:11.0) like Gecko"
90.152.153.42 - - [08/Jan/2019:12:21:16 +0100] "GET /images/header_block_corner_right_top.gif HTTP/1.1" 304 - "http://renault.activities.at/login" "Mozilla/5.0 (Windows NT 6.1; WOW64; Trident/7.0; rv:11.0) like Gecko"
90.152.153.42 - - [08/Jan/2019:12:21:16 +0100] "GET /images/header_block_corner_left_top.gif HTTP/1.1" 304 - "http://renault.activities.at/login" "Mozilla/5.0 (Windows NT 6.1; WOW64; Trident/7.0; rv:11.0) like Gecko"
90.152.153.42 - - [08/Jan/2019:12:21:16 +0100] "GET /images/title_border.jpg HTTP/1.1" 304 - "http://renault.activities.at/login" "Mozilla/5.0 (Windows NT 6.1; WOW64; Trident/7.0; rv:11.0) like Gecko"
90.152.153.42 - - [08/Jan/2019:12:21:16 +0100] "GET /images/button_left_bg.gif HTTP/1.1" 200 564 "http://renault.activities.at/login" "Mozilla/5.0 (Windows NT 6.1; WOW64; Trident/7.0; rv:11.0) like Gecko"
90.152.153.42 - - [08/Jan/2019:12:21:16 +0100] "GET /images/button_right_bg.gif HTTP/1.1" 200 561 "http://renault.activities.at/login" "Mozilla/5.0 (Windows NT 6.1; WOW64; Trident/7.0; rv:11.0) like Gecko"
90.152.153.42 - - [08/Jan/2019:12:21:16 +0100] "GET /images/button_bg.gif HTTP/1.1" 200 151 "http://renault.activities.at/login" "Mozilla/5.0 (Windows NT 6.1; WOW64; Trident/7.0; rv:11.0) like Gecko"
188.21.129.54 - - [08/Jan/2019:12:21:38 +0100] "GET /reload?ser=1546946498955 HTTP/1.1" 200 28 "http://renault.activities.at/result?searchterm=true&search=Stunden" "Mozilla/5.0 (Windows NT 6.1; WOW64; Trident/7.0; rv:11.0) like Gecko"
80.123.225.36 - - [08/Jan/2019:12:21:39 +0100] "GET /reload?ser=1546946495631 HTTP/1.1" 200 28 "http://renault.activities.at/success" "Mozilla/5.0 (Windows NT 6.1; WOW64; Trident/7.0; rv:11.0) like Gecko"
90.152.153.42 - - [08/Jan/2019:12:21:40 +0100] "POST /login HTTP/1.1" 302 140 "http://renault.activities.at/login" "Mozilla/5.0 (Windows NT 6.1; WOW64; Trident/7.0; rv:11.0) like Gecko"
82.135.5.126 - - [08/Jan/2019:12:21:44 +0100] "GET /reload?ser=1546946503945 HTTP/1.1" 200 28 "http://renault.activities.at/10201442?dir=DESC&mode=grid&order=name&limit=15&page=2&cat=10260257" "Mozilla/5.0 (Windows NT 10.0; WOW64; Trident/7.0; rv:11.0) like Gecko"
90.152.153.42 - - [08/Jan/2019:12:21:42 +0100] "GET /account HTTP/1.1" 200 5907 "http://renault.activities.at/login" "Mozilla/5.0 (Windows NT 6.1; WOW64; Trident/7.0; rv:11.0) like Gecko"
90.152.153.42 - - [08/Jan/2019:12:21:45 +0100] "GET /js/default.js HTTP/1.1" 304 - "http://renault.activities.at/account" "Mozilla/5.0 (Windows NT 6.1; WOW64; Trident/7.0; rv:11.0) like Gecko"
90.152.153.42 - - [08/Jan/2019:12:21:45 +0100] "GET /css/styles.css HTTP/1.1" 304 - "http://renault.activities.at/account" "Mozilla/5.0 (Windows NT 6.1; WOW64; Trident/7.0; rv:11.0) like Gecko"
90.152.153.42 - - [08/Jan/2019:12:21:45 +0100] "GET /css/reset.css HTTP/1.1" 304 - "http://renault.activities.at/account" "Mozilla/5.0 (Windows NT 6.1; WOW64; Trident/7.0; rv:11.0) like Gecko"
90.152.153.42 - - [08/Jan/2019:12:21:45 +0100] "GET /js/checkout.css HTTP/1.1" 304 - "http://renault.activities.at/account" "Mozilla/5.0 (Windows NT 6.1; WOW64; Trident/7.0; rv:11.0) like Gecko"
90.152.153.42 - - [08/Jan/2019:12:21:45 +0100] "GET /css/clears.css HTTP/1.1" 304 - "http://renault.activities.at/account" "Mozilla/5.0 (Windows NT 6.1; WOW64; Trident/7.0; rv:11.0) like Gecko"
90.152.153.42 - - [08/Jan/2019:12:21:45 +0100] "GET /css/print.css HTTP/1.1" 304 - "http://renault.activities.at/account" "Mozilla/5.0 (Windows NT 6.1; WOW64; Trident/7.0; rv:11.0) like Gecko"
90.152.153.42 - - [08/Jan/2019:12:21:45 +0100] "GET /css/themes/default.css HTTP/1.1" 304 - "http://renault.activities.at/account" "Mozilla/5.0 (Windows NT 6.1; WOW64; Trident/7.0; rv:11.0) like Gecko"
90.152.153.42 - - [08/Jan/2019:12:21:45 +0100] "GET /css/prototip.css HTTP/1.1" 304 - "http://renault.activities.at/account" "Mozilla/5.0 (Windows NT 6.1; WOW64; Trident/7.0; rv:11.0) like Gecko"
90.152.153.42 - - [08/Jan/2019:12:21:45 +0100] "GET /css/themes/alphacube.css HTTP/1.1" 304 - "http://renault.activities.at/account" "Mozilla/5.0 (Windows NT 6.1; WOW64; Trident/7.0; rv:11.0) like Gecko"
90.152.153.42 - - [08/Jan/2019:12:21:45 +0100] "GET /js/account.js HTTP/1.1" 200 953 "http://renault.activities.at/account" "Mozilla/5.0 (Windows NT 6.1; WOW64; Trident/7.0; rv:11.0) like Gecko"
90.152.153.42 - - [08/Jan/2019:12:21:45 +0100] "GET /images/header_block_corner_right_top.gif HTTP/1.1" 304 - "http://renault.activities.at/account" "Mozilla/5.0 (Windows NT 6.1; WOW64; Trident/7.0; rv:11.0) like Gecko"
90.152.153.42 - - [08/Jan/2019:12:21:45 +0100] "GET /images/main_block_corner_left_top.gif HTTP/1.1" 304 - "http://renault.activities.at/account" "Mozilla/5.0 (Windows NT 6.1; WOW64; Trident/7.0; rv:11.0) like Gecko"
90.152.153.42 - - [08/Jan/2019:12:21:45 +0100] "GET /images/search_bg.gif HTTP/1.1" 200 1726 "http://renault.activities.at/account" "Mozilla/5.0 (Windows NT 6.1; WOW64; Trident/7.0; rv:11.0) like Gecko"
90.152.153.42 - - [08/Jan/2019:12:21:45 +0100] "GET /images/header_block_corner_left_top.gif HTTP/1.1" 304 - "http://renault.activities.at/account" "Mozilla/5.0 (Windows NT 6.1; WOW64; Trident/7.0; rv:11.0) like Gecko"
90.152.153.42 - - [08/Jan/2019:12:21:45 +0100] "GET /images/main_block_border.gif HTTP/1.1" 304 - "http://renault.activities.at/account" "Mozilla/5.0 (Windows NT 6.1; WOW64; Trident/7.0; rv:11.0) like Gecko"
90.152.153.42 - - [08/Jan/2019:12:21:45 +0100] "GET /loadthumbnail.php?id=11711045&width=50&height=50 HTTP/1.1" 200 1132 "http://renault.activities.at/account" "Mozilla/5.0 (Windows NT 6.1; WOW64; Trident/7.0; rv:11.0) like Gecko"
90.152.153.42 - - [08/Jan/2019:12:21:45 +0100] "GET /images/header_block_border.gif HTTP/1.1" 304 - "http://renault.activities.at/account" "Mozilla/5.0 (Windows NT 6.1; WOW64; Trident/7.0; rv:11.0) like Gecko"
90.152.153.42 - - [08/Jan/2019:12:21:45 +0100] "GET /images/main_block_corner_left_bot.gif HTTP/1.1" 304 - "http://renault.activities.at/account" "Mozilla/5.0 (Windows NT 6.1; WOW64; Trident/7.0; rv:11.0) like Gecko"
90.152.153.42 - - [08/Jan/2019:12:21:45 +0100] "GET /images/main_block_corner_right_top.gif HTTP/1.1" 304 - "http://renault.activities.at/account" "Mozilla/5.0 (Windows NT 6.1; WOW64; Trident/7.0; rv:11.0) like Gecko"
90.152.153.42 - - [08/Jan/2019:12:21:45 +0100] "GET /images/main_block_corner_right_bot.gif HTTP/1.1" 304 - "http://renault.activities.at/account" "Mozilla/5.0 (Windows NT 6.1; WOW64; Trident/7.0; rv:11.0) like Gecko"
90.152.153.42 - - [08/Jan/2019:12:21:45 +0100] "GET /images/menu_divider.gif HTTP/1.1" 200 176 "http://renault.activities.at/account" "Mozilla/5.0 (Windows NT 6.1; WOW64; Trident/7.0; rv:11.0) like Gecko"
90.152.153.42 - - [08/Jan/2019:12:21:45 +0100] "GET /images/top_links_divider.gif HTTP/1.1" 200 44 "http://renault.activities.at/account" "Mozilla/5.0 (Windows NT 6.1; WOW64; Trident/7.0; rv:11.0) like Gecko"
90.152.153.42 - - [08/Jan/2019:12:21:45 +0100] "GET /images/menu_button_bg.jpg HTTP/1.1" 200 322 "http://renault.activities.at/account" "Mozilla/5.0 (Windows NT 6.1; WOW64; Trident/7.0; rv:11.0) like Gecko"
90.152.153.42 - - [08/Jan/2019:12:21:45 +0100] "GET /images/nav_divider.gif HTTP/1.1" 200 43 "http://renault.activities.at/account" "Mozilla/5.0 (Windows NT 6.1; WOW64; Trident/7.0; rv:11.0) like Gecko"
90.152.153.42 - - [08/Jan/2019:12:21:45 +0100] "GET /images/button_left_bg.gif HTTP/1.1" 304 - "http://renault.activities.at/account" "Mozilla/5.0 (Windows NT 6.1; WOW64; Trident/7.0; rv:11.0) like Gecko"
90.152.153.42 - - [08/Jan/2019:12:21:45 +0100] "GET /images/sidebar_title_border.gif HTTP/1.1" 200 43 "http://renault.activities.at/account" "Mozilla/5.0 (Windows NT 6.1; WOW64; Trident/7.0; rv:11.0) like Gecko"
90.152.153.42 - - [08/Jan/2019:12:21:45 +0100] "GET /images/sidebar_title_border_top.gif HTTP/1.1" 200 155 "http://renault.activities.at/account" "Mozilla/5.0 (Windows NT 6.1; WOW64; Trident/7.0; rv:11.0) like Gecko"
90.152.153.42 - - [08/Jan/2019:12:21:45 +0100] "GET /images/sidebar_title_corner_left_top.gif HTTP/1.1" 200 1124 "http://renault.activities.at/account" "Mozilla/5.0 (Windows NT 6.1; WOW64; Trident/7.0; rv:11.0) like Gecko"
90.152.153.42 - - [08/Jan/2019:12:21:45 +0100] "GET /images/sidebar_title_corner_right_top.gif HTTP/1.1" 200 383 "http://renault.activities.at/account" "Mozilla/5.0 (Windows NT 6.1; WOW64; Trident/7.0; rv:11.0) like Gecko"
90.152.153.42 - - [08/Jan/2019:12:21:45 +0100] "GET /images/button_right_bg.gif HTTP/1.1" 304 - "http://renault.activities.at/account" "Mozilla/5.0 (Windows NT 6.1; WOW64; Trident/7.0; rv:11.0) like Gecko"
90.152.153.42 - - [08/Jan/2019:12:21:45 +0100] "GET /images/button_bg.gif HTTP/1.1" 304 - "http://renault.activities.at/account" "Mozilla/5.0 (Windows NT 6.1; WOW64; Trident/7.0; rv:11.0) like Gecko"
90.152.153.42 - - [08/Jan/2019:12:21:45 +0100] "GET /images/title_border.jpg HTTP/1.1" 304 - "http://renault.activities.at/account" "Mozilla/5.0 (Windows NT 6.1; WOW64; Trident/7.0; rv:11.0) like Gecko"
90.152.153.42 - - [08/Jan/2019:12:21:45 +0100] "GET /images/title_border_top.jpg HTTP/1.1" 304 - "http://renault.activities.at/account" "Mozilla/5.0 (Windows NT 6.1; WOW64; Trident/7.0; rv:11.0) like Gecko"
90.152.153.42 - - [08/Jan/2019:12:21:45 +0100] "GET /images/title_corner_left_top.jpg HTTP/1.1" 304 - "http://renault.activities.at/account" "Mozilla/5.0 (Windows NT 6.1; WOW64; Trident/7.0; rv:11.0) like Gecko"
90.152.153.42 - - [08/Jan/2019:12:21:45 +0100] "GET /images/title_corner_right_top.jpg HTTP/1.1" 304 - "http://renault.activities.at/account" "Mozilla/5.0 (Windows NT 6.1; WOW64; Trident/7.0; rv:11.0) like Gecko"
90.152.153.42 - - [08/Jan/2019:12:21:45 +0100] "GET /images/footer_divider.gif HTTP/1.1" 200 44 "http://renault.activities.at/account" "Mozilla/5.0 (Windows NT 6.1; WOW64; Trident/7.0; rv:11.0) like Gecko"
213.90.59.82 - - [08/Jan/2019:12:21:48 +0100] "GET /reload?ser=1546946503765 HTTP/1.1" 200 28 "http://renault.activities.at/" "Mozilla/4.0 (compatible; MSIE 7.0; Windows NT 5.1; Trident/4.0; GTB7.5; .NET CLR 2.0.50727; .NET CLR 3.0.4506.2152; .NET CLR 3.5.30729; .NET4.0C; .NET4.0E; InfoPath.1; OfficeLiveConnector.1.5; OfficeLivePatch.1.3)"
80.123.225.36 - - [08/Jan/2019:12:22:00 +0100] "GET /reload?ser=1546946518870 HTTP/1.1" 200 28 "http://renault.activities.at/success" "Mozilla/5.0 (Windows NT 10.0; Win64; x64) AppleWebKit/537.36 (KHTML, like Gecko) Chrome/71.0.3578.98 Safari/537.36"
213.153.47.173 - - [08/Jan/2019:12:22:09 +0100] "GET /reload?ser=1546946528982 HTTP/1.1" 200 28 "http://renault.activities.at/login?required=true" "Mozilla/5.0 (Windows NT 10.0; Win64; x64; rv:64.0) Gecko/20100101 Firefox/64.0"
188.21.129.54 - - [08/Jan/2019:12:22:40 +0100] "GET /reload?ser=1546946559969 HTTP/1.1" 200 28 "http://renault.activities.at/result?searchterm=true&search=Stunden" "Mozilla/5.0 (Windows NT 6.1; WOW64; Trident/7.0; rv:11.0) like Gecko"
80.123.225.36 - - [08/Jan/2019:12:22:40 +0100] "GET /reload?ser=1546946556624 HTTP/1.1" 200 28 "http://renault.activities.at/success" "Mozilla/5.0 (Windows NT 6.1; WOW64; Trident/7.0; rv:11.0) like Gecko"
82.135.5.126 - - [08/Jan/2019:12:22:44 +0100] "GET /reload?ser=1546946564900 HTTP/1.1" 200 28 "http://renault.activities.at/10201442?dir=DESC&mode=grid&order=name&limit=15&page=2&cat=10260257" "Mozilla/5.0 (Windows NT 10.0; WOW64; Trident/7.0; rv:11.0) like Gecko"
90.152.153.42 - - [08/Jan/2019:12:22:45 +0100] "GET /reload?ser=1546946698710 HTTP/1.1" 200 28 "http://renault.activities.at/account" "Mozilla/5.0 (Windows NT 6.1; WOW64; Trident/7.0; rv:11.0) like Gecko"
213.90.59.82 - - [08/Jan/2019:12:22:48 +0100] "GET /reload?ser=1546946564421 HTTP/1.1" 200 28 "http://renault.activities.at/" "Mozilla/4.0 (compatible; MSIE 7.0; Windows NT 5.1; Trident/4.0; GTB7.5; .NET CLR 2.0.50727; .NET CLR 3.0.4506.2152; .NET CLR 3.5.30729; .NET4.0C; .NET4.0E; InfoPath.1; OfficeLiveConnector.1.5; OfficeLivePatch.1.3)"
80.123.225.36 - - [08/Jan/2019:12:23:01 +0100] "GET /reload?ser=1546946579837 HTTP/1.1" 200 28 "http://renault.activities.at/success" "Mozilla/5.0 (Windows NT 10.0; Win64; x64) AppleWebKit/537.36 (KHTML, like Gecko) Chrome/71.0.3578.98 Safari/537.36"
213.153.47.173 - - [08/Jan/2019:12:23:09 +0100] "GET /reload?ser=1546946589660 HTTP/1.1" 200 28 "http://renault.activities.at/login?required=true" "Mozilla/5.0 (Windows NT 10.0; Win64; x64; rv:64.0) Gecko/20100101 Firefox/64.0"
188.21.129.54 - - [08/Jan/2019:12:23:41 +0100] "GET /reload?ser=1546946621073 HTTP/1.1" 200 28 "http://renault.activities.at/result?searchterm=true&search=Stunden" "Mozilla/5.0 (Windows NT 6.1; WOW64; Trident/7.0; rv:11.0) like Gecko"
80.123.225.36 - - [08/Jan/2019:12:23:41 +0100] "GET /reload?ser=1546946617619 HTTP/1.1" 200 28 "http://renault.activities.at/success" "Mozilla/5.0 (Windows NT 6.1; WOW64; Trident/7.0; rv:11.0) like Gecko"
82.135.5.126 - - [08/Jan/2019:12:23:45 +0100] "GET /reload?ser=1546946625869 HTTP/1.1" 200 28 "http://renault.activities.at/10201442?dir=DESC&mode=grid&order=name&limit=15&page=2&cat=10260257" "Mozilla/5.0 (Windows NT 10.0; WOW64; Trident/7.0; rv:11.0) like Gecko"
90.152.153.42 - - [08/Jan/2019:12:23:47 +0100] "GET /reload?ser=1546946759811 HTTP/1.1" 200 28 "http://renault.activities.at/account" "Mozilla/5.0 (Windows NT 6.1; WOW64; Trident/7.0; rv:11.0) like Gecko"
213.90.59.82 - - [08/Jan/2019:12:23:49 +0100] "GET /reload?ser=1546946625078 HTTP/1.1" 200 28 "http://renault.activities.at/" "Mozilla/4.0 (compatible; MSIE 7.0; Windows NT 5.1; Trident/4.0; GTB7.5; .NET CLR 2.0.50727; .NET CLR 3.0.4506.2152; .NET CLR 3.5.30729; .NET4.0C; .NET4.0E; InfoPath.1; OfficeLiveConnector.1.5; OfficeLivePatch.1.3)"
80.123.225.36 - - [08/Jan/2019:12:24:02 +0100] "GET /reload?ser=1546946640801 HTTP/1.1" 200 28 "http://renault.activities.at/success" "Mozilla/5.0 (Windows NT 10.0; Win64; x64) AppleWebKit/537.36 (KHTML, like Gecko) Chrome/71.0.3578.98 Safari/537.36"
213.153.47.173 - - [08/Jan/2019:12:24:10 +0100] "GET /reload?ser=1546946650319 HTTP/1.1" 200 28 "http://renault.activities.at/login?required=true" "Mozilla/5.0 (Windows NT 10.0; Win64; x64; rv:64.0) Gecko/20100101 Firefox/64.0"
188.21.129.54 - - [08/Jan/2019:12:24:42 +0100] "GET /reload?ser=1546946682125 HTTP/1.1" 200 28 "http://renault.activities.at/result?searchterm=true&search=Stunden" "Mozilla/5.0 (Windows NT 6.1; WOW64; Trident/7.0; rv:11.0) like Gecko"
80.123.225.36 - - [08/Jan/2019:12:24:42 +0100] "GET /reload?ser=1546946678582 HTTP/1.1" 200 28 "http://renault.activities.at/success" "Mozilla/5.0 (Windows NT 6.1; WOW64; Trident/7.0; rv:11.0) like Gecko"
82.135.5.126 - - [08/Jan/2019:12:24:46 +0100] "GET /reload?ser=1546946686886 HTTP/1.1" 200 28 "http://renault.activities.at/10201442?dir=DESC&mode=grid&order=name&limit=15&page=2&cat=10260257" "Mozilla/5.0 (Windows NT 10.0; WOW64; Trident/7.0; rv:11.0) like Gecko"
90.152.153.42 - - [08/Jan/2019:12:24:48 +0100] "GET /reload?ser=1546946820897 HTTP/1.1" 200 28 "http://renault.activities.at/account" "Mozilla/5.0 (Windows NT 6.1; WOW64; Trident/7.0; rv:11.0) like Gecko"
213.90.59.82 - - [08/Jan/2019:12:24:50 +0100] "GET /reload?ser=1546946685734 HTTP/1.1" 200 28 "http://renault.activities.at/" "Mozilla/4.0 (compatible; MSIE 7.0; Windows NT 5.1; Trident/4.0; GTB7.5; .NET CLR 2.0.50727; .NET CLR 3.0.4506.2152; .NET CLR 3.5.30729; .NET4.0C; .NET4.0E; InfoPath.1; OfficeLiveConnector.1.5; OfficeLivePatch.1.3)"
80.123.225.36 - - [08/Jan/2019:12:25:02 +0100] "GET /reload?ser=1546946701758 HTTP/1.1" 200 28 "http://renault.activities.at/success" "Mozilla/5.0 (Windows NT 10.0; Win64; x64) AppleWebKit/537.36 (KHTML, like Gecko) Chrome/71.0.3578.98 Safari/537.36"
213.153.47.173 - - [08/Jan/2019:12:25:11 +0100] "GET /reload?ser=1546946710970 HTTP/1.1" 200 28 "http://renault.activities.at/login?required=true" "Mozilla/5.0 (Windows NT 10.0; Win64; x64; rv:64.0) Gecko/20100101 Firefox/64.0"
188.21.129.54 - - [08/Jan/2019:12:25:43 +0100] "GET /reload?ser=1546946743107 HTTP/1.1" 200 28 "http://renault.activities.at/result?searchterm=true&search=Stunden" "Mozilla/5.0 (Windows NT 6.1; WOW64; Trident/7.0; rv:11.0) like Gecko"
80.123.225.36 - - [08/Jan/2019:12:25:43 +0100] "GET /reload?ser=1546946739546 HTTP/1.1" 200 28 "http://renault.activities.at/success" "Mozilla/5.0 (Windows NT 6.1; WOW64; Trident/7.0; rv:11.0) like Gecko"
82.135.5.126 - - [08/Jan/2019:12:25:47 +0100] "GET /reload?ser=1546946747891 HTTP/1.1" 200 28 "http://renault.activities.at/10201442?dir=DESC&mode=grid&order=name&limit=15&page=2&cat=10260257" "Mozilla/5.0 (Windows NT 10.0; WOW64; Trident/7.0; rv:11.0) like Gecko"
90.152.153.42 - - [08/Jan/2019:12:25:49 +0100] "GET /reload?ser=1546946881969 HTTP/1.1" 200 28 "http://renault.activities.at/account" "Mozilla/5.0 (Windows NT 6.1; WOW64; Trident/7.0; rv:11.0) like Gecko"
213.90.59.82 - - [08/Jan/2019:12:25:50 +0100] "GET /reload?ser=1546946746375 HTTP/1.1" 200 28 "http://renault.activities.at/" "Mozilla/4.0 (compatible; MSIE 7.0; Windows NT 5.1; Trident/4.0; GTB7.5; .NET CLR 2.0.50727; .NET CLR 3.0.4506.2152; .NET CLR 3.5.30729; .NET4.0C; .NET4.0E; InfoPath.1; OfficeLiveConnector.1.5; OfficeLivePatch.1.3)"
80.123.225.36 - - [08/Jan/2019:12:26:03 +0100] "GET /reload?ser=1546946762692 HTTP/1.1" 200 28 "http://renault.activities.at/success" "Mozilla/5.0 (Windows NT 10.0; Win64; x64) AppleWebKit/537.36 (KHTML, like Gecko) Chrome/71.0.3578.98 Safari/537.36"
213.153.47.173 - - [08/Jan/2019:12:26:11 +0100] "GET /reload?ser=1546946771639 HTTP/1.1" 200 28 "http://renault.activities.at/login?required=true" "Mozilla/5.0 (Windows NT 10.0; Win64; x64; rv:64.0) Gecko/20100101 Firefox/64.0"
188.21.129.54 - - [08/Jan/2019:12:26:44 +0100] "GET /reload?ser=1546946804170 HTTP/1.1" 200 28 "http://renault.activities.at/result?searchterm=true&search=Stunden" "Mozilla/5.0 (Windows NT 6.1; WOW64; Trident/7.0; rv:11.0) like Gecko"
80.123.225.36 - - [08/Jan/2019:12:26:44 +0100] "GET /reload?ser=1546946800534 HTTP/1.1" 200 28 "http://renault.activities.at/success" "Mozilla/5.0 (Windows NT 6.1; WOW64; Trident/7.0; rv:11.0) like Gecko"
82.135.5.126 - - [08/Jan/2019:12:26:48 +0100] "GET /reload?ser=1546946808863 HTTP/1.1" 200 28 "http://renault.activities.at/10201442?dir=DESC&mode=grid&order=name&limit=15&page=2&cat=10260257" "Mozilla/5.0 (Windows NT 10.0; WOW64; Trident/7.0; rv:11.0) like Gecko"
90.152.153.42 - - [08/Jan/2019:12:26:50 +0100] "GET /reload?ser=1546946943102 HTTP/1.1" 200 28 "http://renault.activities.at/account" "Mozilla/5.0 (Windows NT 6.1; WOW64; Trident/7.0; rv:11.0) like Gecko"
213.90.59.82 - - [08/Jan/2019:12:26:51 +0100] "GET /reload?ser=1546946807015 HTTP/1.1" 200 28 "http://renault.activities.at/" "Mozilla/4.0 (compatible; MSIE 7.0; Windows NT 5.1; Trident/4.0; GTB7.5; .NET CLR 2.0.50727; .NET CLR 3.0.4506.2152; .NET CLR 3.5.30729; .NET4.0C; .NET4.0E; InfoPath.1; OfficeLiveConnector.1.5; OfficeLivePatch.1.3)"
80.123.225.36 - - [08/Jan/2019:12:27:04 +0100] "GET /reload?ser=1546946823628 HTTP/1.1" 200 28 "http://renault.activities.at/success" "Mozilla/5.0 (Windows NT 10.0; Win64; x64) AppleWebKit/537.36 (KHTML, like Gecko) Chrome/71.0.3578.98 Safari/537.36"
213.153.47.173 - - [08/Jan/2019:12:27:12 +0100] "GET /reload?ser=1546946832300 HTTP/1.1" 200 28 "http://renault.activities.at/login?required=true" "Mozilla/5.0 (Windows NT 10.0; Win64; x64; rv:64.0) Gecko/20100101 Firefox/64.0"
188.21.129.54 - - [08/Jan/2019:12:27:45 +0100] "GET /reload?ser=1546946865139 HTTP/1.1" 200 28 "http://renault.activities.at/result?searchterm=true&search=Stunden" "Mozilla/5.0 (Windows NT 6.1; WOW64; Trident/7.0; rv:11.0) like Gecko"
80.123.225.36 - - [08/Jan/2019:12:27:45 +0100] "GET /reload?ser=1546946861559 HTTP/1.1" 200 28 "http://renault.activities.at/success" "Mozilla/5.0 (Windows NT 6.1; WOW64; Trident/7.0; rv:11.0) like Gecko"
82.135.5.126 - - [08/Jan/2019:12:27:49 +0100] "GET /reload?ser=1546946869851 HTTP/1.1" 200 28 "http://renault.activities.at/10201442?dir=DESC&mode=grid&order=name&limit=15&page=2&cat=10260257" "Mozilla/5.0 (Windows NT 10.0; WOW64; Trident/7.0; rv:11.0) like Gecko"
90.152.153.42 - - [08/Jan/2019:12:27:51 +0100] "GET /reload?ser=1546947004174 HTTP/1.1" 200 28 "http://renault.activities.at/account" "Mozilla/5.0 (Windows NT 6.1; WOW64; Trident/7.0; rv:11.0) like Gecko"
213.90.59.82 - - [08/Jan/2019:12:27:52 +0100] "GET /reload?ser=1546946867656 HTTP/1.1" 200 28 "http://renault.activities.at/" "Mozilla/4.0 (compatible; MSIE 7.0; Windows NT 5.1; Trident/4.0; GTB7.5; .NET CLR 2.0.50727; .NET CLR 3.0.4506.2152; .NET CLR 3.5.30729; .NET4.0C; .NET4.0E; InfoPath.1; OfficeLiveConnector.1.5; OfficeLivePatch.1.3)"
80.123.225.36 - - [08/Jan/2019:12:28:05 +0100] "GET /reload?ser=1546946884602 HTTP/1.1" 200 28 "http://renault.activities.at/success" "Mozilla/5.0 (Windows NT 10.0; Win64; x64) AppleWebKit/537.36 (KHTML, like Gecko) Chrome/71.0.3578.98 Safari/537.36"
213.153.47.173 - - [08/Jan/2019:12:28:13 +0100] "GET /reload?ser=1546946892960 HTTP/1.1" 200 28 "http://renault.activities.at/login?required=true" "Mozilla/5.0 (Windows NT 10.0; Win64; x64; rv:64.0) Gecko/20100101 Firefox/64.0"
188.21.129.54 - - [08/Jan/2019:12:28:46 +0100] "GET /reload?ser=1546946926094 HTTP/1.1" 200 28 "http://renault.activities.at/result?searchterm=true&search=Stunden" "Mozilla/5.0 (Windows NT 6.1; WOW64; Trident/7.0; rv:11.0) like Gecko"
80.123.225.36 - - [08/Jan/2019:12:28:46 +0100] "GET /reload?ser=1546946922523 HTTP/1.1" 200 28 "http://renault.activities.at/success" "Mozilla/5.0 (Windows NT 6.1; WOW64; Trident/7.0; rv:11.0) like Gecko"
82.135.5.126 - - [08/Jan/2019:12:28:50 +0100] "GET /reload?ser=1546946930884 HTTP/1.1" 200 28 "http://renault.activities.at/10201442?dir=DESC&mode=grid&order=name&limit=15&page=2&cat=10260257" "Mozilla/5.0 (Windows NT 10.0; WOW64; Trident/7.0; rv:11.0) like Gecko"
213.90.59.82 - - [08/Jan/2019:12:28:52 +0100] "GET /reload?ser=1546946928296 HTTP/1.1" 200 28 "http://renault.activities.at/" "Mozilla/4.0 (compatible; MSIE 7.0; Windows NT 5.1; Trident/4.0; GTB7.5; .NET CLR 2.0.50727; .NET CLR 3.0.4506.2152; .NET CLR 3.5.30729; .NET4.0C; .NET4.0E; InfoPath.1; OfficeLiveConnector.1.5; OfficeLivePatch.1.3)"
90.152.153.42 - - [08/Jan/2019:12:28:52 +0100] "GET /reload?ser=1546947065288 HTTP/1.1" 200 28 "http://renault.activities.at/account" "Mozilla/5.0 (Windows NT 6.1; WOW64; Trident/7.0; rv:11.0) like Gecko"
80.123.225.36 - - [08/Jan/2019:12:29:06 +0100] "GET /reload?ser=1546946945574 HTTP/1.1" 200 28 "http://renault.activities.at/success" "Mozilla/5.0 (Windows NT 10.0; Win64; x64) AppleWebKit/537.36 (KHTML, like Gecko) Chrome/71.0.3578.98 Safari/537.36"
213.153.47.173 - - [08/Jan/2019:12:29:13 +0100] "GET /reload?ser=1546946953619 HTTP/1.1" 200 28 "http://renault.activities.at/login?required=true" "Mozilla/5.0 (Windows NT 10.0; Win64; x64; rv:64.0) Gecko/20100101 Firefox/64.0"
80.120.5.131 - - [08/Jan/2019:12:29:20 +0100] "GET /10201637 HTTP/1.1" 302 150 "-" "Mozilla/5.0 (Macintosh; Intel Mac OS X 10_13_6) AppleWebKit/605.1.15 (KHTML, like Gecko)"
80.120.5.131 - - [08/Jan/2019:12:29:22 +0100] "GET /login?required=true HTTP/1.1" 200 2086 "-" "Mozilla/5.0 (Macintosh; Intel Mac OS X 10_13_6) AppleWebKit/605.1.15 (KHTML, like Gecko)"
80.120.5.131 - - [08/Jan/2019:12:29:23 +0100] "GET /apple-touch-icon-precomposed.png HTTP/1.1" 200 1559 "-" "Safari/13606.3.4.1.4 CFNetwork/902.3.1 Darwin/17.7.0 (x86_64)"
80.120.5.131 - - [08/Jan/2019:12:29:24 +0100] "GET /apple-touch-icon.png HTTP/1.1" 200 1559 "-" "Safari/13606.3.4.1.4 CFNetwork/902.3.1 Darwin/17.7.0 (x86_64)"
80.120.5.131 - - [08/Jan/2019:12:29:25 +0100] "GET /images/favicon.ico HTTP/1.1" 404 305 "-" "Safari/13606.3.4.1.4 CFNetwork/902.3.1 Darwin/17.7.0 (x86_64)"
80.120.5.131 - - [08/Jan/2019:12:29:25 +0100] "GET /images/favicon.ico HTTP/1.1" 404 305 "-" "Safari/13606.3.4.1.4 CFNetwork/902.3.1 Darwin/17.7.0 (x86_64)"
80.120.5.131 - - [08/Jan/2019:12:29:25 +0100] "GET /favicon.ico HTTP/1.1" 200 3250 "-" "Safari/13606.3.4.1.4 CFNetwork/902.3.1 Darwin/17.7.0 (x86_64)"
80.120.5.131 - - [08/Jan/2019:12:29:25 +0100] "GET /apple-touch-icon-precomposed.png HTTP/1.1" 200 1559 "-" "Safari/13606.3.4.1.4 CFNetwork/902.3.1 Darwin/17.7.0 (x86_64)"
80.120.5.131 - - [08/Jan/2019:12:29:26 +0100] "GET /apple-touch-icon.png HTTP/1.1" 200 1559 "-" "Safari/13606.3.4.1.4 CFNetwork/902.3.1 Darwin/17.7.0 (x86_64)"
80.120.5.131 - - [08/Jan/2019:12:29:27 +0100] "GET /images/favicon.ico HTTP/1.1" 404 305 "-" "Safari/13606.3.4.1.4 CFNetwork/902.3.1 Darwin/17.7.0 (x86_64)"
80.120.5.131 - - [08/Jan/2019:12:29:27 +0100] "GET /images/favicon.ico HTTP/1.1" 404 305 "-" "Safari/13606.3.4.1.4 CFNetwork/902.3.1 Darwin/17.7.0 (x86_64)"
80.120.5.131 - - [08/Jan/2019:12:29:27 +0100] "GET /favicon.ico HTTP/1.1" 200 3250 "-" "Safari/13606.3.4.1.4 CFNetwork/902.3.1 Darwin/17.7.0 (x86_64)"
80.120.5.131 - - [08/Jan/2019:12:29:27 +0100] "GET /10201637 HTTP/1.1" 302 150 "-" "Mozilla/5.0 (iPhone; CPU iPhone OS 11_3 like Mac OS X) AppleWebKit/605.1.15 (KHTML, like Gecko) Version/11.0 Mobile/15E148 Safari/604.1"
80.120.5.131 - - [08/Jan/2019:12:29:28 +0100] "GET /login?required=true HTTP/1.1" 200 2086 "-" "Mozilla/5.0 (iPhone; CPU iPhone OS 11_3 like Mac OS X) AppleWebKit/605.1.15 (KHTML, like Gecko) Version/11.0 Mobile/15E148 Safari/604.1"
80.120.5.131 - - [08/Jan/2019:12:29:29 +0100] "GET /apple-touch-icon-precomposed.png HTTP/1.1" 200 1559 "-" "Safari/13606.3.4.1.4 CFNetwork/902.3.1 Darwin/17.7.0 (x86_64)"
80.120.5.131 - - [08/Jan/2019:12:29:30 +0100] "GET /apple-touch-icon.png HTTP/1.1" 200 1559 "-" "Safari/13606.3.4.1.4 CFNetwork/902.3.1 Darwin/17.7.0 (x86_64)"
80.120.5.131 - - [08/Jan/2019:12:29:31 +0100] "GET /images/favicon.ico HTTP/1.1" 404 305 "-" "Safari/13606.3.4.1.4 CFNetwork/902.3.1 Darwin/17.7.0 (x86_64)"
80.120.5.131 - - [08/Jan/2019:12:29:31 +0100] "GET /images/favicon.ico HTTP/1.1" 404 305 "-" "Safari/13606.3.4.1.4 CFNetwork/902.3.1 Darwin/17.7.0 (x86_64)"
80.120.5.131 - - [08/Jan/2019:12:29:31 +0100] "GET /favicon.ico HTTP/1.1" 200 3250 "-" "Safari/13606.3.4.1.4 CFNetwork/902.3.1 Darwin/17.7.0 (x86_64)"
80.120.5.131 - - [08/Jan/2019:12:29:31 +0100] "GET /apple-touch-icon-precomposed.png HTTP/1.1" 200 1559 "-" "Safari/13606.3.4.1.4 CFNetwork/902.3.1 Darwin/17.7.0 (x86_64)"
80.120.5.131 - - [08/Jan/2019:12:29:32 +0100] "GET /apple-touch-icon.png HTTP/1.1" 200 1559 "-" "Safari/13606.3.4.1.4 CFNetwork/902.3.1 Darwin/17.7.0 (x86_64)"
80.120.5.131 - - [08/Jan/2019:12:29:33 +0100] "GET /images/favicon.ico HTTP/1.1" 404 305 "-" "Safari/13606.3.4.1.4 CFNetwork/902.3.1 Darwin/17.7.0 (x86_64)"
80.120.5.131 - - [08/Jan/2019:12:29:33 +0100] "GET /images/favicon.ico HTTP/1.1" 404 305 "-" "Safari/13606.3.4.1.4 CFNetwork/902.3.1 Darwin/17.7.0 (x86_64)"
80.120.5.131 - - [08/Jan/2019:12:29:33 +0100] "GET /favicon.ico HTTP/1.1" 200 3250 "-" "Safari/13606.3.4.1.4 CFNetwork/902.3.1 Darwin/17.7.0 (x86_64)"
188.21.129.54 - - [08/Jan/2019:12:29:47 +0100] "GET /reload?ser=1546946987052 HTTP/1.1" 200 28 "http://renault.activities.at/result?searchterm=true&search=Stunden" "Mozilla/5.0 (Windows NT 6.1; WOW64; Trident/7.0; rv:11.0) like Gecko"
80.123.225.36 - - [08/Jan/2019:12:29:47 +0100] "GET /reload?ser=1546946983501 HTTP/1.1" 200 28 "http://renault.activities.at/success" "Mozilla/5.0 (Windows NT 6.1; WOW64; Trident/7.0; rv:11.0) like Gecko"
82.135.5.126 - - [08/Jan/2019:12:29:51 +0100] "GET /reload?ser=1546946991819 HTTP/1.1" 200 28 "http://renault.activities.at/10201442?dir=DESC&mode=grid&order=name&limit=15&page=2&cat=10260257" "Mozilla/5.0 (Windows NT 10.0; WOW64; Trident/7.0; rv:11.0) like Gecko"
213.90.59.82 - - [08/Jan/2019:12:29:53 +0100] "GET /reload?ser=1546946988953 HTTP/1.1" 200 28 "http://renault.activities.at/" "Mozilla/4.0 (compatible; MSIE 7.0; Windows NT 5.1; Trident/4.0; GTB7.5; .NET CLR 2.0.50727; .NET CLR 3.0.4506.2152; .NET CLR 3.5.30729; .NET4.0C; .NET4.0E; InfoPath.1; OfficeLiveConnector.1.5; OfficeLivePatch.1.3)"
90.152.153.42 - - [08/Jan/2019:12:29:53 +0100] "GET /reload?ser=1546947126360 HTTP/1.1" 200 28 "http://renault.activities.at/account" "Mozilla/5.0 (Windows NT 6.1; WOW64; Trident/7.0; rv:11.0) like Gecko"
80.123.225.36 - - [08/Jan/2019:12:30:07 +0100] "GET /reload?ser=1546947006532 HTTP/1.1" 200 28 "http://renault.activities.at/success" "Mozilla/5.0 (Windows NT 10.0; Win64; x64) AppleWebKit/537.36 (KHTML, like Gecko) Chrome/71.0.3578.98 Safari/537.36"
213.153.47.173 - - [08/Jan/2019:12:30:14 +0100] "GET /reload?ser=1546947014291 HTTP/1.1" 200 28 "http://renault.activities.at/login?required=true" "Mozilla/5.0 (Windows NT 10.0; Win64; x64; rv:64.0) Gecko/20100101 Firefox/64.0"
188.21.129.54 - - [08/Jan/2019:12:30:48 +0100] "GET /reload?ser=1546947048034 HTTP/1.1" 200 28 "http://renault.activities.at/result?searchterm=true&search=Stunden" "Mozilla/5.0 (Windows NT 6.1; WOW64; Trident/7.0; rv:11.0) like Gecko"
80.123.225.36 - - [08/Jan/2019:12:30:48 +0100] "GET /reload?ser=1546947044496 HTTP/1.1" 200 28 "http://renault.activities.at/success" "Mozilla/5.0 (Windows NT 6.1; WOW64; Trident/7.0; rv:11.0) like Gecko"
82.135.5.126 - - [08/Jan/2019:12:30:52 +0100] "GET /reload?ser=1546947052774 HTTP/1.1" 200 28 "http://renault.activities.at/10201442?dir=DESC&mode=grid&order=name&limit=15&page=2&cat=10260257" "Mozilla/5.0 (Windows NT 10.0; WOW64; Trident/7.0; rv:11.0) like Gecko"
213.90.59.82 - - [08/Jan/2019:12:30:53 +0100] "GET /reload?ser=1546947049593 HTTP/1.1" 200 28 "http://renault.activities.at/" "Mozilla/4.0 (compatible; MSIE 7.0; Windows NT 5.1; Trident/4.0; GTB7.5; .NET CLR 2.0.50727; .NET CLR 3.0.4506.2152; .NET CLR 3.5.30729; .NET4.0C; .NET4.0E; InfoPath.1; OfficeLiveConnector.1.5; OfficeLivePatch.1.3)"
90.152.153.42 - - [08/Jan/2019:12:30:54 +0100] "GET /reload?ser=1546947187445 HTTP/1.1" 200 28 "http://renault.activities.at/account" "Mozilla/5.0 (Windows NT 6.1; WOW64; Trident/7.0; rv:11.0) like Gecko"
80.123.225.36 - - [08/Jan/2019:12:31:08 +0100] "GET /reload?ser=1546947067493 HTTP/1.1" 200 28 "http://renault.activities.at/success" "Mozilla/5.0 (Windows NT 10.0; Win64; x64) AppleWebKit/537.36 (KHTML, like Gecko) Chrome/71.0.3578.98 Safari/537.36"
