188.21.129.54 - - [08/Jan/2019:09:28:47 +0100] "GET /reload?ser=1546936127158 HTTP/1.1" 200 28 "http://renault.activities.at/result?searchterm=true&search=Stunden" "Mozilla/5.0 (Windows NT 6.1; WOW64; Trident/7.0; rv:11.0) like Gecko"
193.194.132.21 - - [08/Jan/2019:09:29:07 +0100] "GET /reload?ser=1546936147512 HTTP/1.1" 200 28 "http://renault.2web.at/account?loadrequest=true" "Mozilla/5.0 (Windows NT 6.1; WOW64; Trident/7.0; rv:11.0) like Gecko"
213.153.47.173 - - [08/Jan/2019:09:29:12 +0100] "GET /reload?ser=1546936152734 HTTP/1.1" 200 28 "http://renault.activities.at/login?required=true" "Mozilla/5.0 (Windows NT 10.0; Win64; x64; rv:64.0) Gecko/20100101 Firefox/64.0"
212.89.176.40 - - [08/Jan/2019:09:29:23 +0100] "GET /reload?ser=1546936155986 HTTP/1.1" 200 28 "http://renault.activities.at/success" "Mozilla/5.0 (Windows NT 6.1; WOW64; Trident/7.0; rv:11.0) like Gecko"
82.135.5.126 - - [08/Jan/2019:09:29:41 +0100] "GET /reload?ser=1546936181293 HTTP/1.1" 200 28 "http://renault.activities.at/11914008" "Mozilla/5.0 (Windows NT 10.0; WOW64; Trident/7.0; rv:11.0) like Gecko"
213.90.59.82 - - [08/Jan/2019:09:29:43 +0100] "GET /reload?ser=1546936179125 HTTP/1.1" 200 28 "http://renault.activities.at/result?dir=DESC&mode=grid&order=name&limit=15&page=2&search=Talisman" "Mozilla/4.0 (compatible; MSIE 7.0; Windows NT 5.1; Trident/4.0; GTB7.5; .NET CLR 2.0.50727; .NET CLR 3.0.4506.2152; .NET CLR 3.5.30729; .NET4.0C; .NET4.0E; InfoPath.1; OfficeLiveConnector.1.5; OfficeLivePatch.1.3)"
80.123.225.36 - - [08/Jan/2019:09:29:47 +0100] "GET /reload?ser=1546936183267 HTTP/1.1" 200 28 "http://renault.activities.at/success" "Mozilla/5.0 (Windows NT 6.1; WOW64; Trident/7.0; rv:11.0) like Gecko"
188.21.129.54 - - [08/Jan/2019:09:29:48 +0100] "GET /reload?ser=1546936188158 HTTP/1.1" 200 28 "http://renault.activities.at/result?searchterm=true&search=Stunden" "Mozilla/5.0 (Windows NT 6.1; WOW64; Trident/7.0; rv:11.0) like Gecko"
193.194.132.21 - - [08/Jan/2019:09:30:08 +0100] "GET /reload?ser=1546936208547 HTTP/1.1" 200 28 "http://renault.2web.at/account?loadrequest=true" "Mozilla/5.0 (Windows NT 6.1; WOW64; Trident/7.0; rv:11.0) like Gecko"
213.153.47.173 - - [08/Jan/2019:09:30:13 +0100] "GET /reload?ser=1546936213418 HTTP/1.1" 200 28 "http://renault.activities.at/login?required=true" "Mozilla/5.0 (Windows NT 10.0; Win64; x64; rv:64.0) Gecko/20100101 Firefox/64.0"
212.89.176.40 - - [08/Jan/2019:09:30:24 +0100] "GET /reload?ser=1546936216949 HTTP/1.1" 200 28 "http://renault.activities.at/success" "Mozilla/5.0 (Windows NT 6.1; WOW64; Trident/7.0; rv:11.0) like Gecko"
82.135.5.126 - - [08/Jan/2019:09:30:42 +0100] "GET /reload?ser=1546936242241 HTTP/1.1" 200 28 "http://renault.activities.at/11914008" "Mozilla/5.0 (Windows NT 10.0; WOW64; Trident/7.0; rv:11.0) like Gecko"
213.90.59.82 - - [08/Jan/2019:09:30:44 +0100] "GET /reload?ser=1546936240046 HTTP/1.1" 200 28 "http://renault.activities.at/result?dir=DESC&mode=grid&order=name&limit=15&page=2&search=Talisman" "Mozilla/4.0 (compatible; MSIE 7.0; Windows NT 5.1; Trident/4.0; GTB7.5; .NET CLR 2.0.50727; .NET CLR 3.0.4506.2152; .NET CLR 3.5.30729; .NET4.0C; .NET4.0E; InfoPath.1; OfficeLiveConnector.1.5; OfficeLivePatch.1.3)"
80.123.225.36 - - [08/Jan/2019:09:30:48 +0100] "GET /reload?ser=1546936244231 HTTP/1.1" 200 28 "http://renault.activities.at/success" "Mozilla/5.0 (Windows NT 6.1; WOW64; Trident/7.0; rv:11.0) like Gecko"
188.21.129.54 - - [08/Jan/2019:09:30:49 +0100] "GET /reload?ser=1546936249136 HTTP/1.1" 200 28 "http://renault.activities.at/result?searchterm=true&search=Stunden" "Mozilla/5.0 (Windows NT 6.1; WOW64; Trident/7.0; rv:11.0) like Gecko"
193.194.132.21 - - [08/Jan/2019:09:31:09 +0100] "GET /reload?ser=1546936269623 HTTP/1.1" 200 28 "http://renault.2web.at/account?loadrequest=true" "Mozilla/5.0 (Windows NT 6.1; WOW64; Trident/7.0; rv:11.0) like Gecko"
213.153.47.173 - - [08/Jan/2019:09:31:14 +0100] "GET /reload?ser=1546936274089 HTTP/1.1" 200 28 "http://renault.activities.at/login?required=true" "Mozilla/5.0 (Windows NT 10.0; Win64; x64; rv:64.0) Gecko/20100101 Firefox/64.0"
212.89.176.40 - - [08/Jan/2019:09:31:25 +0100] "GET /reload?ser=1546936277926 HTTP/1.1" 200 28 "http://renault.activities.at/success" "Mozilla/5.0 (Windows NT 6.1; WOW64; Trident/7.0; rv:11.0) like Gecko"
82.135.5.126 - - [08/Jan/2019:09:31:43 +0100] "GET /reload?ser=1546936303195 HTTP/1.1" 200 28 "http://renault.activities.at/11914008" "Mozilla/5.0 (Windows NT 10.0; WOW64; Trident/7.0; rv:11.0) like Gecko"
213.90.59.82 - - [08/Jan/2019:09:31:45 +0100] "GET /reload?ser=1546936301031 HTTP/1.1" 200 28 "http://renault.activities.at/result?dir=DESC&mode=grid&order=name&limit=15&page=2&search=Talisman" "Mozilla/4.0 (compatible; MSIE 7.0; Windows NT 5.1; Trident/4.0; GTB7.5; .NET CLR 2.0.50727; .NET CLR 3.0.4506.2152; .NET CLR 3.5.30729; .NET4.0C; .NET4.0E; InfoPath.1; OfficeLiveConnector.1.5; OfficeLivePatch.1.3)"
80.123.225.36 - - [08/Jan/2019:09:31:49 +0100] "GET /reload?ser=1546936305194 HTTP/1.1" 200 28 "http://renault.activities.at/success" "Mozilla/5.0 (Windows NT 6.1; WOW64; Trident/7.0; rv:11.0) like Gecko"
188.21.129.54 - - [08/Jan/2019:09:31:50 +0100] "GET /reload?ser=1546936310114 HTTP/1.1" 200 28 "http://renault.activities.at/result?searchterm=true&search=Stunden" "Mozilla/5.0 (Windows NT 6.1; WOW64; Trident/7.0; rv:11.0) like Gecko"
193.194.132.21 - - [08/Jan/2019:09:32:10 +0100] "GET /reload?ser=1546936330702 HTTP/1.1" 200 28 "http://renault.2web.at/account?loadrequest=true" "Mozilla/5.0 (Windows NT 6.1; WOW64; Trident/7.0; rv:11.0) like Gecko"
213.153.47.173 - - [08/Jan/2019:09:32:14 +0100] "GET /reload?ser=1546936334763 HTTP/1.1" 200 28 "http://renault.activities.at/login?required=true" "Mozilla/5.0 (Windows NT 10.0; Win64; x64; rv:64.0) Gecko/20100101 Firefox/64.0"
212.89.176.40 - - [08/Jan/2019:09:32:26 +0100] "GET /reload?ser=1546936338918 HTTP/1.1" 200 28 "http://renault.activities.at/success" "Mozilla/5.0 (Windows NT 6.1; WOW64; Trident/7.0; rv:11.0) like Gecko"
82.135.5.126 - - [08/Jan/2019:09:32:44 +0100] "GET /reload?ser=1546936364173 HTTP/1.1" 200 28 "http://renault.activities.at/11914008" "Mozilla/5.0 (Windows NT 10.0; WOW64; Trident/7.0; rv:11.0) like Gecko"
213.90.59.82 - - [08/Jan/2019:09:32:46 +0100] "GET /reload?ser=1546936361968 HTTP/1.1" 200 28 "http://renault.activities.at/result?dir=DESC&mode=grid&order=name&limit=15&page=2&search=Talisman" "Mozilla/4.0 (compatible; MSIE 7.0; Windows NT 5.1; Trident/4.0; GTB7.5; .NET CLR 2.0.50727; .NET CLR 3.0.4506.2152; .NET CLR 3.5.30729; .NET4.0C; .NET4.0E; InfoPath.1; OfficeLiveConnector.1.5; OfficeLivePatch.1.3)"
80.123.225.36 - - [08/Jan/2019:09:32:50 +0100] "GET /reload?ser=1546936366213 HTTP/1.1" 200 28 "http://renault.activities.at/success" "Mozilla/5.0 (Windows NT 6.1; WOW64; Trident/7.0; rv:11.0) like Gecko"
188.21.129.54 - - [08/Jan/2019:09:32:51 +0100] "GET /reload?ser=1546936371063 HTTP/1.1" 200 28 "http://renault.activities.at/result?searchterm=true&search=Stunden" "Mozilla/5.0 (Windows NT 6.1; WOW64; Trident/7.0; rv:11.0) like Gecko"
193.194.132.21 - - [08/Jan/2019:09:33:11 +0100] "GET /reload?ser=1546936391778 HTTP/1.1" 200 28 "http://renault.2web.at/account?loadrequest=true" "Mozilla/5.0 (Windows NT 6.1; WOW64; Trident/7.0; rv:11.0) like Gecko"
213.153.47.173 - - [08/Jan/2019:09:33:15 +0100] "GET /reload?ser=1546936395424 HTTP/1.1" 200 28 "http://renault.activities.at/login?required=true" "Mozilla/5.0 (Windows NT 10.0; Win64; x64; rv:64.0) Gecko/20100101 Firefox/64.0"
212.89.176.40 - - [08/Jan/2019:09:33:26 +0100] "GET /reload?ser=1546936399864 HTTP/1.1" 200 28 "http://renault.activities.at/success" "Mozilla/5.0 (Windows NT 6.1; WOW64; Trident/7.0; rv:11.0) like Gecko"
82.135.5.126 - - [08/Jan/2019:09:33:45 +0100] "GET /reload?ser=1546936425141 HTTP/1.1" 200 28 "http://renault.activities.at/11914008" "Mozilla/5.0 (Windows NT 10.0; WOW64; Trident/7.0; rv:11.0) like Gecko"
213.90.59.82 - - [08/Jan/2019:09:33:47 +0100] "GET /reload?ser=1546936422906 HTTP/1.1" 200 28 "http://renault.activities.at/result?dir=DESC&mode=grid&order=name&limit=15&page=2&search=Talisman" "Mozilla/4.0 (compatible; MSIE 7.0; Windows NT 5.1; Trident/4.0; GTB7.5; .NET CLR 2.0.50727; .NET CLR 3.0.4506.2152; .NET CLR 3.5.30729; .NET4.0C; .NET4.0E; InfoPath.1; OfficeLiveConnector.1.5; OfficeLivePatch.1.3)"
80.123.225.36 - - [08/Jan/2019:09:33:51 +0100] "GET /reload?ser=1546936427208 HTTP/1.1" 200 28 "http://renault.activities.at/success" "Mozilla/5.0 (Windows NT 6.1; WOW64; Trident/7.0; rv:11.0) like Gecko"
188.21.129.54 - - [08/Jan/2019:09:33:52 +0100] "GET /reload?ser=1546936432017 HTTP/1.1" 200 28 "http://renault.activities.at/result?searchterm=true&search=Stunden" "Mozilla/5.0 (Windows NT 6.1; WOW64; Trident/7.0; rv:11.0) like Gecko"
193.194.132.21 - - [08/Jan/2019:09:34:12 +0100] "GET /reload?ser=1546936452788 HTTP/1.1" 200 28 "http://renault.2web.at/account?loadrequest=true" "Mozilla/5.0 (Windows NT 6.1; WOW64; Trident/7.0; rv:11.0) like Gecko"
213.153.47.173 - - [08/Jan/2019:09:34:16 +0100] "GET /reload?ser=1546936456094 HTTP/1.1" 200 28 "http://renault.activities.at/login?required=true" "Mozilla/5.0 (Windows NT 10.0; Win64; x64; rv:64.0) Gecko/20100101 Firefox/64.0"
212.89.176.40 - - [08/Jan/2019:09:34:27 +0100] "GET /reload?ser=1546936460826 HTTP/1.1" 200 28 "http://renault.activities.at/success" "Mozilla/5.0 (Windows NT 6.1; WOW64; Trident/7.0; rv:11.0) like Gecko"
82.135.5.126 - - [08/Jan/2019:09:34:46 +0100] "GET /reload?ser=1546936486112 HTTP/1.1" 200 28 "http://renault.activities.at/11914008" "Mozilla/5.0 (Windows NT 10.0; WOW64; Trident/7.0; rv:11.0) like Gecko"
213.90.59.82 - - [08/Jan/2019:09:34:48 +0100] "GET /reload?ser=1546936483843 HTTP/1.1" 200 28 "http://renault.activities.at/result?dir=DESC&mode=grid&order=name&limit=15&page=2&search=Talisman" "Mozilla/4.0 (compatible; MSIE 7.0; Windows NT 5.1; Trident/4.0; GTB7.5; .NET CLR 2.0.50727; .NET CLR 3.0.4506.2152; .NET CLR 3.5.30729; .NET4.0C; .NET4.0E; InfoPath.1; OfficeLiveConnector.1.5; OfficeLivePatch.1.3)"
80.123.225.36 - - [08/Jan/2019:09:34:52 +0100] "GET /reload?ser=1546936488186 HTTP/1.1" 200 28 "http://renault.activities.at/success" "Mozilla/5.0 (Windows NT 6.1; WOW64; Trident/7.0; rv:11.0) like Gecko"
188.21.129.54 - - [08/Jan/2019:09:34:53 +0100] "GET /reload?ser=1546936493001 HTTP/1.1" 200 28 "http://renault.activities.at/result?searchterm=true&search=Stunden" "Mozilla/5.0 (Windows NT 6.1; WOW64; Trident/7.0; rv:11.0) like Gecko"
193.194.132.21 - - [08/Jan/2019:09:35:13 +0100] "GET /reload?ser=1546936513851 HTTP/1.1" 200 28 "http://renault.2web.at/account?loadrequest=true" "Mozilla/5.0 (Windows NT 6.1; WOW64; Trident/7.0; rv:11.0) like Gecko"
213.153.47.173 - - [08/Jan/2019:09:35:16 +0100] "GET /reload?ser=1546936516773 HTTP/1.1" 200 28 "http://renault.activities.at/login?required=true" "Mozilla/5.0 (Windows NT 10.0; Win64; x64; rv:64.0) Gecko/20100101 Firefox/64.0"
212.89.176.40 - - [08/Jan/2019:09:35:28 +0100] "GET /reload?ser=1546936521829 HTTP/1.1" 200 28 "http://renault.activities.at/success" "Mozilla/5.0 (Windows NT 6.1; WOW64; Trident/7.0; rv:11.0) like Gecko"
82.135.5.126 - - [08/Jan/2019:09:35:47 +0100] "GET /reload?ser=1546936547109 HTTP/1.1" 200 28 "http://renault.activities.at/11914008" "Mozilla/5.0 (Windows NT 10.0; WOW64; Trident/7.0; rv:11.0) like Gecko"
213.90.59.82 - - [08/Jan/2019:09:35:49 +0100] "GET /reload?ser=1546936544812 HTTP/1.1" 200 28 "http://renault.activities.at/result?dir=DESC&mode=grid&order=name&limit=15&page=2&search=Talisman" "Mozilla/4.0 (compatible; MSIE 7.0; Windows NT 5.1; Trident/4.0; GTB7.5; .NET CLR 2.0.50727; .NET CLR 3.0.4506.2152; .NET CLR 3.5.30729; .NET4.0C; .NET4.0E; InfoPath.1; OfficeLiveConnector.1.5; OfficeLivePatch.1.3)"
80.123.225.36 - - [08/Jan/2019:09:35:53 +0100] "GET /reload?ser=1546936549180 HTTP/1.1" 200 28 "http://renault.activities.at/success" "Mozilla/5.0 (Windows NT 6.1; WOW64; Trident/7.0; rv:11.0) like Gecko"
188.21.129.54 - - [08/Jan/2019:09:35:54 +0100] "GET /reload?ser=1546936554017 HTTP/1.1" 200 28 "http://renault.activities.at/result?searchterm=true&search=Stunden" "Mozilla/5.0 (Windows NT 6.1; WOW64; Trident/7.0; rv:11.0) like Gecko"
193.194.132.21 - - [08/Jan/2019:09:36:14 +0100] "GET /reload?ser=1546936574874 HTTP/1.1" 200 28 "http://renault.2web.at/account?loadrequest=true" "Mozilla/5.0 (Windows NT 6.1; WOW64; Trident/7.0; rv:11.0) like Gecko"
213.153.47.173 - - [08/Jan/2019:09:36:17 +0100] "GET /reload?ser=1546936577432 HTTP/1.1" 200 28 "http://renault.activities.at/login?required=true" "Mozilla/5.0 (Windows NT 10.0; Win64; x64; rv:64.0) Gecko/20100101 Firefox/64.0"
212.89.176.40 - - [08/Jan/2019:09:36:29 +0100] "GET /reload?ser=1546936582837 HTTP/1.1" 200 28 "http://renault.activities.at/success" "Mozilla/5.0 (Windows NT 6.1; WOW64; Trident/7.0; rv:11.0) like Gecko"
82.135.5.126 - - [08/Jan/2019:09:36:48 +0100] "GET /reload?ser=1546936608055 HTTP/1.1" 200 28 "http://renault.activities.at/11914008" "Mozilla/5.0 (Windows NT 10.0; WOW64; Trident/7.0; rv:11.0) like Gecko"
213.90.59.82 - - [08/Jan/2019:09:36:49 +0100] "GET /reload?ser=1546936605734 HTTP/1.1" 200 28 "http://renault.activities.at/result?dir=DESC&mode=grid&order=name&limit=15&page=2&search=Talisman" "Mozilla/4.0 (compatible; MSIE 7.0; Windows NT 5.1; Trident/4.0; GTB7.5; .NET CLR 2.0.50727; .NET CLR 3.0.4506.2152; .NET CLR 3.5.30729; .NET4.0C; .NET4.0E; InfoPath.1; OfficeLiveConnector.1.5; OfficeLivePatch.1.3)"
80.123.225.36 - - [08/Jan/2019:09:36:54 +0100] "GET /reload?ser=1546936610175 HTTP/1.1" 200 28 "http://renault.activities.at/success" "Mozilla/5.0 (Windows NT 6.1; WOW64; Trident/7.0; rv:11.0) like Gecko"
188.21.129.54 - - [08/Jan/2019:09:36:55 +0100] "GET /reload?ser=1546936614997 HTTP/1.1" 200 28 "http://renault.activities.at/result?searchterm=true&search=Stunden" "Mozilla/5.0 (Windows NT 6.1; WOW64; Trident/7.0; rv:11.0) like Gecko"
193.194.132.21 - - [08/Jan/2019:09:37:16 +0100] "GET /reload?ser=1546936635969 HTTP/1.1" 200 28 "http://renault.2web.at/account?loadrequest=true" "Mozilla/5.0 (Windows NT 6.1; WOW64; Trident/7.0; rv:11.0) like Gecko"
213.153.47.173 - - [08/Jan/2019:09:37:18 +0100] "GET /reload?ser=1546936638089 HTTP/1.1" 200 28 "http://renault.activities.at/login?required=true" "Mozilla/5.0 (Windows NT 10.0; Win64; x64; rv:64.0) Gecko/20100101 Firefox/64.0"
212.89.176.40 - - [08/Jan/2019:09:37:30 +0100] "GET /reload?ser=1546936643781 HTTP/1.1" 200 28 "http://renault.activities.at/success" "Mozilla/5.0 (Windows NT 6.1; WOW64; Trident/7.0; rv:11.0) like Gecko"
82.135.5.126 - - [08/Jan/2019:09:37:49 +0100] "GET /reload?ser=1546936669081 HTTP/1.1" 200 28 "http://renault.activities.at/11914008" "Mozilla/5.0 (Windows NT 10.0; WOW64; Trident/7.0; rv:11.0) like Gecko"
213.90.59.82 - - [08/Jan/2019:09:37:50 +0100] "GET /reload?ser=1546936666718 HTTP/1.1" 200 28 "http://renault.activities.at/result?dir=DESC&mode=grid&order=name&limit=15&page=2&search=Talisman" "Mozilla/4.0 (compatible; MSIE 7.0; Windows NT 5.1; Trident/4.0; GTB7.5; .NET CLR 2.0.50727; .NET CLR 3.0.4506.2152; .NET CLR 3.5.30729; .NET4.0C; .NET4.0E; InfoPath.1; OfficeLiveConnector.1.5; OfficeLivePatch.1.3)"
80.123.225.36 - - [08/Jan/2019:09:37:55 +0100] "GET /reload?ser=1546936671138 HTTP/1.1" 200 28 "http://renault.activities.at/success" "Mozilla/5.0 (Windows NT 6.1; WOW64; Trident/7.0; rv:11.0) like Gecko"
188.21.129.54 - - [08/Jan/2019:09:37:55 +0100] "GET /reload?ser=1546936675980 HTTP/1.1" 200 28 "http://renault.activities.at/result?searchterm=true&search=Stunden" "Mozilla/5.0 (Windows NT 6.1; WOW64; Trident/7.0; rv:11.0) like Gecko"
213.90.59.82 - - [08/Jan/2019:09:38:03 +0100] "POST /axjaxrequest?mode=suggest HTTP/1.1" 200 129 "http://renault.activities.at/result?dir=DESC&mode=grid&order=name&limit=15&page=2&search=Talisman" "Mozilla/4.0 (compatible; MSIE 7.0; Windows NT 5.1; Trident/4.0; GTB7.5; .NET CLR 2.0.50727; .NET CLR 3.0.4506.2152; .NET CLR 3.5.30729; .NET4.0C; .NET4.0E; InfoPath.1; OfficeLiveConnector.1.5; OfficeLivePatch.1.3)"
213.90.59.82 - - [08/Jan/2019:09:38:05 +0100] "GET /result?searchterm=true&search=zoe HTTP/1.1" 200 8922 "http://renault.activities.at/result?dir=DESC&mode=grid&order=name&limit=15&page=2&search=Talisman" "Mozilla/4.0 (compatible; MSIE 7.0; Windows NT 5.1; Trident/4.0; GTB7.5; .NET CLR 2.0.50727; .NET CLR 3.0.4506.2152; .NET CLR 3.5.30729; .NET4.0C; .NET4.0E; InfoPath.1; OfficeLiveConnector.1.5; OfficeLivePatch.1.3)"
213.90.59.82 - - [08/Jan/2019:09:38:08 +0100] "GET /js/default.js HTTP/1.1" 304 - "http://renault.activities.at/result?searchterm=true&search=zoe" "Mozilla/4.0 (compatible; MSIE 7.0; Windows NT 5.1; Trident/4.0; GTB7.5; .NET CLR 2.0.50727; .NET CLR 3.0.4506.2152; .NET CLR 3.5.30729; .NET4.0C; .NET4.0E; InfoPath.1; OfficeLiveConnector.1.5; OfficeLivePatch.1.3)"
213.90.59.82 - - [08/Jan/2019:09:38:08 +0100] "GET /js/prototip.js HTTP/1.1" 304 - "http://renault.activities.at/result?searchterm=true&search=zoe" "Mozilla/4.0 (compatible; MSIE 7.0; Windows NT 5.1; Trident/4.0; GTB7.5; .NET CLR 2.0.50727; .NET CLR 3.0.4506.2152; .NET CLR 3.5.30729; .NET4.0C; .NET4.0E; InfoPath.1; OfficeLiveConnector.1.5; OfficeLivePatch.1.3)"
213.90.59.82 - - [08/Jan/2019:09:38:08 +0100] "GET /css/reset.css HTTP/1.1" 304 - "http://renault.activities.at/result?searchterm=true&search=zoe" "Mozilla/4.0 (compatible; MSIE 7.0; Windows NT 5.1; Trident/4.0; GTB7.5; .NET CLR 2.0.50727; .NET CLR 3.0.4506.2152; .NET CLR 3.5.30729; .NET4.0C; .NET4.0E; InfoPath.1; OfficeLiveConnector.1.5; OfficeLivePatch.1.3)"
213.90.59.82 - - [08/Jan/2019:09:38:08 +0100] "GET /css/clears.css HTTP/1.1" 304 - "http://renault.activities.at/result?searchterm=true&search=zoe" "Mozilla/4.0 (compatible; MSIE 7.0; Windows NT 5.1; Trident/4.0; GTB7.5; .NET CLR 2.0.50727; .NET CLR 3.0.4506.2152; .NET CLR 3.5.30729; .NET4.0C; .NET4.0E; InfoPath.1; OfficeLiveConnector.1.5; OfficeLivePatch.1.3)"
213.90.59.82 - - [08/Jan/2019:09:38:08 +0100] "GET /css/styles.css HTTP/1.1" 304 - "http://renault.activities.at/result?searchterm=true&search=zoe" "Mozilla/4.0 (compatible; MSIE 7.0; Windows NT 5.1; Trident/4.0; GTB7.5; .NET CLR 2.0.50727; .NET CLR 3.0.4506.2152; .NET CLR 3.5.30729; .NET4.0C; .NET4.0E; InfoPath.1; OfficeLiveConnector.1.5; OfficeLivePatch.1.3)"
213.90.59.82 - - [08/Jan/2019:09:38:08 +0100] "GET /css/print.css HTTP/1.1" 304 - "http://renault.activities.at/result?searchterm=true&search=zoe" "Mozilla/4.0 (compatible; MSIE 7.0; Windows NT 5.1; Trident/4.0; GTB7.5; .NET CLR 2.0.50727; .NET CLR 3.0.4506.2152; .NET CLR 3.5.30729; .NET4.0C; .NET4.0E; InfoPath.1; OfficeLiveConnector.1.5; OfficeLivePatch.1.3)"
213.90.59.82 - - [08/Jan/2019:09:38:08 +0100] "GET /js/checkout.css HTTP/1.1" 304 - "http://renault.activities.at/result?searchterm=true&search=zoe" "Mozilla/4.0 (compatible; MSIE 7.0; Windows NT 5.1; Trident/4.0; GTB7.5; .NET CLR 2.0.50727; .NET CLR 3.0.4506.2152; .NET CLR 3.5.30729; .NET4.0C; .NET4.0E; InfoPath.1; OfficeLiveConnector.1.5; OfficeLivePatch.1.3)"
213.90.59.82 - - [08/Jan/2019:09:38:08 +0100] "GET /css/themes/default.css HTTP/1.1" 304 - "http://renault.activities.at/result?searchterm=true&search=zoe" "Mozilla/4.0 (compatible; MSIE 7.0; Windows NT 5.1; Trident/4.0; GTB7.5; .NET CLR 2.0.50727; .NET CLR 3.0.4506.2152; .NET CLR 3.5.30729; .NET4.0C; .NET4.0E; InfoPath.1; OfficeLiveConnector.1.5; OfficeLivePatch.1.3)"
213.90.59.82 - - [08/Jan/2019:09:38:08 +0100] "GET /css/prototip.css HTTP/1.1" 304 - "http://renault.activities.at/result?searchterm=true&search=zoe" "Mozilla/4.0 (compatible; MSIE 7.0; Windows NT 5.1; Trident/4.0; GTB7.5; .NET CLR 2.0.50727; .NET CLR 3.0.4506.2152; .NET CLR 3.5.30729; .NET4.0C; .NET4.0E; InfoPath.1; OfficeLiveConnector.1.5; OfficeLivePatch.1.3)"
213.90.59.82 - - [08/Jan/2019:09:38:08 +0100] "GET /css/styles-ie.css HTTP/1.1" 304 - "http://renault.activities.at/result?searchterm=true&search=zoe" "Mozilla/4.0 (compatible; MSIE 7.0; Windows NT 5.1; Trident/4.0; GTB7.5; .NET CLR 2.0.50727; .NET CLR 3.0.4506.2152; .NET CLR 3.5.30729; .NET4.0C; .NET4.0E; InfoPath.1; OfficeLiveConnector.1.5; OfficeLivePatch.1.3)"
213.90.59.82 - - [08/Jan/2019:09:38:08 +0100] "GET /css/themes/alphacube.css HTTP/1.1" 304 - "http://renault.activities.at/result?searchterm=true&search=zoe" "Mozilla/4.0 (compatible; MSIE 7.0; Windows NT 5.1; Trident/4.0; GTB7.5; .NET CLR 2.0.50727; .NET CLR 3.0.4506.2152; .NET CLR 3.5.30729; .NET4.0C; .NET4.0E; InfoPath.1; OfficeLiveConnector.1.5; OfficeLivePatch.1.3)"
213.90.59.82 - - [08/Jan/2019:09:38:08 +0100] "GET /js/index.php?c=auto&f=,prototype/prototype.js,prototype/validation.js,scriptaculous/builder.js,scriptaculous/effects.js,scriptaculous/dragdrop.js,scriptaculous/controls.js,scriptaculous/slider.js,varien/js.js,varien/form.js,varien/menu.js,mage/translate.js,mage/cookies.js,varien/product.js,spinner/SpinnerControl.jsmin.js,prototype/window.js,prototype/window_ext.js HTTP/1.1" 200 94182 "http://renault.activities.at/result?searchterm=true&search=zoe" "Mozilla/4.0 (compatible; MSIE 7.0; Windows NT 5.1; Trident/4.0; GTB7.5; .NET CLR 2.0.50727; .NET CLR 3.0.4506.2152; .NET CLR 3.5.30729; .NET4.0C; .NET4.0E; InfoPath.1; OfficeLiveConnector.1.5; OfficeLivePatch.1.3)"
213.90.59.82 - - [08/Jan/2019:09:38:08 +0100] "GET /js/ProduktGrp.js HTTP/1.1" 304 - "http://renault.activities.at/result?searchterm=true&search=zoe" "Mozilla/4.0 (compatible; MSIE 7.0; Windows NT 5.1; Trident/4.0; GTB7.5; .NET CLR 2.0.50727; .NET CLR 3.0.4506.2152; .NET CLR 3.5.30729; .NET4.0C; .NET4.0E; InfoPath.1; OfficeLiveConnector.1.5; OfficeLivePatch.1.3)"
213.90.59.82 - - [08/Jan/2019:09:38:08 +0100] "GET /loadthumbnail.php?id=11434114&width=50&height=50 HTTP/1.1" 200 1658 "http://renault.activities.at/result?searchterm=true&search=zoe" "Mozilla/4.0 (compatible; MSIE 7.0; Windows NT 5.1; Trident/4.0; GTB7.5; .NET CLR 2.0.50727; .NET CLR 3.0.4506.2152; .NET CLR 3.5.30729; .NET4.0C; .NET4.0E; InfoPath.1; OfficeLiveConnector.1.5; OfficeLivePatch.1.3)"
213.90.59.82 - - [08/Jan/2019:09:38:08 +0100] "GET /loadthumbnail.php?id=11351222&width=50&height=50 HTTP/1.1" 200 4353 "http://renault.activities.at/result?searchterm=true&search=zoe" "Mozilla/4.0 (compatible; MSIE 7.0; Windows NT 5.1; Trident/4.0; GTB7.5; .NET CLR 2.0.50727; .NET CLR 3.0.4506.2152; .NET CLR 3.5.30729; .NET4.0C; .NET4.0E; InfoPath.1; OfficeLiveConnector.1.5; OfficeLivePatch.1.3)"
213.90.59.82 - - [08/Jan/2019:09:38:08 +0100] "GET /loadthumbnail.php?id=11351226&width=50&height=50 HTTP/1.1" 200 4457 "http://renault.activities.at/result?searchterm=true&search=zoe" "Mozilla/4.0 (compatible; MSIE 7.0; Windows NT 5.1; Trident/4.0; GTB7.5; .NET CLR 2.0.50727; .NET CLR 3.0.4506.2152; .NET CLR 3.5.30729; .NET4.0C; .NET4.0E; InfoPath.1; OfficeLiveConnector.1.5; OfficeLivePatch.1.3)"
213.90.59.82 - - [08/Jan/2019:09:38:08 +0100] "GET /loadthumbnail.php?id=10745359&width=50&height=50 HTTP/1.1" 200 1503 "http://renault.activities.at/result?searchterm=true&search=zoe" "Mozilla/4.0 (compatible; MSIE 7.0; Windows NT 5.1; Trident/4.0; GTB7.5; .NET CLR 2.0.50727; .NET CLR 3.0.4506.2152; .NET CLR 3.5.30729; .NET4.0C; .NET4.0E; InfoPath.1; OfficeLiveConnector.1.5; OfficeLivePatch.1.3)"
213.90.59.82 - - [08/Jan/2019:09:38:08 +0100] "GET /loadthumbnail.php?id=11845304&width=50&height=50 HTTP/1.1" 200 1152 "http://renault.activities.at/result?searchterm=true&search=zoe" "Mozilla/4.0 (compatible; MSIE 7.0; Windows NT 5.1; Trident/4.0; GTB7.5; .NET CLR 2.0.50727; .NET CLR 3.0.4506.2152; .NET CLR 3.5.30729; .NET4.0C; .NET4.0E; InfoPath.1; OfficeLiveConnector.1.5; OfficeLivePatch.1.3)"
213.90.59.82 - - [08/Jan/2019:09:38:09 +0100] "GET /loadthumbnail.php?id=11825612&width=50&height=50 HTTP/1.1" 200 1068 "http://renault.activities.at/result?searchterm=true&search=zoe" "Mozilla/4.0 (compatible; MSIE 7.0; Windows NT 5.1; Trident/4.0; GTB7.5; .NET CLR 2.0.50727; .NET CLR 3.0.4506.2152; .NET CLR 3.5.30729; .NET4.0C; .NET4.0E; InfoPath.1; OfficeLiveConnector.1.5; OfficeLivePatch.1.3)"
213.90.59.82 - - [08/Jan/2019:09:38:09 +0100] "GET /loadthumbnail.php?id=10203276 HTTP/1.1" 200 75 "http://renault.activities.at/result?searchterm=true&search=zoe" "Mozilla/4.0 (compatible; MSIE 7.0; Windows NT 5.1; Trident/4.0; GTB7.5; .NET CLR 2.0.50727; .NET CLR 3.0.4506.2152; .NET CLR 3.5.30729; .NET4.0C; .NET4.0E; InfoPath.1; OfficeLiveConnector.1.5; OfficeLivePatch.1.3)"
213.90.59.82 - - [08/Jan/2019:09:38:09 +0100] "GET /loadthumbnail.php?id=11711045&width=50&height=50 HTTP/1.1" 200 1132 "http://renault.activities.at/result?searchterm=true&search=zoe" "Mozilla/4.0 (compatible; MSIE 7.0; Windows NT 5.1; Trident/4.0; GTB7.5; .NET CLR 2.0.50727; .NET CLR 3.0.4506.2152; .NET CLR 3.5.30729; .NET4.0C; .NET4.0E; InfoPath.1; OfficeLiveConnector.1.5; OfficeLivePatch.1.3)"
213.90.59.82 - - [08/Jan/2019:09:38:09 +0100] "GET /loadthumbnail.php?id=10203255 HTTP/1.1" 200 137 "http://renault.activities.at/result?searchterm=true&search=zoe" "Mozilla/4.0 (compatible; MSIE 7.0; Windows NT 5.1; Trident/4.0; GTB7.5; .NET CLR 2.0.50727; .NET CLR 3.0.4506.2152; .NET CLR 3.5.30729; .NET4.0C; .NET4.0E; InfoPath.1; OfficeLiveConnector.1.5; OfficeLivePatch.1.3)"
213.90.59.82 - - [08/Jan/2019:09:38:09 +0100] "GET /loadthumbnail.php?id=11926565&width=113 HTTP/1.1" 200 28904 "http://renault.activities.at/result?searchterm=true&search=zoe" "Mozilla/4.0 (compatible; MSIE 7.0; Windows NT 5.1; Trident/4.0; GTB7.5; .NET CLR 2.0.50727; .NET CLR 3.0.4506.2152; .NET CLR 3.5.30729; .NET4.0C; .NET4.0E; InfoPath.1; OfficeLiveConnector.1.5; OfficeLivePatch.1.3)"
213.90.59.82 - - [08/Jan/2019:09:38:08 +0100] "GET /loadthumbnail.php?id=11127982 HTTP/1.1" 200 399614 "http://renault.activities.at/result?searchterm=true&search=zoe" "Mozilla/4.0 (compatible; MSIE 7.0; Windows NT 5.1; Trident/4.0; GTB7.5; .NET CLR 2.0.50727; .NET CLR 3.0.4506.2152; .NET CLR 3.5.30729; .NET4.0C; .NET4.0E; InfoPath.1; OfficeLiveConnector.1.5; OfficeLivePatch.1.3)"
213.90.59.82 - - [08/Jan/2019:09:38:09 +0100] "GET /loadthumbnail.php?id=11760052&width=113 HTTP/1.1" 200 1991 "http://renault.activities.at/result?searchterm=true&search=zoe" "Mozilla/4.0 (compatible; MSIE 7.0; Windows NT 5.1; Trident/4.0; GTB7.5; .NET CLR 2.0.50727; .NET CLR 3.0.4506.2152; .NET CLR 3.5.30729; .NET4.0C; .NET4.0E; InfoPath.1; OfficeLiveConnector.1.5; OfficeLivePatch.1.3)"
213.90.59.82 - - [08/Jan/2019:09:38:09 +0100] "GET /loadthumbnail.php?id=11760048&width=113 HTTP/1.1" 200 1991 "http://renault.activities.at/result?searchterm=true&search=zoe" "Mozilla/4.0 (compatible; MSIE 7.0; Windows NT 5.1; Trident/4.0; GTB7.5; .NET CLR 2.0.50727; .NET CLR 3.0.4506.2152; .NET CLR 3.5.30729; .NET4.0C; .NET4.0E; InfoPath.1; OfficeLiveConnector.1.5; OfficeLivePatch.1.3)"
213.90.59.82 - - [08/Jan/2019:09:38:09 +0100] "GET /loadthumbnail.php?id=11181189&width=113 HTTP/1.1" 200 1888 "http://renault.activities.at/result?searchterm=true&search=zoe" "Mozilla/4.0 (compatible; MSIE 7.0; Windows NT 5.1; Trident/4.0; GTB7.5; .NET CLR 2.0.50727; .NET CLR 3.0.4506.2152; .NET CLR 3.5.30729; .NET4.0C; .NET4.0E; InfoPath.1; OfficeLiveConnector.1.5; OfficeLivePatch.1.3)"
213.90.59.82 - - [08/Jan/2019:09:38:09 +0100] "GET /loadthumbnail.php?id=11181191&width=113 HTTP/1.1" 200 1888 "http://renault.activities.at/result?searchterm=true&search=zoe" "Mozilla/4.0 (compatible; MSIE 7.0; Windows NT 5.1; Trident/4.0; GTB7.5; .NET CLR 2.0.50727; .NET CLR 3.0.4506.2152; .NET CLR 3.5.30729; .NET4.0C; .NET4.0E; InfoPath.1; OfficeLiveConnector.1.5; OfficeLivePatch.1.3)"
213.90.59.82 - - [08/Jan/2019:09:38:09 +0100] "GET /loadthumbnail.php?id=11181187&width=113 HTTP/1.1" 200 1532 "http://renault.activities.at/result?searchterm=true&search=zoe" "Mozilla/4.0 (compatible; MSIE 7.0; Windows NT 5.1; Trident/4.0; GTB7.5; .NET CLR 2.0.50727; .NET CLR 3.0.4506.2152; .NET CLR 3.5.30729; .NET4.0C; .NET4.0E; InfoPath.1; OfficeLiveConnector.1.5; OfficeLivePatch.1.3)"
213.90.59.82 - - [08/Jan/2019:09:38:09 +0100] "GET /loadthumbnail.php?id=11181185&width=113 HTTP/1.1" 200 1532 "http://renault.activities.at/result?searchterm=true&search=zoe" "Mozilla/4.0 (compatible; MSIE 7.0; Windows NT 5.1; Trident/4.0; GTB7.5; .NET CLR 2.0.50727; .NET CLR 3.0.4506.2152; .NET CLR 3.5.30729; .NET4.0C; .NET4.0E; InfoPath.1; OfficeLiveConnector.1.5; OfficeLivePatch.1.3)"
213.90.59.82 - - [08/Jan/2019:09:38:09 +0100] "GET /loadthumbnail.php?id=11181180&width=113 HTTP/1.1" 200 1834 "http://renault.activities.at/result?searchterm=true&search=zoe" "Mozilla/4.0 (compatible; MSIE 7.0; Windows NT 5.1; Trident/4.0; GTB7.5; .NET CLR 2.0.50727; .NET CLR 3.0.4506.2152; .NET CLR 3.5.30729; .NET4.0C; .NET4.0E; InfoPath.1; OfficeLiveConnector.1.5; OfficeLivePatch.1.3)"
213.90.59.82 - - [08/Jan/2019:09:38:09 +0100] "GET /loadthumbnail.php?id=11181178&width=113 HTTP/1.1" 200 1834 "http://renault.activities.at/result?searchterm=true&search=zoe" "Mozilla/4.0 (compatible; MSIE 7.0; Windows NT 5.1; Trident/4.0; GTB7.5; .NET CLR 2.0.50727; .NET CLR 3.0.4506.2152; .NET CLR 3.5.30729; .NET4.0C; .NET4.0E; InfoPath.1; OfficeLiveConnector.1.5; OfficeLivePatch.1.3)"
213.90.59.82 - - [08/Jan/2019:09:38:09 +0100] "GET /loadthumbnail.php?id=11186502&width=113 HTTP/1.1" 200 2016 "http://renault.activities.at/result?searchterm=true&search=zoe" "Mozilla/4.0 (compatible; MSIE 7.0; Windows NT 5.1; Trident/4.0; GTB7.5; .NET CLR 2.0.50727; .NET CLR 3.0.4506.2152; .NET CLR 3.5.30729; .NET4.0C; .NET4.0E; InfoPath.1; OfficeLiveConnector.1.5; OfficeLivePatch.1.3)"
213.90.59.82 - - [08/Jan/2019:09:38:09 +0100] "GET /loadthumbnail.php?id=11195848&width=113 HTTP/1.1" 200 2016 "http://renault.activities.at/result?searchterm=true&search=zoe" "Mozilla/4.0 (compatible; MSIE 7.0; Windows NT 5.1; Trident/4.0; GTB7.5; .NET CLR 2.0.50727; .NET CLR 3.0.4506.2152; .NET CLR 3.5.30729; .NET4.0C; .NET4.0E; InfoPath.1; OfficeLiveConnector.1.5; OfficeLivePatch.1.3)"
213.90.59.82 - - [08/Jan/2019:09:38:09 +0100] "GET /loadthumbnail.php?id=11186498&width=113 HTTP/1.1" 200 2016 "http://renault.activities.at/result?searchterm=true&search=zoe" "Mozilla/4.0 (compatible; MSIE 7.0; Windows NT 5.1; Trident/4.0; GTB7.5; .NET CLR 2.0.50727; .NET CLR 3.0.4506.2152; .NET CLR 3.5.30729; .NET4.0C; .NET4.0E; InfoPath.1; OfficeLiveConnector.1.5; OfficeLivePatch.1.3)"
213.90.59.82 - - [08/Jan/2019:09:38:09 +0100] "GET /loadthumbnail.php?id=11181168&width=113 HTTP/1.1" 200 847 "http://renault.activities.at/result?searchterm=true&search=zoe" "Mozilla/4.0 (compatible; MSIE 7.0; Windows NT 5.1; Trident/4.0; GTB7.5; .NET CLR 2.0.50727; .NET CLR 3.0.4506.2152; .NET CLR 3.5.30729; .NET4.0C; .NET4.0E; InfoPath.1; OfficeLiveConnector.1.5; OfficeLivePatch.1.3)"
213.90.59.82 - - [08/Jan/2019:09:38:09 +0100] "GET /loadthumbnail.php?id=11181166&width=113 HTTP/1.1" 200 847 "http://renault.activities.at/result?searchterm=true&search=zoe" "Mozilla/4.0 (compatible; MSIE 7.0; Windows NT 5.1; Trident/4.0; GTB7.5; .NET CLR 2.0.50727; .NET CLR 3.0.4506.2152; .NET CLR 3.5.30729; .NET4.0C; .NET4.0E; InfoPath.1; OfficeLiveConnector.1.5; OfficeLivePatch.1.3)"
213.90.59.82 - - [08/Jan/2019:09:38:09 +0100] "GET /loadthumbnail.php?id=10203650&width=113 HTTP/1.1" 200 2741 "http://renault.activities.at/result?searchterm=true&search=zoe" "Mozilla/4.0 (compatible; MSIE 7.0; Windows NT 5.1; Trident/4.0; GTB7.5; .NET CLR 2.0.50727; .NET CLR 3.0.4506.2152; .NET CLR 3.5.30729; .NET4.0C; .NET4.0E; InfoPath.1; OfficeLiveConnector.1.5; OfficeLivePatch.1.3)"
193.194.132.21 - - [08/Jan/2019:09:38:17 +0100] "GET /reload?ser=1546936697001 HTTP/1.1" 200 28 "http://renault.2web.at/account?loadrequest=true" "Mozilla/5.0 (Windows NT 6.1; WOW64; Trident/7.0; rv:11.0) like Gecko"
213.153.47.173 - - [08/Jan/2019:09:38:18 +0100] "GET /reload?ser=1546936698765 HTTP/1.1" 200 28 "http://renault.activities.at/login?required=true" "Mozilla/5.0 (Windows NT 10.0; Win64; x64; rv:64.0) Gecko/20100101 Firefox/64.0"
213.90.59.82 - - [08/Jan/2019:09:38:17 +0100] "GET /11760049?print=true HTTP/1.1" 200 2682 "http://renault.activities.at/result?searchterm=true&search=zoe" "Mozilla/4.0 (compatible; MSIE 7.0; Windows NT 5.1; Trident/4.0; GTB7.5; .NET CLR 2.0.50727; .NET CLR 3.0.4506.2152; .NET CLR 3.5.30729; .NET4.0C; .NET4.0E; InfoPath.1; OfficeLiveConnector.1.5; OfficeLivePatch.1.3)"
213.90.59.82 - - [08/Jan/2019:09:38:20 +0100] "GET /js/default.js HTTP/1.1" 304 - "http://renault.activities.at/11760049?print=true" "Mozilla/4.0 (compatible; MSIE 7.0; Windows NT 5.1; Trident/4.0; GTB7.5; .NET CLR 2.0.50727; .NET CLR 3.0.4506.2152; .NET CLR 3.5.30729; .NET4.0C; .NET4.0E; InfoPath.1; OfficeLiveConnector.1.5; OfficeLivePatch.1.3)"
213.90.59.82 - - [08/Jan/2019:09:38:20 +0100] "GET /css/reset.css HTTP/1.1" 304 - "http://renault.activities.at/11760049?print=true" "Mozilla/4.0 (compatible; MSIE 7.0; Windows NT 5.1; Trident/4.0; GTB7.5; .NET CLR 2.0.50727; .NET CLR 3.0.4506.2152; .NET CLR 3.5.30729; .NET4.0C; .NET4.0E; InfoPath.1; OfficeLiveConnector.1.5; OfficeLivePatch.1.3)"
213.90.59.82 - - [08/Jan/2019:09:38:20 +0100] "GET /css/styles.css HTTP/1.1" 304 - "http://renault.activities.at/11760049?print=true" "Mozilla/4.0 (compatible; MSIE 7.0; Windows NT 5.1; Trident/4.0; GTB7.5; .NET CLR 2.0.50727; .NET CLR 3.0.4506.2152; .NET CLR 3.5.30729; .NET4.0C; .NET4.0E; InfoPath.1; OfficeLiveConnector.1.5; OfficeLivePatch.1.3)"
213.90.59.82 - - [08/Jan/2019:09:38:20 +0100] "GET /css/print.css HTTP/1.1" 304 - "http://renault.activities.at/11760049?print=true" "Mozilla/4.0 (compatible; MSIE 7.0; Windows NT 5.1; Trident/4.0; GTB7.5; .NET CLR 2.0.50727; .NET CLR 3.0.4506.2152; .NET CLR 3.5.30729; .NET4.0C; .NET4.0E; InfoPath.1; OfficeLiveConnector.1.5; OfficeLivePatch.1.3)"
213.90.59.82 - - [08/Jan/2019:09:38:20 +0100] "GET /css/clears.css HTTP/1.1" 304 - "http://renault.activities.at/11760049?print=true" "Mozilla/4.0 (compatible; MSIE 7.0; Windows NT 5.1; Trident/4.0; GTB7.5; .NET CLR 2.0.50727; .NET CLR 3.0.4506.2152; .NET CLR 3.5.30729; .NET4.0C; .NET4.0E; InfoPath.1; OfficeLiveConnector.1.5; OfficeLivePatch.1.3)"
213.90.59.82 - - [08/Jan/2019:09:38:20 +0100] "GET /js/checkout.css HTTP/1.1" 304 - "http://renault.activities.at/11760049?print=true" "Mozilla/4.0 (compatible; MSIE 7.0; Windows NT 5.1; Trident/4.0; GTB7.5; .NET CLR 2.0.50727; .NET CLR 3.0.4506.2152; .NET CLR 3.5.30729; .NET4.0C; .NET4.0E; InfoPath.1; OfficeLiveConnector.1.5; OfficeLivePatch.1.3)"
213.90.59.82 - - [08/Jan/2019:09:38:20 +0100] "GET /css/prototip.css HTTP/1.1" 304 - "http://renault.activities.at/11760049?print=true" "Mozilla/4.0 (compatible; MSIE 7.0; Windows NT 5.1; Trident/4.0; GTB7.5; .NET CLR 2.0.50727; .NET CLR 3.0.4506.2152; .NET CLR 3.5.30729; .NET4.0C; .NET4.0E; InfoPath.1; OfficeLiveConnector.1.5; OfficeLivePatch.1.3)"
213.90.59.82 - - [08/Jan/2019:09:38:20 +0100] "GET /css/themes/default.css HTTP/1.1" 304 - "http://renault.activities.at/11760049?print=true" "Mozilla/4.0 (compatible; MSIE 7.0; Windows NT 5.1; Trident/4.0; GTB7.5; .NET CLR 2.0.50727; .NET CLR 3.0.4506.2152; .NET CLR 3.5.30729; .NET4.0C; .NET4.0E; InfoPath.1; OfficeLiveConnector.1.5; OfficeLivePatch.1.3)"
213.90.59.82 - - [08/Jan/2019:09:38:20 +0100] "GET /css/themes/alphacube.css HTTP/1.1" 304 - "http://renault.activities.at/11760049?print=true" "Mozilla/4.0 (compatible; MSIE 7.0; Windows NT 5.1; Trident/4.0; GTB7.5; .NET CLR 2.0.50727; .NET CLR 3.0.4506.2152; .NET CLR 3.5.30729; .NET4.0C; .NET4.0E; InfoPath.1; OfficeLiveConnector.1.5; OfficeLivePatch.1.3)"
213.90.59.82 - - [08/Jan/2019:09:38:20 +0100] "GET /css/styles-ie.css HTTP/1.1" 304 - "http://renault.activities.at/11760049?print=true" "Mozilla/4.0 (compatible; MSIE 7.0; Windows NT 5.1; Trident/4.0; GTB7.5; .NET CLR 2.0.50727; .NET CLR 3.0.4506.2152; .NET CLR 3.5.30729; .NET4.0C; .NET4.0E; InfoPath.1; OfficeLiveConnector.1.5; OfficeLivePatch.1.3)"
213.90.59.82 - - [08/Jan/2019:09:38:20 +0100] "GET /js/magiczoom/magiczoom.css HTTP/1.1" 304 - "http://renault.activities.at/11760049?print=true" "Mozilla/4.0 (compatible; MSIE 7.0; Windows NT 5.1; Trident/4.0; GTB7.5; .NET CLR 2.0.50727; .NET CLR 3.0.4506.2152; .NET CLR 3.5.30729; .NET4.0C; .NET4.0E; InfoPath.1; OfficeLiveConnector.1.5; OfficeLivePatch.1.3)"
213.90.59.82 - - [08/Jan/2019:09:38:20 +0100] "GET /js/magiczoom/magiczoom.js HTTP/1.1" 304 - "http://renault.activities.at/11760049?print=true" "Mozilla/4.0 (compatible; MSIE 7.0; Windows NT 5.1; Trident/4.0; GTB7.5; .NET CLR 2.0.50727; .NET CLR 3.0.4506.2152; .NET CLR 3.5.30729; .NET4.0C; .NET4.0E; InfoPath.1; OfficeLiveConnector.1.5; OfficeLivePatch.1.3)"
213.90.59.82 - - [08/Jan/2019:09:38:20 +0100] "GET /js/Produkt.js HTTP/1.1" 304 - "http://renault.activities.at/11760049?print=true" "Mozilla/4.0 (compatible; MSIE 7.0; Windows NT 5.1; Trident/4.0; GTB7.5; .NET CLR 2.0.50727; .NET CLR 3.0.4506.2152; .NET CLR 3.5.30729; .NET4.0C; .NET4.0E; InfoPath.1; OfficeLiveConnector.1.5; OfficeLivePatch.1.3)"
213.90.59.82 - - [08/Jan/2019:09:38:20 +0100] "GET /js/index.php?c=auto&f=,prototype/prototype.js,prototype/validation.js,scriptaculous/builder.js,scriptaculous/effects.js,scriptaculous/dragdrop.js,scriptaculous/controls.js,scriptaculous/slider.js,varien/js.js,varien/form.js,varien/menu.js,mage/translate.js,mage/cookies.js,varien/product.js,spinner/SpinnerControl.jsmin.js,prototype/window.js,prototype/window_ext.js HTTP/1.1" 200 94182 "http://renault.activities.at/11760049?print=true" "Mozilla/4.0 (compatible; MSIE 7.0; Windows NT 5.1; Trident/4.0; GTB7.5; .NET CLR 2.0.50727; .NET CLR 3.0.4506.2152; .NET CLR 3.5.30729; .NET4.0C; .NET4.0E; InfoPath.1; OfficeLiveConnector.1.5; OfficeLivePatch.1.3)"
213.90.59.82 - - [08/Jan/2019:09:38:20 +0100] "GET /loadthumbnail.php?id=11760052&width=250 HTTP/1.1" 200 5454 "http://renault.activities.at/11760049?print=true" "Mozilla/4.0 (compatible; MSIE 7.0; Windows NT 5.1; Trident/4.0; GTB7.5; .NET CLR 2.0.50727; .NET CLR 3.0.4506.2152; .NET CLR 3.5.30729; .NET4.0C; .NET4.0E; InfoPath.1; OfficeLiveConnector.1.5; OfficeLivePatch.1.3)"
213.90.59.82 - - [08/Jan/2019:09:38:21 +0100] "GET /loadthumbnail.php?id=11760052&width=900&height=900 HTTP/1.1" 200 36461 "http://renault.activities.at/11760049?print=true" "Mozilla/4.0 (compatible; MSIE 7.0; Windows NT 5.1; Trident/4.0; GTB7.5; .NET CLR 2.0.50727; .NET CLR 3.0.4506.2152; .NET CLR 3.5.30729; .NET4.0C; .NET4.0E; InfoPath.1; OfficeLiveConnector.1.5; OfficeLivePatch.1.3)"
213.90.59.82 - - [08/Jan/2019:09:38:21 +0100] "GET /graphics/zoomin.cur HTTP/1.1" 200 3616 "http://renault.activities.at/11760049?print=true" "Mozilla/4.0 (compatible; MSIE 7.0; Windows NT 5.1; Trident/4.0; GTB7.5; .NET CLR 2.0.50727; .NET CLR 3.0.4506.2152; .NET CLR 3.5.30729; .NET4.0C; .NET4.0E; InfoPath.1; OfficeLiveConnector.1.5; OfficeLivePatch.1.3)"
213.90.59.82 - - [08/Jan/2019:09:38:21 +0100] "GET /graphics/zoomin.cur HTTP/1.1" 200 3616 "http://renault.activities.at/11760049?print=true" "Mozilla/4.0 (compatible; MSIE 7.0; Windows NT 5.1; Trident/4.0; GTB7.5; .NET CLR 2.0.50727; .NET CLR 3.0.4506.2152; .NET CLR 3.5.30729; .NET4.0C; .NET4.0E; InfoPath.1; OfficeLiveConnector.1.5; OfficeLivePatch.1.3)"
213.90.59.82 - - [08/Jan/2019:09:38:24 +0100] "GET /graphics/zoomin.cur HTTP/1.1" 200 3616 "http://renault.activities.at/11760049?print=true" "Mozilla/4.0 (compatible; MSIE 7.0; Windows NT 5.1; Trident/4.0; GTB7.5; .NET CLR 2.0.50727; .NET CLR 3.0.4506.2152; .NET CLR 3.5.30729; .NET4.0C; .NET4.0E; InfoPath.1; OfficeLiveConnector.1.5; OfficeLivePatch.1.3)"
213.90.59.82 - - [08/Jan/2019:09:38:24 +0100] "GET /graphics/zoomin.cur HTTP/1.1" 200 3616 "http://renault.activities.at/11760049?print=true" "Mozilla/4.0 (compatible; MSIE 7.0; Windows NT 5.1; Trident/4.0; GTB7.5; .NET CLR 2.0.50727; .NET CLR 3.0.4506.2152; .NET CLR 3.5.30729; .NET4.0C; .NET4.0E; InfoPath.1; OfficeLiveConnector.1.5; OfficeLivePatch.1.3)"
213.90.59.82 - - [08/Jan/2019:09:38:24 +0100] "GET /graphics/zoomin.cur HTTP/1.1" 200 3616 "http://renault.activities.at/11760049?print=true" "Mozilla/4.0 (compatible; MSIE 7.0; Windows NT 5.1; Trident/4.0; GTB7.5; .NET CLR 2.0.50727; .NET CLR 3.0.4506.2152; .NET CLR 3.5.30729; .NET4.0C; .NET4.0E; InfoPath.1; OfficeLiveConnector.1.5; OfficeLivePatch.1.3)"
212.89.176.40 - - [08/Jan/2019:09:38:31 +0100] "GET /reload?ser=1546936704712 HTTP/1.1" 200 28 "http://renault.activities.at/success" "Mozilla/5.0 (Windows NT 6.1; WOW64; Trident/7.0; rv:11.0) like Gecko"
213.90.59.82 - - [08/Jan/2019:09:38:24 +0100] "GET /graphics/zoomin.cur HTTP/1.1" 200 3616 "http://renault.activities.at/11760049?print=true" "Mozilla/4.0 (compatible; MSIE 7.0; Windows NT 5.1; Trident/4.0; GTB7.5; .NET CLR 2.0.50727; .NET CLR 3.0.4506.2152; .NET CLR 3.5.30729; .NET4.0C; .NET4.0E; InfoPath.1; OfficeLiveConnector.1.5; OfficeLivePatch.1.3)"
213.90.59.82 - - [08/Jan/2019:09:38:25 +0100] "GET /graphics/zoomin.cur HTTP/1.1" 200 3616 "http://renault.activities.at/11760049?print=true" "Mozilla/4.0 (compatible; MSIE 7.0; Windows NT 5.1; Trident/4.0; GTB7.5; .NET CLR 2.0.50727; .NET CLR 3.0.4506.2152; .NET CLR 3.5.30729; .NET4.0C; .NET4.0E; InfoPath.1; OfficeLiveConnector.1.5; OfficeLivePatch.1.3)"
213.90.59.82 - - [08/Jan/2019:09:38:25 +0100] "GET /graphics/zoomin.cur HTTP/1.1" 200 3616 "http://renault.activities.at/11760049?print=true" "Mozilla/4.0 (compatible; MSIE 7.0; Windows NT 5.1; Trident/4.0; GTB7.5; .NET CLR 2.0.50727; .NET CLR 3.0.4506.2152; .NET CLR 3.5.30729; .NET4.0C; .NET4.0E; InfoPath.1; OfficeLiveConnector.1.5; OfficeLivePatch.1.3)"
213.90.59.82 - - [08/Jan/2019:09:38:25 +0100] "GET /graphics/zoomin.cur HTTP/1.1" 200 3616 "http://renault.activities.at/11760049?print=true" "Mozilla/4.0 (compatible; MSIE 7.0; Windows NT 5.1; Trident/4.0; GTB7.5; .NET CLR 2.0.50727; .NET CLR 3.0.4506.2152; .NET CLR 3.5.30729; .NET4.0C; .NET4.0E; InfoPath.1; OfficeLiveConnector.1.5; OfficeLivePatch.1.3)"
213.90.59.82 - - [08/Jan/2019:09:38:25 +0100] "GET /graphics/zoomin.cur HTTP/1.1" 200 3616 "http://renault.activities.at/11760049?print=true" "Mozilla/4.0 (compatible; MSIE 7.0; Windows NT 5.1; Trident/4.0; GTB7.5; .NET CLR 2.0.50727; .NET CLR 3.0.4506.2152; .NET CLR 3.5.30729; .NET4.0C; .NET4.0E; InfoPath.1; OfficeLiveConnector.1.5; OfficeLivePatch.1.3)"
213.90.59.82 - - [08/Jan/2019:09:38:25 +0100] "GET /graphics/zoomin.cur HTTP/1.1" 200 3616 "http://renault.activities.at/11760049?print=true" "Mozilla/4.0 (compatible; MSIE 7.0; Windows NT 5.1; Trident/4.0; GTB7.5; .NET CLR 2.0.50727; .NET CLR 3.0.4506.2152; .NET CLR 3.5.30729; .NET4.0C; .NET4.0E; InfoPath.1; OfficeLiveConnector.1.5; OfficeLivePatch.1.3)"
213.90.59.82 - - [08/Jan/2019:09:38:29 +0100] "GET /graphics/zoomin.cur HTTP/1.1" 200 3616 "http://renault.activities.at/11760049?print=true" "Mozilla/4.0 (compatible; MSIE 7.0; Windows NT 5.1; Trident/4.0; GTB7.5; .NET CLR 2.0.50727; .NET CLR 3.0.4506.2152; .NET CLR 3.5.30729; .NET4.0C; .NET4.0E; InfoPath.1; OfficeLiveConnector.1.5; OfficeLivePatch.1.3)"
213.90.59.82 - - [08/Jan/2019:09:38:25 +0100] "GET /graphics/zoomin.cur HTTP/1.1" 200 3616 "http://renault.activities.at/11760049?print=true" "Mozilla/4.0 (compatible; MSIE 7.0; Windows NT 5.1; Trident/4.0; GTB7.5; .NET CLR 2.0.50727; .NET CLR 3.0.4506.2152; .NET CLR 3.5.30729; .NET4.0C; .NET4.0E; InfoPath.1; OfficeLiveConnector.1.5; OfficeLivePatch.1.3)"
213.90.59.82 - - [08/Jan/2019:09:38:29 +0100] "GET /graphics/zoomin.cur HTTP/1.1" 200 3616 "http://renault.activities.at/11760049?print=true" "Mozilla/4.0 (compatible; MSIE 7.0; Windows NT 5.1; Trident/4.0; GTB7.5; .NET CLR 2.0.50727; .NET CLR 3.0.4506.2152; .NET CLR 3.5.30729; .NET4.0C; .NET4.0E; InfoPath.1; OfficeLiveConnector.1.5; OfficeLivePatch.1.3)"
213.90.59.82 - - [08/Jan/2019:09:38:25 +0100] "GET /graphics/zoomin.cur HTTP/1.1" 200 3616 "http://renault.activities.at/11760049?print=true" "Mozilla/4.0 (compatible; MSIE 7.0; Windows NT 5.1; Trident/4.0; GTB7.5; .NET CLR 2.0.50727; .NET CLR 3.0.4506.2152; .NET CLR 3.5.30729; .NET4.0C; .NET4.0E; InfoPath.1; OfficeLiveConnector.1.5; OfficeLivePatch.1.3)"
213.90.59.82 - - [08/Jan/2019:09:38:31 +0100] "GET /graphics/zoomin.cur HTTP/1.1" 200 3616 "http://renault.activities.at/11760049?print=true" "Mozilla/4.0 (compatible; MSIE 7.0; Windows NT 5.1; Trident/4.0; GTB7.5; .NET CLR 2.0.50727; .NET CLR 3.0.4506.2152; .NET CLR 3.5.30729; .NET4.0C; .NET4.0E; InfoPath.1; OfficeLiveConnector.1.5; OfficeLivePatch.1.3)"
213.90.59.82 - - [08/Jan/2019:09:38:28 +0100] "GET /graphics/zoomin.cur HTTP/1.1" 200 3616 "http://renault.activities.at/11760049?print=true" "Mozilla/4.0 (compatible; MSIE 7.0; Windows NT 5.1; Trident/4.0; GTB7.5; .NET CLR 2.0.50727; .NET CLR 3.0.4506.2152; .NET CLR 3.5.30729; .NET4.0C; .NET4.0E; InfoPath.1; OfficeLiveConnector.1.5; OfficeLivePatch.1.3)"
213.90.59.82 - - [08/Jan/2019:09:38:30 +0100] "GET /graphics/zoomin.cur HTTP/1.1" 200 3616 "http://renault.activities.at/11760049?print=true" "Mozilla/4.0 (compatible; MSIE 7.0; Windows NT 5.1; Trident/4.0; GTB7.5; .NET CLR 2.0.50727; .NET CLR 3.0.4506.2152; .NET CLR 3.5.30729; .NET4.0C; .NET4.0E; InfoPath.1; OfficeLiveConnector.1.5; OfficeLivePatch.1.3)"
213.90.59.82 - - [08/Jan/2019:09:38:30 +0100] "GET /graphics/zoomin.cur HTTP/1.1" 200 3616 "http://renault.activities.at/11760049?print=true" "Mozilla/4.0 (compatible; MSIE 7.0; Windows NT 5.1; Trident/4.0; GTB7.5; .NET CLR 2.0.50727; .NET CLR 3.0.4506.2152; .NET CLR 3.5.30729; .NET4.0C; .NET4.0E; InfoPath.1; OfficeLiveConnector.1.5; OfficeLivePatch.1.3)"
213.90.59.82 - - [08/Jan/2019:09:38:30 +0100] "GET /graphics/zoomin.cur HTTP/1.1" 200 3616 "http://renault.activities.at/11760049?print=true" "Mozilla/4.0 (compatible; MSIE 7.0; Windows NT 5.1; Trident/4.0; GTB7.5; .NET CLR 2.0.50727; .NET CLR 3.0.4506.2152; .NET CLR 3.5.30729; .NET4.0C; .NET4.0E; InfoPath.1; OfficeLiveConnector.1.5; OfficeLivePatch.1.3)"
213.90.59.82 - - [08/Jan/2019:09:38:25 +0100] "GET /graphics/zoomin.cur HTTP/1.1" 200 3616 "http://renault.activities.at/11760049?print=true" "Mozilla/4.0 (compatible; MSIE 7.0; Windows NT 5.1; Trident/4.0; GTB7.5; .NET CLR 2.0.50727; .NET CLR 3.0.4506.2152; .NET CLR 3.5.30729; .NET4.0C; .NET4.0E; InfoPath.1; OfficeLiveConnector.1.5; OfficeLivePatch.1.3)"
82.135.5.126 - - [08/Jan/2019:09:38:50 +0100] "GET /reload?ser=1546936730130 HTTP/1.1" 200 28 "http://renault.activities.at/11914008" "Mozilla/5.0 (Windows NT 10.0; WOW64; Trident/7.0; rv:11.0) like Gecko"
213.90.59.82 - - [08/Jan/2019:09:38:33 +0100] "GET /graphics/zoomin.cur HTTP/1.1" 200 3616 "http://renault.activities.at/11760049?print=true" "Mozilla/4.0 (compatible; MSIE 7.0; Windows NT 5.1; Trident/4.0; GTB7.5; .NET CLR 2.0.50727; .NET CLR 3.0.4506.2152; .NET CLR 3.5.30729; .NET4.0C; .NET4.0E; InfoPath.1; OfficeLiveConnector.1.5; OfficeLivePatch.1.3)"
213.90.59.82 - - [08/Jan/2019:09:38:31 +0100] "GET /graphics/zoomin.cur HTTP/1.1" 200 3616 "http://renault.activities.at/11760049?print=true" "Mozilla/4.0 (compatible; MSIE 7.0; Windows NT 5.1; Trident/4.0; GTB7.5; .NET CLR 2.0.50727; .NET CLR 3.0.4506.2152; .NET CLR 3.5.30729; .NET4.0C; .NET4.0E; InfoPath.1; OfficeLiveConnector.1.5; OfficeLivePatch.1.3)"
213.90.59.82 - - [08/Jan/2019:09:38:33 +0100] "GET /graphics/zoomin.cur HTTP/1.1" 200 3616 "http://renault.activities.at/11760049?print=true" "Mozilla/4.0 (compatible; MSIE 7.0; Windows NT 5.1; Trident/4.0; GTB7.5; .NET CLR 2.0.50727; .NET CLR 3.0.4506.2152; .NET CLR 3.5.30729; .NET4.0C; .NET4.0E; InfoPath.1; OfficeLiveConnector.1.5; OfficeLivePatch.1.3)"
213.90.59.82 - - [08/Jan/2019:09:38:34 +0100] "GET /graphics/zoomin.cur HTTP/1.1" 200 3616 "http://renault.activities.at/11760049?print=true" "Mozilla/4.0 (compatible; MSIE 7.0; Windows NT 5.1; Trident/4.0; GTB7.5; .NET CLR 2.0.50727; .NET CLR 3.0.4506.2152; .NET CLR 3.5.30729; .NET4.0C; .NET4.0E; InfoPath.1; OfficeLiveConnector.1.5; OfficeLivePatch.1.3)"
213.90.59.82 - - [08/Jan/2019:09:38:29 +0100] "GET /graphics/zoomin.cur HTTP/1.1" 200 3616 "http://renault.activities.at/11760049?print=true" "Mozilla/4.0 (compatible; MSIE 7.0; Windows NT 5.1; Trident/4.0; GTB7.5; .NET CLR 2.0.50727; .NET CLR 3.0.4506.2152; .NET CLR 3.5.30729; .NET4.0C; .NET4.0E; InfoPath.1; OfficeLiveConnector.1.5; OfficeLivePatch.1.3)"
80.123.225.36 - - [08/Jan/2019:09:38:56 +0100] "GET /reload?ser=1546936732101 HTTP/1.1" 200 28 "http://renault.activities.at/success" "Mozilla/5.0 (Windows NT 6.1; WOW64; Trident/7.0; rv:11.0) like Gecko"
213.90.59.82 - - [08/Jan/2019:09:38:34 +0100] "GET /graphics/zoomin.cur HTTP/1.1" 200 3616 "http://renault.activities.at/11760049?print=true" "Mozilla/4.0 (compatible; MSIE 7.0; Windows NT 5.1; Trident/4.0; GTB7.5; .NET CLR 2.0.50727; .NET CLR 3.0.4506.2152; .NET CLR 3.5.30729; .NET4.0C; .NET4.0E; InfoPath.1; OfficeLiveConnector.1.5; OfficeLivePatch.1.3)"
188.21.129.54 - - [08/Jan/2019:09:38:58 +0100] "GET /reload?ser=1546936736990 HTTP/1.1" 200 28 "http://renault.activities.at/result?searchterm=true&search=Stunden" "Mozilla/5.0 (Windows NT 6.1; WOW64; Trident/7.0; rv:11.0) like Gecko"
213.90.59.82 - - [08/Jan/2019:09:38:30 +0100] "GET /graphics/zoomin.cur HTTP/1.1" 200 3616 "http://renault.activities.at/11760049?print=true" "Mozilla/4.0 (compatible; MSIE 7.0; Windows NT 5.1; Trident/4.0; GTB7.5; .NET CLR 2.0.50727; .NET CLR 3.0.4506.2152; .NET CLR 3.5.30729; .NET4.0C; .NET4.0E; InfoPath.1; OfficeLiveConnector.1.5; OfficeLivePatch.1.3)"
213.90.59.82 - - [08/Jan/2019:09:38:33 +0100] "GET /graphics/zoomin.cur HTTP/1.1" 200 3616 "http://renault.activities.at/11760049?print=true" "Mozilla/4.0 (compatible; MSIE 7.0; Windows NT 5.1; Trident/4.0; GTB7.5; .NET CLR 2.0.50727; .NET CLR 3.0.4506.2152; .NET CLR 3.5.30729; .NET4.0C; .NET4.0E; InfoPath.1; OfficeLiveConnector.1.5; OfficeLivePatch.1.3)"
213.90.59.82 - - [08/Jan/2019:09:38:31 +0100] "GET /graphics/zoomin.cur HTTP/1.1" 200 3616 "http://renault.activities.at/11760049?print=true" "Mozilla/4.0 (compatible; MSIE 7.0; Windows NT 5.1; Trident/4.0; GTB7.5; .NET CLR 2.0.50727; .NET CLR 3.0.4506.2152; .NET CLR 3.5.30729; .NET4.0C; .NET4.0E; InfoPath.1; OfficeLiveConnector.1.5; OfficeLivePatch.1.3)"
