138.21.12.23 - - [11/Jan/2019:13:02:38 +0100] "GET /images/footer_divider.gif HTTP/1.1" 304 - "http://renault.2web.at/result?searchterm=true&search=Lodgy" "Mozilla/5.0 (Windows NT 6.1; WOW64; Trident/7.0; rv:11.0) like Gecko"
138.21.12.23 - - [11/Jan/2019:13:02:38 +0100] "GET /images/vista-up.gif HTTP/1.1" 304 - "http://renault.2web.at/result?searchterm=true&search=Lodgy" "Mozilla/5.0 (Windows NT 6.1; WOW64; Trident/7.0; rv:11.0) like Gecko"
138.21.12.23 - - [11/Jan/2019:13:02:38 +0100] "GET /images/vista-dn.gif HTTP/1.1" 304 - "http://renault.2web.at/result?searchterm=true&search=Lodgy" "Mozilla/5.0 (Windows NT 6.1; WOW64; Trident/7.0; rv:11.0) like Gecko"
138.21.12.23 - - [11/Jan/2019:13:02:35 +0100] "POST /axjaxrequest?mode=suggest HTTP/1.1" 200 111 "http://renault.2web.at/result?searchterm=true&search=Willkommen" "Mozilla/5.0 (Windows NT 6.1; WOW64; Trident/7.0; rv:11.0) like Gecko"
80.122.221.194 - - [11/Jan/2019:13:02:56 +0100] "GET /reload?ser=1547208176769 HTTP/1.1" 200 28 "http://renault.activities.at/success" "Mozilla/5.0 (Windows NT 10.0; Win64; x64) AppleWebKit/537.36 (KHTML, like Gecko) Chrome/64.0.3282.140 Safari/537.36 Edge/17.17134"
212.152.158.195 - - [11/Jan/2019:13:02:57 +0100] "GET /reload?ser=1547208177424 HTTP/1.1" 200 28 "http://renault.activities.at/11974897" "Mozilla/5.0 (Windows NT 10.0; WOW64; Trident/7.0; Touch; rv:11.0) like Gecko"
80.123.225.36 - - [11/Jan/2019:13:03:20 +0100] "GET /reload?ser=1547208199284 HTTP/1.1" 200 28 "http://renault.activities.at/login" "Mozilla/5.0 (Windows NT 10.0; WOW64; Trident/7.0; rv:11.0) like Gecko"
82.135.5.126 - - [11/Jan/2019:13:03:24 +0100] "GET /reload?ser=1547208204436 HTTP/1.1" 200 28 "http://renault.activities.at/" "Mozilla/5.0 (Windows NT 10.0; WOW64; Trident/7.0; rv:11.0) like Gecko"
213.90.54.36 - - [11/Jan/2019:13:03:24 +0100] "GET /reload?ser=1547208206808 HTTP/1.1" 200 28 "http://renault.activities.at/" "Mozilla/5.0 (Windows NT 10.0; WOW64; Trident/7.0; rv:11.0) like Gecko"
213.153.47.173 - - [11/Jan/2019:13:03:35 +0100] "GET /reload?ser=1547208215890 HTTP/1.1" 200 28 "http://renault.activities.at/login?required=true" "Mozilla/5.0 (Windows NT 10.0; Win64; x64; rv:64.0) Gecko/20100101 Firefox/64.0"
82.135.5.126 - - [11/Jan/2019:13:03:35 +0100] "GET /reload?ser=1547208215860 HTTP/1.1" 200 28 "http://renault.activities.at/" "Mozilla/5.0 (Windows NT 10.0; WOW64; Trident/7.0; rv:11.0) like Gecko"
80.122.221.194 - - [11/Jan/2019:13:03:57 +0100] "GET /reload?ser=1547208237762 HTTP/1.1" 200 28 "http://renault.activities.at/success" "Mozilla/5.0 (Windows NT 10.0; Win64; x64) AppleWebKit/537.36 (KHTML, like Gecko) Chrome/64.0.3282.140 Safari/537.36 Edge/17.17134"
212.152.158.195 - - [11/Jan/2019:13:03:58 +0100] "GET /reload?ser=1547208238369 HTTP/1.1" 200 28 "http://renault.activities.at/11974897" "Mozilla/5.0 (Windows NT 10.0; WOW64; Trident/7.0; Touch; rv:11.0) like Gecko"
80.123.225.36 - - [11/Jan/2019:13:04:21 +0100] "GET /reload?ser=1547208259938 HTTP/1.1" 200 28 "http://renault.activities.at/login" "Mozilla/5.0 (Windows NT 10.0; WOW64; Trident/7.0; rv:11.0) like Gecko"
213.90.54.36 - - [11/Jan/2019:13:04:25 +0100] "GET /reload?ser=1547208267454 HTTP/1.1" 200 28 "http://renault.activities.at/" "Mozilla/5.0 (Windows NT 10.0; WOW64; Trident/7.0; rv:11.0) like Gecko"
82.135.5.126 - - [11/Jan/2019:13:04:25 +0100] "GET /reload?ser=1547208265382 HTTP/1.1" 200 28 "http://renault.activities.at/" "Mozilla/5.0 (Windows NT 10.0; WOW64; Trident/7.0; rv:11.0) like Gecko"
54.196.138.168 - - [11/Jan/2019:13:04:33 +0100] "GET /Ihren HTTP/1.1" 200 5660 "-" "Mozilla/4.0 (compatible; MSIE 8.0; Windows NT 5.1; Trident/4.0)"
213.153.47.173 - - [11/Jan/2019:13:04:36 +0100] "GET /reload?ser=1547208276560 HTTP/1.1" 200 28 "http://renault.activities.at/login?required=true" "Mozilla/5.0 (Windows NT 10.0; Win64; x64; rv:64.0) Gecko/20100101 Firefox/64.0"
82.135.5.126 - - [11/Jan/2019:13:04:36 +0100] "GET /reload?ser=1547208276810 HTTP/1.1" 200 28 "http://renault.activities.at/" "Mozilla/5.0 (Windows NT 10.0; WOW64; Trident/7.0; rv:11.0) like Gecko"
80.122.221.194 - - [11/Jan/2019:13:04:58 +0100] "GET /reload?ser=1547208298764 HTTP/1.1" 200 28 "http://renault.activities.at/success" "Mozilla/5.0 (Windows NT 10.0; Win64; x64) AppleWebKit/537.36 (KHTML, like Gecko) Chrome/64.0.3282.140 Safari/537.36 Edge/17.17134"
212.152.158.195 - - [11/Jan/2019:13:04:59 +0100] "GET /reload?ser=1547208299344 HTTP/1.1" 200 28 "http://renault.activities.at/11974897" "Mozilla/5.0 (Windows NT 10.0; WOW64; Trident/7.0; Touch; rv:11.0) like Gecko"
80.123.225.36 - - [11/Jan/2019:13:05:22 +0100] "GET /reload?ser=1547208320591 HTTP/1.1" 200 28 "http://renault.activities.at/login" "Mozilla/5.0 (Windows NT 10.0; WOW64; Trident/7.0; rv:11.0) like Gecko"
213.90.54.36 - - [11/Jan/2019:13:05:26 +0100] "GET /reload?ser=1547208328088 HTTP/1.1" 200 28 "http://renault.activities.at/" "Mozilla/5.0 (Windows NT 10.0; WOW64; Trident/7.0; rv:11.0) like Gecko"
82.135.5.126 - - [11/Jan/2019:13:05:26 +0100] "GET /reload?ser=1547208326400 HTTP/1.1" 200 28 "http://renault.activities.at/" "Mozilla/5.0 (Windows NT 10.0; WOW64; Trident/7.0; rv:11.0) like Gecko"
52.90.93.230 - - [11/Jan/2019:13:05:26 +0100] "GET / HTTP/1.1" 200 13935 "-" "Mozilla/4.0 (compatible; MSIE 8.0; Windows NT 5.1; Trident/4.0)"
213.153.47.173 - - [11/Jan/2019:13:05:37 +0100] "GET /reload?ser=1547208337240 HTTP/1.1" 200 28 "http://renault.activities.at/login?required=true" "Mozilla/5.0 (Windows NT 10.0; Win64; x64; rv:64.0) Gecko/20100101 Firefox/64.0"
82.135.5.126 - - [11/Jan/2019:13:05:37 +0100] "GET /reload?ser=1547208337750 HTTP/1.1" 200 28 "http://renault.activities.at/" "Mozilla/5.0 (Windows NT 10.0; WOW64; Trident/7.0; rv:11.0) like Gecko"
212.152.158.195 - - [11/Jan/2019:13:06:00 +0100] "GET /reload?ser=1547208360312 HTTP/1.1" 200 28 "http://renault.activities.at/11974897" "Mozilla/5.0 (Windows NT 10.0; WOW64; Trident/7.0; Touch; rv:11.0) like Gecko"
80.122.221.194 - - [11/Jan/2019:13:06:00 +0100] "GET /reload?ser=1547208360763 HTTP/1.1" 200 28 "http://renault.activities.at/success" "Mozilla/5.0 (Windows NT 10.0; Win64; x64) AppleWebKit/537.36 (KHTML, like Gecko) Chrome/64.0.3282.140 Safari/537.36 Edge/17.17134"
80.123.225.36 - - [11/Jan/2019:13:06:22 +0100] "GET /reload?ser=1547208381246 HTTP/1.1" 200 28 "http://renault.activities.at/login" "Mozilla/5.0 (Windows NT 10.0; WOW64; Trident/7.0; rv:11.0) like Gecko"
213.90.54.36 - - [11/Jan/2019:13:06:26 +0100] "GET /reload?ser=1547208388737 HTTP/1.1" 200 28 "http://renault.activities.at/" "Mozilla/5.0 (Windows NT 10.0; WOW64; Trident/7.0; rv:11.0) like Gecko"
82.135.5.126 - - [11/Jan/2019:13:06:27 +0100] "GET /reload?ser=1547208387373 HTTP/1.1" 200 28 "http://renault.activities.at/" "Mozilla/5.0 (Windows NT 10.0; WOW64; Trident/7.0; rv:11.0) like Gecko"
213.153.47.173 - - [11/Jan/2019:13:06:38 +0100] "GET /reload?ser=1547208397960 HTTP/1.1" 200 28 "http://renault.activities.at/login?required=true" "Mozilla/5.0 (Windows NT 10.0; Win64; x64; rv:64.0) Gecko/20100101 Firefox/64.0"
82.135.5.126 - - [11/Jan/2019:13:06:38 +0100] "GET /reload?ser=1547208398696 HTTP/1.1" 200 28 "http://renault.activities.at/" "Mozilla/5.0 (Windows NT 10.0; WOW64; Trident/7.0; rv:11.0) like Gecko"
212.152.158.195 - - [11/Jan/2019:13:07:01 +0100] "GET /reload?ser=1547208421314 HTTP/1.1" 200 28 "http://renault.activities.at/11974897" "Mozilla/5.0 (Windows NT 10.0; WOW64; Trident/7.0; Touch; rv:11.0) like Gecko"
80.122.221.194 - - [11/Jan/2019:13:07:02 +0100] "GET /reload?ser=1547208422761 HTTP/1.1" 200 28 "http://renault.activities.at/success" "Mozilla/5.0 (Windows NT 10.0; Win64; x64) AppleWebKit/537.36 (KHTML, like Gecko) Chrome/64.0.3282.140 Safari/537.36 Edge/17.17134"
80.123.225.36 - - [11/Jan/2019:13:07:23 +0100] "GET /reload?ser=1547208441899 HTTP/1.1" 200 28 "http://renault.activities.at/login" "Mozilla/5.0 (Windows NT 10.0; WOW64; Trident/7.0; rv:11.0) like Gecko"
213.90.54.36 - - [11/Jan/2019:13:07:27 +0100] "GET /reload?ser=1547208449369 HTTP/1.1" 200 28 "http://renault.activities.at/" "Mozilla/5.0 (Windows NT 10.0; WOW64; Trident/7.0; rv:11.0) like Gecko"
82.135.5.126 - - [11/Jan/2019:13:07:28 +0100] "GET /reload?ser=1547208448327 HTTP/1.1" 200 28 "http://renault.activities.at/" "Mozilla/5.0 (Windows NT 10.0; WOW64; Trident/7.0; rv:11.0) like Gecko"
213.153.47.173 - - [11/Jan/2019:13:07:38 +0100] "GET /reload?ser=1547208458610 HTTP/1.1" 200 28 "http://renault.activities.at/login?required=true" "Mozilla/5.0 (Windows NT 10.0; Win64; x64; rv:64.0) Gecko/20100101 Firefox/64.0"
82.135.5.126 - - [11/Jan/2019:13:07:39 +0100] "GET /reload?ser=1547208459818 HTTP/1.1" 200 28 "http://renault.activities.at/" "Mozilla/5.0 (Windows NT 10.0; WOW64; Trident/7.0; rv:11.0) like Gecko"
212.152.158.195 - - [11/Jan/2019:13:08:02 +0100] "GET /reload?ser=1547208482278 HTTP/1.1" 200 28 "http://renault.activities.at/11974897" "Mozilla/5.0 (Windows NT 10.0; WOW64; Trident/7.0; Touch; rv:11.0) like Gecko"
80.122.221.194 - - [11/Jan/2019:13:08:03 +0100] "GET /reload?ser=1547208483755 HTTP/1.1" 200 28 "http://renault.activities.at/success" "Mozilla/5.0 (Windows NT 10.0; Win64; x64) AppleWebKit/537.36 (KHTML, like Gecko) Chrome/64.0.3282.140 Safari/537.36 Edge/17.17134"
80.123.225.36 - - [11/Jan/2019:13:08:24 +0100] "GET /reload?ser=1547208502554 HTTP/1.1" 200 28 "http://renault.activities.at/login" "Mozilla/5.0 (Windows NT 10.0; WOW64; Trident/7.0; rv:11.0) like Gecko"
213.90.54.36 - - [11/Jan/2019:13:08:28 +0100] "GET /reload?ser=1547208510012 HTTP/1.1" 200 28 "http://renault.activities.at/" "Mozilla/5.0 (Windows NT 10.0; WOW64; Trident/7.0; rv:11.0) like Gecko"
82.135.5.126 - - [11/Jan/2019:13:08:29 +0100] "GET /reload?ser=1547208509333 HTTP/1.1" 200 28 "http://renault.activities.at/" "Mozilla/5.0 (Windows NT 10.0; WOW64; Trident/7.0; rv:11.0) like Gecko"
213.153.47.173 - - [11/Jan/2019:13:08:39 +0100] "GET /reload?ser=1547208519271 HTTP/1.1" 200 28 "http://renault.activities.at/login?required=true" "Mozilla/5.0 (Windows NT 10.0; Win64; x64; rv:64.0) Gecko/20100101 Firefox/64.0"
82.135.5.126 - - [11/Jan/2019:13:08:40 +0100] "GET /reload?ser=1547208520770 HTTP/1.1" 200 28 "http://renault.activities.at/" "Mozilla/5.0 (Windows NT 10.0; WOW64; Trident/7.0; rv:11.0) like Gecko"
212.152.158.195 - - [11/Jan/2019:13:09:03 +0100] "GET /reload?ser=1547208543293 HTTP/1.1" 200 28 "http://renault.activities.at/11974897" "Mozilla/5.0 (Windows NT 10.0; WOW64; Trident/7.0; Touch; rv:11.0) like Gecko"
80.122.221.194 - - [11/Jan/2019:13:09:05 +0100] "GET /reload?ser=1547208545764 HTTP/1.1" 200 28 "http://renault.activities.at/success" "Mozilla/5.0 (Windows NT 10.0; Win64; x64) AppleWebKit/537.36 (KHTML, like Gecko) Chrome/64.0.3282.140 Safari/537.36 Edge/17.17134"
80.123.225.36 - - [11/Jan/2019:13:09:24 +0100] "GET /reload?ser=1547208563208 HTTP/1.1" 200 28 "http://renault.activities.at/login" "Mozilla/5.0 (Windows NT 10.0; WOW64; Trident/7.0; rv:11.0) like Gecko"
213.90.54.36 - - [11/Jan/2019:13:09:28 +0100] "GET /reload?ser=1547208570645 HTTP/1.1" 200 28 "http://renault.activities.at/" "Mozilla/5.0 (Windows NT 10.0; WOW64; Trident/7.0; rv:11.0) like Gecko"
82.135.5.126 - - [11/Jan/2019:13:09:30 +0100] "GET /reload?ser=1547208570270 HTTP/1.1" 200 28 "http://renault.activities.at/" "Mozilla/5.0 (Windows NT 10.0; WOW64; Trident/7.0; rv:11.0) like Gecko"
213.153.47.173 - - [11/Jan/2019:13:09:39 +0100] "GET /reload?ser=1547208579941 HTTP/1.1" 200 28 "http://renault.activities.at/login?required=true" "Mozilla/5.0 (Windows NT 10.0; Win64; x64; rv:64.0) Gecko/20100101 Firefox/64.0"
82.135.5.126 - - [11/Jan/2019:13:09:41 +0100] "GET /reload?ser=1547208581772 HTTP/1.1" 200 28 "http://renault.activities.at/" "Mozilla/5.0 (Windows NT 10.0; WOW64; Trident/7.0; rv:11.0) like Gecko"
212.152.158.195 - - [11/Jan/2019:13:10:04 +0100] "GET /reload?ser=1547208604292 HTTP/1.1" 200 28 "http://renault.activities.at/11974897" "Mozilla/5.0 (Windows NT 10.0; WOW64; Trident/7.0; Touch; rv:11.0) like Gecko"
80.122.221.194 - - [11/Jan/2019:13:10:07 +0100] "GET /reload?ser=1547208607759 HTTP/1.1" 200 28 "http://renault.activities.at/success" "Mozilla/5.0 (Windows NT 10.0; Win64; x64) AppleWebKit/537.36 (KHTML, like Gecko) Chrome/64.0.3282.140 Safari/537.36 Edge/17.17134"
80.123.225.36 - - [11/Jan/2019:13:10:25 +0100] "GET /reload?ser=1547208623861 HTTP/1.1" 200 28 "http://renault.activities.at/login" "Mozilla/5.0 (Windows NT 10.0; WOW64; Trident/7.0; rv:11.0) like Gecko"
213.90.54.36 - - [11/Jan/2019:13:10:29 +0100] "GET /reload?ser=1547208631283 HTTP/1.1" 200 28 "http://renault.activities.at/" "Mozilla/5.0 (Windows NT 10.0; WOW64; Trident/7.0; rv:11.0) like Gecko"
82.135.5.126 - - [11/Jan/2019:13:10:31 +0100] "GET /reload?ser=1547208631259 HTTP/1.1" 200 28 "http://renault.activities.at/" "Mozilla/5.0 (Windows NT 10.0; WOW64; Trident/7.0; rv:11.0) like Gecko"
213.153.47.173 - - [11/Jan/2019:13:10:40 +0100] "GET /reload?ser=1547208640600 HTTP/1.1" 200 28 "http://renault.activities.at/login?required=true" "Mozilla/5.0 (Windows NT 10.0; Win64; x64; rv:64.0) Gecko/20100101 Firefox/64.0"
82.135.5.126 - - [11/Jan/2019:13:10:42 +0100] "GET /reload?ser=1547208642793 HTTP/1.1" 200 28 "http://renault.activities.at/" "Mozilla/5.0 (Windows NT 10.0; WOW64; Trident/7.0; rv:11.0) like Gecko"
212.152.158.195 - - [11/Jan/2019:13:11:05 +0100] "GET /reload?ser=1547208665293 HTTP/1.1" 200 28 "http://renault.activities.at/11974897" "Mozilla/5.0 (Windows NT 10.0; WOW64; Trident/7.0; Touch; rv:11.0) like Gecko"
80.122.221.194 - - [11/Jan/2019:13:11:08 +0100] "GET /reload?ser=1547208668759 HTTP/1.1" 200 28 "http://renault.activities.at/success" "Mozilla/5.0 (Windows NT 10.0; Win64; x64) AppleWebKit/537.36 (KHTML, like Gecko) Chrome/64.0.3282.140 Safari/537.36 Edge/17.17134"
80.123.225.36 - - [11/Jan/2019:13:11:26 +0100] "GET /reload?ser=1547208684515 HTTP/1.1" 200 28 "http://renault.activities.at/login" "Mozilla/5.0 (Windows NT 10.0; WOW64; Trident/7.0; rv:11.0) like Gecko"
213.90.54.36 - - [11/Jan/2019:13:11:30 +0100] "GET /reload?ser=1547208691923 HTTP/1.1" 200 28 "http://renault.activities.at/" "Mozilla/5.0 (Windows NT 10.0; WOW64; Trident/7.0; rv:11.0) like Gecko"
82.135.5.126 - - [11/Jan/2019:13:11:32 +0100] "GET /reload?ser=1547208692257 HTTP/1.1" 200 28 "http://renault.activities.at/" "Mozilla/5.0 (Windows NT 10.0; WOW64; Trident/7.0; rv:11.0) like Gecko"
213.153.47.173 - - [11/Jan/2019:13:11:41 +0100] "GET /reload?ser=1547208701260 HTTP/1.1" 200 28 "http://renault.activities.at/login?required=true" "Mozilla/5.0 (Windows NT 10.0; Win64; x64; rv:64.0) Gecko/20100101 Firefox/64.0"
82.135.5.126 - - [11/Jan/2019:13:11:43 +0100] "GET /reload?ser=1547208703775 HTTP/1.1" 200 28 "http://renault.activities.at/" "Mozilla/5.0 (Windows NT 10.0; WOW64; Trident/7.0; rv:11.0) like Gecko"
212.152.158.195 - - [11/Jan/2019:13:12:06 +0100] "GET /reload?ser=1547208726278 HTTP/1.1" 200 28 "http://renault.activities.at/11974897" "Mozilla/5.0 (Windows NT 10.0; WOW64; Trident/7.0; Touch; rv:11.0) like Gecko"
80.122.221.194 - - [11/Jan/2019:13:12:09 +0100] "GET /reload?ser=1547208729764 HTTP/1.1" 200 28 "http://renault.activities.at/success" "Mozilla/5.0 (Windows NT 10.0; Win64; x64) AppleWebKit/537.36 (KHTML, like Gecko) Chrome/64.0.3282.140 Safari/537.36 Edge/17.17134"
80.123.225.36 - - [11/Jan/2019:13:12:26 +0100] "GET /reload?ser=1547208745169 HTTP/1.1" 200 28 "http://renault.activities.at/login" "Mozilla/5.0 (Windows NT 10.0; WOW64; Trident/7.0; rv:11.0) like Gecko"
213.90.54.36 - - [11/Jan/2019:13:12:30 +0100] "GET /reload?ser=1547208752559 HTTP/1.1" 200 28 "http://renault.activities.at/" "Mozilla/5.0 (Windows NT 10.0; WOW64; Trident/7.0; rv:11.0) like Gecko"
82.135.5.126 - - [11/Jan/2019:13:12:33 +0100] "GET /reload?ser=1547208753280 HTTP/1.1" 200 28 "http://renault.activities.at/" "Mozilla/5.0 (Windows NT 10.0; WOW64; Trident/7.0; rv:11.0) like Gecko"
213.153.47.173 - - [11/Jan/2019:13:12:41 +0100] "GET /reload?ser=1547208761930 HTTP/1.1" 200 28 "http://renault.activities.at/login?required=true" "Mozilla/5.0 (Windows NT 10.0; Win64; x64; rv:64.0) Gecko/20100101 Firefox/64.0"
82.135.5.126 - - [11/Jan/2019:13:12:44 +0100] "GET /reload?ser=1547208764751 HTTP/1.1" 200 28 "http://renault.activities.at/" "Mozilla/5.0 (Windows NT 10.0; WOW64; Trident/7.0; rv:11.0) like Gecko"
212.152.158.195 - - [11/Jan/2019:13:13:07 +0100] "GET /reload?ser=1547208787278 HTTP/1.1" 200 28 "http://renault.activities.at/11974897" "Mozilla/5.0 (Windows NT 10.0; WOW64; Trident/7.0; Touch; rv:11.0) like Gecko"
80.122.221.194 - - [11/Jan/2019:13:13:10 +0100] "GET /reload?ser=1547208790765 HTTP/1.1" 200 28 "http://renault.activities.at/success" "Mozilla/5.0 (Windows NT 10.0; Win64; x64) AppleWebKit/537.36 (KHTML, like Gecko) Chrome/64.0.3282.140 Safari/537.36 Edge/17.17134"
80.123.225.36 - - [11/Jan/2019:13:13:27 +0100] "GET /reload?ser=1547208805823 HTTP/1.1" 200 28 "http://renault.activities.at/login" "Mozilla/5.0 (Windows NT 10.0; WOW64; Trident/7.0; rv:11.0) like Gecko"
213.90.54.36 - - [11/Jan/2019:13:13:31 +0100] "GET /reload?ser=1547208813212 HTTP/1.1" 200 28 "http://renault.activities.at/" "Mozilla/5.0 (Windows NT 10.0; WOW64; Trident/7.0; rv:11.0) like Gecko"
82.135.5.126 - - [11/Jan/2019:13:13:34 +0100] "GET /reload?ser=1547208814241 HTTP/1.1" 200 28 "http://renault.activities.at/" "Mozilla/5.0 (Windows NT 10.0; WOW64; Trident/7.0; rv:11.0) like Gecko"
213.153.47.173 - - [11/Jan/2019:13:13:42 +0100] "GET /reload?ser=1547208822602 HTTP/1.1" 200 28 "http://renault.activities.at/login?required=true" "Mozilla/5.0 (Windows NT 10.0; Win64; x64; rv:64.0) Gecko/20100101 Firefox/64.0"
82.135.5.126 - - [11/Jan/2019:13:13:45 +0100] "GET /reload?ser=1547208825738 HTTP/1.1" 200 28 "http://renault.activities.at/" "Mozilla/5.0 (Windows NT 10.0; WOW64; Trident/7.0; rv:11.0) like Gecko"
212.152.158.195 - - [11/Jan/2019:13:14:08 +0100] "GET /reload?ser=1547208848216 HTTP/1.1" 200 28 "http://renault.activities.at/11974897" "Mozilla/5.0 (Windows NT 10.0; WOW64; Trident/7.0; Touch; rv:11.0) like Gecko"
80.122.221.194 - - [11/Jan/2019:13:14:12 +0100] "GET /reload?ser=1547208852761 HTTP/1.1" 200 28 "http://renault.activities.at/success" "Mozilla/5.0 (Windows NT 10.0; Win64; x64) AppleWebKit/537.36 (KHTML, like Gecko) Chrome/64.0.3282.140 Safari/537.36 Edge/17.17134"
80.123.225.36 - - [11/Jan/2019:13:14:27 +0100] "GET /reload?ser=1547208866477 HTTP/1.1" 200 28 "http://renault.activities.at/login" "Mozilla/5.0 (Windows NT 10.0; WOW64; Trident/7.0; rv:11.0) like Gecko"
213.90.54.36 - - [11/Jan/2019:13:14:31 +0100] "GET /reload?ser=1547208873846 HTTP/1.1" 200 28 "http://renault.activities.at/" "Mozilla/5.0 (Windows NT 10.0; WOW64; Trident/7.0; rv:11.0) like Gecko"
82.135.5.126 - - [11/Jan/2019:13:14:35 +0100] "GET /reload?ser=1547208875249 HTTP/1.1" 200 28 "http://renault.activities.at/" "Mozilla/5.0 (Windows NT 10.0; WOW64; Trident/7.0; rv:11.0) like Gecko"
213.153.47.173 - - [11/Jan/2019:13:14:43 +0100] "GET /reload?ser=1547208883261 HTTP/1.1" 200 28 "http://renault.activities.at/login?required=true" "Mozilla/5.0 (Windows NT 10.0; Win64; x64; rv:64.0) Gecko/20100101 Firefox/64.0"
82.135.5.126 - - [11/Jan/2019:13:14:46 +0100] "GET /reload?ser=1547208886878 HTTP/1.1" 200 28 "http://renault.activities.at/" "Mozilla/5.0 (Windows NT 10.0; WOW64; Trident/7.0; rv:11.0) like Gecko"
212.152.158.195 - - [11/Jan/2019:13:15:09 +0100] "GET /reload?ser=1547208909197 HTTP/1.1" 200 28 "http://renault.activities.at/11974897" "Mozilla/5.0 (Windows NT 10.0; WOW64; Trident/7.0; Touch; rv:11.0) like Gecko"
80.122.221.194 - - [11/Jan/2019:13:15:14 +0100] "GET /reload?ser=1547208914759 HTTP/1.1" 200 28 "http://renault.activities.at/success" "Mozilla/5.0 (Windows NT 10.0; Win64; x64) AppleWebKit/537.36 (KHTML, like Gecko) Chrome/64.0.3282.140 Safari/537.36 Edge/17.17134"
80.123.225.36 - - [11/Jan/2019:13:15:28 +0100] "GET /reload?ser=1547208927130 HTTP/1.1" 200 28 "http://renault.activities.at/login" "Mozilla/5.0 (Windows NT 10.0; WOW64; Trident/7.0; rv:11.0) like Gecko"
213.90.54.36 - - [11/Jan/2019:13:15:32 +0100] "GET /reload?ser=1547208934480 HTTP/1.1" 200 28 "http://renault.activities.at/" "Mozilla/5.0 (Windows NT 10.0; WOW64; Trident/7.0; rv:11.0) like Gecko"
82.135.5.126 - - [11/Jan/2019:13:15:36 +0100] "GET /reload?ser=1547208936257 HTTP/1.1" 200 28 "http://renault.activities.at/" "Mozilla/5.0 (Windows NT 10.0; WOW64; Trident/7.0; rv:11.0) like Gecko"
213.153.47.173 - - [11/Jan/2019:13:15:43 +0100] "GET /reload?ser=1547208943941 HTTP/1.1" 200 28 "http://renault.activities.at/login?required=true" "Mozilla/5.0 (Windows NT 10.0; Win64; x64; rv:64.0) Gecko/20100101 Firefox/64.0"
82.135.5.126 - - [11/Jan/2019:13:15:47 +0100] "GET /reload?ser=1547208947900 HTTP/1.1" 200 28 "http://renault.activities.at/" "Mozilla/5.0 (Windows NT 10.0; WOW64; Trident/7.0; rv:11.0) like Gecko"
212.152.158.195 - - [11/Jan/2019:13:16:10 +0100] "GET /reload?ser=1547208970214 HTTP/1.1" 200 28 "http://renault.activities.at/11974897" "Mozilla/5.0 (Windows NT 10.0; WOW64; Trident/7.0; Touch; rv:11.0) like Gecko"
80.122.221.194 - - [11/Jan/2019:13:16:15 +0100] "GET /reload?ser=1547208975753 HTTP/1.1" 200 28 "http://renault.activities.at/success" "Mozilla/5.0 (Windows NT 10.0; Win64; x64) AppleWebKit/537.36 (KHTML, like Gecko) Chrome/64.0.3282.140 Safari/537.36 Edge/17.17134"
80.123.225.36 - - [11/Jan/2019:13:16:29 +0100] "GET /reload?ser=1547208987785 HTTP/1.1" 200 28 "http://renault.activities.at/login" "Mozilla/5.0 (Windows NT 10.0; WOW64; Trident/7.0; rv:11.0) like Gecko"
213.90.54.36 - - [11/Jan/2019:13:16:33 +0100] "GET /reload?ser=1547208995116 HTTP/1.1" 200 28 "http://renault.activities.at/" "Mozilla/5.0 (Windows NT 10.0; WOW64; Trident/7.0; rv:11.0) like Gecko"
82.135.5.126 - - [11/Jan/2019:13:16:37 +0100] "GET /reload?ser=1547208997235 HTTP/1.1" 200 28 "http://renault.activities.at/" "Mozilla/5.0 (Windows NT 10.0; WOW64; Trident/7.0; rv:11.0) like Gecko"
213.153.47.173 - - [11/Jan/2019:13:16:44 +0100] "GET /reload?ser=1547209004611 HTTP/1.1" 200 28 "http://renault.activities.at/login?required=true" "Mozilla/5.0 (Windows NT 10.0; Win64; x64; rv:64.0) Gecko/20100101 Firefox/64.0"
82.135.5.126 - - [11/Jan/2019:13:16:48 +0100] "GET /reload?ser=1547209008846 HTTP/1.1" 200 28 "http://renault.activities.at/" "Mozilla/5.0 (Windows NT 10.0; WOW64; Trident/7.0; rv:11.0) like Gecko"
212.152.158.195 - - [11/Jan/2019:13:17:11 +0100] "GET /reload?ser=1547209031167 HTTP/1.1" 200 28 "http://renault.activities.at/11974897" "Mozilla/5.0 (Windows NT 10.0; WOW64; Trident/7.0; Touch; rv:11.0) like Gecko"
80.122.221.194 - - [11/Jan/2019:13:17:16 +0100] "GET /reload?ser=1547209036757 HTTP/1.1" 200 28 "http://renault.activities.at/success" "Mozilla/5.0 (Windows NT 10.0; Win64; x64) AppleWebKit/537.36 (KHTML, like Gecko) Chrome/64.0.3282.140 Safari/537.36 Edge/17.17134"
80.123.225.36 - - [11/Jan/2019:13:17:29 +0100] "GET /reload?ser=1547209048439 HTTP/1.1" 200 28 "http://renault.activities.at/login" "Mozilla/5.0 (Windows NT 10.0; WOW64; Trident/7.0; rv:11.0) like Gecko"
213.90.54.36 - - [11/Jan/2019:13:17:33 +0100] "GET /reload?ser=1547209055749 HTTP/1.1" 200 28 "http://renault.activities.at/" "Mozilla/5.0 (Windows NT 10.0; WOW64; Trident/7.0; rv:11.0) like Gecko"
82.135.5.126 - - [11/Jan/2019:13:17:38 +0100] "GET /reload?ser=1547209058210 HTTP/1.1" 200 28 "http://renault.activities.at/" "Mozilla/5.0 (Windows NT 10.0; WOW64; Trident/7.0; rv:11.0) like Gecko"
213.153.47.173 - - [11/Jan/2019:13:17:45 +0100] "GET /reload?ser=1547209065261 HTTP/1.1" 200 28 "http://renault.activities.at/login?required=true" "Mozilla/5.0 (Windows NT 10.0; Win64; x64; rv:64.0) Gecko/20100101 Firefox/64.0"
82.135.5.126 - - [11/Jan/2019:13:17:49 +0100] "GET /reload?ser=1547209069815 HTTP/1.1" 200 28 "http://renault.activities.at/" "Mozilla/5.0 (Windows NT 10.0; WOW64; Trident/7.0; rv:11.0) like Gecko"
212.152.158.195 - - [11/Jan/2019:13:18:12 +0100] "GET /reload?ser=1547209092097 HTTP/1.1" 200 28 "http://renault.activities.at/11974897" "Mozilla/5.0 (Windows NT 10.0; WOW64; Trident/7.0; Touch; rv:11.0) like Gecko"
80.122.221.194 - - [11/Jan/2019:13:18:17 +0100] "GET /reload?ser=1547209097758 HTTP/1.1" 200 28 "http://renault.activities.at/success" "Mozilla/5.0 (Windows NT 10.0; Win64; x64) AppleWebKit/537.36 (KHTML, like Gecko) Chrome/64.0.3282.140 Safari/537.36 Edge/17.17134"
80.123.225.36 - - [11/Jan/2019:13:18:30 +0100] "GET /reload?ser=1547209109093 HTTP/1.1" 200 28 "http://renault.activities.at/login" "Mozilla/5.0 (Windows NT 10.0; WOW64; Trident/7.0; rv:11.0) like Gecko"
213.90.54.36 - - [11/Jan/2019:13:18:34 +0100] "GET /reload?ser=1547209116382 HTTP/1.1" 200 28 "http://renault.activities.at/" "Mozilla/5.0 (Windows NT 10.0; WOW64; Trident/7.0; rv:11.0) like Gecko"
82.135.5.126 - - [11/Jan/2019:13:18:39 +0100] "GET /reload?ser=1547209119170 HTTP/1.1" 200 28 "http://renault.activities.at/" "Mozilla/5.0 (Windows NT 10.0; WOW64; Trident/7.0; rv:11.0) like Gecko"
213.153.47.173 - - [11/Jan/2019:13:18:45 +0100] "GET /reload?ser=1547209125921 HTTP/1.1" 200 28 "http://renault.activities.at/login?required=true" "Mozilla/5.0 (Windows NT 10.0; Win64; x64; rv:64.0) Gecko/20100101 Firefox/64.0"
82.135.5.126 - - [11/Jan/2019:13:18:50 +0100] "GET /reload?ser=1547209130806 HTTP/1.1" 200 28 "http://renault.activities.at/" "Mozilla/5.0 (Windows NT 10.0; WOW64; Trident/7.0; rv:11.0) like Gecko"
212.152.158.195 - - [11/Jan/2019:13:19:13 +0100] "GET /reload?ser=1547209153084 HTTP/1.1" 200 28 "http://renault.activities.at/11974897" "Mozilla/5.0 (Windows NT 10.0; WOW64; Trident/7.0; Touch; rv:11.0) like Gecko"
80.122.221.194 - - [11/Jan/2019:13:19:19 +0100] "GET /reload?ser=1547209159763 HTTP/1.1" 200 28 "http://renault.activities.at/success" "Mozilla/5.0 (Windows NT 10.0; Win64; x64) AppleWebKit/537.36 (KHTML, like Gecko) Chrome/64.0.3282.140 Safari/537.36 Edge/17.17134"
80.123.225.36 - - [11/Jan/2019:13:19:31 +0100] "GET /reload?ser=1547209169747 HTTP/1.1" 200 28 "http://renault.activities.at/login" "Mozilla/5.0 (Windows NT 10.0; WOW64; Trident/7.0; rv:11.0) like Gecko"
213.90.54.36 - - [11/Jan/2019:13:19:35 +0100] "GET /reload?ser=1547209177034 HTTP/1.1" 200 28 "http://renault.activities.at/" "Mozilla/5.0 (Windows NT 10.0; WOW64; Trident/7.0; rv:11.0) like Gecko"
82.135.5.126 - - [11/Jan/2019:13:19:40 +0100] "GET /reload?ser=1547209180197 HTTP/1.1" 200 28 "http://renault.activities.at/" "Mozilla/5.0 (Windows NT 10.0; WOW64; Trident/7.0; rv:11.0) like Gecko"
213.153.47.173 - - [11/Jan/2019:13:19:46 +0100] "GET /reload?ser=1547209186582 HTTP/1.1" 200 28 "http://renault.activities.at/login?required=true" "Mozilla/5.0 (Windows NT 10.0; Win64; x64; rv:64.0) Gecko/20100101 Firefox/64.0"
82.135.5.126 - - [11/Jan/2019:13:19:51 +0100] "GET /reload?ser=1547209191762 HTTP/1.1" 200 28 "http://renault.activities.at/" "Mozilla/5.0 (Windows NT 10.0; WOW64; Trident/7.0; rv:11.0) like Gecko"
212.152.158.195 - - [11/Jan/2019:13:20:14 +0100] "GET /reload?ser=1547209214049 HTTP/1.1" 200 28 "http://renault.activities.at/11974897" "Mozilla/5.0 (Windows NT 10.0; WOW64; Trident/7.0; Touch; rv:11.0) like Gecko"
80.122.221.194 - - [11/Jan/2019:13:20:20 +0100] "GET /reload?ser=1547209220752 HTTP/1.1" 200 28 "http://renault.activities.at/success" "Mozilla/5.0 (Windows NT 10.0; Win64; x64) AppleWebKit/537.36 (KHTML, like Gecko) Chrome/64.0.3282.140 Safari/537.36 Edge/17.17134"
80.123.225.36 - - [11/Jan/2019:13:20:31 +0100] "GET /reload?ser=1547209230402 HTTP/1.1" 200 28 "http://renault.activities.at/login" "Mozilla/5.0 (Windows NT 10.0; WOW64; Trident/7.0; rv:11.0) like Gecko"
213.90.54.36 - - [11/Jan/2019:13:20:35 +0100] "GET /reload?ser=1547209237668 HTTP/1.1" 200 28 "http://renault.activities.at/" "Mozilla/5.0 (Windows NT 10.0; WOW64; Trident/7.0; rv:11.0) like Gecko"
82.135.5.126 - - [11/Jan/2019:13:20:41 +0100] "GET /reload?ser=1547209241136 HTTP/1.1" 200 28 "http://renault.activities.at/" "Mozilla/5.0 (Windows NT 10.0; WOW64; Trident/7.0; rv:11.0) like Gecko"
213.153.47.173 - - [11/Jan/2019:13:20:47 +0100] "GET /reload?ser=1547209247241 HTTP/1.1" 200 28 "http://renault.activities.at/login?required=true" "Mozilla/5.0 (Windows NT 10.0; Win64; x64; rv:64.0) Gecko/20100101 Firefox/64.0"
82.135.5.126 - - [11/Jan/2019:13:20:53 +0100] "GET /reload?ser=1547209252706 HTTP/1.1" 200 28 "http://renault.activities.at/" "Mozilla/5.0 (Windows NT 10.0; WOW64; Trident/7.0; rv:11.0) like Gecko"
212.152.158.195 - - [11/Jan/2019:13:21:15 +0100] "GET /reload?ser=1547209275023 HTTP/1.1" 200 28 "http://renault.activities.at/11974897" "Mozilla/5.0 (Windows NT 10.0; WOW64; Trident/7.0; Touch; rv:11.0) like Gecko"
80.122.221.194 - - [11/Jan/2019:13:21:22 +0100] "GET /reload?ser=1547209282757 HTTP/1.1" 200 28 "http://renault.activities.at/success" "Mozilla/5.0 (Windows NT 10.0; Win64; x64) AppleWebKit/537.36 (KHTML, like Gecko) Chrome/64.0.3282.140 Safari/537.36 Edge/17.17134"
80.123.225.36 - - [11/Jan/2019:13:21:32 +0100] "GET /reload?ser=1547209291057 HTTP/1.1" 200 28 "http://renault.activities.at/login" "Mozilla/5.0 (Windows NT 10.0; WOW64; Trident/7.0; rv:11.0) like Gecko"
213.90.54.36 - - [11/Jan/2019:13:21:36 +0100] "GET /reload?ser=1547209298301 HTTP/1.1" 200 28 "http://renault.activities.at/" "Mozilla/5.0 (Windows NT 10.0; WOW64; Trident/7.0; rv:11.0) like Gecko"
82.135.5.126 - - [11/Jan/2019:13:21:42 +0100] "GET /reload?ser=1547209302108 HTTP/1.1" 200 28 "http://renault.activities.at/" "Mozilla/5.0 (Windows NT 10.0; WOW64; Trident/7.0; rv:11.0) like Gecko"
213.153.47.173 - - [11/Jan/2019:13:21:47 +0100] "GET /reload?ser=1547209307911 HTTP/1.1" 200 28 "http://renault.activities.at/login?required=true" "Mozilla/5.0 (Windows NT 10.0; Win64; x64; rv:64.0) Gecko/20100101 Firefox/64.0"
82.135.5.126 - - [11/Jan/2019:13:21:54 +0100] "GET /reload?ser=1547209313977 HTTP/1.1" 200 28 "http://renault.activities.at/" "Mozilla/5.0 (Windows NT 10.0; WOW64; Trident/7.0; rv:11.0) like Gecko"
212.152.158.195 - - [11/Jan/2019:13:22:16 +0100] "GET /reload?ser=1547209335998 HTTP/1.1" 200 28 "http://renault.activities.at/11974897" "Mozilla/5.0 (Windows NT 10.0; WOW64; Trident/7.0; Touch; rv:11.0) like Gecko"
80.122.221.194 - - [11/Jan/2019:13:22:23 +0100] "GET /reload?ser=1547209343757 HTTP/1.1" 200 28 "http://renault.activities.at/success" "Mozilla/5.0 (Windows NT 10.0; Win64; x64) AppleWebKit/537.36 (KHTML, like Gecko) Chrome/64.0.3282.140 Safari/537.36 Edge/17.17134"
80.123.225.36 - - [11/Jan/2019:13:22:33 +0100] "GET /reload?ser=1547209351715 HTTP/1.1" 200 28 "http://renault.activities.at/login" "Mozilla/5.0 (Windows NT 10.0; WOW64; Trident/7.0; rv:11.0) like Gecko"
213.90.54.36 - - [11/Jan/2019:13:22:37 +0100] "GET /reload?ser=1547209358939 HTTP/1.1" 200 28 "http://renault.activities.at/" "Mozilla/5.0 (Windows NT 10.0; WOW64; Trident/7.0; rv:11.0) like Gecko"
82.135.5.126 - - [11/Jan/2019:13:22:43 +0100] "GET /reload?ser=1547209363145 HTTP/1.1" 200 28 "http://renault.activities.at/" "Mozilla/5.0 (Windows NT 10.0; WOW64; Trident/7.0; rv:11.0) like Gecko"
213.153.47.173 - - [11/Jan/2019:13:22:48 +0100] "GET /reload?ser=1547209368592 HTTP/1.1" 200 28 "http://renault.activities.at/login?required=true" "Mozilla/5.0 (Windows NT 10.0; Win64; x64; rv:64.0) Gecko/20100101 Firefox/64.0"
82.135.5.126 - - [11/Jan/2019:13:22:55 +0100] "GET /reload?ser=1547209374978 HTTP/1.1" 200 28 "http://renault.activities.at/" "Mozilla/5.0 (Windows NT 10.0; WOW64; Trident/7.0; rv:11.0) like Gecko"
212.152.158.195 - - [11/Jan/2019:13:23:17 +0100] "GET /reload?ser=1547209397003 HTTP/1.1" 200 28 "http://renault.activities.at/11974897" "Mozilla/5.0 (Windows NT 10.0; WOW64; Trident/7.0; Touch; rv:11.0) like Gecko"
80.122.221.194 - - [11/Jan/2019:13:23:24 +0100] "GET /reload?ser=1547209404749 HTTP/1.1" 200 28 "http://renault.activities.at/success" "Mozilla/5.0 (Windows NT 10.0; Win64; x64) AppleWebKit/537.36 (KHTML, like Gecko) Chrome/64.0.3282.140 Safari/537.36 Edge/17.17134"
80.123.225.36 - - [11/Jan/2019:13:23:33 +0100] "GET /reload?ser=1547209412361 HTTP/1.1" 200 28 "http://renault.activities.at/login" "Mozilla/5.0 (Windows NT 10.0; WOW64; Trident/7.0; rv:11.0) like Gecko"
213.90.54.36 - - [11/Jan/2019:13:23:37 +0100] "GET /reload?ser=1547209419570 HTTP/1.1" 200 28 "http://renault.activities.at/" "Mozilla/5.0 (Windows NT 10.0; WOW64; Trident/7.0; rv:11.0) like Gecko"
82.135.5.126 - - [11/Jan/2019:13:23:44 +0100] "GET /reload?ser=1547209424176 HTTP/1.1" 200 28 "http://renault.activities.at/" "Mozilla/5.0 (Windows NT 10.0; WOW64; Trident/7.0; rv:11.0) like Gecko"
213.153.47.173 - - [11/Jan/2019:13:23:49 +0100] "GET /reload?ser=1547209429262 HTTP/1.1" 200 28 "http://renault.activities.at/login?required=true" "Mozilla/5.0 (Windows NT 10.0; Win64; x64; rv:64.0) Gecko/20100101 Firefox/64.0"
82.135.5.126 - - [11/Jan/2019:13:23:55 +0100] "GET /reload?ser=1547209435924 HTTP/1.1" 200 28 "http://renault.activities.at/" "Mozilla/5.0 (Windows NT 10.0; WOW64; Trident/7.0; rv:11.0) like Gecko"
212.152.158.195 - - [11/Jan/2019:13:24:18 +0100] "GET /reload?ser=1547209457945 HTTP/1.1" 200 28 "http://renault.activities.at/11974897" "Mozilla/5.0 (Windows NT 10.0; WOW64; Trident/7.0; Touch; rv:11.0) like Gecko"
80.122.221.194 - - [11/Jan/2019:13:24:25 +0100] "GET /reload?ser=1547209465750 HTTP/1.1" 200 28 "http://renault.activities.at/success" "Mozilla/5.0 (Windows NT 10.0; Win64; x64) AppleWebKit/537.36 (KHTML, like Gecko) Chrome/64.0.3282.140 Safari/537.36 Edge/17.17134"
80.123.225.36 - - [11/Jan/2019:13:24:34 +0100] "GET /reload?ser=1547209473015 HTTP/1.1" 200 28 "http://renault.activities.at/login" "Mozilla/5.0 (Windows NT 10.0; WOW64; Trident/7.0; rv:11.0) like Gecko"
213.90.54.36 - - [11/Jan/2019:13:24:38 +0100] "GET /reload?ser=1547209480215 HTTP/1.1" 200 28 "http://renault.activities.at/" "Mozilla/5.0 (Windows NT 10.0; WOW64; Trident/7.0; rv:11.0) like Gecko"
82.135.5.126 - - [11/Jan/2019:13:24:45 +0100] "GET /reload?ser=1547209485230 HTTP/1.1" 200 28 "http://renault.activities.at/" "Mozilla/5.0 (Windows NT 10.0; WOW64; Trident/7.0; rv:11.0) like Gecko"
213.153.47.173 - - [11/Jan/2019:13:24:49 +0100] "GET /reload?ser=1547209489922 HTTP/1.1" 200 28 "http://renault.activities.at/login?required=true" "Mozilla/5.0 (Windows NT 10.0; Win64; x64; rv:64.0) Gecko/20100101 Firefox/64.0"
82.135.5.126 - - [11/Jan/2019:13:24:56 +0100] "GET /reload?ser=1547209496884 HTTP/1.1" 200 28 "http://renault.activities.at/" "Mozilla/5.0 (Windows NT 10.0; WOW64; Trident/7.0; rv:11.0) like Gecko"
212.152.158.195 - - [11/Jan/2019:13:25:19 +0100] "GET /reload?ser=1547209518950 HTTP/1.1" 200 28 "http://renault.activities.at/11974897" "Mozilla/5.0 (Windows NT 10.0; WOW64; Trident/7.0; Touch; rv:11.0) like Gecko"
80.122.221.194 - - [11/Jan/2019:13:25:26 +0100] "GET /reload?ser=1547209526756 HTTP/1.1" 200 28 "http://renault.activities.at/success" "Mozilla/5.0 (Windows NT 10.0; Win64; x64) AppleWebKit/537.36 (KHTML, like Gecko) Chrome/64.0.3282.140 Safari/537.36 Edge/17.17134"
80.123.225.36 - - [11/Jan/2019:13:25:35 +0100] "GET /reload?ser=1547209533669 HTTP/1.1" 200 28 "http://renault.activities.at/login" "Mozilla/5.0 (Windows NT 10.0; WOW64; Trident/7.0; rv:11.0) like Gecko"
213.90.54.36 - - [11/Jan/2019:13:25:38 +0100] "GET /reload?ser=1547209540850 HTTP/1.1" 200 28 "http://renault.activities.at/" "Mozilla/5.0 (Windows NT 10.0; WOW64; Trident/7.0; rv:11.0) like Gecko"
82.135.5.126 - - [11/Jan/2019:13:25:46 +0100] "GET /reload?ser=1547209546225 HTTP/1.1" 200 28 "http://renault.activities.at/" "Mozilla/5.0 (Windows NT 10.0; WOW64; Trident/7.0; rv:11.0) like Gecko"
213.153.47.173 - - [11/Jan/2019:13:25:50 +0100] "GET /reload?ser=1547209550582 HTTP/1.1" 200 28 "http://renault.activities.at/login?required=true" "Mozilla/5.0 (Windows NT 10.0; Win64; x64; rv:64.0) Gecko/20100101 Firefox/64.0"
82.135.5.126 - - [11/Jan/2019:13:25:57 +0100] "GET /reload?ser=1547209557922 HTTP/1.1" 200 28 "http://renault.activities.at/" "Mozilla/5.0 (Windows NT 10.0; WOW64; Trident/7.0; rv:11.0) like Gecko"
212.152.158.195 - - [11/Jan/2019:13:26:20 +0100] "GET /reload?ser=1547209579893 HTTP/1.1" 200 28 "http://renault.activities.at/11974897" "Mozilla/5.0 (Windows NT 10.0; WOW64; Trident/7.0; Touch; rv:11.0) like Gecko"
80.122.221.194 - - [11/Jan/2019:13:26:28 +0100] "GET /reload?ser=1547209588759 HTTP/1.1" 200 28 "http://renault.activities.at/success" "Mozilla/5.0 (Windows NT 10.0; Win64; x64) AppleWebKit/537.36 (KHTML, like Gecko) Chrome/64.0.3282.140 Safari/537.36 Edge/17.17134"
80.123.225.36 - - [11/Jan/2019:13:26:35 +0100] "GET /reload?ser=1547209594309 HTTP/1.1" 200 28 "http://renault.activities.at/login" "Mozilla/5.0 (Windows NT 10.0; WOW64; Trident/7.0; rv:11.0) like Gecko"
213.90.54.36 - - [11/Jan/2019:13:26:39 +0100] "GET /reload?ser=1547209601485 HTTP/1.1" 200 28 "http://renault.activities.at/" "Mozilla/5.0 (Windows NT 10.0; WOW64; Trident/7.0; rv:11.0) like Gecko"
82.135.5.126 - - [11/Jan/2019:13:26:47 +0100] "GET /reload?ser=1547209607470 HTTP/1.1" 200 28 "http://renault.activities.at/" "Mozilla/5.0 (Windows NT 10.0; WOW64; Trident/7.0; rv:11.0) like Gecko"
213.153.47.173 - - [11/Jan/2019:13:26:51 +0100] "GET /reload?ser=1547209611231 HTTP/1.1" 200 28 "http://renault.activities.at/login?required=true" "Mozilla/5.0 (Windows NT 10.0; Win64; x64; rv:64.0) Gecko/20100101 Firefox/64.0"
82.135.5.126 - - [11/Jan/2019:13:26:58 +0100] "GET /reload?ser=1547209618911 HTTP/1.1" 200 28 "http://renault.activities.at/" "Mozilla/5.0 (Windows NT 10.0; WOW64; Trident/7.0; rv:11.0) like Gecko"
212.152.158.195 - - [11/Jan/2019:13:27:21 +0100] "GET /reload?ser=1547209640911 HTTP/1.1" 200 28 "http://renault.activities.at/11974897" "Mozilla/5.0 (Windows NT 10.0; WOW64; Trident/7.0; Touch; rv:11.0) like Gecko"
80.122.221.194 - - [11/Jan/2019:13:27:29 +0100] "GET /reload?ser=1547209649756 HTTP/1.1" 200 28 "http://renault.activities.at/success" "Mozilla/5.0 (Windows NT 10.0; Win64; x64) AppleWebKit/537.36 (KHTML, like Gecko) Chrome/64.0.3282.140 Safari/537.36 Edge/17.17134"
80.123.225.36 - - [11/Jan/2019:13:27:36 +0100] "GET /reload?ser=1547209654963 HTTP/1.1" 200 28 "http://renault.activities.at/login" "Mozilla/5.0 (Windows NT 10.0; WOW64; Trident/7.0; rv:11.0) like Gecko"
213.90.54.36 - - [11/Jan/2019:13:27:40 +0100] "GET /reload?ser=1547209662120 HTTP/1.1" 200 28 "http://renault.activities.at/" "Mozilla/5.0 (Windows NT 10.0; WOW64; Trident/7.0; rv:11.0) like Gecko"
82.135.5.126 - - [11/Jan/2019:13:27:48 +0100] "GET /reload?ser=1547209668479 HTTP/1.1" 200 28 "http://renault.activities.at/" "Mozilla/5.0 (Windows NT 10.0; WOW64; Trident/7.0; rv:11.0) like Gecko"
213.153.47.173 - - [11/Jan/2019:13:27:51 +0100] "GET /reload?ser=1547209671890 HTTP/1.1" 200 28 "http://renault.activities.at/login?required=true" "Mozilla/5.0 (Windows NT 10.0; Win64; x64; rv:64.0) Gecko/20100101 Firefox/64.0"
82.135.5.126 - - [11/Jan/2019:13:27:59 +0100] "GET /reload?ser=1547209679869 HTTP/1.1" 200 28 "http://renault.activities.at/" "Mozilla/5.0 (Windows NT 10.0; WOW64; Trident/7.0; rv:11.0) like Gecko"
212.152.158.195 - - [11/Jan/2019:13:28:22 +0100] "GET /reload?ser=1547209701918 HTTP/1.1" 200 28 "http://renault.activities.at/11974897" "Mozilla/5.0 (Windows NT 10.0; WOW64; Trident/7.0; Touch; rv:11.0) like Gecko"
80.122.221.194 - - [11/Jan/2019:13:28:30 +0100] "GET /reload?ser=1547209710751 HTTP/1.1" 200 28 "http://renault.activities.at/success" "Mozilla/5.0 (Windows NT 10.0; Win64; x64) AppleWebKit/537.36 (KHTML, like Gecko) Chrome/64.0.3282.140 Safari/537.36 Edge/17.17134"
80.123.225.36 - - [11/Jan/2019:13:28:37 +0100] "GET /reload?ser=1547209715617 HTTP/1.1" 200 28 "http://renault.activities.at/login" "Mozilla/5.0 (Windows NT 10.0; WOW64; Trident/7.0; rv:11.0) like Gecko"
213.90.54.36 - - [11/Jan/2019:13:28:40 +0100] "GET /reload?ser=1547209722770 HTTP/1.1" 200 28 "http://renault.activities.at/" "Mozilla/5.0 (Windows NT 10.0; WOW64; Trident/7.0; rv:11.0) like Gecko"
82.135.5.126 - - [11/Jan/2019:13:28:49 +0100] "GET /reload?ser=1547209729448 HTTP/1.1" 200 28 "http://renault.activities.at/" "Mozilla/5.0 (Windows NT 10.0; WOW64; Trident/7.0; rv:11.0) like Gecko"
213.153.47.173 - - [11/Jan/2019:13:28:52 +0100] "GET /reload?ser=1547209732542 HTTP/1.1" 200 28 "http://renault.activities.at/login?required=true" "Mozilla/5.0 (Windows NT 10.0; Win64; x64; rv:64.0) Gecko/20100101 Firefox/64.0"
82.135.5.126 - - [11/Jan/2019:13:29:00 +0100] "GET /reload?ser=1547209740806 HTTP/1.1" 200 28 "http://renault.activities.at/" "Mozilla/5.0 (Windows NT 10.0; WOW64; Trident/7.0; rv:11.0) like Gecko"
212.152.158.195 - - [11/Jan/2019:13:29:23 +0100] "GET /reload?ser=1547209762893 HTTP/1.1" 200 28 "http://renault.activities.at/11974897" "Mozilla/5.0 (Windows NT 10.0; WOW64; Trident/7.0; Touch; rv:11.0) like Gecko"
80.122.221.194 - - [11/Jan/2019:13:29:31 +0100] "GET /reload?ser=1547209771763 HTTP/1.1" 200 28 "http://renault.activities.at/success" "Mozilla/5.0 (Windows NT 10.0; Win64; x64) AppleWebKit/537.36 (KHTML, like Gecko) Chrome/64.0.3282.140 Safari/537.36 Edge/17.17134"
80.123.225.36 - - [11/Jan/2019:13:29:37 +0100] "GET /reload?ser=1547209776271 HTTP/1.1" 200 28 "http://renault.activities.at/login" "Mozilla/5.0 (Windows NT 10.0; WOW64; Trident/7.0; rv:11.0) like Gecko"
213.90.54.36 - - [11/Jan/2019:13:29:41 +0100] "GET /reload?ser=1547209783404 HTTP/1.1" 200 28 "http://renault.activities.at/" "Mozilla/5.0 (Windows NT 10.0; WOW64; Trident/7.0; rv:11.0) like Gecko"
82.135.5.126 - - [11/Jan/2019:13:29:50 +0100] "GET /reload?ser=1547209790431 HTTP/1.1" 200 28 "http://renault.activities.at/" "Mozilla/5.0 (Windows NT 10.0; WOW64; Trident/7.0; rv:11.0) like Gecko"
213.153.47.173 - - [11/Jan/2019:13:29:53 +0100] "GET /reload?ser=1547209793212 HTTP/1.1" 200 28 "http://renault.activities.at/login?required=true" "Mozilla/5.0 (Windows NT 10.0; Win64; x64; rv:64.0) Gecko/20100101 Firefox/64.0"
82.135.5.126 - - [11/Jan/2019:13:30:01 +0100] "GET /reload?ser=1547209801781 HTTP/1.1" 200 28 "http://renault.activities.at/" "Mozilla/5.0 (Windows NT 10.0; WOW64; Trident/7.0; rv:11.0) like Gecko"
212.152.158.195 - - [11/Jan/2019:13:30:24 +0100] "GET /reload?ser=1547209823866 HTTP/1.1" 200 28 "http://renault.activities.at/11974897" "Mozilla/5.0 (Windows NT 10.0; WOW64; Trident/7.0; Touch; rv:11.0) like Gecko"
80.122.221.194 - - [11/Jan/2019:13:30:33 +0100] "GET /reload?ser=1547209833753 HTTP/1.1" 200 28 "http://renault.activities.at/success" "Mozilla/5.0 (Windows NT 10.0; Win64; x64) AppleWebKit/537.36 (KHTML, like Gecko) Chrome/64.0.3282.140 Safari/537.36 Edge/17.17134"
80.123.225.36 - - [11/Jan/2019:13:30:38 +0100] "GET /reload?ser=1547209836925 HTTP/1.1" 200 28 "http://renault.activities.at/login" "Mozilla/5.0 (Windows NT 10.0; WOW64; Trident/7.0; rv:11.0) like Gecko"
213.90.54.36 - - [11/Jan/2019:13:30:42 +0100] "GET /reload?ser=1547209844048 HTTP/1.1" 200 28 "http://renault.activities.at/" "Mozilla/5.0 (Windows NT 10.0; WOW64; Trident/7.0; rv:11.0) like Gecko"
212.95.5.228 - - [11/Jan/2019:13:30:46 +0100] "GET / HTTP/1.1" 200 3417 "-" "Mozilla/5.0 (iPhone; CPU iPhone OS 12_1_2 like Mac OS X) AppleWebKit/605.1.15 (KHTML, like Gecko) Version/12.0 Mobile/15E148 Safari/604.1"
212.95.5.228 - - [11/Jan/2019:13:30:47 +0100] "GET /apple-touch-icon-120x120-precomposed.png HTTP/1.1" 200 1559 "-" "MobileSafari/604.1 CFNetwork/976 Darwin/18.2.0"
212.95.5.228 - - [11/Jan/2019:13:30:48 +0100] "GET /apple-touch-icon-120x120.png HTTP/1.1" 200 1559 "-" "MobileSafari/604.1 CFNetwork/976 Darwin/18.2.0"
212.95.5.228 - - [11/Jan/2019:13:30:49 +0100] "GET /apple-touch-icon-precomposed.png HTTP/1.1" 200 1559 "-" "MobileSafari/604.1 CFNetwork/976 Darwin/18.2.0"
212.95.5.228 - - [11/Jan/2019:13:30:50 +0100] "GET /apple-touch-icon.png HTTP/1.1" 200 1559 "-" "MobileSafari/604.1 CFNetwork/976 Darwin/18.2.0"
212.95.5.228 - - [11/Jan/2019:13:30:51 +0100] "GET /images/favicon.ico HTTP/1.1" 404 305 "-" "MobileSafari/604.1 CFNetwork/976 Darwin/18.2.0"
212.95.5.228 - - [11/Jan/2019:13:30:51 +0100] "GET /images/favicon.ico HTTP/1.1" 404 305 "-" "MobileSafari/604.1 CFNetwork/976 Darwin/18.2.0"
212.95.5.228 - - [11/Jan/2019:13:30:52 +0100] "GET /favicon.ico HTTP/1.1" 200 3250 "-" "MobileSafari/604.1 CFNetwork/976 Darwin/18.2.0"
82.135.5.126 - - [11/Jan/2019:13:30:51 +0100] "GET /reload?ser=1547209851448 HTTP/1.1" 200 28 "http://renault.activities.at/" "Mozilla/5.0 (Windows NT 10.0; WOW64; Trident/7.0; rv:11.0) like Gecko"
212.95.5.228 - - [11/Jan/2019:13:30:52 +0100] "GET /apple-touch-icon-120x120-precomposed.png HTTP/1.1" 200 1559 "-" "MobileSafari/604.1 CFNetwork/976 Darwin/18.2.0"
212.95.5.228 - - [11/Jan/2019:13:30:53 +0100] "GET /apple-touch-icon-120x120.png HTTP/1.1" 200 1559 "-" "MobileSafari/604.1 CFNetwork/976 Darwin/18.2.0"
213.153.47.173 - - [11/Jan/2019:13:30:53 +0100] "GET /reload?ser=1547209853882 HTTP/1.1" 200 28 "http://renault.activities.at/login?required=true" "Mozilla/5.0 (Windows NT 10.0; Win64; x64; rv:64.0) Gecko/20100101 Firefox/64.0"
212.95.5.228 - - [11/Jan/2019:13:30:54 +0100] "GET /apple-touch-icon-precomposed.png HTTP/1.1" 200 1559 "-" "MobileSafari/604.1 CFNetwork/976 Darwin/18.2.0"
212.95.5.228 - - [11/Jan/2019:13:30:55 +0100] "GET /apple-touch-icon.png HTTP/1.1" 200 1559 "-" "MobileSafari/604.1 CFNetwork/976 Darwin/18.2.0"
212.95.5.228 - - [11/Jan/2019:13:30:56 +0100] "GET /images/favicon.ico HTTP/1.1" 404 305 "-" "MobileSafari/604.1 CFNetwork/976 Darwin/18.2.0"
212.95.5.228 - - [11/Jan/2019:13:30:56 +0100] "GET /images/favicon.ico HTTP/1.1" 404 305 "-" "MobileSafari/604.1 CFNetwork/976 Darwin/18.2.0"
212.95.5.228 - - [11/Jan/2019:13:30:56 +0100] "GET /favicon.ico HTTP/1.1" 200 3250 "-" "MobileSafari/604.1 CFNetwork/976 Darwin/18.2.0"
82.135.5.126 - - [11/Jan/2019:13:31:02 +0100] "GET /reload?ser=1547209862749 HTTP/1.1" 200 28 "http://renault.activities.at/" "Mozilla/5.0 (Windows NT 10.0; WOW64; Trident/7.0; rv:11.0) like Gecko"
212.152.158.195 - - [11/Jan/2019:13:31:25 +0100] "GET /reload?ser=1547209884825 HTTP/1.1" 200 28 "http://renault.activities.at/11974897" "Mozilla/5.0 (Windows NT 10.0; WOW64; Trident/7.0; Touch; rv:11.0) like Gecko"
80.122.221.194 - - [11/Jan/2019:13:31:34 +0100] "GET /reload?ser=1547209894752 HTTP/1.1" 200 28 "http://renault.activities.at/success" "Mozilla/5.0 (Windows NT 10.0; Win64; x64) AppleWebKit/537.36 (KHTML, like Gecko) Chrome/64.0.3282.140 Safari/537.36 Edge/17.17134"
80.123.225.36 - - [11/Jan/2019:13:31:39 +0100] "GET /reload?ser=1547209897579 HTTP/1.1" 200 28 "http://renault.activities.at/login" "Mozilla/5.0 (Windows NT 10.0; WOW64; Trident/7.0; rv:11.0) like Gecko"
213.90.54.36 - - [11/Jan/2019:13:31:42 +0100] "GET /reload?ser=1547209904685 HTTP/1.1" 200 28 "http://renault.activities.at/" "Mozilla/5.0 (Windows NT 10.0; WOW64; Trident/7.0; rv:11.0) like Gecko"
82.135.5.126 - - [11/Jan/2019:13:31:52 +0100] "GET /reload?ser=1547209912423 HTTP/1.1" 200 28 "http://renault.activities.at/" "Mozilla/5.0 (Windows NT 10.0; WOW64; Trident/7.0; rv:11.0) like Gecko"
213.153.47.173 - - [11/Jan/2019:13:31:54 +0100] "GET /reload?ser=1547209914552 HTTP/1.1" 200 28 "http://renault.activities.at/login?required=true" "Mozilla/5.0 (Windows NT 10.0; Win64; x64; rv:64.0) Gecko/20100101 Firefox/64.0"
82.135.5.126 - - [11/Jan/2019:13:32:03 +0100] "GET /reload?ser=1547209923728 HTTP/1.1" 200 28 "http://renault.activities.at/" "Mozilla/5.0 (Windows NT 10.0; WOW64; Trident/7.0; rv:11.0) like Gecko"
212.152.158.195 - - [11/Jan/2019:13:32:25 +0100] "GET /reload?ser=1547209945785 HTTP/1.1" 200 28 "http://renault.activities.at/11974897" "Mozilla/5.0 (Windows NT 10.0; WOW64; Trident/7.0; Touch; rv:11.0) like Gecko"
80.122.221.194 - - [11/Jan/2019:13:32:35 +0100] "GET /reload?ser=1547209955759 HTTP/1.1" 200 28 "http://renault.activities.at/success" "Mozilla/5.0 (Windows NT 10.0; Win64; x64) AppleWebKit/537.36 (KHTML, like Gecko) Chrome/64.0.3282.140 Safari/537.36 Edge/17.17134"
80.123.225.36 - - [11/Jan/2019:13:32:39 +0100] "GET /reload?ser=1547209958233 HTTP/1.1" 200 28 "http://renault.activities.at/login" "Mozilla/5.0 (Windows NT 10.0; WOW64; Trident/7.0; rv:11.0) like Gecko"
213.90.54.36 - - [11/Jan/2019:13:32:43 +0100] "GET /reload?ser=1547209965319 HTTP/1.1" 200 28 "http://renault.activities.at/" "Mozilla/5.0 (Windows NT 10.0; WOW64; Trident/7.0; rv:11.0) like Gecko"
82.135.5.126 - - [11/Jan/2019:13:32:53 +0100] "GET /reload?ser=1547209973360 HTTP/1.1" 200 28 "http://renault.activities.at/" "Mozilla/5.0 (Windows NT 10.0; WOW64; Trident/7.0; rv:11.0) like Gecko"
213.153.47.173 - - [11/Jan/2019:13:32:55 +0100] "GET /reload?ser=1547209975213 HTTP/1.1" 200 28 "http://renault.activities.at/login?required=true" "Mozilla/5.0 (Windows NT 10.0; Win64; x64; rv:64.0) Gecko/20100101 Firefox/64.0"
82.135.5.126 - - [11/Jan/2019:13:33:04 +0100] "GET /reload?ser=1547209984740 HTTP/1.1" 200 28 "http://renault.activities.at/" "Mozilla/5.0 (Windows NT 10.0; WOW64; Trident/7.0; rv:11.0) like Gecko"
212.152.158.195 - - [11/Jan/2019:13:33:26 +0100] "GET /reload?ser=1547210006780 HTTP/1.1" 200 28 "http://renault.activities.at/11974897" "Mozilla/5.0 (Windows NT 10.0; WOW64; Trident/7.0; Touch; rv:11.0) like Gecko"
80.122.221.194 - - [11/Jan/2019:13:33:36 +0100] "GET /reload?ser=1547210016755 HTTP/1.1" 200 28 "http://renault.activities.at/success" "Mozilla/5.0 (Windows NT 10.0; Win64; x64) AppleWebKit/537.36 (KHTML, like Gecko) Chrome/64.0.3282.140 Safari/537.36 Edge/17.17134"
80.123.225.36 - - [11/Jan/2019:13:33:40 +0100] "GET /reload?ser=1547210018887 HTTP/1.1" 200 28 "http://renault.activities.at/login" "Mozilla/5.0 (Windows NT 10.0; WOW64; Trident/7.0; rv:11.0) like Gecko"
213.90.54.36 - - [11/Jan/2019:13:33:44 +0100] "GET /reload?ser=1547210025954 HTTP/1.1" 200 28 "http://renault.activities.at/" "Mozilla/5.0 (Windows NT 10.0; WOW64; Trident/7.0; rv:11.0) like Gecko"
82.135.5.126 - - [11/Jan/2019:13:33:54 +0100] "GET /reload?ser=1547210034362 HTTP/1.1" 200 28 "http://renault.activities.at/" "Mozilla/5.0 (Windows NT 10.0; WOW64; Trident/7.0; rv:11.0) like Gecko"
