213.90.54.36 - - [11/Jan/2019:12:40:14 +0100] "GET /reload?ser=1547206816591 HTTP/1.1" 200 28 "http://renault.activities.at/" "Mozilla/5.0 (Windows NT 10.0; WOW64; Trident/7.0; rv:11.0) like Gecko"
138.21.12.23 - - [11/Jan/2019:12:40:15 +0100] "GET /reload?ser=1547206815863 HTTP/1.1" 200 28 "http://renault.2web.at/result?searchterm=true&search=Willkommen" "Mozilla/5.0 (Windows NT 6.1; WOW64; Trident/7.0; rv:11.0) like Gecko"
213.153.47.173 - - [11/Jan/2019:12:40:20 +0100] "GET /reload?ser=1547206820588 HTTP/1.1" 200 28 "http://renault.activities.at/login?required=true" "Mozilla/5.0 (Windows NT 10.0; Win64; x64; rv:64.0) Gecko/20100101 Firefox/64.0"
80.122.221.194 - - [11/Jan/2019:12:40:27 +0100] "GET /reload?ser=1547206827770 HTTP/1.1" 200 28 "http://renault.activities.at/success" "Mozilla/5.0 (Windows NT 10.0; Win64; x64) AppleWebKit/537.36 (KHTML, like Gecko) Chrome/64.0.3282.140 Safari/537.36 Edge/17.17134"
212.152.158.195 - - [11/Jan/2019:12:40:36 +0100] "GET /reload?ser=1547206836055 HTTP/1.1" 200 28 "http://renault.activities.at/11974897" "Mozilla/5.0 (Windows NT 10.0; WOW64; Trident/7.0; Touch; rv:11.0) like Gecko"
82.135.5.126 - - [11/Jan/2019:12:41:02 +0100] "GET /reload?ser=1547206862856 HTTP/1.1" 200 28 "http://renault.activities.at/" "Mozilla/5.0 (Windows NT 10.0; WOW64; Trident/7.0; rv:11.0) like Gecko"
80.123.225.36 - - [11/Jan/2019:12:41:06 +0100] "GET /reload?ser=1547206864823 HTTP/1.1" 200 28 "http://renault.activities.at/login" "Mozilla/5.0 (Windows NT 10.0; WOW64; Trident/7.0; rv:11.0) like Gecko"
82.135.5.126 - - [11/Jan/2019:12:41:13 +0100] "GET /reload?ser=1547206873922 HTTP/1.1" 200 28 "http://renault.activities.at/" "Mozilla/5.0 (Windows NT 10.0; WOW64; Trident/7.0; rv:11.0) like Gecko"
213.90.54.36 - - [11/Jan/2019:12:41:15 +0100] "GET /reload?ser=1547206877225 HTTP/1.1" 200 28 "http://renault.activities.at/" "Mozilla/5.0 (Windows NT 10.0; WOW64; Trident/7.0; rv:11.0) like Gecko"
138.21.12.23 - - [11/Jan/2019:12:41:17 +0100] "GET /reload?ser=1547206876972 HTTP/1.1" 200 28 "http://renault.2web.at/result?searchterm=true&search=Willkommen" "Mozilla/5.0 (Windows NT 6.1; WOW64; Trident/7.0; rv:11.0) like Gecko"
213.153.47.173 - - [11/Jan/2019:12:41:21 +0100] "GET /reload?ser=1547206881247 HTTP/1.1" 200 28 "http://renault.activities.at/login?required=true" "Mozilla/5.0 (Windows NT 10.0; Win64; x64; rv:64.0) Gecko/20100101 Firefox/64.0"
80.122.221.194 - - [11/Jan/2019:12:41:28 +0100] "GET /reload?ser=1547206888771 HTTP/1.1" 200 28 "http://renault.activities.at/success" "Mozilla/5.0 (Windows NT 10.0; Win64; x64) AppleWebKit/537.36 (KHTML, like Gecko) Chrome/64.0.3282.140 Safari/537.36 Edge/17.17134"
212.152.158.195 - - [11/Jan/2019:12:41:37 +0100] "GET /reload?ser=1547206896990 HTTP/1.1" 200 28 "http://renault.activities.at/11974897" "Mozilla/5.0 (Windows NT 10.0; WOW64; Trident/7.0; Touch; rv:11.0) like Gecko"
82.135.5.126 - - [11/Jan/2019:12:42:03 +0100] "GET /reload?ser=1547206923788 HTTP/1.1" 200 28 "http://renault.activities.at/" "Mozilla/5.0 (Windows NT 10.0; WOW64; Trident/7.0; rv:11.0) like Gecko"
80.123.225.36 - - [11/Jan/2019:12:42:06 +0100] "GET /reload?ser=1547206925478 HTTP/1.1" 200 28 "http://renault.activities.at/login" "Mozilla/5.0 (Windows NT 10.0; WOW64; Trident/7.0; rv:11.0) like Gecko"
82.135.5.126 - - [11/Jan/2019:12:42:14 +0100] "GET /reload?ser=1547206934883 HTTP/1.1" 200 28 "http://renault.activities.at/" "Mozilla/5.0 (Windows NT 10.0; WOW64; Trident/7.0; rv:11.0) like Gecko"
213.90.54.36 - - [11/Jan/2019:12:42:15 +0100] "GET /reload?ser=1547206937860 HTTP/1.1" 200 28 "http://renault.activities.at/" "Mozilla/5.0 (Windows NT 10.0; WOW64; Trident/7.0; rv:11.0) like Gecko"
138.21.12.23 - - [11/Jan/2019:12:42:18 +0100] "GET /reload?ser=1547206938039 HTTP/1.1" 200 28 "http://renault.2web.at/result?searchterm=true&search=Willkommen" "Mozilla/5.0 (Windows NT 6.1; WOW64; Trident/7.0; rv:11.0) like Gecko"
213.153.47.173 - - [11/Jan/2019:12:42:21 +0100] "GET /reload?ser=1547206941908 HTTP/1.1" 200 28 "http://renault.activities.at/login?required=true" "Mozilla/5.0 (Windows NT 10.0; Win64; x64; rv:64.0) Gecko/20100101 Firefox/64.0"
80.122.221.194 - - [11/Jan/2019:12:42:29 +0100] "GET /reload?ser=1547206949779 HTTP/1.1" 200 28 "http://renault.activities.at/success" "Mozilla/5.0 (Windows NT 10.0; Win64; x64) AppleWebKit/537.36 (KHTML, like Gecko) Chrome/64.0.3282.140 Safari/537.36 Edge/17.17134"
212.152.158.195 - - [11/Jan/2019:12:42:38 +0100] "GET /reload?ser=1547206957981 HTTP/1.1" 200 28 "http://renault.activities.at/11974897" "Mozilla/5.0 (Windows NT 10.0; WOW64; Trident/7.0; Touch; rv:11.0) like Gecko"
82.135.5.126 - - [11/Jan/2019:12:43:04 +0100] "GET /reload?ser=1547206984778 HTTP/1.1" 200 28 "http://renault.activities.at/" "Mozilla/5.0 (Windows NT 10.0; WOW64; Trident/7.0; rv:11.0) like Gecko"
80.123.225.36 - - [11/Jan/2019:12:43:07 +0100] "GET /reload?ser=1547206986132 HTTP/1.1" 200 28 "http://renault.activities.at/login" "Mozilla/5.0 (Windows NT 10.0; WOW64; Trident/7.0; rv:11.0) like Gecko"
82.135.5.126 - - [11/Jan/2019:12:43:15 +0100] "GET /reload?ser=1547206995868 HTTP/1.1" 200 28 "http://renault.activities.at/" "Mozilla/5.0 (Windows NT 10.0; WOW64; Trident/7.0; rv:11.0) like Gecko"
213.90.54.36 - - [11/Jan/2019:12:43:16 +0100] "GET /reload?ser=1547206998501 HTTP/1.1" 200 28 "http://renault.activities.at/" "Mozilla/5.0 (Windows NT 10.0; WOW64; Trident/7.0; rv:11.0) like Gecko"
138.21.12.23 - - [11/Jan/2019:12:43:19 +0100] "GET /reload?ser=1547206999147 HTTP/1.1" 200 28 "http://renault.2web.at/result?searchterm=true&search=Willkommen" "Mozilla/5.0 (Windows NT 6.1; WOW64; Trident/7.0; rv:11.0) like Gecko"
213.153.47.173 - - [11/Jan/2019:12:43:22 +0100] "GET /reload?ser=1547207002578 HTTP/1.1" 200 28 "http://renault.activities.at/login?required=true" "Mozilla/5.0 (Windows NT 10.0; Win64; x64; rv:64.0) Gecko/20100101 Firefox/64.0"
213.90.54.36 - - [11/Jan/2019:12:43:30 +0100] "GET /login HTTP/1.1" 200 2086 "http://renault.activities.at/" "Mozilla/5.0 (Windows NT 10.0; WOW64; Trident/7.0; rv:11.0) like Gecko"
80.122.221.194 - - [11/Jan/2019:12:43:30 +0100] "GET /reload?ser=1547207010767 HTTP/1.1" 200 28 "http://renault.activities.at/success" "Mozilla/5.0 (Windows NT 10.0; Win64; x64) AppleWebKit/537.36 (KHTML, like Gecko) Chrome/64.0.3282.140 Safari/537.36 Edge/17.17134"
212.152.158.195 - - [11/Jan/2019:12:43:39 +0100] "GET /reload?ser=1547207019012 HTTP/1.1" 200 28 "http://renault.activities.at/11974897" "Mozilla/5.0 (Windows NT 10.0; WOW64; Trident/7.0; Touch; rv:11.0) like Gecko"
213.90.54.36 - - [11/Jan/2019:12:43:45 +0100] "POST /login HTTP/1.1" 302 140 "http://renault.activities.at/login" "Mozilla/5.0 (Windows NT 10.0; WOW64; Trident/7.0; rv:11.0) like Gecko"
213.90.54.36 - - [11/Jan/2019:12:43:47 +0100] "GET /account HTTP/1.1" 200 6151 "http://renault.activities.at/login" "Mozilla/5.0 (Windows NT 10.0; WOW64; Trident/7.0; rv:11.0) like Gecko"
213.90.54.36 - - [11/Jan/2019:12:43:58 +0100] "GET /cart HTTP/1.1" 200 5344 "http://renault.activities.at/account" "Mozilla/5.0 (Windows NT 10.0; WOW64; Trident/7.0; rv:11.0) like Gecko"
82.135.5.126 - - [11/Jan/2019:12:44:05 +0100] "GET /reload?ser=1547207045751 HTTP/1.1" 200 28 "http://renault.activities.at/" "Mozilla/5.0 (Windows NT 10.0; WOW64; Trident/7.0; rv:11.0) like Gecko"
80.123.225.36 - - [11/Jan/2019:12:44:08 +0100] "GET /reload?ser=1547207046786 HTTP/1.1" 200 28 "http://renault.activities.at/login" "Mozilla/5.0 (Windows NT 10.0; WOW64; Trident/7.0; rv:11.0) like Gecko"
213.90.54.36 - - [11/Jan/2019:12:44:08 +0100] "GET /11763362 HTTP/1.1" 200 5967 "http://renault.activities.at/cart" "Mozilla/5.0 (Windows NT 10.0; WOW64; Trident/7.0; rv:11.0) like Gecko"
213.90.54.36 - - [11/Jan/2019:12:44:11 +0100] "GET /loadthumbnail.php?id=11819630&width=250 HTTP/1.1" 200 9928 "http://renault.activities.at/11763362" "Mozilla/5.0 (Windows NT 10.0; WOW64; Trident/7.0; rv:11.0) like Gecko"
213.90.54.36 - - [11/Jan/2019:12:44:11 +0100] "GET /loadthumbnail.php?id=11819630&width=900&height=900 HTTP/1.1" 200 80826 "http://renault.activities.at/11763362" "Mozilla/5.0 (Windows NT 10.0; WOW64; Trident/7.0; rv:11.0) like Gecko"
213.90.54.36 - - [11/Jan/2019:12:44:11 +0100] "GET /graphics/zoomin.cur HTTP/1.1" 200 3619 "http://renault.activities.at/11763362" "Mozilla/5.0 (Windows NT 10.0; WOW64; Trident/7.0; rv:11.0) like Gecko"
82.135.5.126 - - [11/Jan/2019:12:44:16 +0100] "GET /reload?ser=1547207056905 HTTP/1.1" 200 28 "http://renault.activities.at/" "Mozilla/5.0 (Windows NT 10.0; WOW64; Trident/7.0; rv:11.0) like Gecko"
138.21.12.23 - - [11/Jan/2019:12:44:20 +0100] "GET /reload?ser=1547207060229 HTTP/1.1" 200 28 "http://renault.2web.at/result?searchterm=true&search=Willkommen" "Mozilla/5.0 (Windows NT 6.1; WOW64; Trident/7.0; rv:11.0) like Gecko"
213.90.54.36 - - [11/Jan/2019:12:44:21 +0100] "GET /graphics/zoomin.cur HTTP/1.1" 200 3619 "http://renault.activities.at/11763362" "Mozilla/5.0 (Windows NT 10.0; WOW64; Trident/7.0; rv:11.0) like Gecko"
213.153.47.173 - - [11/Jan/2019:12:44:23 +0100] "GET /reload?ser=1547207063238 HTTP/1.1" 200 28 "http://renault.activities.at/login?required=true" "Mozilla/5.0 (Windows NT 10.0; Win64; x64; rv:64.0) Gecko/20100101 Firefox/64.0"
213.90.54.36 - - [11/Jan/2019:12:44:23 +0100] "GET /cart HTTP/1.1" 200 5344 "http://renault.activities.at/11763362" "Mozilla/5.0 (Windows NT 10.0; WOW64; Trident/7.0; rv:11.0) like Gecko"
80.122.221.194 - - [11/Jan/2019:12:44:31 +0100] "GET /reload?ser=1547207071765 HTTP/1.1" 200 28 "http://renault.activities.at/success" "Mozilla/5.0 (Windows NT 10.0; Win64; x64) AppleWebKit/537.36 (KHTML, like Gecko) Chrome/64.0.3282.140 Safari/537.36 Edge/17.17134"
212.152.158.195 - - [11/Jan/2019:12:44:39 +0100] "GET /reload?ser=1547207079980 HTTP/1.1" 200 28 "http://renault.activities.at/11974897" "Mozilla/5.0 (Windows NT 10.0; WOW64; Trident/7.0; Touch; rv:11.0) like Gecko"
213.90.54.36 - - [11/Jan/2019:12:45:05 +0100] "GET /logout HTTP/1.1" 302 140 "http://renault.activities.at/cart" "Mozilla/5.0 (Windows NT 10.0; WOW64; Trident/7.0; rv:11.0) like Gecko"
213.90.54.36 - - [11/Jan/2019:12:45:06 +0100] "GET /logout HTTP/1.1" 200 1583 "http://renault.activities.at/cart" "Mozilla/5.0 (Windows NT 10.0; WOW64; Trident/7.0; rv:11.0) like Gecko"
82.135.5.126 - - [11/Jan/2019:12:45:06 +0100] "GET /reload?ser=1547207106729 HTTP/1.1" 200 28 "http://renault.activities.at/" "Mozilla/5.0 (Windows NT 10.0; WOW64; Trident/7.0; rv:11.0) like Gecko"
80.123.225.36 - - [11/Jan/2019:12:45:08 +0100] "GET /reload?ser=1547207107441 HTTP/1.1" 200 28 "http://renault.activities.at/login" "Mozilla/5.0 (Windows NT 10.0; WOW64; Trident/7.0; rv:11.0) like Gecko"
213.90.54.36 - - [11/Jan/2019:12:45:12 +0100] "GET / HTTP/1.1" 200 3417 "http://renault.activities.at/logout" "Mozilla/5.0 (Windows NT 10.0; WOW64; Trident/7.0; rv:11.0) like Gecko"
82.135.5.126 - - [11/Jan/2019:12:45:17 +0100] "GET /reload?ser=1547207117854 HTTP/1.1" 200 28 "http://renault.activities.at/" "Mozilla/5.0 (Windows NT 10.0; WOW64; Trident/7.0; rv:11.0) like Gecko"
138.21.12.23 - - [11/Jan/2019:12:45:21 +0100] "GET /reload?ser=1547207121316 HTTP/1.1" 200 28 "http://renault.2web.at/result?searchterm=true&search=Willkommen" "Mozilla/5.0 (Windows NT 6.1; WOW64; Trident/7.0; rv:11.0) like Gecko"
213.153.47.173 - - [11/Jan/2019:12:45:23 +0100] "GET /reload?ser=1547207123918 HTTP/1.1" 200 28 "http://renault.activities.at/login?required=true" "Mozilla/5.0 (Windows NT 10.0; Win64; x64; rv:64.0) Gecko/20100101 Firefox/64.0"
80.122.221.194 - - [11/Jan/2019:12:45:32 +0100] "GET /reload?ser=1547207132769 HTTP/1.1" 200 28 "http://renault.activities.at/success" "Mozilla/5.0 (Windows NT 10.0; Win64; x64) AppleWebKit/537.36 (KHTML, like Gecko) Chrome/64.0.3282.140 Safari/537.36 Edge/17.17134"
212.152.158.195 - - [11/Jan/2019:12:45:40 +0100] "GET /reload?ser=1547207140932 HTTP/1.1" 200 28 "http://renault.activities.at/11974897" "Mozilla/5.0 (Windows NT 10.0; WOW64; Trident/7.0; Touch; rv:11.0) like Gecko"
82.135.5.126 - - [11/Jan/2019:12:46:07 +0100] "GET /reload?ser=1547207167697 HTTP/1.1" 200 28 "http://renault.activities.at/" "Mozilla/5.0 (Windows NT 10.0; WOW64; Trident/7.0; rv:11.0) like Gecko"
80.123.225.36 - - [11/Jan/2019:12:46:09 +0100] "GET /reload?ser=1547207168105 HTTP/1.1" 200 28 "http://renault.activities.at/login" "Mozilla/5.0 (Windows NT 10.0; WOW64; Trident/7.0; rv:11.0) like Gecko"
213.90.54.36 - - [11/Jan/2019:12:46:13 +0100] "GET /reload?ser=1547207175326 HTTP/1.1" 200 28 "http://renault.activities.at/" "Mozilla/5.0 (Windows NT 10.0; WOW64; Trident/7.0; rv:11.0) like Gecko"
82.135.5.126 - - [11/Jan/2019:12:46:18 +0100] "GET /reload?ser=1547207178810 HTTP/1.1" 200 28 "http://renault.activities.at/" "Mozilla/5.0 (Windows NT 10.0; WOW64; Trident/7.0; rv:11.0) like Gecko"
138.21.12.23 - - [11/Jan/2019:12:46:22 +0100] "GET /reload?ser=1547207182371 HTTP/1.1" 200 28 "http://renault.2web.at/result?searchterm=true&search=Willkommen" "Mozilla/5.0 (Windows NT 6.1; WOW64; Trident/7.0; rv:11.0) like Gecko"
213.153.47.173 - - [11/Jan/2019:12:46:24 +0100] "GET /reload?ser=1547207184578 HTTP/1.1" 200 28 "http://renault.activities.at/login?required=true" "Mozilla/5.0 (Windows NT 10.0; Win64; x64; rv:64.0) Gecko/20100101 Firefox/64.0"
80.122.221.194 - - [11/Jan/2019:12:46:34 +0100] "GET /reload?ser=1547207194771 HTTP/1.1" 200 28 "http://renault.activities.at/success" "Mozilla/5.0 (Windows NT 10.0; Win64; x64) AppleWebKit/537.36 (KHTML, like Gecko) Chrome/64.0.3282.140 Safari/537.36 Edge/17.17134"
212.152.158.195 - - [11/Jan/2019:12:46:41 +0100] "GET /reload?ser=1547207201960 HTTP/1.1" 200 28 "http://renault.activities.at/11974897" "Mozilla/5.0 (Windows NT 10.0; WOW64; Trident/7.0; Touch; rv:11.0) like Gecko"
82.135.5.126 - - [11/Jan/2019:12:47:08 +0100] "GET /reload?ser=1547207228685 HTTP/1.1" 200 28 "http://renault.activities.at/" "Mozilla/5.0 (Windows NT 10.0; WOW64; Trident/7.0; rv:11.0) like Gecko"
80.123.225.36 - - [11/Jan/2019:12:47:10 +0100] "GET /reload?ser=1547207228760 HTTP/1.1" 200 28 "http://renault.activities.at/login" "Mozilla/5.0 (Windows NT 10.0; WOW64; Trident/7.0; rv:11.0) like Gecko"
213.90.54.36 - - [11/Jan/2019:12:47:14 +0100] "GET /reload?ser=1547207235978 HTTP/1.1" 200 28 "http://renault.activities.at/" "Mozilla/5.0 (Windows NT 10.0; WOW64; Trident/7.0; rv:11.0) like Gecko"
82.135.5.126 - - [11/Jan/2019:12:47:20 +0100] "GET /reload?ser=1547207239969 HTTP/1.1" 200 28 "http://renault.activities.at/" "Mozilla/5.0 (Windows NT 10.0; WOW64; Trident/7.0; rv:11.0) like Gecko"
138.21.12.23 - - [11/Jan/2019:12:47:23 +0100] "GET /reload?ser=1547207243421 HTTP/1.1" 200 28 "http://renault.2web.at/result?searchterm=true&search=Willkommen" "Mozilla/5.0 (Windows NT 6.1; WOW64; Trident/7.0; rv:11.0) like Gecko"
213.153.47.173 - - [11/Jan/2019:12:47:25 +0100] "GET /reload?ser=1547207245239 HTTP/1.1" 200 28 "http://renault.activities.at/login?required=true" "Mozilla/5.0 (Windows NT 10.0; Win64; x64; rv:64.0) Gecko/20100101 Firefox/64.0"
80.122.221.194 - - [11/Jan/2019:12:47:35 +0100] "GET /reload?ser=1547207255769 HTTP/1.1" 200 28 "http://renault.activities.at/success" "Mozilla/5.0 (Windows NT 10.0; Win64; x64) AppleWebKit/537.36 (KHTML, like Gecko) Chrome/64.0.3282.140 Safari/537.36 Edge/17.17134"
212.152.158.195 - - [11/Jan/2019:12:47:42 +0100] "GET /reload?ser=1547207262994 HTTP/1.1" 200 28 "http://renault.activities.at/11974897" "Mozilla/5.0 (Windows NT 10.0; WOW64; Trident/7.0; Touch; rv:11.0) like Gecko"
82.135.5.126 - - [11/Jan/2019:12:48:09 +0100] "GET /reload?ser=1547207289688 HTTP/1.1" 200 28 "http://renault.activities.at/" "Mozilla/5.0 (Windows NT 10.0; WOW64; Trident/7.0; rv:11.0) like Gecko"
80.123.225.36 - - [11/Jan/2019:12:48:10 +0100] "GET /reload?ser=1547207289414 HTTP/1.1" 200 28 "http://renault.activities.at/login" "Mozilla/5.0 (Windows NT 10.0; WOW64; Trident/7.0; rv:11.0) like Gecko"
213.90.54.36 - - [11/Jan/2019:12:48:14 +0100] "GET /reload?ser=1547207296611 HTTP/1.1" 200 28 "http://renault.activities.at/" "Mozilla/5.0 (Windows NT 10.0; WOW64; Trident/7.0; rv:11.0) like Gecko"
82.135.5.126 - - [11/Jan/2019:12:48:21 +0100] "GET /reload?ser=1547207300972 HTTP/1.1" 200 28 "http://renault.activities.at/" "Mozilla/5.0 (Windows NT 10.0; WOW64; Trident/7.0; rv:11.0) like Gecko"
138.21.12.23 - - [11/Jan/2019:12:48:24 +0100] "GET /reload?ser=1547207304494 HTTP/1.1" 200 28 "http://renault.2web.at/result?searchterm=true&search=Willkommen" "Mozilla/5.0 (Windows NT 6.1; WOW64; Trident/7.0; rv:11.0) like Gecko"
213.153.47.173 - - [11/Jan/2019:12:48:25 +0100] "GET /reload?ser=1547207305897 HTTP/1.1" 200 28 "http://renault.activities.at/login?required=true" "Mozilla/5.0 (Windows NT 10.0; Win64; x64; rv:64.0) Gecko/20100101 Firefox/64.0"
80.122.221.194 - - [11/Jan/2019:12:48:36 +0100] "GET /reload?ser=1547207316770 HTTP/1.1" 200 28 "http://renault.activities.at/success" "Mozilla/5.0 (Windows NT 10.0; Win64; x64) AppleWebKit/537.36 (KHTML, like Gecko) Chrome/64.0.3282.140 Safari/537.36 Edge/17.17134"
212.152.158.195 - - [11/Jan/2019:12:48:43 +0100] "GET /reload?ser=1547207323946 HTTP/1.1" 200 28 "http://renault.activities.at/11974897" "Mozilla/5.0 (Windows NT 10.0; WOW64; Trident/7.0; Touch; rv:11.0) like Gecko"
82.135.5.126 - - [11/Jan/2019:12:49:10 +0100] "GET /reload?ser=1547207350630 HTTP/1.1" 200 28 "http://renault.activities.at/" "Mozilla/5.0 (Windows NT 10.0; WOW64; Trident/7.0; rv:11.0) like Gecko"
80.123.225.36 - - [11/Jan/2019:12:49:11 +0100] "GET /reload?ser=1547207350100 HTTP/1.1" 200 28 "http://renault.activities.at/login" "Mozilla/5.0 (Windows NT 10.0; WOW64; Trident/7.0; rv:11.0) like Gecko"
213.90.54.36 - - [11/Jan/2019:12:49:15 +0100] "GET /reload?ser=1547207357276 HTTP/1.1" 200 28 "http://renault.activities.at/" "Mozilla/5.0 (Windows NT 10.0; WOW64; Trident/7.0; rv:11.0) like Gecko"
82.135.5.126 - - [11/Jan/2019:12:49:21 +0100] "GET /reload?ser=1547207361928 HTTP/1.1" 200 28 "http://renault.activities.at/" "Mozilla/5.0 (Windows NT 10.0; WOW64; Trident/7.0; rv:11.0) like Gecko"
138.21.12.23 - - [11/Jan/2019:12:49:25 +0100] "GET /reload?ser=1547207365611 HTTP/1.1" 200 28 "http://renault.2web.at/result?searchterm=true&search=Willkommen" "Mozilla/5.0 (Windows NT 6.1; WOW64; Trident/7.0; rv:11.0) like Gecko"
213.153.47.173 - - [11/Jan/2019:12:49:26 +0100] "GET /reload?ser=1547207366558 HTTP/1.1" 200 28 "http://renault.activities.at/login?required=true" "Mozilla/5.0 (Windows NT 10.0; Win64; x64; rv:64.0) Gecko/20100101 Firefox/64.0"
80.122.221.194 - - [11/Jan/2019:12:49:37 +0100] "GET /reload?ser=1547207377769 HTTP/1.1" 200 28 "http://renault.activities.at/success" "Mozilla/5.0 (Windows NT 10.0; Win64; x64) AppleWebKit/537.36 (KHTML, like Gecko) Chrome/64.0.3282.140 Safari/537.36 Edge/17.17134"
212.152.158.195 - - [11/Jan/2019:12:49:44 +0100] "GET /reload?ser=1547207384896 HTTP/1.1" 200 28 "http://renault.activities.at/11974897" "Mozilla/5.0 (Windows NT 10.0; WOW64; Trident/7.0; Touch; rv:11.0) like Gecko"
82.135.5.126 - - [11/Jan/2019:12:50:11 +0100] "GET /reload?ser=1547207411618 HTTP/1.1" 200 28 "http://renault.activities.at/" "Mozilla/5.0 (Windows NT 10.0; WOW64; Trident/7.0; rv:11.0) like Gecko"
80.123.225.36 - - [11/Jan/2019:12:50:12 +0100] "GET /reload?ser=1547207410759 HTTP/1.1" 200 28 "http://renault.activities.at/login" "Mozilla/5.0 (Windows NT 10.0; WOW64; Trident/7.0; rv:11.0) like Gecko"
213.90.54.36 - - [11/Jan/2019:12:50:16 +0100] "GET /reload?ser=1547207417916 HTTP/1.1" 200 28 "http://renault.activities.at/" "Mozilla/5.0 (Windows NT 10.0; WOW64; Trident/7.0; rv:11.0) like Gecko"
82.135.5.126 - - [11/Jan/2019:12:50:22 +0100] "GET /reload?ser=1547207422920 HTTP/1.1" 200 28 "http://renault.activities.at/" "Mozilla/5.0 (Windows NT 10.0; WOW64; Trident/7.0; rv:11.0) like Gecko"
138.21.12.23 - - [11/Jan/2019:12:50:26 +0100] "GET /reload?ser=1547207426727 HTTP/1.1" 200 28 "http://renault.2web.at/result?searchterm=true&search=Willkommen" "Mozilla/5.0 (Windows NT 6.1; WOW64; Trident/7.0; rv:11.0) like Gecko"
213.153.47.173 - - [11/Jan/2019:12:50:27 +0100] "GET /reload?ser=1547207427229 HTTP/1.1" 200 28 "http://renault.activities.at/login?required=true" "Mozilla/5.0 (Windows NT 10.0; Win64; x64; rv:64.0) Gecko/20100101 Firefox/64.0"
80.122.221.194 - - [11/Jan/2019:12:50:39 +0100] "GET /reload?ser=1547207439771 HTTP/1.1" 200 28 "http://renault.activities.at/success" "Mozilla/5.0 (Windows NT 10.0; Win64; x64) AppleWebKit/537.36 (KHTML, like Gecko) Chrome/64.0.3282.140 Safari/537.36 Edge/17.17134"
212.152.158.195 - - [11/Jan/2019:12:50:45 +0100] "GET /reload?ser=1547207445866 HTTP/1.1" 200 28 "http://renault.activities.at/11974897" "Mozilla/5.0 (Windows NT 10.0; WOW64; Trident/7.0; Touch; rv:11.0) like Gecko"
80.123.225.36 - - [11/Jan/2019:12:51:12 +0100] "GET /reload?ser=1547207471414 HTTP/1.1" 200 28 "http://renault.activities.at/login" "Mozilla/5.0 (Windows NT 10.0; WOW64; Trident/7.0; rv:11.0) like Gecko"
82.135.5.126 - - [11/Jan/2019:12:51:12 +0100] "GET /reload?ser=1547207472604 HTTP/1.1" 200 28 "http://renault.activities.at/" "Mozilla/5.0 (Windows NT 10.0; WOW64; Trident/7.0; rv:11.0) like Gecko"
213.90.54.36 - - [11/Jan/2019:12:51:17 +0100] "GET /reload?ser=1547207478546 HTTP/1.1" 200 28 "http://renault.activities.at/" "Mozilla/5.0 (Windows NT 10.0; WOW64; Trident/7.0; rv:11.0) like Gecko"
82.135.5.126 - - [11/Jan/2019:12:51:23 +0100] "GET /reload?ser=1547207483869 HTTP/1.1" 200 28 "http://renault.activities.at/" "Mozilla/5.0 (Windows NT 10.0; WOW64; Trident/7.0; rv:11.0) like Gecko"
213.153.47.173 - - [11/Jan/2019:12:51:27 +0100] "GET /reload?ser=1547207487889 HTTP/1.1" 200 28 "http://renault.activities.at/login?required=true" "Mozilla/5.0 (Windows NT 10.0; Win64; x64; rv:64.0) Gecko/20100101 Firefox/64.0"
138.21.12.23 - - [11/Jan/2019:12:51:27 +0100] "GET /reload?ser=1547207487793 HTTP/1.1" 200 28 "http://renault.2web.at/result?searchterm=true&search=Willkommen" "Mozilla/5.0 (Windows NT 6.1; WOW64; Trident/7.0; rv:11.0) like Gecko"
80.122.221.194 - - [11/Jan/2019:12:51:40 +0100] "GET /reload?ser=1547207500763 HTTP/1.1" 200 28 "http://renault.activities.at/success" "Mozilla/5.0 (Windows NT 10.0; Win64; x64) AppleWebKit/537.36 (KHTML, like Gecko) Chrome/64.0.3282.140 Safari/537.36 Edge/17.17134"
212.152.158.195 - - [11/Jan/2019:12:51:46 +0100] "GET /reload?ser=1547207506865 HTTP/1.1" 200 28 "http://renault.activities.at/11974897" "Mozilla/5.0 (Windows NT 10.0; WOW64; Trident/7.0; Touch; rv:11.0) like Gecko"
80.123.225.36 - - [11/Jan/2019:12:52:13 +0100] "GET /reload?ser=1547207532069 HTTP/1.1" 200 28 "http://renault.activities.at/login" "Mozilla/5.0 (Windows NT 10.0; WOW64; Trident/7.0; rv:11.0) like Gecko"
82.135.5.126 - - [11/Jan/2019:12:52:13 +0100] "GET /reload?ser=1547207533576 HTTP/1.1" 200 28 "http://renault.activities.at/" "Mozilla/5.0 (Windows NT 10.0; WOW64; Trident/7.0; rv:11.0) like Gecko"
213.90.54.36 - - [11/Jan/2019:12:52:17 +0100] "GET /reload?ser=1547207539758 HTTP/1.1" 200 28 "http://renault.activities.at/" "Mozilla/5.0 (Windows NT 10.0; WOW64; Trident/7.0; rv:11.0) like Gecko"
82.135.5.126 - - [11/Jan/2019:12:52:24 +0100] "GET /reload?ser=1547207544843 HTTP/1.1" 200 28 "http://renault.activities.at/" "Mozilla/5.0 (Windows NT 10.0; WOW64; Trident/7.0; rv:11.0) like Gecko"
213.153.47.173 - - [11/Jan/2019:12:52:28 +0100] "GET /reload?ser=1547207548555 HTTP/1.1" 200 28 "http://renault.activities.at/login?required=true" "Mozilla/5.0 (Windows NT 10.0; Win64; x64; rv:64.0) Gecko/20100101 Firefox/64.0"
138.21.12.23 - - [11/Jan/2019:12:52:29 +0100] "GET /reload?ser=1547207548879 HTTP/1.1" 200 28 "http://renault.2web.at/result?searchterm=true&search=Willkommen" "Mozilla/5.0 (Windows NT 6.1; WOW64; Trident/7.0; rv:11.0) like Gecko"
80.122.221.194 - - [11/Jan/2019:12:52:41 +0100] "GET /reload?ser=1547207561774 HTTP/1.1" 200 28 "http://renault.activities.at/success" "Mozilla/5.0 (Windows NT 10.0; Win64; x64) AppleWebKit/537.36 (KHTML, like Gecko) Chrome/64.0.3282.140 Safari/537.36 Edge/17.17134"
212.152.158.195 - - [11/Jan/2019:12:52:47 +0100] "GET /reload?ser=1547207567817 HTTP/1.1" 200 28 "http://renault.activities.at/11974897" "Mozilla/5.0 (Windows NT 10.0; WOW64; Trident/7.0; Touch; rv:11.0) like Gecko"
80.123.225.36 - - [11/Jan/2019:12:53:14 +0100] "GET /reload?ser=1547207592723 HTTP/1.1" 200 28 "http://renault.activities.at/login" "Mozilla/5.0 (Windows NT 10.0; WOW64; Trident/7.0; rv:11.0) like Gecko"
82.135.5.126 - - [11/Jan/2019:12:53:14 +0100] "GET /reload?ser=1547207594561 HTTP/1.1" 200 28 "http://renault.activities.at/" "Mozilla/5.0 (Windows NT 10.0; WOW64; Trident/7.0; rv:11.0) like Gecko"
213.90.54.36 - - [11/Jan/2019:12:53:18 +0100] "GET /reload?ser=1547207600398 HTTP/1.1" 200 28 "http://renault.activities.at/" "Mozilla/5.0 (Windows NT 10.0; WOW64; Trident/7.0; rv:11.0) like Gecko"
82.135.5.126 - - [11/Jan/2019:12:53:25 +0100] "GET /reload?ser=1547207605815 HTTP/1.1" 200 28 "http://renault.activities.at/" "Mozilla/5.0 (Windows NT 10.0; WOW64; Trident/7.0; rv:11.0) like Gecko"
213.153.47.173 - - [11/Jan/2019:12:53:29 +0100] "GET /reload?ser=1547207609219 HTTP/1.1" 200 28 "http://renault.activities.at/login?required=true" "Mozilla/5.0 (Windows NT 10.0; Win64; x64; rv:64.0) Gecko/20100101 Firefox/64.0"
138.21.12.23 - - [11/Jan/2019:12:53:30 +0100] "GET /reload?ser=1547207610002 HTTP/1.1" 200 28 "http://renault.2web.at/result?searchterm=true&search=Willkommen" "Mozilla/5.0 (Windows NT 6.1; WOW64; Trident/7.0; rv:11.0) like Gecko"
80.122.221.194 - - [11/Jan/2019:12:53:42 +0100] "GET /reload?ser=1547207622764 HTTP/1.1" 200 28 "http://renault.activities.at/success" "Mozilla/5.0 (Windows NT 10.0; Win64; x64) AppleWebKit/537.36 (KHTML, like Gecko) Chrome/64.0.3282.140 Safari/537.36 Edge/17.17134"
212.152.158.195 - - [11/Jan/2019:12:53:48 +0100] "GET /reload?ser=1547207628785 HTTP/1.1" 200 28 "http://renault.activities.at/11974897" "Mozilla/5.0 (Windows NT 10.0; WOW64; Trident/7.0; Touch; rv:11.0) like Gecko"
80.123.225.36 - - [11/Jan/2019:12:54:14 +0100] "GET /reload?ser=1547207653379 HTTP/1.1" 200 28 "http://renault.activities.at/login" "Mozilla/5.0 (Windows NT 10.0; WOW64; Trident/7.0; rv:11.0) like Gecko"
82.135.5.126 - - [11/Jan/2019:12:54:15 +0100] "GET /reload?ser=1547207655549 HTTP/1.1" 200 28 "http://renault.activities.at/" "Mozilla/5.0 (Windows NT 10.0; WOW64; Trident/7.0; rv:11.0) like Gecko"
213.90.54.36 - - [11/Jan/2019:12:54:19 +0100] "GET /reload?ser=1547207661030 HTTP/1.1" 200 28 "http://renault.activities.at/" "Mozilla/5.0 (Windows NT 10.0; WOW64; Trident/7.0; rv:11.0) like Gecko"
82.135.5.126 - - [11/Jan/2019:12:54:26 +0100] "GET /reload?ser=1547207666788 HTTP/1.1" 200 28 "http://renault.activities.at/" "Mozilla/5.0 (Windows NT 10.0; WOW64; Trident/7.0; rv:11.0) like Gecko"
213.153.47.173 - - [11/Jan/2019:12:54:29 +0100] "GET /reload?ser=1547207669868 HTTP/1.1" 200 28 "http://renault.activities.at/login?required=true" "Mozilla/5.0 (Windows NT 10.0; Win64; x64; rv:64.0) Gecko/20100101 Firefox/64.0"
138.21.12.23 - - [11/Jan/2019:12:54:31 +0100] "GET /reload?ser=1547207671090 HTTP/1.1" 200 28 "http://renault.2web.at/result?searchterm=true&search=Willkommen" "Mozilla/5.0 (Windows NT 6.1; WOW64; Trident/7.0; rv:11.0) like Gecko"
80.122.221.194 - - [11/Jan/2019:12:54:43 +0100] "GET /reload?ser=1547207683766 HTTP/1.1" 200 28 "http://renault.activities.at/success" "Mozilla/5.0 (Windows NT 10.0; Win64; x64) AppleWebKit/537.36 (KHTML, like Gecko) Chrome/64.0.3282.140 Safari/537.36 Edge/17.17134"
212.152.158.195 - - [11/Jan/2019:12:54:49 +0100] "GET /reload?ser=1547207689770 HTTP/1.1" 200 28 "http://renault.activities.at/11974897" "Mozilla/5.0 (Windows NT 10.0; WOW64; Trident/7.0; Touch; rv:11.0) like Gecko"
80.123.225.36 - - [11/Jan/2019:12:55:15 +0100] "GET /reload?ser=1547207714043 HTTP/1.1" 200 28 "http://renault.activities.at/login" "Mozilla/5.0 (Windows NT 10.0; WOW64; Trident/7.0; rv:11.0) like Gecko"
82.135.5.126 - - [11/Jan/2019:12:55:16 +0100] "GET /reload?ser=1547207716517 HTTP/1.1" 200 28 "http://renault.activities.at/" "Mozilla/5.0 (Windows NT 10.0; WOW64; Trident/7.0; rv:11.0) like Gecko"
213.90.54.36 - - [11/Jan/2019:12:55:19 +0100] "GET /reload?ser=1547207721662 HTTP/1.1" 200 28 "http://renault.activities.at/" "Mozilla/5.0 (Windows NT 10.0; WOW64; Trident/7.0; rv:11.0) like Gecko"
82.135.5.126 - - [11/Jan/2019:12:55:27 +0100] "GET /reload?ser=1547207727823 HTTP/1.1" 200 28 "http://renault.activities.at/" "Mozilla/5.0 (Windows NT 10.0; WOW64; Trident/7.0; rv:11.0) like Gecko"
213.153.47.173 - - [11/Jan/2019:12:55:30 +0100] "GET /reload?ser=1547207730549 HTTP/1.1" 200 28 "http://renault.activities.at/login?required=true" "Mozilla/5.0 (Windows NT 10.0; Win64; x64; rv:64.0) Gecko/20100101 Firefox/64.0"
138.21.12.23 - - [11/Jan/2019:12:55:32 +0100] "GET /reload?ser=1547207732188 HTTP/1.1" 200 28 "http://renault.2web.at/result?searchterm=true&search=Willkommen" "Mozilla/5.0 (Windows NT 6.1; WOW64; Trident/7.0; rv:11.0) like Gecko"
80.122.221.194 - - [11/Jan/2019:12:55:44 +0100] "GET /reload?ser=1547207744762 HTTP/1.1" 200 28 "http://renault.activities.at/success" "Mozilla/5.0 (Windows NT 10.0; Win64; x64) AppleWebKit/537.36 (KHTML, like Gecko) Chrome/64.0.3282.140 Safari/537.36 Edge/17.17134"
212.152.158.195 - - [11/Jan/2019:12:55:50 +0100] "GET /reload?ser=1547207750682 HTTP/1.1" 200 28 "http://renault.activities.at/11974897" "Mozilla/5.0 (Windows NT 10.0; WOW64; Trident/7.0; Touch; rv:11.0) like Gecko"
80.123.225.36 - - [11/Jan/2019:12:56:16 +0100] "GET /reload?ser=1547207774705 HTTP/1.1" 200 28 "http://renault.activities.at/login" "Mozilla/5.0 (Windows NT 10.0; WOW64; Trident/7.0; rv:11.0) like Gecko"
82.135.5.126 - - [11/Jan/2019:12:56:17 +0100] "GET /reload?ser=1547207777473 HTTP/1.1" 200 28 "http://renault.activities.at/" "Mozilla/5.0 (Windows NT 10.0; WOW64; Trident/7.0; rv:11.0) like Gecko"
213.90.54.36 - - [11/Jan/2019:12:56:20 +0100] "GET /reload?ser=1547207782292 HTTP/1.1" 200 28 "http://renault.activities.at/" "Mozilla/5.0 (Windows NT 10.0; WOW64; Trident/7.0; rv:11.0) like Gecko"
82.135.5.126 - - [11/Jan/2019:12:56:28 +0100] "GET /reload?ser=1547207788787 HTTP/1.1" 200 28 "http://renault.activities.at/" "Mozilla/5.0 (Windows NT 10.0; WOW64; Trident/7.0; rv:11.0) like Gecko"
213.153.47.173 - - [11/Jan/2019:12:56:31 +0100] "GET /reload?ser=1547207791219 HTTP/1.1" 200 28 "http://renault.activities.at/login?required=true" "Mozilla/5.0 (Windows NT 10.0; Win64; x64; rv:64.0) Gecko/20100101 Firefox/64.0"
138.21.12.23 - - [11/Jan/2019:12:56:33 +0100] "GET /reload?ser=1547207793282 HTTP/1.1" 200 28 "http://renault.2web.at/result?searchterm=true&search=Willkommen" "Mozilla/5.0 (Windows NT 6.1; WOW64; Trident/7.0; rv:11.0) like Gecko"
80.122.221.194 - - [11/Jan/2019:12:56:45 +0100] "GET /reload?ser=1547207805764 HTTP/1.1" 200 28 "http://renault.activities.at/success" "Mozilla/5.0 (Windows NT 10.0; Win64; x64) AppleWebKit/537.36 (KHTML, like Gecko) Chrome/64.0.3282.140 Safari/537.36 Edge/17.17134"
212.152.158.195 - - [11/Jan/2019:12:56:51 +0100] "GET /reload?ser=1547207811691 HTTP/1.1" 200 28 "http://renault.activities.at/11974897" "Mozilla/5.0 (Windows NT 10.0; WOW64; Trident/7.0; Touch; rv:11.0) like Gecko"
80.123.225.36 - - [11/Jan/2019:12:57:16 +0100] "GET /reload?ser=1547207835360 HTTP/1.1" 200 28 "http://renault.activities.at/login" "Mozilla/5.0 (Windows NT 10.0; WOW64; Trident/7.0; rv:11.0) like Gecko"
82.135.5.126 - - [11/Jan/2019:12:57:18 +0100] "GET /reload?ser=1547207838477 HTTP/1.1" 200 28 "http://renault.activities.at/" "Mozilla/5.0 (Windows NT 10.0; WOW64; Trident/7.0; rv:11.0) like Gecko"
213.90.54.36 - - [11/Jan/2019:12:57:21 +0100] "GET /reload?ser=1547207842930 HTTP/1.1" 200 28 "http://renault.activities.at/" "Mozilla/5.0 (Windows NT 10.0; WOW64; Trident/7.0; rv:11.0) like Gecko"
82.135.5.126 - - [11/Jan/2019:12:57:29 +0100] "GET /reload?ser=1547207849763 HTTP/1.1" 200 28 "http://renault.activities.at/" "Mozilla/5.0 (Windows NT 10.0; WOW64; Trident/7.0; rv:11.0) like Gecko"
213.153.47.173 - - [11/Jan/2019:12:57:31 +0100] "GET /reload?ser=1547207851919 HTTP/1.1" 200 28 "http://renault.activities.at/login?required=true" "Mozilla/5.0 (Windows NT 10.0; Win64; x64; rv:64.0) Gecko/20100101 Firefox/64.0"
138.21.12.23 - - [11/Jan/2019:12:57:34 +0100] "GET /reload?ser=1547207854362 HTTP/1.1" 200 28 "http://renault.2web.at/result?searchterm=true&search=Willkommen" "Mozilla/5.0 (Windows NT 6.1; WOW64; Trident/7.0; rv:11.0) like Gecko"
80.122.221.194 - - [11/Jan/2019:12:57:47 +0100] "GET /reload?ser=1547207867769 HTTP/1.1" 200 28 "http://renault.activities.at/success" "Mozilla/5.0 (Windows NT 10.0; Win64; x64) AppleWebKit/537.36 (KHTML, like Gecko) Chrome/64.0.3282.140 Safari/537.36 Edge/17.17134"
212.152.158.195 - - [11/Jan/2019:12:57:52 +0100] "GET /reload?ser=1547207872641 HTTP/1.1" 200 28 "http://renault.activities.at/11974897" "Mozilla/5.0 (Windows NT 10.0; WOW64; Trident/7.0; Touch; rv:11.0) like Gecko"
80.123.225.36 - - [11/Jan/2019:12:58:17 +0100] "GET /reload?ser=1547207896014 HTTP/1.1" 200 28 "http://renault.activities.at/login" "Mozilla/5.0 (Windows NT 10.0; WOW64; Trident/7.0; rv:11.0) like Gecko"
82.135.5.126 - - [11/Jan/2019:12:58:19 +0100] "GET /reload?ser=1547207899586 HTTP/1.1" 200 28 "http://renault.activities.at/" "Mozilla/5.0 (Windows NT 10.0; WOW64; Trident/7.0; rv:11.0) like Gecko"
213.90.54.36 - - [11/Jan/2019:12:58:21 +0100] "GET /reload?ser=1547207903562 HTTP/1.1" 200 28 "http://renault.activities.at/" "Mozilla/5.0 (Windows NT 10.0; WOW64; Trident/7.0; rv:11.0) like Gecko"
82.135.5.126 - - [11/Jan/2019:12:58:30 +0100] "GET /reload?ser=1547207910740 HTTP/1.1" 200 28 "http://renault.activities.at/" "Mozilla/5.0 (Windows NT 10.0; WOW64; Trident/7.0; rv:11.0) like Gecko"
213.153.47.173 - - [11/Jan/2019:12:58:32 +0100] "GET /reload?ser=1547207912600 HTTP/1.1" 200 28 "http://renault.activities.at/login?required=true" "Mozilla/5.0 (Windows NT 10.0; Win64; x64; rv:64.0) Gecko/20100101 Firefox/64.0"
138.21.12.23 - - [11/Jan/2019:12:58:35 +0100] "GET /reload?ser=1547207915410 HTTP/1.1" 200 28 "http://renault.2web.at/result?searchterm=true&search=Willkommen" "Mozilla/5.0 (Windows NT 6.1; WOW64; Trident/7.0; rv:11.0) like Gecko"
80.122.221.194 - - [11/Jan/2019:12:58:48 +0100] "GET /reload?ser=1547207928771 HTTP/1.1" 200 28 "http://renault.activities.at/success" "Mozilla/5.0 (Windows NT 10.0; Win64; x64) AppleWebKit/537.36 (KHTML, like Gecko) Chrome/64.0.3282.140 Safari/537.36 Edge/17.17134"
212.152.158.195 - - [11/Jan/2019:12:58:53 +0100] "GET /reload?ser=1547207933576 HTTP/1.1" 200 28 "http://renault.activities.at/11974897" "Mozilla/5.0 (Windows NT 10.0; WOW64; Trident/7.0; Touch; rv:11.0) like Gecko"
80.123.225.36 - - [11/Jan/2019:12:59:18 +0100] "GET /reload?ser=1547207956668 HTTP/1.1" 200 28 "http://renault.activities.at/login" "Mozilla/5.0 (Windows NT 10.0; WOW64; Trident/7.0; rv:11.0) like Gecko"
82.135.5.126 - - [11/Jan/2019:12:59:20 +0100] "GET /reload?ser=1547207960558 HTTP/1.1" 200 28 "http://renault.activities.at/" "Mozilla/5.0 (Windows NT 10.0; WOW64; Trident/7.0; rv:11.0) like Gecko"
213.90.54.36 - - [11/Jan/2019:12:59:22 +0100] "GET /reload?ser=1547207964195 HTTP/1.1" 200 28 "http://renault.activities.at/" "Mozilla/5.0 (Windows NT 10.0; WOW64; Trident/7.0; rv:11.0) like Gecko"
82.135.5.126 - - [11/Jan/2019:12:59:31 +0100] "GET /reload?ser=1547207971710 HTTP/1.1" 200 28 "http://renault.activities.at/" "Mozilla/5.0 (Windows NT 10.0; WOW64; Trident/7.0; rv:11.0) like Gecko"
213.153.47.173 - - [11/Jan/2019:12:59:33 +0100] "GET /reload?ser=1547207973259 HTTP/1.1" 200 28 "http://renault.activities.at/login?required=true" "Mozilla/5.0 (Windows NT 10.0; Win64; x64; rv:64.0) Gecko/20100101 Firefox/64.0"
138.21.12.23 - - [11/Jan/2019:12:59:36 +0100] "GET /reload?ser=1547207976475 HTTP/1.1" 200 28 "http://renault.2web.at/result?searchterm=true&search=Willkommen" "Mozilla/5.0 (Windows NT 6.1; WOW64; Trident/7.0; rv:11.0) like Gecko"
80.122.221.194 - - [11/Jan/2019:12:59:50 +0100] "GET /reload?ser=1547207990774 HTTP/1.1" 200 28 "http://renault.activities.at/success" "Mozilla/5.0 (Windows NT 10.0; Win64; x64) AppleWebKit/537.36 (KHTML, like Gecko) Chrome/64.0.3282.140 Safari/537.36 Edge/17.17134"
212.152.158.195 - - [11/Jan/2019:12:59:54 +0100] "GET /reload?ser=1547207994523 HTTP/1.1" 200 28 "http://renault.activities.at/11974897" "Mozilla/5.0 (Windows NT 10.0; WOW64; Trident/7.0; Touch; rv:11.0) like Gecko"
80.123.225.36 - - [11/Jan/2019:13:00:18 +0100] "GET /reload?ser=1547208017323 HTTP/1.1" 200 28 "http://renault.activities.at/login" "Mozilla/5.0 (Windows NT 10.0; WOW64; Trident/7.0; rv:11.0) like Gecko"
82.135.5.126 - - [11/Jan/2019:13:00:21 +0100] "GET /reload?ser=1547208021594 HTTP/1.1" 200 28 "http://renault.activities.at/" "Mozilla/5.0 (Windows NT 10.0; WOW64; Trident/7.0; rv:11.0) like Gecko"
213.90.54.36 - - [11/Jan/2019:13:00:22 +0100] "GET /reload?ser=1547208024844 HTTP/1.1" 200 28 "http://renault.activities.at/" "Mozilla/5.0 (Windows NT 10.0; WOW64; Trident/7.0; rv:11.0) like Gecko"
82.135.5.126 - - [11/Jan/2019:13:00:33 +0100] "GET /reload?ser=1547208032940 HTTP/1.1" 200 28 "http://renault.activities.at/" "Mozilla/5.0 (Windows NT 10.0; WOW64; Trident/7.0; rv:11.0) like Gecko"
213.153.47.173 - - [11/Jan/2019:13:00:33 +0100] "GET /reload?ser=1547208033919 HTTP/1.1" 200 28 "http://renault.activities.at/login?required=true" "Mozilla/5.0 (Windows NT 10.0; Win64; x64; rv:64.0) Gecko/20100101 Firefox/64.0"
138.21.12.23 - - [11/Jan/2019:13:00:37 +0100] "GET /reload?ser=1547208037549 HTTP/1.1" 200 28 "http://renault.2web.at/result?searchterm=true&search=Willkommen" "Mozilla/5.0 (Windows NT 6.1; WOW64; Trident/7.0; rv:11.0) like Gecko"
80.122.221.194 - - [11/Jan/2019:13:00:52 +0100] "GET /reload?ser=1547208052769 HTTP/1.1" 200 28 "http://renault.activities.at/success" "Mozilla/5.0 (Windows NT 10.0; Win64; x64) AppleWebKit/537.36 (KHTML, like Gecko) Chrome/64.0.3282.140 Safari/537.36 Edge/17.17134"
212.152.158.195 - - [11/Jan/2019:13:00:55 +0100] "GET /reload?ser=1547208055504 HTTP/1.1" 200 28 "http://renault.activities.at/11974897" "Mozilla/5.0 (Windows NT 10.0; WOW64; Trident/7.0; Touch; rv:11.0) like Gecko"
80.120.5.131 - - [11/Jan/2019:13:00:56 +0100] "GET /10201637 HTTP/1.1" 302 150 "-" "Mozilla/5.0 (Macintosh; Intel Mac OS X 10_13_6) AppleWebKit/605.1.15 (KHTML, like Gecko)"
80.120.5.131 - - [11/Jan/2019:13:00:59 +0100] "GET /login?required=true HTTP/1.1" 200 2086 "-" "Mozilla/5.0 (Macintosh; Intel Mac OS X 10_13_6) AppleWebKit/605.1.15 (KHTML, like Gecko)"
80.120.5.131 - - [11/Jan/2019:13:01:00 +0100] "GET /apple-touch-icon-precomposed.png HTTP/1.1" 200 1559 "-" "Safari/13606.3.4.1.4 CFNetwork/902.3.1 Darwin/17.7.0 (x86_64)"
80.120.5.131 - - [11/Jan/2019:13:01:01 +0100] "GET /apple-touch-icon.png HTTP/1.1" 200 1559 "-" "Safari/13606.3.4.1.4 CFNetwork/902.3.1 Darwin/17.7.0 (x86_64)"
80.120.5.131 - - [11/Jan/2019:13:01:02 +0100] "GET /images/favicon.ico HTTP/1.1" 404 305 "-" "Safari/13606.3.4.1.4 CFNetwork/902.3.1 Darwin/17.7.0 (x86_64)"
80.120.5.131 - - [11/Jan/2019:13:01:02 +0100] "GET /images/favicon.ico HTTP/1.1" 404 305 "-" "Safari/13606.3.4.1.4 CFNetwork/902.3.1 Darwin/17.7.0 (x86_64)"
80.120.5.131 - - [11/Jan/2019:13:01:02 +0100] "GET /favicon.ico HTTP/1.1" 200 3250 "-" "Safari/13606.3.4.1.4 CFNetwork/902.3.1 Darwin/17.7.0 (x86_64)"
80.120.5.131 - - [11/Jan/2019:13:01:02 +0100] "GET /apple-touch-icon-precomposed.png HTTP/1.1" 200 1559 "-" "Safari/13606.3.4.1.4 CFNetwork/902.3.1 Darwin/17.7.0 (x86_64)"
80.120.5.131 - - [11/Jan/2019:13:01:03 +0100] "GET /apple-touch-icon.png HTTP/1.1" 200 1559 "-" "Safari/13606.3.4.1.4 CFNetwork/902.3.1 Darwin/17.7.0 (x86_64)"
80.120.5.131 - - [11/Jan/2019:13:01:04 +0100] "GET /images/favicon.ico HTTP/1.1" 404 305 "-" "Safari/13606.3.4.1.4 CFNetwork/902.3.1 Darwin/17.7.0 (x86_64)"
80.120.5.131 - - [11/Jan/2019:13:01:04 +0100] "GET /images/favicon.ico HTTP/1.1" 404 305 "-" "Safari/13606.3.4.1.4 CFNetwork/902.3.1 Darwin/17.7.0 (x86_64)"
80.120.5.131 - - [11/Jan/2019:13:01:04 +0100] "GET /favicon.ico HTTP/1.1" 200 3250 "-" "Safari/13606.3.4.1.4 CFNetwork/902.3.1 Darwin/17.7.0 (x86_64)"
80.120.5.131 - - [11/Jan/2019:13:01:04 +0100] "GET /10201637 HTTP/1.1" 302 150 "-" "Mozilla/5.0 (iPhone; CPU iPhone OS 11_3 like Mac OS X) AppleWebKit/605.1.15 (KHTML, like Gecko) Version/11.0 Mobile/15E148 Safari/604.1"
80.120.5.131 - - [11/Jan/2019:13:01:05 +0100] "GET /login?required=true HTTP/1.1" 200 2086 "-" "Mozilla/5.0 (iPhone; CPU iPhone OS 11_3 like Mac OS X) AppleWebKit/605.1.15 (KHTML, like Gecko) Version/11.0 Mobile/15E148 Safari/604.1"
80.120.5.131 - - [11/Jan/2019:13:01:05 +0100] "GET /apple-touch-icon-precomposed.png HTTP/1.1" 200 1559 "-" "Safari/13606.3.4.1.4 CFNetwork/902.3.1 Darwin/17.7.0 (x86_64)"
80.120.5.131 - - [11/Jan/2019:13:01:06 +0100] "GET /apple-touch-icon.png HTTP/1.1" 200 1559 "-" "Safari/13606.3.4.1.4 CFNetwork/902.3.1 Darwin/17.7.0 (x86_64)"
80.120.5.131 - - [11/Jan/2019:13:01:07 +0100] "GET /images/favicon.ico HTTP/1.1" 404 305 "-" "Safari/13606.3.4.1.4 CFNetwork/902.3.1 Darwin/17.7.0 (x86_64)"
80.120.5.131 - - [11/Jan/2019:13:01:07 +0100] "GET /images/favicon.ico HTTP/1.1" 404 305 "-" "Safari/13606.3.4.1.4 CFNetwork/902.3.1 Darwin/17.7.0 (x86_64)"
80.120.5.131 - - [11/Jan/2019:13:01:07 +0100] "GET /favicon.ico HTTP/1.1" 200 3250 "-" "Safari/13606.3.4.1.4 CFNetwork/902.3.1 Darwin/17.7.0 (x86_64)"
80.120.5.131 - - [11/Jan/2019:13:01:07 +0100] "GET /apple-touch-icon-precomposed.png HTTP/1.1" 200 1559 "-" "Safari/13606.3.4.1.4 CFNetwork/902.3.1 Darwin/17.7.0 (x86_64)"
80.120.5.131 - - [11/Jan/2019:13:01:08 +0100] "GET /apple-touch-icon.png HTTP/1.1" 200 1559 "-" "Safari/13606.3.4.1.4 CFNetwork/902.3.1 Darwin/17.7.0 (x86_64)"
80.120.5.131 - - [11/Jan/2019:13:01:09 +0100] "GET /images/favicon.ico HTTP/1.1" 404 305 "-" "Safari/13606.3.4.1.4 CFNetwork/902.3.1 Darwin/17.7.0 (x86_64)"
80.120.5.131 - - [11/Jan/2019:13:01:09 +0100] "GET /images/favicon.ico HTTP/1.1" 404 305 "-" "Safari/13606.3.4.1.4 CFNetwork/902.3.1 Darwin/17.7.0 (x86_64)"
80.120.5.131 - - [11/Jan/2019:13:01:10 +0100] "GET /favicon.ico HTTP/1.1" 200 3250 "-" "Safari/13606.3.4.1.4 CFNetwork/902.3.1 Darwin/17.7.0 (x86_64)"
80.123.225.36 - - [11/Jan/2019:13:01:19 +0100] "GET /reload?ser=1547208077976 HTTP/1.1" 200 28 "http://renault.activities.at/login" "Mozilla/5.0 (Windows NT 10.0; WOW64; Trident/7.0; rv:11.0) like Gecko"
82.135.5.126 - - [11/Jan/2019:13:01:22 +0100] "GET /reload?ser=1547208082540 HTTP/1.1" 200 28 "http://renault.activities.at/" "Mozilla/5.0 (Windows NT 10.0; WOW64; Trident/7.0; rv:11.0) like Gecko"
213.90.54.36 - - [11/Jan/2019:13:01:23 +0100] "GET /reload?ser=1547208085478 HTTP/1.1" 200 28 "http://renault.activities.at/" "Mozilla/5.0 (Windows NT 10.0; WOW64; Trident/7.0; rv:11.0) like Gecko"
82.135.5.126 - - [11/Jan/2019:13:01:33 +0100] "GET /reload?ser=1547208093895 HTTP/1.1" 200 28 "http://renault.activities.at/" "Mozilla/5.0 (Windows NT 10.0; WOW64; Trident/7.0; rv:11.0) like Gecko"
213.153.47.173 - - [11/Jan/2019:13:01:34 +0100] "GET /reload?ser=1547208094580 HTTP/1.1" 200 28 "http://renault.activities.at/login?required=true" "Mozilla/5.0 (Windows NT 10.0; Win64; x64; rv:64.0) Gecko/20100101 Firefox/64.0"
138.21.12.23 - - [11/Jan/2019:13:01:38 +0100] "GET /reload?ser=1547208098595 HTTP/1.1" 200 28 "http://renault.2web.at/result?searchterm=true&search=Willkommen" "Mozilla/5.0 (Windows NT 6.1; WOW64; Trident/7.0; rv:11.0) like Gecko"
80.122.221.194 - - [11/Jan/2019:13:01:54 +0100] "GET /reload?ser=1547208114769 HTTP/1.1" 200 28 "http://renault.activities.at/success" "Mozilla/5.0 (Windows NT 10.0; Win64; x64) AppleWebKit/537.36 (KHTML, like Gecko) Chrome/64.0.3282.140 Safari/537.36 Edge/17.17134"
212.152.158.195 - - [11/Jan/2019:13:01:56 +0100] "GET /reload?ser=1547208116484 HTTP/1.1" 200 28 "http://renault.activities.at/11974897" "Mozilla/5.0 (Windows NT 10.0; WOW64; Trident/7.0; Touch; rv:11.0) like Gecko"
80.123.225.36 - - [11/Jan/2019:13:02:20 +0100] "GET /reload?ser=1547208138630 HTTP/1.1" 200 28 "http://renault.activities.at/login" "Mozilla/5.0 (Windows NT 10.0; WOW64; Trident/7.0; rv:11.0) like Gecko"
82.135.5.126 - - [11/Jan/2019:13:02:23 +0100] "GET /reload?ser=1547208143490 HTTP/1.1" 200 28 "http://renault.activities.at/" "Mozilla/5.0 (Windows NT 10.0; WOW64; Trident/7.0; rv:11.0) like Gecko"
213.90.54.36 - - [11/Jan/2019:13:02:24 +0100] "GET /reload?ser=1547208146173 HTTP/1.1" 200 28 "http://renault.activities.at/" "Mozilla/5.0 (Windows NT 10.0; WOW64; Trident/7.0; rv:11.0) like Gecko"
82.135.5.126 - - [11/Jan/2019:13:02:34 +0100] "GET /reload?ser=1547208154910 HTTP/1.1" 200 28 "http://renault.activities.at/" "Mozilla/5.0 (Windows NT 10.0; WOW64; Trident/7.0; rv:11.0) like Gecko"
213.153.47.173 - - [11/Jan/2019:13:02:35 +0100] "GET /reload?ser=1547208155240 HTTP/1.1" 200 28 "http://renault.activities.at/login?required=true" "Mozilla/5.0 (Windows NT 10.0; Win64; x64; rv:64.0) Gecko/20100101 Firefox/64.0"
138.21.12.23 - - [11/Jan/2019:13:02:35 +0100] "GET /result?searchterm=true&search=Lodgy HTTP/1.1" 200 9015 "http://renault.2web.at/result?searchterm=true&search=Willkommen" "Mozilla/5.0 (Windows NT 6.1; WOW64; Trident/7.0; rv:11.0) like Gecko"
138.21.12.23 - - [11/Jan/2019:13:02:37 +0100] "GET /js/prototip.js HTTP/1.1" 304 - "http://renault.2web.at/result?searchterm=true&search=Lodgy" "Mozilla/5.0 (Windows NT 6.1; WOW64; Trident/7.0; rv:11.0) like Gecko"
138.21.12.23 - - [11/Jan/2019:13:02:37 +0100] "GET /images/loading.gif HTTP/1.1" 304 - "http://renault.2web.at/result?searchterm=true&search=Lodgy" "Mozilla/5.0 (Windows NT 6.1; WOW64; Trident/7.0; rv:11.0) like Gecko"
138.21.12.23 - - [11/Jan/2019:13:02:37 +0100] "GET /js/ProduktGrp.js HTTP/1.1" 304 - "http://renault.2web.at/result?searchterm=true&search=Lodgy" "Mozilla/5.0 (Windows NT 6.1; WOW64; Trident/7.0; rv:11.0) like Gecko"
138.21.12.23 - - [11/Jan/2019:13:02:37 +0100] "GET /loadthumbnail.php?id=11926679&width=113 HTTP/1.1" 200 33362 "http://renault.2web.at/result?searchterm=true&search=Lodgy" "Mozilla/5.0 (Windows NT 6.1; WOW64; Trident/7.0; rv:11.0) like Gecko"
138.21.12.23 - - [11/Jan/2019:13:02:37 +0100] "GET /loadthumbnail.php?id=11784465&width=113 HTTP/1.1" 200 2824 "http://renault.2web.at/result?searchterm=true&search=Lodgy" "Mozilla/5.0 (Windows NT 6.1; WOW64; Trident/7.0; rv:11.0) like Gecko"
138.21.12.23 - - [11/Jan/2019:13:02:37 +0100] "GET /loadthumbnail.php?id=11825620&width=113 HTTP/1.1" 200 2089 "http://renault.2web.at/result?searchterm=true&search=Lodgy" "Mozilla/5.0 (Windows NT 6.1; WOW64; Trident/7.0; rv:11.0) like Gecko"
138.21.12.23 - - [11/Jan/2019:13:02:37 +0100] "GET /loadthumbnail.php?id=11819635&width=113 HTTP/1.1" 200 3087 "http://renault.2web.at/result?searchterm=true&search=Lodgy" "Mozilla/5.0 (Windows NT 6.1; WOW64; Trident/7.0; rv:11.0) like Gecko"
138.21.12.23 - - [11/Jan/2019:13:02:38 +0100] "GET /images/search_bg.gif HTTP/1.1" 304 - "http://renault.2web.at/result?searchterm=true&search=Lodgy" "Mozilla/5.0 (Windows NT 6.1; WOW64; Trident/7.0; rv:11.0) like Gecko"
138.21.12.23 - - [11/Jan/2019:13:02:37 +0100] "GET /loadthumbnail.php?id=11243081&width=113 HTTP/1.1" 200 1218 "http://renault.2web.at/result?searchterm=true&search=Lodgy" "Mozilla/5.0 (Windows NT 6.1; WOW64; Trident/7.0; rv:11.0) like Gecko"
138.21.12.23 - - [11/Jan/2019:13:02:38 +0100] "GET /images/nav_divider.gif HTTP/1.1" 304 - "http://renault.2web.at/result?searchterm=true&search=Lodgy" "Mozilla/5.0 (Windows NT 6.1; WOW64; Trident/7.0; rv:11.0) like Gecko"
138.21.12.23 - - [11/Jan/2019:13:02:37 +0100] "GET /loadthumbnail.php?id=11825619&width=113 HTTP/1.1" 200 2089 "http://renault.2web.at/result?searchterm=true&search=Lodgy" "Mozilla/5.0 (Windows NT 6.1; WOW64; Trident/7.0; rv:11.0) like Gecko"
138.21.12.23 - - [11/Jan/2019:13:02:37 +0100] "GET /loadthumbnail.php?id=11645083&width=113 HTTP/1.1" 200 20489 "http://renault.2web.at/result?searchterm=true&search=Lodgy" "Mozilla/5.0 (Windows NT 6.1; WOW64; Trident/7.0; rv:11.0) like Gecko"
138.21.12.23 - - [11/Jan/2019:13:02:38 +0100] "GET /images/menu_button_bg.jpg HTTP/1.1" 304 - "http://renault.2web.at/result?searchterm=true&search=Lodgy" "Mozilla/5.0 (Windows NT 6.1; WOW64; Trident/7.0; rv:11.0) like Gecko"
138.21.12.23 - - [11/Jan/2019:13:02:38 +0100] "GET /images/sidebar_title_border.gif HTTP/1.1" 304 - "http://renault.2web.at/result?searchterm=true&search=Lodgy" "Mozilla/5.0 (Windows NT 6.1; WOW64; Trident/7.0; rv:11.0) like Gecko"
138.21.12.23 - - [11/Jan/2019:13:02:38 +0100] "GET /images/menu_divider.gif HTTP/1.1" 304 - "http://renault.2web.at/result?searchterm=true&search=Lodgy" "Mozilla/5.0 (Windows NT 6.1; WOW64; Trident/7.0; rv:11.0) like Gecko"
138.21.12.23 - - [11/Jan/2019:13:02:38 +0100] "GET /images/sidebar_title_corner_right_top.gif HTTP/1.1" 304 - "http://renault.2web.at/result?searchterm=true&search=Lodgy" "Mozilla/5.0 (Windows NT 6.1; WOW64; Trident/7.0; rv:11.0) like Gecko"
138.21.12.23 - - [11/Jan/2019:13:02:38 +0100] "GET /images/sidebar_title_border_top.gif HTTP/1.1" 304 - "http://renault.2web.at/result?searchterm=true&search=Lodgy" "Mozilla/5.0 (Windows NT 6.1; WOW64; Trident/7.0; rv:11.0) like Gecko"
138.21.12.23 - - [11/Jan/2019:13:02:38 +0100] "GET /images/sidebar_title_corner_left_top.gif HTTP/1.1" 304 - "http://renault.2web.at/result?searchterm=true&search=Lodgy" "Mozilla/5.0 (Windows NT 6.1; WOW64; Trident/7.0; rv:11.0) like Gecko"
138.21.12.23 - - [11/Jan/2019:13:02:38 +0100] "GET /images/pager_bg.gif HTTP/1.1" 304 - "http://renault.2web.at/result?searchterm=true&search=Lodgy" "Mozilla/5.0 (Windows NT 6.1; WOW64; Trident/7.0; rv:11.0) like Gecko"
138.21.12.23 - - [11/Jan/2019:13:02:38 +0100] "GET /images/top_links_divider.gif HTTP/1.1" 304 - "http://renault.2web.at/result?searchterm=true&search=Lodgy" "Mozilla/5.0 (Windows NT 6.1; WOW64; Trident/7.0; rv:11.0) like Gecko"
138.21.12.23 - - [11/Jan/2019:13:02:38 +0100] "GET /images/validation_advice_bg.gif HTTP/1.1" 304 - "http://renault.2web.at/result?searchterm=true&search=Lodgy" "Mozilla/5.0 (Windows NT 6.1; WOW64; Trident/7.0; rv:11.0) like Gecko"
