213.90.80.156 - - [11/Jan/2019:10:02:05 +0100] "GET /loadthumbnail.php?id=11308855&width=113 HTTP/1.1" 200 4521 "http://renault.activities.at/10201442?dir=DESC&mode=grid&order=name&limit=15&page=23" "Mozilla/5.0 (Windows NT 10.0; Win64; x64) AppleWebKit/537.36 (KHTML, like Gecko) Chrome/71.0.3578.98 Safari/537.36"
213.90.80.156 - - [11/Jan/2019:10:02:05 +0100] "GET /loadthumbnail.php?id=11171345&width=113 HTTP/1.1" 200 2786 "http://renault.activities.at/10201442?dir=DESC&mode=grid&order=name&limit=15&page=23" "Mozilla/5.0 (Windows NT 10.0; Win64; x64) AppleWebKit/537.36 (KHTML, like Gecko) Chrome/71.0.3578.98 Safari/537.36"
213.90.80.156 - - [11/Jan/2019:10:02:05 +0100] "GET /loadthumbnail.php?id=11171346&width=113 HTTP/1.1" 200 2786 "http://renault.activities.at/10201442?dir=DESC&mode=grid&order=name&limit=15&page=23" "Mozilla/5.0 (Windows NT 10.0; Win64; x64) AppleWebKit/537.36 (KHTML, like Gecko) Chrome/71.0.3578.98 Safari/537.36"
138.21.12.21 - - [11/Jan/2019:10:02:05 +0100] "GET /reload?ser=1547197325737 HTTP/1.1" 200 28 "http://renault.2web.at/result?searchterm=true&search=verbrauch" "Mozilla/5.0 (Windows NT 10.0; WOW64; Trident/7.0; Touch; rv:11.0) like Gecko"
80.123.225.36 - - [11/Jan/2019:10:02:06 +0100] "GET /checkout HTTP/1.1" 200 10250 "http://renault.activities.at/result?dir=DESC&mode=grid&order=name&limit=50&page=1&search=Poster" "Mozilla/5.0 (Windows NT 10.0; WOW64; Trident/7.0; rv:11.0) like Gecko"
80.123.225.36 - - [11/Jan/2019:10:02:11 +0100] "GET /js/checkout2.js HTTP/1.1" 200 4122 "http://renault.activities.at/checkout" "Mozilla/5.0 (Windows NT 10.0; WOW64; Trident/7.0; rv:11.0) like Gecko"
80.123.225.36 - - [11/Jan/2019:10:02:11 +0100] "GET /images/ajax_loading.gif HTTP/1.1" 200 1542 "http://renault.activities.at/checkout" "Mozilla/5.0 (Windows NT 10.0; WOW64; Trident/7.0; rv:11.0) like Gecko"
80.123.225.36 - - [11/Jan/2019:10:02:11 +0100] "GET /images/step_marker.gif HTTP/1.1" 200 650 "http://renault.activities.at/checkout" "Mozilla/5.0 (Windows NT 10.0; WOW64; Trident/7.0; rv:11.0) like Gecko"
80.123.225.36 - - [11/Jan/2019:10:02:11 +0100] "GET /images/checkout_border.gif HTTP/1.1" 200 43 "http://renault.activities.at/checkout" "Mozilla/5.0 (Windows NT 10.0; WOW64; Trident/7.0; rv:11.0) like Gecko"
80.123.225.36 - - [11/Jan/2019:10:02:11 +0100] "GET /images/step_bg.jpg HTTP/1.1" 200 319 "http://renault.activities.at/checkout" "Mozilla/5.0 (Windows NT 10.0; WOW64; Trident/7.0; rv:11.0) like Gecko"
80.123.225.36 - - [11/Jan/2019:10:02:11 +0100] "GET /images/checkout_border_top.gif HTTP/1.1" 200 156 "http://renault.activities.at/checkout" "Mozilla/5.0 (Windows NT 10.0; WOW64; Trident/7.0; rv:11.0) like Gecko"
80.123.225.36 - - [11/Jan/2019:10:02:11 +0100] "GET /loadthumbnail.php?id=10202698 HTTP/1.1" 200 16686 "http://renault.activities.at/checkout" "Mozilla/5.0 (Windows NT 10.0; WOW64; Trident/7.0; rv:11.0) like Gecko"
80.123.225.36 - - [11/Jan/2019:10:02:11 +0100] "GET /loadthumbnail.php?id=10201939 HTTP/1.1" 200 201 "http://renault.activities.at/checkout" "Mozilla/5.0 (Windows NT 10.0; WOW64; Trident/7.0; rv:11.0) like Gecko"
213.90.80.156 - - [11/Jan/2019:10:02:13 +0100] "GET /10201442?dir=DESC&mode=grid&order=name&limit=15&page=24 HTTP/1.1" 200 8790 "http://renault.activities.at/10201442?dir=DESC&mode=grid&order=name&limit=15&page=23" "Mozilla/5.0 (Windows NT 10.0; Win64; x64) AppleWebKit/537.36 (KHTML, like Gecko) Chrome/71.0.3578.98 Safari/537.36"
213.90.80.156 - - [11/Jan/2019:10:02:17 +0100] "GET /loadthumbnail.php?id=10925819&width=113 HTTP/1.1" 200 4429 "http://renault.activities.at/10201442?dir=DESC&mode=grid&order=name&limit=15&page=24" "Mozilla/5.0 (Windows NT 10.0; Win64; x64) AppleWebKit/537.36 (KHTML, like Gecko) Chrome/71.0.3578.98 Safari/537.36"
213.90.80.156 - - [11/Jan/2019:10:02:17 +0100] "GET /loadthumbnail.php?id=11111497&width=113 HTTP/1.1" 200 1788 "http://renault.activities.at/10201442?dir=DESC&mode=grid&order=name&limit=15&page=24" "Mozilla/5.0 (Windows NT 10.0; Win64; x64) AppleWebKit/537.36 (KHTML, like Gecko) Chrome/71.0.3578.98 Safari/537.36"
213.90.80.156 - - [11/Jan/2019:10:02:17 +0100] "GET /loadthumbnail.php?id=11111498&width=113 HTTP/1.1" 200 1791 "http://renault.activities.at/10201442?dir=DESC&mode=grid&order=name&limit=15&page=24" "Mozilla/5.0 (Windows NT 10.0; Win64; x64) AppleWebKit/537.36 (KHTML, like Gecko) Chrome/71.0.3578.98 Safari/537.36"
213.90.80.156 - - [11/Jan/2019:10:02:17 +0100] "GET /loadthumbnail.php?id=11111496&width=113 HTTP/1.1" 200 1791 "http://renault.activities.at/10201442?dir=DESC&mode=grid&order=name&limit=15&page=24" "Mozilla/5.0 (Windows NT 10.0; Win64; x64) AppleWebKit/537.36 (KHTML, like Gecko) Chrome/71.0.3578.98 Safari/537.36"
213.90.80.156 - - [11/Jan/2019:10:02:17 +0100] "GET /loadthumbnail.php?id=11111495&width=113 HTTP/1.1" 200 1788 "http://renault.activities.at/10201442?dir=DESC&mode=grid&order=name&limit=15&page=24" "Mozilla/5.0 (Windows NT 10.0; Win64; x64) AppleWebKit/537.36 (KHTML, like Gecko) Chrome/71.0.3578.98 Safari/537.36"
213.90.80.156 - - [11/Jan/2019:10:02:17 +0100] "GET /loadthumbnail.php?id=10925818&width=113 HTTP/1.1" 200 1753 "http://renault.activities.at/10201442?dir=DESC&mode=grid&order=name&limit=15&page=24" "Mozilla/5.0 (Windows NT 10.0; Win64; x64) AppleWebKit/537.36 (KHTML, like Gecko) Chrome/71.0.3578.98 Safari/537.36"
80.123.225.36 - - [11/Jan/2019:10:02:13 +0100] "POST /docheckout HTTP/1.1" 200 450 "http://renault.activities.at/checkout" "Mozilla/5.0 (Windows NT 10.0; WOW64; Trident/7.0; rv:11.0) like Gecko"
213.90.80.156 - - [11/Jan/2019:10:02:17 +0100] "GET /loadthumbnail.php?id=11111985&width=113 HTTP/1.1" 200 1814 "http://renault.activities.at/10201442?dir=DESC&mode=grid&order=name&limit=15&page=24" "Mozilla/5.0 (Windows NT 10.0; Win64; x64) AppleWebKit/537.36 (KHTML, like Gecko) Chrome/71.0.3578.98 Safari/537.36"
213.90.80.156 - - [11/Jan/2019:10:02:17 +0100] "GET /loadthumbnail.php?id=11112110&width=113 HTTP/1.1" 200 1851 "http://renault.activities.at/10201442?dir=DESC&mode=grid&order=name&limit=15&page=24" "Mozilla/5.0 (Windows NT 10.0; Win64; x64) AppleWebKit/537.36 (KHTML, like Gecko) Chrome/71.0.3578.98 Safari/537.36"
213.90.80.156 - - [11/Jan/2019:10:02:17 +0100] "GET /loadthumbnail.php?id=11340118&width=113 HTTP/1.1" 200 5862 "http://renault.activities.at/10201442?dir=DESC&mode=grid&order=name&limit=15&page=24" "Mozilla/5.0 (Windows NT 10.0; Win64; x64) AppleWebKit/537.36 (KHTML, like Gecko) Chrome/71.0.3578.98 Safari/537.36"
213.90.80.156 - - [11/Jan/2019:10:02:17 +0100] "GET /loadthumbnail.php?id=11112261&width=113 HTTP/1.1" 200 1814 "http://renault.activities.at/10201442?dir=DESC&mode=grid&order=name&limit=15&page=24" "Mozilla/5.0 (Windows NT 10.0; Win64; x64) AppleWebKit/537.36 (KHTML, like Gecko) Chrome/71.0.3578.98 Safari/537.36"
213.90.80.156 - - [11/Jan/2019:10:02:17 +0100] "GET /loadthumbnail.php?id=11112400&width=113 HTTP/1.1" 200 1851 "http://renault.activities.at/10201442?dir=DESC&mode=grid&order=name&limit=15&page=24" "Mozilla/5.0 (Windows NT 10.0; Win64; x64) AppleWebKit/537.36 (KHTML, like Gecko) Chrome/71.0.3578.98 Safari/537.36"
213.90.80.156 - - [11/Jan/2019:10:02:17 +0100] "GET /loadthumbnail.php?id=11340119&width=113 HTTP/1.1" 200 5321 "http://renault.activities.at/10201442?dir=DESC&mode=grid&order=name&limit=15&page=24" "Mozilla/5.0 (Windows NT 10.0; Win64; x64) AppleWebKit/537.36 (KHTML, like Gecko) Chrome/71.0.3578.98 Safari/537.36"
213.90.80.156 - - [11/Jan/2019:10:02:17 +0100] "GET /loadthumbnail.php?id=11094463&width=113 HTTP/1.1" 200 2237 "http://renault.activities.at/10201442?dir=DESC&mode=grid&order=name&limit=15&page=24" "Mozilla/5.0 (Windows NT 10.0; Win64; x64) AppleWebKit/537.36 (KHTML, like Gecko) Chrome/71.0.3578.98 Safari/537.36"
80.123.225.36 - - [11/Jan/2019:10:02:17 +0100] "POST /docheckout HTTP/1.1" 200 800 "http://renault.activities.at/checkout" "Mozilla/5.0 (Windows NT 10.0; WOW64; Trident/7.0; rv:11.0) like Gecko"
82.135.5.126 - - [11/Jan/2019:10:02:22 +0100] "GET /reload?ser=1547197342921 HTTP/1.1" 200 28 "http://renault.activities.at/" "Mozilla/5.0 (Windows NT 10.0; WOW64; Trident/7.0; rv:11.0) like Gecko"
80.123.225.36 - - [11/Jan/2019:10:02:23 +0100] "POST /docheckout HTTP/1.1" 200 68 "http://renault.activities.at/checkout" "Mozilla/5.0 (Windows NT 10.0; WOW64; Trident/7.0; rv:11.0) like Gecko"
138.21.12.23 - - [11/Jan/2019:10:02:27 +0100] "GET /reload?ser=1547197347750 HTTP/1.1" 200 28 "http://renault.2web.at/result?searchterm=true&search=Willkommen" "Mozilla/5.0 (Windows NT 6.1; WOW64; Trident/7.0; rv:11.0) like Gecko"
80.123.225.36 - - [11/Jan/2019:10:02:26 +0100] "GET /success HTTP/1.1" 200 3785 "http://renault.activities.at/checkout" "Mozilla/5.0 (Windows NT 10.0; WOW64; Trident/7.0; rv:11.0) like Gecko"
80.122.221.194 - - [11/Jan/2019:10:02:28 +0100] "GET /reload?ser=1547197348833 HTTP/1.1" 200 28 "http://renault.activities.at/success" "Mozilla/5.0 (Windows NT 10.0; Win64; x64) AppleWebKit/537.36 (KHTML, like Gecko) Chrome/64.0.3282.140 Safari/537.36 Edge/17.17134"
212.152.158.195 - - [11/Jan/2019:10:02:31 +0100] "GET /reload?ser=1547197351575 HTTP/1.1" 200 28 "http://renault.activities.at/result?searchterm=true&search=Dacia+H%FClle" "Mozilla/5.0 (Windows NT 10.0; WOW64; Trident/7.0; Touch; rv:11.0) like Gecko"
213.153.47.173 - - [11/Jan/2019:10:02:37 +0100] "GET /reload?ser=1547197357310 HTTP/1.1" 200 28 "http://renault.activities.at/login?required=true" "Mozilla/5.0 (Windows NT 10.0; Win64; x64; rv:64.0) Gecko/20100101 Firefox/64.0"
80.123.225.36 - - [11/Jan/2019:10:02:38 +0100] "GET /logout HTTP/1.1" 302 140 "http://renault.activities.at/success" "Mozilla/5.0 (Windows NT 10.0; WOW64; Trident/7.0; rv:11.0) like Gecko"
82.135.5.126 - - [11/Jan/2019:10:02:38 +0100] "GET /reload?ser=1547197358540 HTTP/1.1" 200 28 "http://renault.activities.at/" "Mozilla/5.0 (Windows NT 10.0; WOW64; Trident/7.0; rv:11.0) like Gecko"
80.123.225.36 - - [11/Jan/2019:10:02:39 +0100] "GET /logout HTTP/1.1" 200 1583 "http://renault.activities.at/success" "Mozilla/5.0 (Windows NT 10.0; WOW64; Trident/7.0; rv:11.0) like Gecko"
80.123.225.36 - - [11/Jan/2019:10:02:44 +0100] "GET /login HTTP/1.1" 200 2086 "http://renault.activities.at/logout" "Mozilla/5.0 (Windows NT 10.0; WOW64; Trident/7.0; rv:11.0) like Gecko"
80.123.225.36 - - [11/Jan/2019:10:03:02 +0100] "POST /login HTTP/1.1" 302 140 "http://renault.activities.at/login" "Mozilla/5.0 (Windows NT 10.0; WOW64; Trident/7.0; rv:11.0) like Gecko"
80.123.225.36 - - [11/Jan/2019:10:03:04 +0100] "GET /account HTTP/1.1" 200 6280 "http://renault.activities.at/login" "Mozilla/5.0 (Windows NT 10.0; WOW64; Trident/7.0; rv:11.0) like Gecko"
80.123.225.36 - - [11/Jan/2019:10:03:07 +0100] "GET /loadthumbnail.php?id=10203651&width=50&height=50 HTTP/1.1" 200 1234 "http://renault.activities.at/account" "Mozilla/5.0 (Windows NT 10.0; WOW64; Trident/7.0; rv:11.0) like Gecko"
80.123.225.36 - - [11/Jan/2019:10:03:07 +0100] "GET /loadthumbnail.php?id=11635106&width=50&height=50 HTTP/1.1" 200 1218 "http://renault.activities.at/account" "Mozilla/5.0 (Windows NT 10.0; WOW64; Trident/7.0; rv:11.0) like Gecko"
80.123.225.36 - - [11/Jan/2019:10:03:07 +0100] "GET /loadthumbnail.php?id=11665065&width=50&height=50 HTTP/1.1" 200 1115 "http://renault.activities.at/account" "Mozilla/5.0 (Windows NT 10.0; WOW64; Trident/7.0; rv:11.0) like Gecko"
80.123.225.36 - - [11/Jan/2019:10:03:07 +0100] "GET /loadthumbnail.php?id=11128108&width=50&height=50 HTTP/1.1" 200 1064 "http://renault.activities.at/account" "Mozilla/5.0 (Windows NT 10.0; WOW64; Trident/7.0; rv:11.0) like Gecko"
80.123.225.36 - - [11/Jan/2019:10:03:07 +0100] "GET /loadthumbnail.php?id=11784479&width=50&height=50 HTTP/1.1" 200 1070 "http://renault.activities.at/account" "Mozilla/5.0 (Windows NT 10.0; WOW64; Trident/7.0; rv:11.0) like Gecko"
80.123.225.36 - - [11/Jan/2019:10:03:07 +0100] "GET /loadthumbnail.php?id=11927086&width=50&height=50 HTTP/1.1" 200 1208 "http://renault.activities.at/account" "Mozilla/5.0 (Windows NT 10.0; WOW64; Trident/7.0; rv:11.0) like Gecko"
138.21.12.21 - - [11/Jan/2019:10:03:06 +0100] "GET /reload?ser=1547197386791 HTTP/1.1" 200 28 "http://renault.2web.at/result?searchterm=true&search=verbrauch" "Mozilla/5.0 (Windows NT 10.0; WOW64; Trident/7.0; Touch; rv:11.0) like Gecko"
80.123.225.36 - - [11/Jan/2019:10:03:10 +0100] "GET /account HTTP/1.1" 200 6280 "http://renault.activities.at/account" "Mozilla/5.0 (Windows NT 10.0; WOW64; Trident/7.0; rv:11.0) like Gecko"
213.90.80.156 - - [11/Jan/2019:10:03:18 +0100] "GET /reload?ser=1547197397973 HTTP/1.1" 200 28 "http://renault.activities.at/10201442?dir=DESC&mode=grid&order=name&limit=15&page=24" "Mozilla/5.0 (Windows NT 10.0; Win64; x64) AppleWebKit/537.36 (KHTML, like Gecko) Chrome/71.0.3578.98 Safari/537.36"
82.135.5.126 - - [11/Jan/2019:10:03:23 +0100] "GET /reload?ser=1547197403892 HTTP/1.1" 200 28 "http://renault.activities.at/" "Mozilla/5.0 (Windows NT 10.0; WOW64; Trident/7.0; rv:11.0) like Gecko"
138.21.12.23 - - [11/Jan/2019:10:03:28 +0100] "GET /reload?ser=1547197408816 HTTP/1.1" 200 28 "http://renault.2web.at/result?searchterm=true&search=Willkommen" "Mozilla/5.0 (Windows NT 6.1; WOW64; Trident/7.0; rv:11.0) like Gecko"
80.122.221.194 - - [11/Jan/2019:10:03:29 +0100] "GET /reload?ser=1547197409826 HTTP/1.1" 200 28 "http://renault.activities.at/success" "Mozilla/5.0 (Windows NT 10.0; Win64; x64) AppleWebKit/537.36 (KHTML, like Gecko) Chrome/64.0.3282.140 Safari/537.36 Edge/17.17134"
212.152.158.195 - - [11/Jan/2019:10:03:32 +0100] "GET /reload?ser=1547197412579 HTTP/1.1" 200 28 "http://renault.activities.at/result?searchterm=true&search=Dacia+H%FClle" "Mozilla/5.0 (Windows NT 10.0; WOW64; Trident/7.0; Touch; rv:11.0) like Gecko"
80.123.225.36 - - [11/Jan/2019:10:03:33 +0100] "GET /imprintaddress HTTP/1.1" 200 7109 "http://renault.activities.at/account" "Mozilla/5.0 (Windows NT 10.0; WOW64; Trident/7.0; rv:11.0) like Gecko"
80.123.225.36 - - [11/Jan/2019:10:03:35 +0100] "GET /js/CompanyImprint.js HTTP/1.1" 200 1197 "http://renault.activities.at/imprintaddress" "Mozilla/5.0 (Windows NT 10.0; WOW64; Trident/7.0; rv:11.0) like Gecko"
80.123.225.36 - - [11/Jan/2019:10:03:35 +0100] "GET /images/information.gif HTTP/1.1" 200 1025 "http://renault.activities.at/imprintaddress" "Mozilla/5.0 (Windows NT 10.0; WOW64; Trident/7.0; rv:11.0) like Gecko"
213.153.47.173 - - [11/Jan/2019:10:03:38 +0100] "GET /reload?ser=1547197417978 HTTP/1.1" 200 28 "http://renault.activities.at/login?required=true" "Mozilla/5.0 (Windows NT 10.0; Win64; x64; rv:64.0) Gecko/20100101 Firefox/64.0"
82.135.5.126 - - [11/Jan/2019:10:03:39 +0100] "GET /reload?ser=1547197419508 HTTP/1.1" 200 28 "http://renault.activities.at/" "Mozilla/5.0 (Windows NT 10.0; WOW64; Trident/7.0; rv:11.0) like Gecko"
80.123.225.36 - - [11/Jan/2019:10:03:41 +0100] "GET /account HTTP/1.1" 200 6280 "http://renault.activities.at/imprintaddress" "Mozilla/5.0 (Windows NT 10.0; WOW64; Trident/7.0; rv:11.0) like Gecko"
80.123.225.36 - - [11/Jan/2019:10:03:52 +0100] "GET /logout HTTP/1.1" 302 140 "http://renault.activities.at/account" "Mozilla/5.0 (Windows NT 10.0; WOW64; Trident/7.0; rv:11.0) like Gecko"
80.123.225.36 - - [11/Jan/2019:10:03:53 +0100] "GET /logout HTTP/1.1" 200 1583 "http://renault.activities.at/account" "Mozilla/5.0 (Windows NT 10.0; WOW64; Trident/7.0; rv:11.0) like Gecko"
80.123.225.36 - - [11/Jan/2019:10:03:56 +0100] "GET / HTTP/1.1" 200 3417 "http://renault.activities.at/logout" "Mozilla/5.0 (Windows NT 10.0; WOW64; Trident/7.0; rv:11.0) like Gecko"
138.21.12.21 - - [11/Jan/2019:10:04:07 +0100] "GET /reload?ser=1547197447865 HTTP/1.1" 200 28 "http://renault.2web.at/result?searchterm=true&search=verbrauch" "Mozilla/5.0 (Windows NT 10.0; WOW64; Trident/7.0; Touch; rv:11.0) like Gecko"
213.90.80.156 - - [11/Jan/2019:10:04:19 +0100] "GET /reload?ser=1547197458957 HTTP/1.1" 200 28 "http://renault.activities.at/10201442?dir=DESC&mode=grid&order=name&limit=15&page=24" "Mozilla/5.0 (Windows NT 10.0; Win64; x64) AppleWebKit/537.36 (KHTML, like Gecko) Chrome/71.0.3578.98 Safari/537.36"
80.123.225.36 - - [11/Jan/2019:10:04:24 +0100] "GET /login HTTP/1.1" 200 2086 "http://renault.activities.at/" "Mozilla/5.0 (Windows NT 10.0; WOW64; Trident/7.0; rv:11.0) like Gecko"
82.135.5.126 - - [11/Jan/2019:10:04:24 +0100] "GET /reload?ser=1547197464890 HTTP/1.1" 200 28 "http://renault.activities.at/" "Mozilla/5.0 (Windows NT 10.0; WOW64; Trident/7.0; rv:11.0) like Gecko"
138.21.12.23 - - [11/Jan/2019:10:04:29 +0100] "GET /reload?ser=1547197469868 HTTP/1.1" 200 28 "http://renault.2web.at/result?searchterm=true&search=Willkommen" "Mozilla/5.0 (Windows NT 6.1; WOW64; Trident/7.0; rv:11.0) like Gecko"
80.122.221.194 - - [11/Jan/2019:10:04:30 +0100] "GET /reload?ser=1547197470838 HTTP/1.1" 200 28 "http://renault.activities.at/success" "Mozilla/5.0 (Windows NT 10.0; Win64; x64) AppleWebKit/537.36 (KHTML, like Gecko) Chrome/64.0.3282.140 Safari/537.36 Edge/17.17134"
212.152.158.195 - - [11/Jan/2019:10:04:33 +0100] "GET /reload?ser=1547197473552 HTTP/1.1" 200 28 "http://renault.activities.at/result?searchterm=true&search=Dacia+H%FClle" "Mozilla/5.0 (Windows NT 10.0; WOW64; Trident/7.0; Touch; rv:11.0) like Gecko"
213.153.47.173 - - [11/Jan/2019:10:04:38 +0100] "GET /reload?ser=1547197478693 HTTP/1.1" 200 28 "http://renault.activities.at/login?required=true" "Mozilla/5.0 (Windows NT 10.0; Win64; x64; rv:64.0) Gecko/20100101 Firefox/64.0"
82.135.5.126 - - [11/Jan/2019:10:04:40 +0100] "GET /reload?ser=1547197480520 HTTP/1.1" 200 28 "http://renault.activities.at/" "Mozilla/5.0 (Windows NT 10.0; WOW64; Trident/7.0; rv:11.0) like Gecko"
138.21.12.21 - - [11/Jan/2019:10:05:09 +0100] "GET /reload?ser=1547197508910 HTTP/1.1" 200 28 "http://renault.2web.at/result?searchterm=true&search=verbrauch" "Mozilla/5.0 (Windows NT 10.0; WOW64; Trident/7.0; Touch; rv:11.0) like Gecko"
213.90.80.156 - - [11/Jan/2019:10:05:20 +0100] "GET /reload?ser=1547197519988 HTTP/1.1" 200 28 "http://renault.activities.at/10201442?dir=DESC&mode=grid&order=name&limit=15&page=24" "Mozilla/5.0 (Windows NT 10.0; Win64; x64) AppleWebKit/537.36 (KHTML, like Gecko) Chrome/71.0.3578.98 Safari/537.36"
80.123.225.36 - - [11/Jan/2019:10:05:25 +0100] "GET /reload?ser=1547197523904 HTTP/1.1" 200 28 "http://renault.activities.at/login" "Mozilla/5.0 (Windows NT 10.0; WOW64; Trident/7.0; rv:11.0) like Gecko"
82.135.5.126 - - [11/Jan/2019:10:05:25 +0100] "GET /reload?ser=1547197525860 HTTP/1.1" 200 28 "http://renault.activities.at/" "Mozilla/5.0 (Windows NT 10.0; WOW64; Trident/7.0; rv:11.0) like Gecko"
138.21.12.23 - - [11/Jan/2019:10:05:31 +0100] "GET /reload?ser=1547197530903 HTTP/1.1" 200 28 "http://renault.2web.at/result?searchterm=true&search=Willkommen" "Mozilla/5.0 (Windows NT 6.1; WOW64; Trident/7.0; rv:11.0) like Gecko"
80.122.221.194 - - [11/Jan/2019:10:05:31 +0100] "GET /reload?ser=1547197531826 HTTP/1.1" 200 28 "http://renault.activities.at/success" "Mozilla/5.0 (Windows NT 10.0; Win64; x64) AppleWebKit/537.36 (KHTML, like Gecko) Chrome/64.0.3282.140 Safari/537.36 Edge/17.17134"
212.152.158.195 - - [11/Jan/2019:10:05:34 +0100] "GET /reload?ser=1547197534525 HTTP/1.1" 200 28 "http://renault.activities.at/result?searchterm=true&search=Dacia+H%FClle" "Mozilla/5.0 (Windows NT 10.0; WOW64; Trident/7.0; Touch; rv:11.0) like Gecko"
213.153.47.173 - - [11/Jan/2019:10:05:39 +0100] "GET /reload?ser=1547197539360 HTTP/1.1" 200 28 "http://renault.activities.at/login?required=true" "Mozilla/5.0 (Windows NT 10.0; Win64; x64; rv:64.0) Gecko/20100101 Firefox/64.0"
82.135.5.126 - - [11/Jan/2019:10:05:41 +0100] "GET /reload?ser=1547197541505 HTTP/1.1" 200 28 "http://renault.activities.at/" "Mozilla/5.0 (Windows NT 10.0; WOW64; Trident/7.0; rv:11.0) like Gecko"
138.21.12.21 - - [11/Jan/2019:10:06:10 +0100] "GET /reload?ser=1547197569998 HTTP/1.1" 200 28 "http://renault.2web.at/result?searchterm=true&search=verbrauch" "Mozilla/5.0 (Windows NT 10.0; WOW64; Trident/7.0; Touch; rv:11.0) like Gecko"
213.90.80.156 - - [11/Jan/2019:10:06:21 +0100] "GET /reload?ser=1547197580998 HTTP/1.1" 200 28 "http://renault.activities.at/10201442?dir=DESC&mode=grid&order=name&limit=15&page=24" "Mozilla/5.0 (Windows NT 10.0; Win64; x64) AppleWebKit/537.36 (KHTML, like Gecko) Chrome/71.0.3578.98 Safari/537.36"
80.123.225.36 - - [11/Jan/2019:10:06:25 +0100] "GET /reload?ser=1547197584573 HTTP/1.1" 200 28 "http://renault.activities.at/login" "Mozilla/5.0 (Windows NT 10.0; WOW64; Trident/7.0; rv:11.0) like Gecko"
82.135.5.126 - - [11/Jan/2019:10:06:27 +0100] "GET /reload?ser=1547197587121 HTTP/1.1" 200 28 "http://renault.activities.at/" "Mozilla/5.0 (Windows NT 10.0; WOW64; Trident/7.0; rv:11.0) like Gecko"
138.21.12.23 - - [11/Jan/2019:10:06:32 +0100] "GET /reload?ser=1547197591967 HTTP/1.1" 200 28 "http://renault.2web.at/result?searchterm=true&search=Willkommen" "Mozilla/5.0 (Windows NT 6.1; WOW64; Trident/7.0; rv:11.0) like Gecko"
80.122.221.194 - - [11/Jan/2019:10:06:32 +0100] "GET /reload?ser=1547197592837 HTTP/1.1" 200 28 "http://renault.activities.at/success" "Mozilla/5.0 (Windows NT 10.0; Win64; x64) AppleWebKit/537.36 (KHTML, like Gecko) Chrome/64.0.3282.140 Safari/537.36 Edge/17.17134"
212.152.158.195 - - [11/Jan/2019:10:06:35 +0100] "GET /reload?ser=1547197595516 HTTP/1.1" 200 28 "http://renault.activities.at/result?searchterm=true&search=Dacia+H%FClle" "Mozilla/5.0 (Windows NT 10.0; WOW64; Trident/7.0; Touch; rv:11.0) like Gecko"
213.153.47.173 - - [11/Jan/2019:10:06:40 +0100] "GET /reload?ser=1547197600011 HTTP/1.1" 200 28 "http://renault.activities.at/login?required=true" "Mozilla/5.0 (Windows NT 10.0; Win64; x64; rv:64.0) Gecko/20100101 Firefox/64.0"
82.135.5.126 - - [11/Jan/2019:10:06:42 +0100] "GET /reload?ser=1547197602452 HTTP/1.1" 200 28 "http://renault.activities.at/" "Mozilla/5.0 (Windows NT 10.0; WOW64; Trident/7.0; rv:11.0) like Gecko"
138.21.12.21 - - [11/Jan/2019:10:07:11 +0100] "GET /reload?ser=1547197631035 HTTP/1.1" 200 28 "http://renault.2web.at/result?searchterm=true&search=verbrauch" "Mozilla/5.0 (Windows NT 10.0; WOW64; Trident/7.0; Touch; rv:11.0) like Gecko"
213.90.80.156 - - [11/Jan/2019:10:07:22 +0100] "GET /reload?ser=1547197642014 HTTP/1.1" 200 28 "http://renault.activities.at/10201442?dir=DESC&mode=grid&order=name&limit=15&page=24" "Mozilla/5.0 (Windows NT 10.0; Win64; x64) AppleWebKit/537.36 (KHTML, like Gecko) Chrome/71.0.3578.98 Safari/537.36"
80.123.225.36 - - [11/Jan/2019:10:07:26 +0100] "GET /reload?ser=1547197645228 HTTP/1.1" 200 28 "http://renault.activities.at/login" "Mozilla/5.0 (Windows NT 10.0; WOW64; Trident/7.0; rv:11.0) like Gecko"
82.135.5.126 - - [11/Jan/2019:10:07:28 +0100] "GET /reload?ser=1547197648089 HTTP/1.1" 200 28 "http://renault.activities.at/" "Mozilla/5.0 (Windows NT 10.0; WOW64; Trident/7.0; rv:11.0) like Gecko"
138.21.12.23 - - [11/Jan/2019:10:07:33 +0100] "GET /reload?ser=1547197653048 HTTP/1.1" 200 28 "http://renault.2web.at/result?searchterm=true&search=Willkommen" "Mozilla/5.0 (Windows NT 6.1; WOW64; Trident/7.0; rv:11.0) like Gecko"
80.122.221.194 - - [11/Jan/2019:10:07:33 +0100] "GET /reload?ser=1547197653838 HTTP/1.1" 200 28 "http://renault.activities.at/success" "Mozilla/5.0 (Windows NT 10.0; Win64; x64) AppleWebKit/537.36 (KHTML, like Gecko) Chrome/64.0.3282.140 Safari/537.36 Edge/17.17134"
212.152.158.195 - - [11/Jan/2019:10:07:36 +0100] "GET /reload?ser=1547197656537 HTTP/1.1" 200 28 "http://renault.activities.at/result?searchterm=true&search=Dacia+H%FClle" "Mozilla/5.0 (Windows NT 10.0; WOW64; Trident/7.0; Touch; rv:11.0) like Gecko"
213.153.47.173 - - [11/Jan/2019:10:07:40 +0100] "GET /reload?ser=1547197660662 HTTP/1.1" 200 28 "http://renault.activities.at/login?required=true" "Mozilla/5.0 (Windows NT 10.0; Win64; x64; rv:64.0) Gecko/20100101 Firefox/64.0"
82.135.5.126 - - [11/Jan/2019:10:07:43 +0100] "GET /reload?ser=1547197663457 HTTP/1.1" 200 28 "http://renault.activities.at/" "Mozilla/5.0 (Windows NT 10.0; WOW64; Trident/7.0; rv:11.0) like Gecko"
138.21.12.21 - - [11/Jan/2019:10:08:12 +0100] "GET /reload?ser=1547197692084 HTTP/1.1" 200 28 "http://renault.2web.at/result?searchterm=true&search=verbrauch" "Mozilla/5.0 (Windows NT 10.0; WOW64; Trident/7.0; Touch; rv:11.0) like Gecko"
213.90.80.156 - - [11/Jan/2019:10:08:23 +0100] "GET /reload?ser=1547197702968 HTTP/1.1" 200 28 "http://renault.activities.at/10201442?dir=DESC&mode=grid&order=name&limit=15&page=24" "Mozilla/5.0 (Windows NT 10.0; Win64; x64) AppleWebKit/537.36 (KHTML, like Gecko) Chrome/71.0.3578.98 Safari/537.36"
80.123.225.36 - - [11/Jan/2019:10:08:27 +0100] "GET /reload?ser=1547197705882 HTTP/1.1" 200 28 "http://renault.activities.at/login" "Mozilla/5.0 (Windows NT 10.0; WOW64; Trident/7.0; rv:11.0) like Gecko"
82.135.5.126 - - [11/Jan/2019:10:08:29 +0100] "GET /reload?ser=1547197709061 HTTP/1.1" 200 28 "http://renault.activities.at/" "Mozilla/5.0 (Windows NT 10.0; WOW64; Trident/7.0; rv:11.0) like Gecko"
138.21.12.23 - - [11/Jan/2019:10:08:34 +0100] "GET /reload?ser=1547197714166 HTTP/1.1" 200 28 "http://renault.2web.at/result?searchterm=true&search=Willkommen" "Mozilla/5.0 (Windows NT 6.1; WOW64; Trident/7.0; rv:11.0) like Gecko"
80.122.221.194 - - [11/Jan/2019:10:08:35 +0100] "GET /reload?ser=1547197715837 HTTP/1.1" 200 28 "http://renault.activities.at/success" "Mozilla/5.0 (Windows NT 10.0; Win64; x64) AppleWebKit/537.36 (KHTML, like Gecko) Chrome/64.0.3282.140 Safari/537.36 Edge/17.17134"
212.152.158.195 - - [11/Jan/2019:10:08:37 +0100] "GET /reload?ser=1547197717550 HTTP/1.1" 200 28 "http://renault.activities.at/result?searchterm=true&search=Dacia+H%FClle" "Mozilla/5.0 (Windows NT 10.0; WOW64; Trident/7.0; Touch; rv:11.0) like Gecko"
213.153.47.173 - - [11/Jan/2019:10:08:41 +0100] "GET /reload?ser=1547197721314 HTTP/1.1" 200 28 "http://renault.activities.at/login?required=true" "Mozilla/5.0 (Windows NT 10.0; Win64; x64; rv:64.0) Gecko/20100101 Firefox/64.0"
82.135.5.126 - - [11/Jan/2019:10:08:44 +0100] "GET /reload?ser=1547197724396 HTTP/1.1" 200 28 "http://renault.activities.at/" "Mozilla/5.0 (Windows NT 10.0; WOW64; Trident/7.0; rv:11.0) like Gecko"
213.90.80.156 - - [11/Jan/2019:10:09:03 +0100] "GET /10201442?dir=DESC&mode=grid&order=name&limit=15&page=25 HTTP/1.1" 200 9037 "http://renault.activities.at/10201442?dir=DESC&mode=grid&order=name&limit=15&page=24" "Mozilla/5.0 (Windows NT 10.0; Win64; x64) AppleWebKit/537.36 (KHTML, like Gecko) Chrome/71.0.3578.98 Safari/537.36"
213.90.80.156 - - [11/Jan/2019:10:09:06 +0100] "GET /loadthumbnail.php?id=11270805&width=113 HTTP/1.1" 200 5169 "http://renault.activities.at/10201442?dir=DESC&mode=grid&order=name&limit=15&page=25" "Mozilla/5.0 (Windows NT 10.0; Win64; x64) AppleWebKit/537.36 (KHTML, like Gecko) Chrome/71.0.3578.98 Safari/537.36"
213.90.80.156 - - [11/Jan/2019:10:09:06 +0100] "GET /loadthumbnail.php?id=11967858&width=113 HTTP/1.1" 200 1835 "http://renault.activities.at/10201442?dir=DESC&mode=grid&order=name&limit=15&page=25" "Mozilla/5.0 (Windows NT 10.0; Win64; x64) AppleWebKit/537.36 (KHTML, like Gecko) Chrome/71.0.3578.98 Safari/537.36"
213.90.80.156 - - [11/Jan/2019:10:09:06 +0100] "GET /loadthumbnail.php?id=11304834&width=113 HTTP/1.1" 200 1055 "http://renault.activities.at/10201442?dir=DESC&mode=grid&order=name&limit=15&page=25" "Mozilla/5.0 (Windows NT 10.0; Win64; x64) AppleWebKit/537.36 (KHTML, like Gecko) Chrome/71.0.3578.98 Safari/537.36"
213.90.80.156 - - [11/Jan/2019:10:09:06 +0100] "GET /loadthumbnail.php?id=10269567&width=113 HTTP/1.1" 200 1590 "http://renault.activities.at/10201442?dir=DESC&mode=grid&order=name&limit=15&page=25" "Mozilla/5.0 (Windows NT 10.0; Win64; x64) AppleWebKit/537.36 (KHTML, like Gecko) Chrome/71.0.3578.98 Safari/537.36"
213.90.80.156 - - [11/Jan/2019:10:09:06 +0100] "GET /loadthumbnail.php?id=10269569&width=113 HTTP/1.1" 200 1309 "http://renault.activities.at/10201442?dir=DESC&mode=grid&order=name&limit=15&page=25" "Mozilla/5.0 (Windows NT 10.0; Win64; x64) AppleWebKit/537.36 (KHTML, like Gecko) Chrome/71.0.3578.98 Safari/537.36"
213.90.80.156 - - [11/Jan/2019:10:09:06 +0100] "GET /loadthumbnail.php?id=11340120&width=113 HTTP/1.1" 200 2962 "http://renault.activities.at/10201442?dir=DESC&mode=grid&order=name&limit=15&page=25" "Mozilla/5.0 (Windows NT 10.0; Win64; x64) AppleWebKit/537.36 (KHTML, like Gecko) Chrome/71.0.3578.98 Safari/537.36"
213.90.80.156 - - [11/Jan/2019:10:09:07 +0100] "GET /loadthumbnail.php?id=11249797&width=113 HTTP/1.1" 200 2985 "http://renault.activities.at/10201442?dir=DESC&mode=grid&order=name&limit=15&page=25" "Mozilla/5.0 (Windows NT 10.0; Win64; x64) AppleWebKit/537.36 (KHTML, like Gecko) Chrome/71.0.3578.98 Safari/537.36"
213.90.80.156 - - [11/Jan/2019:10:09:07 +0100] "GET /loadthumbnail.php?id=11825610&width=113 HTTP/1.1" 200 1298 "http://renault.activities.at/10201442?dir=DESC&mode=grid&order=name&limit=15&page=25" "Mozilla/5.0 (Windows NT 10.0; Win64; x64) AppleWebKit/537.36 (KHTML, like Gecko) Chrome/71.0.3578.98 Safari/537.36"
213.90.80.156 - - [11/Jan/2019:10:09:07 +0100] "GET /loadthumbnail.php?id=11825611&width=113 HTTP/1.1" 200 1298 "http://renault.activities.at/10201442?dir=DESC&mode=grid&order=name&limit=15&page=25" "Mozilla/5.0 (Windows NT 10.0; Win64; x64) AppleWebKit/537.36 (KHTML, like Gecko) Chrome/71.0.3578.98 Safari/537.36"
213.90.80.156 - - [11/Jan/2019:10:09:07 +0100] "GET /loadthumbnail.php?id=11249798&width=113 HTTP/1.1" 200 2985 "http://renault.activities.at/10201442?dir=DESC&mode=grid&order=name&limit=15&page=25" "Mozilla/5.0 (Windows NT 10.0; Win64; x64) AppleWebKit/537.36 (KHTML, like Gecko) Chrome/71.0.3578.98 Safari/537.36"
213.90.80.156 - - [11/Jan/2019:10:09:07 +0100] "GET /loadthumbnail.php?id=11825612&width=113 HTTP/1.1" 200 2858 "http://renault.activities.at/10201442?dir=DESC&mode=grid&order=name&limit=15&page=25" "Mozilla/5.0 (Windows NT 10.0; Win64; x64) AppleWebKit/537.36 (KHTML, like Gecko) Chrome/71.0.3578.98 Safari/537.36"
213.90.80.156 - - [11/Jan/2019:10:09:07 +0100] "GET /loadthumbnail.php?id=11864910&width=113 HTTP/1.1" 200 18269 "http://renault.activities.at/10201442?dir=DESC&mode=grid&order=name&limit=15&page=25" "Mozilla/5.0 (Windows NT 10.0; Win64; x64) AppleWebKit/537.36 (KHTML, like Gecko) Chrome/71.0.3578.98 Safari/537.36"
213.90.80.156 - - [11/Jan/2019:10:09:07 +0100] "GET /loadthumbnail.php?id=11776453&width=113 HTTP/1.1" 200 1248 "http://renault.activities.at/10201442?dir=DESC&mode=grid&order=name&limit=15&page=25" "Mozilla/5.0 (Windows NT 10.0; Win64; x64) AppleWebKit/537.36 (KHTML, like Gecko) Chrome/71.0.3578.98 Safari/537.36"
213.90.80.156 - - [11/Jan/2019:10:09:07 +0100] "GET /loadthumbnail.php?id=10413489&width=113 HTTP/1.1" 200 3213 "http://renault.activities.at/10201442?dir=DESC&mode=grid&order=name&limit=15&page=25" "Mozilla/5.0 (Windows NT 10.0; Win64; x64) AppleWebKit/537.36 (KHTML, like Gecko) Chrome/71.0.3578.98 Safari/537.36"
138.21.12.21 - - [11/Jan/2019:10:09:13 +0100] "GET /reload?ser=1547197753139 HTTP/1.1" 200 28 "http://renault.2web.at/result?searchterm=true&search=verbrauch" "Mozilla/5.0 (Windows NT 10.0; WOW64; Trident/7.0; Touch; rv:11.0) like Gecko"
213.90.80.156 - - [11/Jan/2019:10:09:10 +0100] "GET /10201442?dir=DESC&mode=grid&order=name&limit=15&page=26 HTTP/1.1" 200 8912 "http://renault.activities.at/10201442?dir=DESC&mode=grid&order=name&limit=15&page=25" "Mozilla/5.0 (Windows NT 10.0; Win64; x64) AppleWebKit/537.36 (KHTML, like Gecko) Chrome/71.0.3578.98 Safari/537.36"
213.90.80.156 - - [11/Jan/2019:10:09:14 +0100] "GET /loadthumbnail.php?id=11730248&width=113 HTTP/1.1" 200 4910 "http://renault.activities.at/10201442?dir=DESC&mode=grid&order=name&limit=15&page=26" "Mozilla/5.0 (Windows NT 10.0; Win64; x64) AppleWebKit/537.36 (KHTML, like Gecko) Chrome/71.0.3578.98 Safari/537.36"
213.90.80.156 - - [11/Jan/2019:10:09:14 +0100] "GET /loadthumbnail.php?id=11845304&width=113 HTTP/1.1" 200 3022 "http://renault.activities.at/10201442?dir=DESC&mode=grid&order=name&limit=15&page=26" "Mozilla/5.0 (Windows NT 10.0; Win64; x64) AppleWebKit/537.36 (KHTML, like Gecko) Chrome/71.0.3578.98 Safari/537.36"
213.90.80.156 - - [11/Jan/2019:10:09:14 +0100] "GET /loadthumbnail.php?id=11819633&width=113 HTTP/1.1" 200 3335 "http://renault.activities.at/10201442?dir=DESC&mode=grid&order=name&limit=15&page=26" "Mozilla/5.0 (Windows NT 10.0; Win64; x64) AppleWebKit/537.36 (KHTML, like Gecko) Chrome/71.0.3578.98 Safari/537.36"
213.90.80.156 - - [11/Jan/2019:10:09:14 +0100] "GET /loadthumbnail.php?id=11590240&width=113 HTTP/1.1" 200 3363 "http://renault.activities.at/10201442?dir=DESC&mode=grid&order=name&limit=15&page=26" "Mozilla/5.0 (Windows NT 10.0; Win64; x64) AppleWebKit/537.36 (KHTML, like Gecko) Chrome/71.0.3578.98 Safari/537.36"
213.90.80.156 - - [11/Jan/2019:10:09:14 +0100] "GET /loadthumbnail.php?id=11590239&width=113 HTTP/1.1" 200 4106 "http://renault.activities.at/10201442?dir=DESC&mode=grid&order=name&limit=15&page=26" "Mozilla/5.0 (Windows NT 10.0; Win64; x64) AppleWebKit/537.36 (KHTML, like Gecko) Chrome/71.0.3578.98 Safari/537.36"
213.90.80.156 - - [11/Jan/2019:10:09:14 +0100] "GET /loadthumbnail.php?id=11228566&width=113 HTTP/1.1" 200 4033 "http://renault.activities.at/10201442?dir=DESC&mode=grid&order=name&limit=15&page=26" "Mozilla/5.0 (Windows NT 10.0; Win64; x64) AppleWebKit/537.36 (KHTML, like Gecko) Chrome/71.0.3578.98 Safari/537.36"
213.90.80.156 - - [11/Jan/2019:10:09:14 +0100] "GET /loadthumbnail.php?id=11847426&width=113 HTTP/1.1" 200 2727 "http://renault.activities.at/10201442?dir=DESC&mode=grid&order=name&limit=15&page=26" "Mozilla/5.0 (Windows NT 10.0; Win64; x64) AppleWebKit/537.36 (KHTML, like Gecko) Chrome/71.0.3578.98 Safari/537.36"
213.90.80.156 - - [11/Jan/2019:10:09:14 +0100] "GET /loadthumbnail.php?id=11819632&width=113 HTTP/1.1" 200 3552 "http://renault.activities.at/10201442?dir=DESC&mode=grid&order=name&limit=15&page=26" "Mozilla/5.0 (Windows NT 10.0; Win64; x64) AppleWebKit/537.36 (KHTML, like Gecko) Chrome/71.0.3578.98 Safari/537.36"
213.90.80.156 - - [11/Jan/2019:10:09:14 +0100] "GET /loadthumbnail.php?id=11253834&width=113 HTTP/1.1" 200 2935 "http://renault.activities.at/10201442?dir=DESC&mode=grid&order=name&limit=15&page=26" "Mozilla/5.0 (Windows NT 10.0; Win64; x64) AppleWebKit/537.36 (KHTML, like Gecko) Chrome/71.0.3578.98 Safari/537.36"
213.90.80.156 - - [11/Jan/2019:10:09:14 +0100] "GET /loadthumbnail.php?id=11711048&width=113 HTTP/1.1" 200 3085 "http://renault.activities.at/10201442?dir=DESC&mode=grid&order=name&limit=15&page=26" "Mozilla/5.0 (Windows NT 10.0; Win64; x64) AppleWebKit/537.36 (KHTML, like Gecko) Chrome/71.0.3578.98 Safari/537.36"
213.90.80.156 - - [11/Jan/2019:10:09:14 +0100] "GET /loadthumbnail.php?id=11500398&width=113 HTTP/1.1" 200 21704 "http://renault.activities.at/10201442?dir=DESC&mode=grid&order=name&limit=15&page=26" "Mozilla/5.0 (Windows NT 10.0; Win64; x64) AppleWebKit/537.36 (KHTML, like Gecko) Chrome/71.0.3578.98 Safari/537.36"
213.90.80.156 - - [11/Jan/2019:10:09:14 +0100] "GET /loadthumbnail.php?id=11500416&width=113 HTTP/1.1" 200 21073 "http://renault.activities.at/10201442?dir=DESC&mode=grid&order=name&limit=15&page=26" "Mozilla/5.0 (Windows NT 10.0; Win64; x64) AppleWebKit/537.36 (KHTML, like Gecko) Chrome/71.0.3578.98 Safari/537.36"
213.90.80.156 - - [11/Jan/2019:10:09:14 +0100] "GET /loadthumbnail.php?id=11711045&width=113 HTTP/1.1" 200 2986 "http://renault.activities.at/10201442?dir=DESC&mode=grid&order=name&limit=15&page=26" "Mozilla/5.0 (Windows NT 10.0; Win64; x64) AppleWebKit/537.36 (KHTML, like Gecko) Chrome/71.0.3578.98 Safari/537.36"
213.90.80.156 - - [11/Jan/2019:10:09:14 +0100] "GET /loadthumbnail.php?id=11967700&width=113 HTTP/1.1" 200 3470 "http://renault.activities.at/10201442?dir=DESC&mode=grid&order=name&limit=15&page=26" "Mozilla/5.0 (Windows NT 10.0; Win64; x64) AppleWebKit/537.36 (KHTML, like Gecko) Chrome/71.0.3578.98 Safari/537.36"
213.90.80.156 - - [11/Jan/2019:10:09:14 +0100] "GET /loadthumbnail.php?id=11808714&width=113 HTTP/1.1" 200 3709 "http://renault.activities.at/10201442?dir=DESC&mode=grid&order=name&limit=15&page=26" "Mozilla/5.0 (Windows NT 10.0; Win64; x64) AppleWebKit/537.36 (KHTML, like Gecko) Chrome/71.0.3578.98 Safari/537.36"
213.90.80.156 - - [11/Jan/2019:10:09:22 +0100] "GET /10201442?dir=DESC&mode=grid&order=name&limit=15&page=27 HTTP/1.1" 200 8843 "http://renault.activities.at/10201442?dir=DESC&mode=grid&order=name&limit=15&page=26" "Mozilla/5.0 (Windows NT 10.0; Win64; x64) AppleWebKit/537.36 (KHTML, like Gecko) Chrome/71.0.3578.98 Safari/537.36"
213.90.80.156 - - [11/Jan/2019:10:09:25 +0100] "GET /loadthumbnail.php?id=11967701&width=113 HTTP/1.1" 200 3379 "http://renault.activities.at/10201442?dir=DESC&mode=grid&order=name&limit=15&page=27" "Mozilla/5.0 (Windows NT 10.0; Win64; x64) AppleWebKit/537.36 (KHTML, like Gecko) Chrome/71.0.3578.98 Safari/537.36"
213.90.80.156 - - [11/Jan/2019:10:09:25 +0100] "GET /loadthumbnail.php?id=11845305&width=113 HTTP/1.1" 200 3229 "http://renault.activities.at/10201442?dir=DESC&mode=grid&order=name&limit=15&page=27" "Mozilla/5.0 (Windows NT 10.0; Win64; x64) AppleWebKit/537.36 (KHTML, like Gecko) Chrome/71.0.3578.98 Safari/537.36"
213.90.80.156 - - [11/Jan/2019:10:09:25 +0100] "GET /loadthumbnail.php?id=11808715&width=113 HTTP/1.1" 200 3050 "http://renault.activities.at/10201442?dir=DESC&mode=grid&order=name&limit=15&page=27" "Mozilla/5.0 (Windows NT 10.0; Win64; x64) AppleWebKit/537.36 (KHTML, like Gecko) Chrome/71.0.3578.98 Safari/537.36"
213.90.80.156 - - [11/Jan/2019:10:09:25 +0100] "GET /loadthumbnail.php?id=11590243&width=113 HTTP/1.1" 200 3639 "http://renault.activities.at/10201442?dir=DESC&mode=grid&order=name&limit=15&page=27" "Mozilla/5.0 (Windows NT 10.0; Win64; x64) AppleWebKit/537.36 (KHTML, like Gecko) Chrome/71.0.3578.98 Safari/537.36"
213.90.80.156 - - [11/Jan/2019:10:09:25 +0100] "GET /loadthumbnail.php?id=11590242&width=113 HTTP/1.1" 200 3202 "http://renault.activities.at/10201442?dir=DESC&mode=grid&order=name&limit=15&page=27" "Mozilla/5.0 (Windows NT 10.0; Win64; x64) AppleWebKit/537.36 (KHTML, like Gecko) Chrome/71.0.3578.98 Safari/537.36"
213.90.80.156 - - [11/Jan/2019:10:09:25 +0100] "GET /loadthumbnail.php?id=11538169&width=113 HTTP/1.1" 200 20088 "http://renault.activities.at/10201442?dir=DESC&mode=grid&order=name&limit=15&page=27" "Mozilla/5.0 (Windows NT 10.0; Win64; x64) AppleWebKit/537.36 (KHTML, like Gecko) Chrome/71.0.3578.98 Safari/537.36"
213.90.80.156 - - [11/Jan/2019:10:09:25 +0100] "GET /loadthumbnail.php?id=11165054&width=113 HTTP/1.1" 200 34777 "http://renault.activities.at/10201442?dir=DESC&mode=grid&order=name&limit=15&page=27" "Mozilla/5.0 (Windows NT 10.0; Win64; x64) AppleWebKit/537.36 (KHTML, like Gecko) Chrome/71.0.3578.98 Safari/537.36"
213.90.80.156 - - [11/Jan/2019:10:09:25 +0100] "GET /loadthumbnail.php?id=10970933&width=113 HTTP/1.1" 200 5132 "http://renault.activities.at/10201442?dir=DESC&mode=grid&order=name&limit=15&page=27" "Mozilla/5.0 (Windows NT 10.0; Win64; x64) AppleWebKit/537.36 (KHTML, like Gecko) Chrome/71.0.3578.98 Safari/537.36"
213.90.80.156 - - [11/Jan/2019:10:09:25 +0100] "GET /loadthumbnail.php?id=11658180&width=113 HTTP/1.1" 200 29422 "http://renault.activities.at/10201442?dir=DESC&mode=grid&order=name&limit=15&page=27" "Mozilla/5.0 (Windows NT 10.0; Win64; x64) AppleWebKit/537.36 (KHTML, like Gecko) Chrome/71.0.3578.98 Safari/537.36"
213.90.80.156 - - [11/Jan/2019:10:09:25 +0100] "GET /loadthumbnail.php?id=11319988&width=113 HTTP/1.1" 200 44228 "http://renault.activities.at/10201442?dir=DESC&mode=grid&order=name&limit=15&page=27" "Mozilla/5.0 (Windows NT 10.0; Win64; x64) AppleWebKit/537.36 (KHTML, like Gecko) Chrome/71.0.3578.98 Safari/537.36"
213.90.80.156 - - [11/Jan/2019:10:09:25 +0100] "GET /loadthumbnail.php?id=11031880&width=113 HTTP/1.1" 200 39263 "http://renault.activities.at/10201442?dir=DESC&mode=grid&order=name&limit=15&page=27" "Mozilla/5.0 (Windows NT 10.0; Win64; x64) AppleWebKit/537.36 (KHTML, like Gecko) Chrome/71.0.3578.98 Safari/537.36"
213.90.80.156 - - [11/Jan/2019:10:09:25 +0100] "GET /loadthumbnail.php?id=11314432&width=113 HTTP/1.1" 200 36566 "http://renault.activities.at/10201442?dir=DESC&mode=grid&order=name&limit=15&page=27" "Mozilla/5.0 (Windows NT 10.0; Win64; x64) AppleWebKit/537.36 (KHTML, like Gecko) Chrome/71.0.3578.98 Safari/537.36"
213.90.80.156 - - [11/Jan/2019:10:09:26 +0100] "GET /loadthumbnail.php?id=11319983&width=113 HTTP/1.1" 200 38992 "http://renault.activities.at/10201442?dir=DESC&mode=grid&order=name&limit=15&page=27" "Mozilla/5.0 (Windows NT 10.0; Win64; x64) AppleWebKit/537.36 (KHTML, like Gecko) Chrome/71.0.3578.98 Safari/537.36"
213.90.80.156 - - [11/Jan/2019:10:09:26 +0100] "GET /loadthumbnail.php?id=11715013&width=113 HTTP/1.1" 200 33856 "http://renault.activities.at/10201442?dir=DESC&mode=grid&order=name&limit=15&page=27" "Mozilla/5.0 (Windows NT 10.0; Win64; x64) AppleWebKit/537.36 (KHTML, like Gecko) Chrome/71.0.3578.98 Safari/537.36"
80.123.225.36 - - [11/Jan/2019:10:09:27 +0100] "GET /reload?ser=1547197766524 HTTP/1.1" 200 28 "http://renault.activities.at/login" "Mozilla/5.0 (Windows NT 10.0; WOW64; Trident/7.0; rv:11.0) like Gecko"
82.135.5.126 - - [11/Jan/2019:10:09:30 +0100] "GET /reload?ser=1547197770026 HTTP/1.1" 200 28 "http://renault.activities.at/" "Mozilla/5.0 (Windows NT 10.0; WOW64; Trident/7.0; rv:11.0) like Gecko"
138.21.12.23 - - [11/Jan/2019:10:09:35 +0100] "GET /reload?ser=1547197775263 HTTP/1.1" 200 28 "http://renault.2web.at/result?searchterm=true&search=Willkommen" "Mozilla/5.0 (Windows NT 6.1; WOW64; Trident/7.0; rv:11.0) like Gecko"
213.90.80.156 - - [11/Jan/2019:10:09:33 +0100] "GET /10201442?dir=DESC&mode=grid&order=name&limit=15&page=28 HTTP/1.1" 200 8898 "http://renault.activities.at/10201442?dir=DESC&mode=grid&order=name&limit=15&page=27" "Mozilla/5.0 (Windows NT 10.0; Win64; x64) AppleWebKit/537.36 (KHTML, like Gecko) Chrome/71.0.3578.98 Safari/537.36"
213.90.80.156 - - [11/Jan/2019:10:09:36 +0100] "GET /loadthumbnail.php?id=11798477&width=113 HTTP/1.1" 200 3326 "http://renault.activities.at/10201442?dir=DESC&mode=grid&order=name&limit=15&page=28" "Mozilla/5.0 (Windows NT 10.0; Win64; x64) AppleWebKit/537.36 (KHTML, like Gecko) Chrome/71.0.3578.98 Safari/537.36"
213.90.80.156 - - [11/Jan/2019:10:09:36 +0100] "GET /loadthumbnail.php?id=11798476&width=113 HTTP/1.1" 200 2525 "http://renault.activities.at/10201442?dir=DESC&mode=grid&order=name&limit=15&page=28" "Mozilla/5.0 (Windows NT 10.0; Win64; x64) AppleWebKit/537.36 (KHTML, like Gecko) Chrome/71.0.3578.98 Safari/537.36"
213.90.80.156 - - [11/Jan/2019:10:09:36 +0100] "GET /loadthumbnail.php?id=11829073&width=113 HTTP/1.1" 200 2418 "http://renault.activities.at/10201442?dir=DESC&mode=grid&order=name&limit=15&page=28" "Mozilla/5.0 (Windows NT 10.0; Win64; x64) AppleWebKit/537.36 (KHTML, like Gecko) Chrome/71.0.3578.98 Safari/537.36"
213.90.80.156 - - [11/Jan/2019:10:09:36 +0100] "GET /loadthumbnail.php?id=11819635&width=113 HTTP/1.1" 200 3087 "http://renault.activities.at/10201442?dir=DESC&mode=grid&order=name&limit=15&page=28" "Mozilla/5.0 (Windows NT 10.0; Win64; x64) AppleWebKit/537.36 (KHTML, like Gecko) Chrome/71.0.3578.98 Safari/537.36"
213.90.80.156 - - [11/Jan/2019:10:09:36 +0100] "GET /loadthumbnail.php?id=11715017&width=113 HTTP/1.1" 200 37395 "http://renault.activities.at/10201442?dir=DESC&mode=grid&order=name&limit=15&page=28" "Mozilla/5.0 (Windows NT 10.0; Win64; x64) AppleWebKit/537.36 (KHTML, like Gecko) Chrome/71.0.3578.98 Safari/537.36"
213.90.80.156 - - [11/Jan/2019:10:09:36 +0100] "GET /loadthumbnail.php?id=11877757&width=113 HTTP/1.1" 200 32396 "http://renault.activities.at/10201442?dir=DESC&mode=grid&order=name&limit=15&page=28" "Mozilla/5.0 (Windows NT 10.0; Win64; x64) AppleWebKit/537.36 (KHTML, like Gecko) Chrome/71.0.3578.98 Safari/537.36"
213.90.80.156 - - [11/Jan/2019:10:09:37 +0100] "GET /loadthumbnail.php?id=11847427&width=113 HTTP/1.1" 200 2698 "http://renault.activities.at/10201442?dir=DESC&mode=grid&order=name&limit=15&page=28" "Mozilla/5.0 (Windows NT 10.0; Win64; x64) AppleWebKit/537.36 (KHTML, like Gecko) Chrome/71.0.3578.98 Safari/537.36"
213.90.80.156 - - [11/Jan/2019:10:09:37 +0100] "GET /loadthumbnail.php?id=11895725&width=113 HTTP/1.1" 200 2960 "http://renault.activities.at/10201442?dir=DESC&mode=grid&order=name&limit=15&page=28" "Mozilla/5.0 (Windows NT 10.0; Win64; x64) AppleWebKit/537.36 (KHTML, like Gecko) Chrome/71.0.3578.98 Safari/537.36"
213.90.80.156 - - [11/Jan/2019:10:09:37 +0100] "GET /loadthumbnail.php?id=11819630&width=113 HTTP/1.1" 200 2902 "http://renault.activities.at/10201442?dir=DESC&mode=grid&order=name&limit=15&page=28" "Mozilla/5.0 (Windows NT 10.0; Win64; x64) AppleWebKit/537.36 (KHTML, like Gecko) Chrome/71.0.3578.98 Safari/537.36"
213.90.80.156 - - [11/Jan/2019:10:09:37 +0100] "GET /loadthumbnail.php?id=11693093&width=113 HTTP/1.1" 200 6219 "http://renault.activities.at/10201442?dir=DESC&mode=grid&order=name&limit=15&page=28" "Mozilla/5.0 (Windows NT 10.0; Win64; x64) AppleWebKit/537.36 (KHTML, like Gecko) Chrome/71.0.3578.98 Safari/537.36"
213.90.80.156 - - [11/Jan/2019:10:09:37 +0100] "GET /loadthumbnail.php?id=11819634&width=113 HTTP/1.1" 200 3081 "http://renault.activities.at/10201442?dir=DESC&mode=grid&order=name&limit=15&page=28" "Mozilla/5.0 (Windows NT 10.0; Win64; x64) AppleWebKit/537.36 (KHTML, like Gecko) Chrome/71.0.3578.98 Safari/537.36"
213.90.80.156 - - [11/Jan/2019:10:09:37 +0100] "GET /loadthumbnail.php?id=10970934&width=113 HTTP/1.1" 200 4103 "http://renault.activities.at/10201442?dir=DESC&mode=grid&order=name&limit=15&page=28" "Mozilla/5.0 (Windows NT 10.0; Win64; x64) AppleWebKit/537.36 (KHTML, like Gecko) Chrome/71.0.3578.98 Safari/537.36"
213.90.80.156 - - [11/Jan/2019:10:09:37 +0100] "GET /loadthumbnail.php?id=11643691&width=113 HTTP/1.1" 200 3164 "http://renault.activities.at/10201442?dir=DESC&mode=grid&order=name&limit=15&page=28" "Mozilla/5.0 (Windows NT 10.0; Win64; x64) AppleWebKit/537.36 (KHTML, like Gecko) Chrome/71.0.3578.98 Safari/537.36"
80.122.221.194 - - [11/Jan/2019:10:09:36 +0100] "GET /reload?ser=1547197776825 HTTP/1.1" 200 28 "http://renault.activities.at/success" "Mozilla/5.0 (Windows NT 10.0; Win64; x64) AppleWebKit/537.36 (KHTML, like Gecko) Chrome/64.0.3282.140 Safari/537.36 Edge/17.17134"
213.90.80.156 - - [11/Jan/2019:10:09:37 +0100] "GET /loadthumbnail.php?id=11504934&width=113 HTTP/1.1" 200 34212 "http://renault.activities.at/10201442?dir=DESC&mode=grid&order=name&limit=15&page=28" "Mozilla/5.0 (Windows NT 10.0; Win64; x64) AppleWebKit/537.36 (KHTML, like Gecko) Chrome/71.0.3578.98 Safari/537.36"
212.152.158.195 - - [11/Jan/2019:10:09:38 +0100] "GET /reload?ser=1547197778500 HTTP/1.1" 200 28 "http://renault.activities.at/result?searchterm=true&search=Dacia+H%FClle" "Mozilla/5.0 (Windows NT 10.0; WOW64; Trident/7.0; Touch; rv:11.0) like Gecko"
213.153.47.173 - - [11/Jan/2019:10:09:42 +0100] "GET /reload?ser=1547197781981 HTTP/1.1" 200 28 "http://renault.activities.at/login?required=true" "Mozilla/5.0 (Windows NT 10.0; Win64; x64; rv:64.0) Gecko/20100101 Firefox/64.0"
82.135.5.126 - - [11/Jan/2019:10:09:45 +0100] "GET /reload?ser=1547197785376 HTTP/1.1" 200 28 "http://renault.activities.at/" "Mozilla/5.0 (Windows NT 10.0; WOW64; Trident/7.0; rv:11.0) like Gecko"
139.99.5.223 - - [11/Jan/2019:10:10:03 +0100] "GET /user/register/ HTTP/1.1" 200 5660 "-" "Mozilla/5.0 (Windows; U; Windows NT 5.1; de; rv:1.9) Gecko/2008052906 Firefox/3.0"
139.99.5.223 - - [11/Jan/2019:10:10:05 +0100] "GET / HTTP/1.1" 200 13935 "-" "Mozilla/5.0 (Windows; U; Windows NT 5.1; de; rv:1.9) Gecko/2008052906 Firefox/3.0"
138.21.12.21 - - [11/Jan/2019:10:10:14 +0100] "GET /reload?ser=1547197814221 HTTP/1.1" 200 28 "http://renault.2web.at/result?searchterm=true&search=verbrauch" "Mozilla/5.0 (Windows NT 10.0; WOW64; Trident/7.0; Touch; rv:11.0) like Gecko"
80.123.225.36 - - [11/Jan/2019:10:10:28 +0100] "GET /reload?ser=1547197827178 HTTP/1.1" 200 28 "http://renault.activities.at/login" "Mozilla/5.0 (Windows NT 10.0; WOW64; Trident/7.0; rv:11.0) like Gecko"
82.135.5.126 - - [11/Jan/2019:10:10:31 +0100] "GET /reload?ser=1547197830972 HTTP/1.1" 200 28 "http://renault.activities.at/" "Mozilla/5.0 (Windows NT 10.0; WOW64; Trident/7.0; rv:11.0) like Gecko"
138.21.12.23 - - [11/Jan/2019:10:10:36 +0100] "GET /reload?ser=1547197836344 HTTP/1.1" 200 28 "http://renault.2web.at/result?searchterm=true&search=Willkommen" "Mozilla/5.0 (Windows NT 6.1; WOW64; Trident/7.0; rv:11.0) like Gecko"
80.122.221.194 - - [11/Jan/2019:10:10:37 +0100] "GET /reload?ser=1547197837830 HTTP/1.1" 200 28 "http://renault.activities.at/success" "Mozilla/5.0 (Windows NT 10.0; Win64; x64) AppleWebKit/537.36 (KHTML, like Gecko) Chrome/64.0.3282.140 Safari/537.36 Edge/17.17134"
213.90.80.156 - - [11/Jan/2019:10:10:37 +0100] "GET /reload?ser=1547197837845 HTTP/1.1" 200 28 "http://renault.activities.at/10201442?dir=DESC&mode=grid&order=name&limit=15&page=28" "Mozilla/5.0 (Windows NT 10.0; Win64; x64) AppleWebKit/537.36 (KHTML, like Gecko) Chrome/71.0.3578.98 Safari/537.36"
212.152.158.195 - - [11/Jan/2019:10:10:39 +0100] "GET /reload?ser=1547197839490 HTTP/1.1" 200 28 "http://renault.activities.at/result?searchterm=true&search=Dacia+H%FClle" "Mozilla/5.0 (Windows NT 10.0; WOW64; Trident/7.0; Touch; rv:11.0) like Gecko"
213.153.47.173 - - [11/Jan/2019:10:10:42 +0100] "GET /reload?ser=1547197842632 HTTP/1.1" 200 28 "http://renault.activities.at/login?required=true" "Mozilla/5.0 (Windows NT 10.0; Win64; x64; rv:64.0) Gecko/20100101 Firefox/64.0"
82.135.5.126 - - [11/Jan/2019:10:10:46 +0100] "GET /reload?ser=1547197846339 HTTP/1.1" 200 28 "http://renault.activities.at/" "Mozilla/5.0 (Windows NT 10.0; WOW64; Trident/7.0; rv:11.0) like Gecko"
138.21.12.21 - - [11/Jan/2019:10:11:15 +0100] "GET /reload?ser=1547197875283 HTTP/1.1" 200 28 "http://renault.2web.at/result?searchterm=true&search=verbrauch" "Mozilla/5.0 (Windows NT 10.0; WOW64; Trident/7.0; Touch; rv:11.0) like Gecko"
