80.123.105.158 - - [15/Jan/2019:11:47:02 +0100] "GET /css/styles.css HTTP/1.1" 304 - "http://renault.activities.at/account" "Mozilla/5.0 (Windows NT 6.1; WOW64; Trident/7.0; rv:11.0) like Gecko"
80.123.105.158 - - [15/Jan/2019:11:47:02 +0100] "GET /css/reset.css HTTP/1.1" 304 - "http://renault.activities.at/account" "Mozilla/5.0 (Windows NT 6.1; WOW64; Trident/7.0; rv:11.0) like Gecko"
80.123.105.158 - - [15/Jan/2019:11:47:02 +0100] "GET /js/default.js HTTP/1.1" 304 - "http://renault.activities.at/account" "Mozilla/5.0 (Windows NT 6.1; WOW64; Trident/7.0; rv:11.0) like Gecko"
80.123.105.158 - - [15/Jan/2019:11:47:02 +0100] "GET /css/print.css HTTP/1.1" 304 - "http://renault.activities.at/account" "Mozilla/5.0 (Windows NT 6.1; WOW64; Trident/7.0; rv:11.0) like Gecko"
80.123.105.158 - - [15/Jan/2019:11:47:02 +0100] "GET /js/checkout.css HTTP/1.1" 304 - "http://renault.activities.at/account" "Mozilla/5.0 (Windows NT 6.1; WOW64; Trident/7.0; rv:11.0) like Gecko"
80.123.105.158 - - [15/Jan/2019:11:47:02 +0100] "GET /css/prototip.css HTTP/1.1" 304 - "http://renault.activities.at/account" "Mozilla/5.0 (Windows NT 6.1; WOW64; Trident/7.0; rv:11.0) like Gecko"
80.123.105.158 - - [15/Jan/2019:11:47:02 +0100] "GET /css/themes/default.css HTTP/1.1" 304 - "http://renault.activities.at/account" "Mozilla/5.0 (Windows NT 6.1; WOW64; Trident/7.0; rv:11.0) like Gecko"
80.123.105.158 - - [15/Jan/2019:11:47:02 +0100] "GET /css/themes/alphacube.css HTTP/1.1" 304 - "http://renault.activities.at/account" "Mozilla/5.0 (Windows NT 6.1; WOW64; Trident/7.0; rv:11.0) like Gecko"
80.123.105.158 - - [15/Jan/2019:11:47:02 +0100] "GET /js/account.js HTTP/1.1" 200 953 "http://renault.activities.at/account" "Mozilla/5.0 (Windows NT 6.1; WOW64; Trident/7.0; rv:11.0) like Gecko"
80.123.105.158 - - [15/Jan/2019:11:47:02 +0100] "GET /loadthumbnail.php?id=11819632&width=50&height=50 HTTP/1.1" 200 1282 "http://renault.activities.at/account" "Mozilla/5.0 (Windows NT 6.1; WOW64; Trident/7.0; rv:11.0) like Gecko"
80.123.105.158 - - [15/Jan/2019:11:47:02 +0100] "GET /loadthumbnail.php?id=11819634&width=50&height=50 HTTP/1.1" 200 1193 "http://renault.activities.at/account" "Mozilla/5.0 (Windows NT 6.1; WOW64; Trident/7.0; rv:11.0) like Gecko"
80.123.105.158 - - [15/Jan/2019:11:47:03 +0100] "GET /images/header_block_border.gif HTTP/1.1" 304 - "http://renault.activities.at/account" "Mozilla/5.0 (Windows NT 6.1; WOW64; Trident/7.0; rv:11.0) like Gecko"
80.123.105.158 - - [15/Jan/2019:11:47:02 +0100] "GET /loadthumbnail.php?id=11548693&width=50&height=50 HTTP/1.1" 200 4467 "http://renault.activities.at/account" "Mozilla/5.0 (Windows NT 6.1; WOW64; Trident/7.0; rv:11.0) like Gecko"
80.123.105.158 - - [15/Jan/2019:11:47:03 +0100] "GET /images/header_block_corner_left_top.gif HTTP/1.1" 304 - "http://renault.activities.at/account" "Mozilla/5.0 (Windows NT 6.1; WOW64; Trident/7.0; rv:11.0) like Gecko"
80.123.105.158 - - [15/Jan/2019:11:47:02 +0100] "GET /loadthumbnail.php?id=11845304&width=50&height=50 HTTP/1.1" 200 1152 "http://renault.activities.at/account" "Mozilla/5.0 (Windows NT 6.1; WOW64; Trident/7.0; rv:11.0) like Gecko"
80.123.105.158 - - [15/Jan/2019:11:47:03 +0100] "GET /images/header_block_corner_right_top.gif HTTP/1.1" 304 - "http://renault.activities.at/account" "Mozilla/5.0 (Windows NT 6.1; WOW64; Trident/7.0; rv:11.0) like Gecko"
80.123.105.158 - - [15/Jan/2019:11:47:02 +0100] "GET /loadthumbnail.php?id=11798476&width=50&height=50 HTTP/1.1" 200 1098 "http://renault.activities.at/account" "Mozilla/5.0 (Windows NT 6.1; WOW64; Trident/7.0; rv:11.0) like Gecko"
80.123.105.158 - - [15/Jan/2019:11:47:02 +0100] "GET /loadthumbnail.php?id=11711045&width=50&height=50 HTTP/1.1" 200 1132 "http://renault.activities.at/account" "Mozilla/5.0 (Windows NT 6.1; WOW64; Trident/7.0; rv:11.0) like Gecko"
80.123.105.158 - - [15/Jan/2019:11:47:03 +0100] "GET /images/search_bg.gif HTTP/1.1" 200 1726 "http://renault.activities.at/account" "Mozilla/5.0 (Windows NT 6.1; WOW64; Trident/7.0; rv:11.0) like Gecko"
80.123.105.158 - - [15/Jan/2019:11:47:03 +0100] "GET /images/main_block_border.gif HTTP/1.1" 304 - "http://renault.activities.at/account" "Mozilla/5.0 (Windows NT 6.1; WOW64; Trident/7.0; rv:11.0) like Gecko"
80.123.105.158 - - [15/Jan/2019:11:47:03 +0100] "GET /images/main_block_corner_left_top.gif HTTP/1.1" 304 - "http://renault.activities.at/account" "Mozilla/5.0 (Windows NT 6.1; WOW64; Trident/7.0; rv:11.0) like Gecko"
80.123.105.158 - - [15/Jan/2019:11:47:03 +0100] "GET /images/main_block_corner_right_top.gif HTTP/1.1" 304 - "http://renault.activities.at/account" "Mozilla/5.0 (Windows NT 6.1; WOW64; Trident/7.0; rv:11.0) like Gecko"
80.123.105.158 - - [15/Jan/2019:11:47:03 +0100] "GET /images/main_block_corner_left_bot.gif HTTP/1.1" 304 - "http://renault.activities.at/account" "Mozilla/5.0 (Windows NT 6.1; WOW64; Trident/7.0; rv:11.0) like Gecko"
80.123.105.158 - - [15/Jan/2019:11:47:03 +0100] "GET /images/top_links_divider.gif HTTP/1.1" 200 44 "http://renault.activities.at/account" "Mozilla/5.0 (Windows NT 6.1; WOW64; Trident/7.0; rv:11.0) like Gecko"
80.123.105.158 - - [15/Jan/2019:11:47:03 +0100] "GET /images/nav_divider.gif HTTP/1.1" 200 43 "http://renault.activities.at/account" "Mozilla/5.0 (Windows NT 6.1; WOW64; Trident/7.0; rv:11.0) like Gecko"
80.123.105.158 - - [15/Jan/2019:11:47:03 +0100] "GET /images/menu_button_bg.jpg HTTP/1.1" 200 322 "http://renault.activities.at/account" "Mozilla/5.0 (Windows NT 6.1; WOW64; Trident/7.0; rv:11.0) like Gecko"
80.123.105.158 - - [15/Jan/2019:11:47:03 +0100] "GET /images/button_left_bg.gif HTTP/1.1" 304 - "http://renault.activities.at/account" "Mozilla/5.0 (Windows NT 6.1; WOW64; Trident/7.0; rv:11.0) like Gecko"
80.123.105.158 - - [15/Jan/2019:11:47:04 +0100] "GET /images/menu_divider.gif HTTP/1.1" 200 176 "http://renault.activities.at/account" "Mozilla/5.0 (Windows NT 6.1; WOW64; Trident/7.0; rv:11.0) like Gecko"
80.123.105.158 - - [15/Jan/2019:11:47:04 +0100] "GET /images/main_block_corner_right_bot.gif HTTP/1.1" 304 - "http://renault.activities.at/account" "Mozilla/5.0 (Windows NT 6.1; WOW64; Trident/7.0; rv:11.0) like Gecko"
80.123.105.158 - - [15/Jan/2019:11:47:04 +0100] "GET /images/button_right_bg.gif HTTP/1.1" 304 - "http://renault.activities.at/account" "Mozilla/5.0 (Windows NT 6.1; WOW64; Trident/7.0; rv:11.0) like Gecko"
80.123.105.158 - - [15/Jan/2019:11:47:04 +0100] "GET /images/sidebar_title_border_top.gif HTTP/1.1" 200 155 "http://renault.activities.at/account" "Mozilla/5.0 (Windows NT 6.1; WOW64; Trident/7.0; rv:11.0) like Gecko"
80.123.105.158 - - [15/Jan/2019:11:47:04 +0100] "GET /images/sidebar_title_border.gif HTTP/1.1" 200 43 "http://renault.activities.at/account" "Mozilla/5.0 (Windows NT 6.1; WOW64; Trident/7.0; rv:11.0) like Gecko"
80.123.105.158 - - [15/Jan/2019:11:47:04 +0100] "GET /images/sidebar_title_corner_right_top.gif HTTP/1.1" 200 383 "http://renault.activities.at/account" "Mozilla/5.0 (Windows NT 6.1; WOW64; Trident/7.0; rv:11.0) like Gecko"
80.123.105.158 - - [15/Jan/2019:11:47:04 +0100] "GET /images/title_border.jpg HTTP/1.1" 304 - "http://renault.activities.at/account" "Mozilla/5.0 (Windows NT 6.1; WOW64; Trident/7.0; rv:11.0) like Gecko"
80.123.105.158 - - [15/Jan/2019:11:47:04 +0100] "GET /images/sidebar_title_corner_left_top.gif HTTP/1.1" 200 1124 "http://renault.activities.at/account" "Mozilla/5.0 (Windows NT 6.1; WOW64; Trident/7.0; rv:11.0) like Gecko"
80.123.105.158 - - [15/Jan/2019:11:47:04 +0100] "GET /images/button_bg.gif HTTP/1.1" 304 - "http://renault.activities.at/account" "Mozilla/5.0 (Windows NT 6.1; WOW64; Trident/7.0; rv:11.0) like Gecko"
80.123.105.158 - - [15/Jan/2019:11:47:04 +0100] "GET /images/title_border_top.jpg HTTP/1.1" 304 - "http://renault.activities.at/account" "Mozilla/5.0 (Windows NT 6.1; WOW64; Trident/7.0; rv:11.0) like Gecko"
80.123.105.158 - - [15/Jan/2019:11:47:04 +0100] "GET /images/title_corner_right_top.jpg HTTP/1.1" 304 - "http://renault.activities.at/account" "Mozilla/5.0 (Windows NT 6.1; WOW64; Trident/7.0; rv:11.0) like Gecko"
80.123.105.158 - - [15/Jan/2019:11:47:04 +0100] "GET /images/title_corner_left_top.jpg HTTP/1.1" 304 - "http://renault.activities.at/account" "Mozilla/5.0 (Windows NT 6.1; WOW64; Trident/7.0; rv:11.0) like Gecko"
80.123.105.158 - - [15/Jan/2019:11:47:05 +0100] "GET /images/reset_bg.gif HTTP/1.1" 200 785 "http://renault.activities.at/account" "Mozilla/5.0 (Windows NT 6.1; WOW64; Trident/7.0; rv:11.0) like Gecko"
80.123.105.158 - - [15/Jan/2019:11:47:05 +0100] "GET /images/validation_advice_bg.gif HTTP/1.1" 200 134 "http://renault.activities.at/account" "Mozilla/5.0 (Windows NT 6.1; WOW64; Trident/7.0; rv:11.0) like Gecko"
80.123.105.158 - - [15/Jan/2019:11:47:05 +0100] "GET /loadthumbnail.php?id=11036124&width=50&height=50 HTTP/1.1" 200 754 "http://renault.activities.at/account" "Mozilla/5.0 (Windows NT 6.1; WOW64; Trident/7.0; rv:11.0) like Gecko"
80.123.105.158 - - [15/Jan/2019:11:47:05 +0100] "GET /loadthumbnail.php?id=11615283&width=50&height=50 HTTP/1.1" 200 2672 "http://renault.activities.at/account" "Mozilla/5.0 (Windows NT 6.1; WOW64; Trident/7.0; rv:11.0) like Gecko"
80.123.105.158 - - [15/Jan/2019:11:47:05 +0100] "GET /images/footer_divider.gif HTTP/1.1" 200 44 "http://renault.activities.at/account" "Mozilla/5.0 (Windows NT 6.1; WOW64; Trident/7.0; rv:11.0) like Gecko"
80.123.105.158 - - [15/Jan/2019:11:47:05 +0100] "GET /loadthumbnail.php?id=11089820&width=50&height=50 HTTP/1.1" 200 947 "http://renault.activities.at/account" "Mozilla/5.0 (Windows NT 6.1; WOW64; Trident/7.0; rv:11.0) like Gecko"
80.123.105.158 - - [15/Jan/2019:11:47:05 +0100] "GET /loadthumbnail.php?id=10203651&width=50&height=50 HTTP/1.1" 200 1234 "http://renault.activities.at/account" "Mozilla/5.0 (Windows NT 6.1; WOW64; Trident/7.0; rv:11.0) like Gecko"
80.123.105.158 - - [15/Jan/2019:11:47:05 +0100] "GET /images/ajax_loading.gif HTTP/1.1" 200 1542 "http://renault.activities.at/account" "Mozilla/5.0 (Windows NT 6.1; WOW64; Trident/7.0; rv:11.0) like Gecko"
80.123.105.158 - - [15/Jan/2019:11:47:05 +0100] "GET /favicon.ico HTTP/1.1" 200 3250 "-" "Mozilla/5.0 (Windows NT 6.1; WOW64; Trident/7.0; rv:11.0) like Gecko"
193.194.132.27 - - [15/Jan/2019:11:47:04 +0100] "GET /reload?ser=1547549224678 HTTP/1.1" 200 28 "http://renault.2web.at/account?loadrequest=true" "Mozilla/5.0 (Windows NT 10.0; WOW64; Trident/7.0; Touch; rv:11.0) like Gecko"
80.123.225.36 - - [15/Jan/2019:11:47:06 +0100] "GET /reload?ser=1547549383280 HTTP/1.1" 200 28 "http://renault.activities.at/" "Mozilla/5.0 (Windows NT 6.1; Win64; x64; rv:64.0) Gecko/20100101 Firefox/64.0"
213.153.47.173 - - [15/Jan/2019:11:47:13 +0100] "GET /reload?ser=1547549233712 HTTP/1.1" 200 28 "http://renault.activities.at/login?required=true" "Mozilla/5.0 (Windows NT 10.0; Win64; x64; rv:64.0) Gecko/20100101 Firefox/64.0"
213.153.47.173 - - [15/Jan/2019:11:47:16 +0100] "GET /reload?ser=1547549236611 HTTP/1.1" 200 28 "http://renault.activities.at/11813616" "Mozilla/5.0 (Windows NT 10.0; Win64; x64; rv:64.0) Gecko/20100101 Firefox/64.0"
80.123.105.158 - - [15/Jan/2019:11:47:18 +0100] "GET /10201634 HTTP/1.1" 200 9374 "http://renault.activities.at/account" "Mozilla/5.0 (Windows NT 6.1; WOW64; Trident/7.0; rv:11.0) like Gecko"
80.123.105.158 - - [15/Jan/2019:11:47:21 +0100] "GET /js/default.js HTTP/1.1" 304 - "http://renault.activities.at/10201634" "Mozilla/5.0 (Windows NT 6.1; WOW64; Trident/7.0; rv:11.0) like Gecko"
80.123.105.158 - - [15/Jan/2019:11:47:21 +0100] "GET /css/reset.css HTTP/1.1" 304 - "http://renault.activities.at/10201634" "Mozilla/5.0 (Windows NT 6.1; WOW64; Trident/7.0; rv:11.0) like Gecko"
80.123.105.158 - - [15/Jan/2019:11:47:21 +0100] "GET /css/clears.css HTTP/1.1" 304 - "http://renault.activities.at/10201634" "Mozilla/5.0 (Windows NT 6.1; WOW64; Trident/7.0; rv:11.0) like Gecko"
80.123.105.158 - - [15/Jan/2019:11:47:21 +0100] "GET /css/styles.css HTTP/1.1" 304 - "http://renault.activities.at/10201634" "Mozilla/5.0 (Windows NT 6.1; WOW64; Trident/7.0; rv:11.0) like Gecko"
80.123.105.158 - - [15/Jan/2019:11:47:21 +0100] "GET /css/print.css HTTP/1.1" 304 - "http://renault.activities.at/10201634" "Mozilla/5.0 (Windows NT 6.1; WOW64; Trident/7.0; rv:11.0) like Gecko"
80.123.105.158 - - [15/Jan/2019:11:47:21 +0100] "GET /js/checkout.css HTTP/1.1" 304 - "http://renault.activities.at/10201634" "Mozilla/5.0 (Windows NT 6.1; WOW64; Trident/7.0; rv:11.0) like Gecko"
80.123.105.158 - - [15/Jan/2019:11:47:21 +0100] "GET /js/prototip.js HTTP/1.1" 200 4588 "http://renault.activities.at/10201634" "Mozilla/5.0 (Windows NT 6.1; WOW64; Trident/7.0; rv:11.0) like Gecko"
80.123.105.158 - - [15/Jan/2019:11:47:21 +0100] "GET /css/prototip.css HTTP/1.1" 304 - "http://renault.activities.at/10201634" "Mozilla/5.0 (Windows NT 6.1; WOW64; Trident/7.0; rv:11.0) like Gecko"
80.123.105.158 - - [15/Jan/2019:11:47:21 +0100] "GET /css/themes/alphacube.css HTTP/1.1" 304 - "http://renault.activities.at/10201634" "Mozilla/5.0 (Windows NT 6.1; WOW64; Trident/7.0; rv:11.0) like Gecko"
80.123.105.158 - - [15/Jan/2019:11:47:21 +0100] "GET /js/ProduktGrp.js HTTP/1.1" 200 1569 "http://renault.activities.at/10201634" "Mozilla/5.0 (Windows NT 6.1; WOW64; Trident/7.0; rv:11.0) like Gecko"
80.123.105.158 - - [15/Jan/2019:11:47:22 +0100] "GET /images/loading.gif HTTP/1.1" 200 3208 "http://renault.activities.at/10201634" "Mozilla/5.0 (Windows NT 6.1; WOW64; Trident/7.0; rv:11.0) like Gecko"
80.123.105.158 - - [15/Jan/2019:11:47:22 +0100] "GET /css/themes/default.css HTTP/1.1" 304 - "http://renault.activities.at/10201634" "Mozilla/5.0 (Windows NT 6.1; WOW64; Trident/7.0; rv:11.0) like Gecko"
80.123.105.158 - - [15/Jan/2019:11:47:22 +0100] "GET /loadthumbnail.php?id=10203255 HTTP/1.1" 200 137 "http://renault.activities.at/10201634" "Mozilla/5.0 (Windows NT 6.1; WOW64; Trident/7.0; rv:11.0) like Gecko"
80.123.105.158 - - [15/Jan/2019:11:47:22 +0100] "GET /loadthumbnail.php?id=10203276 HTTP/1.1" 200 75 "http://renault.activities.at/10201634" "Mozilla/5.0 (Windows NT 6.1; WOW64; Trident/7.0; rv:11.0) like Gecko"
80.123.105.158 - - [15/Jan/2019:11:47:22 +0100] "GET /loadthumbnail.php?id=11926561&width=113 HTTP/1.1" 200 34510 "http://renault.activities.at/10201634" "Mozilla/5.0 (Windows NT 6.1; WOW64; Trident/7.0; rv:11.0) like Gecko"
80.123.105.158 - - [15/Jan/2019:11:47:22 +0100] "GET /loadthumbnail.php?id=11926565&width=113 HTTP/1.1" 200 28904 "http://renault.activities.at/10201634" "Mozilla/5.0 (Windows NT 6.1; WOW64; Trident/7.0; rv:11.0) like Gecko"
80.123.105.158 - - [15/Jan/2019:11:47:22 +0100] "GET /images/header_block_corner_right_top.gif HTTP/1.1" 304 - "http://renault.activities.at/10201634" "Mozilla/5.0 (Windows NT 6.1; WOW64; Trident/7.0; rv:11.0) like Gecko"
80.123.105.158 - - [15/Jan/2019:11:47:22 +0100] "GET /loadthumbnail.php?id=11926581&width=113 HTTP/1.1" 200 35255 "http://renault.activities.at/10201634" "Mozilla/5.0 (Windows NT 6.1; WOW64; Trident/7.0; rv:11.0) like Gecko"
80.123.105.158 - - [15/Jan/2019:11:47:22 +0100] "GET /images/search_bg.gif HTTP/1.1" 304 - "http://renault.activities.at/10201634" "Mozilla/5.0 (Windows NT 6.1; WOW64; Trident/7.0; rv:11.0) like Gecko"
80.123.105.158 - - [15/Jan/2019:11:47:22 +0100] "GET /images/main_block_border.gif HTTP/1.1" 304 - "http://renault.activities.at/10201634" "Mozilla/5.0 (Windows NT 6.1; WOW64; Trident/7.0; rv:11.0) like Gecko"
80.123.105.158 - - [15/Jan/2019:11:47:22 +0100] "GET /images/main_block_corner_left_top.gif HTTP/1.1" 304 - "http://renault.activities.at/10201634" "Mozilla/5.0 (Windows NT 6.1; WOW64; Trident/7.0; rv:11.0) like Gecko"
80.123.105.158 - - [15/Jan/2019:11:47:22 +0100] "GET /loadthumbnail.php?id=11926557&width=113 HTTP/1.1" 200 36925 "http://renault.activities.at/10201634" "Mozilla/5.0 (Windows NT 6.1; WOW64; Trident/7.0; rv:11.0) like Gecko"
80.123.105.158 - - [15/Jan/2019:11:47:22 +0100] "GET /images/main_block_corner_left_bot.gif HTTP/1.1" 304 - "http://renault.activities.at/10201634" "Mozilla/5.0 (Windows NT 6.1; WOW64; Trident/7.0; rv:11.0) like Gecko"
80.123.105.158 - - [15/Jan/2019:11:47:22 +0100] "GET /images/main_block_corner_right_top.gif HTTP/1.1" 304 - "http://renault.activities.at/10201634" "Mozilla/5.0 (Windows NT 6.1; WOW64; Trident/7.0; rv:11.0) like Gecko"
80.123.105.158 - - [15/Jan/2019:11:47:22 +0100] "GET /images/main_block_corner_right_bot.gif HTTP/1.1" 304 - "http://renault.activities.at/10201634" "Mozilla/5.0 (Windows NT 6.1; WOW64; Trident/7.0; rv:11.0) like Gecko"
80.123.105.158 - - [15/Jan/2019:11:47:22 +0100] "GET /images/header_block_corner_left_top.gif HTTP/1.1" 304 - "http://renault.activities.at/10201634" "Mozilla/5.0 (Windows NT 6.1; WOW64; Trident/7.0; rv:11.0) like Gecko"
80.123.105.158 - - [15/Jan/2019:11:47:22 +0100] "GET /images/header_block_border.gif HTTP/1.1" 304 - "http://renault.activities.at/10201634" "Mozilla/5.0 (Windows NT 6.1; WOW64; Trident/7.0; rv:11.0) like Gecko"
80.123.105.158 - - [15/Jan/2019:11:47:22 +0100] "GET /images/title_corner_right_top.jpg HTTP/1.1" 304 - "http://renault.activities.at/10201634" "Mozilla/5.0 (Windows NT 6.1; WOW64; Trident/7.0; rv:11.0) like Gecko"
80.123.105.158 - - [15/Jan/2019:11:47:22 +0100] "GET /images/title_corner_left_top.jpg HTTP/1.1" 304 - "http://renault.activities.at/10201634" "Mozilla/5.0 (Windows NT 6.1; WOW64; Trident/7.0; rv:11.0) like Gecko"
80.123.105.158 - - [15/Jan/2019:11:47:22 +0100] "GET /images/sub_title_bg.jpg HTTP/1.1" 200 314 "http://renault.activities.at/10201634" "Mozilla/5.0 (Windows NT 6.1; WOW64; Trident/7.0; rv:11.0) like Gecko"
80.123.105.158 - - [15/Jan/2019:11:47:22 +0100] "GET /images/title_border.jpg HTTP/1.1" 304 - "http://renault.activities.at/10201634" "Mozilla/5.0 (Windows NT 6.1; WOW64; Trident/7.0; rv:11.0) like Gecko"
80.123.105.158 - - [15/Jan/2019:11:47:22 +0100] "GET /images/pager_bg.gif HTTP/1.1" 200 150 "http://renault.activities.at/10201634" "Mozilla/5.0 (Windows NT 6.1; WOW64; Trident/7.0; rv:11.0) like Gecko"
80.123.105.158 - - [15/Jan/2019:11:47:22 +0100] "GET /images/nav_divider.gif HTTP/1.1" 304 - "http://renault.activities.at/10201634" "Mozilla/5.0 (Windows NT 6.1; WOW64; Trident/7.0; rv:11.0) like Gecko"
80.123.105.158 - - [15/Jan/2019:11:47:22 +0100] "GET /images/button_right_bg.gif HTTP/1.1" 304 - "http://renault.activities.at/10201634" "Mozilla/5.0 (Windows NT 6.1; WOW64; Trident/7.0; rv:11.0) like Gecko"
80.123.105.158 - - [15/Jan/2019:11:47:22 +0100] "GET /images/title_border_top.jpg HTTP/1.1" 304 - "http://renault.activities.at/10201634" "Mozilla/5.0 (Windows NT 6.1; WOW64; Trident/7.0; rv:11.0) like Gecko"
80.123.105.158 - - [15/Jan/2019:11:47:22 +0100] "GET /images/button_bg.gif HTTP/1.1" 304 - "http://renault.activities.at/10201634" "Mozilla/5.0 (Windows NT 6.1; WOW64; Trident/7.0; rv:11.0) like Gecko"
80.123.105.158 - - [15/Jan/2019:11:47:22 +0100] "GET /images/sidebar_title_border.gif HTTP/1.1" 304 - "http://renault.activities.at/10201634" "Mozilla/5.0 (Windows NT 6.1; WOW64; Trident/7.0; rv:11.0) like Gecko"
80.123.105.158 - - [15/Jan/2019:11:47:22 +0100] "GET /images/sidebar_title_border_top.gif HTTP/1.1" 304 - "http://renault.activities.at/10201634" "Mozilla/5.0 (Windows NT 6.1; WOW64; Trident/7.0; rv:11.0) like Gecko"
80.123.105.158 - - [15/Jan/2019:11:47:22 +0100] "GET /images/button_left_bg.gif HTTP/1.1" 304 - "http://renault.activities.at/10201634" "Mozilla/5.0 (Windows NT 6.1; WOW64; Trident/7.0; rv:11.0) like Gecko"
80.123.105.158 - - [15/Jan/2019:11:47:22 +0100] "GET /images/sidebar_title_corner_right_top.gif HTTP/1.1" 304 - "http://renault.activities.at/10201634" "Mozilla/5.0 (Windows NT 6.1; WOW64; Trident/7.0; rv:11.0) like Gecko"
80.123.105.158 - - [15/Jan/2019:11:47:22 +0100] "GET /images/top_links_divider.gif HTTP/1.1" 304 - "http://renault.activities.at/10201634" "Mozilla/5.0 (Windows NT 6.1; WOW64; Trident/7.0; rv:11.0) like Gecko"
80.123.105.158 - - [15/Jan/2019:11:47:22 +0100] "GET /images/sidebar_title_corner_left_top.gif HTTP/1.1" 304 - "http://renault.activities.at/10201634" "Mozilla/5.0 (Windows NT 6.1; WOW64; Trident/7.0; rv:11.0) like Gecko"
80.123.105.158 - - [15/Jan/2019:11:47:22 +0100] "GET /images/menu_divider.gif HTTP/1.1" 304 - "http://renault.activities.at/10201634" "Mozilla/5.0 (Windows NT 6.1; WOW64; Trident/7.0; rv:11.0) like Gecko"
80.123.105.158 - - [15/Jan/2019:11:47:22 +0100] "GET /images/vista-dn.gif HTTP/1.1" 200 128 "http://renault.activities.at/10201634" "Mozilla/5.0 (Windows NT 6.1; WOW64; Trident/7.0; rv:11.0) like Gecko"
80.123.105.158 - - [15/Jan/2019:11:47:22 +0100] "GET /images/validation_advice_bg.gif HTTP/1.1" 304 - "http://renault.activities.at/10201634" "Mozilla/5.0 (Windows NT 6.1; WOW64; Trident/7.0; rv:11.0) like Gecko"
80.123.105.158 - - [15/Jan/2019:11:47:22 +0100] "GET /images/footer_divider.gif HTTP/1.1" 304 - "http://renault.activities.at/10201634" "Mozilla/5.0 (Windows NT 6.1; WOW64; Trident/7.0; rv:11.0) like Gecko"
80.123.105.158 - - [15/Jan/2019:11:47:22 +0100] "GET /images/menu_button_bg.jpg HTTP/1.1" 304 - "http://renault.activities.at/10201634" "Mozilla/5.0 (Windows NT 6.1; WOW64; Trident/7.0; rv:11.0) like Gecko"
80.123.105.158 - - [15/Jan/2019:11:47:23 +0100] "GET /images/vista-up.gif HTTP/1.1" 200 131 "http://renault.activities.at/10201634" "Mozilla/5.0 (Windows NT 6.1; WOW64; Trident/7.0; rv:11.0) like Gecko"
80.123.105.158 - - [15/Jan/2019:11:47:22 +0100] "GET /loadthumbnail.php?id=11926648&width=113 HTTP/1.1" 200 35142 "http://renault.activities.at/10201634" "Mozilla/5.0 (Windows NT 6.1; WOW64; Trident/7.0; rv:11.0) like Gecko"
80.123.105.158 - - [15/Jan/2019:11:47:23 +0100] "GET /loadthumbnail.php?id=11926679&width=113 HTTP/1.1" 200 33362 "http://renault.activities.at/10201634" "Mozilla/5.0 (Windows NT 6.1; WOW64; Trident/7.0; rv:11.0) like Gecko"
80.123.105.158 - - [15/Jan/2019:11:47:23 +0100] "GET /loadthumbnail.php?id=11926591&width=113 HTTP/1.1" 200 34469 "http://renault.activities.at/10201634" "Mozilla/5.0 (Windows NT 6.1; WOW64; Trident/7.0; rv:11.0) like Gecko"
80.123.105.158 - - [15/Jan/2019:11:47:23 +0100] "GET /loadthumbnail.php?id=11926585&width=113 HTTP/1.1" 200 37549 "http://renault.activities.at/10201634" "Mozilla/5.0 (Windows NT 6.1; WOW64; Trident/7.0; rv:11.0) like Gecko"
80.123.105.158 - - [15/Jan/2019:11:47:23 +0100] "GET /loadthumbnail.php?id=11926666&width=113 HTTP/1.1" 200 36655 "http://renault.activities.at/10201634" "Mozilla/5.0 (Windows NT 6.1; WOW64; Trident/7.0; rv:11.0) like Gecko"
80.123.105.158 - - [15/Jan/2019:11:47:23 +0100] "GET /loadthumbnail.php?id=11926644&width=113 HTTP/1.1" 200 35735 "http://renault.activities.at/10201634" "Mozilla/5.0 (Windows NT 6.1; WOW64; Trident/7.0; rv:11.0) like Gecko"
80.123.105.158 - - [15/Jan/2019:11:47:23 +0100] "GET /loadthumbnail.php?id=11926552&width=113 HTTP/1.1" 200 35098 "http://renault.activities.at/10201634" "Mozilla/5.0 (Windows NT 6.1; WOW64; Trident/7.0; rv:11.0) like Gecko"
80.123.105.158 - - [15/Jan/2019:11:47:23 +0100] "GET /loadthumbnail.php?id=11926595&width=113 HTTP/1.1" 200 34271 "http://renault.activities.at/10201634" "Mozilla/5.0 (Windows NT 6.1; WOW64; Trident/7.0; rv:11.0) like Gecko"
80.123.105.158 - - [15/Jan/2019:11:47:23 +0100] "GET /loadthumbnail.php?id=11926687&width=113 HTTP/1.1" 200 36764 "http://renault.activities.at/10201634" "Mozilla/5.0 (Windows NT 6.1; WOW64; Trident/7.0; rv:11.0) like Gecko"
80.123.105.158 - - [15/Jan/2019:11:47:23 +0100] "GET /loadthumbnail.php?id=11926683&width=113 HTTP/1.1" 200 34706 "http://renault.activities.at/10201634" "Mozilla/5.0 (Windows NT 6.1; WOW64; Trident/7.0; rv:11.0) like Gecko"
80.123.105.158 - - [15/Jan/2019:11:47:23 +0100] "GET /loadthumbnail.php?id=11926640&width=113 HTTP/1.1" 200 36074 "http://renault.activities.at/10201634" "Mozilla/5.0 (Windows NT 6.1; WOW64; Trident/7.0; rv:11.0) like Gecko"
193.194.132.27 - - [15/Jan/2019:11:47:47 +0100] "GET /reload?ser=1547549267586 HTTP/1.1" 200 28 "http://renault.2web.at/result?searchterm=true&search=Original+Ersatzteil" "Mozilla/5.0 (Windows NT 6.1; WOW64; Trident/7.0; rv:11.0) like Gecko"
193.194.132.27 - - [15/Jan/2019:11:48:05 +0100] "GET /reload?ser=1547549285778 HTTP/1.1" 200 28 "http://renault.2web.at/account?loadrequest=true" "Mozilla/5.0 (Windows NT 10.0; WOW64; Trident/7.0; Touch; rv:11.0) like Gecko"
80.123.225.36 - - [15/Jan/2019:11:48:06 +0100] "GET /reload?ser=1547549443917 HTTP/1.1" 200 28 "http://renault.activities.at/" "Mozilla/5.0 (Windows NT 6.1; Win64; x64; rv:64.0) Gecko/20100101 Firefox/64.0"
213.153.47.173 - - [15/Jan/2019:11:48:14 +0100] "GET /reload?ser=1547549294360 HTTP/1.1" 200 28 "http://renault.activities.at/login?required=true" "Mozilla/5.0 (Windows NT 10.0; Win64; x64; rv:64.0) Gecko/20100101 Firefox/64.0"
213.153.47.173 - - [15/Jan/2019:11:48:17 +0100] "GET /reload?ser=1547549297601 HTTP/1.1" 200 28 "http://renault.activities.at/11813616" "Mozilla/5.0 (Windows NT 10.0; Win64; x64; rv:64.0) Gecko/20100101 Firefox/64.0"
80.123.105.158 - - [15/Jan/2019:11:48:23 +0100] "GET /reload?ser=1547549303797 HTTP/1.1" 200 28 "http://renault.activities.at/10201634" "Mozilla/5.0 (Windows NT 6.1; WOW64; Trident/7.0; rv:11.0) like Gecko"
193.194.132.27 - - [15/Jan/2019:11:48:48 +0100] "GET /reload?ser=1547549328671 HTTP/1.1" 200 28 "http://renault.2web.at/result?searchterm=true&search=Original+Ersatzteil" "Mozilla/5.0 (Windows NT 6.1; WOW64; Trident/7.0; rv:11.0) like Gecko"
193.194.132.27 - - [15/Jan/2019:11:49:06 +0100] "GET /reload?ser=1547549346862 HTTP/1.1" 200 28 "http://renault.2web.at/account?loadrequest=true" "Mozilla/5.0 (Windows NT 10.0; WOW64; Trident/7.0; Touch; rv:11.0) like Gecko"
80.123.225.36 - - [15/Jan/2019:11:49:07 +0100] "GET /reload?ser=1547549504567 HTTP/1.1" 200 28 "http://renault.activities.at/" "Mozilla/5.0 (Windows NT 6.1; Win64; x64; rv:64.0) Gecko/20100101 Firefox/64.0"
213.153.47.173 - - [15/Jan/2019:11:49:15 +0100] "GET /reload?ser=1547549355022 HTTP/1.1" 200 28 "http://renault.activities.at/login?required=true" "Mozilla/5.0 (Windows NT 10.0; Win64; x64; rv:64.0) Gecko/20100101 Firefox/64.0"
213.153.47.173 - - [15/Jan/2019:11:49:18 +0100] "GET /reload?ser=1547549358591 HTTP/1.1" 200 28 "http://renault.activities.at/11813616" "Mozilla/5.0 (Windows NT 10.0; Win64; x64; rv:64.0) Gecko/20100101 Firefox/64.0"
80.123.105.158 - - [15/Jan/2019:11:49:24 +0100] "GET /reload?ser=1547549364900 HTTP/1.1" 200 28 "http://renault.activities.at/10201634" "Mozilla/5.0 (Windows NT 6.1; WOW64; Trident/7.0; rv:11.0) like Gecko"
193.194.132.27 - - [15/Jan/2019:11:49:49 +0100] "GET /reload?ser=1547549389778 HTTP/1.1" 200 28 "http://renault.2web.at/result?searchterm=true&search=Original+Ersatzteil" "Mozilla/5.0 (Windows NT 6.1; WOW64; Trident/7.0; rv:11.0) like Gecko"
80.123.225.36 - - [15/Jan/2019:11:50:08 +0100] "GET /reload?ser=1547549565206 HTTP/1.1" 200 28 "http://renault.activities.at/" "Mozilla/5.0 (Windows NT 6.1; Win64; x64; rv:64.0) Gecko/20100101 Firefox/64.0"
193.194.132.27 - - [15/Jan/2019:11:50:08 +0100] "GET /reload?ser=1547549407925 HTTP/1.1" 200 28 "http://renault.2web.at/account?loadrequest=true" "Mozilla/5.0 (Windows NT 10.0; WOW64; Trident/7.0; Touch; rv:11.0) like Gecko"
213.153.47.173 - - [15/Jan/2019:11:50:15 +0100] "GET /reload?ser=1547549415691 HTTP/1.1" 200 28 "http://renault.activities.at/login?required=true" "Mozilla/5.0 (Windows NT 10.0; Win64; x64; rv:64.0) Gecko/20100101 Firefox/64.0"
213.153.47.173 - - [15/Jan/2019:11:50:19 +0100] "GET /reload?ser=1547549419552 HTTP/1.1" 200 28 "http://renault.activities.at/11813616" "Mozilla/5.0 (Windows NT 10.0; Win64; x64; rv:64.0) Gecko/20100101 Firefox/64.0"
80.123.105.158 - - [15/Jan/2019:11:50:25 +0100] "GET /reload?ser=1547549425875 HTTP/1.1" 200 28 "http://renault.activities.at/10201634" "Mozilla/5.0 (Windows NT 6.1; WOW64; Trident/7.0; rv:11.0) like Gecko"
193.194.132.27 - - [15/Jan/2019:11:50:50 +0100] "GET /reload?ser=1547549450856 HTTP/1.1" 200 28 "http://renault.2web.at/result?searchterm=true&search=Original+Ersatzteil" "Mozilla/5.0 (Windows NT 6.1; WOW64; Trident/7.0; rv:11.0) like Gecko"
80.123.225.36 - - [15/Jan/2019:11:51:08 +0100] "GET /reload?ser=1547549625884 HTTP/1.1" 200 28 "http://renault.activities.at/" "Mozilla/5.0 (Windows NT 6.1; Win64; x64; rv:64.0) Gecko/20100101 Firefox/64.0"
193.194.132.27 - - [15/Jan/2019:11:51:09 +0100] "GET /reload?ser=1547549468983 HTTP/1.1" 200 28 "http://renault.2web.at/account?loadrequest=true" "Mozilla/5.0 (Windows NT 10.0; WOW64; Trident/7.0; Touch; rv:11.0) like Gecko"
213.153.47.173 - - [15/Jan/2019:11:51:16 +0100] "GET /reload?ser=1547549476351 HTTP/1.1" 200 28 "http://renault.activities.at/login?required=true" "Mozilla/5.0 (Windows NT 10.0; Win64; x64; rv:64.0) Gecko/20100101 Firefox/64.0"
213.153.47.173 - - [15/Jan/2019:11:51:20 +0100] "GET /reload?ser=1547549480532 HTTP/1.1" 200 28 "http://renault.activities.at/11813616" "Mozilla/5.0 (Windows NT 10.0; Win64; x64; rv:64.0) Gecko/20100101 Firefox/64.0"
80.123.105.158 - - [15/Jan/2019:11:51:26 +0100] "GET /reload?ser=1547549486860 HTTP/1.1" 200 28 "http://renault.activities.at/10201634" "Mozilla/5.0 (Windows NT 6.1; WOW64; Trident/7.0; rv:11.0) like Gecko"
193.194.132.27 - - [15/Jan/2019:11:51:51 +0100] "GET /reload?ser=1547549511931 HTTP/1.1" 200 28 "http://renault.2web.at/result?searchterm=true&search=Original+Ersatzteil" "Mozilla/5.0 (Windows NT 6.1; WOW64; Trident/7.0; rv:11.0) like Gecko"
40.77.167.93 - - [15/Jan/2019:11:51:55 +0100] "GET /js/prototip.js HTTP/1.1" 200 4588 "-" "Mozilla/5.0 (compatible; bingbot/2.0; +http://www.bing.com/bingbot.htm)"
40.77.167.93 - - [15/Jan/2019:11:51:56 +0100] "GET /loadthumbnail.php?id=10203276 HTTP/1.1" 200 75 "-" "Mozilla/5.0 (compatible; bingbot/2.0; +http://www.bing.com/bingbot.htm)"
40.77.167.93 - - [15/Jan/2019:11:51:57 +0100] "GET /loadthumbnail.php?id=10260875&width=113 HTTP/1.1" 200 1170 "-" "Mozilla/5.0 (compatible; bingbot/2.0; +http://www.bing.com/bingbot.htm)"
40.77.167.93 - - [15/Jan/2019:11:51:57 +0100] "GET /loadthumbnail.php?id=10919466&width=113 HTTP/1.1" 200 1477 "-" "Mozilla/5.0 (compatible; bingbot/2.0; +http://www.bing.com/bingbot.htm)"
40.77.167.93 - - [15/Jan/2019:11:51:57 +0100] "GET /loadthumbnail.php?id=11885851&width=113 HTTP/1.1" 200 1576 "-" "Mozilla/5.0 (compatible; bingbot/2.0; +http://www.bing.com/bingbot.htm)"
207.46.13.146 - - [15/Jan/2019:11:52:00 +0100] "GET /loadthumbnail.php?id=10203275 HTTP/1.1" 200 85 "-" "Mozilla/5.0 (compatible; bingbot/2.0; +http://www.bing.com/bingbot.htm)"
207.46.13.146 - - [15/Jan/2019:11:52:01 +0100] "GET /loadthumbnail.php?id=10260861&width=113 HTTP/1.1" 200 1170 "-" "Mozilla/5.0 (compatible; bingbot/2.0; +http://www.bing.com/bingbot.htm)"
207.46.13.146 - - [15/Jan/2019:11:52:01 +0100] "GET /loadthumbnail.php?id=10260863&width=113 HTTP/1.1" 200 1170 "-" "Mozilla/5.0 (compatible; bingbot/2.0; +http://www.bing.com/bingbot.htm)"
207.46.13.146 - - [15/Jan/2019:11:52:03 +0100] "GET /loadthumbnail.php?id=10915652&width=113 HTTP/1.1" 200 1387 "-" "Mozilla/5.0 (compatible; bingbot/2.0; +http://www.bing.com/bingbot.htm)"
207.46.13.146 - - [15/Jan/2019:11:52:03 +0100] "GET /loadthumbnail.php?id=11036124&width=113 HTTP/1.1" 200 1328 "-" "Mozilla/5.0 (compatible; bingbot/2.0; +http://www.bing.com/bingbot.htm)"
207.46.13.146 - - [15/Jan/2019:11:52:08 +0100] "GET /loadthumbnail.php?id=11036126&width=113 HTTP/1.1" 200 1377 "-" "Mozilla/5.0 (compatible; bingbot/2.0; +http://www.bing.com/bingbot.htm)"
80.123.225.36 - - [15/Jan/2019:11:52:09 +0100] "GET /reload?ser=1547549686522 HTTP/1.1" 200 28 "http://renault.activities.at/" "Mozilla/5.0 (Windows NT 6.1; Win64; x64; rv:64.0) Gecko/20100101 Firefox/64.0"
193.194.132.27 - - [15/Jan/2019:11:52:10 +0100] "GET /reload?ser=1547549530034 HTTP/1.1" 200 28 "http://renault.2web.at/account?loadrequest=true" "Mozilla/5.0 (Windows NT 10.0; WOW64; Trident/7.0; Touch; rv:11.0) like Gecko"
157.55.39.193 - - [15/Jan/2019:11:52:14 +0100] "GET /loadthumbnail.php?id=10203650&width=113 HTTP/1.1" 200 2741 "-" "Mozilla/5.0 (compatible; bingbot/2.0; +http://www.bing.com/bingbot.htm)"
157.55.39.193 - - [15/Jan/2019:11:52:15 +0100] "GET /loadthumbnail.php?id=10915886&width=113 HTTP/1.1" 200 1376 "-" "Mozilla/5.0 (compatible; bingbot/2.0; +http://www.bing.com/bingbot.htm)"
213.153.47.173 - - [15/Jan/2019:11:52:17 +0100] "GET /reload?ser=1547549537021 HTTP/1.1" 200 28 "http://renault.activities.at/login?required=true" "Mozilla/5.0 (Windows NT 10.0; Win64; x64; rv:64.0) Gecko/20100101 Firefox/64.0"
213.153.47.173 - - [15/Jan/2019:11:52:21 +0100] "GET /reload?ser=1547549541521 HTTP/1.1" 200 28 "http://renault.activities.at/11813616" "Mozilla/5.0 (Windows NT 10.0; Win64; x64; rv:64.0) Gecko/20100101 Firefox/64.0"
80.123.105.158 - - [15/Jan/2019:11:52:27 +0100] "GET /reload?ser=1547549547871 HTTP/1.1" 200 28 "http://renault.activities.at/10201634" "Mozilla/5.0 (Windows NT 6.1; WOW64; Trident/7.0; rv:11.0) like Gecko"
193.194.132.27 - - [15/Jan/2019:11:52:53 +0100] "GET /reload?ser=1547549573010 HTTP/1.1" 200 28 "http://renault.2web.at/result?searchterm=true&search=Original+Ersatzteil" "Mozilla/5.0 (Windows NT 6.1; WOW64; Trident/7.0; rv:11.0) like Gecko"
80.123.225.36 - - [15/Jan/2019:11:53:10 +0100] "GET /reload?ser=1547549747161 HTTP/1.1" 200 28 "http://renault.activities.at/" "Mozilla/5.0 (Windows NT 6.1; Win64; x64; rv:64.0) Gecko/20100101 Firefox/64.0"
193.194.132.27 - - [15/Jan/2019:11:53:11 +0100] "GET /reload?ser=1547549591144 HTTP/1.1" 200 28 "http://renault.2web.at/account?loadrequest=true" "Mozilla/5.0 (Windows NT 10.0; WOW64; Trident/7.0; Touch; rv:11.0) like Gecko"
213.153.47.173 - - [15/Jan/2019:11:53:17 +0100] "GET /reload?ser=1547549597691 HTTP/1.1" 200 28 "http://renault.activities.at/login?required=true" "Mozilla/5.0 (Windows NT 10.0; Win64; x64; rv:64.0) Gecko/20100101 Firefox/64.0"
213.153.47.173 - - [15/Jan/2019:11:53:22 +0100] "GET /reload?ser=1547549602511 HTTP/1.1" 200 28 "http://renault.activities.at/11813616" "Mozilla/5.0 (Windows NT 10.0; Win64; x64; rv:64.0) Gecko/20100101 Firefox/64.0"
80.123.105.158 - - [15/Jan/2019:11:53:28 +0100] "GET /reload?ser=1547549608849 HTTP/1.1" 200 28 "http://renault.activities.at/10201634" "Mozilla/5.0 (Windows NT 6.1; WOW64; Trident/7.0; rv:11.0) like Gecko"
193.194.132.27 - - [15/Jan/2019:11:53:54 +0100] "GET /reload?ser=1547549634165 HTTP/1.1" 200 28 "http://renault.2web.at/result?searchterm=true&search=Original+Ersatzteil" "Mozilla/5.0 (Windows NT 6.1; WOW64; Trident/7.0; rv:11.0) like Gecko"
80.123.225.36 - - [15/Jan/2019:11:54:10 +0100] "GET /reload?ser=1547549807799 HTTP/1.1" 200 28 "http://renault.activities.at/" "Mozilla/5.0 (Windows NT 6.1; Win64; x64; rv:64.0) Gecko/20100101 Firefox/64.0"
193.194.132.27 - - [15/Jan/2019:11:54:12 +0100] "GET /reload?ser=1547549652199 HTTP/1.1" 200 28 "http://renault.2web.at/account?loadrequest=true" "Mozilla/5.0 (Windows NT 10.0; WOW64; Trident/7.0; Touch; rv:11.0) like Gecko"
213.153.47.173 - - [15/Jan/2019:11:54:18 +0100] "GET /reload?ser=1547549658351 HTTP/1.1" 200 28 "http://renault.activities.at/login?required=true" "Mozilla/5.0 (Windows NT 10.0; Win64; x64; rv:64.0) Gecko/20100101 Firefox/64.0"
213.153.47.173 - - [15/Jan/2019:11:54:23 +0100] "GET /reload?ser=1547549663472 HTTP/1.1" 200 28 "http://renault.activities.at/11813616" "Mozilla/5.0 (Windows NT 10.0; Win64; x64; rv:64.0) Gecko/20100101 Firefox/64.0"
80.123.105.158 - - [15/Jan/2019:11:54:29 +0100] "GET /reload?ser=1547549669798 HTTP/1.1" 200 28 "http://renault.activities.at/10201634" "Mozilla/5.0 (Windows NT 6.1; WOW64; Trident/7.0; rv:11.0) like Gecko"
193.194.132.27 - - [15/Jan/2019:11:54:55 +0100] "GET /reload?ser=1547549695195 HTTP/1.1" 200 28 "http://renault.2web.at/result?searchterm=true&search=Original+Ersatzteil" "Mozilla/5.0 (Windows NT 6.1; WOW64; Trident/7.0; rv:11.0) like Gecko"
80.123.225.36 - - [15/Jan/2019:11:55:11 +0100] "GET /reload?ser=1547549868436 HTTP/1.1" 200 28 "http://renault.activities.at/" "Mozilla/5.0 (Windows NT 6.1; Win64; x64; rv:64.0) Gecko/20100101 Firefox/64.0"
193.194.132.27 - - [15/Jan/2019:11:55:13 +0100] "GET /reload?ser=1547549713256 HTTP/1.1" 200 28 "http://renault.2web.at/account?loadrequest=true" "Mozilla/5.0 (Windows NT 10.0; WOW64; Trident/7.0; Touch; rv:11.0) like Gecko"
213.153.47.173 - - [15/Jan/2019:11:55:19 +0100] "GET /reload?ser=1547549719011 HTTP/1.1" 200 28 "http://renault.activities.at/login?required=true" "Mozilla/5.0 (Windows NT 10.0; Win64; x64; rv:64.0) Gecko/20100101 Firefox/64.0"
213.153.47.173 - - [15/Jan/2019:11:55:24 +0100] "GET /reload?ser=1547549724452 HTTP/1.1" 200 28 "http://renault.activities.at/11813616" "Mozilla/5.0 (Windows NT 10.0; Win64; x64; rv:64.0) Gecko/20100101 Firefox/64.0"
80.123.105.158 - - [15/Jan/2019:11:55:30 +0100] "GET /reload?ser=1547549730761 HTTP/1.1" 200 28 "http://renault.activities.at/10201634" "Mozilla/5.0 (Windows NT 6.1; WOW64; Trident/7.0; rv:11.0) like Gecko"
80.123.105.158 - - [15/Jan/2019:11:55:39 +0100] "GET /10201634 HTTP/1.1" 200 9374 "http://renault.activities.at/10201634" "Mozilla/5.0 (Windows NT 6.1; WOW64; Trident/7.0; rv:11.0) like Gecko"
80.123.105.158 - - [15/Jan/2019:11:55:40 +0100] "GET /js/default.js HTTP/1.1" 304 - "http://renault.activities.at/10201634" "Mozilla/5.0 (Windows NT 6.1; WOW64; Trident/7.0; rv:11.0) like Gecko"
80.123.105.158 - - [15/Jan/2019:11:55:40 +0100] "GET /js/prototip.js HTTP/1.1" 304 - "http://renault.activities.at/10201634" "Mozilla/5.0 (Windows NT 6.1; WOW64; Trident/7.0; rv:11.0) like Gecko"
80.123.105.158 - - [15/Jan/2019:11:55:40 +0100] "GET /css/reset.css HTTP/1.1" 304 - "http://renault.activities.at/10201634" "Mozilla/5.0 (Windows NT 6.1; WOW64; Trident/7.0; rv:11.0) like Gecko"
80.123.105.158 - - [15/Jan/2019:11:55:40 +0100] "GET /css/styles.css HTTP/1.1" 304 - "http://renault.activities.at/10201634" "Mozilla/5.0 (Windows NT 6.1; WOW64; Trident/7.0; rv:11.0) like Gecko"
80.123.105.158 - - [15/Jan/2019:11:55:40 +0100] "GET /css/clears.css HTTP/1.1" 304 - "http://renault.activities.at/10201634" "Mozilla/5.0 (Windows NT 6.1; WOW64; Trident/7.0; rv:11.0) like Gecko"
80.123.105.158 - - [15/Jan/2019:11:55:40 +0100] "GET /js/checkout.css HTTP/1.1" 304 - "http://renault.activities.at/10201634" "Mozilla/5.0 (Windows NT 6.1; WOW64; Trident/7.0; rv:11.0) like Gecko"
80.123.105.158 - - [15/Jan/2019:11:55:40 +0100] "GET /css/prototip.css HTTP/1.1" 304 - "http://renault.activities.at/10201634" "Mozilla/5.0 (Windows NT 6.1; WOW64; Trident/7.0; rv:11.0) like Gecko"
80.123.105.158 - - [15/Jan/2019:11:55:40 +0100] "GET /css/themes/alphacube.css HTTP/1.1" 304 - "http://renault.activities.at/10201634" "Mozilla/5.0 (Windows NT 6.1; WOW64; Trident/7.0; rv:11.0) like Gecko"
80.123.105.158 - - [15/Jan/2019:11:55:40 +0100] "GET /css/print.css HTTP/1.1" 304 - "http://renault.activities.at/10201634" "Mozilla/5.0 (Windows NT 6.1; WOW64; Trident/7.0; rv:11.0) like Gecko"
80.123.105.158 - - [15/Jan/2019:11:55:40 +0100] "GET /css/themes/default.css HTTP/1.1" 304 - "http://renault.activities.at/10201634" "Mozilla/5.0 (Windows NT 6.1; WOW64; Trident/7.0; rv:11.0) like Gecko"
80.123.105.158 - - [15/Jan/2019:11:55:40 +0100] "GET /js/ProduktGrp.js HTTP/1.1" 304 - "http://renault.activities.at/10201634" "Mozilla/5.0 (Windows NT 6.1; WOW64; Trident/7.0; rv:11.0) like Gecko"
80.123.105.158 - - [15/Jan/2019:11:55:40 +0100] "GET /images/loading.gif HTTP/1.1" 304 - "http://renault.activities.at/10201634" "Mozilla/5.0 (Windows NT 6.1; WOW64; Trident/7.0; rv:11.0) like Gecko"
80.123.105.158 - - [15/Jan/2019:11:55:40 +0100] "GET /images/header_block_border.gif HTTP/1.1" 304 - "http://renault.activities.at/10201634" "Mozilla/5.0 (Windows NT 6.1; WOW64; Trident/7.0; rv:11.0) like Gecko"
80.123.105.158 - - [15/Jan/2019:11:55:40 +0100] "GET /images/header_block_corner_right_top.gif HTTP/1.1" 304 - "http://renault.activities.at/10201634" "Mozilla/5.0 (Windows NT 6.1; WOW64; Trident/7.0; rv:11.0) like Gecko"
80.123.105.158 - - [15/Jan/2019:11:55:40 +0100] "GET /images/search_bg.gif HTTP/1.1" 304 - "http://renault.activities.at/10201634" "Mozilla/5.0 (Windows NT 6.1; WOW64; Trident/7.0; rv:11.0) like Gecko"
80.123.105.158 - - [15/Jan/2019:11:55:40 +0100] "GET /images/main_block_corner_left_top.gif HTTP/1.1" 304 - "http://renault.activities.at/10201634" "Mozilla/5.0 (Windows NT 6.1; WOW64; Trident/7.0; rv:11.0) like Gecko"
80.123.105.158 - - [15/Jan/2019:11:55:40 +0100] "GET /images/main_block_border.gif HTTP/1.1" 304 - "http://renault.activities.at/10201634" "Mozilla/5.0 (Windows NT 6.1; WOW64; Trident/7.0; rv:11.0) like Gecko"
80.123.105.158 - - [15/Jan/2019:11:55:40 +0100] "GET /images/header_block_corner_left_top.gif HTTP/1.1" 304 - "http://renault.activities.at/10201634" "Mozilla/5.0 (Windows NT 6.1; WOW64; Trident/7.0; rv:11.0) like Gecko"
80.123.105.158 - - [15/Jan/2019:11:55:40 +0100] "GET /images/main_block_corner_right_top.gif HTTP/1.1" 304 - "http://renault.activities.at/10201634" "Mozilla/5.0 (Windows NT 6.1; WOW64; Trident/7.0; rv:11.0) like Gecko"
80.123.105.158 - - [15/Jan/2019:11:55:40 +0100] "GET /images/main_block_corner_left_bot.gif HTTP/1.1" 304 - "http://renault.activities.at/10201634" "Mozilla/5.0 (Windows NT 6.1; WOW64; Trident/7.0; rv:11.0) like Gecko"
80.123.105.158 - - [15/Jan/2019:11:55:40 +0100] "GET /images/main_block_corner_right_bot.gif HTTP/1.1" 304 - "http://renault.activities.at/10201634" "Mozilla/5.0 (Windows NT 6.1; WOW64; Trident/7.0; rv:11.0) like Gecko"
80.123.105.158 - - [15/Jan/2019:11:55:40 +0100] "GET /images/pager_bg.gif HTTP/1.1" 304 - "http://renault.activities.at/10201634" "Mozilla/5.0 (Windows NT 6.1; WOW64; Trident/7.0; rv:11.0) like Gecko"
80.123.105.158 - - [15/Jan/2019:11:55:40 +0100] "GET /images/top_links_divider.gif HTTP/1.1" 304 - "http://renault.activities.at/10201634" "Mozilla/5.0 (Windows NT 6.1; WOW64; Trident/7.0; rv:11.0) like Gecko"
80.123.105.158 - - [15/Jan/2019:11:55:40 +0100] "GET /images/menu_button_bg.jpg HTTP/1.1" 304 - "http://renault.activities.at/10201634" "Mozilla/5.0 (Windows NT 6.1; WOW64; Trident/7.0; rv:11.0) like Gecko"
80.123.105.158 - - [15/Jan/2019:11:55:40 +0100] "GET /images/menu_divider.gif HTTP/1.1" 304 - "http://renault.activities.at/10201634" "Mozilla/5.0 (Windows NT 6.1; WOW64; Trident/7.0; rv:11.0) like Gecko"
80.123.105.158 - - [15/Jan/2019:11:55:40 +0100] "GET /images/button_left_bg.gif HTTP/1.1" 304 - "http://renault.activities.at/10201634" "Mozilla/5.0 (Windows NT 6.1; WOW64; Trident/7.0; rv:11.0) like Gecko"
80.123.105.158 - - [15/Jan/2019:11:55:40 +0100] "GET /images/sidebar_title_border.gif HTTP/1.1" 304 - "http://renault.activities.at/10201634" "Mozilla/5.0 (Windows NT 6.1; WOW64; Trident/7.0; rv:11.0) like Gecko"
80.123.105.158 - - [15/Jan/2019:11:55:40 +0100] "GET /images/nav_divider.gif HTTP/1.1" 304 - "http://renault.activities.at/10201634" "Mozilla/5.0 (Windows NT 6.1; WOW64; Trident/7.0; rv:11.0) like Gecko"
80.123.105.158 - - [15/Jan/2019:11:55:40 +0100] "GET /images/sidebar_title_border_top.gif HTTP/1.1" 304 - "http://renault.activities.at/10201634" "Mozilla/5.0 (Windows NT 6.1; WOW64; Trident/7.0; rv:11.0) like Gecko"
80.123.105.158 - - [15/Jan/2019:11:55:40 +0100] "GET /images/sidebar_title_corner_right_top.gif HTTP/1.1" 304 - "http://renault.activities.at/10201634" "Mozilla/5.0 (Windows NT 6.1; WOW64; Trident/7.0; rv:11.0) like Gecko"
80.123.105.158 - - [15/Jan/2019:11:55:40 +0100] "GET /images/button_right_bg.gif HTTP/1.1" 304 - "http://renault.activities.at/10201634" "Mozilla/5.0 (Windows NT 6.1; WOW64; Trident/7.0; rv:11.0) like Gecko"
80.123.105.158 - - [15/Jan/2019:11:55:40 +0100] "GET /images/button_bg.gif HTTP/1.1" 304 - "http://renault.activities.at/10201634" "Mozilla/5.0 (Windows NT 6.1; WOW64; Trident/7.0; rv:11.0) like Gecko"
80.123.105.158 - - [15/Jan/2019:11:55:40 +0100] "GET /images/sub_title_bg.jpg HTTP/1.1" 304 - "http://renault.activities.at/10201634" "Mozilla/5.0 (Windows NT 6.1; WOW64; Trident/7.0; rv:11.0) like Gecko"
80.123.105.158 - - [15/Jan/2019:11:55:40 +0100] "GET /images/sidebar_title_corner_left_top.gif HTTP/1.1" 304 - "http://renault.activities.at/10201634" "Mozilla/5.0 (Windows NT 6.1; WOW64; Trident/7.0; rv:11.0) like Gecko"
80.123.105.158 - - [15/Jan/2019:11:55:40 +0100] "GET /images/title_border_top.jpg HTTP/1.1" 304 - "http://renault.activities.at/10201634" "Mozilla/5.0 (Windows NT 6.1; WOW64; Trident/7.0; rv:11.0) like Gecko"
80.123.105.158 - - [15/Jan/2019:11:55:40 +0100] "GET /images/title_border.jpg HTTP/1.1" 304 - "http://renault.activities.at/10201634" "Mozilla/5.0 (Windows NT 6.1; WOW64; Trident/7.0; rv:11.0) like Gecko"
80.123.105.158 - - [15/Jan/2019:11:55:40 +0100] "GET /images/title_corner_left_top.jpg HTTP/1.1" 304 - "http://renault.activities.at/10201634" "Mozilla/5.0 (Windows NT 6.1; WOW64; Trident/7.0; rv:11.0) like Gecko"
80.123.105.158 - - [15/Jan/2019:11:55:40 +0100] "GET /images/title_corner_right_top.jpg HTTP/1.1" 304 - "http://renault.activities.at/10201634" "Mozilla/5.0 (Windows NT 6.1; WOW64; Trident/7.0; rv:11.0) like Gecko"
80.123.105.158 - - [15/Jan/2019:11:55:41 +0100] "GET /images/vista-up.gif HTTP/1.1" 304 - "http://renault.activities.at/10201634" "Mozilla/5.0 (Windows NT 6.1; WOW64; Trident/7.0; rv:11.0) like Gecko"
80.123.105.158 - - [15/Jan/2019:11:55:41 +0100] "GET /images/vista-dn.gif HTTP/1.1" 304 - "http://renault.activities.at/10201634" "Mozilla/5.0 (Windows NT 6.1; WOW64; Trident/7.0; rv:11.0) like Gecko"
80.123.105.158 - - [15/Jan/2019:11:55:41 +0100] "GET /images/validation_advice_bg.gif HTTP/1.1" 304 - "http://renault.activities.at/10201634" "Mozilla/5.0 (Windows NT 6.1; WOW64; Trident/7.0; rv:11.0) like Gecko"
80.123.105.158 - - [15/Jan/2019:11:55:41 +0100] "GET /images/footer_divider.gif HTTP/1.1" 304 - "http://renault.activities.at/10201634" "Mozilla/5.0 (Windows NT 6.1; WOW64; Trident/7.0; rv:11.0) like Gecko"
80.123.105.158 - - [15/Jan/2019:11:55:46 +0100] "GET /10201634?cat=10260249 HTTP/1.1" 200 9741 "http://renault.activities.at/10201634" "Mozilla/5.0 (Windows NT 6.1; WOW64; Trident/7.0; rv:11.0) like Gecko"
80.123.105.158 - - [15/Jan/2019:11:55:49 +0100] "GET /js/default.js HTTP/1.1" 304 - "http://renault.activities.at/10201634?cat=10260249" "Mozilla/5.0 (Windows NT 6.1; WOW64; Trident/7.0; rv:11.0) like Gecko"
80.123.105.158 - - [15/Jan/2019:11:55:49 +0100] "GET /js/prototip.js HTTP/1.1" 304 - "http://renault.activities.at/10201634?cat=10260249" "Mozilla/5.0 (Windows NT 6.1; WOW64; Trident/7.0; rv:11.0) like Gecko"
80.123.105.158 - - [15/Jan/2019:11:55:49 +0100] "GET /css/print.css HTTP/1.1" 304 - "http://renault.activities.at/10201634?cat=10260249" "Mozilla/5.0 (Windows NT 6.1; WOW64; Trident/7.0; rv:11.0) like Gecko"
80.123.105.158 - - [15/Jan/2019:11:55:49 +0100] "GET /css/clears.css HTTP/1.1" 304 - "http://renault.activities.at/10201634?cat=10260249" "Mozilla/5.0 (Windows NT 6.1; WOW64; Trident/7.0; rv:11.0) like Gecko"
80.123.105.158 - - [15/Jan/2019:11:55:49 +0100] "GET /css/reset.css HTTP/1.1" 304 - "http://renault.activities.at/10201634?cat=10260249" "Mozilla/5.0 (Windows NT 6.1; WOW64; Trident/7.0; rv:11.0) like Gecko"
80.123.105.158 - - [15/Jan/2019:11:55:49 +0100] "GET /js/checkout.css HTTP/1.1" 304 - "http://renault.activities.at/10201634?cat=10260249" "Mozilla/5.0 (Windows NT 6.1; WOW64; Trident/7.0; rv:11.0) like Gecko"
80.123.105.158 - - [15/Jan/2019:11:55:49 +0100] "GET /css/styles.css HTTP/1.1" 304 - "http://renault.activities.at/10201634?cat=10260249" "Mozilla/5.0 (Windows NT 6.1; WOW64; Trident/7.0; rv:11.0) like Gecko"
80.123.105.158 - - [15/Jan/2019:11:55:49 +0100] "GET /css/themes/default.css HTTP/1.1" 304 - "http://renault.activities.at/10201634?cat=10260249" "Mozilla/5.0 (Windows NT 6.1; WOW64; Trident/7.0; rv:11.0) like Gecko"
80.123.105.158 - - [15/Jan/2019:11:55:49 +0100] "GET /js/ProduktGrp.js HTTP/1.1" 304 - "http://renault.activities.at/10201634?cat=10260249" "Mozilla/5.0 (Windows NT 6.1; WOW64; Trident/7.0; rv:11.0) like Gecko"
80.123.105.158 - - [15/Jan/2019:11:55:49 +0100] "GET /css/prototip.css HTTP/1.1" 304 - "http://renault.activities.at/10201634?cat=10260249" "Mozilla/5.0 (Windows NT 6.1; WOW64; Trident/7.0; rv:11.0) like Gecko"
80.123.105.158 - - [15/Jan/2019:11:55:49 +0100] "GET /css/themes/alphacube.css HTTP/1.1" 304 - "http://renault.activities.at/10201634?cat=10260249" "Mozilla/5.0 (Windows NT 6.1; WOW64; Trident/7.0; rv:11.0) like Gecko"
80.123.105.158 - - [15/Jan/2019:11:55:49 +0100] "GET /images/loading.gif HTTP/1.1" 304 - "http://renault.activities.at/10201634?cat=10260249" "Mozilla/5.0 (Windows NT 6.1; WOW64; Trident/7.0; rv:11.0) like Gecko"
80.123.105.158 - - [15/Jan/2019:11:55:49 +0100] "GET /loadthumbnail.php?id=11117056&width=113 HTTP/1.1" 200 2184 "http://renault.activities.at/10201634?cat=10260249" "Mozilla/5.0 (Windows NT 6.1; WOW64; Trident/7.0; rv:11.0) like Gecko"
80.123.105.158 - - [15/Jan/2019:11:55:49 +0100] "GET /loadthumbnail.php?id=10203650&width=113 HTTP/1.1" 200 2741 "http://renault.activities.at/10201634?cat=10260249" "Mozilla/5.0 (Windows NT 6.1; WOW64; Trident/7.0; rv:11.0) like Gecko"
80.123.105.158 - - [15/Jan/2019:11:55:49 +0100] "GET /loadthumbnail.php?id=11573493&width=113 HTTP/1.1" 200 8256 "http://renault.activities.at/10201634?cat=10260249" "Mozilla/5.0 (Windows NT 6.1; WOW64; Trident/7.0; rv:11.0) like Gecko"
80.123.105.158 - - [15/Jan/2019:11:55:49 +0100] "GET /loadthumbnail.php?id=11146700&width=113 HTTP/1.1" 200 1415 "http://renault.activities.at/10201634?cat=10260249" "Mozilla/5.0 (Windows NT 6.1; WOW64; Trident/7.0; rv:11.0) like Gecko"
80.123.105.158 - - [15/Jan/2019:11:55:49 +0100] "GET /loadthumbnail.php?id=10201939&width=15&height=15 HTTP/1.1" 200 201 "http://renault.activities.at/10201634?cat=10260249" "Mozilla/5.0 (Windows NT 6.1; WOW64; Trident/7.0; rv:11.0) like Gecko"
80.123.105.158 - - [15/Jan/2019:11:55:50 +0100] "GET /images/main_block_corner_left_bot.gif HTTP/1.1" 304 - "http://renault.activities.at/10201634?cat=10260249" "Mozilla/5.0 (Windows NT 6.1; WOW64; Trident/7.0; rv:11.0) like Gecko"
