80.123.105.158 - - [15/Jan/2019:11:57:11 +0100] "GET /images/main_block_border.gif HTTP/1.1" 304 - "http://renault.activities.at/10201634?dir=DESC&mode=grid&order=name&limit=15&page=1&cat=10260260" "Mozilla/5.0 (Windows NT 6.1; WOW64; Trident/7.0; rv:11.0) like Gecko"
80.123.105.158 - - [15/Jan/2019:11:57:11 +0100] "GET /images/search_bg.gif HTTP/1.1" 304 - "http://renault.activities.at/10201634?dir=DESC&mode=grid&order=name&limit=15&page=1&cat=10260260" "Mozilla/5.0 (Windows NT 6.1; WOW64; Trident/7.0; rv:11.0) like Gecko"
80.123.105.158 - - [15/Jan/2019:11:57:11 +0100] "GET /images/main_block_corner_right_bot.gif HTTP/1.1" 304 - "http://renault.activities.at/10201634?dir=DESC&mode=grid&order=name&limit=15&page=1&cat=10260260" "Mozilla/5.0 (Windows NT 6.1; WOW64; Trident/7.0; rv:11.0) like Gecko"
80.123.105.158 - - [15/Jan/2019:11:57:11 +0100] "GET /images/header_block_border.gif HTTP/1.1" 304 - "http://renault.activities.at/10201634?dir=DESC&mode=grid&order=name&limit=15&page=1&cat=10260260" "Mozilla/5.0 (Windows NT 6.1; WOW64; Trident/7.0; rv:11.0) like Gecko"
80.123.105.158 - - [15/Jan/2019:11:57:11 +0100] "GET /images/sub_title_bg.jpg HTTP/1.1" 304 - "http://renault.activities.at/10201634?dir=DESC&mode=grid&order=name&limit=15&page=1&cat=10260260" "Mozilla/5.0 (Windows NT 6.1; WOW64; Trident/7.0; rv:11.0) like Gecko"
80.123.105.158 - - [15/Jan/2019:11:57:11 +0100] "GET /images/header_block_corner_right_top.gif HTTP/1.1" 304 - "http://renault.activities.at/10201634?dir=DESC&mode=grid&order=name&limit=15&page=1&cat=10260260" "Mozilla/5.0 (Windows NT 6.1; WOW64; Trident/7.0; rv:11.0) like Gecko"
80.123.105.158 - - [15/Jan/2019:11:57:11 +0100] "GET /images/pager_bg.gif HTTP/1.1" 304 - "http://renault.activities.at/10201634?dir=DESC&mode=grid&order=name&limit=15&page=1&cat=10260260" "Mozilla/5.0 (Windows NT 6.1; WOW64; Trident/7.0; rv:11.0) like Gecko"
80.123.105.158 - - [15/Jan/2019:11:57:11 +0100] "GET /images/sidebar_title_border.gif HTTP/1.1" 304 - "http://renault.activities.at/10201634?dir=DESC&mode=grid&order=name&limit=15&page=1&cat=10260260" "Mozilla/5.0 (Windows NT 6.1; WOW64; Trident/7.0; rv:11.0) like Gecko"
80.123.105.158 - - [15/Jan/2019:11:57:11 +0100] "GET /images/footer_divider.gif HTTP/1.1" 304 - "http://renault.activities.at/10201634?dir=DESC&mode=grid&order=name&limit=15&page=1&cat=10260260" "Mozilla/5.0 (Windows NT 6.1; WOW64; Trident/7.0; rv:11.0) like Gecko"
80.123.105.158 - - [15/Jan/2019:11:57:11 +0100] "GET /images/validation_advice_bg.gif HTTP/1.1" 304 - "http://renault.activities.at/10201634?dir=DESC&mode=grid&order=name&limit=15&page=1&cat=10260260" "Mozilla/5.0 (Windows NT 6.1; WOW64; Trident/7.0; rv:11.0) like Gecko"
80.123.105.158 - - [15/Jan/2019:11:57:11 +0100] "GET /images/menu_divider.gif HTTP/1.1" 304 - "http://renault.activities.at/10201634?dir=DESC&mode=grid&order=name&limit=15&page=1&cat=10260260" "Mozilla/5.0 (Windows NT 6.1; WOW64; Trident/7.0; rv:11.0) like Gecko"
80.123.105.158 - - [15/Jan/2019:11:57:11 +0100] "GET /images/nav_divider.gif HTTP/1.1" 304 - "http://renault.activities.at/10201634?dir=DESC&mode=grid&order=name&limit=15&page=1&cat=10260260" "Mozilla/5.0 (Windows NT 6.1; WOW64; Trident/7.0; rv:11.0) like Gecko"
80.123.105.158 - - [15/Jan/2019:11:57:11 +0100] "GET /images/button_bg.gif HTTP/1.1" 304 - "http://renault.activities.at/10201634?dir=DESC&mode=grid&order=name&limit=15&page=1&cat=10260260" "Mozilla/5.0 (Windows NT 6.1; WOW64; Trident/7.0; rv:11.0) like Gecko"
80.123.105.158 - - [15/Jan/2019:11:57:11 +0100] "GET /images/top_links_divider.gif HTTP/1.1" 304 - "http://renault.activities.at/10201634?dir=DESC&mode=grid&order=name&limit=15&page=1&cat=10260260" "Mozilla/5.0 (Windows NT 6.1; WOW64; Trident/7.0; rv:11.0) like Gecko"
80.123.105.158 - - [15/Jan/2019:11:57:11 +0100] "GET /images/button_right_bg.gif HTTP/1.1" 304 - "http://renault.activities.at/10201634?dir=DESC&mode=grid&order=name&limit=15&page=1&cat=10260260" "Mozilla/5.0 (Windows NT 6.1; WOW64; Trident/7.0; rv:11.0) like Gecko"
80.123.105.158 - - [15/Jan/2019:11:57:11 +0100] "GET /images/sidebar_title_border_top.gif HTTP/1.1" 304 - "http://renault.activities.at/10201634?dir=DESC&mode=grid&order=name&limit=15&page=1&cat=10260260" "Mozilla/5.0 (Windows NT 6.1; WOW64; Trident/7.0; rv:11.0) like Gecko"
80.123.105.158 - - [15/Jan/2019:11:57:11 +0100] "GET /images/title_border_top.jpg HTTP/1.1" 304 - "http://renault.activities.at/10201634?dir=DESC&mode=grid&order=name&limit=15&page=1&cat=10260260" "Mozilla/5.0 (Windows NT 6.1; WOW64; Trident/7.0; rv:11.0) like Gecko"
80.123.105.158 - - [15/Jan/2019:11:57:11 +0100] "GET /images/title_corner_left_top.jpg HTTP/1.1" 304 - "http://renault.activities.at/10201634?dir=DESC&mode=grid&order=name&limit=15&page=1&cat=10260260" "Mozilla/5.0 (Windows NT 6.1; WOW64; Trident/7.0; rv:11.0) like Gecko"
80.123.105.158 - - [15/Jan/2019:11:57:11 +0100] "GET /images/title_corner_right_top.jpg HTTP/1.1" 304 - "http://renault.activities.at/10201634?dir=DESC&mode=grid&order=name&limit=15&page=1&cat=10260260" "Mozilla/5.0 (Windows NT 6.1; WOW64; Trident/7.0; rv:11.0) like Gecko"
80.123.105.158 - - [15/Jan/2019:11:57:11 +0100] "GET /images/sidebar_title_corner_left_top.gif HTTP/1.1" 304 - "http://renault.activities.at/10201634?dir=DESC&mode=grid&order=name&limit=15&page=1&cat=10260260" "Mozilla/5.0 (Windows NT 6.1; WOW64; Trident/7.0; rv:11.0) like Gecko"
80.123.105.158 - - [15/Jan/2019:11:57:11 +0100] "GET /images/title_border.jpg HTTP/1.1" 304 - "http://renault.activities.at/10201634?dir=DESC&mode=grid&order=name&limit=15&page=1&cat=10260260" "Mozilla/5.0 (Windows NT 6.1; WOW64; Trident/7.0; rv:11.0) like Gecko"
80.123.105.158 - - [15/Jan/2019:11:57:11 +0100] "GET /images/menu_button_bg.jpg HTTP/1.1" 304 - "http://renault.activities.at/10201634?dir=DESC&mode=grid&order=name&limit=15&page=1&cat=10260260" "Mozilla/5.0 (Windows NT 6.1; WOW64; Trident/7.0; rv:11.0) like Gecko"
80.123.105.158 - - [15/Jan/2019:11:57:11 +0100] "GET /images/vista-up.gif HTTP/1.1" 304 - "http://renault.activities.at/10201634?dir=DESC&mode=grid&order=name&limit=15&page=1&cat=10260260" "Mozilla/5.0 (Windows NT 6.1; WOW64; Trident/7.0; rv:11.0) like Gecko"
80.123.105.158 - - [15/Jan/2019:11:57:11 +0100] "GET /images/sidebar_title_corner_right_top.gif HTTP/1.1" 304 - "http://renault.activities.at/10201634?dir=DESC&mode=grid&order=name&limit=15&page=1&cat=10260260" "Mozilla/5.0 (Windows NT 6.1; WOW64; Trident/7.0; rv:11.0) like Gecko"
80.123.105.158 - - [15/Jan/2019:11:57:11 +0100] "GET /images/button_left_bg.gif HTTP/1.1" 304 - "http://renault.activities.at/10201634?dir=DESC&mode=grid&order=name&limit=15&page=1&cat=10260260" "Mozilla/5.0 (Windows NT 6.1; WOW64; Trident/7.0; rv:11.0) like Gecko"
80.123.105.158 - - [15/Jan/2019:11:57:11 +0100] "GET /images/vista-dn.gif HTTP/1.1" 304 - "http://renault.activities.at/10201634?dir=DESC&mode=grid&order=name&limit=15&page=1&cat=10260260" "Mozilla/5.0 (Windows NT 6.1; WOW64; Trident/7.0; rv:11.0) like Gecko"
80.123.225.36 - - [15/Jan/2019:11:57:12 +0100] "GET /reload?ser=1547549989744 HTTP/1.1" 200 28 "http://renault.activities.at/" "Mozilla/5.0 (Windows NT 6.1; Win64; x64; rv:64.0) Gecko/20100101 Firefox/64.0"
193.194.132.27 - - [15/Jan/2019:11:57:15 +0100] "GET /reload?ser=1547549835385 HTTP/1.1" 200 28 "http://renault.2web.at/account?loadrequest=true" "Mozilla/5.0 (Windows NT 10.0; WOW64; Trident/7.0; Touch; rv:11.0) like Gecko"
213.153.47.173 - - [15/Jan/2019:11:57:20 +0100] "GET /reload?ser=1547549840331 HTTP/1.1" 200 28 "http://renault.activities.at/login?required=true" "Mozilla/5.0 (Windows NT 10.0; Win64; x64; rv:64.0) Gecko/20100101 Firefox/64.0"
213.153.47.173 - - [15/Jan/2019:11:57:26 +0100] "GET /reload?ser=1547549846432 HTTP/1.1" 200 28 "http://renault.activities.at/11813616" "Mozilla/5.0 (Windows NT 10.0; Win64; x64; rv:64.0) Gecko/20100101 Firefox/64.0"
80.123.105.158 - - [15/Jan/2019:11:57:35 +0100] "GET /images/vista-up-hover.gif HTTP/1.1" 200 130 "http://renault.activities.at/10201634?dir=DESC&mode=grid&order=name&limit=15&page=1&cat=10260260" "Mozilla/5.0 (Windows NT 6.1; WOW64; Trident/7.0; rv:11.0) like Gecko"
193.194.132.27 - - [15/Jan/2019:11:57:58 +0100] "GET /reload?ser=1547549878494 HTTP/1.1" 200 28 "http://renault.2web.at/result?searchterm=true&search=Original+Ersatzteil" "Mozilla/5.0 (Windows NT 6.1; WOW64; Trident/7.0; rv:11.0) like Gecko"
80.123.105.158 - - [15/Jan/2019:11:58:11 +0100] "GET /reload?ser=1547549891742 HTTP/1.1" 200 28 "http://renault.activities.at/10201634?dir=DESC&mode=grid&order=name&limit=15&page=1&cat=10260260" "Mozilla/5.0 (Windows NT 6.1; WOW64; Trident/7.0; rv:11.0) like Gecko"
80.123.225.36 - - [15/Jan/2019:11:58:13 +0100] "GET /reload?ser=1547550050387 HTTP/1.1" 200 28 "http://renault.activities.at/" "Mozilla/5.0 (Windows NT 6.1; Win64; x64; rv:64.0) Gecko/20100101 Firefox/64.0"
193.194.132.27 - - [15/Jan/2019:11:58:16 +0100] "GET /reload?ser=1547549896423 HTTP/1.1" 200 28 "http://renault.2web.at/account?loadrequest=true" "Mozilla/5.0 (Windows NT 10.0; WOW64; Trident/7.0; Touch; rv:11.0) like Gecko"
213.153.47.173 - - [15/Jan/2019:11:58:21 +0100] "GET /reload?ser=1547549900990 HTTP/1.1" 200 28 "http://renault.activities.at/login?required=true" "Mozilla/5.0 (Windows NT 10.0; Win64; x64; rv:64.0) Gecko/20100101 Firefox/64.0"
213.153.47.173 - - [15/Jan/2019:11:58:27 +0100] "GET /reload?ser=1547549907451 HTTP/1.1" 200 28 "http://renault.activities.at/11813616" "Mozilla/5.0 (Windows NT 10.0; Win64; x64; rv:64.0) Gecko/20100101 Firefox/64.0"
193.194.132.27 - - [15/Jan/2019:11:58:59 +0100] "GET /reload?ser=1547549939541 HTTP/1.1" 200 28 "http://renault.2web.at/result?searchterm=true&search=Original+Ersatzteil" "Mozilla/5.0 (Windows NT 6.1; WOW64; Trident/7.0; rv:11.0) like Gecko"
80.123.105.158 - - [15/Jan/2019:11:59:12 +0100] "GET /reload?ser=1547549952731 HTTP/1.1" 200 28 "http://renault.activities.at/10201634?dir=DESC&mode=grid&order=name&limit=15&page=1&cat=10260260" "Mozilla/5.0 (Windows NT 6.1; WOW64; Trident/7.0; rv:11.0) like Gecko"
178.115.129.204 - - [15/Jan/2019:11:59:13 +0100] "GET /account HTTP/1.1" 302 150 "-" "Mozilla/5.0 (iPhone; CPU iPhone OS 12_1_2 like Mac OS X) AppleWebKit/605.1.15 (KHTML, like Gecko) Version/12.0 Mobile/15E148 Safari/604.1"
178.115.129.204 - - [15/Jan/2019:11:59:13 +0100] "GET /login?required=true HTTP/1.1" 200 2086 "-" "Mozilla/5.0 (iPhone; CPU iPhone OS 12_1_2 like Mac OS X) AppleWebKit/605.1.15 (KHTML, like Gecko) Version/12.0 Mobile/15E148 Safari/604.1"
80.123.225.36 - - [15/Jan/2019:11:59:14 +0100] "GET /reload?ser=1547550111031 HTTP/1.1" 200 28 "http://renault.activities.at/" "Mozilla/5.0 (Windows NT 6.1; Win64; x64; rv:64.0) Gecko/20100101 Firefox/64.0"
178.115.129.204 - - [15/Jan/2019:11:59:14 +0100] "GET /apple-touch-icon-120x120-precomposed.png HTTP/1.1" 200 1559 "-" "MobileSafari/604.1 CFNetwork/976 Darwin/18.2.0"
178.115.129.204 - - [15/Jan/2019:11:59:15 +0100] "GET /apple-touch-icon-120x120.png HTTP/1.1" 200 1559 "-" "MobileSafari/604.1 CFNetwork/976 Darwin/18.2.0"
178.115.129.204 - - [15/Jan/2019:11:59:16 +0100] "GET /apple-touch-icon-precomposed.png HTTP/1.1" 200 1559 "-" "MobileSafari/604.1 CFNetwork/976 Darwin/18.2.0"
193.194.132.27 - - [15/Jan/2019:11:59:17 +0100] "GET /reload?ser=1547549957503 HTTP/1.1" 200 28 "http://renault.2web.at/account?loadrequest=true" "Mozilla/5.0 (Windows NT 10.0; WOW64; Trident/7.0; Touch; rv:11.0) like Gecko"
178.115.129.204 - - [15/Jan/2019:11:59:18 +0100] "GET /apple-touch-icon.png HTTP/1.1" 200 1559 "-" "MobileSafari/604.1 CFNetwork/976 Darwin/18.2.0"
178.115.129.204 - - [15/Jan/2019:11:59:19 +0100] "GET /images/favicon.ico HTTP/1.1" 404 305 "-" "MobileSafari/604.1 CFNetwork/976 Darwin/18.2.0"
178.115.129.204 - - [15/Jan/2019:11:59:19 +0100] "GET /images/favicon.ico HTTP/1.1" 404 305 "-" "MobileSafari/604.1 CFNetwork/976 Darwin/18.2.0"
178.115.129.204 - - [15/Jan/2019:11:59:19 +0100] "GET /favicon.ico HTTP/1.1" 200 3250 "-" "MobileSafari/604.1 CFNetwork/976 Darwin/18.2.0"
178.115.129.204 - - [15/Jan/2019:11:59:19 +0100] "GET /apple-touch-icon-120x120-precomposed.png HTTP/1.1" 200 1559 "-" "MobileSafari/604.1 CFNetwork/976 Darwin/18.2.0"
178.115.129.204 - - [15/Jan/2019:11:59:20 +0100] "GET /apple-touch-icon-120x120.png HTTP/1.1" 200 1559 "-" "MobileSafari/604.1 CFNetwork/976 Darwin/18.2.0"
213.153.47.173 - - [15/Jan/2019:11:59:21 +0100] "GET /reload?ser=1547549961662 HTTP/1.1" 200 28 "http://renault.activities.at/login?required=true" "Mozilla/5.0 (Windows NT 10.0; Win64; x64; rv:64.0) Gecko/20100101 Firefox/64.0"
178.115.129.204 - - [15/Jan/2019:11:59:21 +0100] "GET /apple-touch-icon-precomposed.png HTTP/1.1" 200 1559 "-" "MobileSafari/604.1 CFNetwork/976 Darwin/18.2.0"
178.115.129.204 - - [15/Jan/2019:11:59:22 +0100] "GET /apple-touch-icon.png HTTP/1.1" 200 1559 "-" "MobileSafari/604.1 CFNetwork/976 Darwin/18.2.0"
178.115.129.204 - - [15/Jan/2019:11:59:23 +0100] "GET /images/favicon.ico HTTP/1.1" 404 305 "-" "MobileSafari/604.1 CFNetwork/976 Darwin/18.2.0"
178.115.129.204 - - [15/Jan/2019:11:59:23 +0100] "GET /images/favicon.ico HTTP/1.1" 404 305 "-" "MobileSafari/604.1 CFNetwork/976 Darwin/18.2.0"
178.115.129.204 - - [15/Jan/2019:11:59:24 +0100] "GET /favicon.ico HTTP/1.1" 200 3250 "-" "MobileSafari/604.1 CFNetwork/976 Darwin/18.2.0"
213.153.47.173 - - [15/Jan/2019:11:59:28 +0100] "GET /reload?ser=1547549968462 HTTP/1.1" 200 28 "http://renault.activities.at/11813616" "Mozilla/5.0 (Windows NT 10.0; Win64; x64; rv:64.0) Gecko/20100101 Firefox/64.0"
193.194.132.27 - - [15/Jan/2019:12:00:00 +0100] "GET /reload?ser=1547550000645 HTTP/1.1" 200 28 "http://renault.2web.at/result?searchterm=true&search=Original+Ersatzteil" "Mozilla/5.0 (Windows NT 6.1; WOW64; Trident/7.0; rv:11.0) like Gecko"
80.123.105.158 - - [15/Jan/2019:12:00:13 +0100] "GET /reload?ser=1547550013691 HTTP/1.1" 200 28 "http://renault.activities.at/10201634?dir=DESC&mode=grid&order=name&limit=15&page=1&cat=10260260" "Mozilla/5.0 (Windows NT 6.1; WOW64; Trident/7.0; rv:11.0) like Gecko"
80.123.225.36 - - [15/Jan/2019:12:00:14 +0100] "GET /reload?ser=1547550171671 HTTP/1.1" 200 28 "http://renault.activities.at/" "Mozilla/5.0 (Windows NT 6.1; Win64; x64; rv:64.0) Gecko/20100101 Firefox/64.0"
193.194.132.27 - - [15/Jan/2019:12:00:18 +0100] "GET /reload?ser=1547550018583 HTTP/1.1" 200 28 "http://renault.2web.at/account?loadrequest=true" "Mozilla/5.0 (Windows NT 10.0; WOW64; Trident/7.0; Touch; rv:11.0) like Gecko"
213.153.47.173 - - [15/Jan/2019:12:00:22 +0100] "GET /reload?ser=1547550022332 HTTP/1.1" 200 28 "http://renault.activities.at/login?required=true" "Mozilla/5.0 (Windows NT 10.0; Win64; x64; rv:64.0) Gecko/20100101 Firefox/64.0"
213.153.47.173 - - [15/Jan/2019:12:00:29 +0100] "GET /reload?ser=1547550029412 HTTP/1.1" 200 28 "http://renault.activities.at/11813616" "Mozilla/5.0 (Windows NT 10.0; Win64; x64; rv:64.0) Gecko/20100101 Firefox/64.0"
193.194.132.27 - - [15/Jan/2019:12:01:01 +0100] "GET /reload?ser=1547550061667 HTTP/1.1" 200 28 "http://renault.2web.at/result?searchterm=true&search=Original+Ersatzteil" "Mozilla/5.0 (Windows NT 6.1; WOW64; Trident/7.0; rv:11.0) like Gecko"
80.123.105.158 - - [15/Jan/2019:12:01:14 +0100] "GET /reload?ser=1547550074666 HTTP/1.1" 200 28 "http://renault.activities.at/10201634?dir=DESC&mode=grid&order=name&limit=15&page=1&cat=10260260" "Mozilla/5.0 (Windows NT 6.1; WOW64; Trident/7.0; rv:11.0) like Gecko"
80.123.225.36 - - [15/Jan/2019:12:01:15 +0100] "GET /reload?ser=1547550232315 HTTP/1.1" 200 28 "http://renault.activities.at/" "Mozilla/5.0 (Windows NT 6.1; Win64; x64; rv:64.0) Gecko/20100101 Firefox/64.0"
193.194.132.27 - - [15/Jan/2019:12:01:19 +0100] "GET /reload?ser=1547550079629 HTTP/1.1" 200 28 "http://renault.2web.at/account?loadrequest=true" "Mozilla/5.0 (Windows NT 10.0; WOW64; Trident/7.0; Touch; rv:11.0) like Gecko"
213.153.47.173 - - [15/Jan/2019:12:01:23 +0100] "GET /reload?ser=1547550082991 HTTP/1.1" 200 28 "http://renault.activities.at/login?required=true" "Mozilla/5.0 (Windows NT 10.0; Win64; x64; rv:64.0) Gecko/20100101 Firefox/64.0"
213.153.47.173 - - [15/Jan/2019:12:01:30 +0100] "GET /reload?ser=1547550090392 HTTP/1.1" 200 28 "http://renault.activities.at/11813616" "Mozilla/5.0 (Windows NT 10.0; Win64; x64; rv:64.0) Gecko/20100101 Firefox/64.0"
193.194.132.27 - - [15/Jan/2019:12:02:03 +0100] "GET /reload?ser=1547550122746 HTTP/1.1" 200 28 "http://renault.2web.at/result?searchterm=true&search=Original+Ersatzteil" "Mozilla/5.0 (Windows NT 6.1; WOW64; Trident/7.0; rv:11.0) like Gecko"
80.123.225.36 - - [15/Jan/2019:12:02:15 +0100] "GET /reload?ser=1547550292955 HTTP/1.1" 200 28 "http://renault.activities.at/" "Mozilla/5.0 (Windows NT 6.1; Win64; x64; rv:64.0) Gecko/20100101 Firefox/64.0"
80.123.105.158 - - [15/Jan/2019:12:02:15 +0100] "GET /reload?ser=1547550135610 HTTP/1.1" 200 28 "http://renault.activities.at/10201634?dir=DESC&mode=grid&order=name&limit=15&page=1&cat=10260260" "Mozilla/5.0 (Windows NT 6.1; WOW64; Trident/7.0; rv:11.0) like Gecko"
193.194.132.27 - - [15/Jan/2019:12:02:20 +0100] "GET /reload?ser=1547550140699 HTTP/1.1" 200 28 "http://renault.2web.at/account?loadrequest=true" "Mozilla/5.0 (Windows NT 10.0; WOW64; Trident/7.0; Touch; rv:11.0) like Gecko"
213.153.47.173 - - [15/Jan/2019:12:02:23 +0100] "GET /reload?ser=1547550143662 HTTP/1.1" 200 28 "http://renault.activities.at/login?required=true" "Mozilla/5.0 (Windows NT 10.0; Win64; x64; rv:64.0) Gecko/20100101 Firefox/64.0"
213.153.47.173 - - [15/Jan/2019:12:02:31 +0100] "GET /reload?ser=1547550151382 HTTP/1.1" 200 28 "http://renault.activities.at/11813616" "Mozilla/5.0 (Windows NT 10.0; Win64; x64; rv:64.0) Gecko/20100101 Firefox/64.0"
193.194.132.27 - - [15/Jan/2019:12:03:04 +0100] "GET /reload?ser=1547550184019 HTTP/1.1" 200 28 "http://renault.2web.at/result?searchterm=true&search=Original+Ersatzteil" "Mozilla/5.0 (Windows NT 6.1; WOW64; Trident/7.0; rv:11.0) like Gecko"
80.123.225.36 - - [15/Jan/2019:12:03:16 +0100] "GET /reload?ser=1547550353591 HTTP/1.1" 200 28 "http://renault.activities.at/" "Mozilla/5.0 (Windows NT 6.1; Win64; x64; rv:64.0) Gecko/20100101 Firefox/64.0"
80.123.105.158 - - [15/Jan/2019:12:03:16 +0100] "GET /reload?ser=1547550196616 HTTP/1.1" 200 28 "http://renault.activities.at/10201634?dir=DESC&mode=grid&order=name&limit=15&page=1&cat=10260260" "Mozilla/5.0 (Windows NT 6.1; WOW64; Trident/7.0; rv:11.0) like Gecko"
193.194.132.27 - - [15/Jan/2019:12:03:21 +0100] "GET /reload?ser=1547550201792 HTTP/1.1" 200 28 "http://renault.2web.at/account?loadrequest=true" "Mozilla/5.0 (Windows NT 10.0; WOW64; Trident/7.0; Touch; rv:11.0) like Gecko"
213.153.47.173 - - [15/Jan/2019:12:03:24 +0100] "GET /reload?ser=1547550204332 HTTP/1.1" 200 28 "http://renault.activities.at/login?required=true" "Mozilla/5.0 (Windows NT 10.0; Win64; x64; rv:64.0) Gecko/20100101 Firefox/64.0"
213.153.47.173 - - [15/Jan/2019:12:03:32 +0100] "GET /reload?ser=1547550212331 HTTP/1.1" 200 28 "http://renault.activities.at/11813616" "Mozilla/5.0 (Windows NT 10.0; Win64; x64; rv:64.0) Gecko/20100101 Firefox/64.0"
193.194.132.27 - - [15/Jan/2019:12:04:05 +0100] "GET /reload?ser=1547550245074 HTTP/1.1" 200 28 "http://renault.2web.at/result?searchterm=true&search=Original+Ersatzteil" "Mozilla/5.0 (Windows NT 6.1; WOW64; Trident/7.0; rv:11.0) like Gecko"
80.123.225.36 - - [15/Jan/2019:12:04:17 +0100] "GET /reload?ser=1547550414236 HTTP/1.1" 200 28 "http://renault.activities.at/" "Mozilla/5.0 (Windows NT 6.1; Win64; x64; rv:64.0) Gecko/20100101 Firefox/64.0"
80.123.105.158 - - [15/Jan/2019:12:04:17 +0100] "GET /reload?ser=1547550257608 HTTP/1.1" 200 28 "http://renault.activities.at/10201634?dir=DESC&mode=grid&order=name&limit=15&page=1&cat=10260260" "Mozilla/5.0 (Windows NT 6.1; WOW64; Trident/7.0; rv:11.0) like Gecko"
193.194.132.27 - - [15/Jan/2019:12:04:22 +0100] "GET /reload?ser=1547550262885 HTTP/1.1" 200 28 "http://renault.2web.at/account?loadrequest=true" "Mozilla/5.0 (Windows NT 10.0; WOW64; Trident/7.0; Touch; rv:11.0) like Gecko"
213.153.47.173 - - [15/Jan/2019:12:04:25 +0100] "GET /reload?ser=1547550265001 HTTP/1.1" 200 28 "http://renault.activities.at/login?required=true" "Mozilla/5.0 (Windows NT 10.0; Win64; x64; rv:64.0) Gecko/20100101 Firefox/64.0"
213.153.47.173 - - [15/Jan/2019:12:04:33 +0100] "GET /reload?ser=1547550273301 HTTP/1.1" 200 28 "http://renault.activities.at/11813616" "Mozilla/5.0 (Windows NT 10.0; Win64; x64; rv:64.0) Gecko/20100101 Firefox/64.0"
193.194.132.27 - - [15/Jan/2019:12:05:06 +0100] "GET /reload?ser=1547550306156 HTTP/1.1" 200 28 "http://renault.2web.at/result?searchterm=true&search=Original+Ersatzteil" "Mozilla/5.0 (Windows NT 6.1; WOW64; Trident/7.0; rv:11.0) like Gecko"
80.123.225.36 - - [15/Jan/2019:12:05:17 +0100] "GET /reload?ser=1547550474871 HTTP/1.1" 200 28 "http://renault.activities.at/" "Mozilla/5.0 (Windows NT 6.1; Win64; x64; rv:64.0) Gecko/20100101 Firefox/64.0"
80.123.105.158 - - [15/Jan/2019:12:05:18 +0100] "GET /reload?ser=1547550318658 HTTP/1.1" 200 28 "http://renault.activities.at/10201634?dir=DESC&mode=grid&order=name&limit=15&page=1&cat=10260260" "Mozilla/5.0 (Windows NT 6.1; WOW64; Trident/7.0; rv:11.0) like Gecko"
193.194.132.27 - - [15/Jan/2019:12:05:24 +0100] "GET /reload?ser=1547550323970 HTTP/1.1" 200 28 "http://renault.2web.at/account?loadrequest=true" "Mozilla/5.0 (Windows NT 10.0; WOW64; Trident/7.0; Touch; rv:11.0) like Gecko"
213.153.47.173 - - [15/Jan/2019:12:05:25 +0100] "GET /reload?ser=1547550325671 HTTP/1.1" 200 28 "http://renault.activities.at/login?required=true" "Mozilla/5.0 (Windows NT 10.0; Win64; x64; rv:64.0) Gecko/20100101 Firefox/64.0"
213.153.47.173 - - [15/Jan/2019:12:05:34 +0100] "GET /reload?ser=1547550334281 HTTP/1.1" 200 28 "http://renault.activities.at/11813616" "Mozilla/5.0 (Windows NT 10.0; Win64; x64; rv:64.0) Gecko/20100101 Firefox/64.0"
193.194.132.27 - - [15/Jan/2019:12:06:07 +0100] "GET /reload?ser=1547550367217 HTTP/1.1" 200 28 "http://renault.2web.at/result?searchterm=true&search=Original+Ersatzteil" "Mozilla/5.0 (Windows NT 6.1; WOW64; Trident/7.0; rv:11.0) like Gecko"
80.123.225.36 - - [15/Jan/2019:12:06:18 +0100] "GET /reload?ser=1547550535510 HTTP/1.1" 200 28 "http://renault.activities.at/" "Mozilla/5.0 (Windows NT 6.1; Win64; x64; rv:64.0) Gecko/20100101 Firefox/64.0"
80.123.105.158 - - [15/Jan/2019:12:06:19 +0100] "GET /reload?ser=1547550379667 HTTP/1.1" 200 28 "http://renault.activities.at/10201634?dir=DESC&mode=grid&order=name&limit=15&page=1&cat=10260260" "Mozilla/5.0 (Windows NT 6.1; WOW64; Trident/7.0; rv:11.0) like Gecko"
193.194.132.27 - - [15/Jan/2019:12:06:25 +0100] "GET /reload?ser=1547550385011 HTTP/1.1" 200 28 "http://renault.2web.at/account?loadrequest=true" "Mozilla/5.0 (Windows NT 10.0; WOW64; Trident/7.0; Touch; rv:11.0) like Gecko"
213.153.47.173 - - [15/Jan/2019:12:06:26 +0100] "GET /reload?ser=1547550386331 HTTP/1.1" 200 28 "http://renault.activities.at/login?required=true" "Mozilla/5.0 (Windows NT 10.0; Win64; x64; rv:64.0) Gecko/20100101 Firefox/64.0"
213.153.47.173 - - [15/Jan/2019:12:06:35 +0100] "GET /reload?ser=1547550395251 HTTP/1.1" 200 28 "http://renault.activities.at/11813616" "Mozilla/5.0 (Windows NT 10.0; Win64; x64; rv:64.0) Gecko/20100101 Firefox/64.0"
193.194.132.27 - - [15/Jan/2019:12:07:08 +0100] "GET /reload?ser=1547550428257 HTTP/1.1" 200 28 "http://renault.2web.at/result?searchterm=true&search=Original+Ersatzteil" "Mozilla/5.0 (Windows NT 6.1; WOW64; Trident/7.0; rv:11.0) like Gecko"
80.123.225.36 - - [15/Jan/2019:12:07:19 +0100] "GET /reload?ser=1547550596168 HTTP/1.1" 200 28 "http://renault.activities.at/" "Mozilla/5.0 (Windows NT 6.1; Win64; x64; rv:64.0) Gecko/20100101 Firefox/64.0"
80.123.105.158 - - [15/Jan/2019:12:07:20 +0100] "GET /reload?ser=1547550440723 HTTP/1.1" 200 28 "http://renault.activities.at/10201634?dir=DESC&mode=grid&order=name&limit=15&page=1&cat=10260260" "Mozilla/5.0 (Windows NT 6.1; WOW64; Trident/7.0; rv:11.0) like Gecko"
193.194.132.27 - - [15/Jan/2019:12:07:26 +0100] "GET /reload?ser=1547550446079 HTTP/1.1" 200 28 "http://renault.2web.at/account?loadrequest=true" "Mozilla/5.0 (Windows NT 10.0; WOW64; Trident/7.0; Touch; rv:11.0) like Gecko"
213.153.47.173 - - [15/Jan/2019:12:07:27 +0100] "GET /reload?ser=1547550446991 HTTP/1.1" 200 28 "http://renault.activities.at/login?required=true" "Mozilla/5.0 (Windows NT 10.0; Win64; x64; rv:64.0) Gecko/20100101 Firefox/64.0"
213.153.47.173 - - [15/Jan/2019:12:07:36 +0100] "GET /reload?ser=1547550456210 HTTP/1.1" 200 28 "http://renault.activities.at/11813616" "Mozilla/5.0 (Windows NT 10.0; Win64; x64; rv:64.0) Gecko/20100101 Firefox/64.0"
193.194.132.27 - - [15/Jan/2019:12:08:09 +0100] "GET /reload?ser=1547550489365 HTTP/1.1" 200 28 "http://renault.2web.at/result?searchterm=true&search=Original+Ersatzteil" "Mozilla/5.0 (Windows NT 6.1; WOW64; Trident/7.0; rv:11.0) like Gecko"
80.123.225.36 - - [15/Jan/2019:12:08:19 +0100] "GET /reload?ser=1547550656820 HTTP/1.1" 200 28 "http://renault.activities.at/" "Mozilla/5.0 (Windows NT 6.1; Win64; x64; rv:64.0) Gecko/20100101 Firefox/64.0"
80.123.105.158 - - [15/Jan/2019:12:08:21 +0100] "GET /reload?ser=1547550501749 HTTP/1.1" 200 28 "http://renault.activities.at/10201634?dir=DESC&mode=grid&order=name&limit=15&page=1&cat=10260260" "Mozilla/5.0 (Windows NT 6.1; WOW64; Trident/7.0; rv:11.0) like Gecko"
193.194.132.27 - - [15/Jan/2019:12:08:27 +0100] "GET /reload?ser=1547550507129 HTTP/1.1" 200 28 "http://renault.2web.at/account?loadrequest=true" "Mozilla/5.0 (Windows NT 10.0; WOW64; Trident/7.0; Touch; rv:11.0) like Gecko"
213.153.47.173 - - [15/Jan/2019:12:08:27 +0100] "GET /reload?ser=1547550507670 HTTP/1.1" 200 28 "http://renault.activities.at/login?required=true" "Mozilla/5.0 (Windows NT 10.0; Win64; x64; rv:64.0) Gecko/20100101 Firefox/64.0"
213.153.47.173 - - [15/Jan/2019:12:08:37 +0100] "GET /reload?ser=1547550517170 HTTP/1.1" 200 28 "http://renault.activities.at/11813616" "Mozilla/5.0 (Windows NT 10.0; Win64; x64; rv:64.0) Gecko/20100101 Firefox/64.0"
193.194.132.27 - - [15/Jan/2019:12:09:10 +0100] "GET /reload?ser=1547550550455 HTTP/1.1" 200 28 "http://renault.2web.at/result?searchterm=true&search=Original+Ersatzteil" "Mozilla/5.0 (Windows NT 6.1; WOW64; Trident/7.0; rv:11.0) like Gecko"
80.123.225.36 - - [15/Jan/2019:12:09:20 +0100] "GET /reload?ser=1547550717475 HTTP/1.1" 200 28 "http://renault.activities.at/" "Mozilla/5.0 (Windows NT 6.1; Win64; x64; rv:64.0) Gecko/20100101 Firefox/64.0"
80.123.105.158 - - [15/Jan/2019:12:09:22 +0100] "GET /reload?ser=1547550562743 HTTP/1.1" 200 28 "http://renault.activities.at/10201634?dir=DESC&mode=grid&order=name&limit=15&page=1&cat=10260260" "Mozilla/5.0 (Windows NT 6.1; WOW64; Trident/7.0; rv:11.0) like Gecko"
213.153.47.173 - - [15/Jan/2019:12:09:28 +0100] "GET /reload?ser=1547550568330 HTTP/1.1" 200 28 "http://renault.activities.at/login?required=true" "Mozilla/5.0 (Windows NT 10.0; Win64; x64; rv:64.0) Gecko/20100101 Firefox/64.0"
193.194.132.27 - - [15/Jan/2019:12:09:28 +0100] "GET /reload?ser=1547550568195 HTTP/1.1" 200 28 "http://renault.2web.at/account?loadrequest=true" "Mozilla/5.0 (Windows NT 10.0; WOW64; Trident/7.0; Touch; rv:11.0) like Gecko"
213.153.47.173 - - [15/Jan/2019:12:09:38 +0100] "GET /reload?ser=1547550578149 HTTP/1.1" 200 28 "http://renault.activities.at/11813616" "Mozilla/5.0 (Windows NT 10.0; Win64; x64; rv:64.0) Gecko/20100101 Firefox/64.0"
193.194.132.27 - - [15/Jan/2019:12:10:11 +0100] "GET /reload?ser=1547550611530 HTTP/1.1" 200 28 "http://renault.2web.at/result?searchterm=true&search=Original+Ersatzteil" "Mozilla/5.0 (Windows NT 6.1; WOW64; Trident/7.0; rv:11.0) like Gecko"
80.123.225.36 - - [15/Jan/2019:12:10:21 +0100] "GET /reload?ser=1547550778113 HTTP/1.1" 200 28 "http://renault.activities.at/" "Mozilla/5.0 (Windows NT 6.1; Win64; x64; rv:64.0) Gecko/20100101 Firefox/64.0"
80.123.105.158 - - [15/Jan/2019:12:10:23 +0100] "GET /reload?ser=1547550623738 HTTP/1.1" 200 28 "http://renault.activities.at/10201634?dir=DESC&mode=grid&order=name&limit=15&page=1&cat=10260260" "Mozilla/5.0 (Windows NT 6.1; WOW64; Trident/7.0; rv:11.0) like Gecko"
213.153.47.173 - - [15/Jan/2019:12:10:29 +0100] "GET /reload?ser=1547550629010 HTTP/1.1" 200 28 "http://renault.activities.at/login?required=true" "Mozilla/5.0 (Windows NT 10.0; Win64; x64; rv:64.0) Gecko/20100101 Firefox/64.0"
193.194.132.27 - - [15/Jan/2019:12:10:29 +0100] "GET /reload?ser=1547550629285 HTTP/1.1" 200 28 "http://renault.2web.at/account?loadrequest=true" "Mozilla/5.0 (Windows NT 10.0; WOW64; Trident/7.0; Touch; rv:11.0) like Gecko"
213.153.47.173 - - [15/Jan/2019:12:10:39 +0100] "GET /reload?ser=1547550639130 HTTP/1.1" 200 28 "http://renault.activities.at/11813616" "Mozilla/5.0 (Windows NT 10.0; Win64; x64; rv:64.0) Gecko/20100101 Firefox/64.0"
193.194.132.27 - - [15/Jan/2019:12:11:12 +0100] "GET /reload?ser=1547550672633 HTTP/1.1" 200 28 "http://renault.2web.at/result?searchterm=true&search=Original+Ersatzteil" "Mozilla/5.0 (Windows NT 6.1; WOW64; Trident/7.0; rv:11.0) like Gecko"
80.123.225.36 - - [15/Jan/2019:12:11:21 +0100] "GET /reload?ser=1547550838753 HTTP/1.1" 200 28 "http://renault.activities.at/" "Mozilla/5.0 (Windows NT 6.1; Win64; x64; rv:64.0) Gecko/20100101 Firefox/64.0"
80.123.105.158 - - [15/Jan/2019:12:11:24 +0100] "GET /reload?ser=1547550684717 HTTP/1.1" 200 28 "http://renault.activities.at/10201634?dir=DESC&mode=grid&order=name&limit=15&page=1&cat=10260260" "Mozilla/5.0 (Windows NT 6.1; WOW64; Trident/7.0; rv:11.0) like Gecko"
213.153.47.173 - - [15/Jan/2019:12:11:29 +0100] "GET /reload?ser=1547550689668 HTTP/1.1" 200 28 "http://renault.activities.at/login?required=true" "Mozilla/5.0 (Windows NT 10.0; Win64; x64; rv:64.0) Gecko/20100101 Firefox/64.0"
193.194.132.27 - - [15/Jan/2019:12:11:30 +0100] "GET /reload?ser=1547550690328 HTTP/1.1" 200 28 "http://renault.2web.at/account?loadrequest=true" "Mozilla/5.0 (Windows NT 10.0; WOW64; Trident/7.0; Touch; rv:11.0) like Gecko"
213.153.47.173 - - [15/Jan/2019:12:11:40 +0100] "GET /reload?ser=1547550700109 HTTP/1.1" 200 28 "http://renault.activities.at/11813616" "Mozilla/5.0 (Windows NT 10.0; Win64; x64; rv:64.0) Gecko/20100101 Firefox/64.0"
193.194.132.27 - - [15/Jan/2019:12:12:13 +0100] "GET /reload?ser=1547550733680 HTTP/1.1" 200 28 "http://renault.2web.at/result?searchterm=true&search=Original+Ersatzteil" "Mozilla/5.0 (Windows NT 6.1; WOW64; Trident/7.0; rv:11.0) like Gecko"
80.123.225.36 - - [15/Jan/2019:12:12:22 +0100] "GET /reload?ser=1547550899390 HTTP/1.1" 200 28 "http://renault.activities.at/" "Mozilla/5.0 (Windows NT 6.1; Win64; x64; rv:64.0) Gecko/20100101 Firefox/64.0"
80.123.105.158 - - [15/Jan/2019:12:12:25 +0100] "GET /reload?ser=1547550745758 HTTP/1.1" 200 28 "http://renault.activities.at/10201634?dir=DESC&mode=grid&order=name&limit=15&page=1&cat=10260260" "Mozilla/5.0 (Windows NT 6.1; WOW64; Trident/7.0; rv:11.0) like Gecko"
213.153.47.173 - - [15/Jan/2019:12:12:30 +0100] "GET /reload?ser=1547550750319 HTTP/1.1" 200 28 "http://renault.activities.at/login?required=true" "Mozilla/5.0 (Windows NT 10.0; Win64; x64; rv:64.0) Gecko/20100101 Firefox/64.0"
193.194.132.27 - - [15/Jan/2019:12:12:31 +0100] "GET /reload?ser=1547550751423 HTTP/1.1" 200 28 "http://renault.2web.at/account?loadrequest=true" "Mozilla/5.0 (Windows NT 10.0; WOW64; Trident/7.0; Touch; rv:11.0) like Gecko"
213.153.47.173 - - [15/Jan/2019:12:12:41 +0100] "GET /reload?ser=1547550761080 HTTP/1.1" 200 28 "http://renault.activities.at/11813616" "Mozilla/5.0 (Windows NT 10.0; Win64; x64; rv:64.0) Gecko/20100101 Firefox/64.0"
193.194.132.27 - - [15/Jan/2019:12:13:14 +0100] "GET /reload?ser=1547550794811 HTTP/1.1" 200 28 "http://renault.2web.at/result?searchterm=true&search=Original+Ersatzteil" "Mozilla/5.0 (Windows NT 6.1; WOW64; Trident/7.0; rv:11.0) like Gecko"
80.123.225.36 - - [15/Jan/2019:12:13:23 +0100] "GET /reload?ser=1547550960042 HTTP/1.1" 200 28 "http://renault.activities.at/" "Mozilla/5.0 (Windows NT 6.1; Win64; x64; rv:64.0) Gecko/20100101 Firefox/64.0"
80.123.105.158 - - [15/Jan/2019:12:13:26 +0100] "GET /reload?ser=1547550806720 HTTP/1.1" 200 28 "http://renault.activities.at/10201634?dir=DESC&mode=grid&order=name&limit=15&page=1&cat=10260260" "Mozilla/5.0 (Windows NT 6.1; WOW64; Trident/7.0; rv:11.0) like Gecko"
213.153.47.173 - - [15/Jan/2019:12:13:31 +0100] "GET /reload?ser=1547550810979 HTTP/1.1" 200 28 "http://renault.activities.at/login?required=true" "Mozilla/5.0 (Windows NT 10.0; Win64; x64; rv:64.0) Gecko/20100101 Firefox/64.0"
193.194.132.27 - - [15/Jan/2019:12:13:32 +0100] "GET /reload?ser=1547550812471 HTTP/1.1" 200 28 "http://renault.2web.at/account?loadrequest=true" "Mozilla/5.0 (Windows NT 10.0; WOW64; Trident/7.0; Touch; rv:11.0) like Gecko"
213.153.47.173 - - [15/Jan/2019:12:13:42 +0100] "GET /reload?ser=1547550822079 HTTP/1.1" 200 28 "http://renault.activities.at/11813616" "Mozilla/5.0 (Windows NT 10.0; Win64; x64; rv:64.0) Gecko/20100101 Firefox/64.0"
193.194.132.27 - - [15/Jan/2019:12:14:15 +0100] "GET /reload?ser=1547550855880 HTTP/1.1" 200 28 "http://renault.2web.at/result?searchterm=true&search=Original+Ersatzteil" "Mozilla/5.0 (Windows NT 6.1; WOW64; Trident/7.0; rv:11.0) like Gecko"
80.123.225.36 - - [15/Jan/2019:12:14:23 +0100] "GET /reload?ser=1547551020695 HTTP/1.1" 200 28 "http://renault.activities.at/" "Mozilla/5.0 (Windows NT 6.1; Win64; x64; rv:64.0) Gecko/20100101 Firefox/64.0"
80.123.105.158 - - [15/Jan/2019:12:14:27 +0100] "GET /reload?ser=1547550867715 HTTP/1.1" 200 28 "http://renault.activities.at/10201634?dir=DESC&mode=grid&order=name&limit=15&page=1&cat=10260260" "Mozilla/5.0 (Windows NT 6.1; WOW64; Trident/7.0; rv:11.0) like Gecko"
213.153.47.173 - - [15/Jan/2019:12:14:31 +0100] "GET /reload?ser=1547550871639 HTTP/1.1" 200 28 "http://renault.activities.at/login?required=true" "Mozilla/5.0 (Windows NT 10.0; Win64; x64; rv:64.0) Gecko/20100101 Firefox/64.0"
193.194.132.27 - - [15/Jan/2019:12:14:33 +0100] "GET /reload?ser=1547550873570 HTTP/1.1" 200 28 "http://renault.2web.at/account?loadrequest=true" "Mozilla/5.0 (Windows NT 10.0; WOW64; Trident/7.0; Touch; rv:11.0) like Gecko"
213.153.47.173 - - [15/Jan/2019:12:14:43 +0100] "GET /reload?ser=1547550883029 HTTP/1.1" 200 28 "http://renault.activities.at/11813616" "Mozilla/5.0 (Windows NT 10.0; Win64; x64; rv:64.0) Gecko/20100101 Firefox/64.0"
193.194.132.27 - - [15/Jan/2019:12:15:16 +0100] "GET /reload?ser=1547550916915 HTTP/1.1" 200 28 "http://renault.2web.at/result?searchterm=true&search=Original+Ersatzteil" "Mozilla/5.0 (Windows NT 6.1; WOW64; Trident/7.0; rv:11.0) like Gecko"
80.123.225.36 - - [15/Jan/2019:12:15:24 +0100] "GET /reload?ser=1547551081337 HTTP/1.1" 200 28 "http://renault.activities.at/" "Mozilla/5.0 (Windows NT 6.1; Win64; x64; rv:64.0) Gecko/20100101 Firefox/64.0"
213.153.47.173 - - [15/Jan/2019:12:15:32 +0100] "GET /reload?ser=1547550932299 HTTP/1.1" 200 28 "http://renault.activities.at/login?required=true" "Mozilla/5.0 (Windows NT 10.0; Win64; x64; rv:64.0) Gecko/20100101 Firefox/64.0"
193.194.132.27 - - [15/Jan/2019:12:15:34 +0100] "GET /reload?ser=1547550934656 HTTP/1.1" 200 28 "http://renault.2web.at/account?loadrequest=true" "Mozilla/5.0 (Windows NT 10.0; WOW64; Trident/7.0; Touch; rv:11.0) like Gecko"
213.153.47.173 - - [15/Jan/2019:12:15:44 +0100] "GET /reload?ser=1547550944039 HTTP/1.1" 200 28 "http://renault.activities.at/11813616" "Mozilla/5.0 (Windows NT 10.0; Win64; x64; rv:64.0) Gecko/20100101 Firefox/64.0"
212.95.5.228 - - [15/Jan/2019:12:16:09 +0100] "GET / HTTP/1.1" 200 3417 "-" "Mozilla/5.0 (iPhone; CPU iPhone OS 12_1_2 like Mac OS X) AppleWebKit/605.1.15 (KHTML, like Gecko) Version/12.0 Mobile/15E148 Safari/604.1"
212.95.5.228 - - [15/Jan/2019:12:16:10 +0100] "GET /apple-touch-icon-120x120-precomposed.png HTTP/1.1" 200 1559 "-" "MobileSafari/604.1 CFNetwork/976 Darwin/18.2.0"
212.95.5.228 - - [15/Jan/2019:12:16:11 +0100] "GET /apple-touch-icon-120x120.png HTTP/1.1" 200 1559 "-" "MobileSafari/604.1 CFNetwork/976 Darwin/18.2.0"
212.95.5.228 - - [15/Jan/2019:12:16:12 +0100] "GET /apple-touch-icon-precomposed.png HTTP/1.1" 200 1559 "-" "MobileSafari/604.1 CFNetwork/976 Darwin/18.2.0"
212.95.5.228 - - [15/Jan/2019:12:16:13 +0100] "GET /apple-touch-icon.png HTTP/1.1" 200 1559 "-" "MobileSafari/604.1 CFNetwork/976 Darwin/18.2.0"
212.95.5.228 - - [15/Jan/2019:12:16:14 +0100] "GET /images/favicon.ico HTTP/1.1" 404 305 "-" "MobileSafari/604.1 CFNetwork/976 Darwin/18.2.0"
212.95.5.228 - - [15/Jan/2019:12:16:15 +0100] "GET /images/favicon.ico HTTP/1.1" 404 305 "-" "MobileSafari/604.1 CFNetwork/976 Darwin/18.2.0"
212.95.5.228 - - [15/Jan/2019:12:16:15 +0100] "GET /favicon.ico HTTP/1.1" 200 3250 "-" "MobileSafari/604.1 CFNetwork/976 Darwin/18.2.0"
212.95.5.228 - - [15/Jan/2019:12:16:15 +0100] "GET /apple-touch-icon-120x120-precomposed.png HTTP/1.1" 200 1559 "-" "MobileSafari/604.1 CFNetwork/976 Darwin/18.2.0"
212.95.5.228 - - [15/Jan/2019:12:16:16 +0100] "GET /apple-touch-icon-120x120.png HTTP/1.1" 200 1559 "-" "MobileSafari/604.1 CFNetwork/976 Darwin/18.2.0"
212.95.5.228 - - [15/Jan/2019:12:16:17 +0100] "GET /apple-touch-icon-precomposed.png HTTP/1.1" 200 1559 "-" "MobileSafari/604.1 CFNetwork/976 Darwin/18.2.0"
193.194.132.27 - - [15/Jan/2019:12:16:18 +0100] "GET /reload?ser=1547550978000 HTTP/1.1" 200 28 "http://renault.2web.at/result?searchterm=true&search=Original+Ersatzteil" "Mozilla/5.0 (Windows NT 6.1; WOW64; Trident/7.0; rv:11.0) like Gecko"
212.95.5.228 - - [15/Jan/2019:12:16:18 +0100] "GET /apple-touch-icon.png HTTP/1.1" 200 1559 "-" "MobileSafari/604.1 CFNetwork/976 Darwin/18.2.0"
212.95.5.228 - - [15/Jan/2019:12:16:19 +0100] "GET /images/favicon.ico HTTP/1.1" 404 305 "-" "MobileSafari/604.1 CFNetwork/976 Darwin/18.2.0"
212.95.5.228 - - [15/Jan/2019:12:16:20 +0100] "GET /images/favicon.ico HTTP/1.1" 404 305 "-" "MobileSafari/604.1 CFNetwork/976 Darwin/18.2.0"
212.95.5.228 - - [15/Jan/2019:12:16:20 +0100] "GET /favicon.ico HTTP/1.1" 200 3250 "-" "MobileSafari/604.1 CFNetwork/976 Darwin/18.2.0"
80.123.225.36 - - [15/Jan/2019:12:16:24 +0100] "GET /reload?ser=1547551141989 HTTP/1.1" 200 28 "http://renault.activities.at/" "Mozilla/5.0 (Windows NT 6.1; Win64; x64; rv:64.0) Gecko/20100101 Firefox/64.0"
213.153.47.173 - - [15/Jan/2019:12:16:33 +0100] "GET /reload?ser=1547550992969 HTTP/1.1" 200 28 "http://renault.activities.at/login?required=true" "Mozilla/5.0 (Windows NT 10.0; Win64; x64; rv:64.0) Gecko/20100101 Firefox/64.0"
193.194.132.27 - - [15/Jan/2019:12:16:35 +0100] "GET /reload?ser=1547550995695 HTTP/1.1" 200 28 "http://renault.2web.at/account?loadrequest=true" "Mozilla/5.0 (Windows NT 10.0; WOW64; Trident/7.0; Touch; rv:11.0) like Gecko"
213.153.47.173 - - [15/Jan/2019:12:16:45 +0100] "GET /reload?ser=1547551004999 HTTP/1.1" 200 28 "http://renault.activities.at/11813616" "Mozilla/5.0 (Windows NT 10.0; Win64; x64; rv:64.0) Gecko/20100101 Firefox/64.0"
193.194.132.27 - - [15/Jan/2019:12:17:19 +0100] "GET /reload?ser=1547551039097 HTTP/1.1" 200 28 "http://renault.2web.at/result?searchterm=true&search=Original+Ersatzteil" "Mozilla/5.0 (Windows NT 6.1; WOW64; Trident/7.0; rv:11.0) like Gecko"
80.123.225.36 - - [15/Jan/2019:12:17:25 +0100] "GET /reload?ser=1547551202626 HTTP/1.1" 200 28 "http://renault.activities.at/" "Mozilla/5.0 (Windows NT 6.1; Win64; x64; rv:64.0) Gecko/20100101 Firefox/64.0"
213.153.47.173 - - [15/Jan/2019:12:17:33 +0100] "GET /reload?ser=1547551053639 HTTP/1.1" 200 28 "http://renault.activities.at/login?required=true" "Mozilla/5.0 (Windows NT 10.0; Win64; x64; rv:64.0) Gecko/20100101 Firefox/64.0"
193.194.132.27 - - [15/Jan/2019:12:17:36 +0100] "GET /reload?ser=1547551056756 HTTP/1.1" 200 28 "http://renault.2web.at/account?loadrequest=true" "Mozilla/5.0 (Windows NT 10.0; WOW64; Trident/7.0; Touch; rv:11.0) like Gecko"
213.153.47.173 - - [15/Jan/2019:12:17:46 +0100] "GET /reload?ser=1547551065948 HTTP/1.1" 200 28 "http://renault.activities.at/11813616" "Mozilla/5.0 (Windows NT 10.0; Win64; x64; rv:64.0) Gecko/20100101 Firefox/64.0"
193.194.132.27 - - [15/Jan/2019:12:18:20 +0100] "GET /reload?ser=1547551100178 HTTP/1.1" 200 28 "http://renault.2web.at/result?searchterm=true&search=Original+Ersatzteil" "Mozilla/5.0 (Windows NT 6.1; WOW64; Trident/7.0; rv:11.0) like Gecko"
80.123.225.36 - - [15/Jan/2019:12:18:26 +0100] "GET /reload?ser=1547551263265 HTTP/1.1" 200 28 "http://renault.activities.at/" "Mozilla/5.0 (Windows NT 6.1; Win64; x64; rv:64.0) Gecko/20100101 Firefox/64.0"
213.153.47.173 - - [15/Jan/2019:12:18:34 +0100] "GET /reload?ser=1547551114318 HTTP/1.1" 200 28 "http://renault.activities.at/login?required=true" "Mozilla/5.0 (Windows NT 10.0; Win64; x64; rv:64.0) Gecko/20100101 Firefox/64.0"
193.194.132.27 - - [15/Jan/2019:12:18:37 +0100] "GET /reload?ser=1547551117820 HTTP/1.1" 200 28 "http://renault.2web.at/account?loadrequest=true" "Mozilla/5.0 (Windows NT 10.0; WOW64; Trident/7.0; Touch; rv:11.0) like Gecko"
213.153.47.173 - - [15/Jan/2019:12:18:46 +0100] "GET /reload?ser=1547551126899 HTTP/1.1" 200 28 "http://renault.activities.at/11813616" "Mozilla/5.0 (Windows NT 10.0; Win64; x64; rv:64.0) Gecko/20100101 Firefox/64.0"
193.194.132.27 - - [15/Jan/2019:12:19:21 +0100] "GET /reload?ser=1547551161199 HTTP/1.1" 200 28 "http://renault.2web.at/result?searchterm=true&search=Original+Ersatzteil" "Mozilla/5.0 (Windows NT 6.1; WOW64; Trident/7.0; rv:11.0) like Gecko"
80.123.225.36 - - [15/Jan/2019:12:19:26 +0100] "GET /reload?ser=1547551323909 HTTP/1.1" 200 28 "http://renault.activities.at/" "Mozilla/5.0 (Windows NT 6.1; Win64; x64; rv:64.0) Gecko/20100101 Firefox/64.0"
213.153.47.173 - - [15/Jan/2019:12:19:35 +0100] "GET /reload?ser=1547551174989 HTTP/1.1" 200 28 "http://renault.activities.at/login?required=true" "Mozilla/5.0 (Windows NT 10.0; Win64; x64; rv:64.0) Gecko/20100101 Firefox/64.0"
193.194.132.27 - - [15/Jan/2019:12:19:39 +0100] "GET /reload?ser=1547551178912 HTTP/1.1" 200 28 "http://renault.2web.at/account?loadrequest=true" "Mozilla/5.0 (Windows NT 10.0; WOW64; Trident/7.0; Touch; rv:11.0) like Gecko"
213.153.47.173 - - [15/Jan/2019:12:19:47 +0100] "GET /reload?ser=1547551187858 HTTP/1.1" 200 28 "http://renault.activities.at/11813616" "Mozilla/5.0 (Windows NT 10.0; Win64; x64; rv:64.0) Gecko/20100101 Firefox/64.0"
193.194.132.27 - - [15/Jan/2019:12:20:22 +0100] "GET /reload?ser=1547551222272 HTTP/1.1" 200 28 "http://renault.2web.at/result?searchterm=true&search=Original+Ersatzteil" "Mozilla/5.0 (Windows NT 6.1; WOW64; Trident/7.0; rv:11.0) like Gecko"
80.123.225.36 - - [15/Jan/2019:12:20:27 +0100] "GET /reload?ser=1547551384546 HTTP/1.1" 200 28 "http://renault.activities.at/" "Mozilla/5.0 (Windows NT 6.1; Win64; x64; rv:64.0) Gecko/20100101 Firefox/64.0"
213.153.47.173 - - [15/Jan/2019:12:20:35 +0100] "GET /reload?ser=1547551235648 HTTP/1.1" 200 28 "http://renault.activities.at/login?required=true" "Mozilla/5.0 (Windows NT 10.0; Win64; x64; rv:64.0) Gecko/20100101 Firefox/64.0"
193.194.132.27 - - [15/Jan/2019:12:20:40 +0100] "GET /reload?ser=1547551239978 HTTP/1.1" 200 28 "http://renault.2web.at/account?loadrequest=true" "Mozilla/5.0 (Windows NT 10.0; WOW64; Trident/7.0; Touch; rv:11.0) like Gecko"
213.153.47.173 - - [15/Jan/2019:12:20:48 +0100] "GET /reload?ser=1547551248829 HTTP/1.1" 200 28 "http://renault.activities.at/11813616" "Mozilla/5.0 (Windows NT 10.0; Win64; x64; rv:64.0) Gecko/20100101 Firefox/64.0"
193.194.132.27 - - [15/Jan/2019:12:21:23 +0100] "GET /reload?ser=1547551283306 HTTP/1.1" 200 28 "http://renault.2web.at/result?searchterm=true&search=Original+Ersatzteil" "Mozilla/5.0 (Windows NT 6.1; WOW64; Trident/7.0; rv:11.0) like Gecko"
80.123.225.36 - - [15/Jan/2019:12:21:28 +0100] "GET /reload?ser=1547551445184 HTTP/1.1" 200 28 "http://renault.activities.at/" "Mozilla/5.0 (Windows NT 6.1; Win64; x64; rv:64.0) Gecko/20100101 Firefox/64.0"
213.153.47.173 - - [15/Jan/2019:12:21:36 +0100] "GET /reload?ser=1547551296308 HTTP/1.1" 200 28 "http://renault.activities.at/login?required=true" "Mozilla/5.0 (Windows NT 10.0; Win64; x64; rv:64.0) Gecko/20100101 Firefox/64.0"
193.194.132.27 - - [15/Jan/2019:12:21:41 +0100] "GET /reload?ser=1547551301030 HTTP/1.1" 200 28 "http://renault.2web.at/account?loadrequest=true" "Mozilla/5.0 (Windows NT 10.0; WOW64; Trident/7.0; Touch; rv:11.0) like Gecko"
213.153.47.173 - - [15/Jan/2019:12:21:49 +0100] "GET /reload?ser=1547551309829 HTTP/1.1" 200 28 "http://renault.activities.at/11813616" "Mozilla/5.0 (Windows NT 10.0; Win64; x64; rv:64.0) Gecko/20100101 Firefox/64.0"
193.194.132.27 - - [15/Jan/2019:12:22:24 +0100] "GET /reload?ser=1547551344388 HTTP/1.1" 200 28 "http://renault.2web.at/result?searchterm=true&search=Original+Ersatzteil" "Mozilla/5.0 (Windows NT 6.1; WOW64; Trident/7.0; rv:11.0) like Gecko"
80.123.225.36 - - [15/Jan/2019:12:22:28 +0100] "GET /reload?ser=1547551505819 HTTP/1.1" 200 28 "http://renault.activities.at/" "Mozilla/5.0 (Windows NT 6.1; Win64; x64; rv:64.0) Gecko/20100101 Firefox/64.0"
213.153.47.173 - - [15/Jan/2019:12:22:37 +0100] "GET /reload?ser=1547551356988 HTTP/1.1" 200 28 "http://renault.activities.at/login?required=true" "Mozilla/5.0 (Windows NT 10.0; Win64; x64; rv:64.0) Gecko/20100101 Firefox/64.0"
193.194.132.27 - - [15/Jan/2019:12:22:42 +0100] "GET /reload?ser=1547551362115 HTTP/1.1" 200 28 "http://renault.2web.at/account?loadrequest=true" "Mozilla/5.0 (Windows NT 10.0; WOW64; Trident/7.0; Touch; rv:11.0) like Gecko"
213.153.47.173 - - [15/Jan/2019:12:22:50 +0100] "GET /reload?ser=1547551370829 HTTP/1.1" 200 28 "http://renault.activities.at/11813616" "Mozilla/5.0 (Windows NT 10.0; Win64; x64; rv:64.0) Gecko/20100101 Firefox/64.0"
193.194.132.27 - - [15/Jan/2019:12:23:25 +0100] "GET /reload?ser=1547551405485 HTTP/1.1" 200 28 "http://renault.2web.at/result?searchterm=true&search=Original+Ersatzteil" "Mozilla/5.0 (Windows NT 6.1; WOW64; Trident/7.0; rv:11.0) like Gecko"
80.123.225.36 - - [15/Jan/2019:12:23:29 +0100] "GET /reload?ser=1547551566471 HTTP/1.1" 200 28 "http://renault.activities.at/" "Mozilla/5.0 (Windows NT 6.1; Win64; x64; rv:64.0) Gecko/20100101 Firefox/64.0"
213.153.47.173 - - [15/Jan/2019:12:23:37 +0100] "GET /reload?ser=1547551417668 HTTP/1.1" 200 28 "http://renault.activities.at/login?required=true" "Mozilla/5.0 (Windows NT 10.0; Win64; x64; rv:64.0) Gecko/20100101 Firefox/64.0"
193.194.132.27 - - [15/Jan/2019:12:23:43 +0100] "GET /reload?ser=1547551423195 HTTP/1.1" 200 28 "http://renault.2web.at/account?loadrequest=true" "Mozilla/5.0 (Windows NT 10.0; WOW64; Trident/7.0; Touch; rv:11.0) like Gecko"
213.153.47.173 - - [15/Jan/2019:12:23:51 +0100] "GET /reload?ser=1547551431788 HTTP/1.1" 200 28 "http://renault.activities.at/11813616" "Mozilla/5.0 (Windows NT 10.0; Win64; x64; rv:64.0) Gecko/20100101 Firefox/64.0"
193.194.132.27 - - [15/Jan/2019:12:24:26 +0100] "GET /reload?ser=1547551466608 HTTP/1.1" 200 28 "http://renault.2web.at/result?searchterm=true&search=Original+Ersatzteil" "Mozilla/5.0 (Windows NT 6.1; WOW64; Trident/7.0; rv:11.0) like Gecko"
80.123.225.36 - - [15/Jan/2019:12:24:30 +0100] "GET /reload?ser=1547551627123 HTTP/1.1" 200 28 "http://renault.activities.at/" "Mozilla/5.0 (Windows NT 6.1; Win64; x64; rv:64.0) Gecko/20100101 Firefox/64.0"
213.153.47.173 - - [15/Jan/2019:12:24:38 +0100] "GET /reload?ser=1547551478369 HTTP/1.1" 200 28 "http://renault.activities.at/login?required=true" "Mozilla/5.0 (Windows NT 10.0; Win64; x64; rv:64.0) Gecko/20100101 Firefox/64.0"
193.194.132.27 - - [15/Jan/2019:12:24:44 +0100] "GET /reload?ser=1547551484268 HTTP/1.1" 200 28 "http://renault.2web.at/account?loadrequest=true" "Mozilla/5.0 (Windows NT 10.0; WOW64; Trident/7.0; Touch; rv:11.0) like Gecko"
213.153.47.173 - - [15/Jan/2019:12:24:52 +0100] "GET /reload?ser=1547551492738 HTTP/1.1" 200 28 "http://renault.activities.at/11813616" "Mozilla/5.0 (Windows NT 10.0; Win64; x64; rv:64.0) Gecko/20100101 Firefox/64.0"
193.194.132.27 - - [15/Jan/2019:12:25:27 +0100] "GET /reload?ser=1547551527675 HTTP/1.1" 200 28 "http://renault.2web.at/result?searchterm=true&search=Original+Ersatzteil" "Mozilla/5.0 (Windows NT 6.1; WOW64; Trident/7.0; rv:11.0) like Gecko"
80.123.225.36 - - [15/Jan/2019:12:25:30 +0100] "GET /reload?ser=1547551687762 HTTP/1.1" 200 28 "http://renault.activities.at/" "Mozilla/5.0 (Windows NT 6.1; Win64; x64; rv:64.0) Gecko/20100101 Firefox/64.0"
213.153.47.173 - - [15/Jan/2019:12:25:39 +0100] "GET /reload?ser=1547551539029 HTTP/1.1" 200 28 "http://renault.activities.at/login?required=true" "Mozilla/5.0 (Windows NT 10.0; Win64; x64; rv:64.0) Gecko/20100101 Firefox/64.0"
193.194.132.27 - - [15/Jan/2019:12:25:45 +0100] "GET /reload?ser=1547551545360 HTTP/1.1" 200 28 "http://renault.2web.at/account?loadrequest=true" "Mozilla/5.0 (Windows NT 10.0; WOW64; Trident/7.0; Touch; rv:11.0) like Gecko"
213.153.47.173 - - [15/Jan/2019:12:25:53 +0100] "GET /reload?ser=1547551553748 HTTP/1.1" 200 28 "http://renault.activities.at/11813616" "Mozilla/5.0 (Windows NT 10.0; Win64; x64; rv:64.0) Gecko/20100101 Firefox/64.0"
193.194.132.27 - - [15/Jan/2019:12:26:28 +0100] "GET /reload?ser=1547551588782 HTTP/1.1" 200 28 "http://renault.2web.at/result?searchterm=true&search=Original+Ersatzteil" "Mozilla/5.0 (Windows NT 6.1; WOW64; Trident/7.0; rv:11.0) like Gecko"
80.123.225.36 - - [15/Jan/2019:12:26:31 +0100] "GET /reload?ser=1547551748433 HTTP/1.1" 200 28 "http://renault.activities.at/" "Mozilla/5.0 (Windows NT 6.1; Win64; x64; rv:64.0) Gecko/20100101 Firefox/64.0"
213.153.47.173 - - [15/Jan/2019:12:26:39 +0100] "GET /reload?ser=1547551599697 HTTP/1.1" 200 28 "http://renault.activities.at/login?required=true" "Mozilla/5.0 (Windows NT 10.0; Win64; x64; rv:64.0) Gecko/20100101 Firefox/64.0"
193.194.132.27 - - [15/Jan/2019:12:26:46 +0100] "GET /reload?ser=1547551606456 HTTP/1.1" 200 28 "http://renault.2web.at/account?loadrequest=true" "Mozilla/5.0 (Windows NT 10.0; WOW64; Trident/7.0; Touch; rv:11.0) like Gecko"
213.153.47.173 - - [15/Jan/2019:12:26:54 +0100] "GET /reload?ser=1547551614724 HTTP/1.1" 200 28 "http://renault.activities.at/11813616" "Mozilla/5.0 (Windows NT 10.0; Win64; x64; rv:64.0) Gecko/20100101 Firefox/64.0"
