80.123.225.36 - - [15/Jan/2019:16:47:17 +0100] "GET /reload?ser=1547567394561 HTTP/1.1" 200 28 "http://renault.activities.at/" "Mozilla/5.0 (Windows NT 6.1; Win64; x64; rv:64.0) Gecko/20100101 Firefox/64.0"
213.153.47.173 - - [15/Jan/2019:16:47:31 +0100] "GET /reload?ser=1547567251468 HTTP/1.1" 200 28 "http://renault.activities.at/login?required=true" "Mozilla/5.0 (Windows NT 10.0; Win64; x64; rv:64.0) Gecko/20100101 Firefox/64.0"
80.123.225.36 - - [15/Jan/2019:16:47:52 +0100] "GET /reload?ser=1547567272731 HTTP/1.1" 200 28 "http://renault.activities.at/success" "Mozilla/5.0 (Windows NT 10.0; WOW64; Trident/7.0; rv:11.0) like Gecko"
212.152.158.195 - - [15/Jan/2019:16:47:54 +0100] "GET /reload?ser=1547567274392 HTTP/1.1" 200 28 "http://renault.activities.at/success" "Mozilla/5.0 (Windows NT 10.0; WOW64; Trident/7.0; Touch; rv:11.0) like Gecko"
80.123.225.36 - - [15/Jan/2019:16:48:18 +0100] "GET /reload?ser=1547567455197 HTTP/1.1" 200 28 "http://renault.activities.at/" "Mozilla/5.0 (Windows NT 6.1; Win64; x64; rv:64.0) Gecko/20100101 Firefox/64.0"
213.153.47.173 - - [15/Jan/2019:16:48:32 +0100] "GET /reload?ser=1547567312152 HTTP/1.1" 200 28 "http://renault.activities.at/login?required=true" "Mozilla/5.0 (Windows NT 10.0; Win64; x64; rv:64.0) Gecko/20100101 Firefox/64.0"
80.123.225.36 - - [15/Jan/2019:16:48:53 +0100] "GET /reload?ser=1547567333717 HTTP/1.1" 200 28 "http://renault.activities.at/success" "Mozilla/5.0 (Windows NT 10.0; WOW64; Trident/7.0; rv:11.0) like Gecko"
212.152.158.195 - - [15/Jan/2019:16:48:55 +0100] "GET /reload?ser=1547567335380 HTTP/1.1" 200 28 "http://renault.activities.at/success" "Mozilla/5.0 (Windows NT 10.0; WOW64; Trident/7.0; Touch; rv:11.0) like Gecko"
80.123.225.36 - - [15/Jan/2019:16:49:18 +0100] "GET /reload?ser=1547567515837 HTTP/1.1" 200 28 "http://renault.activities.at/" "Mozilla/5.0 (Windows NT 6.1; Win64; x64; rv:64.0) Gecko/20100101 Firefox/64.0"
80.123.225.36 - - [15/Jan/2019:16:49:54 +0100] "GET /reload?ser=1547567394701 HTTP/1.1" 200 28 "http://renault.activities.at/success" "Mozilla/5.0 (Windows NT 10.0; WOW64; Trident/7.0; rv:11.0) like Gecko"
212.152.158.195 - - [15/Jan/2019:16:49:56 +0100] "GET /reload?ser=1547567396393 HTTP/1.1" 200 28 "http://renault.activities.at/success" "Mozilla/5.0 (Windows NT 10.0; WOW64; Trident/7.0; Touch; rv:11.0) like Gecko"
80.123.225.36 - - [15/Jan/2019:16:50:19 +0100] "GET /reload?ser=1547567576491 HTTP/1.1" 200 28 "http://renault.activities.at/" "Mozilla/5.0 (Windows NT 6.1; Win64; x64; rv:64.0) Gecko/20100101 Firefox/64.0"
80.123.225.36 - - [15/Jan/2019:16:50:55 +0100] "GET /reload?ser=1547567455673 HTTP/1.1" 200 28 "http://renault.activities.at/success" "Mozilla/5.0 (Windows NT 10.0; WOW64; Trident/7.0; rv:11.0) like Gecko"
212.152.158.195 - - [15/Jan/2019:16:50:57 +0100] "GET /reload?ser=1547567457365 HTTP/1.1" 200 28 "http://renault.activities.at/success" "Mozilla/5.0 (Windows NT 10.0; WOW64; Trident/7.0; Touch; rv:11.0) like Gecko"
80.123.225.36 - - [15/Jan/2019:16:51:20 +0100] "GET /reload?ser=1547567637127 HTTP/1.1" 200 28 "http://renault.activities.at/" "Mozilla/5.0 (Windows NT 6.1; Win64; x64; rv:64.0) Gecko/20100101 Firefox/64.0"
80.123.225.36 - - [15/Jan/2019:16:51:56 +0100] "GET /reload?ser=1547567516690 HTTP/1.1" 200 28 "http://renault.activities.at/success" "Mozilla/5.0 (Windows NT 10.0; WOW64; Trident/7.0; rv:11.0) like Gecko"
212.152.158.195 - - [15/Jan/2019:16:51:58 +0100] "GET /reload?ser=1547567518318 HTTP/1.1" 200 28 "http://renault.activities.at/success" "Mozilla/5.0 (Windows NT 10.0; WOW64; Trident/7.0; Touch; rv:11.0) like Gecko"
80.123.225.36 - - [15/Jan/2019:16:52:20 +0100] "GET /reload?ser=1547567697769 HTTP/1.1" 200 28 "http://renault.activities.at/" "Mozilla/5.0 (Windows NT 6.1; Win64; x64; rv:64.0) Gecko/20100101 Firefox/64.0"
80.123.225.36 - - [15/Jan/2019:16:52:56 +0100] "GET /reload?ser=1547567577637 HTTP/1.1" 200 28 "http://renault.activities.at/success" "Mozilla/5.0 (Windows NT 10.0; WOW64; Trident/7.0; rv:11.0) like Gecko"
212.152.158.195 - - [15/Jan/2019:16:52:59 +0100] "GET /reload?ser=1547567579377 HTTP/1.1" 200 28 "http://renault.activities.at/success" "Mozilla/5.0 (Windows NT 10.0; WOW64; Trident/7.0; Touch; rv:11.0) like Gecko"
80.123.225.36 - - [15/Jan/2019:16:53:21 +0100] "GET /reload?ser=1547567758407 HTTP/1.1" 200 28 "http://renault.activities.at/" "Mozilla/5.0 (Windows NT 6.1; Win64; x64; rv:64.0) Gecko/20100101 Firefox/64.0"
80.123.225.36 - - [15/Jan/2019:16:53:57 +0100] "GET /reload?ser=1547567638625 HTTP/1.1" 200 28 "http://renault.activities.at/success" "Mozilla/5.0 (Windows NT 10.0; WOW64; Trident/7.0; rv:11.0) like Gecko"
212.152.158.195 - - [15/Jan/2019:16:54:00 +0100] "GET /reload?ser=1547567640370 HTTP/1.1" 200 28 "http://renault.activities.at/success" "Mozilla/5.0 (Windows NT 10.0; WOW64; Trident/7.0; Touch; rv:11.0) like Gecko"
80.123.225.36 - - [15/Jan/2019:16:54:21 +0100] "GET /reload?ser=1547567819044 HTTP/1.1" 200 28 "http://renault.activities.at/" "Mozilla/5.0 (Windows NT 6.1; Win64; x64; rv:64.0) Gecko/20100101 Firefox/64.0"
80.123.225.36 - - [15/Jan/2019:16:54:58 +0100] "GET /reload?ser=1547567699633 HTTP/1.1" 200 28 "http://renault.activities.at/success" "Mozilla/5.0 (Windows NT 10.0; WOW64; Trident/7.0; rv:11.0) like Gecko"
212.152.158.195 - - [15/Jan/2019:16:55:01 +0100] "GET /reload?ser=1547567701372 HTTP/1.1" 200 28 "http://renault.activities.at/success" "Mozilla/5.0 (Windows NT 10.0; WOW64; Trident/7.0; Touch; rv:11.0) like Gecko"
80.123.225.36 - - [15/Jan/2019:16:55:22 +0100] "GET /reload?ser=1547567879683 HTTP/1.1" 200 28 "http://renault.activities.at/" "Mozilla/5.0 (Windows NT 6.1; Win64; x64; rv:64.0) Gecko/20100101 Firefox/64.0"
80.120.5.131 - - [15/Jan/2019:16:55:52 +0100] "GET /10201637 HTTP/1.1" 302 150 "-" "Mozilla/5.0 (Macintosh; Intel Mac OS X 10_13_6) AppleWebKit/605.1.15 (KHTML, like Gecko)"
80.120.5.131 - - [15/Jan/2019:16:55:55 +0100] "GET /login?required=true HTTP/1.1" 200 2086 "-" "Mozilla/5.0 (Macintosh; Intel Mac OS X 10_13_6) AppleWebKit/605.1.15 (KHTML, like Gecko)"
80.120.5.131 - - [15/Jan/2019:16:55:55 +0100] "GET /apple-touch-icon-precomposed.png HTTP/1.1" 200 1559 "-" "Safari/13606.3.4.1.4 CFNetwork/902.3.1 Darwin/17.7.0 (x86_64)"
80.120.5.131 - - [15/Jan/2019:16:55:56 +0100] "GET /apple-touch-icon.png HTTP/1.1" 200 1559 "-" "Safari/13606.3.4.1.4 CFNetwork/902.3.1 Darwin/17.7.0 (x86_64)"
80.120.5.131 - - [15/Jan/2019:16:55:57 +0100] "GET /images/favicon.ico HTTP/1.1" 404 305 "-" "Safari/13606.3.4.1.4 CFNetwork/902.3.1 Darwin/17.7.0 (x86_64)"
80.120.5.131 - - [15/Jan/2019:16:55:57 +0100] "GET /images/favicon.ico HTTP/1.1" 404 305 "-" "Safari/13606.3.4.1.4 CFNetwork/902.3.1 Darwin/17.7.0 (x86_64)"
80.120.5.131 - - [15/Jan/2019:16:55:58 +0100] "GET /favicon.ico HTTP/1.1" 200 3250 "-" "Safari/13606.3.4.1.4 CFNetwork/902.3.1 Darwin/17.7.0 (x86_64)"
80.120.5.131 - - [15/Jan/2019:16:55:58 +0100] "GET /apple-touch-icon-precomposed.png HTTP/1.1" 200 1559 "-" "Safari/13606.3.4.1.4 CFNetwork/902.3.1 Darwin/17.7.0 (x86_64)"
80.120.5.131 - - [15/Jan/2019:16:55:59 +0100] "GET /apple-touch-icon.png HTTP/1.1" 200 1559 "-" "Safari/13606.3.4.1.4 CFNetwork/902.3.1 Darwin/17.7.0 (x86_64)"
80.120.5.131 - - [15/Jan/2019:16:56:00 +0100] "GET /images/favicon.ico HTTP/1.1" 404 305 "-" "Safari/13606.3.4.1.4 CFNetwork/902.3.1 Darwin/17.7.0 (x86_64)"
80.120.5.131 - - [15/Jan/2019:16:56:00 +0100] "GET /images/favicon.ico HTTP/1.1" 404 305 "-" "Safari/13606.3.4.1.4 CFNetwork/902.3.1 Darwin/17.7.0 (x86_64)"
80.120.5.131 - - [15/Jan/2019:16:56:00 +0100] "GET /favicon.ico HTTP/1.1" 200 3250 "-" "Safari/13606.3.4.1.4 CFNetwork/902.3.1 Darwin/17.7.0 (x86_64)"
80.123.225.36 - - [15/Jan/2019:16:55:59 +0100] "GET /reload?ser=1547567760609 HTTP/1.1" 200 28 "http://renault.activities.at/success" "Mozilla/5.0 (Windows NT 10.0; WOW64; Trident/7.0; rv:11.0) like Gecko"
80.120.5.131 - - [15/Jan/2019:16:56:00 +0100] "GET /10201637 HTTP/1.1" 302 150 "-" "Mozilla/5.0 (iPhone; CPU iPhone OS 11_3 like Mac OS X) AppleWebKit/605.1.15 (KHTML, like Gecko) Version/11.0 Mobile/15E148 Safari/604.1"
80.120.5.131 - - [15/Jan/2019:16:56:00 +0100] "GET /login?required=true HTTP/1.1" 200 2086 "-" "Mozilla/5.0 (iPhone; CPU iPhone OS 11_3 like Mac OS X) AppleWebKit/605.1.15 (KHTML, like Gecko) Version/11.0 Mobile/15E148 Safari/604.1"
80.120.5.131 - - [15/Jan/2019:16:56:01 +0100] "GET /apple-touch-icon-precomposed.png HTTP/1.1" 200 1559 "-" "Safari/13606.3.4.1.4 CFNetwork/902.3.1 Darwin/17.7.0 (x86_64)"
212.152.158.195 - - [15/Jan/2019:16:56:02 +0100] "GET /reload?ser=1547567762301 HTTP/1.1" 200 28 "http://renault.activities.at/success" "Mozilla/5.0 (Windows NT 10.0; WOW64; Trident/7.0; Touch; rv:11.0) like Gecko"
80.120.5.131 - - [15/Jan/2019:16:56:02 +0100] "GET /apple-touch-icon.png HTTP/1.1" 200 1559 "-" "Safari/13606.3.4.1.4 CFNetwork/902.3.1 Darwin/17.7.0 (x86_64)"
80.120.5.131 - - [15/Jan/2019:16:56:03 +0100] "GET /images/favicon.ico HTTP/1.1" 404 305 "-" "Safari/13606.3.4.1.4 CFNetwork/902.3.1 Darwin/17.7.0 (x86_64)"
80.120.5.131 - - [15/Jan/2019:16:56:03 +0100] "GET /images/favicon.ico HTTP/1.1" 404 305 "-" "Safari/13606.3.4.1.4 CFNetwork/902.3.1 Darwin/17.7.0 (x86_64)"
80.120.5.131 - - [15/Jan/2019:16:56:03 +0100] "GET /favicon.ico HTTP/1.1" 200 3250 "-" "Safari/13606.3.4.1.4 CFNetwork/902.3.1 Darwin/17.7.0 (x86_64)"
80.120.5.131 - - [15/Jan/2019:16:56:03 +0100] "GET /apple-touch-icon-precomposed.png HTTP/1.1" 200 1559 "-" "Safari/13606.3.4.1.4 CFNetwork/902.3.1 Darwin/17.7.0 (x86_64)"
80.120.5.131 - - [15/Jan/2019:16:56:04 +0100] "GET /apple-touch-icon.png HTTP/1.1" 200 1559 "-" "Safari/13606.3.4.1.4 CFNetwork/902.3.1 Darwin/17.7.0 (x86_64)"
80.120.5.131 - - [15/Jan/2019:16:56:05 +0100] "GET /images/favicon.ico HTTP/1.1" 404 305 "-" "Safari/13606.3.4.1.4 CFNetwork/902.3.1 Darwin/17.7.0 (x86_64)"
80.120.5.131 - - [15/Jan/2019:16:56:05 +0100] "GET /images/favicon.ico HTTP/1.1" 404 305 "-" "Safari/13606.3.4.1.4 CFNetwork/902.3.1 Darwin/17.7.0 (x86_64)"
80.120.5.131 - - [15/Jan/2019:16:56:05 +0100] "GET /favicon.ico HTTP/1.1" 200 3250 "-" "Safari/13606.3.4.1.4 CFNetwork/902.3.1 Darwin/17.7.0 (x86_64)"
80.123.225.36 - - [15/Jan/2019:16:56:23 +0100] "GET /reload?ser=1547567940320 HTTP/1.1" 200 28 "http://renault.activities.at/" "Mozilla/5.0 (Windows NT 6.1; Win64; x64; rv:64.0) Gecko/20100101 Firefox/64.0"
80.123.225.36 - - [15/Jan/2019:16:57:00 +0100] "GET /reload?ser=1547567821569 HTTP/1.1" 200 28 "http://renault.activities.at/success" "Mozilla/5.0 (Windows NT 10.0; WOW64; Trident/7.0; rv:11.0) like Gecko"
212.152.158.195 - - [15/Jan/2019:16:57:03 +0100] "GET /reload?ser=1547567823241 HTTP/1.1" 200 28 "http://renault.activities.at/success" "Mozilla/5.0 (Windows NT 10.0; WOW64; Trident/7.0; Touch; rv:11.0) like Gecko"
80.123.225.36 - - [15/Jan/2019:16:57:23 +0100] "GET /reload?ser=1547568000961 HTTP/1.1" 200 28 "http://renault.activities.at/" "Mozilla/5.0 (Windows NT 6.1; Win64; x64; rv:64.0) Gecko/20100101 Firefox/64.0"
80.123.225.36 - - [15/Jan/2019:16:58:01 +0100] "GET /reload?ser=1547567882516 HTTP/1.1" 200 28 "http://renault.activities.at/success" "Mozilla/5.0 (Windows NT 10.0; WOW64; Trident/7.0; rv:11.0) like Gecko"
212.152.158.195 - - [15/Jan/2019:16:58:04 +0100] "GET /reload?ser=1547567884195 HTTP/1.1" 200 28 "http://renault.activities.at/success" "Mozilla/5.0 (Windows NT 10.0; WOW64; Trident/7.0; Touch; rv:11.0) like Gecko"
80.123.225.36 - - [15/Jan/2019:16:58:24 +0100] "GET /reload?ser=1547568061597 HTTP/1.1" 200 28 "http://renault.activities.at/" "Mozilla/5.0 (Windows NT 6.1; Win64; x64; rv:64.0) Gecko/20100101 Firefox/64.0"
80.123.225.36 - - [15/Jan/2019:16:59:02 +0100] "GET /reload?ser=1547567943508 HTTP/1.1" 200 28 "http://renault.activities.at/success" "Mozilla/5.0 (Windows NT 10.0; WOW64; Trident/7.0; rv:11.0) like Gecko"
212.152.158.195 - - [15/Jan/2019:16:59:05 +0100] "GET /reload?ser=1547567945156 HTTP/1.1" 200 28 "http://renault.activities.at/success" "Mozilla/5.0 (Windows NT 10.0; WOW64; Trident/7.0; Touch; rv:11.0) like Gecko"
80.123.225.36 - - [15/Jan/2019:16:59:25 +0100] "GET /reload?ser=1547568122242 HTTP/1.1" 200 28 "http://renault.activities.at/" "Mozilla/5.0 (Windows NT 6.1; Win64; x64; rv:64.0) Gecko/20100101 Firefox/64.0"
80.123.225.36 - - [15/Jan/2019:17:00:03 +0100] "GET /reload?ser=1547568004506 HTTP/1.1" 200 28 "http://renault.activities.at/success" "Mozilla/5.0 (Windows NT 10.0; WOW64; Trident/7.0; rv:11.0) like Gecko"
212.152.158.195 - - [15/Jan/2019:17:00:06 +0100] "GET /reload?ser=1547568006119 HTTP/1.1" 200 28 "http://renault.activities.at/success" "Mozilla/5.0 (Windows NT 10.0; WOW64; Trident/7.0; Touch; rv:11.0) like Gecko"
80.123.225.36 - - [15/Jan/2019:17:00:25 +0100] "GET /reload?ser=1547568182887 HTTP/1.1" 200 28 "http://renault.activities.at/" "Mozilla/5.0 (Windows NT 6.1; Win64; x64; rv:64.0) Gecko/20100101 Firefox/64.0"
80.123.225.36 - - [15/Jan/2019:17:01:04 +0100] "GET /reload?ser=1547568065464 HTTP/1.1" 200 28 "http://renault.activities.at/success" "Mozilla/5.0 (Windows NT 10.0; WOW64; Trident/7.0; rv:11.0) like Gecko"
212.152.158.195 - - [15/Jan/2019:17:01:07 +0100] "GET /reload?ser=1547568067138 HTTP/1.1" 200 28 "http://renault.activities.at/success" "Mozilla/5.0 (Windows NT 10.0; WOW64; Trident/7.0; Touch; rv:11.0) like Gecko"
80.123.225.36 - - [15/Jan/2019:17:01:26 +0100] "GET /reload?ser=1547568243531 HTTP/1.1" 200 28 "http://renault.activities.at/" "Mozilla/5.0 (Windows NT 6.1; Win64; x64; rv:64.0) Gecko/20100101 Firefox/64.0"
80.123.225.36 - - [15/Jan/2019:17:02:05 +0100] "GET /reload?ser=1547568126450 HTTP/1.1" 200 28 "http://renault.activities.at/success" "Mozilla/5.0 (Windows NT 10.0; WOW64; Trident/7.0; rv:11.0) like Gecko"
212.152.158.195 - - [15/Jan/2019:17:02:08 +0100] "GET /reload?ser=1547568128096 HTTP/1.1" 200 28 "http://renault.activities.at/success" "Mozilla/5.0 (Windows NT 10.0; WOW64; Trident/7.0; Touch; rv:11.0) like Gecko"
80.123.225.36 - - [15/Jan/2019:17:02:27 +0100] "GET /reload?ser=1547568304207 HTTP/1.1" 200 28 "http://renault.activities.at/" "Mozilla/5.0 (Windows NT 6.1; Win64; x64; rv:64.0) Gecko/20100101 Firefox/64.0"
80.123.225.36 - - [15/Jan/2019:17:03:06 +0100] "GET /reload?ser=1547568187459 HTTP/1.1" 200 28 "http://renault.activities.at/success" "Mozilla/5.0 (Windows NT 10.0; WOW64; Trident/7.0; rv:11.0) like Gecko"
212.152.158.195 - - [15/Jan/2019:17:03:09 +0100] "GET /reload?ser=1547568189031 HTTP/1.1" 200 28 "http://renault.activities.at/success" "Mozilla/5.0 (Windows NT 10.0; WOW64; Trident/7.0; Touch; rv:11.0) like Gecko"
80.123.225.36 - - [15/Jan/2019:17:03:27 +0100] "GET /reload?ser=1547568364845 HTTP/1.1" 200 28 "http://renault.activities.at/" "Mozilla/5.0 (Windows NT 6.1; Win64; x64; rv:64.0) Gecko/20100101 Firefox/64.0"
80.123.225.36 - - [15/Jan/2019:17:04:07 +0100] "GET /reload?ser=1547568248472 HTTP/1.1" 200 28 "http://renault.activities.at/success" "Mozilla/5.0 (Windows NT 10.0; WOW64; Trident/7.0; rv:11.0) like Gecko"
212.152.158.195 - - [15/Jan/2019:17:04:10 +0100] "GET /reload?ser=1547568249989 HTTP/1.1" 200 28 "http://renault.activities.at/success" "Mozilla/5.0 (Windows NT 10.0; WOW64; Trident/7.0; Touch; rv:11.0) like Gecko"
80.123.225.36 - - [15/Jan/2019:17:04:28 +0100] "GET /reload?ser=1547568425484 HTTP/1.1" 200 28 "http://renault.activities.at/" "Mozilla/5.0 (Windows NT 6.1; Win64; x64; rv:64.0) Gecko/20100101 Firefox/64.0"
80.123.225.36 - - [15/Jan/2019:17:05:08 +0100] "GET /reload?ser=1547568309483 HTTP/1.1" 200 28 "http://renault.activities.at/success" "Mozilla/5.0 (Windows NT 10.0; WOW64; Trident/7.0; rv:11.0) like Gecko"
212.152.158.195 - - [15/Jan/2019:17:05:11 +0100] "GET /reload?ser=1547568310988 HTTP/1.1" 200 28 "http://renault.activities.at/success" "Mozilla/5.0 (Windows NT 10.0; WOW64; Trident/7.0; Touch; rv:11.0) like Gecko"
80.123.225.36 - - [15/Jan/2019:17:05:29 +0100] "GET /reload?ser=1547568486119 HTTP/1.1" 200 28 "http://renault.activities.at/" "Mozilla/5.0 (Windows NT 6.1; Win64; x64; rv:64.0) Gecko/20100101 Firefox/64.0"
80.123.225.36 - - [15/Jan/2019:17:06:09 +0100] "GET /reload?ser=1547568370435 HTTP/1.1" 200 28 "http://renault.activities.at/success" "Mozilla/5.0 (Windows NT 10.0; WOW64; Trident/7.0; rv:11.0) like Gecko"
212.152.158.195 - - [15/Jan/2019:17:06:12 +0100] "GET /reload?ser=1547568371976 HTTP/1.1" 200 28 "http://renault.activities.at/success" "Mozilla/5.0 (Windows NT 10.0; WOW64; Trident/7.0; Touch; rv:11.0) like Gecko"
80.123.225.36 - - [15/Jan/2019:17:06:29 +0100] "GET /reload?ser=1547568546790 HTTP/1.1" 200 28 "http://renault.activities.at/" "Mozilla/5.0 (Windows NT 6.1; Win64; x64; rv:64.0) Gecko/20100101 Firefox/64.0"
80.123.225.36 - - [15/Jan/2019:17:07:10 +0100] "GET /reload?ser=1547568431457 HTTP/1.1" 200 28 "http://renault.activities.at/success" "Mozilla/5.0 (Windows NT 10.0; WOW64; Trident/7.0; rv:11.0) like Gecko"
212.152.158.195 - - [15/Jan/2019:17:07:13 +0100] "GET /reload?ser=1547568432965 HTTP/1.1" 200 28 "http://renault.activities.at/success" "Mozilla/5.0 (Windows NT 10.0; WOW64; Trident/7.0; Touch; rv:11.0) like Gecko"
80.123.225.36 - - [15/Jan/2019:17:07:30 +0100] "GET /reload?ser=1547568607425 HTTP/1.1" 200 28 "http://renault.activities.at/" "Mozilla/5.0 (Windows NT 6.1; Win64; x64; rv:64.0) Gecko/20100101 Firefox/64.0"
80.123.225.36 - - [15/Jan/2019:17:08:11 +0100] "GET /reload?ser=1547568492436 HTTP/1.1" 200 28 "http://renault.activities.at/success" "Mozilla/5.0 (Windows NT 10.0; WOW64; Trident/7.0; rv:11.0) like Gecko"
212.152.158.195 - - [15/Jan/2019:17:08:14 +0100] "GET /reload?ser=1547568493970 HTTP/1.1" 200 28 "http://renault.activities.at/success" "Mozilla/5.0 (Windows NT 10.0; WOW64; Trident/7.0; Touch; rv:11.0) like Gecko"
80.123.225.36 - - [15/Jan/2019:17:08:30 +0100] "GET /reload?ser=1547568668077 HTTP/1.1" 200 28 "http://renault.activities.at/" "Mozilla/5.0 (Windows NT 6.1; Win64; x64; rv:64.0) Gecko/20100101 Firefox/64.0"
80.123.225.36 - - [15/Jan/2019:17:09:12 +0100] "GET /reload?ser=1547568553456 HTTP/1.1" 200 28 "http://renault.activities.at/success" "Mozilla/5.0 (Windows NT 10.0; WOW64; Trident/7.0; rv:11.0) like Gecko"
212.152.158.195 - - [15/Jan/2019:17:09:15 +0100] "GET /reload?ser=1547568554958 HTTP/1.1" 200 28 "http://renault.activities.at/success" "Mozilla/5.0 (Windows NT 10.0; WOW64; Trident/7.0; Touch; rv:11.0) like Gecko"
80.123.225.36 - - [15/Jan/2019:17:09:31 +0100] "GET /reload?ser=1547568728752 HTTP/1.1" 200 28 "http://renault.activities.at/" "Mozilla/5.0 (Windows NT 6.1; Win64; x64; rv:64.0) Gecko/20100101 Firefox/64.0"
80.123.225.36 - - [15/Jan/2019:17:10:13 +0100] "GET /reload?ser=1547568614468 HTTP/1.1" 200 28 "http://renault.activities.at/success" "Mozilla/5.0 (Windows NT 10.0; WOW64; Trident/7.0; rv:11.0) like Gecko"
212.152.158.195 - - [15/Jan/2019:17:10:16 +0100] "GET /reload?ser=1547568615941 HTTP/1.1" 200 28 "http://renault.activities.at/success" "Mozilla/5.0 (Windows NT 10.0; WOW64; Trident/7.0; Touch; rv:11.0) like Gecko"
80.123.225.36 - - [15/Jan/2019:17:10:32 +0100] "GET /reload?ser=1547568789388 HTTP/1.1" 200 28 "http://renault.activities.at/" "Mozilla/5.0 (Windows NT 6.1; Win64; x64; rv:64.0) Gecko/20100101 Firefox/64.0"
80.123.225.36 - - [15/Jan/2019:17:11:14 +0100] "GET /reload?ser=1547568675450 HTTP/1.1" 200 28 "http://renault.activities.at/success" "Mozilla/5.0 (Windows NT 10.0; WOW64; Trident/7.0; rv:11.0) like Gecko"
212.152.158.195 - - [15/Jan/2019:17:11:17 +0100] "GET /reload?ser=1547568676937 HTTP/1.1" 200 28 "http://renault.activities.at/success" "Mozilla/5.0 (Windows NT 10.0; WOW64; Trident/7.0; Touch; rv:11.0) like Gecko"
80.123.225.36 - - [15/Jan/2019:17:11:32 +0100] "GET /reload?ser=1547568850022 HTTP/1.1" 200 28 "http://renault.activities.at/" "Mozilla/5.0 (Windows NT 6.1; Win64; x64; rv:64.0) Gecko/20100101 Firefox/64.0"
80.123.225.36 - - [15/Jan/2019:17:12:15 +0100] "GET /reload?ser=1547568736494 HTTP/1.1" 200 28 "http://renault.activities.at/success" "Mozilla/5.0 (Windows NT 10.0; WOW64; Trident/7.0; rv:11.0) like Gecko"
212.152.158.195 - - [15/Jan/2019:17:12:18 +0100] "GET /reload?ser=1547568737915 HTTP/1.1" 200 28 "http://renault.activities.at/success" "Mozilla/5.0 (Windows NT 10.0; WOW64; Trident/7.0; Touch; rv:11.0) like Gecko"
80.123.225.36 - - [15/Jan/2019:17:12:33 +0100] "GET /reload?ser=1547568910661 HTTP/1.1" 200 28 "http://renault.activities.at/" "Mozilla/5.0 (Windows NT 6.1; Win64; x64; rv:64.0) Gecko/20100101 Firefox/64.0"
80.123.225.36 - - [15/Jan/2019:17:13:16 +0100] "GET /reload?ser=1547568797472 HTTP/1.1" 200 28 "http://renault.activities.at/success" "Mozilla/5.0 (Windows NT 10.0; WOW64; Trident/7.0; rv:11.0) like Gecko"
212.152.158.195 - - [15/Jan/2019:17:13:19 +0100] "GET /reload?ser=1547568798903 HTTP/1.1" 200 28 "http://renault.activities.at/success" "Mozilla/5.0 (Windows NT 10.0; WOW64; Trident/7.0; Touch; rv:11.0) like Gecko"
80.123.225.36 - - [15/Jan/2019:17:14:17 +0100] "GET /reload?ser=1547568858478 HTTP/1.1" 200 28 "http://renault.activities.at/success" "Mozilla/5.0 (Windows NT 10.0; WOW64; Trident/7.0; rv:11.0) like Gecko"
212.152.158.195 - - [15/Jan/2019:17:14:20 +0100] "GET /reload?ser=1547568859892 HTTP/1.1" 200 28 "http://renault.activities.at/success" "Mozilla/5.0 (Windows NT 10.0; WOW64; Trident/7.0; Touch; rv:11.0) like Gecko"
80.123.225.36 - - [15/Jan/2019:17:15:18 +0100] "GET /reload?ser=1547568919493 HTTP/1.1" 200 28 "http://renault.activities.at/success" "Mozilla/5.0 (Windows NT 10.0; WOW64; Trident/7.0; rv:11.0) like Gecko"
212.152.158.195 - - [15/Jan/2019:17:15:21 +0100] "GET /reload?ser=1547568920877 HTTP/1.1" 200 28 "http://renault.activities.at/success" "Mozilla/5.0 (Windows NT 10.0; WOW64; Trident/7.0; Touch; rv:11.0) like Gecko"
80.123.225.36 - - [15/Jan/2019:17:16:19 +0100] "GET /reload?ser=1547568980453 HTTP/1.1" 200 28 "http://renault.activities.at/success" "Mozilla/5.0 (Windows NT 10.0; WOW64; Trident/7.0; rv:11.0) like Gecko"
212.152.158.195 - - [15/Jan/2019:17:16:22 +0100] "GET /reload?ser=1547568981888 HTTP/1.1" 200 28 "http://renault.activities.at/success" "Mozilla/5.0 (Windows NT 10.0; WOW64; Trident/7.0; Touch; rv:11.0) like Gecko"
80.123.225.36 - - [15/Jan/2019:17:17:20 +0100] "GET /reload?ser=1547569041431 HTTP/1.1" 200 28 "http://renault.activities.at/success" "Mozilla/5.0 (Windows NT 10.0; WOW64; Trident/7.0; rv:11.0) like Gecko"
212.152.158.195 - - [15/Jan/2019:17:17:23 +0100] "GET /reload?ser=1547569042877 HTTP/1.1" 200 28 "http://renault.activities.at/success" "Mozilla/5.0 (Windows NT 10.0; WOW64; Trident/7.0; Touch; rv:11.0) like Gecko"
80.123.225.36 - - [15/Jan/2019:17:18:21 +0100] "GET /reload?ser=1547569102413 HTTP/1.1" 200 28 "http://renault.activities.at/success" "Mozilla/5.0 (Windows NT 10.0; WOW64; Trident/7.0; rv:11.0) like Gecko"
212.152.158.195 - - [15/Jan/2019:17:18:24 +0100] "GET /reload?ser=1547569103865 HTTP/1.1" 200 28 "http://renault.activities.at/success" "Mozilla/5.0 (Windows NT 10.0; WOW64; Trident/7.0; Touch; rv:11.0) like Gecko"
80.123.225.36 - - [15/Jan/2019:17:19:22 +0100] "GET /reload?ser=1547569163384 HTTP/1.1" 200 28 "http://renault.activities.at/success" "Mozilla/5.0 (Windows NT 10.0; WOW64; Trident/7.0; rv:11.0) like Gecko"
212.152.158.195 - - [15/Jan/2019:17:19:25 +0100] "GET /reload?ser=1547569164807 HTTP/1.1" 200 28 "http://renault.activities.at/success" "Mozilla/5.0 (Windows NT 10.0; WOW64; Trident/7.0; Touch; rv:11.0) like Gecko"
80.123.225.36 - - [15/Jan/2019:17:20:23 +0100] "GET /reload?ser=1547569224375 HTTP/1.1" 200 28 "http://renault.activities.at/success" "Mozilla/5.0 (Windows NT 10.0; WOW64; Trident/7.0; rv:11.0) like Gecko"
212.152.158.195 - - [15/Jan/2019:17:20:25 +0100] "GET /reload?ser=1547569225801 HTTP/1.1" 200 28 "http://renault.activities.at/success" "Mozilla/5.0 (Windows NT 10.0; WOW64; Trident/7.0; Touch; rv:11.0) like Gecko"
80.123.225.36 - - [15/Jan/2019:17:21:24 +0100] "GET /reload?ser=1547569285366 HTTP/1.1" 200 28 "http://renault.activities.at/success" "Mozilla/5.0 (Windows NT 10.0; WOW64; Trident/7.0; rv:11.0) like Gecko"
212.152.158.195 - - [15/Jan/2019:17:21:26 +0100] "GET /reload?ser=1547569286743 HTTP/1.1" 200 28 "http://renault.activities.at/success" "Mozilla/5.0 (Windows NT 10.0; WOW64; Trident/7.0; Touch; rv:11.0) like Gecko"
80.123.225.36 - - [15/Jan/2019:17:22:25 +0100] "GET /reload?ser=1547569346353 HTTP/1.1" 200 28 "http://renault.activities.at/success" "Mozilla/5.0 (Windows NT 10.0; WOW64; Trident/7.0; rv:11.0) like Gecko"
212.152.158.195 - - [15/Jan/2019:17:22:27 +0100] "GET /reload?ser=1547569347745 HTTP/1.1" 200 28 "http://renault.activities.at/success" "Mozilla/5.0 (Windows NT 10.0; WOW64; Trident/7.0; Touch; rv:11.0) like Gecko"
80.123.225.36 - - [15/Jan/2019:17:23:26 +0100] "GET /reload?ser=1547569407330 HTTP/1.1" 200 28 "http://renault.activities.at/success" "Mozilla/5.0 (Windows NT 10.0; WOW64; Trident/7.0; rv:11.0) like Gecko"
212.152.158.195 - - [15/Jan/2019:17:23:28 +0100] "GET /reload?ser=1547569408708 HTTP/1.1" 200 28 "http://renault.activities.at/success" "Mozilla/5.0 (Windows NT 10.0; WOW64; Trident/7.0; Touch; rv:11.0) like Gecko"
80.123.225.36 - - [15/Jan/2019:17:24:27 +0100] "GET /reload?ser=1547569468295 HTTP/1.1" 200 28 "http://renault.activities.at/success" "Mozilla/5.0 (Windows NT 10.0; WOW64; Trident/7.0; rv:11.0) like Gecko"
212.152.158.195 - - [15/Jan/2019:17:24:29 +0100] "GET /reload?ser=1547569469695 HTTP/1.1" 200 28 "http://renault.activities.at/success" "Mozilla/5.0 (Windows NT 10.0; WOW64; Trident/7.0; Touch; rv:11.0) like Gecko"
80.123.225.36 - - [15/Jan/2019:17:25:28 +0100] "GET /reload?ser=1547569529289 HTTP/1.1" 200 28 "http://renault.activities.at/success" "Mozilla/5.0 (Windows NT 10.0; WOW64; Trident/7.0; rv:11.0) like Gecko"
212.152.158.195 - - [15/Jan/2019:17:25:30 +0100] "GET /reload?ser=1547569530680 HTTP/1.1" 200 28 "http://renault.activities.at/success" "Mozilla/5.0 (Windows NT 10.0; WOW64; Trident/7.0; Touch; rv:11.0) like Gecko"
80.123.225.36 - - [15/Jan/2019:17:26:29 +0100] "GET /reload?ser=1547569590284 HTTP/1.1" 200 28 "http://renault.activities.at/success" "Mozilla/5.0 (Windows NT 10.0; WOW64; Trident/7.0; rv:11.0) like Gecko"
212.152.158.195 - - [15/Jan/2019:17:26:31 +0100] "GET /reload?ser=1547569591635 HTTP/1.1" 200 28 "http://renault.activities.at/success" "Mozilla/5.0 (Windows NT 10.0; WOW64; Trident/7.0; Touch; rv:11.0) like Gecko"
80.123.225.36 - - [15/Jan/2019:17:27:30 +0100] "GET /reload?ser=1547569651281 HTTP/1.1" 200 28 "http://renault.activities.at/success" "Mozilla/5.0 (Windows NT 10.0; WOW64; Trident/7.0; rv:11.0) like Gecko"
212.152.158.195 - - [15/Jan/2019:17:27:32 +0100] "GET /reload?ser=1547569652642 HTTP/1.1" 200 28 "http://renault.activities.at/success" "Mozilla/5.0 (Windows NT 10.0; WOW64; Trident/7.0; Touch; rv:11.0) like Gecko"
80.123.225.36 - - [15/Jan/2019:17:28:31 +0100] "GET /reload?ser=1547569712253 HTTP/1.1" 200 28 "http://renault.activities.at/success" "Mozilla/5.0 (Windows NT 10.0; WOW64; Trident/7.0; rv:11.0) like Gecko"
212.152.158.195 - - [15/Jan/2019:17:28:33 +0100] "GET /reload?ser=1547569713649 HTTP/1.1" 200 28 "http://renault.activities.at/success" "Mozilla/5.0 (Windows NT 10.0; WOW64; Trident/7.0; Touch; rv:11.0) like Gecko"
80.123.225.36 - - [15/Jan/2019:17:29:32 +0100] "GET /reload?ser=1547569773224 HTTP/1.1" 200 28 "http://renault.activities.at/success" "Mozilla/5.0 (Windows NT 10.0; WOW64; Trident/7.0; rv:11.0) like Gecko"
212.152.158.195 - - [15/Jan/2019:17:29:34 +0100] "GET /reload?ser=1547569774642 HTTP/1.1" 200 28 "http://renault.activities.at/success" "Mozilla/5.0 (Windows NT 10.0; WOW64; Trident/7.0; Touch; rv:11.0) like Gecko"
80.123.225.36 - - [15/Jan/2019:17:30:33 +0100] "GET /reload?ser=1547569834235 HTTP/1.1" 200 28 "http://renault.activities.at/success" "Mozilla/5.0 (Windows NT 10.0; WOW64; Trident/7.0; rv:11.0) like Gecko"
212.152.158.195 - - [15/Jan/2019:17:30:35 +0100] "GET /reload?ser=1547569835625 HTTP/1.1" 200 28 "http://renault.activities.at/success" "Mozilla/5.0 (Windows NT 10.0; WOW64; Trident/7.0; Touch; rv:11.0) like Gecko"
80.120.5.131 - - [15/Jan/2019:17:30:53 +0100] "GET /10201637 HTTP/1.1" 302 150 "-" "Mozilla/5.0 (Macintosh; Intel Mac OS X 10_13_6) AppleWebKit/605.1.15 (KHTML, like Gecko)"
80.120.5.131 - - [15/Jan/2019:17:30:54 +0100] "GET /login?required=true HTTP/1.1" 200 2086 "-" "Mozilla/5.0 (Macintosh; Intel Mac OS X 10_13_6) AppleWebKit/605.1.15 (KHTML, like Gecko)"
80.120.5.131 - - [15/Jan/2019:17:30:56 +0100] "GET /apple-touch-icon-precomposed.png HTTP/1.1" 200 1559 "-" "Safari/13606.3.4.1.4 CFNetwork/902.3.1 Darwin/17.7.0 (x86_64)"
80.120.5.131 - - [15/Jan/2019:17:30:57 +0100] "GET /apple-touch-icon.png HTTP/1.1" 200 1559 "-" "Safari/13606.3.4.1.4 CFNetwork/902.3.1 Darwin/17.7.0 (x86_64)"
80.120.5.131 - - [15/Jan/2019:17:30:57 +0100] "GET /images/favicon.ico HTTP/1.1" 404 305 "-" "Safari/13606.3.4.1.4 CFNetwork/902.3.1 Darwin/17.7.0 (x86_64)"
80.120.5.131 - - [15/Jan/2019:17:30:58 +0100] "GET /images/favicon.ico HTTP/1.1" 404 305 "-" "Safari/13606.3.4.1.4 CFNetwork/902.3.1 Darwin/17.7.0 (x86_64)"
80.120.5.131 - - [15/Jan/2019:17:30:58 +0100] "GET /favicon.ico HTTP/1.1" 200 3250 "-" "Safari/13606.3.4.1.4 CFNetwork/902.3.1 Darwin/17.7.0 (x86_64)"
80.120.5.131 - - [15/Jan/2019:17:30:58 +0100] "GET /apple-touch-icon-precomposed.png HTTP/1.1" 200 1559 "-" "Safari/13606.3.4.1.4 CFNetwork/902.3.1 Darwin/17.7.0 (x86_64)"
80.120.5.131 - - [15/Jan/2019:17:30:59 +0100] "GET /apple-touch-icon.png HTTP/1.1" 200 1559 "-" "Safari/13606.3.4.1.4 CFNetwork/902.3.1 Darwin/17.7.0 (x86_64)"
80.120.5.131 - - [15/Jan/2019:17:31:00 +0100] "GET /images/favicon.ico HTTP/1.1" 404 305 "-" "Safari/13606.3.4.1.4 CFNetwork/902.3.1 Darwin/17.7.0 (x86_64)"
80.120.5.131 - - [15/Jan/2019:17:31:00 +0100] "GET /images/favicon.ico HTTP/1.1" 404 305 "-" "Safari/13606.3.4.1.4 CFNetwork/902.3.1 Darwin/17.7.0 (x86_64)"
80.120.5.131 - - [15/Jan/2019:17:31:00 +0100] "GET /favicon.ico HTTP/1.1" 200 3250 "-" "Safari/13606.3.4.1.4 CFNetwork/902.3.1 Darwin/17.7.0 (x86_64)"
80.120.5.131 - - [15/Jan/2019:17:31:00 +0100] "GET /10201637 HTTP/1.1" 302 150 "-" "Mozilla/5.0 (iPhone; CPU iPhone OS 11_3 like Mac OS X) AppleWebKit/605.1.15 (KHTML, like Gecko) Version/11.0 Mobile/15E148 Safari/604.1"
80.120.5.131 - - [15/Jan/2019:17:31:01 +0100] "GET /login?required=true HTTP/1.1" 200 2086 "-" "Mozilla/5.0 (iPhone; CPU iPhone OS 11_3 like Mac OS X) AppleWebKit/605.1.15 (KHTML, like Gecko) Version/11.0 Mobile/15E148 Safari/604.1"
80.120.5.131 - - [15/Jan/2019:17:31:01 +0100] "GET /apple-touch-icon-precomposed.png HTTP/1.1" 200 1559 "-" "Safari/13606.3.4.1.4 CFNetwork/902.3.1 Darwin/17.7.0 (x86_64)"
80.120.5.131 - - [15/Jan/2019:17:31:02 +0100] "GET /apple-touch-icon.png HTTP/1.1" 200 1559 "-" "Safari/13606.3.4.1.4 CFNetwork/902.3.1 Darwin/17.7.0 (x86_64)"
80.120.5.131 - - [15/Jan/2019:17:31:03 +0100] "GET /images/favicon.ico HTTP/1.1" 404 305 "-" "Safari/13606.3.4.1.4 CFNetwork/902.3.1 Darwin/17.7.0 (x86_64)"
80.120.5.131 - - [15/Jan/2019:17:31:03 +0100] "GET /images/favicon.ico HTTP/1.1" 404 305 "-" "Safari/13606.3.4.1.4 CFNetwork/902.3.1 Darwin/17.7.0 (x86_64)"
80.120.5.131 - - [15/Jan/2019:17:31:03 +0100] "GET /favicon.ico HTTP/1.1" 200 3250 "-" "Safari/13606.3.4.1.4 CFNetwork/902.3.1 Darwin/17.7.0 (x86_64)"
80.120.5.131 - - [15/Jan/2019:17:31:04 +0100] "GET /apple-touch-icon-precomposed.png HTTP/1.1" 200 1559 "-" "Safari/13606.3.4.1.4 CFNetwork/902.3.1 Darwin/17.7.0 (x86_64)"
80.120.5.131 - - [15/Jan/2019:17:31:04 +0100] "GET /apple-touch-icon.png HTTP/1.1" 200 1559 "-" "Safari/13606.3.4.1.4 CFNetwork/902.3.1 Darwin/17.7.0 (x86_64)"
80.120.5.131 - - [15/Jan/2019:17:31:05 +0100] "GET /images/favicon.ico HTTP/1.1" 404 305 "-" "Safari/13606.3.4.1.4 CFNetwork/902.3.1 Darwin/17.7.0 (x86_64)"
80.120.5.131 - - [15/Jan/2019:17:31:06 +0100] "GET /images/favicon.ico HTTP/1.1" 404 305 "-" "Safari/13606.3.4.1.4 CFNetwork/902.3.1 Darwin/17.7.0 (x86_64)"
80.120.5.131 - - [15/Jan/2019:17:31:06 +0100] "GET /favicon.ico HTTP/1.1" 200 3250 "-" "Safari/13606.3.4.1.4 CFNetwork/902.3.1 Darwin/17.7.0 (x86_64)"
80.123.225.36 - - [15/Jan/2019:17:31:34 +0100] "GET /reload?ser=1547569895199 HTTP/1.1" 200 28 "http://renault.activities.at/success" "Mozilla/5.0 (Windows NT 10.0; WOW64; Trident/7.0; rv:11.0) like Gecko"
212.152.158.195 - - [15/Jan/2019:17:31:36 +0100] "GET /reload?ser=1547569896649 HTTP/1.1" 200 28 "http://renault.activities.at/success" "Mozilla/5.0 (Windows NT 10.0; WOW64; Trident/7.0; Touch; rv:11.0) like Gecko"
80.123.225.36 - - [15/Jan/2019:17:32:35 +0100] "GET /reload?ser=1547569956174 HTTP/1.1" 200 28 "http://renault.activities.at/success" "Mozilla/5.0 (Windows NT 10.0; WOW64; Trident/7.0; rv:11.0) like Gecko"
212.152.158.195 - - [15/Jan/2019:17:32:37 +0100] "GET /reload?ser=1547569957589 HTTP/1.1" 200 28 "http://renault.activities.at/success" "Mozilla/5.0 (Windows NT 10.0; WOW64; Trident/7.0; Touch; rv:11.0) like Gecko"
80.123.225.36 - - [15/Jan/2019:17:33:36 +0100] "GET /reload?ser=1547570017129 HTTP/1.1" 200 28 "http://renault.activities.at/success" "Mozilla/5.0 (Windows NT 10.0; WOW64; Trident/7.0; rv:11.0) like Gecko"
212.152.158.195 - - [15/Jan/2019:17:33:38 +0100] "GET /reload?ser=1547570018512 HTTP/1.1" 200 28 "http://renault.activities.at/success" "Mozilla/5.0 (Windows NT 10.0; WOW64; Trident/7.0; Touch; rv:11.0) like Gecko"
80.123.225.36 - - [15/Jan/2019:17:34:37 +0100] "GET /reload?ser=1547570078116 HTTP/1.1" 200 28 "http://renault.activities.at/success" "Mozilla/5.0 (Windows NT 10.0; WOW64; Trident/7.0; rv:11.0) like Gecko"
212.152.158.195 - - [15/Jan/2019:17:34:39 +0100] "GET /reload?ser=1547570079499 HTTP/1.1" 200 28 "http://renault.activities.at/success" "Mozilla/5.0 (Windows NT 10.0; WOW64; Trident/7.0; Touch; rv:11.0) like Gecko"
80.123.225.36 - - [15/Jan/2019:17:35:38 +0100] "GET /reload?ser=1547570139084 HTTP/1.1" 200 28 "http://renault.activities.at/success" "Mozilla/5.0 (Windows NT 10.0; WOW64; Trident/7.0; rv:11.0) like Gecko"
212.152.158.195 - - [15/Jan/2019:17:35:40 +0100] "GET /reload?ser=1547570140516 HTTP/1.1" 200 28 "http://renault.activities.at/success" "Mozilla/5.0 (Windows NT 10.0; WOW64; Trident/7.0; Touch; rv:11.0) like Gecko"
212.152.158.195 - - [15/Jan/2019:17:36:41 +0100] "GET /reload?ser=1547570201503 HTTP/1.1" 200 28 "http://renault.activities.at/success" "Mozilla/5.0 (Windows NT 10.0; WOW64; Trident/7.0; Touch; rv:11.0) like Gecko"
212.152.158.195 - - [15/Jan/2019:17:37:42 +0100] "GET /reload?ser=1547570262477 HTTP/1.1" 200 28 "http://renault.activities.at/success" "Mozilla/5.0 (Windows NT 10.0; WOW64; Trident/7.0; Touch; rv:11.0) like Gecko"
212.152.158.195 - - [15/Jan/2019:17:38:43 +0100] "GET /reload?ser=1547570323431 HTTP/1.1" 200 28 "http://renault.activities.at/success" "Mozilla/5.0 (Windows NT 10.0; WOW64; Trident/7.0; Touch; rv:11.0) like Gecko"
212.152.158.195 - - [15/Jan/2019:17:39:44 +0100] "GET /reload?ser=1547570384418 HTTP/1.1" 200 28 "http://renault.activities.at/success" "Mozilla/5.0 (Windows NT 10.0; WOW64; Trident/7.0; Touch; rv:11.0) like Gecko"
212.152.158.195 - - [15/Jan/2019:17:40:45 +0100] "GET /reload?ser=1547570445373 HTTP/1.1" 200 28 "http://renault.activities.at/success" "Mozilla/5.0 (Windows NT 10.0; WOW64; Trident/7.0; Touch; rv:11.0) like Gecko"
212.152.158.195 - - [15/Jan/2019:17:41:46 +0100] "GET /reload?ser=1547570506376 HTTP/1.1" 200 28 "http://renault.activities.at/success" "Mozilla/5.0 (Windows NT 10.0; WOW64; Trident/7.0; Touch; rv:11.0) like Gecko"
212.152.158.195 - - [15/Jan/2019:17:42:47 +0100] "GET /reload?ser=1547570567364 HTTP/1.1" 200 28 "http://renault.activities.at/success" "Mozilla/5.0 (Windows NT 10.0; WOW64; Trident/7.0; Touch; rv:11.0) like Gecko"
212.152.158.195 - - [15/Jan/2019:17:43:48 +0100] "GET /reload?ser=1547570628349 HTTP/1.1" 200 28 "http://renault.activities.at/success" "Mozilla/5.0 (Windows NT 10.0; WOW64; Trident/7.0; Touch; rv:11.0) like Gecko"
212.152.158.195 - - [15/Jan/2019:17:44:49 +0100] "GET /reload?ser=1547570689321 HTTP/1.1" 200 28 "http://renault.activities.at/success" "Mozilla/5.0 (Windows NT 10.0; WOW64; Trident/7.0; Touch; rv:11.0) like Gecko"
212.152.158.195 - - [15/Jan/2019:17:45:50 +0100] "GET /reload?ser=1547570750296 HTTP/1.1" 200 28 "http://renault.activities.at/success" "Mozilla/5.0 (Windows NT 10.0; WOW64; Trident/7.0; Touch; rv:11.0) like Gecko"
212.152.158.195 - - [15/Jan/2019:17:46:51 +0100] "GET /reload?ser=1547570811302 HTTP/1.1" 200 28 "http://renault.activities.at/success" "Mozilla/5.0 (Windows NT 10.0; WOW64; Trident/7.0; Touch; rv:11.0) like Gecko"
194.166.188.48 - - [15/Jan/2019:19:08:22 +0100] "GET / HTTP/1.1" 200 3417 "-" "Mozilla/5.0 (iPhone; CPU iPhone OS 12_1_2 like Mac OS X) AppleWebKit/605.1.15 (KHTML, like Gecko) Version/12.0 Mobile/15E148 Safari/604.1"
194.166.188.48 - - [15/Jan/2019:19:08:23 +0100] "GET /apple-touch-icon-120x120-precomposed.png HTTP/1.1" 200 1559 "-" "MobileSafari/604.1 CFNetwork/976 Darwin/18.2.0"
194.166.188.48 - - [15/Jan/2019:19:08:24 +0100] "GET /apple-touch-icon-120x120.png HTTP/1.1" 200 1559 "-" "MobileSafari/604.1 CFNetwork/976 Darwin/18.2.0"
194.166.188.48 - - [15/Jan/2019:19:08:25 +0100] "GET /apple-touch-icon-precomposed.png HTTP/1.1" 200 1559 "-" "MobileSafari/604.1 CFNetwork/976 Darwin/18.2.0"
194.166.188.48 - - [15/Jan/2019:19:08:27 +0100] "GET /apple-touch-icon.png HTTP/1.1" 200 1559 "-" "MobileSafari/604.1 CFNetwork/976 Darwin/18.2.0"
194.166.188.48 - - [15/Jan/2019:19:08:28 +0100] "GET /images/favicon.ico HTTP/1.1" 404 305 "-" "MobileSafari/604.1 CFNetwork/976 Darwin/18.2.0"
194.166.188.48 - - [15/Jan/2019:19:08:28 +0100] "GET /images/favicon.ico HTTP/1.1" 404 305 "-" "MobileSafari/604.1 CFNetwork/976 Darwin/18.2.0"
194.166.188.48 - - [15/Jan/2019:19:08:28 +0100] "GET /favicon.ico HTTP/1.1" 200 3250 "-" "MobileSafari/604.1 CFNetwork/976 Darwin/18.2.0"
194.166.188.48 - - [15/Jan/2019:19:08:28 +0100] "GET /apple-touch-icon-120x120-precomposed.png HTTP/1.1" 200 1559 "-" "MobileSafari/604.1 CFNetwork/976 Darwin/18.2.0"
194.166.188.48 - - [15/Jan/2019:19:08:29 +0100] "GET /apple-touch-icon-120x120.png HTTP/1.1" 200 1559 "-" "MobileSafari/604.1 CFNetwork/976 Darwin/18.2.0"
194.166.188.48 - - [15/Jan/2019:19:08:30 +0100] "GET /apple-touch-icon-precomposed.png HTTP/1.1" 200 1559 "-" "MobileSafari/604.1 CFNetwork/976 Darwin/18.2.0"
194.166.188.48 - - [15/Jan/2019:19:08:31 +0100] "GET /apple-touch-icon.png HTTP/1.1" 200 1559 "-" "MobileSafari/604.1 CFNetwork/976 Darwin/18.2.0"
194.166.188.48 - - [15/Jan/2019:19:08:32 +0100] "GET /images/favicon.ico HTTP/1.1" 404 305 "-" "MobileSafari/604.1 CFNetwork/976 Darwin/18.2.0"
194.166.188.48 - - [15/Jan/2019:19:08:32 +0100] "GET /images/favicon.ico HTTP/1.1" 404 305 "-" "MobileSafari/604.1 CFNetwork/976 Darwin/18.2.0"
194.166.188.48 - - [15/Jan/2019:19:08:32 +0100] "GET /favicon.ico HTTP/1.1" 200 3250 "-" "MobileSafari/604.1 CFNetwork/976 Darwin/18.2.0"
192.164.152.78 - - [15/Jan/2019:19:44:19 +0100] "GET / HTTP/1.1" 200 3417 "-" "Mozilla/5.0 (iPhone; CPU iPhone OS 12_1_2 like Mac OS X) AppleWebKit/605.1.15 (KHTML, like Gecko) Version/12.0 Mobile/15E148 Safari/604.1"
192.164.152.78 - - [15/Jan/2019:19:44:20 +0100] "GET /apple-touch-icon-120x120-precomposed.png HTTP/1.1" 200 1559 "-" "MobileSafari/604.1 CFNetwork/976 Darwin/18.2.0"
192.164.152.78 - - [15/Jan/2019:19:44:22 +0100] "GET /apple-touch-icon-120x120.png HTTP/1.1" 200 1559 "-" "MobileSafari/604.1 CFNetwork/976 Darwin/18.2.0"
192.164.152.78 - - [15/Jan/2019:19:44:23 +0100] "GET /apple-touch-icon-precomposed.png HTTP/1.1" 200 1559 "-" "MobileSafari/604.1 CFNetwork/976 Darwin/18.2.0"
192.164.152.78 - - [15/Jan/2019:19:44:24 +0100] "GET /apple-touch-icon.png HTTP/1.1" 200 1559 "-" "MobileSafari/604.1 CFNetwork/976 Darwin/18.2.0"
192.164.152.78 - - [15/Jan/2019:19:44:25 +0100] "GET /images/favicon.ico HTTP/1.1" 404 305 "-" "MobileSafari/604.1 CFNetwork/976 Darwin/18.2.0"
192.164.152.78 - - [15/Jan/2019:19:44:25 +0100] "GET /images/favicon.ico HTTP/1.1" 404 305 "-" "MobileSafari/604.1 CFNetwork/976 Darwin/18.2.0"
192.164.152.78 - - [15/Jan/2019:19:44:25 +0100] "GET /favicon.ico HTTP/1.1" 200 3250 "-" "MobileSafari/604.1 CFNetwork/976 Darwin/18.2.0"
192.164.152.78 - - [15/Jan/2019:19:44:25 +0100] "GET /apple-touch-icon-120x120-precomposed.png HTTP/1.1" 200 1559 "-" "MobileSafari/604.1 CFNetwork/976 Darwin/18.2.0"
192.164.152.78 - - [15/Jan/2019:19:44:26 +0100] "GET /apple-touch-icon-120x120.png HTTP/1.1" 200 1559 "-" "MobileSafari/604.1 CFNetwork/976 Darwin/18.2.0"
192.164.152.78 - - [15/Jan/2019:19:44:27 +0100] "GET /apple-touch-icon-precomposed.png HTTP/1.1" 200 1559 "-" "MobileSafari/604.1 CFNetwork/976 Darwin/18.2.0"
192.164.152.78 - - [15/Jan/2019:19:44:28 +0100] "GET /apple-touch-icon.png HTTP/1.1" 200 1559 "-" "MobileSafari/604.1 CFNetwork/976 Darwin/18.2.0"
192.164.152.78 - - [15/Jan/2019:19:44:29 +0100] "GET /images/favicon.ico HTTP/1.1" 404 305 "-" "MobileSafari/604.1 CFNetwork/976 Darwin/18.2.0"
192.164.152.78 - - [15/Jan/2019:19:44:29 +0100] "GET /images/favicon.ico HTTP/1.1" 404 305 "-" "MobileSafari/604.1 CFNetwork/976 Darwin/18.2.0"
192.164.152.78 - - [15/Jan/2019:19:44:29 +0100] "GET /favicon.ico HTTP/1.1" 200 3250 "-" "MobileSafari/604.1 CFNetwork/976 Darwin/18.2.0"
178.115.129.204 - - [15/Jan/2019:20:10:02 +0100] "GET /account HTTP/1.1" 302 150 "-" "Mozilla/5.0 (iPhone; CPU iPhone OS 12_1_2 like Mac OS X) AppleWebKit/605.1.15 (KHTML, like Gecko) Version/12.0 Mobile/15E148 Safari/604.1"
178.115.129.204 - - [15/Jan/2019:20:10:03 +0100] "GET /login?required=true HTTP/1.1" 200 2086 "-" "Mozilla/5.0 (iPhone; CPU iPhone OS 12_1_2 like Mac OS X) AppleWebKit/605.1.15 (KHTML, like Gecko) Version/12.0 Mobile/15E148 Safari/604.1"
178.115.129.204 - - [15/Jan/2019:20:10:04 +0100] "GET /apple-touch-icon-120x120-precomposed.png HTTP/1.1" 200 1559 "-" "MobileSafari/604.1 CFNetwork/976 Darwin/18.2.0"
178.115.129.204 - - [15/Jan/2019:20:10:05 +0100] "GET /apple-touch-icon-120x120.png HTTP/1.1" 200 1559 "-" "MobileSafari/604.1 CFNetwork/976 Darwin/18.2.0"
178.115.129.204 - - [15/Jan/2019:20:10:06 +0100] "GET /apple-touch-icon-precomposed.png HTTP/1.1" 200 1559 "-" "MobileSafari/604.1 CFNetwork/976 Darwin/18.2.0"
178.115.129.204 - - [15/Jan/2019:20:10:07 +0100] "GET /apple-touch-icon.png HTTP/1.1" 200 1559 "-" "MobileSafari/604.1 CFNetwork/976 Darwin/18.2.0"
178.115.129.204 - - [15/Jan/2019:20:10:08 +0100] "GET /images/favicon.ico HTTP/1.1" 404 305 "-" "MobileSafari/604.1 CFNetwork/976 Darwin/18.2.0"
178.115.129.204 - - [15/Jan/2019:20:10:08 +0100] "GET /images/favicon.ico HTTP/1.1" 404 305 "-" "MobileSafari/604.1 CFNetwork/976 Darwin/18.2.0"
178.115.129.204 - - [15/Jan/2019:20:10:08 +0100] "GET /favicon.ico HTTP/1.1" 200 3250 "-" "MobileSafari/604.1 CFNetwork/976 Darwin/18.2.0"
178.115.129.204 - - [15/Jan/2019:20:10:09 +0100] "GET /apple-touch-icon-120x120-precomposed.png HTTP/1.1" 200 1559 "-" "MobileSafari/604.1 CFNetwork/976 Darwin/18.2.0"
178.115.129.204 - - [15/Jan/2019:20:10:10 +0100] "GET /apple-touch-icon-120x120.png HTTP/1.1" 200 1559 "-" "MobileSafari/604.1 CFNetwork/976 Darwin/18.2.0"
178.115.129.204 - - [15/Jan/2019:20:10:11 +0100] "GET /apple-touch-icon-precomposed.png HTTP/1.1" 200 1559 "-" "MobileSafari/604.1 CFNetwork/976 Darwin/18.2.0"
178.115.129.204 - - [15/Jan/2019:20:10:12 +0100] "GET /apple-touch-icon.png HTTP/1.1" 200 1559 "-" "MobileSafari/604.1 CFNetwork/976 Darwin/18.2.0"
178.115.129.204 - - [15/Jan/2019:20:10:13 +0100] "GET /images/favicon.ico HTTP/1.1" 404 305 "-" "MobileSafari/604.1 CFNetwork/976 Darwin/18.2.0"
178.115.129.204 - - [15/Jan/2019:20:10:13 +0100] "GET /images/favicon.ico HTTP/1.1" 404 305 "-" "MobileSafari/604.1 CFNetwork/976 Darwin/18.2.0"
178.115.129.204 - - [15/Jan/2019:20:10:13 +0100] "GET /favicon.ico HTTP/1.1" 200 3250 "-" "MobileSafari/604.1 CFNetwork/976 Darwin/18.2.0"
178.115.129.204 - - [15/Jan/2019:21:31:45 +0100] "GET /account HTTP/1.1" 302 150 "-" "Mozilla/5.0 (iPhone; CPU iPhone OS 12_1_2 like Mac OS X) AppleWebKit/605.1.15 (KHTML, like Gecko) Version/12.0 Mobile/15E148 Safari/604.1"
178.115.129.204 - - [15/Jan/2019:21:31:46 +0100] "GET /login?required=true HTTP/1.1" 200 2086 "-" "Mozilla/5.0 (iPhone; CPU iPhone OS 12_1_2 like Mac OS X) AppleWebKit/605.1.15 (KHTML, like Gecko) Version/12.0 Mobile/15E148 Safari/604.1"
178.115.129.204 - - [15/Jan/2019:21:31:46 +0100] "GET /apple-touch-icon-120x120-precomposed.png HTTP/1.1" 200 1559 "-" "MobileSafari/604.1 CFNetwork/976 Darwin/18.2.0"
178.115.129.204 - - [15/Jan/2019:21:31:48 +0100] "GET /apple-touch-icon-120x120.png HTTP/1.1" 200 1559 "-" "MobileSafari/604.1 CFNetwork/976 Darwin/18.2.0"
178.115.129.204 - - [15/Jan/2019:21:31:49 +0100] "GET /apple-touch-icon-precomposed.png HTTP/1.1" 200 1559 "-" "MobileSafari/604.1 CFNetwork/976 Darwin/18.2.0"
178.115.129.204 - - [15/Jan/2019:21:31:50 +0100] "GET /apple-touch-icon.png HTTP/1.1" 200 1559 "-" "MobileSafari/604.1 CFNetwork/976 Darwin/18.2.0"
178.115.129.204 - - [15/Jan/2019:21:31:51 +0100] "GET /images/favicon.ico HTTP/1.1" 404 305 "-" "MobileSafari/604.1 CFNetwork/976 Darwin/18.2.0"
178.115.129.204 - - [15/Jan/2019:21:31:51 +0100] "GET /images/favicon.ico HTTP/1.1" 404 305 "-" "MobileSafari/604.1 CFNetwork/976 Darwin/18.2.0"
178.115.129.204 - - [15/Jan/2019:21:31:51 +0100] "GET /favicon.ico HTTP/1.1" 200 3250 "-" "MobileSafari/604.1 CFNetwork/976 Darwin/18.2.0"
178.115.129.204 - - [15/Jan/2019:21:31:51 +0100] "GET /apple-touch-icon-120x120-precomposed.png HTTP/1.1" 200 1559 "-" "MobileSafari/604.1 CFNetwork/976 Darwin/18.2.0"
178.115.129.204 - - [15/Jan/2019:21:31:52 +0100] "GET /apple-touch-icon-120x120.png HTTP/1.1" 200 1559 "-" "MobileSafari/604.1 CFNetwork/976 Darwin/18.2.0"
178.115.129.204 - - [15/Jan/2019:21:31:53 +0100] "GET /apple-touch-icon-precomposed.png HTTP/1.1" 200 1559 "-" "MobileSafari/604.1 CFNetwork/976 Darwin/18.2.0"
178.115.129.204 - - [15/Jan/2019:21:31:54 +0100] "GET /apple-touch-icon.png HTTP/1.1" 200 1559 "-" "MobileSafari/604.1 CFNetwork/976 Darwin/18.2.0"
178.115.129.204 - - [15/Jan/2019:21:31:55 +0100] "GET /images/favicon.ico HTTP/1.1" 404 305 "-" "MobileSafari/604.1 CFNetwork/976 Darwin/18.2.0"
178.115.129.204 - - [15/Jan/2019:21:31:56 +0100] "GET /images/favicon.ico HTTP/1.1" 404 305 "-" "MobileSafari/604.1 CFNetwork/976 Darwin/18.2.0"
178.115.129.204 - - [15/Jan/2019:21:31:56 +0100] "GET /favicon.ico HTTP/1.1" 200 3250 "-" "MobileSafari/604.1 CFNetwork/976 Darwin/18.2.0"
66.249.79.35 - - [15/Jan/2019:21:39:05 +0100] "GET /images/favicon.ico HTTP/1.1" 404 305 "-" "Googlebot-Image/1.0"
178.165.131.248 - - [15/Jan/2019:22:35:53 +0100] "GET / HTTP/1.1" 200 3417 "-" "Mozilla/5.0 (iPad; CPU OS 12_1_1 like Mac OS X) AppleWebKit/605.1.15 (KHTML, like Gecko) Version/12.0 Mobile/15E148 Safari/604.1"
178.165.131.248 - - [15/Jan/2019:22:35:54 +0100] "GET /apple-touch-icon-152x152-precomposed.png HTTP/1.1" 200 1559 "-" "MobileSafari/604.1 CFNetwork/976 Darwin/18.2.0"
178.165.131.248 - - [15/Jan/2019:22:35:55 +0100] "GET /apple-touch-icon-152x152.png HTTP/1.1" 200 1559 "-" "MobileSafari/604.1 CFNetwork/976 Darwin/18.2.0"
178.165.131.248 - - [15/Jan/2019:22:35:56 +0100] "GET /apple-touch-icon-precomposed.png HTTP/1.1" 200 1559 "-" "MobileSafari/604.1 CFNetwork/976 Darwin/18.2.0"
178.165.131.248 - - [15/Jan/2019:22:35:57 +0100] "GET /apple-touch-icon.png HTTP/1.1" 200 1559 "-" "MobileSafari/604.1 CFNetwork/976 Darwin/18.2.0"
178.165.131.248 - - [15/Jan/2019:22:35:58 +0100] "GET /images/favicon.ico HTTP/1.1" 404 305 "-" "MobileSafari/604.1 CFNetwork/976 Darwin/18.2.0"
178.165.131.248 - - [15/Jan/2019:22:35:59 +0100] "GET /images/favicon.ico HTTP/1.1" 404 305 "-" "MobileSafari/604.1 CFNetwork/976 Darwin/18.2.0"
178.165.131.248 - - [15/Jan/2019:22:36:00 +0100] "GET /favicon.ico HTTP/1.1" 200 3250 "-" "MobileSafari/604.1 CFNetwork/976 Darwin/18.2.0"
178.165.131.248 - - [15/Jan/2019:22:36:00 +0100] "GET /apple-touch-icon-152x152-precomposed.png HTTP/1.1" 200 1559 "-" "MobileSafari/604.1 CFNetwork/976 Darwin/18.2.0"
178.165.131.248 - - [15/Jan/2019:22:36:01 +0100] "GET /apple-touch-icon-152x152.png HTTP/1.1" 200 1559 "-" "MobileSafari/604.1 CFNetwork/976 Darwin/18.2.0"
178.165.131.248 - - [15/Jan/2019:22:36:03 +0100] "GET /apple-touch-icon-precomposed.png HTTP/1.1" 200 1559 "-" "MobileSafari/604.1 CFNetwork/976 Darwin/18.2.0"
178.165.131.248 - - [15/Jan/2019:22:36:04 +0100] "GET /apple-touch-icon.png HTTP/1.1" 200 1559 "-" "MobileSafari/604.1 CFNetwork/976 Darwin/18.2.0"
178.165.131.248 - - [15/Jan/2019:22:36:05 +0100] "GET /images/favicon.ico HTTP/1.1" 404 305 "-" "MobileSafari/604.1 CFNetwork/976 Darwin/18.2.0"
178.165.131.248 - - [15/Jan/2019:22:36:05 +0100] "GET /images/favicon.ico HTTP/1.1" 404 305 "-" "MobileSafari/604.1 CFNetwork/976 Darwin/18.2.0"
178.165.131.248 - - [15/Jan/2019:22:36:05 +0100] "GET /favicon.ico HTTP/1.1" 200 3250 "-" "MobileSafari/604.1 CFNetwork/976 Darwin/18.2.0"
194.166.218.231 - - [15/Jan/2019:23:13:00 +0100] "GET / HTTP/1.1" 200 3417 "-" "Mozilla/5.0 (iPad; CPU OS 12_1 like Mac OS X) AppleWebKit/605.1.15 (KHTML, like Gecko) Version/12.0 Mobile/15E148 Safari/604.1"
194.166.218.231 - - [15/Jan/2019:23:13:02 +0100] "GET /apple-touch-icon-152x152-precomposed.png HTTP/1.1" 200 1559 "-" "MobileSafari/604.1 CFNetwork/975.0.3 Darwin/18.2.0"
194.166.218.231 - - [15/Jan/2019:23:13:03 +0100] "GET /apple-touch-icon-152x152.png HTTP/1.1" 200 1559 "-" "MobileSafari/604.1 CFNetwork/975.0.3 Darwin/18.2.0"
194.166.218.231 - - [15/Jan/2019:23:13:04 +0100] "GET /apple-touch-icon-precomposed.png HTTP/1.1" 200 1559 "-" "MobileSafari/604.1 CFNetwork/975.0.3 Darwin/18.2.0"
194.166.218.231 - - [15/Jan/2019:23:13:05 +0100] "GET /apple-touch-icon.png HTTP/1.1" 200 1559 "-" "MobileSafari/604.1 CFNetwork/975.0.3 Darwin/18.2.0"
194.166.218.231 - - [15/Jan/2019:23:13:06 +0100] "GET /images/favicon.ico HTTP/1.1" 404 305 "-" "MobileSafari/604.1 CFNetwork/975.0.3 Darwin/18.2.0"
194.166.218.231 - - [15/Jan/2019:23:13:06 +0100] "GET /images/favicon.ico HTTP/1.1" 404 305 "-" "MobileSafari/604.1 CFNetwork/975.0.3 Darwin/18.2.0"
194.166.218.231 - - [15/Jan/2019:23:13:06 +0100] "GET /favicon.ico HTTP/1.1" 200 3250 "-" "MobileSafari/604.1 CFNetwork/975.0.3 Darwin/18.2.0"
