213.90.80.156 - - [15/Jan/2019:13:22:00 +0100] "GET /loadthumbnail.php?id=11194725&width=113 HTTP/1.1" 200 1322 "http://renault.activities.at/10201442?dir=DESC&mode=grid&order=name&limit=15&page=7" "Mozilla/5.0 (Windows NT 10.0; Win64; x64) AppleWebKit/537.36 (KHTML, like Gecko) Chrome/71.0.3578.98 Safari/537.36"
213.90.80.156 - - [15/Jan/2019:13:22:00 +0100] "GET /loadthumbnail.php?id=11181225&width=113 HTTP/1.1" 200 1322 "http://renault.activities.at/10201442?dir=DESC&mode=grid&order=name&limit=15&page=7" "Mozilla/5.0 (Windows NT 10.0; Win64; x64) AppleWebKit/537.36 (KHTML, like Gecko) Chrome/71.0.3578.98 Safari/537.36"
213.90.80.156 - - [15/Jan/2019:13:22:00 +0100] "GET /loadthumbnail.php?id=11308367&width=113 HTTP/1.1" 200 1939 "http://renault.activities.at/10201442?dir=DESC&mode=grid&order=name&limit=15&page=7" "Mozilla/5.0 (Windows NT 10.0; Win64; x64) AppleWebKit/537.36 (KHTML, like Gecko) Chrome/71.0.3578.98 Safari/537.36"
213.90.80.156 - - [15/Jan/2019:13:22:00 +0100] "GET /loadthumbnail.php?id=11308371&width=113 HTTP/1.1" 200 1939 "http://renault.activities.at/10201442?dir=DESC&mode=grid&order=name&limit=15&page=7" "Mozilla/5.0 (Windows NT 10.0; Win64; x64) AppleWebKit/537.36 (KHTML, like Gecko) Chrome/71.0.3578.98 Safari/537.36"
213.90.80.156 - - [15/Jan/2019:13:22:00 +0100] "GET /loadthumbnail.php?id=11181199&width=113 HTTP/1.1" 200 1829 "http://renault.activities.at/10201442?dir=DESC&mode=grid&order=name&limit=15&page=7" "Mozilla/5.0 (Windows NT 10.0; Win64; x64) AppleWebKit/537.36 (KHTML, like Gecko) Chrome/71.0.3578.98 Safari/537.36"
213.90.80.156 - - [15/Jan/2019:13:22:00 +0100] "GET /loadthumbnail.php?id=11194700&width=113 HTTP/1.1" 200 1829 "http://renault.activities.at/10201442?dir=DESC&mode=grid&order=name&limit=15&page=7" "Mozilla/5.0 (Windows NT 10.0; Win64; x64) AppleWebKit/537.36 (KHTML, like Gecko) Chrome/71.0.3578.98 Safari/537.36"
213.90.80.156 - - [15/Jan/2019:13:22:00 +0100] "GET /loadthumbnail.php?id=11186469&width=113 HTTP/1.1" 200 1278 "http://renault.activities.at/10201442?dir=DESC&mode=grid&order=name&limit=15&page=7" "Mozilla/5.0 (Windows NT 10.0; Win64; x64) AppleWebKit/537.36 (KHTML, like Gecko) Chrome/71.0.3578.98 Safari/537.36"
213.90.80.156 - - [15/Jan/2019:13:22:00 +0100] "GET /loadthumbnail.php?id=11181197&width=113 HTTP/1.1" 200 1829 "http://renault.activities.at/10201442?dir=DESC&mode=grid&order=name&limit=15&page=7" "Mozilla/5.0 (Windows NT 10.0; Win64; x64) AppleWebKit/537.36 (KHTML, like Gecko) Chrome/71.0.3578.98 Safari/537.36"
213.90.80.156 - - [15/Jan/2019:13:22:00 +0100] "GET /loadthumbnail.php?id=11186457&width=113 HTTP/1.1" 200 1278 "http://renault.activities.at/10201442?dir=DESC&mode=grid&order=name&limit=15&page=7" "Mozilla/5.0 (Windows NT 10.0; Win64; x64) AppleWebKit/537.36 (KHTML, like Gecko) Chrome/71.0.3578.98 Safari/537.36"
213.90.80.156 - - [15/Jan/2019:13:22:00 +0100] "GET /loadthumbnail.php?id=11194717&width=113 HTTP/1.1" 200 1278 "http://renault.activities.at/10201442?dir=DESC&mode=grid&order=name&limit=15&page=7" "Mozilla/5.0 (Windows NT 10.0; Win64; x64) AppleWebKit/537.36 (KHTML, like Gecko) Chrome/71.0.3578.98 Safari/537.36"
213.90.80.156 - - [15/Jan/2019:13:22:00 +0100] "GET /loadthumbnail.php?id=11181237&width=113 HTTP/1.1" 200 1156 "http://renault.activities.at/10201442?dir=DESC&mode=grid&order=name&limit=15&page=7" "Mozilla/5.0 (Windows NT 10.0; Win64; x64) AppleWebKit/537.36 (KHTML, like Gecko) Chrome/71.0.3578.98 Safari/537.36"
213.90.80.156 - - [15/Jan/2019:13:22:00 +0100] "GET /loadthumbnail.php?id=11195851&width=113 HTTP/1.1" 200 1156 "http://renault.activities.at/10201442?dir=DESC&mode=grid&order=name&limit=15&page=7" "Mozilla/5.0 (Windows NT 10.0; Win64; x64) AppleWebKit/537.36 (KHTML, like Gecko) Chrome/71.0.3578.98 Safari/537.36"
213.90.80.156 - - [15/Jan/2019:13:22:00 +0100] "GET /loadthumbnail.php?id=11181235&width=113 HTTP/1.1" 200 1156 "http://renault.activities.at/10201442?dir=DESC&mode=grid&order=name&limit=15&page=7" "Mozilla/5.0 (Windows NT 10.0; Win64; x64) AppleWebKit/537.36 (KHTML, like Gecko) Chrome/71.0.3578.98 Safari/537.36"
213.90.80.156 - - [15/Jan/2019:13:22:03 +0100] "GET /10201442?dir=DESC&mode=grid&order=name&limit=15&page=8 HTTP/1.1" 200 8690 "http://renault.activities.at/10201442?dir=DESC&mode=grid&order=name&limit=15&page=7" "Mozilla/5.0 (Windows NT 10.0; Win64; x64) AppleWebKit/537.36 (KHTML, like Gecko) Chrome/71.0.3578.98 Safari/537.36"
213.90.80.156 - - [15/Jan/2019:13:22:06 +0100] "GET /loadthumbnail.php?id=11186479&width=113 HTTP/1.1" 200 1083 "http://renault.activities.at/10201442?dir=DESC&mode=grid&order=name&limit=15&page=8" "Mozilla/5.0 (Windows NT 10.0; Win64; x64) AppleWebKit/537.36 (KHTML, like Gecko) Chrome/71.0.3578.98 Safari/537.36"
213.90.80.156 - - [15/Jan/2019:13:22:06 +0100] "GET /loadthumbnail.php?id=11186495&width=113 HTTP/1.1" 200 1974 "http://renault.activities.at/10201442?dir=DESC&mode=grid&order=name&limit=15&page=8" "Mozilla/5.0 (Windows NT 10.0; Win64; x64) AppleWebKit/537.36 (KHTML, like Gecko) Chrome/71.0.3578.98 Safari/537.36"
213.90.80.156 - - [15/Jan/2019:13:22:06 +0100] "GET /loadthumbnail.php?id=11186483&width=113 HTTP/1.1" 200 1974 "http://renault.activities.at/10201442?dir=DESC&mode=grid&order=name&limit=15&page=8" "Mozilla/5.0 (Windows NT 10.0; Win64; x64) AppleWebKit/537.36 (KHTML, like Gecko) Chrome/71.0.3578.98 Safari/537.36"
213.90.80.156 - - [15/Jan/2019:13:22:06 +0100] "GET /loadthumbnail.php?id=11194721&width=113 HTTP/1.1" 200 1083 "http://renault.activities.at/10201442?dir=DESC&mode=grid&order=name&limit=15&page=8" "Mozilla/5.0 (Windows NT 10.0; Win64; x64) AppleWebKit/537.36 (KHTML, like Gecko) Chrome/71.0.3578.98 Safari/537.36"
213.90.80.156 - - [15/Jan/2019:13:22:06 +0100] "GET /loadthumbnail.php?id=11181233&width=113 HTTP/1.1" 200 1353 "http://renault.activities.at/10201442?dir=DESC&mode=grid&order=name&limit=15&page=8" "Mozilla/5.0 (Windows NT 10.0; Win64; x64) AppleWebKit/537.36 (KHTML, like Gecko) Chrome/71.0.3578.98 Safari/537.36"
213.90.80.156 - - [15/Jan/2019:13:22:06 +0100] "GET /loadthumbnail.php?id=11186475&width=113 HTTP/1.1" 200 1083 "http://renault.activities.at/10201442?dir=DESC&mode=grid&order=name&limit=15&page=8" "Mozilla/5.0 (Windows NT 10.0; Win64; x64) AppleWebKit/537.36 (KHTML, like Gecko) Chrome/71.0.3578.98 Safari/537.36"
213.90.80.156 - - [15/Jan/2019:13:22:06 +0100] "GET /loadthumbnail.php?id=11194732&width=113 HTTP/1.1" 200 1353 "http://renault.activities.at/10201442?dir=DESC&mode=grid&order=name&limit=15&page=8" "Mozilla/5.0 (Windows NT 10.0; Win64; x64) AppleWebKit/537.36 (KHTML, like Gecko) Chrome/71.0.3578.98 Safari/537.36"
213.90.80.156 - - [15/Jan/2019:13:22:06 +0100] "GET /loadthumbnail.php?id=11181230&width=113 HTTP/1.1" 200 1353 "http://renault.activities.at/10201442?dir=DESC&mode=grid&order=name&limit=15&page=8" "Mozilla/5.0 (Windows NT 10.0; Win64; x64) AppleWebKit/537.36 (KHTML, like Gecko) Chrome/71.0.3578.98 Safari/537.36"
213.90.80.156 - - [15/Jan/2019:13:22:06 +0100] "GET /loadthumbnail.php?id=11181209&width=113 HTTP/1.1" 200 1879 "http://renault.activities.at/10201442?dir=DESC&mode=grid&order=name&limit=15&page=8" "Mozilla/5.0 (Windows NT 10.0; Win64; x64) AppleWebKit/537.36 (KHTML, like Gecko) Chrome/71.0.3578.98 Safari/537.36"
213.90.80.156 - - [15/Jan/2019:13:22:06 +0100] "GET /loadthumbnail.php?id=11181211&width=113 HTTP/1.1" 200 1879 "http://renault.activities.at/10201442?dir=DESC&mode=grid&order=name&limit=15&page=8" "Mozilla/5.0 (Windows NT 10.0; Win64; x64) AppleWebKit/537.36 (KHTML, like Gecko) Chrome/71.0.3578.98 Safari/537.36"
213.90.80.156 - - [15/Jan/2019:13:22:06 +0100] "GET /loadthumbnail.php?id=11308365&width=113 HTTP/1.1" 200 1939 "http://renault.activities.at/10201442?dir=DESC&mode=grid&order=name&limit=15&page=8" "Mozilla/5.0 (Windows NT 10.0; Win64; x64) AppleWebKit/537.36 (KHTML, like Gecko) Chrome/71.0.3578.98 Safari/537.36"
213.90.80.156 - - [15/Jan/2019:13:22:06 +0100] "GET /loadthumbnail.php?id=11308366&width=113 HTTP/1.1" 200 1939 "http://renault.activities.at/10201442?dir=DESC&mode=grid&order=name&limit=15&page=8" "Mozilla/5.0 (Windows NT 10.0; Win64; x64) AppleWebKit/537.36 (KHTML, like Gecko) Chrome/71.0.3578.98 Safari/537.36"
213.90.80.156 - - [15/Jan/2019:13:22:06 +0100] "GET /loadthumbnail.php?id=11181219&width=113 HTTP/1.1" 200 2121 "http://renault.activities.at/10201442?dir=DESC&mode=grid&order=name&limit=15&page=8" "Mozilla/5.0 (Windows NT 10.0; Win64; x64) AppleWebKit/537.36 (KHTML, like Gecko) Chrome/71.0.3578.98 Safari/537.36"
80.123.225.36 - - [15/Jan/2019:13:22:06 +0100] "GET /reload?ser=1547555083876 HTTP/1.1" 200 28 "http://renault.activities.at/" "Mozilla/5.0 (Windows NT 6.1; Win64; x64; rv:64.0) Gecko/20100101 Firefox/64.0"
213.153.47.173 - - [15/Jan/2019:13:22:16 +0100] "GET /reload?ser=1547554936379 HTTP/1.1" 200 28 "http://renault.activities.at/login?required=true" "Mozilla/5.0 (Windows NT 10.0; Win64; x64; rv:64.0) Gecko/20100101 Firefox/64.0"
213.90.80.156 - - [15/Jan/2019:13:22:14 +0100] "GET /10201442?dir=DESC&mode=grid&order=name&limit=15&page=9 HTTP/1.1" 200 8682 "http://renault.activities.at/10201442?dir=DESC&mode=grid&order=name&limit=15&page=8" "Mozilla/5.0 (Windows NT 10.0; Win64; x64) AppleWebKit/537.36 (KHTML, like Gecko) Chrome/71.0.3578.98 Safari/537.36"
213.90.80.156 - - [15/Jan/2019:13:22:18 +0100] "GET /loadthumbnail.php?id=11181213&width=113 HTTP/1.1" 200 2121 "http://renault.activities.at/10201442?dir=DESC&mode=grid&order=name&limit=15&page=9" "Mozilla/5.0 (Windows NT 10.0; Win64; x64) AppleWebKit/537.36 (KHTML, like Gecko) Chrome/71.0.3578.98 Safari/537.36"
213.90.80.156 - - [15/Jan/2019:13:22:18 +0100] "GET /loadthumbnail.php?id=11181223&width=113 HTTP/1.1" 200 1171 "http://renault.activities.at/10201442?dir=DESC&mode=grid&order=name&limit=15&page=9" "Mozilla/5.0 (Windows NT 10.0; Win64; x64) AppleWebKit/537.36 (KHTML, like Gecko) Chrome/71.0.3578.98 Safari/537.36"
213.90.80.156 - - [15/Jan/2019:13:22:18 +0100] "GET /loadthumbnail.php?id=11181168&width=113 HTTP/1.1" 200 847 "http://renault.activities.at/10201442?dir=DESC&mode=grid&order=name&limit=15&page=9" "Mozilla/5.0 (Windows NT 10.0; Win64; x64) AppleWebKit/537.36 (KHTML, like Gecko) Chrome/71.0.3578.98 Safari/537.36"
213.90.80.156 - - [15/Jan/2019:13:22:18 +0100] "GET /loadthumbnail.php?id=11194713&width=113 HTTP/1.1" 200 1171 "http://renault.activities.at/10201442?dir=DESC&mode=grid&order=name&limit=15&page=9" "Mozilla/5.0 (Windows NT 10.0; Win64; x64) AppleWebKit/537.36 (KHTML, like Gecko) Chrome/71.0.3578.98 Safari/537.36"
213.90.80.156 - - [15/Jan/2019:13:22:18 +0100] "GET /loadthumbnail.php?id=11181166&width=113 HTTP/1.1" 200 847 "http://renault.activities.at/10201442?dir=DESC&mode=grid&order=name&limit=15&page=9" "Mozilla/5.0 (Windows NT 10.0; Win64; x64) AppleWebKit/537.36 (KHTML, like Gecko) Chrome/71.0.3578.98 Safari/537.36"
213.90.80.156 - - [15/Jan/2019:13:22:18 +0100] "GET /loadthumbnail.php?id=11181221&width=113 HTTP/1.1" 200 1171 "http://renault.activities.at/10201442?dir=DESC&mode=grid&order=name&limit=15&page=9" "Mozilla/5.0 (Windows NT 10.0; Win64; x64) AppleWebKit/537.36 (KHTML, like Gecko) Chrome/71.0.3578.98 Safari/537.36"
213.90.80.156 - - [15/Jan/2019:13:22:23 +0100] "GET /10201442?dir=DESC&mode=grid&order=name&limit=15&page=10 HTTP/1.1" 200 8658 "http://renault.activities.at/10201442?dir=DESC&mode=grid&order=name&limit=15&page=9" "Mozilla/5.0 (Windows NT 10.0; Win64; x64) AppleWebKit/537.36 (KHTML, like Gecko) Chrome/71.0.3578.98 Safari/537.36"
213.90.80.156 - - [15/Jan/2019:13:22:27 +0100] "GET /loadthumbnail.php?id=11209585&width=113 HTTP/1.1" 200 1909 "http://renault.activities.at/10201442?dir=DESC&mode=grid&order=name&limit=15&page=10" "Mozilla/5.0 (Windows NT 10.0; Win64; x64) AppleWebKit/537.36 (KHTML, like Gecko) Chrome/71.0.3578.98 Safari/537.36"
193.194.132.27 - - [15/Jan/2019:13:22:27 +0100] "GET /reload?ser=1547554947025 HTTP/1.1" 200 28 "http://renault.2web.at/result?dir=DESC&mode=grid&order=name&limit=15&page=2&search=twingo" "Mozilla/5.0 (Windows NT 10.0; WOW64; Trident/7.0; Touch; rv:11.0) like Gecko"
193.194.132.27 - - [15/Jan/2019:13:22:28 +0100] "GET /reload?ser=1547554948873 HTTP/1.1" 200 28 "http://renault.2web.at/result?searchterm=true&search=Original+Ersatzteil" "Mozilla/5.0 (Windows NT 6.1; WOW64; Trident/7.0; rv:11.0) like Gecko"
213.153.47.173 - - [15/Jan/2019:13:22:49 +0100] "GET /reload?ser=1547554969009 HTTP/1.1" 200 28 "http://renault.activities.at/11813616" "Mozilla/5.0 (Windows NT 10.0; Win64; x64; rv:64.0) Gecko/20100101 Firefox/64.0"
80.123.225.36 - - [15/Jan/2019:13:23:07 +0100] "GET /reload?ser=1547555144527 HTTP/1.1" 200 28 "http://renault.activities.at/" "Mozilla/5.0 (Windows NT 6.1; Win64; x64; rv:64.0) Gecko/20100101 Firefox/64.0"
213.90.80.156 - - [15/Jan/2019:13:23:11 +0100] "GET /10201442?dir=DESC&mode=grid&order=name&limit=15&page=11 HTTP/1.1" 200 8756 "http://renault.activities.at/10201442?dir=DESC&mode=grid&order=name&limit=15&page=10" "Mozilla/5.0 (Windows NT 10.0; Win64; x64) AppleWebKit/537.36 (KHTML, like Gecko) Chrome/71.0.3578.98 Safari/537.36"
213.90.80.156 - - [15/Jan/2019:13:23:14 +0100] "GET /loadthumbnail.php?id=11555219&width=113 HTTP/1.1" 200 2237 "http://renault.activities.at/10201442?dir=DESC&mode=grid&order=name&limit=15&page=11" "Mozilla/5.0 (Windows NT 10.0; Win64; x64) AppleWebKit/537.36 (KHTML, like Gecko) Chrome/71.0.3578.98 Safari/537.36"
213.90.80.156 - - [15/Jan/2019:13:23:14 +0100] "GET /loadthumbnail.php?id=11181172&width=113 HTTP/1.1" 200 1576 "http://renault.activities.at/10201442?dir=DESC&mode=grid&order=name&limit=15&page=11" "Mozilla/5.0 (Windows NT 10.0; Win64; x64) AppleWebKit/537.36 (KHTML, like Gecko) Chrome/71.0.3578.98 Safari/537.36"
213.90.80.156 - - [15/Jan/2019:13:23:14 +0100] "GET /loadthumbnail.php?id=11181170&width=113 HTTP/1.1" 200 1576 "http://renault.activities.at/10201442?dir=DESC&mode=grid&order=name&limit=15&page=11" "Mozilla/5.0 (Windows NT 10.0; Win64; x64) AppleWebKit/537.36 (KHTML, like Gecko) Chrome/71.0.3578.98 Safari/537.36"
213.90.80.156 - - [15/Jan/2019:13:23:14 +0100] "GET /loadthumbnail.php?id=11555218&width=113 HTTP/1.1" 200 2237 "http://renault.activities.at/10201442?dir=DESC&mode=grid&order=name&limit=15&page=11" "Mozilla/5.0 (Windows NT 10.0; Win64; x64) AppleWebKit/537.36 (KHTML, like Gecko) Chrome/71.0.3578.98 Safari/537.36"
213.90.80.156 - - [15/Jan/2019:13:23:14 +0100] "GET /loadthumbnail.php?id=11181176&width=113 HTTP/1.1" 200 1860 "http://renault.activities.at/10201442?dir=DESC&mode=grid&order=name&limit=15&page=11" "Mozilla/5.0 (Windows NT 10.0; Win64; x64) AppleWebKit/537.36 (KHTML, like Gecko) Chrome/71.0.3578.98 Safari/537.36"
213.90.80.156 - - [15/Jan/2019:13:23:14 +0100] "GET /loadthumbnail.php?id=11181174&width=113 HTTP/1.1" 200 1860 "http://renault.activities.at/10201442?dir=DESC&mode=grid&order=name&limit=15&page=11" "Mozilla/5.0 (Windows NT 10.0; Win64; x64) AppleWebKit/537.36 (KHTML, like Gecko) Chrome/71.0.3578.98 Safari/537.36"
213.90.80.156 - - [15/Jan/2019:13:23:14 +0100] "GET /loadthumbnail.php?id=11648009&width=113 HTTP/1.1" 200 2417 "http://renault.activities.at/10201442?dir=DESC&mode=grid&order=name&limit=15&page=11" "Mozilla/5.0 (Windows NT 10.0; Win64; x64) AppleWebKit/537.36 (KHTML, like Gecko) Chrome/71.0.3578.98 Safari/537.36"
213.90.80.156 - - [15/Jan/2019:13:23:14 +0100] "GET /loadthumbnail.php?id=11648005&width=113 HTTP/1.1" 200 2417 "http://renault.activities.at/10201442?dir=DESC&mode=grid&order=name&limit=15&page=11" "Mozilla/5.0 (Windows NT 10.0; Win64; x64) AppleWebKit/537.36 (KHTML, like Gecko) Chrome/71.0.3578.98 Safari/537.36"
213.90.80.156 - - [15/Jan/2019:13:23:14 +0100] "GET /loadthumbnail.php?id=11181195&width=113 HTTP/1.1" 200 1448 "http://renault.activities.at/10201442?dir=DESC&mode=grid&order=name&limit=15&page=11" "Mozilla/5.0 (Windows NT 10.0; Win64; x64) AppleWebKit/537.36 (KHTML, like Gecko) Chrome/71.0.3578.98 Safari/537.36"
213.90.80.156 - - [15/Jan/2019:13:23:14 +0100] "GET /loadthumbnail.php?id=11181193&width=113 HTTP/1.1" 200 1448 "http://renault.activities.at/10201442?dir=DESC&mode=grid&order=name&limit=15&page=11" "Mozilla/5.0 (Windows NT 10.0; Win64; x64) AppleWebKit/537.36 (KHTML, like Gecko) Chrome/71.0.3578.98 Safari/537.36"
213.90.80.156 - - [15/Jan/2019:13:23:14 +0100] "GET /loadthumbnail.php?id=11228491&width=113 HTTP/1.1" 200 1007 "http://renault.activities.at/10201442?dir=DESC&mode=grid&order=name&limit=15&page=11" "Mozilla/5.0 (Windows NT 10.0; Win64; x64) AppleWebKit/537.36 (KHTML, like Gecko) Chrome/71.0.3578.98 Safari/537.36"
213.90.80.156 - - [15/Jan/2019:13:23:14 +0100] "GET /loadthumbnail.php?id=11228492&width=113 HTTP/1.1" 200 1071 "http://renault.activities.at/10201442?dir=DESC&mode=grid&order=name&limit=15&page=11" "Mozilla/5.0 (Windows NT 10.0; Win64; x64) AppleWebKit/537.36 (KHTML, like Gecko) Chrome/71.0.3578.98 Safari/537.36"
213.153.47.173 - - [15/Jan/2019:13:23:17 +0100] "GET /reload?ser=1547554997039 HTTP/1.1" 200 28 "http://renault.activities.at/login?required=true" "Mozilla/5.0 (Windows NT 10.0; Win64; x64; rv:64.0) Gecko/20100101 Firefox/64.0"
213.90.80.156 - - [15/Jan/2019:13:23:24 +0100] "GET /10201442?dir=DESC&mode=grid&order=name&limit=15&page=12 HTTP/1.1" 200 8845 "http://renault.activities.at/10201442?dir=DESC&mode=grid&order=name&limit=15&page=11" "Mozilla/5.0 (Windows NT 10.0; Win64; x64) AppleWebKit/537.36 (KHTML, like Gecko) Chrome/71.0.3578.98 Safari/537.36"
213.90.80.156 - - [15/Jan/2019:13:23:27 +0100] "GET /loadthumbnail.php?id=11228494&width=113 HTTP/1.1" 200 1149 "http://renault.activities.at/10201442?dir=DESC&mode=grid&order=name&limit=15&page=12" "Mozilla/5.0 (Windows NT 10.0; Win64; x64) AppleWebKit/537.36 (KHTML, like Gecko) Chrome/71.0.3578.98 Safari/537.36"
213.90.80.156 - - [15/Jan/2019:13:23:27 +0100] "GET /loadthumbnail.php?id=11825624&width=113 HTTP/1.1" 200 1820 "http://renault.activities.at/10201442?dir=DESC&mode=grid&order=name&limit=15&page=12" "Mozilla/5.0 (Windows NT 10.0; Win64; x64) AppleWebKit/537.36 (KHTML, like Gecko) Chrome/71.0.3578.98 Safari/537.36"
213.90.80.156 - - [15/Jan/2019:13:23:27 +0100] "GET /loadthumbnail.php?id=11228493&width=113 HTTP/1.1" 200 1094 "http://renault.activities.at/10201442?dir=DESC&mode=grid&order=name&limit=15&page=12" "Mozilla/5.0 (Windows NT 10.0; Win64; x64) AppleWebKit/537.36 (KHTML, like Gecko) Chrome/71.0.3578.98 Safari/537.36"
213.90.80.156 - - [15/Jan/2019:13:23:27 +0100] "GET /loadthumbnail.php?id=11825621&width=113 HTTP/1.1" 200 1953 "http://renault.activities.at/10201442?dir=DESC&mode=grid&order=name&limit=15&page=12" "Mozilla/5.0 (Windows NT 10.0; Win64; x64) AppleWebKit/537.36 (KHTML, like Gecko) Chrome/71.0.3578.98 Safari/537.36"
213.90.80.156 - - [15/Jan/2019:13:23:27 +0100] "GET /loadthumbnail.php?id=11825622&width=113 HTTP/1.1" 200 1953 "http://renault.activities.at/10201442?dir=DESC&mode=grid&order=name&limit=15&page=12" "Mozilla/5.0 (Windows NT 10.0; Win64; x64) AppleWebKit/537.36 (KHTML, like Gecko) Chrome/71.0.3578.98 Safari/537.36"
213.90.80.156 - - [15/Jan/2019:13:23:27 +0100] "GET /loadthumbnail.php?id=11825623&width=113 HTTP/1.1" 200 1820 "http://renault.activities.at/10201442?dir=DESC&mode=grid&order=name&limit=15&page=12" "Mozilla/5.0 (Windows NT 10.0; Win64; x64) AppleWebKit/537.36 (KHTML, like Gecko) Chrome/71.0.3578.98 Safari/537.36"
213.90.80.156 - - [15/Jan/2019:13:23:27 +0100] "GET /loadthumbnail.php?id=11825620&width=113 HTTP/1.1" 200 2089 "http://renault.activities.at/10201442?dir=DESC&mode=grid&order=name&limit=15&page=12" "Mozilla/5.0 (Windows NT 10.0; Win64; x64) AppleWebKit/537.36 (KHTML, like Gecko) Chrome/71.0.3578.98 Safari/537.36"
213.90.80.156 - - [15/Jan/2019:13:23:27 +0100] "GET /loadthumbnail.php?id=11825619&width=113 HTTP/1.1" 200 2089 "http://renault.activities.at/10201442?dir=DESC&mode=grid&order=name&limit=15&page=12" "Mozilla/5.0 (Windows NT 10.0; Win64; x64) AppleWebKit/537.36 (KHTML, like Gecko) Chrome/71.0.3578.98 Safari/537.36"
213.90.80.156 - - [15/Jan/2019:13:23:27 +0100] "GET /loadthumbnail.php?id=11722649&width=113 HTTP/1.1" 200 1687 "http://renault.activities.at/10201442?dir=DESC&mode=grid&order=name&limit=15&page=12" "Mozilla/5.0 (Windows NT 10.0; Win64; x64) AppleWebKit/537.36 (KHTML, like Gecko) Chrome/71.0.3578.98 Safari/537.36"
213.90.80.156 - - [15/Jan/2019:13:23:27 +0100] "GET /loadthumbnail.php?id=11825618&width=113 HTTP/1.1" 200 2042 "http://renault.activities.at/10201442?dir=DESC&mode=grid&order=name&limit=15&page=12" "Mozilla/5.0 (Windows NT 10.0; Win64; x64) AppleWebKit/537.36 (KHTML, like Gecko) Chrome/71.0.3578.98 Safari/537.36"
213.90.80.156 - - [15/Jan/2019:13:23:27 +0100] "GET /loadthumbnail.php?id=11722648&width=113 HTTP/1.1" 200 1687 "http://renault.activities.at/10201442?dir=DESC&mode=grid&order=name&limit=15&page=12" "Mozilla/5.0 (Windows NT 10.0; Win64; x64) AppleWebKit/537.36 (KHTML, like Gecko) Chrome/71.0.3578.98 Safari/537.36"
213.90.80.156 - - [15/Jan/2019:13:23:27 +0100] "GET /loadthumbnail.php?id=11825617&width=113 HTTP/1.1" 200 2042 "http://renault.activities.at/10201442?dir=DESC&mode=grid&order=name&limit=15&page=12" "Mozilla/5.0 (Windows NT 10.0; Win64; x64) AppleWebKit/537.36 (KHTML, like Gecko) Chrome/71.0.3578.98 Safari/537.36"
213.90.80.156 - - [15/Jan/2019:13:23:27 +0100] "GET /loadthumbnail.php?id=11825626&width=113 HTTP/1.1" 200 2138 "http://renault.activities.at/10201442?dir=DESC&mode=grid&order=name&limit=15&page=12" "Mozilla/5.0 (Windows NT 10.0; Win64; x64) AppleWebKit/537.36 (KHTML, like Gecko) Chrome/71.0.3578.98 Safari/537.36"
213.90.80.156 - - [15/Jan/2019:13:23:27 +0100] "GET /loadthumbnail.php?id=11825625&width=113 HTTP/1.1" 200 2138 "http://renault.activities.at/10201442?dir=DESC&mode=grid&order=name&limit=15&page=12" "Mozilla/5.0 (Windows NT 10.0; Win64; x64) AppleWebKit/537.36 (KHTML, like Gecko) Chrome/71.0.3578.98 Safari/537.36"
213.90.80.156 - - [15/Jan/2019:13:23:27 +0100] "GET /loadthumbnail.php?id=10768338&width=113 HTTP/1.1" 200 2677 "http://renault.activities.at/10201442?dir=DESC&mode=grid&order=name&limit=15&page=12" "Mozilla/5.0 (Windows NT 10.0; Win64; x64) AppleWebKit/537.36 (KHTML, like Gecko) Chrome/71.0.3578.98 Safari/537.36"
193.194.132.27 - - [15/Jan/2019:13:23:28 +0100] "GET /reload?ser=1547555008118 HTTP/1.1" 200 28 "http://renault.2web.at/result?dir=DESC&mode=grid&order=name&limit=15&page=2&search=twingo" "Mozilla/5.0 (Windows NT 10.0; WOW64; Trident/7.0; Touch; rv:11.0) like Gecko"
193.194.132.27 - - [15/Jan/2019:13:23:30 +0100] "GET /reload?ser=1547555009965 HTTP/1.1" 200 28 "http://renault.2web.at/result?searchterm=true&search=Original+Ersatzteil" "Mozilla/5.0 (Windows NT 6.1; WOW64; Trident/7.0; rv:11.0) like Gecko"
213.90.80.156 - - [15/Jan/2019:13:23:29 +0100] "GET /10201442?dir=DESC&mode=grid&order=name&limit=15&page=13 HTTP/1.1" 200 8981 "http://renault.activities.at/10201442?dir=DESC&mode=grid&order=name&limit=15&page=12" "Mozilla/5.0 (Windows NT 10.0; Win64; x64) AppleWebKit/537.36 (KHTML, like Gecko) Chrome/71.0.3578.98 Safari/537.36"
213.90.80.156 - - [15/Jan/2019:13:23:32 +0100] "GET /loadthumbnail.php?id=10768339&width=113 HTTP/1.1" 200 2677 "http://renault.activities.at/10201442?dir=DESC&mode=grid&order=name&limit=15&page=13" "Mozilla/5.0 (Windows NT 10.0; Win64; x64) AppleWebKit/537.36 (KHTML, like Gecko) Chrome/71.0.3578.98 Safari/537.36"
213.90.80.156 - - [15/Jan/2019:13:23:32 +0100] "GET /loadthumbnail.php?id=11090247&width=113 HTTP/1.1" 200 2847 "http://renault.activities.at/10201442?dir=DESC&mode=grid&order=name&limit=15&page=13" "Mozilla/5.0 (Windows NT 10.0; Win64; x64) AppleWebKit/537.36 (KHTML, like Gecko) Chrome/71.0.3578.98 Safari/537.36"
213.90.80.156 - - [15/Jan/2019:13:23:32 +0100] "GET /loadthumbnail.php?id=11340123&width=113 HTTP/1.1" 200 5559 "http://renault.activities.at/10201442?dir=DESC&mode=grid&order=name&limit=15&page=13" "Mozilla/5.0 (Windows NT 10.0; Win64; x64) AppleWebKit/537.36 (KHTML, like Gecko) Chrome/71.0.3578.98 Safari/537.36"
213.90.80.156 - - [15/Jan/2019:13:23:32 +0100] "GET /loadthumbnail.php?id=11487911&width=113 HTTP/1.1" 200 2789 "http://renault.activities.at/10201442?dir=DESC&mode=grid&order=name&limit=15&page=13" "Mozilla/5.0 (Windows NT 10.0; Win64; x64) AppleWebKit/537.36 (KHTML, like Gecko) Chrome/71.0.3578.98 Safari/537.36"
213.90.80.156 - - [15/Jan/2019:13:23:32 +0100] "GET /loadthumbnail.php?id=11586948&width=113 HTTP/1.1" 200 5839 "http://renault.activities.at/10201442?dir=DESC&mode=grid&order=name&limit=15&page=13" "Mozilla/5.0 (Windows NT 10.0; Win64; x64) AppleWebKit/537.36 (KHTML, like Gecko) Chrome/71.0.3578.98 Safari/537.36"
213.90.80.156 - - [15/Jan/2019:13:23:32 +0100] "GET /loadthumbnail.php?id=11487913&width=113 HTTP/1.1" 200 2439 "http://renault.activities.at/10201442?dir=DESC&mode=grid&order=name&limit=15&page=13" "Mozilla/5.0 (Windows NT 10.0; Win64; x64) AppleWebKit/537.36 (KHTML, like Gecko) Chrome/71.0.3578.98 Safari/537.36"
213.90.80.156 - - [15/Jan/2019:13:23:33 +0100] "GET /loadthumbnail.php?id=11340124&width=113 HTTP/1.1" 200 4949 "http://renault.activities.at/10201442?dir=DESC&mode=grid&order=name&limit=15&page=13" "Mozilla/5.0 (Windows NT 10.0; Win64; x64) AppleWebKit/537.36 (KHTML, like Gecko) Chrome/71.0.3578.98 Safari/537.36"
213.90.80.156 - - [15/Jan/2019:13:23:33 +0100] "GET /loadthumbnail.php?id=11247081&width=113 HTTP/1.1" 200 2512 "http://renault.activities.at/10201442?dir=DESC&mode=grid&order=name&limit=15&page=13" "Mozilla/5.0 (Windows NT 10.0; Win64; x64) AppleWebKit/537.36 (KHTML, like Gecko) Chrome/71.0.3578.98 Safari/537.36"
213.90.80.156 - - [15/Jan/2019:13:23:33 +0100] "GET /loadthumbnail.php?id=11825615&width=113 HTTP/1.1" 200 2408 "http://renault.activities.at/10201442?dir=DESC&mode=grid&order=name&limit=15&page=13" "Mozilla/5.0 (Windows NT 10.0; Win64; x64) AppleWebKit/537.36 (KHTML, like Gecko) Chrome/71.0.3578.98 Safari/537.36"
213.90.80.156 - - [15/Jan/2019:13:23:33 +0100] "GET /loadthumbnail.php?id=10260226&width=113 HTTP/1.1" 200 2395 "http://renault.activities.at/10201442?dir=DESC&mode=grid&order=name&limit=15&page=13" "Mozilla/5.0 (Windows NT 10.0; Win64; x64) AppleWebKit/537.36 (KHTML, like Gecko) Chrome/71.0.3578.98 Safari/537.36"
213.90.80.156 - - [15/Jan/2019:13:23:33 +0100] "GET /loadthumbnail.php?id=10930520&width=113 HTTP/1.1" 200 2026 "http://renault.activities.at/10201442?dir=DESC&mode=grid&order=name&limit=15&page=13" "Mozilla/5.0 (Windows NT 10.0; Win64; x64) AppleWebKit/537.36 (KHTML, like Gecko) Chrome/71.0.3578.98 Safari/537.36"
213.90.80.156 - - [15/Jan/2019:13:23:33 +0100] "GET /loadthumbnail.php?id=10460287&width=113 HTTP/1.1" 200 2135 "http://renault.activities.at/10201442?dir=DESC&mode=grid&order=name&limit=15&page=13" "Mozilla/5.0 (Windows NT 10.0; Win64; x64) AppleWebKit/537.36 (KHTML, like Gecko) Chrome/71.0.3578.98 Safari/537.36"
213.90.80.156 - - [15/Jan/2019:13:23:33 +0100] "GET /loadthumbnail.php?id=11431080&width=113 HTTP/1.1" 200 3991 "http://renault.activities.at/10201442?dir=DESC&mode=grid&order=name&limit=15&page=13" "Mozilla/5.0 (Windows NT 10.0; Win64; x64) AppleWebKit/537.36 (KHTML, like Gecko) Chrome/71.0.3578.98 Safari/537.36"
213.90.80.156 - - [15/Jan/2019:13:23:33 +0100] "GET /loadthumbnail.php?id=10930552&width=113 HTTP/1.1" 200 2035 "http://renault.activities.at/10201442?dir=DESC&mode=grid&order=name&limit=15&page=13" "Mozilla/5.0 (Windows NT 10.0; Win64; x64) AppleWebKit/537.36 (KHTML, like Gecko) Chrome/71.0.3578.98 Safari/537.36"
193.194.132.27 - - [15/Jan/2019:13:23:46 +0100] "POST /result?dir=DESC&mode=grid&order=name&limit=15&page=2&search=twingo HTTP/1.1" 200 11844 "http://renault.2web.at/result?dir=DESC&mode=grid&order=name&limit=15&page=2&search=twingo" "Mozilla/5.0 (Windows NT 10.0; WOW64; Trident/7.0; Touch; rv:11.0) like Gecko"
213.153.47.173 - - [15/Jan/2019:13:23:50 +0100] "GET /reload?ser=1547555029979 HTTP/1.1" 200 28 "http://renault.activities.at/11813616" "Mozilla/5.0 (Windows NT 10.0; Win64; x64; rv:64.0) Gecko/20100101 Firefox/64.0"
34.222.117.78 - - [15/Jan/2019:13:23:58 +0100] "GET /login HTTP/1.1" 200 7269 "-" "Mozilla/4.0 (compatible; MSIE 8.0; Windows NT 5.1; Trident/4.0)"
80.123.225.36 - - [15/Jan/2019:13:24:08 +0100] "GET /reload?ser=1547555205171 HTTP/1.1" 200 28 "http://renault.activities.at/" "Mozilla/5.0 (Windows NT 6.1; Win64; x64; rv:64.0) Gecko/20100101 Firefox/64.0"
213.153.47.173 - - [15/Jan/2019:13:24:17 +0100] "GET /reload?ser=1547555057707 HTTP/1.1" 200 28 "http://renault.activities.at/login?required=true" "Mozilla/5.0 (Windows NT 10.0; Win64; x64; rv:64.0) Gecko/20100101 Firefox/64.0"
193.194.132.27 - - [15/Jan/2019:13:24:31 +0100] "GET /reload?ser=1547555071017 HTTP/1.1" 200 28 "http://renault.2web.at/result?searchterm=true&search=Original+Ersatzteil" "Mozilla/5.0 (Windows NT 6.1; WOW64; Trident/7.0; rv:11.0) like Gecko"
193.194.132.27 - - [15/Jan/2019:13:24:30 +0100] "GET /cart HTTP/1.1" 200 8342 "http://renault.2web.at/result?dir=DESC&mode=grid&order=name&limit=15&page=2&search=twingo" "Mozilla/5.0 (Windows NT 10.0; WOW64; Trident/7.0; Touch; rv:11.0) like Gecko"
193.194.132.27 - - [15/Jan/2019:13:24:32 +0100] "GET /loadthumbnail.php?id=10232009&width=16&height=16 HTTP/1.1" 200 700 "http://renault.2web.at/cart" "Mozilla/5.0 (Windows NT 10.0; WOW64; Trident/7.0; Touch; rv:11.0) like Gecko"
193.194.132.27 - - [15/Jan/2019:13:24:32 +0100] "GET /loadthumbnail.php?id=11883942&width=100 HTTP/1.1" 200 2361 "http://renault.2web.at/cart" "Mozilla/5.0 (Windows NT 10.0; WOW64; Trident/7.0; Touch; rv:11.0) like Gecko"
193.194.132.27 - - [15/Jan/2019:13:24:32 +0100] "GET /loadthumbnail.php?id=11342686&width=100 HTTP/1.1" 200 17785 "http://renault.2web.at/cart" "Mozilla/5.0 (Windows NT 10.0; WOW64; Trident/7.0; Touch; rv:11.0) like Gecko"
193.194.132.27 - - [15/Jan/2019:13:24:32 +0100] "GET /loadthumbnail.php?id=11819633&width=100 HTTP/1.1" 200 2765 "http://renault.2web.at/cart" "Mozilla/5.0 (Windows NT 10.0; WOW64; Trident/7.0; Touch; rv:11.0) like Gecko"
213.90.80.156 - - [15/Jan/2019:13:24:33 +0100] "GET /reload?ser=1547555073556 HTTP/1.1" 200 28 "http://renault.activities.at/10201442?dir=DESC&mode=grid&order=name&limit=15&page=13" "Mozilla/5.0 (Windows NT 10.0; Win64; x64) AppleWebKit/537.36 (KHTML, like Gecko) Chrome/71.0.3578.98 Safari/537.36"
193.194.132.27 - - [15/Jan/2019:13:24:40 +0100] "POST /cart HTTP/1.1" 200 8264 "http://renault.2web.at/cart" "Mozilla/5.0 (Windows NT 10.0; WOW64; Trident/7.0; Touch; rv:11.0) like Gecko"
213.153.47.173 - - [15/Jan/2019:13:24:50 +0100] "GET /reload?ser=1547555090949 HTTP/1.1" 200 28 "http://renault.activities.at/11813616" "Mozilla/5.0 (Windows NT 10.0; Win64; x64; rv:64.0) Gecko/20100101 Firefox/64.0"
193.194.132.27 - - [15/Jan/2019:13:24:52 +0100] "POST /cart HTTP/1.1" 200 8251 "http://renault.2web.at/cart" "Mozilla/5.0 (Windows NT 10.0; WOW64; Trident/7.0; Touch; rv:11.0) like Gecko"
193.194.132.27 - - [15/Jan/2019:13:25:03 +0100] "POST /axjaxrequest?mode=suggest HTTP/1.1" 200 108 "http://renault.2web.at/cart" "Mozilla/5.0 (Windows NT 10.0; WOW64; Trident/7.0; Touch; rv:11.0) like Gecko"
193.194.132.27 - - [15/Jan/2019:13:25:03 +0100] "GET /result?searchterm=true&search=clio HTTP/1.1" 200 13517 "http://renault.2web.at/cart" "Mozilla/5.0 (Windows NT 10.0; WOW64; Trident/7.0; Touch; rv:11.0) like Gecko"
193.194.132.27 - - [15/Jan/2019:13:25:08 +0100] "GET /loadthumbnail.php?id=11308371&width=113 HTTP/1.1" 200 1939 "http://renault.2web.at/result?searchterm=true&search=clio" "Mozilla/5.0 (Windows NT 10.0; WOW64; Trident/7.0; Touch; rv:11.0) like Gecko"
193.194.132.27 - - [15/Jan/2019:13:25:08 +0100] "GET /loadthumbnail.php?id=11308367&width=113 HTTP/1.1" 200 1939 "http://renault.2web.at/result?searchterm=true&search=clio" "Mozilla/5.0 (Windows NT 10.0; WOW64; Trident/7.0; Touch; rv:11.0) like Gecko"
193.194.132.27 - - [15/Jan/2019:13:25:08 +0100] "GET /loadthumbnail.php?id=11181209&width=113 HTTP/1.1" 200 1879 "http://renault.2web.at/result?searchterm=true&search=clio" "Mozilla/5.0 (Windows NT 10.0; WOW64; Trident/7.0; Touch; rv:11.0) like Gecko"
193.194.132.27 - - [15/Jan/2019:13:25:08 +0100] "GET /loadthumbnail.php?id=11181219&width=113 HTTP/1.1" 200 2121 "http://renault.2web.at/result?searchterm=true&search=clio" "Mozilla/5.0 (Windows NT 10.0; WOW64; Trident/7.0; Touch; rv:11.0) like Gecko"
193.194.132.27 - - [15/Jan/2019:13:25:08 +0100] "GET /loadthumbnail.php?id=11308365&width=113 HTTP/1.1" 200 1939 "http://renault.2web.at/result?searchterm=true&search=clio" "Mozilla/5.0 (Windows NT 10.0; WOW64; Trident/7.0; Touch; rv:11.0) like Gecko"
193.194.132.27 - - [15/Jan/2019:13:25:07 +0100] "GET /loadthumbnail.php?id=11760072&width=113 HTTP/1.1" 200 22371 "http://renault.2web.at/result?searchterm=true&search=clio" "Mozilla/5.0 (Windows NT 10.0; WOW64; Trident/7.0; Touch; rv:11.0) like Gecko"
193.194.132.27 - - [15/Jan/2019:13:25:08 +0100] "GET /loadthumbnail.php?id=11181211&width=113 HTTP/1.1" 200 1879 "http://renault.2web.at/result?searchterm=true&search=clio" "Mozilla/5.0 (Windows NT 10.0; WOW64; Trident/7.0; Touch; rv:11.0) like Gecko"
193.194.132.27 - - [15/Jan/2019:13:25:08 +0100] "GET /loadthumbnail.php?id=11308366&width=113 HTTP/1.1" 200 1939 "http://renault.2web.at/result?searchterm=true&search=clio" "Mozilla/5.0 (Windows NT 10.0; WOW64; Trident/7.0; Touch; rv:11.0) like Gecko"
193.194.132.27 - - [15/Jan/2019:13:25:07 +0100] "GET /loadthumbnail.php?id=11926636&width=113 HTTP/1.1" 200 36118 "http://renault.2web.at/result?searchterm=true&search=clio" "Mozilla/5.0 (Windows NT 10.0; WOW64; Trident/7.0; Touch; rv:11.0) like Gecko"
80.123.225.36 - - [15/Jan/2019:13:25:08 +0100] "GET /reload?ser=1547555265824 HTTP/1.1" 200 28 "http://renault.activities.at/" "Mozilla/5.0 (Windows NT 6.1; Win64; x64; rv:64.0) Gecko/20100101 Firefox/64.0"
193.194.132.27 - - [15/Jan/2019:13:25:13 +0100] "POST /result?searchterm=true&search=clio HTTP/1.1" 200 13632 "http://renault.2web.at/result?searchterm=true&search=clio" "Mozilla/5.0 (Windows NT 10.0; WOW64; Trident/7.0; Touch; rv:11.0) like Gecko"
213.153.47.173 - - [15/Jan/2019:13:25:18 +0100] "GET /reload?ser=1547555118379 HTTP/1.1" 200 28 "http://renault.activities.at/login?required=true" "Mozilla/5.0 (Windows NT 10.0; Win64; x64; rv:64.0) Gecko/20100101 Firefox/64.0"
193.194.132.27 - - [15/Jan/2019:13:25:19 +0100] "GET /result?dir=ASC&mode=grid&order=name&limit=15&page=1&search=clio HTTP/1.1" 200 13540 "http://renault.2web.at/result?searchterm=true&search=clio" "Mozilla/5.0 (Windows NT 10.0; WOW64; Trident/7.0; Touch; rv:11.0) like Gecko"
193.194.132.27 - - [15/Jan/2019:13:25:23 +0100] "GET /loadthumbnail.php?id=11141133&width=113 HTTP/1.1" 200 1050 "http://renault.2web.at/result?dir=ASC&mode=grid&order=name&limit=15&page=1&search=clio" "Mozilla/5.0 (Windows NT 10.0; WOW64; Trident/7.0; Touch; rv:11.0) like Gecko"
193.194.132.27 - - [15/Jan/2019:13:25:23 +0100] "GET /loadthumbnail.php?id=11319974&width=113 HTTP/1.1" 200 31785 "http://renault.2web.at/result?dir=ASC&mode=grid&order=name&limit=15&page=1&search=clio" "Mozilla/5.0 (Windows NT 10.0; WOW64; Trident/7.0; Touch; rv:11.0) like Gecko"
193.194.132.27 - - [15/Jan/2019:13:25:23 +0100] "GET /loadthumbnail.php?id=11819630&width=113 HTTP/1.1" 200 2902 "http://renault.2web.at/result?dir=ASC&mode=grid&order=name&limit=15&page=1&search=clio" "Mozilla/5.0 (Windows NT 10.0; WOW64; Trident/7.0; Touch; rv:11.0) like Gecko"
193.194.132.27 - - [15/Jan/2019:13:25:23 +0100] "GET /loadthumbnail.php?id=11314592&width=113 HTTP/1.1" 200 3118 "http://renault.2web.at/result?dir=ASC&mode=grid&order=name&limit=15&page=1&search=clio" "Mozilla/5.0 (Windows NT 10.0; WOW64; Trident/7.0; Touch; rv:11.0) like Gecko"
193.194.132.27 - - [15/Jan/2019:13:25:23 +0100] "GET /loadthumbnail.php?id=11314593&width=113 HTTP/1.1" 200 4275 "http://renault.2web.at/result?dir=ASC&mode=grid&order=name&limit=15&page=1&search=clio" "Mozilla/5.0 (Windows NT 10.0; WOW64; Trident/7.0; Touch; rv:11.0) like Gecko"
193.194.132.27 - - [15/Jan/2019:13:25:23 +0100] "GET /loadthumbnail.php?id=11314591&width=113 HTTP/1.1" 200 2647 "http://renault.2web.at/result?dir=ASC&mode=grid&order=name&limit=15&page=1&search=clio" "Mozilla/5.0 (Windows NT 10.0; WOW64; Trident/7.0; Touch; rv:11.0) like Gecko"
193.194.132.27 - - [15/Jan/2019:13:25:23 +0100] "GET /loadthumbnail.php?id=10203254 HTTP/1.1" 200 77 "http://renault.2web.at/result?dir=ASC&mode=grid&order=name&limit=15&page=1&search=clio" "Mozilla/5.0 (Windows NT 10.0; WOW64; Trident/7.0; Touch; rv:11.0) like Gecko"
193.194.132.27 - - [15/Jan/2019:13:25:23 +0100] "GET /loadthumbnail.php?id=11319983&width=113 HTTP/1.1" 200 38992 "http://renault.2web.at/result?dir=ASC&mode=grid&order=name&limit=15&page=1&search=clio" "Mozilla/5.0 (Windows NT 10.0; WOW64; Trident/7.0; Touch; rv:11.0) like Gecko"
193.194.132.27 - - [15/Jan/2019:13:25:32 +0100] "GET /reload?ser=1547555132178 HTTP/1.1" 200 28 "http://renault.2web.at/result?searchterm=true&search=Original+Ersatzteil" "Mozilla/5.0 (Windows NT 6.1; WOW64; Trident/7.0; rv:11.0) like Gecko"
213.90.80.156 - - [15/Jan/2019:13:25:35 +0100] "GET /reload?ser=1547555135096 HTTP/1.1" 200 28 "http://renault.activities.at/10201442?dir=DESC&mode=grid&order=name&limit=15&page=13" "Mozilla/5.0 (Windows NT 10.0; Win64; x64) AppleWebKit/537.36 (KHTML, like Gecko) Chrome/71.0.3578.98 Safari/537.36"
193.194.132.27 - - [15/Jan/2019:13:25:36 +0100] "POST /result?dir=ASC&mode=grid&order=name&limit=15&page=1&search=clio HTTP/1.1" 200 13647 "http://renault.2web.at/result?dir=ASC&mode=grid&order=name&limit=15&page=1&search=clio" "Mozilla/5.0 (Windows NT 10.0; WOW64; Trident/7.0; Touch; rv:11.0) like Gecko"
193.194.132.27 - - [15/Jan/2019:13:25:48 +0100] "GET /result?searchterm=true&search=captur HTTP/1.1" 200 13525 "http://renault.2web.at/result?dir=ASC&mode=grid&order=name&limit=15&page=1&search=clio" "Mozilla/5.0 (Windows NT 10.0; WOW64; Trident/7.0; Touch; rv:11.0) like Gecko"
193.194.132.27 - - [15/Jan/2019:13:25:52 +0100] "GET /loadthumbnail.php?id=11548693&width=113 HTTP/1.1" 200 18681 "http://renault.2web.at/result?searchterm=true&search=captur" "Mozilla/5.0 (Windows NT 10.0; WOW64; Trident/7.0; Touch; rv:11.0) like Gecko"
193.194.132.27 - - [15/Jan/2019:13:25:52 +0100] "GET /loadthumbnail.php?id=11194713&width=113 HTTP/1.1" 200 1171 "http://renault.2web.at/result?searchterm=true&search=captur" "Mozilla/5.0 (Windows NT 10.0; WOW64; Trident/7.0; Touch; rv:11.0) like Gecko"
193.194.132.27 - - [15/Jan/2019:13:25:52 +0100] "GET /loadthumbnail.php?id=11181221&width=113 HTTP/1.1" 200 1171 "http://renault.2web.at/result?searchterm=true&search=captur" "Mozilla/5.0 (Windows NT 10.0; WOW64; Trident/7.0; Touch; rv:11.0) like Gecko"
193.194.132.27 - - [15/Jan/2019:13:25:52 +0100] "GET /loadthumbnail.php?id=11181223&width=113 HTTP/1.1" 200 1171 "http://renault.2web.at/result?searchterm=true&search=captur" "Mozilla/5.0 (Windows NT 10.0; WOW64; Trident/7.0; Touch; rv:11.0) like Gecko"
193.194.132.27 - - [15/Jan/2019:13:25:52 +0100] "GET /loadthumbnail.php?id=11926537&width=113 HTTP/1.1" 200 32860 "http://renault.2web.at/result?searchterm=true&search=captur" "Mozilla/5.0 (Windows NT 10.0; WOW64; Trident/7.0; Touch; rv:11.0) like Gecko"
213.153.47.173 - - [15/Jan/2019:13:25:51 +0100] "GET /reload?ser=1547555151909 HTTP/1.1" 200 28 "http://renault.activities.at/11813616" "Mozilla/5.0 (Windows NT 10.0; Win64; x64; rv:64.0) Gecko/20100101 Firefox/64.0"
193.194.132.27 - - [15/Jan/2019:13:25:49 +0100] "POST /axjaxrequest?mode=suggest HTTP/1.1" 200 111 "http://renault.2web.at/result?dir=ASC&mode=grid&order=name&limit=15&page=1&search=clio" "Mozilla/5.0 (Windows NT 10.0; WOW64; Trident/7.0; Touch; rv:11.0) like Gecko"
193.194.132.27 - - [15/Jan/2019:13:25:55 +0100] "POST /result?searchterm=true&search=captur HTTP/1.1" 200 13638 "http://renault.2web.at/result?searchterm=true&search=captur" "Mozilla/5.0 (Windows NT 10.0; WOW64; Trident/7.0; Touch; rv:11.0) like Gecko"
193.194.132.27 - - [15/Jan/2019:13:26:01 +0100] "GET /result?dir=ASC&mode=grid&order=name&limit=15&page=1&search=captur HTTP/1.1" 200 13601 "http://renault.2web.at/result?searchterm=true&search=captur" "Mozilla/5.0 (Windows NT 10.0; WOW64; Trident/7.0; Touch; rv:11.0) like Gecko"
193.194.132.27 - - [15/Jan/2019:13:26:05 +0100] "GET /loadthumbnail.php?id=11819634&width=113 HTTP/1.1" 200 3081 "http://renault.2web.at/result?dir=ASC&mode=grid&order=name&limit=15&page=1&search=captur" "Mozilla/5.0 (Windows NT 10.0; WOW64; Trident/7.0; Touch; rv:11.0) like Gecko"
193.194.132.27 - - [15/Jan/2019:13:26:05 +0100] "GET /loadthumbnail.php?id=11334755&width=113 HTTP/1.1" 200 23865 "http://renault.2web.at/result?dir=ASC&mode=grid&order=name&limit=15&page=1&search=captur" "Mozilla/5.0 (Windows NT 10.0; WOW64; Trident/7.0; Touch; rv:11.0) like Gecko"
193.194.132.27 - - [15/Jan/2019:13:26:05 +0100] "GET /loadthumbnail.php?id=11489823&width=113 HTTP/1.1" 200 2857 "http://renault.2web.at/result?dir=ASC&mode=grid&order=name&limit=15&page=1&search=captur" "Mozilla/5.0 (Windows NT 10.0; WOW64; Trident/7.0; Touch; rv:11.0) like Gecko"
193.194.132.27 - - [15/Jan/2019:13:26:05 +0100] "GET /loadthumbnail.php?id=11715013&width=113 HTTP/1.1" 200 33856 "http://renault.2web.at/result?dir=ASC&mode=grid&order=name&limit=15&page=1&search=captur" "Mozilla/5.0 (Windows NT 10.0; WOW64; Trident/7.0; Touch; rv:11.0) like Gecko"
193.194.132.27 - - [15/Jan/2019:13:26:05 +0100] "GET /loadthumbnail.php?id=11489819&width=113 HTTP/1.1" 200 3862 "http://renault.2web.at/result?dir=ASC&mode=grid&order=name&limit=15&page=1&search=captur" "Mozilla/5.0 (Windows NT 10.0; WOW64; Trident/7.0; Touch; rv:11.0) like Gecko"
193.194.132.27 - - [15/Jan/2019:13:26:05 +0100] "GET /loadthumbnail.php?id=10995605&width=113 HTTP/1.1" 200 1252 "http://renault.2web.at/result?dir=ASC&mode=grid&order=name&limit=15&page=1&search=captur" "Mozilla/5.0 (Windows NT 10.0; WOW64; Trident/7.0; Touch; rv:11.0) like Gecko"
80.123.225.36 - - [15/Jan/2019:13:26:09 +0100] "GET /reload?ser=1547555326459 HTTP/1.1" 200 28 "http://renault.activities.at/" "Mozilla/5.0 (Windows NT 6.1; Win64; x64; rv:64.0) Gecko/20100101 Firefox/64.0"
193.194.132.27 - - [15/Jan/2019:13:26:13 +0100] "POST /result?dir=ASC&mode=grid&order=name&limit=15&page=1&search=captur HTTP/1.1" 200 13711 "http://renault.2web.at/result?dir=ASC&mode=grid&order=name&limit=15&page=1&search=captur" "Mozilla/5.0 (Windows NT 10.0; WOW64; Trident/7.0; Touch; rv:11.0) like Gecko"
213.153.47.173 - - [15/Jan/2019:13:26:19 +0100] "GET /reload?ser=1547555179059 HTTP/1.1" 200 28 "http://renault.activities.at/login?required=true" "Mozilla/5.0 (Windows NT 10.0; Win64; x64; rv:64.0) Gecko/20100101 Firefox/64.0"
193.194.132.27 - - [15/Jan/2019:13:26:21 +0100] "POST /axjaxrequest?mode=suggest HTTP/1.1" 200 126 "http://renault.2web.at/result?dir=ASC&mode=grid&order=name&limit=15&page=1&search=captur" "Mozilla/5.0 (Windows NT 10.0; WOW64; Trident/7.0; Touch; rv:11.0) like Gecko"
193.194.132.27 - - [15/Jan/2019:13:26:21 +0100] "GET /result?searchterm=true&search=espace HTTP/1.1" 200 13572 "http://renault.2web.at/result?dir=ASC&mode=grid&order=name&limit=15&page=1&search=captur" "Mozilla/5.0 (Windows NT 10.0; WOW64; Trident/7.0; Touch; rv:11.0) like Gecko"
193.194.132.27 - - [15/Jan/2019:13:26:26 +0100] "GET /loadthumbnail.php?id=11181233&width=113 HTTP/1.1" 200 1353 "http://renault.2web.at/result?searchterm=true&search=espace" "Mozilla/5.0 (Windows NT 10.0; WOW64; Trident/7.0; Touch; rv:11.0) like Gecko"
193.194.132.27 - - [15/Jan/2019:13:26:26 +0100] "GET /loadthumbnail.php?id=11117056&width=113 HTTP/1.1" 200 2184 "http://renault.2web.at/result?searchterm=true&search=espace" "Mozilla/5.0 (Windows NT 10.0; WOW64; Trident/7.0; Touch; rv:11.0) like Gecko"
193.194.132.27 - - [15/Jan/2019:13:26:26 +0100] "GET /loadthumbnail.php?id=11926595&width=113 HTTP/1.1" 200 34271 "http://renault.2web.at/result?searchterm=true&search=espace" "Mozilla/5.0 (Windows NT 10.0; WOW64; Trident/7.0; Touch; rv:11.0) like Gecko"
193.194.132.27 - - [15/Jan/2019:13:26:26 +0100] "GET /loadthumbnail.php?id=11194732&width=113 HTTP/1.1" 200 1353 "http://renault.2web.at/result?searchterm=true&search=espace" "Mozilla/5.0 (Windows NT 10.0; WOW64; Trident/7.0; Touch; rv:11.0) like Gecko"
193.194.132.27 - - [15/Jan/2019:13:26:26 +0100] "GET /loadthumbnail.php?id=11475295&width=113 HTTP/1.1" 200 17922 "http://renault.2web.at/result?searchterm=true&search=espace" "Mozilla/5.0 (Windows NT 10.0; WOW64; Trident/7.0; Touch; rv:11.0) like Gecko"
193.194.132.27 - - [15/Jan/2019:13:26:26 +0100] "GET /loadthumbnail.php?id=11181230&width=113 HTTP/1.1" 200 1353 "http://renault.2web.at/result?searchterm=true&search=espace" "Mozilla/5.0 (Windows NT 10.0; WOW64; Trident/7.0; Touch; rv:11.0) like Gecko"
193.194.132.27 - - [15/Jan/2019:13:26:29 +0100] "POST /result?searchterm=true&search=espace HTTP/1.1" 200 13684 "http://renault.2web.at/result?searchterm=true&search=espace" "Mozilla/5.0 (Windows NT 10.0; WOW64; Trident/7.0; Touch; rv:11.0) like Gecko"
193.194.132.27 - - [15/Jan/2019:13:26:33 +0100] "GET /reload?ser=1547555193291 HTTP/1.1" 200 28 "http://renault.2web.at/result?searchterm=true&search=Original+Ersatzteil" "Mozilla/5.0 (Windows NT 6.1; WOW64; Trident/7.0; rv:11.0) like Gecko"
213.90.80.156 - - [15/Jan/2019:13:26:37 +0100] "GET /reload?ser=1547555197095 HTTP/1.1" 200 28 "http://renault.activities.at/10201442?dir=DESC&mode=grid&order=name&limit=15&page=13" "Mozilla/5.0 (Windows NT 10.0; Win64; x64) AppleWebKit/537.36 (KHTML, like Gecko) Chrome/71.0.3578.98 Safari/537.36"
193.194.132.27 - - [15/Jan/2019:13:26:37 +0100] "GET /result?dir=ASC&mode=grid&order=name&limit=15&page=1&search=espace HTTP/1.1" 200 13615 "http://renault.2web.at/result?searchterm=true&search=espace" "Mozilla/5.0 (Windows NT 10.0; WOW64; Trident/7.0; Touch; rv:11.0) like Gecko"
193.194.132.27 - - [15/Jan/2019:13:26:41 +0100] "GET /loadthumbnail.php?id=10970931&width=113 HTTP/1.1" 200 6246 "http://renault.2web.at/result?dir=ASC&mode=grid&order=name&limit=15&page=1&search=espace" "Mozilla/5.0 (Windows NT 10.0; WOW64; Trident/7.0; Touch; rv:11.0) like Gecko"
193.194.132.27 - - [15/Jan/2019:13:26:41 +0100] "GET /loadthumbnail.php?id=10970934&width=113 HTTP/1.1" 200 4103 "http://renault.2web.at/result?dir=ASC&mode=grid&order=name&limit=15&page=1&search=espace" "Mozilla/5.0 (Windows NT 10.0; WOW64; Trident/7.0; Touch; rv:11.0) like Gecko"
193.194.132.27 - - [15/Jan/2019:13:26:41 +0100] "GET /loadthumbnail.php?id=10970933&width=113 HTTP/1.1" 200 5132 "http://renault.2web.at/result?dir=ASC&mode=grid&order=name&limit=15&page=1&search=espace" "Mozilla/5.0 (Windows NT 10.0; WOW64; Trident/7.0; Touch; rv:11.0) like Gecko"
193.194.132.27 - - [15/Jan/2019:13:26:41 +0100] "GET /loadthumbnail.php?id=11829073&width=113 HTTP/1.1" 200 2418 "http://renault.2web.at/result?dir=ASC&mode=grid&order=name&limit=15&page=1&search=espace" "Mozilla/5.0 (Windows NT 10.0; WOW64; Trident/7.0; Touch; rv:11.0) like Gecko"
193.194.132.27 - - [15/Jan/2019:13:26:41 +0100] "GET /loadthumbnail.php?id=11314594&width=113 HTTP/1.1" 200 4859 "http://renault.2web.at/result?dir=ASC&mode=grid&order=name&limit=15&page=1&search=espace" "Mozilla/5.0 (Windows NT 10.0; WOW64; Trident/7.0; Touch; rv:11.0) like Gecko"
193.194.132.27 - - [15/Jan/2019:13:26:41 +0100] "GET /loadthumbnail.php?id=11270805&width=113 HTTP/1.1" 200 5169 "http://renault.2web.at/result?dir=ASC&mode=grid&order=name&limit=15&page=1&search=espace" "Mozilla/5.0 (Windows NT 10.0; WOW64; Trident/7.0; Touch; rv:11.0) like Gecko"
193.194.132.27 - - [15/Jan/2019:13:26:41 +0100] "GET /loadthumbnail.php?id=10309491&width=113 HTTP/1.1" 200 2476 "http://renault.2web.at/result?dir=ASC&mode=grid&order=name&limit=15&page=1&search=espace" "Mozilla/5.0 (Windows NT 10.0; WOW64; Trident/7.0; Touch; rv:11.0) like Gecko"
193.194.132.27 - - [15/Jan/2019:13:26:41 +0100] "GET /loadthumbnail.php?id=10915886&width=113 HTTP/1.1" 200 1376 "http://renault.2web.at/result?dir=ASC&mode=grid&order=name&limit=15&page=1&search=espace" "Mozilla/5.0 (Windows NT 10.0; WOW64; Trident/7.0; Touch; rv:11.0) like Gecko"
193.194.132.27 - - [15/Jan/2019:13:26:41 +0100] "GET /loadthumbnail.php?id=11314595&width=113 HTTP/1.1" 200 2441 "http://renault.2web.at/result?dir=ASC&mode=grid&order=name&limit=15&page=1&search=espace" "Mozilla/5.0 (Windows NT 10.0; WOW64; Trident/7.0; Touch; rv:11.0) like Gecko"
193.194.132.27 - - [15/Jan/2019:13:26:41 +0100] "GET /loadthumbnail.php?id=10309492&width=113 HTTP/1.1" 200 2666 "http://renault.2web.at/result?dir=ASC&mode=grid&order=name&limit=15&page=1&search=espace" "Mozilla/5.0 (Windows NT 10.0; WOW64; Trident/7.0; Touch; rv:11.0) like Gecko"
213.153.47.173 - - [15/Jan/2019:13:26:52 +0100] "GET /reload?ser=1547555212908 HTTP/1.1" 200 28 "http://renault.activities.at/11813616" "Mozilla/5.0 (Windows NT 10.0; Win64; x64; rv:64.0) Gecko/20100101 Firefox/64.0"
193.194.132.27 - - [15/Jan/2019:13:26:50 +0100] "POST /result?dir=ASC&mode=grid&order=name&limit=15&page=1&search=espace HTTP/1.1" 200 13723 "http://renault.2web.at/result?dir=ASC&mode=grid&order=name&limit=15&page=1&search=espace" "Mozilla/5.0 (Windows NT 10.0; WOW64; Trident/7.0; Touch; rv:11.0) like Gecko"
193.194.132.27 - - [15/Jan/2019:13:26:57 +0100] "GET /result?searchterm=true&search=kadjar HTTP/1.1" 200 13522 "http://renault.2web.at/result?dir=ASC&mode=grid&order=name&limit=15&page=1&search=espace" "Mozilla/5.0 (Windows NT 10.0; WOW64; Trident/7.0; Touch; rv:11.0) like Gecko"
193.194.132.27 - - [15/Jan/2019:13:27:00 +0100] "GET /loadthumbnail.php?id=11181235&width=113 HTTP/1.1" 200 1156 "http://renault.2web.at/result?searchterm=true&search=kadjar" "Mozilla/5.0 (Windows NT 10.0; WOW64; Trident/7.0; Touch; rv:11.0) like Gecko"
193.194.132.27 - - [15/Jan/2019:13:27:00 +0100] "GET /loadthumbnail.php?id=11548917&width=113 HTTP/1.1" 200 22455 "http://renault.2web.at/result?searchterm=true&search=kadjar" "Mozilla/5.0 (Windows NT 10.0; WOW64; Trident/7.0; Touch; rv:11.0) like Gecko"
