80.123.225.36 - - [17/Jan/2019:12:34:24 +0100] "GET /reload?ser=1547724864029 HTTP/1.1" 200 28 "http://renault.activities.at/" "Mozilla/5.0 (Windows NT 10.0; WOW64; Trident/7.0; rv:11.0) like Gecko"
88.117.213.154 - - [17/Jan/2019:12:34:41 +0100] "GET /reload?ser=1547724881757 HTTP/1.1" 200 28 "http://renault.activities.at/10201633?cat=10260009" "Mozilla/5.0 (Windows NT 10.0; Win64; x64) AppleWebKit/537.36 (KHTML, like Gecko) Chrome/71.0.3578.98 Safari/537.36"
212.152.246.132 - - [17/Jan/2019:12:35:16 +0100] "GET /reload?ser=1547724915004 HTTP/1.1" 200 28 "http://renault.activities.at/" "Mozilla/5.0 (Windows NT 6.1; Trident/7.0; rv:11.0) like Gecko"
138.21.12.24 - - [17/Jan/2019:12:35:17 +0100] "GET /reload?ser=1547724917714 HTTP/1.1" 200 28 "http://renault.2web.at/result?searchterm=true&search=kleber" "Mozilla/5.0 (Windows NT 10.0; WOW64; Trident/7.0; Touch; rv:11.0) like Gecko"
80.123.225.36 - - [17/Jan/2019:12:35:25 +0100] "GET /reload?ser=1547724924997 HTTP/1.1" 200 28 "http://renault.activities.at/" "Mozilla/5.0 (Windows NT 10.0; WOW64; Trident/7.0; rv:11.0) like Gecko"
88.117.213.154 - - [17/Jan/2019:12:35:42 +0100] "GET /reload?ser=1547724942759 HTTP/1.1" 200 28 "http://renault.activities.at/10201633?cat=10260009" "Mozilla/5.0 (Windows NT 10.0; Win64; x64) AppleWebKit/537.36 (KHTML, like Gecko) Chrome/71.0.3578.98 Safari/537.36"
212.152.246.132 - - [17/Jan/2019:12:36:17 +0100] "GET /reload?ser=1547724975703 HTTP/1.1" 200 28 "http://renault.activities.at/" "Mozilla/5.0 (Windows NT 6.1; Trident/7.0; rv:11.0) like Gecko"
138.21.12.24 - - [17/Jan/2019:12:36:19 +0100] "GET /reload?ser=1547724979185 HTTP/1.1" 200 28 "http://renault.2web.at/result?searchterm=true&search=kleber" "Mozilla/5.0 (Windows NT 10.0; WOW64; Trident/7.0; Touch; rv:11.0) like Gecko"
80.123.225.36 - - [17/Jan/2019:12:36:26 +0100] "GET /reload?ser=1547724986012 HTTP/1.1" 200 28 "http://renault.activities.at/" "Mozilla/5.0 (Windows NT 10.0; WOW64; Trident/7.0; rv:11.0) like Gecko"
88.117.213.154 - - [17/Jan/2019:12:36:43 +0100] "GET /reload?ser=1547725003699 HTTP/1.1" 200 28 "http://renault.activities.at/10201633?cat=10260009" "Mozilla/5.0 (Windows NT 10.0; Win64; x64) AppleWebKit/537.36 (KHTML, like Gecko) Chrome/71.0.3578.98 Safari/537.36"
212.152.246.132 - - [17/Jan/2019:12:37:17 +0100] "GET /reload?ser=1547725036402 HTTP/1.1" 200 28 "http://renault.activities.at/" "Mozilla/5.0 (Windows NT 6.1; Trident/7.0; rv:11.0) like Gecko"
138.21.12.24 - - [17/Jan/2019:12:37:20 +0100] "GET /reload?ser=1547725040263 HTTP/1.1" 200 28 "http://renault.2web.at/result?searchterm=true&search=kleber" "Mozilla/5.0 (Windows NT 10.0; WOW64; Trident/7.0; Touch; rv:11.0) like Gecko"
80.123.225.36 - - [17/Jan/2019:12:37:27 +0100] "GET /reload?ser=1547725047045 HTTP/1.1" 200 28 "http://renault.activities.at/" "Mozilla/5.0 (Windows NT 10.0; WOW64; Trident/7.0; rv:11.0) like Gecko"
88.117.213.154 - - [17/Jan/2019:12:37:44 +0100] "GET /reload?ser=1547725064685 HTTP/1.1" 200 28 "http://renault.activities.at/10201633?cat=10260009" "Mozilla/5.0 (Windows NT 10.0; Win64; x64) AppleWebKit/537.36 (KHTML, like Gecko) Chrome/71.0.3578.98 Safari/537.36"
212.152.246.132 - - [17/Jan/2019:12:38:18 +0100] "GET /reload?ser=1547725097101 HTTP/1.1" 200 28 "http://renault.activities.at/" "Mozilla/5.0 (Windows NT 6.1; Trident/7.0; rv:11.0) like Gecko"
138.21.12.24 - - [17/Jan/2019:12:38:21 +0100] "GET /reload?ser=1547725101353 HTTP/1.1" 200 28 "http://renault.2web.at/result?searchterm=true&search=kleber" "Mozilla/5.0 (Windows NT 10.0; WOW64; Trident/7.0; Touch; rv:11.0) like Gecko"
80.123.225.36 - - [17/Jan/2019:12:38:28 +0100] "GET /reload?ser=1547725108020 HTTP/1.1" 200 28 "http://renault.activities.at/" "Mozilla/5.0 (Windows NT 10.0; WOW64; Trident/7.0; rv:11.0) like Gecko"
88.117.213.154 - - [17/Jan/2019:12:38:45 +0100] "GET /reload?ser=1547725125656 HTTP/1.1" 200 28 "http://renault.activities.at/10201633?cat=10260009" "Mozilla/5.0 (Windows NT 10.0; Win64; x64) AppleWebKit/537.36 (KHTML, like Gecko) Chrome/71.0.3578.98 Safari/537.36"
212.152.246.132 - - [17/Jan/2019:12:39:19 +0100] "GET /reload?ser=1547725157800 HTTP/1.1" 200 28 "http://renault.activities.at/" "Mozilla/5.0 (Windows NT 6.1; Trident/7.0; rv:11.0) like Gecko"
138.21.12.24 - - [17/Jan/2019:12:39:22 +0100] "GET /reload?ser=1547725162370 HTTP/1.1" 200 28 "http://renault.2web.at/result?searchterm=true&search=kleber" "Mozilla/5.0 (Windows NT 10.0; WOW64; Trident/7.0; Touch; rv:11.0) like Gecko"
80.123.225.36 - - [17/Jan/2019:12:39:29 +0100] "GET /reload?ser=1547725169006 HTTP/1.1" 200 28 "http://renault.activities.at/" "Mozilla/5.0 (Windows NT 10.0; WOW64; Trident/7.0; rv:11.0) like Gecko"
88.117.213.154 - - [17/Jan/2019:12:39:46 +0100] "GET /reload?ser=1547725186595 HTTP/1.1" 200 28 "http://renault.activities.at/10201633?cat=10260009" "Mozilla/5.0 (Windows NT 10.0; Win64; x64) AppleWebKit/537.36 (KHTML, like Gecko) Chrome/71.0.3578.98 Safari/537.36"
212.152.246.132 - - [17/Jan/2019:12:40:19 +0100] "GET /reload?ser=1547725218499 HTTP/1.1" 200 28 "http://renault.activities.at/" "Mozilla/5.0 (Windows NT 6.1; Trident/7.0; rv:11.0) like Gecko"
138.21.12.24 - - [17/Jan/2019:12:40:23 +0100] "GET /reload?ser=1547725223407 HTTP/1.1" 200 28 "http://renault.2web.at/result?searchterm=true&search=kleber" "Mozilla/5.0 (Windows NT 10.0; WOW64; Trident/7.0; Touch; rv:11.0) like Gecko"
80.123.225.36 - - [17/Jan/2019:12:40:30 +0100] "GET /reload?ser=1547725230002 HTTP/1.1" 200 28 "http://renault.activities.at/" "Mozilla/5.0 (Windows NT 10.0; WOW64; Trident/7.0; rv:11.0) like Gecko"
88.117.213.154 - - [17/Jan/2019:12:40:47 +0100] "GET /reload?ser=1547725247549 HTTP/1.1" 200 28 "http://renault.activities.at/10201633?cat=10260009" "Mozilla/5.0 (Windows NT 10.0; Win64; x64) AppleWebKit/537.36 (KHTML, like Gecko) Chrome/71.0.3578.98 Safari/537.36"
212.152.246.132 - - [17/Jan/2019:12:41:20 +0100] "GET /reload?ser=1547725279197 HTTP/1.1" 200 28 "http://renault.activities.at/" "Mozilla/5.0 (Windows NT 6.1; Trident/7.0; rv:11.0) like Gecko"
138.21.12.24 - - [17/Jan/2019:12:41:24 +0100] "GET /reload?ser=1547725284456 HTTP/1.1" 200 28 "http://renault.2web.at/result?searchterm=true&search=kleber" "Mozilla/5.0 (Windows NT 10.0; WOW64; Trident/7.0; Touch; rv:11.0) like Gecko"
80.123.225.36 - - [17/Jan/2019:12:41:31 +0100] "GET /reload?ser=1547725291022 HTTP/1.1" 200 28 "http://renault.activities.at/" "Mozilla/5.0 (Windows NT 10.0; WOW64; Trident/7.0; rv:11.0) like Gecko"
88.117.213.154 - - [17/Jan/2019:12:41:48 +0100] "GET /reload?ser=1547725308517 HTTP/1.1" 200 28 "http://renault.activities.at/10201633?cat=10260009" "Mozilla/5.0 (Windows NT 10.0; Win64; x64) AppleWebKit/537.36 (KHTML, like Gecko) Chrome/71.0.3578.98 Safari/537.36"
212.152.246.132 - - [17/Jan/2019:12:42:21 +0100] "GET /reload?ser=1547725339912 HTTP/1.1" 200 28 "http://renault.activities.at/" "Mozilla/5.0 (Windows NT 6.1; Trident/7.0; rv:11.0) like Gecko"
138.21.12.24 - - [17/Jan/2019:12:42:25 +0100] "GET /reload?ser=1547725345475 HTTP/1.1" 200 28 "http://renault.2web.at/result?searchterm=true&search=kleber" "Mozilla/5.0 (Windows NT 10.0; WOW64; Trident/7.0; Touch; rv:11.0) like Gecko"
80.123.225.36 - - [17/Jan/2019:12:42:32 +0100] "GET /reload?ser=1547725352011 HTTP/1.1" 200 28 "http://renault.activities.at/" "Mozilla/5.0 (Windows NT 10.0; WOW64; Trident/7.0; rv:11.0) like Gecko"
88.117.213.154 - - [17/Jan/2019:12:42:49 +0100] "GET /reload?ser=1547725369487 HTTP/1.1" 200 28 "http://renault.activities.at/10201633?cat=10260009" "Mozilla/5.0 (Windows NT 10.0; Win64; x64) AppleWebKit/537.36 (KHTML, like Gecko) Chrome/71.0.3578.98 Safari/537.36"
212.152.246.132 - - [17/Jan/2019:12:43:22 +0100] "GET /reload?ser=1547725400627 HTTP/1.1" 200 28 "http://renault.activities.at/" "Mozilla/5.0 (Windows NT 6.1; Trident/7.0; rv:11.0) like Gecko"
138.21.12.24 - - [17/Jan/2019:12:43:26 +0100] "GET /reload?ser=1547725406572 HTTP/1.1" 200 28 "http://renault.2web.at/result?searchterm=true&search=kleber" "Mozilla/5.0 (Windows NT 10.0; WOW64; Trident/7.0; Touch; rv:11.0) like Gecko"
80.123.225.36 - - [17/Jan/2019:12:43:33 +0100] "GET /reload?ser=1547725413056 HTTP/1.1" 200 28 "http://renault.activities.at/" "Mozilla/5.0 (Windows NT 10.0; WOW64; Trident/7.0; rv:11.0) like Gecko"
88.117.213.154 - - [17/Jan/2019:12:43:50 +0100] "GET /reload?ser=1547725430458 HTTP/1.1" 200 28 "http://renault.activities.at/10201633?cat=10260009" "Mozilla/5.0 (Windows NT 10.0; Win64; x64) AppleWebKit/537.36 (KHTML, like Gecko) Chrome/71.0.3578.98 Safari/537.36"
212.152.246.132 - - [17/Jan/2019:12:44:22 +0100] "GET /reload?ser=1547725461341 HTTP/1.1" 200 28 "http://renault.activities.at/" "Mozilla/5.0 (Windows NT 6.1; Trident/7.0; rv:11.0) like Gecko"
138.21.12.24 - - [17/Jan/2019:12:44:27 +0100] "GET /reload?ser=1547725467593 HTTP/1.1" 200 28 "http://renault.2web.at/result?searchterm=true&search=kleber" "Mozilla/5.0 (Windows NT 10.0; WOW64; Trident/7.0; Touch; rv:11.0) like Gecko"
80.123.225.36 - - [17/Jan/2019:12:44:34 +0100] "GET /reload?ser=1547725474022 HTTP/1.1" 200 28 "http://renault.activities.at/" "Mozilla/5.0 (Windows NT 10.0; WOW64; Trident/7.0; rv:11.0) like Gecko"
88.117.213.154 - - [17/Jan/2019:12:44:51 +0100] "GET /reload?ser=1547725491412 HTTP/1.1" 200 28 "http://renault.activities.at/10201633?cat=10260009" "Mozilla/5.0 (Windows NT 10.0; Win64; x64) AppleWebKit/537.36 (KHTML, like Gecko) Chrome/71.0.3578.98 Safari/537.36"
52.41.60.67 - - [17/Jan/2019:12:44:55 +0100] "GET / HTTP/1.1" 200 13935 "-" "Mozilla/4.0 (compatible; MSIE 8.0; Windows NT 5.1; Trident/4.0)"
193.8.143.36 - - [17/Jan/2019:12:45:01 +0100] "GET / HTTP/1.1" 200 3417 "-" "Mozilla/5.0 (Windows NT 6.3; Trident/7.0; rv:11.0) like Gecko"
193.8.143.36 - - [17/Jan/2019:12:45:03 +0100] "GET /js/default.js HTTP/1.1" 200 14698 "-" "Mozilla/5.0 (Windows NT 6.3; Trident/7.0; rv:11.0) like Gecko"
193.8.143.36 - - [17/Jan/2019:12:45:03 +0100] "GET /js/index.php?c=auto&f=,prototype/prototype.js,prototype/validation.js,scriptaculous/builder.js,scriptaculous/effects.js,scriptaculous/dragdrop.js,scriptaculous/controls.js,scriptaculous/slider.js,varien/js.js,varien/form.js,varien/menu.js,mage/translate.js,mage/cookies.js,varien/product.js,spinner/SpinnerControl.jsmin.js,prototype/window.js,prototype/window_ext.js HTTP/1.1" 200 94182 "-" "Mozilla/5.0 (Windows NT 6.3; Trident/7.0; rv:11.0) like Gecko"
193.8.143.36 - - [17/Jan/2019:12:45:04 +0100] "GET /js/flashdetection.js HTTP/1.1" 200 1059 "-" "Mozilla/5.0 (Windows NT 6.3; Trident/7.0; rv:11.0) like Gecko"
212.152.246.132 - - [17/Jan/2019:12:45:23 +0100] "GET /reload?ser=1547725522040 HTTP/1.1" 200 28 "http://renault.activities.at/" "Mozilla/5.0 (Windows NT 6.1; Trident/7.0; rv:11.0) like Gecko"
138.21.12.24 - - [17/Jan/2019:12:45:28 +0100] "GET /reload?ser=1547725528678 HTTP/1.1" 200 28 "http://renault.2web.at/result?searchterm=true&search=kleber" "Mozilla/5.0 (Windows NT 10.0; WOW64; Trident/7.0; Touch; rv:11.0) like Gecko"
66.249.64.141 - - [17/Jan/2019:12:45:31 +0100] "GET /css/print.css HTTP/1.1" 200 543 "http://renault.activities.at/" "Mozilla/5.0 AppleWebKit/537.36 (KHTML, like Gecko; compatible; Googlebot/2.1; +http://www.google.com/bot.html) Safari/537.36"
80.123.225.36 - - [17/Jan/2019:12:45:35 +0100] "GET /reload?ser=1547725535087 HTTP/1.1" 200 28 "http://renault.activities.at/" "Mozilla/5.0 (Windows NT 10.0; WOW64; Trident/7.0; rv:11.0) like Gecko"
66.249.64.139 - - [17/Jan/2019:12:45:43 +0100] "GET /images/favicon.ico HTTP/1.1" 404 305 "-" "Googlebot-Image/1.0"
66.249.64.139 - - [17/Jan/2019:12:45:43 +0100] "GET /favicon.ico HTTP/1.1" 200 3250 "-" "Googlebot-Image/1.0"
88.117.213.154 - - [17/Jan/2019:12:45:52 +0100] "GET /reload?ser=1547725552367 HTTP/1.1" 200 28 "http://renault.activities.at/10201633?cat=10260009" "Mozilla/5.0 (Windows NT 10.0; Win64; x64) AppleWebKit/537.36 (KHTML, like Gecko) Chrome/71.0.3578.98 Safari/537.36"
193.194.132.29 - - [17/Jan/2019:12:46:06 +0100] "GET /reload?ser=1547725563501 HTTP/1.1" 200 1246 "http://renault.activities.at/success" "Mozilla/5.0 (Windows NT 6.1; WOW64; Trident/7.0; rv:11.0) like Gecko"
212.152.246.132 - - [17/Jan/2019:12:46:24 +0100] "GET /reload?ser=1547725582739 HTTP/1.1" 200 28 "http://renault.activities.at/" "Mozilla/5.0 (Windows NT 6.1; Trident/7.0; rv:11.0) like Gecko"
34.220.98.147 - - [17/Jan/2019:12:46:25 +0100] "GET /js/index.php?c=auto&f=,prototype/prototype.js,prototype/validation.js,scriptaculous/builder.js,scriptaculous/effects.js,scriptaculous/dragdrop.js,scriptaculous/controls.js,scriptaculous/slider.js,varien/js.js,varien/form.js,varien/menu.js,mage/translate.js,mage/cookies.js,varien/product.js,spinner/SpinnerControl.jsmin.js,prototype/window.js,prototype/window_ext.js HTTP/1.1" 200 398646 "-" "Mozilla/4.0 (compatible; MSIE 8.0; Windows NT 5.1; Trident/4.0)"
138.21.12.24 - - [17/Jan/2019:12:46:29 +0100] "GET /reload?ser=1547725589737 HTTP/1.1" 200 28 "http://renault.2web.at/result?searchterm=true&search=kleber" "Mozilla/5.0 (Windows NT 10.0; WOW64; Trident/7.0; Touch; rv:11.0) like Gecko"
80.123.225.36 - - [17/Jan/2019:12:46:36 +0100] "GET /reload?ser=1547725596050 HTTP/1.1" 200 28 "http://renault.activities.at/" "Mozilla/5.0 (Windows NT 10.0; WOW64; Trident/7.0; rv:11.0) like Gecko"
34.220.98.147 - - [17/Jan/2019:12:46:40 +0100] "GET /js/flashdetection.js HTTP/1.1" 200 2841 "-" "Mozilla/4.0 (compatible; MSIE 8.0; Windows NT 5.1; Trident/4.0)"
34.220.151.96 - - [17/Jan/2019:12:46:47 +0100] "GET /js/default.js HTTP/1.1" 200 82829 "-" "Mozilla/4.0 (compatible; MSIE 8.0; Windows NT 5.1; Trident/4.0)"
88.117.213.154 - - [17/Jan/2019:12:46:53 +0100] "GET /reload?ser=1547725613305 HTTP/1.1" 200 28 "http://renault.activities.at/10201633?cat=10260009" "Mozilla/5.0 (Windows NT 10.0; Win64; x64) AppleWebKit/537.36 (KHTML, like Gecko) Chrome/71.0.3578.98 Safari/537.36"
212.152.246.132 - - [17/Jan/2019:12:47:24 +0100] "GET /reload?ser=1547725643438 HTTP/1.1" 200 28 "http://renault.activities.at/" "Mozilla/5.0 (Windows NT 6.1; Trident/7.0; rv:11.0) like Gecko"
138.21.12.24 - - [17/Jan/2019:12:47:30 +0100] "GET /reload?ser=1547725650794 HTTP/1.1" 200 28 "http://renault.2web.at/result?searchterm=true&search=kleber" "Mozilla/5.0 (Windows NT 10.0; WOW64; Trident/7.0; Touch; rv:11.0) like Gecko"
80.123.225.36 - - [17/Jan/2019:12:47:37 +0100] "GET /reload?ser=1547725657089 HTTP/1.1" 200 28 "http://renault.activities.at/" "Mozilla/5.0 (Windows NT 10.0; WOW64; Trident/7.0; rv:11.0) like Gecko"
88.117.213.154 - - [17/Jan/2019:12:47:54 +0100] "GET /reload?ser=1547725674254 HTTP/1.1" 200 28 "http://renault.activities.at/10201633?cat=10260009" "Mozilla/5.0 (Windows NT 10.0; Win64; x64) AppleWebKit/537.36 (KHTML, like Gecko) Chrome/71.0.3578.98 Safari/537.36"
212.152.246.132 - - [17/Jan/2019:12:48:25 +0100] "GET /reload?ser=1547725704137 HTTP/1.1" 200 28 "http://renault.activities.at/" "Mozilla/5.0 (Windows NT 6.1; Trident/7.0; rv:11.0) like Gecko"
138.21.12.24 - - [17/Jan/2019:12:48:31 +0100] "GET /reload?ser=1547725711845 HTTP/1.1" 200 28 "http://renault.2web.at/result?searchterm=true&search=kleber" "Mozilla/5.0 (Windows NT 10.0; WOW64; Trident/7.0; Touch; rv:11.0) like Gecko"
80.123.225.36 - - [17/Jan/2019:12:48:38 +0100] "GET /reload?ser=1547725718097 HTTP/1.1" 200 28 "http://renault.activities.at/" "Mozilla/5.0 (Windows NT 10.0; WOW64; Trident/7.0; rv:11.0) like Gecko"
88.117.213.154 - - [17/Jan/2019:12:48:55 +0100] "GET /reload?ser=1547725735188 HTTP/1.1" 200 28 "http://renault.activities.at/10201633?cat=10260009" "Mozilla/5.0 (Windows NT 10.0; Win64; x64) AppleWebKit/537.36 (KHTML, like Gecko) Chrome/71.0.3578.98 Safari/537.36"
212.152.246.132 - - [17/Jan/2019:12:49:26 +0100] "GET /reload?ser=1547725764835 HTTP/1.1" 200 28 "http://renault.activities.at/" "Mozilla/5.0 (Windows NT 6.1; Trident/7.0; rv:11.0) like Gecko"
138.21.12.24 - - [17/Jan/2019:12:49:33 +0100] "GET /reload?ser=1547725772873 HTTP/1.1" 200 28 "http://renault.2web.at/result?searchterm=true&search=kleber" "Mozilla/5.0 (Windows NT 10.0; WOW64; Trident/7.0; Touch; rv:11.0) like Gecko"
80.123.225.36 - - [17/Jan/2019:12:49:39 +0100] "GET /reload?ser=1547725779226 HTTP/1.1" 200 28 "http://renault.activities.at/" "Mozilla/5.0 (Windows NT 10.0; WOW64; Trident/7.0; rv:11.0) like Gecko"
88.117.213.154 - - [17/Jan/2019:12:49:56 +0100] "GET /reload?ser=1547725796181 HTTP/1.1" 200 28 "http://renault.activities.at/10201633?cat=10260009" "Mozilla/5.0 (Windows NT 10.0; Win64; x64) AppleWebKit/537.36 (KHTML, like Gecko) Chrome/71.0.3578.98 Safari/537.36"
212.152.246.132 - - [17/Jan/2019:12:50:27 +0100] "GET /reload?ser=1547725825550 HTTP/1.1" 200 28 "http://renault.activities.at/" "Mozilla/5.0 (Windows NT 6.1; Trident/7.0; rv:11.0) like Gecko"
138.21.12.24 - - [17/Jan/2019:12:50:34 +0100] "GET /reload?ser=1547725833946 HTTP/1.1" 200 28 "http://renault.2web.at/result?searchterm=true&search=kleber" "Mozilla/5.0 (Windows NT 10.0; WOW64; Trident/7.0; Touch; rv:11.0) like Gecko"
80.123.225.36 - - [17/Jan/2019:12:50:40 +0100] "GET /reload?ser=1547725840383 HTTP/1.1" 200 28 "http://renault.activities.at/" "Mozilla/5.0 (Windows NT 10.0; WOW64; Trident/7.0; rv:11.0) like Gecko"
88.117.213.154 - - [17/Jan/2019:12:50:57 +0100] "GET /reload?ser=1547725857141 HTTP/1.1" 200 28 "http://renault.activities.at/10201633?cat=10260009" "Mozilla/5.0 (Windows NT 10.0; Win64; x64) AppleWebKit/537.36 (KHTML, like Gecko) Chrome/71.0.3578.98 Safari/537.36"
212.152.246.132 - - [17/Jan/2019:12:51:27 +0100] "GET /reload?ser=1547725886249 HTTP/1.1" 200 28 "http://renault.activities.at/" "Mozilla/5.0 (Windows NT 6.1; Trident/7.0; rv:11.0) like Gecko"
138.21.12.24 - - [17/Jan/2019:12:51:35 +0100] "GET /reload?ser=1547725894981 HTTP/1.1" 200 28 "http://renault.2web.at/result?searchterm=true&search=kleber" "Mozilla/5.0 (Windows NT 10.0; WOW64; Trident/7.0; Touch; rv:11.0) like Gecko"
80.123.225.36 - - [17/Jan/2019:12:51:41 +0100] "GET /reload?ser=1547725901379 HTTP/1.1" 200 28 "http://renault.activities.at/" "Mozilla/5.0 (Windows NT 10.0; WOW64; Trident/7.0; rv:11.0) like Gecko"
88.117.213.154 - - [17/Jan/2019:12:51:58 +0100] "GET /reload?ser=1547725918086 HTTP/1.1" 200 28 "http://renault.activities.at/10201633?cat=10260009" "Mozilla/5.0 (Windows NT 10.0; Win64; x64) AppleWebKit/537.36 (KHTML, like Gecko) Chrome/71.0.3578.98 Safari/537.36"
212.152.246.132 - - [17/Jan/2019:12:52:28 +0100] "GET /reload?ser=1547725946948 HTTP/1.1" 200 28 "http://renault.activities.at/" "Mozilla/5.0 (Windows NT 6.1; Trident/7.0; rv:11.0) like Gecko"
138.21.12.24 - - [17/Jan/2019:12:52:36 +0100] "GET /reload?ser=1547725955990 HTTP/1.1" 200 28 "http://renault.2web.at/result?searchterm=true&search=kleber" "Mozilla/5.0 (Windows NT 10.0; WOW64; Trident/7.0; Touch; rv:11.0) like Gecko"
80.123.225.36 - - [17/Jan/2019:12:52:42 +0100] "GET /reload?ser=1547725962347 HTTP/1.1" 200 28 "http://renault.activities.at/" "Mozilla/5.0 (Windows NT 10.0; WOW64; Trident/7.0; rv:11.0) like Gecko"
88.117.213.154 - - [17/Jan/2019:12:52:59 +0100] "GET /reload?ser=1547725979074 HTTP/1.1" 200 28 "http://renault.activities.at/10201633?cat=10260009" "Mozilla/5.0 (Windows NT 10.0; Win64; x64) AppleWebKit/537.36 (KHTML, like Gecko) Chrome/71.0.3578.98 Safari/537.36"
212.152.246.132 - - [17/Jan/2019:12:53:29 +0100] "GET /reload?ser=1547726007662 HTTP/1.1" 200 28 "http://renault.activities.at/" "Mozilla/5.0 (Windows NT 6.1; Trident/7.0; rv:11.0) like Gecko"
138.21.12.24 - - [17/Jan/2019:12:53:37 +0100] "GET /reload?ser=1547726017055 HTTP/1.1" 200 28 "http://renault.2web.at/result?searchterm=true&search=kleber" "Mozilla/5.0 (Windows NT 10.0; WOW64; Trident/7.0; Touch; rv:11.0) like Gecko"
80.123.225.36 - - [17/Jan/2019:12:53:43 +0100] "GET /reload?ser=1547726023364 HTTP/1.1" 200 28 "http://renault.activities.at/" "Mozilla/5.0 (Windows NT 10.0; WOW64; Trident/7.0; rv:11.0) like Gecko"
88.117.213.154 - - [17/Jan/2019:12:54:00 +0100] "GET /reload?ser=1547726040005 HTTP/1.1" 200 28 "http://renault.activities.at/10201633?cat=10260009" "Mozilla/5.0 (Windows NT 10.0; Win64; x64) AppleWebKit/537.36 (KHTML, like Gecko) Chrome/71.0.3578.98 Safari/537.36"
212.152.246.132 - - [17/Jan/2019:12:54:29 +0100] "GET /reload?ser=1547726068362 HTTP/1.1" 200 28 "http://renault.activities.at/" "Mozilla/5.0 (Windows NT 6.1; Trident/7.0; rv:11.0) like Gecko"
138.21.12.24 - - [17/Jan/2019:12:54:38 +0100] "GET /reload?ser=1547726078131 HTTP/1.1" 200 28 "http://renault.2web.at/result?searchterm=true&search=kleber" "Mozilla/5.0 (Windows NT 10.0; WOW64; Trident/7.0; Touch; rv:11.0) like Gecko"
80.123.225.36 - - [17/Jan/2019:12:54:44 +0100] "GET /reload?ser=1547726084381 HTTP/1.1" 200 28 "http://renault.activities.at/" "Mozilla/5.0 (Windows NT 10.0; WOW64; Trident/7.0; rv:11.0) like Gecko"
88.117.213.154 - - [17/Jan/2019:12:55:01 +0100] "GET /reload?ser=1547726100990 HTTP/1.1" 200 28 "http://renault.activities.at/10201633?cat=10260009" "Mozilla/5.0 (Windows NT 10.0; Win64; x64) AppleWebKit/537.36 (KHTML, like Gecko) Chrome/71.0.3578.98 Safari/537.36"
212.152.246.132 - - [17/Jan/2019:12:55:30 +0100] "GET /reload?ser=1547726129060 HTTP/1.1" 200 28 "http://renault.activities.at/" "Mozilla/5.0 (Windows NT 6.1; Trident/7.0; rv:11.0) like Gecko"
138.21.12.24 - - [17/Jan/2019:12:55:39 +0100] "GET /reload?ser=1547726139207 HTTP/1.1" 200 28 "http://renault.2web.at/result?searchterm=true&search=kleber" "Mozilla/5.0 (Windows NT 10.0; WOW64; Trident/7.0; Touch; rv:11.0) like Gecko"
80.123.225.36 - - [17/Jan/2019:12:55:45 +0100] "GET /reload?ser=1547726145395 HTTP/1.1" 200 28 "http://renault.activities.at/" "Mozilla/5.0 (Windows NT 10.0; WOW64; Trident/7.0; rv:11.0) like Gecko"
88.117.213.154 - - [17/Jan/2019:12:56:02 +0100] "GET /reload?ser=1547726161976 HTTP/1.1" 200 28 "http://renault.activities.at/10201633?cat=10260009" "Mozilla/5.0 (Windows NT 10.0; Win64; x64) AppleWebKit/537.36 (KHTML, like Gecko) Chrome/71.0.3578.98 Safari/537.36"
212.152.246.132 - - [17/Jan/2019:12:56:31 +0100] "GET /reload?ser=1547726189759 HTTP/1.1" 200 28 "http://renault.activities.at/" "Mozilla/5.0 (Windows NT 6.1; Trident/7.0; rv:11.0) like Gecko"
138.21.12.24 - - [17/Jan/2019:12:56:40 +0100] "GET /reload?ser=1547726200215 HTTP/1.1" 200 28 "http://renault.2web.at/result?searchterm=true&search=kleber" "Mozilla/5.0 (Windows NT 10.0; WOW64; Trident/7.0; Touch; rv:11.0) like Gecko"
80.123.225.36 - - [17/Jan/2019:12:56:46 +0100] "GET /reload?ser=1547726206365 HTTP/1.1" 200 28 "http://renault.activities.at/" "Mozilla/5.0 (Windows NT 10.0; WOW64; Trident/7.0; rv:11.0) like Gecko"
88.117.213.154 - - [17/Jan/2019:12:57:02 +0100] "GET /reload?ser=1547726222931 HTTP/1.1" 200 28 "http://renault.activities.at/10201633?cat=10260009" "Mozilla/5.0 (Windows NT 10.0; Win64; x64) AppleWebKit/537.36 (KHTML, like Gecko) Chrome/71.0.3578.98 Safari/537.36"
212.152.246.132 - - [17/Jan/2019:12:57:31 +0100] "GET /reload?ser=1547726250458 HTTP/1.1" 200 28 "http://renault.activities.at/" "Mozilla/5.0 (Windows NT 6.1; Trident/7.0; rv:11.0) like Gecko"
138.21.12.24 - - [17/Jan/2019:12:57:41 +0100] "GET /reload?ser=1547726261275 HTTP/1.1" 200 28 "http://renault.2web.at/result?searchterm=true&search=kleber" "Mozilla/5.0 (Windows NT 10.0; WOW64; Trident/7.0; Touch; rv:11.0) like Gecko"
80.123.225.36 - - [17/Jan/2019:12:57:47 +0100] "GET /reload?ser=1547726267379 HTTP/1.1" 200 28 "http://renault.activities.at/" "Mozilla/5.0 (Windows NT 10.0; WOW64; Trident/7.0; rv:11.0) like Gecko"
88.117.213.154 - - [17/Jan/2019:12:58:03 +0100] "GET /reload?ser=1547726283885 HTTP/1.1" 200 28 "http://renault.activities.at/10201633?cat=10260009" "Mozilla/5.0 (Windows NT 10.0; Win64; x64) AppleWebKit/537.36 (KHTML, like Gecko) Chrome/71.0.3578.98 Safari/537.36"
212.152.246.132 - - [17/Jan/2019:12:58:32 +0100] "GET /reload?ser=1547726311157 HTTP/1.1" 200 28 "http://renault.activities.at/" "Mozilla/5.0 (Windows NT 6.1; Trident/7.0; rv:11.0) like Gecko"
138.21.12.24 - - [17/Jan/2019:12:58:42 +0100] "GET /reload?ser=1547726322290 HTTP/1.1" 200 28 "http://renault.2web.at/result?searchterm=true&search=kleber" "Mozilla/5.0 (Windows NT 10.0; WOW64; Trident/7.0; Touch; rv:11.0) like Gecko"
80.123.225.36 - - [17/Jan/2019:12:58:48 +0100] "GET /reload?ser=1547726328383 HTTP/1.1" 200 28 "http://renault.activities.at/" "Mozilla/5.0 (Windows NT 10.0; WOW64; Trident/7.0; rv:11.0) like Gecko"
88.117.213.154 - - [17/Jan/2019:12:59:04 +0100] "GET /reload?ser=1547726344824 HTTP/1.1" 200 28 "http://renault.activities.at/10201633?cat=10260009" "Mozilla/5.0 (Windows NT 10.0; Win64; x64) AppleWebKit/537.36 (KHTML, like Gecko) Chrome/71.0.3578.98 Safari/537.36"
212.152.246.132 - - [17/Jan/2019:12:59:33 +0100] "GET /reload?ser=1547726371856 HTTP/1.1" 200 28 "http://renault.activities.at/" "Mozilla/5.0 (Windows NT 6.1; Trident/7.0; rv:11.0) like Gecko"
138.21.12.24 - - [17/Jan/2019:12:59:43 +0100] "GET /reload?ser=1547726383362 HTTP/1.1" 200 28 "http://renault.2web.at/result?searchterm=true&search=kleber" "Mozilla/5.0 (Windows NT 10.0; WOW64; Trident/7.0; Touch; rv:11.0) like Gecko"
88.117.213.154 - - [17/Jan/2019:13:00:05 +0100] "GET /reload?ser=1547726405793 HTTP/1.1" 200 28 "http://renault.activities.at/10201633?cat=10260009" "Mozilla/5.0 (Windows NT 10.0; Win64; x64) AppleWebKit/537.36 (KHTML, like Gecko) Chrome/71.0.3578.98 Safari/537.36"
212.152.246.132 - - [17/Jan/2019:13:00:34 +0100] "GET /reload?ser=1547726432555 HTTP/1.1" 200 28 "http://renault.activities.at/" "Mozilla/5.0 (Windows NT 6.1; Trident/7.0; rv:11.0) like Gecko"
138.21.12.24 - - [17/Jan/2019:13:00:44 +0100] "GET /reload?ser=1547726444431 HTTP/1.1" 200 28 "http://renault.2web.at/result?searchterm=true&search=kleber" "Mozilla/5.0 (Windows NT 10.0; WOW64; Trident/7.0; Touch; rv:11.0) like Gecko"
88.117.213.154 - - [17/Jan/2019:13:01:06 +0100] "GET /reload?ser=1547726466795 HTTP/1.1" 200 28 "http://renault.activities.at/10201633?cat=10260009" "Mozilla/5.0 (Windows NT 10.0; Win64; x64) AppleWebKit/537.36 (KHTML, like Gecko) Chrome/71.0.3578.98 Safari/537.36"
212.152.246.132 - - [17/Jan/2019:13:01:34 +0100] "GET /reload?ser=1547726493253 HTTP/1.1" 200 28 "http://renault.activities.at/" "Mozilla/5.0 (Windows NT 6.1; Trident/7.0; rv:11.0) like Gecko"
138.21.12.24 - - [17/Jan/2019:13:01:45 +0100] "GET /reload?ser=1547726505489 HTTP/1.1" 200 28 "http://renault.2web.at/result?searchterm=true&search=kleber" "Mozilla/5.0 (Windows NT 10.0; WOW64; Trident/7.0; Touch; rv:11.0) like Gecko"
88.117.213.154 - - [17/Jan/2019:13:02:07 +0100] "GET /reload?ser=1547726527749 HTTP/1.1" 200 28 "http://renault.activities.at/10201633?cat=10260009" "Mozilla/5.0 (Windows NT 10.0; Win64; x64) AppleWebKit/537.36 (KHTML, like Gecko) Chrome/71.0.3578.98 Safari/537.36"
212.152.246.132 - - [17/Jan/2019:13:02:35 +0100] "GET /reload?ser=1547726553952 HTTP/1.1" 200 28 "http://renault.activities.at/" "Mozilla/5.0 (Windows NT 6.1; Trident/7.0; rv:11.0) like Gecko"
138.21.12.24 - - [17/Jan/2019:13:02:46 +0100] "GET /reload?ser=1547726566544 HTTP/1.1" 200 28 "http://renault.2web.at/result?searchterm=true&search=kleber" "Mozilla/5.0 (Windows NT 10.0; WOW64; Trident/7.0; Touch; rv:11.0) like Gecko"
88.117.213.154 - - [17/Jan/2019:13:03:08 +0100] "GET /reload?ser=1547726588735 HTTP/1.1" 200 28 "http://renault.activities.at/10201633?cat=10260009" "Mozilla/5.0 (Windows NT 10.0; Win64; x64) AppleWebKit/537.36 (KHTML, like Gecko) Chrome/71.0.3578.98 Safari/537.36"
212.152.246.132 - - [17/Jan/2019:13:03:36 +0100] "GET /reload?ser=1547726614652 HTTP/1.1" 200 28 "http://renault.activities.at/" "Mozilla/5.0 (Windows NT 6.1; Trident/7.0; rv:11.0) like Gecko"
138.21.12.24 - - [17/Jan/2019:13:03:47 +0100] "GET /reload?ser=1547726627599 HTTP/1.1" 200 28 "http://renault.2web.at/result?searchterm=true&search=kleber" "Mozilla/5.0 (Windows NT 10.0; WOW64; Trident/7.0; Touch; rv:11.0) like Gecko"
88.117.213.154 - - [17/Jan/2019:13:04:09 +0100] "GET /reload?ser=1547726649721 HTTP/1.1" 200 28 "http://renault.activities.at/10201633?cat=10260009" "Mozilla/5.0 (Windows NT 10.0; Win64; x64) AppleWebKit/537.36 (KHTML, like Gecko) Chrome/71.0.3578.98 Safari/537.36"
212.152.246.132 - - [17/Jan/2019:13:04:36 +0100] "GET /reload?ser=1547726675351 HTTP/1.1" 200 28 "http://renault.activities.at/" "Mozilla/5.0 (Windows NT 6.1; Trident/7.0; rv:11.0) like Gecko"
138.21.12.24 - - [17/Jan/2019:13:04:48 +0100] "GET /reload?ser=1547726688656 HTTP/1.1" 200 28 "http://renault.2web.at/result?searchterm=true&search=kleber" "Mozilla/5.0 (Windows NT 10.0; WOW64; Trident/7.0; Touch; rv:11.0) like Gecko"
88.117.213.154 - - [17/Jan/2019:13:05:10 +0100] "GET /reload?ser=1547726710691 HTTP/1.1" 200 28 "http://renault.activities.at/10201633?cat=10260009" "Mozilla/5.0 (Windows NT 10.0; Win64; x64) AppleWebKit/537.36 (KHTML, like Gecko) Chrome/71.0.3578.98 Safari/537.36"
212.152.246.132 - - [17/Jan/2019:13:05:37 +0100] "GET /reload?ser=1547726736050 HTTP/1.1" 200 28 "http://renault.activities.at/" "Mozilla/5.0 (Windows NT 6.1; Trident/7.0; rv:11.0) like Gecko"
138.21.12.24 - - [17/Jan/2019:13:05:49 +0100] "GET /reload?ser=1547726749687 HTTP/1.1" 200 28 "http://renault.2web.at/result?searchterm=true&search=kleber" "Mozilla/5.0 (Windows NT 10.0; WOW64; Trident/7.0; Touch; rv:11.0) like Gecko"
88.117.213.154 - - [17/Jan/2019:13:06:11 +0100] "GET /reload?ser=1547726771708 HTTP/1.1" 200 28 "http://renault.activities.at/10201633?cat=10260009" "Mozilla/5.0 (Windows NT 10.0; Win64; x64) AppleWebKit/537.36 (KHTML, like Gecko) Chrome/71.0.3578.98 Safari/537.36"
212.152.246.132 - - [17/Jan/2019:13:06:38 +0100] "GET /reload?ser=1547726796749 HTTP/1.1" 200 28 "http://renault.activities.at/" "Mozilla/5.0 (Windows NT 6.1; Trident/7.0; rv:11.0) like Gecko"
138.21.12.24 - - [17/Jan/2019:13:06:50 +0100] "GET /reload?ser=1547726810730 HTTP/1.1" 200 28 "http://renault.2web.at/result?searchterm=true&search=kleber" "Mozilla/5.0 (Windows NT 10.0; WOW64; Trident/7.0; Touch; rv:11.0) like Gecko"
88.117.213.154 - - [17/Jan/2019:13:07:12 +0100] "GET /reload?ser=1547726832694 HTTP/1.1" 200 28 "http://renault.activities.at/10201633?cat=10260009" "Mozilla/5.0 (Windows NT 10.0; Win64; x64) AppleWebKit/537.36 (KHTML, like Gecko) Chrome/71.0.3578.98 Safari/537.36"
212.152.246.132 - - [17/Jan/2019:13:07:38 +0100] "GET /reload?ser=1547726857489 HTTP/1.1" 200 28 "http://renault.activities.at/" "Mozilla/5.0 (Windows NT 6.1; Trident/7.0; rv:11.0) like Gecko"
138.21.12.24 - - [17/Jan/2019:13:07:51 +0100] "GET /reload?ser=1547726871848 HTTP/1.1" 200 28 "http://renault.2web.at/result?searchterm=true&search=kleber" "Mozilla/5.0 (Windows NT 10.0; WOW64; Trident/7.0; Touch; rv:11.0) like Gecko"
88.117.213.154 - - [17/Jan/2019:13:08:13 +0100] "GET /reload?ser=1547726893710 HTTP/1.1" 200 28 "http://renault.activities.at/10201633?cat=10260009" "Mozilla/5.0 (Windows NT 10.0; Win64; x64) AppleWebKit/537.36 (KHTML, like Gecko) Chrome/71.0.3578.98 Safari/537.36"
212.152.246.132 - - [17/Jan/2019:13:08:39 +0100] "GET /reload?ser=1547726918195 HTTP/1.1" 200 28 "http://renault.activities.at/" "Mozilla/5.0 (Windows NT 6.1; Trident/7.0; rv:11.0) like Gecko"
138.21.12.24 - - [17/Jan/2019:13:08:52 +0100] "GET /reload?ser=1547726932864 HTTP/1.1" 200 28 "http://renault.2web.at/result?searchterm=true&search=kleber" "Mozilla/5.0 (Windows NT 10.0; WOW64; Trident/7.0; Touch; rv:11.0) like Gecko"
178.165.129.36 - - [17/Jan/2019:13:08:53 +0100] "GET /account HTTP/1.1" 302 150 "-" "Mozilla/5.0 (iPhone; CPU iPhone OS 12_1_2 like Mac OS X) AppleWebKit/605.1.15 (KHTML, like Gecko) Version/12.0 Mobile/15E148 Safari/604.1"
178.165.129.36 - - [17/Jan/2019:13:08:54 +0100] "GET /login?required=true HTTP/1.1" 200 2086 "-" "Mozilla/5.0 (iPhone; CPU iPhone OS 12_1_2 like Mac OS X) AppleWebKit/605.1.15 (KHTML, like Gecko) Version/12.0 Mobile/15E148 Safari/604.1"
178.165.129.36 - - [17/Jan/2019:13:08:55 +0100] "GET /apple-touch-icon-120x120-precomposed.png HTTP/1.1" 200 1559 "-" "MobileSafari/604.1 CFNetwork/976 Darwin/18.2.0"
178.165.129.36 - - [17/Jan/2019:13:08:56 +0100] "GET /apple-touch-icon-120x120.png HTTP/1.1" 200 1559 "-" "MobileSafari/604.1 CFNetwork/976 Darwin/18.2.0"
178.165.129.36 - - [17/Jan/2019:13:08:57 +0100] "GET /apple-touch-icon-precomposed.png HTTP/1.1" 200 1559 "-" "MobileSafari/604.1 CFNetwork/976 Darwin/18.2.0"
178.165.129.36 - - [17/Jan/2019:13:08:58 +0100] "GET /apple-touch-icon.png HTTP/1.1" 200 1559 "-" "MobileSafari/604.1 CFNetwork/976 Darwin/18.2.0"
178.165.129.36 - - [17/Jan/2019:13:08:59 +0100] "GET /images/favicon.ico HTTP/1.1" 404 305 "-" "MobileSafari/604.1 CFNetwork/976 Darwin/18.2.0"
178.165.129.36 - - [17/Jan/2019:13:08:59 +0100] "GET /images/favicon.ico HTTP/1.1" 404 305 "-" "MobileSafari/604.1 CFNetwork/976 Darwin/18.2.0"
178.165.129.36 - - [17/Jan/2019:13:08:59 +0100] "GET /favicon.ico HTTP/1.1" 200 3250 "-" "MobileSafari/604.1 CFNetwork/976 Darwin/18.2.0"
178.165.129.36 - - [17/Jan/2019:13:08:59 +0100] "GET /apple-touch-icon-120x120-precomposed.png HTTP/1.1" 200 1559 "-" "MobileSafari/604.1 CFNetwork/976 Darwin/18.2.0"
178.165.129.36 - - [17/Jan/2019:13:09:00 +0100] "GET /apple-touch-icon-120x120.png HTTP/1.1" 200 1559 "-" "MobileSafari/604.1 CFNetwork/976 Darwin/18.2.0"
178.165.129.36 - - [17/Jan/2019:13:09:01 +0100] "GET /apple-touch-icon-precomposed.png HTTP/1.1" 200 1559 "-" "MobileSafari/604.1 CFNetwork/976 Darwin/18.2.0"
178.165.129.36 - - [17/Jan/2019:13:09:03 +0100] "GET /apple-touch-icon.png HTTP/1.1" 200 1559 "-" "MobileSafari/604.1 CFNetwork/976 Darwin/18.2.0"
178.165.129.36 - - [17/Jan/2019:13:09:04 +0100] "GET /images/favicon.ico HTTP/1.1" 404 305 "-" "MobileSafari/604.1 CFNetwork/976 Darwin/18.2.0"
178.165.129.36 - - [17/Jan/2019:13:09:04 +0100] "GET /images/favicon.ico HTTP/1.1" 404 305 "-" "MobileSafari/604.1 CFNetwork/976 Darwin/18.2.0"
178.165.129.36 - - [17/Jan/2019:13:09:04 +0100] "GET /favicon.ico HTTP/1.1" 200 3250 "-" "MobileSafari/604.1 CFNetwork/976 Darwin/18.2.0"
88.117.213.154 - - [17/Jan/2019:13:09:14 +0100] "GET /reload?ser=1547726954690 HTTP/1.1" 200 28 "http://renault.activities.at/10201633?cat=10260009" "Mozilla/5.0 (Windows NT 10.0; Win64; x64) AppleWebKit/537.36 (KHTML, like Gecko) Chrome/71.0.3578.98 Safari/537.36"
212.152.246.132 - - [17/Jan/2019:13:09:40 +0100] "GET /reload?ser=1547726978894 HTTP/1.1" 200 28 "http://renault.activities.at/" "Mozilla/5.0 (Windows NT 6.1; Trident/7.0; rv:11.0) like Gecko"
138.21.12.24 - - [17/Jan/2019:13:09:54 +0100] "GET /reload?ser=1547726993911 HTTP/1.1" 200 28 "http://renault.2web.at/result?searchterm=true&search=kleber" "Mozilla/5.0 (Windows NT 10.0; WOW64; Trident/7.0; Touch; rv:11.0) like Gecko"
88.117.213.154 - - [17/Jan/2019:13:10:15 +0100] "GET /reload?ser=1547727015623 HTTP/1.1" 200 28 "http://renault.activities.at/10201633?cat=10260009" "Mozilla/5.0 (Windows NT 10.0; Win64; x64) AppleWebKit/537.36 (KHTML, like Gecko) Chrome/71.0.3578.98 Safari/537.36"
212.152.246.132 - - [17/Jan/2019:13:10:41 +0100] "GET /reload?ser=1547727039592 HTTP/1.1" 200 28 "http://renault.activities.at/" "Mozilla/5.0 (Windows NT 6.1; Trident/7.0; rv:11.0) like Gecko"
138.21.12.24 - - [17/Jan/2019:13:10:55 +0100] "GET /reload?ser=1547727054920 HTTP/1.1" 200 28 "http://renault.2web.at/result?searchterm=true&search=kleber" "Mozilla/5.0 (Windows NT 10.0; WOW64; Trident/7.0; Touch; rv:11.0) like Gecko"
50.19.154.226 - - [17/Jan/2019:13:11:02 +0100] "GET / HTTP/1.1" 200 13935 "-" "Mozilla/5.0 (Windows NT 6.1) AppleWebKit/537.2 (KHTML, like Gecko) Chrome/22.0.1216.0 Safari/537.2"
50.19.154.226 - - [17/Jan/2019:13:11:02 +0100] "GET / HTTP/1.1" 200 13935 "-" "Mozilla/5.0 (Windows NT 6.1) AppleWebKit/537.2 (KHTML, like Gecko) Chrome/22.0.1216.0 Safari/537.2"
88.117.213.154 - - [17/Jan/2019:13:11:16 +0100] "GET /reload?ser=1547727076623 HTTP/1.1" 200 28 "http://renault.activities.at/10201633?cat=10260009" "Mozilla/5.0 (Windows NT 10.0; Win64; x64) AppleWebKit/537.36 (KHTML, like Gecko) Chrome/71.0.3578.98 Safari/537.36"
212.152.246.132 - - [17/Jan/2019:13:11:41 +0100] "GET /reload?ser=1547727100292 HTTP/1.1" 200 28 "http://renault.activities.at/" "Mozilla/5.0 (Windows NT 6.1; Trident/7.0; rv:11.0) like Gecko"
138.21.12.24 - - [17/Jan/2019:13:11:56 +0100] "GET /reload?ser=1547727115998 HTTP/1.1" 200 28 "http://renault.2web.at/result?searchterm=true&search=kleber" "Mozilla/5.0 (Windows NT 10.0; WOW64; Trident/7.0; Touch; rv:11.0) like Gecko"
88.117.213.154 - - [17/Jan/2019:13:12:17 +0100] "GET /reload?ser=1547727137547 HTTP/1.1" 200 28 "http://renault.activities.at/10201633?cat=10260009" "Mozilla/5.0 (Windows NT 10.0; Win64; x64) AppleWebKit/537.36 (KHTML, like Gecko) Chrome/71.0.3578.98 Safari/537.36"
212.152.246.132 - - [17/Jan/2019:13:12:42 +0100] "GET /reload?ser=1547727160990 HTTP/1.1" 200 28 "http://renault.activities.at/" "Mozilla/5.0 (Windows NT 6.1; Trident/7.0; rv:11.0) like Gecko"
138.21.12.24 - - [17/Jan/2019:13:12:57 +0100] "GET /reload?ser=1547727177038 HTTP/1.1" 200 28 "http://renault.2web.at/result?searchterm=true&search=kleber" "Mozilla/5.0 (Windows NT 10.0; WOW64; Trident/7.0; Touch; rv:11.0) like Gecko"
88.117.213.154 - - [17/Jan/2019:13:13:18 +0100] "GET /reload?ser=1547727198474 HTTP/1.1" 200 28 "http://renault.activities.at/10201633?cat=10260009" "Mozilla/5.0 (Windows NT 10.0; Win64; x64) AppleWebKit/537.36 (KHTML, like Gecko) Chrome/71.0.3578.98 Safari/537.36"
212.152.246.132 - - [17/Jan/2019:13:13:43 +0100] "GET /reload?ser=1547727221699 HTTP/1.1" 200 28 "http://renault.activities.at/" "Mozilla/5.0 (Windows NT 6.1; Trident/7.0; rv:11.0) like Gecko"
138.21.12.24 - - [17/Jan/2019:13:13:58 +0100] "GET /reload?ser=1547727238119 HTTP/1.1" 200 28 "http://renault.2web.at/result?searchterm=true&search=kleber" "Mozilla/5.0 (Windows NT 10.0; WOW64; Trident/7.0; Touch; rv:11.0) like Gecko"
88.117.213.154 - - [17/Jan/2019:13:14:19 +0100] "GET /reload?ser=1547727259478 HTTP/1.1" 200 28 "http://renault.activities.at/10201633?cat=10260009" "Mozilla/5.0 (Windows NT 10.0; Win64; x64) AppleWebKit/537.36 (KHTML, like Gecko) Chrome/71.0.3578.98 Safari/537.36"
212.152.246.132 - - [17/Jan/2019:13:14:43 +0100] "GET /reload?ser=1547727282420 HTTP/1.1" 200 28 "http://renault.activities.at/" "Mozilla/5.0 (Windows NT 6.1; Trident/7.0; rv:11.0) like Gecko"
138.21.12.24 - - [17/Jan/2019:13:14:59 +0100] "GET /reload?ser=1547727299180 HTTP/1.1" 200 28 "http://renault.2web.at/result?searchterm=true&search=kleber" "Mozilla/5.0 (Windows NT 10.0; WOW64; Trident/7.0; Touch; rv:11.0) like Gecko"
88.117.213.154 - - [17/Jan/2019:13:15:20 +0100] "GET /reload?ser=1547727320431 HTTP/1.1" 200 28 "http://renault.activities.at/10201633?cat=10260009" "Mozilla/5.0 (Windows NT 10.0; Win64; x64) AppleWebKit/537.36 (KHTML, like Gecko) Chrome/71.0.3578.98 Safari/537.36"
212.152.246.132 - - [17/Jan/2019:13:15:44 +0100] "GET /reload?ser=1547727343116 HTTP/1.1" 200 28 "http://renault.activities.at/" "Mozilla/5.0 (Windows NT 6.1; Trident/7.0; rv:11.0) like Gecko"
138.21.12.24 - - [17/Jan/2019:13:16:00 +0100] "GET /reload?ser=1547727360285 HTTP/1.1" 200 28 "http://renault.2web.at/result?searchterm=true&search=kleber" "Mozilla/5.0 (Windows NT 10.0; WOW64; Trident/7.0; Touch; rv:11.0) like Gecko"
88.117.213.154 - - [17/Jan/2019:13:16:21 +0100] "GET /reload?ser=1547727381401 HTTP/1.1" 200 28 "http://renault.activities.at/10201633?cat=10260009" "Mozilla/5.0 (Windows NT 10.0; Win64; x64) AppleWebKit/537.36 (KHTML, like Gecko) Chrome/71.0.3578.98 Safari/537.36"
212.152.246.132 - - [17/Jan/2019:13:16:45 +0100] "GET /reload?ser=1547727403815 HTTP/1.1" 200 28 "http://renault.activities.at/" "Mozilla/5.0 (Windows NT 6.1; Trident/7.0; rv:11.0) like Gecko"
138.21.12.24 - - [17/Jan/2019:13:17:01 +0100] "GET /reload?ser=1547727421324 HTTP/1.1" 200 28 "http://renault.2web.at/result?searchterm=true&search=kleber" "Mozilla/5.0 (Windows NT 10.0; WOW64; Trident/7.0; Touch; rv:11.0) like Gecko"
88.117.213.154 - - [17/Jan/2019:13:17:22 +0100] "GET /reload?ser=1547727442385 HTTP/1.1" 200 28 "http://renault.activities.at/10201633?cat=10260009" "Mozilla/5.0 (Windows NT 10.0; Win64; x64) AppleWebKit/537.36 (KHTML, like Gecko) Chrome/71.0.3578.98 Safari/537.36"
212.152.246.132 - - [17/Jan/2019:13:17:45 +0100] "GET /reload?ser=1547727464523 HTTP/1.1" 200 28 "http://renault.activities.at/" "Mozilla/5.0 (Windows NT 6.1; Trident/7.0; rv:11.0) like Gecko"
138.21.12.24 - - [17/Jan/2019:13:18:02 +0100] "GET /reload?ser=1547727482369 HTTP/1.1" 200 28 "http://renault.2web.at/result?searchterm=true&search=kleber" "Mozilla/5.0 (Windows NT 10.0; WOW64; Trident/7.0; Touch; rv:11.0) like Gecko"
88.117.213.154 - - [17/Jan/2019:13:18:23 +0100] "GET /reload?ser=1547727503371 HTTP/1.1" 200 28 "http://renault.activities.at/10201633?cat=10260009" "Mozilla/5.0 (Windows NT 10.0; Win64; x64) AppleWebKit/537.36 (KHTML, like Gecko) Chrome/71.0.3578.98 Safari/537.36"
212.152.246.132 - - [17/Jan/2019:13:18:46 +0100] "GET /reload?ser=1547727525227 HTTP/1.1" 200 28 "http://renault.activities.at/" "Mozilla/5.0 (Windows NT 6.1; Trident/7.0; rv:11.0) like Gecko"
138.21.12.24 - - [17/Jan/2019:13:19:03 +0100] "GET /reload?ser=1547727543435 HTTP/1.1" 200 28 "http://renault.2web.at/result?searchterm=true&search=kleber" "Mozilla/5.0 (Windows NT 10.0; WOW64; Trident/7.0; Touch; rv:11.0) like Gecko"
88.117.213.154 - - [17/Jan/2019:13:19:24 +0100] "GET /reload?ser=1547727564358 HTTP/1.1" 200 28 "http://renault.activities.at/10201633?cat=10260009" "Mozilla/5.0 (Windows NT 10.0; Win64; x64) AppleWebKit/537.36 (KHTML, like Gecko) Chrome/71.0.3578.98 Safari/537.36"
212.152.246.132 - - [17/Jan/2019:13:19:47 +0100] "GET /reload?ser=1547727585926 HTTP/1.1" 200 28 "http://renault.activities.at/" "Mozilla/5.0 (Windows NT 6.1; Trident/7.0; rv:11.0) like Gecko"
88.117.213.154 - - [17/Jan/2019:13:20:25 +0100] "GET /reload?ser=1547727625350 HTTP/1.1" 200 28 "http://renault.activities.at/10201633?cat=10260009" "Mozilla/5.0 (Windows NT 10.0; Win64; x64) AppleWebKit/537.36 (KHTML, like Gecko) Chrome/71.0.3578.98 Safari/537.36"
212.152.246.132 - - [17/Jan/2019:13:20:48 +0100] "GET /reload?ser=1547727646635 HTTP/1.1" 200 28 "http://renault.activities.at/" "Mozilla/5.0 (Windows NT 6.1; Trident/7.0; rv:11.0) like Gecko"
88.117.213.154 - - [17/Jan/2019:13:21:26 +0100] "GET /reload?ser=1547727686342 HTTP/1.1" 200 28 "http://renault.activities.at/10201633?cat=10260009" "Mozilla/5.0 (Windows NT 10.0; Win64; x64) AppleWebKit/537.36 (KHTML, like Gecko) Chrome/71.0.3578.98 Safari/537.36"
212.152.246.132 - - [17/Jan/2019:13:21:48 +0100] "GET /reload?ser=1547727707333 HTTP/1.1" 200 28 "http://renault.activities.at/" "Mozilla/5.0 (Windows NT 6.1; Trident/7.0; rv:11.0) like Gecko"
88.117.213.154 - - [17/Jan/2019:13:22:27 +0100] "GET /reload?ser=1547727747359 HTTP/1.1" 200 28 "http://renault.activities.at/10201633?cat=10260009" "Mozilla/5.0 (Windows NT 10.0; Win64; x64) AppleWebKit/537.36 (KHTML, like Gecko) Chrome/71.0.3578.98 Safari/537.36"
212.152.246.132 - - [17/Jan/2019:13:22:49 +0100] "GET /reload?ser=1547727768033 HTTP/1.1" 200 28 "http://renault.activities.at/" "Mozilla/5.0 (Windows NT 6.1; Trident/7.0; rv:11.0) like Gecko"
88.117.213.154 - - [17/Jan/2019:13:23:28 +0100] "GET /reload?ser=1547727808371 HTTP/1.1" 200 28 "http://renault.activities.at/10201633?cat=10260009" "Mozilla/5.0 (Windows NT 10.0; Win64; x64) AppleWebKit/537.36 (KHTML, like Gecko) Chrome/71.0.3578.98 Safari/537.36"
212.152.246.132 - - [17/Jan/2019:13:23:50 +0100] "GET /reload?ser=1547727828731 HTTP/1.1" 200 28 "http://renault.activities.at/" "Mozilla/5.0 (Windows NT 6.1; Trident/7.0; rv:11.0) like Gecko"
88.117.213.154 - - [17/Jan/2019:13:24:29 +0100] "GET /reload?ser=1547727869332 HTTP/1.1" 200 28 "http://renault.activities.at/10201633?cat=10260009" "Mozilla/5.0 (Windows NT 10.0; Win64; x64) AppleWebKit/537.36 (KHTML, like Gecko) Chrome/71.0.3578.98 Safari/537.36"
212.152.246.132 - - [17/Jan/2019:13:24:50 +0100] "GET /reload?ser=1547727889446 HTTP/1.1" 200 28 "http://renault.activities.at/" "Mozilla/5.0 (Windows NT 6.1; Trident/7.0; rv:11.0) like Gecko"
88.117.213.154 - - [17/Jan/2019:13:25:30 +0100] "GET /reload?ser=1547727930344 HTTP/1.1" 200 28 "http://renault.activities.at/10201633?cat=10260009" "Mozilla/5.0 (Windows NT 10.0; Win64; x64) AppleWebKit/537.36 (KHTML, like Gecko) Chrome/71.0.3578.98 Safari/537.36"
212.152.246.132 - - [17/Jan/2019:13:25:51 +0100] "GET /reload?ser=1547727950145 HTTP/1.1" 200 28 "http://renault.activities.at/" "Mozilla/5.0 (Windows NT 6.1; Trident/7.0; rv:11.0) like Gecko"
88.117.213.154 - - [17/Jan/2019:13:26:31 +0100] "GET /reload?ser=1547727991333 HTTP/1.1" 200 28 "http://renault.activities.at/10201633?cat=10260009" "Mozilla/5.0 (Windows NT 10.0; Win64; x64) AppleWebKit/537.36 (KHTML, like Gecko) Chrome/71.0.3578.98 Safari/537.36"
212.152.246.132 - - [17/Jan/2019:13:26:53 +0100] "GET /reload?ser=1547728010859 HTTP/1.1" 200 28 "http://renault.activities.at/" "Mozilla/5.0 (Windows NT 6.1; Trident/7.0; rv:11.0) like Gecko"
88.117.213.154 - - [17/Jan/2019:13:27:32 +0100] "GET /reload?ser=1547728052290 HTTP/1.1" 200 28 "http://renault.activities.at/10201633?cat=10260009" "Mozilla/5.0 (Windows NT 10.0; Win64; x64) AppleWebKit/537.36 (KHTML, like Gecko) Chrome/71.0.3578.98 Safari/537.36"
212.152.246.132 - - [17/Jan/2019:13:27:54 +0100] "GET /reload?ser=1547728073274 HTTP/1.1" 200 28 "http://renault.activities.at/" "Mozilla/5.0 (Windows NT 6.1; Trident/7.0; rv:11.0) like Gecko"
88.117.213.154 - - [17/Jan/2019:13:28:33 +0100] "GET /reload?ser=1547728113259 HTTP/1.1" 200 28 "http://renault.activities.at/10201633?cat=10260009" "Mozilla/5.0 (Windows NT 10.0; Win64; x64) AppleWebKit/537.36 (KHTML, like Gecko) Chrome/71.0.3578.98 Safari/537.36"
212.152.246.132 - - [17/Jan/2019:13:28:55 +0100] "GET /reload?ser=1547728133973 HTTP/1.1" 200 28 "http://renault.activities.at/" "Mozilla/5.0 (Windows NT 6.1; Trident/7.0; rv:11.0) like Gecko"
88.117.213.154 - - [17/Jan/2019:13:29:34 +0100] "GET /reload?ser=1547728174261 HTTP/1.1" 200 28 "http://renault.activities.at/10201633?cat=10260009" "Mozilla/5.0 (Windows NT 10.0; Win64; x64) AppleWebKit/537.36 (KHTML, like Gecko) Chrome/71.0.3578.98 Safari/537.36"
212.152.246.132 - - [17/Jan/2019:13:29:56 +0100] "GET /reload?ser=1547728194672 HTTP/1.1" 200 28 "http://renault.activities.at/" "Mozilla/5.0 (Windows NT 6.1; Trident/7.0; rv:11.0) like Gecko"
88.117.213.154 - - [17/Jan/2019:13:30:35 +0100] "GET /reload?ser=1547728235246 HTTP/1.1" 200 28 "http://renault.activities.at/10201633?cat=10260009" "Mozilla/5.0 (Windows NT 10.0; Win64; x64) AppleWebKit/537.36 (KHTML, like Gecko) Chrome/71.0.3578.98 Safari/537.36"
212.152.246.132 - - [17/Jan/2019:13:30:56 +0100] "GET /reload?ser=1547728255371 HTTP/1.1" 200 28 "http://renault.activities.at/" "Mozilla/5.0 (Windows NT 6.1; Trident/7.0; rv:11.0) like Gecko"
88.117.213.154 - - [17/Jan/2019:13:31:36 +0100] "GET /reload?ser=1547728296212 HTTP/1.1" 200 28 "http://renault.activities.at/10201633?cat=10260009" "Mozilla/5.0 (Windows NT 10.0; Win64; x64) AppleWebKit/537.36 (KHTML, like Gecko) Chrome/71.0.3578.98 Safari/537.36"
212.152.246.132 - - [17/Jan/2019:13:31:57 +0100] "GET /reload?ser=1547728316069 HTTP/1.1" 200 28 "http://renault.activities.at/" "Mozilla/5.0 (Windows NT 6.1; Trident/7.0; rv:11.0) like Gecko"
88.117.213.154 - - [17/Jan/2019:13:32:37 +0100] "GET /reload?ser=1547728357162 HTTP/1.1" 200 28 "http://renault.activities.at/10201633?cat=10260009" "Mozilla/5.0 (Windows NT 10.0; Win64; x64) AppleWebKit/537.36 (KHTML, like Gecko) Chrome/71.0.3578.98 Safari/537.36"
212.152.246.132 - - [17/Jan/2019:13:32:58 +0100] "GET /reload?ser=1547728376893 HTTP/1.1" 200 28 "http://renault.activities.at/" "Mozilla/5.0 (Windows NT 6.1; Trident/7.0; rv:11.0) like Gecko"
88.117.213.154 - - [17/Jan/2019:13:33:38 +0100] "GET /reload?ser=1547728418152 HTTP/1.1" 200 28 "http://renault.activities.at/10201633?cat=10260009" "Mozilla/5.0 (Windows NT 10.0; Win64; x64) AppleWebKit/537.36 (KHTML, like Gecko) Chrome/71.0.3578.98 Safari/537.36"
212.152.246.132 - - [17/Jan/2019:13:33:59 +0100] "GET /reload?ser=1547728437608 HTTP/1.1" 200 28 "http://renault.activities.at/" "Mozilla/5.0 (Windows NT 6.1; Trident/7.0; rv:11.0) like Gecko"
88.117.213.154 - - [17/Jan/2019:13:34:39 +0100] "GET /reload?ser=1547728479134 HTTP/1.1" 200 28 "http://renault.activities.at/10201633?cat=10260009" "Mozilla/5.0 (Windows NT 10.0; Win64; x64) AppleWebKit/537.36 (KHTML, like Gecko) Chrome/71.0.3578.98 Safari/537.36"
212.152.246.132 - - [17/Jan/2019:13:34:59 +0100] "GET /reload?ser=1547728498308 HTTP/1.1" 200 28 "http://renault.activities.at/" "Mozilla/5.0 (Windows NT 6.1; Trident/7.0; rv:11.0) like Gecko"
88.117.213.154 - - [17/Jan/2019:13:35:40 +0100] "GET /reload?ser=1547728540931 HTTP/1.1" 200 28 "http://renault.activities.at/10201633?cat=10260009" "Mozilla/5.0 (Windows NT 10.0; Win64; x64) AppleWebKit/537.36 (KHTML, like Gecko) Chrome/71.0.3578.98 Safari/537.36"
212.152.246.132 - - [17/Jan/2019:13:36:00 +0100] "GET /reload?ser=1547728559005 HTTP/1.1" 200 28 "http://renault.activities.at/" "Mozilla/5.0 (Windows NT 6.1; Trident/7.0; rv:11.0) like Gecko"
88.117.213.154 - - [17/Jan/2019:13:36:41 +0100] "GET /reload?ser=1547728601921 HTTP/1.1" 200 28 "http://renault.activities.at/10201633?cat=10260009" "Mozilla/5.0 (Windows NT 10.0; Win64; x64) AppleWebKit/537.36 (KHTML, like Gecko) Chrome/71.0.3578.98 Safari/537.36"
212.152.246.132 - - [17/Jan/2019:13:37:01 +0100] "GET /reload?ser=1547728619705 HTTP/1.1" 200 28 "http://renault.activities.at/" "Mozilla/5.0 (Windows NT 6.1; Trident/7.0; rv:11.0) like Gecko"
88.117.213.154 - - [17/Jan/2019:13:37:42 +0100] "GET /reload?ser=1547728662923 HTTP/1.1" 200 28 "http://renault.activities.at/10201633?cat=10260009" "Mozilla/5.0 (Windows NT 10.0; Win64; x64) AppleWebKit/537.36 (KHTML, like Gecko) Chrome/71.0.3578.98 Safari/537.36"
212.152.246.132 - - [17/Jan/2019:13:38:01 +0100] "GET /reload?ser=1547728680419 HTTP/1.1" 200 28 "http://renault.activities.at/" "Mozilla/5.0 (Windows NT 6.1; Trident/7.0; rv:11.0) like Gecko"
