91.113.165.162 - - [21/Jan/2019:15:18:35 +0100] "GET /loadthumbnail.php?id=11711045&width=50&height=50 HTTP/1.1" 200 1132 "http://renault.activities.at/account" "Mozilla/5.0 (Windows NT 10.0; WOW64; Trident/7.0; rv:11.0) like Gecko"
91.113.165.162 - - [21/Jan/2019:15:18:35 +0100] "GET /loadthumbnail.php?id=11798476&width=50&height=50 HTTP/1.1" 200 1098 "http://renault.activities.at/account" "Mozilla/5.0 (Windows NT 10.0; WOW64; Trident/7.0; rv:11.0) like Gecko"
193.194.132.28 - - [21/Jan/2019:15:18:35 +0100] "POST /axjaxrequest?mode=suggest HTTP/1.1" 200 133 "http://renault.activities.at/account" "Mozilla/5.0 (Windows NT 6.1; WOW64; Trident/7.0; rv:11.0) like Gecko"
193.194.132.28 - - [21/Jan/2019:15:18:37 +0100] "POST /axjaxrequest?mode=suggest HTTP/1.1" 200 133 "http://renault.activities.at/account" "Mozilla/5.0 (Windows NT 6.1; WOW64; Trident/7.0; rv:11.0) like Gecko"
91.113.165.162 - - [21/Jan/2019:15:18:40 +0100] "POST /axjaxrequest?mode=suggest HTTP/1.1" 200 133 "http://renault.activities.at/account" "Mozilla/5.0 (Windows NT 10.0; WOW64; Trident/7.0; rv:11.0) like Gecko"
193.194.132.28 - - [21/Jan/2019:15:18:38 +0100] "GET /result?searchterm=true&search=DACIA HTTP/1.1" 200 10591 "http://renault.activities.at/account" "Mozilla/5.0 (Windows NT 6.1; WOW64; Trident/7.0; rv:11.0) like Gecko"
193.194.132.28 - - [21/Jan/2019:15:18:42 +0100] "GET /js/prototip.js HTTP/1.1" 200 4588 "http://renault.activities.at/result?searchterm=true&search=DACIA" "Mozilla/5.0 (Windows NT 6.1; WOW64; Trident/7.0; rv:11.0) like Gecko"
193.194.132.28 - - [21/Jan/2019:15:18:42 +0100] "GET /js/ProduktGrp.js HTTP/1.1" 200 1569 "http://renault.activities.at/result?searchterm=true&search=DACIA" "Mozilla/5.0 (Windows NT 6.1; WOW64; Trident/7.0; rv:11.0) like Gecko"
193.194.132.28 - - [21/Jan/2019:15:18:42 +0100] "GET /images/loading.gif HTTP/1.1" 200 3208 "http://renault.activities.at/result?searchterm=true&search=DACIA" "Mozilla/5.0 (Windows NT 6.1; WOW64; Trident/7.0; rv:11.0) like Gecko"
193.194.132.28 - - [21/Jan/2019:15:18:42 +0100] "GET /loadthumbnail.php?id=10203255 HTTP/1.1" 200 137 "http://renault.activities.at/result?searchterm=true&search=DACIA" "Mozilla/5.0 (Windows NT 6.1; WOW64; Trident/7.0; rv:11.0) like Gecko"
193.194.132.28 - - [21/Jan/2019:15:18:42 +0100] "GET /loadthumbnail.php?id=11878139&width=113 HTTP/1.1" 200 19930 "http://renault.activities.at/result?searchterm=true&search=DACIA" "Mozilla/5.0 (Windows NT 6.1; WOW64; Trident/7.0; rv:11.0) like Gecko"
193.194.132.28 - - [21/Jan/2019:15:18:42 +0100] "GET /loadthumbnail.php?id=11910267&width=113 HTTP/1.1" 200 16417 "http://renault.activities.at/result?searchterm=true&search=DACIA" "Mozilla/5.0 (Windows NT 6.1; WOW64; Trident/7.0; rv:11.0) like Gecko"
193.194.132.28 - - [21/Jan/2019:15:18:42 +0100] "GET /loadthumbnail.php?id=10272696&width=113 HTTP/1.1" 200 6494 "http://renault.activities.at/result?searchterm=true&search=DACIA" "Mozilla/5.0 (Windows NT 6.1; WOW64; Trident/7.0; rv:11.0) like Gecko"
193.194.132.28 - - [21/Jan/2019:15:18:42 +0100] "GET /loadthumbnail.php?id=11910272&width=113 HTTP/1.1" 200 16417 "http://renault.activities.at/result?searchterm=true&search=DACIA" "Mozilla/5.0 (Windows NT 6.1; WOW64; Trident/7.0; rv:11.0) like Gecko"
193.194.132.28 - - [21/Jan/2019:15:18:42 +0100] "GET /loadthumbnail.php?id=11825624&width=113 HTTP/1.1" 200 1820 "http://renault.activities.at/result?searchterm=true&search=DACIA" "Mozilla/5.0 (Windows NT 6.1; WOW64; Trident/7.0; rv:11.0) like Gecko"
193.194.132.28 - - [21/Jan/2019:15:18:42 +0100] "GET /loadthumbnail.php?id=10203276 HTTP/1.1" 200 75 "http://renault.activities.at/result?searchterm=true&search=DACIA" "Mozilla/5.0 (Windows NT 6.1; WOW64; Trident/7.0; rv:11.0) like Gecko"
193.194.132.28 - - [21/Jan/2019:15:18:42 +0100] "GET /loadthumbnail.php?id=11679165&width=113 HTTP/1.1" 200 19398 "http://renault.activities.at/result?searchterm=true&search=DACIA" "Mozilla/5.0 (Windows NT 6.1; WOW64; Trident/7.0; rv:11.0) like Gecko"
193.194.132.28 - - [21/Jan/2019:15:18:42 +0100] "GET /loadthumbnail.php?id=10203650&width=113 HTTP/1.1" 200 2741 "http://renault.activities.at/result?searchterm=true&search=DACIA" "Mozilla/5.0 (Windows NT 6.1; WOW64; Trident/7.0; rv:11.0) like Gecko"
193.194.132.28 - - [21/Jan/2019:15:18:42 +0100] "GET /loadthumbnail.php?id=11825623&width=113 HTTP/1.1" 200 1820 "http://renault.activities.at/result?searchterm=true&search=DACIA" "Mozilla/5.0 (Windows NT 6.1; WOW64; Trident/7.0; rv:11.0) like Gecko"
193.194.132.28 - - [21/Jan/2019:15:18:42 +0100] "GET /images/vista-dn.gif HTTP/1.1" 200 128 "http://renault.activities.at/result?searchterm=true&search=DACIA" "Mozilla/5.0 (Windows NT 6.1; WOW64; Trident/7.0; rv:11.0) like Gecko"
193.194.132.28 - - [21/Jan/2019:15:18:42 +0100] "GET /loadthumbnail.php?id=11825622&width=113 HTTP/1.1" 200 1953 "http://renault.activities.at/result?searchterm=true&search=DACIA" "Mozilla/5.0 (Windows NT 6.1; WOW64; Trident/7.0; rv:11.0) like Gecko"
193.194.132.28 - - [21/Jan/2019:15:18:42 +0100] "GET /loadthumbnail.php?id=11825621&width=113 HTTP/1.1" 200 1953 "http://renault.activities.at/result?searchterm=true&search=DACIA" "Mozilla/5.0 (Windows NT 6.1; WOW64; Trident/7.0; rv:11.0) like Gecko"
193.194.132.28 - - [21/Jan/2019:15:18:42 +0100] "GET /images/pager_bg.gif HTTP/1.1" 200 150 "http://renault.activities.at/result?searchterm=true&search=DACIA" "Mozilla/5.0 (Windows NT 6.1; WOW64; Trident/7.0; rv:11.0) like Gecko"
193.194.132.28 - - [21/Jan/2019:15:18:42 +0100] "GET /images/vista-up.gif HTTP/1.1" 200 131 "http://renault.activities.at/result?searchterm=true&search=DACIA" "Mozilla/5.0 (Windows NT 6.1; WOW64; Trident/7.0; rv:11.0) like Gecko"
193.194.132.28 - - [21/Jan/2019:15:18:42 +0100] "GET /loadthumbnail.php?id=11825620&width=113 HTTP/1.1" 200 2089 "http://renault.activities.at/result?searchterm=true&search=DACIA" "Mozilla/5.0 (Windows NT 6.1; WOW64; Trident/7.0; rv:11.0) like Gecko"
193.194.132.28 - - [21/Jan/2019:15:18:42 +0100] "GET /loadthumbnail.php?id=11825619&width=113 HTTP/1.1" 200 2089 "http://renault.activities.at/result?searchterm=true&search=DACIA" "Mozilla/5.0 (Windows NT 6.1; WOW64; Trident/7.0; rv:11.0) like Gecko"
193.194.132.28 - - [21/Jan/2019:15:18:42 +0100] "GET /loadthumbnail.php?id=11722649&width=113 HTTP/1.1" 200 1687 "http://renault.activities.at/result?searchterm=true&search=DACIA" "Mozilla/5.0 (Windows NT 6.1; WOW64; Trident/7.0; rv:11.0) like Gecko"
193.194.132.28 - - [21/Jan/2019:15:18:42 +0100] "GET /loadthumbnail.php?id=11825618&width=113 HTTP/1.1" 200 2042 "http://renault.activities.at/result?searchterm=true&search=DACIA" "Mozilla/5.0 (Windows NT 6.1; WOW64; Trident/7.0; rv:11.0) like Gecko"
193.194.132.28 - - [21/Jan/2019:15:18:42 +0100] "GET /loadthumbnail.php?id=11722648&width=113 HTTP/1.1" 200 1687 "http://renault.activities.at/result?searchterm=true&search=DACIA" "Mozilla/5.0 (Windows NT 6.1; WOW64; Trident/7.0; rv:11.0) like Gecko"
91.113.165.162 - - [21/Jan/2019:15:18:40 +0100] "GET /result?searchterm=true&search=dacia+coc HTTP/1.1" 200 6011 "http://renault.activities.at/account" "Mozilla/5.0 (Windows NT 10.0; WOW64; Trident/7.0; rv:11.0) like Gecko"
91.113.165.162 - - [21/Jan/2019:15:18:43 +0100] "GET /js/prototip.js HTTP/1.1" 200 4588 "http://renault.activities.at/result?searchterm=true&search=dacia+coc" "Mozilla/5.0 (Windows NT 10.0; WOW64; Trident/7.0; rv:11.0) like Gecko"
91.113.165.162 - - [21/Jan/2019:15:18:43 +0100] "GET /images/loading.gif HTTP/1.1" 200 3208 "http://renault.activities.at/result?searchterm=true&search=dacia+coc" "Mozilla/5.0 (Windows NT 10.0; WOW64; Trident/7.0; rv:11.0) like Gecko"
91.113.165.162 - - [21/Jan/2019:15:18:43 +0100] "GET /js/ProduktGrp.js HTTP/1.1" 200 1569 "http://renault.activities.at/result?searchterm=true&search=dacia+coc" "Mozilla/5.0 (Windows NT 10.0; WOW64; Trident/7.0; rv:11.0) like Gecko"
91.113.165.162 - - [21/Jan/2019:15:18:43 +0100] "GET /images/pager_bg.gif HTTP/1.1" 200 150 "http://renault.activities.at/result?searchterm=true&search=dacia+coc" "Mozilla/5.0 (Windows NT 10.0; WOW64; Trident/7.0; rv:11.0) like Gecko"
91.113.165.162 - - [21/Jan/2019:15:18:43 +0100] "GET /images/vista-dn.gif HTTP/1.1" 200 128 "http://renault.activities.at/result?searchterm=true&search=dacia+coc" "Mozilla/5.0 (Windows NT 10.0; WOW64; Trident/7.0; rv:11.0) like Gecko"
91.113.165.162 - - [21/Jan/2019:15:18:43 +0100] "GET /images/vista-up.gif HTTP/1.1" 200 131 "http://renault.activities.at/result?searchterm=true&search=dacia+coc" "Mozilla/5.0 (Windows NT 10.0; WOW64; Trident/7.0; rv:11.0) like Gecko"
91.113.165.162 - - [21/Jan/2019:15:18:43 +0100] "GET /images/validation_advice_bg.gif HTTP/1.1" 200 134 "http://renault.activities.at/result?searchterm=true&search=dacia+coc" "Mozilla/5.0 (Windows NT 10.0; WOW64; Trident/7.0; rv:11.0) like Gecko"
91.113.165.162 - - [21/Jan/2019:15:18:43 +0100] "GET /loadthumbnail.php?id=10203255 HTTP/1.1" 200 137 "http://renault.activities.at/result?searchterm=true&search=dacia+coc" "Mozilla/5.0 (Windows NT 10.0; WOW64; Trident/7.0; rv:11.0) like Gecko"
91.113.165.162 - - [21/Jan/2019:15:18:43 +0100] "GET /loadthumbnail.php?id=11776453&width=113 HTTP/1.1" 200 1248 "http://renault.activities.at/result?searchterm=true&search=dacia+coc" "Mozilla/5.0 (Windows NT 10.0; WOW64; Trident/7.0; rv:11.0) like Gecko"
213.90.25.78 - - [21/Jan/2019:15:18:43 +0100] "GET /reload?ser=1548080323471 HTTP/1.1" 200 28 "http://renault.activities.at/" "Mozilla/5.0 (Windows NT 6.1; WOW64; Trident/7.0; rv:11.0) like Gecko"
91.113.165.162 - - [21/Jan/2019:15:18:40 +0100] "POST /axjaxrequest?mode=suggest HTTP/1.1" 200 21 "http://renault.activities.at/account" "Mozilla/5.0 (Windows NT 10.0; WOW64; Trident/7.0; rv:11.0) like Gecko"
91.113.165.162 - - [21/Jan/2019:15:18:44 +0100] "GET /images/vista-dn-hover.gif HTTP/1.1" 200 127 "http://renault.activities.at/result?searchterm=true&search=dacia+coc" "Mozilla/5.0 (Windows NT 10.0; WOW64; Trident/7.0; rv:11.0) like Gecko"
91.113.165.162 - - [21/Jan/2019:15:18:45 +0100] "GET /images/vista-up-hover.gif HTTP/1.1" 200 130 "http://renault.activities.at/result?searchterm=true&search=dacia+coc" "Mozilla/5.0 (Windows NT 10.0; WOW64; Trident/7.0; rv:11.0) like Gecko"
193.194.132.28 - - [21/Jan/2019:15:18:47 +0100] "GET /result?dir=DESC&mode=grid&order=name&limit=15&page=2&search=DACIA HTTP/1.1" 200 10694 "http://renault.activities.at/result?searchterm=true&search=DACIA" "Mozilla/5.0 (Windows NT 6.1; WOW64; Trident/7.0; rv:11.0) like Gecko"
193.194.132.28 - - [21/Jan/2019:15:18:51 +0100] "GET /loadthumbnail.php?id=11487913&width=113 HTTP/1.1" 200 2439 "http://renault.activities.at/result?dir=DESC&mode=grid&order=name&limit=15&page=2&search=DACIA" "Mozilla/5.0 (Windows NT 6.1; WOW64; Trident/7.0; rv:11.0) like Gecko"
193.194.132.28 - - [21/Jan/2019:15:18:51 +0100] "GET /loadthumbnail.php?id=11340124&width=113 HTTP/1.1" 200 4949 "http://renault.activities.at/result?dir=DESC&mode=grid&order=name&limit=15&page=2&search=DACIA" "Mozilla/5.0 (Windows NT 6.1; WOW64; Trident/7.0; rv:11.0) like Gecko"
193.194.132.28 - - [21/Jan/2019:15:18:51 +0100] "GET /loadthumbnail.php?id=11676220&width=113 HTTP/1.1" 200 1633 "http://renault.activities.at/result?dir=DESC&mode=grid&order=name&limit=15&page=2&search=DACIA" "Mozilla/5.0 (Windows NT 6.1; WOW64; Trident/7.0; rv:11.0) like Gecko"
193.194.132.28 - - [21/Jan/2019:15:18:51 +0100] "GET /loadthumbnail.php?id=11825616&width=113 HTTP/1.1" 200 2367 "http://renault.activities.at/result?dir=DESC&mode=grid&order=name&limit=15&page=2&search=DACIA" "Mozilla/5.0 (Windows NT 6.1; WOW64; Trident/7.0; rv:11.0) like Gecko"
193.194.132.28 - - [21/Jan/2019:15:18:51 +0100] "GET /loadthumbnail.php?id=11967697&width=113 HTTP/1.1" 200 2902 "http://renault.activities.at/result?dir=DESC&mode=grid&order=name&limit=15&page=2&search=DACIA" "Mozilla/5.0 (Windows NT 6.1; WOW64; Trident/7.0; rv:11.0) like Gecko"
193.194.132.28 - - [21/Jan/2019:15:18:51 +0100] "GET /loadthumbnail.php?id=11825626&width=113 HTTP/1.1" 200 2138 "http://renault.activities.at/result?dir=DESC&mode=grid&order=name&limit=15&page=2&search=DACIA" "Mozilla/5.0 (Windows NT 6.1; WOW64; Trident/7.0; rv:11.0) like Gecko"
193.194.132.28 - - [21/Jan/2019:15:18:51 +0100] "GET /loadthumbnail.php?id=11825625&width=113 HTTP/1.1" 200 2138 "http://renault.activities.at/result?dir=DESC&mode=grid&order=name&limit=15&page=2&search=DACIA" "Mozilla/5.0 (Windows NT 6.1; WOW64; Trident/7.0; rv:11.0) like Gecko"
193.194.132.28 - - [21/Jan/2019:15:18:51 +0100] "GET /loadthumbnail.php?id=11825617&width=113 HTTP/1.1" 200 2042 "http://renault.activities.at/result?dir=DESC&mode=grid&order=name&limit=15&page=2&search=DACIA" "Mozilla/5.0 (Windows NT 6.1; WOW64; Trident/7.0; rv:11.0) like Gecko"
193.194.132.28 - - [21/Jan/2019:15:18:51 +0100] "GET /loadthumbnail.php?id=11710979&width=113 HTTP/1.1" 200 1909 "http://renault.activities.at/result?dir=DESC&mode=grid&order=name&limit=15&page=2&search=DACIA" "Mozilla/5.0 (Windows NT 6.1; WOW64; Trident/7.0; rv:11.0) like Gecko"
193.194.132.28 - - [21/Jan/2019:15:18:51 +0100] "GET /loadthumbnail.php?id=10203275 HTTP/1.1" 200 85 "http://renault.activities.at/result?dir=DESC&mode=grid&order=name&limit=15&page=2&search=DACIA" "Mozilla/5.0 (Windows NT 6.1; WOW64; Trident/7.0; rv:11.0) like Gecko"
193.194.132.28 - - [21/Jan/2019:15:18:51 +0100] "GET /loadthumbnail.php?id=11247081&width=113 HTTP/1.1" 200 2512 "http://renault.activities.at/result?dir=DESC&mode=grid&order=name&limit=15&page=2&search=DACIA" "Mozilla/5.0 (Windows NT 6.1; WOW64; Trident/7.0; rv:11.0) like Gecko"
193.194.132.28 - - [21/Jan/2019:15:18:51 +0100] "GET /loadthumbnail.php?id=11825615&width=113 HTTP/1.1" 200 2408 "http://renault.activities.at/result?dir=DESC&mode=grid&order=name&limit=15&page=2&search=DACIA" "Mozilla/5.0 (Windows NT 6.1; WOW64; Trident/7.0; rv:11.0) like Gecko"
193.194.132.28 - - [21/Jan/2019:15:18:51 +0100] "GET /loadthumbnail.php?id=11423690&width=113 HTTP/1.1" 200 1470 "http://renault.activities.at/result?dir=DESC&mode=grid&order=name&limit=15&page=2&search=DACIA" "Mozilla/5.0 (Windows NT 6.1; WOW64; Trident/7.0; rv:11.0) like Gecko"
193.194.132.28 - - [21/Jan/2019:15:18:51 +0100] "GET /loadthumbnail.php?id=11831534&width=113 HTTP/1.1" 200 4126 "http://renault.activities.at/result?dir=DESC&mode=grid&order=name&limit=15&page=2&search=DACIA" "Mozilla/5.0 (Windows NT 6.1; WOW64; Trident/7.0; rv:11.0) like Gecko"
193.194.132.28 - - [21/Jan/2019:15:18:51 +0100] "GET /loadthumbnail.php?id=10309492&width=113 HTTP/1.1" 200 2666 "http://renault.activities.at/result?dir=DESC&mode=grid&order=name&limit=15&page=2&search=DACIA" "Mozilla/5.0 (Windows NT 6.1; WOW64; Trident/7.0; rv:11.0) like Gecko"
193.194.132.28 - - [21/Jan/2019:15:19:00 +0100] "GET /result?dir=DESC&mode=grid&order=name&limit=15&page=3&search=DACIA HTTP/1.1" 200 10644 "http://renault.activities.at/result?dir=DESC&mode=grid&order=name&limit=15&page=2&search=DACIA" "Mozilla/5.0 (Windows NT 6.1; WOW64; Trident/7.0; rv:11.0) like Gecko"
91.113.165.162 - - [21/Jan/2019:15:19:01 +0100] "POST /result?searchterm=true&search=dacia+coc HTTP/1.1" 200 6206 "http://renault.activities.at/result?searchterm=true&search=dacia+coc" "Mozilla/5.0 (Windows NT 10.0; WOW64; Trident/7.0; rv:11.0) like Gecko"
91.113.165.162 - - [21/Jan/2019:15:19:04 +0100] "GET /images/success_msg_icon.gif HTTP/1.1" 200 1024 "http://renault.activities.at/result?searchterm=true&search=dacia+coc" "Mozilla/5.0 (Windows NT 10.0; WOW64; Trident/7.0; rv:11.0) like Gecko"
193.194.132.28 - - [21/Jan/2019:15:19:04 +0100] "GET /loadthumbnail.php?id=11340122&width=113 HTTP/1.1" 200 3786 "http://renault.activities.at/result?dir=DESC&mode=grid&order=name&limit=15&page=3&search=DACIA" "Mozilla/5.0 (Windows NT 6.1; WOW64; Trident/7.0; rv:11.0) like Gecko"
193.194.132.28 - - [21/Jan/2019:15:19:04 +0100] "GET /loadthumbnail.php?id=11592506&width=113 HTTP/1.1" 200 18179 "http://renault.activities.at/result?dir=DESC&mode=grid&order=name&limit=15&page=3&search=DACIA" "Mozilla/5.0 (Windows NT 6.1; WOW64; Trident/7.0; rv:11.0) like Gecko"
193.194.132.28 - - [21/Jan/2019:15:19:04 +0100] "GET /loadthumbnail.php?id=11784479&width=113 HTTP/1.1" 200 2490 "http://renault.activities.at/result?dir=DESC&mode=grid&order=name&limit=15&page=3&search=DACIA" "Mozilla/5.0 (Windows NT 6.1; WOW64; Trident/7.0; rv:11.0) like Gecko"
193.194.132.28 - - [21/Jan/2019:15:19:04 +0100] "GET /loadthumbnail.php?id=11831525&width=113 HTTP/1.1" 200 4126 "http://renault.activities.at/result?dir=DESC&mode=grid&order=name&limit=15&page=3&search=DACIA" "Mozilla/5.0 (Windows NT 6.1; WOW64; Trident/7.0; rv:11.0) like Gecko"
193.194.132.28 - - [21/Jan/2019:15:19:04 +0100] "GET /loadthumbnail.php?id=11784481&width=113 HTTP/1.1" 200 5692 "http://renault.activities.at/result?dir=DESC&mode=grid&order=name&limit=15&page=3&search=DACIA" "Mozilla/5.0 (Windows NT 6.1; WOW64; Trident/7.0; rv:11.0) like Gecko"
193.194.132.28 - - [21/Jan/2019:15:19:04 +0100] "GET /loadthumbnail.php?id=11784483&width=113 HTTP/1.1" 200 5836 "http://renault.activities.at/result?dir=DESC&mode=grid&order=name&limit=15&page=3&search=DACIA" "Mozilla/5.0 (Windows NT 6.1; WOW64; Trident/7.0; rv:11.0) like Gecko"
193.194.132.28 - - [21/Jan/2019:15:19:04 +0100] "GET /loadthumbnail.php?id=11784465&width=113 HTTP/1.1" 200 2824 "http://renault.activities.at/result?dir=DESC&mode=grid&order=name&limit=15&page=3&search=DACIA" "Mozilla/5.0 (Windows NT 6.1; WOW64; Trident/7.0; rv:11.0) like Gecko"
193.194.132.28 - - [21/Jan/2019:15:19:04 +0100] "GET /loadthumbnail.php?id=11784480&width=113 HTTP/1.1" 200 4887 "http://renault.activities.at/result?dir=DESC&mode=grid&order=name&limit=15&page=3&search=DACIA" "Mozilla/5.0 (Windows NT 6.1; WOW64; Trident/7.0; rv:11.0) like Gecko"
193.194.132.28 - - [21/Jan/2019:15:19:04 +0100] "GET /loadthumbnail.php?id=11784466&width=113 HTTP/1.1" 200 3044 "http://renault.activities.at/result?dir=DESC&mode=grid&order=name&limit=15&page=3&search=DACIA" "Mozilla/5.0 (Windows NT 6.1; WOW64; Trident/7.0; rv:11.0) like Gecko"
193.194.132.28 - - [21/Jan/2019:15:19:04 +0100] "GET /loadthumbnail.php?id=11665065&width=113 HTTP/1.1" 200 2677 "http://renault.activities.at/result?dir=DESC&mode=grid&order=name&limit=15&page=3&search=DACIA" "Mozilla/5.0 (Windows NT 6.1; WOW64; Trident/7.0; rv:11.0) like Gecko"
193.194.132.28 - - [21/Jan/2019:15:19:04 +0100] "GET /loadthumbnail.php?id=11665066&width=113 HTTP/1.1" 200 4533 "http://renault.activities.at/result?dir=DESC&mode=grid&order=name&limit=15&page=3&search=DACIA" "Mozilla/5.0 (Windows NT 6.1; WOW64; Trident/7.0; rv:11.0) like Gecko"
193.194.132.28 - - [21/Jan/2019:15:19:04 +0100] "GET /loadthumbnail.php?id=11784464&width=113 HTTP/1.1" 200 2802 "http://renault.activities.at/result?dir=DESC&mode=grid&order=name&limit=15&page=3&search=DACIA" "Mozilla/5.0 (Windows NT 6.1; WOW64; Trident/7.0; rv:11.0) like Gecko"
193.194.132.28 - - [21/Jan/2019:15:19:04 +0100] "GET /loadthumbnail.php?id=10614830&width=113 HTTP/1.1" 200 2000 "http://renault.activities.at/result?dir=DESC&mode=grid&order=name&limit=15&page=3&search=DACIA" "Mozilla/5.0 (Windows NT 6.1; WOW64; Trident/7.0; rv:11.0) like Gecko"
193.194.132.28 - - [21/Jan/2019:15:19:04 +0100] "GET /loadthumbnail.php?id=10745359&width=113 HTTP/1.1" 200 4202 "http://renault.activities.at/result?dir=DESC&mode=grid&order=name&limit=15&page=3&search=DACIA" "Mozilla/5.0 (Windows NT 6.1; WOW64; Trident/7.0; rv:11.0) like Gecko"
193.194.132.28 - - [21/Jan/2019:15:19:04 +0100] "GET /loadthumbnail.php?id=11521730&width=113 HTTP/1.1" 200 2841 "http://renault.activities.at/result?dir=DESC&mode=grid&order=name&limit=15&page=3&search=DACIA" "Mozilla/5.0 (Windows NT 6.1; WOW64; Trident/7.0; rv:11.0) like Gecko"
193.194.132.28 - - [21/Jan/2019:15:19:08 +0100] "GET /result?dir=DESC&mode=grid&order=name&limit=15&page=4&search=DACIA HTTP/1.1" 200 10818 "http://renault.activities.at/result?dir=DESC&mode=grid&order=name&limit=15&page=3&search=DACIA" "Mozilla/5.0 (Windows NT 6.1; WOW64; Trident/7.0; rv:11.0) like Gecko"
193.194.132.28 - - [21/Jan/2019:15:19:12 +0100] "GET /loadthumbnail.php?id=11847066&width=113 HTTP/1.1" 200 8786 "http://renault.activities.at/result?dir=DESC&mode=grid&order=name&limit=15&page=4&search=DACIA" "Mozilla/5.0 (Windows NT 6.1; WOW64; Trident/7.0; rv:11.0) like Gecko"
193.194.132.28 - - [21/Jan/2019:15:19:12 +0100] "GET /loadthumbnail.php?id=10269567&width=113 HTTP/1.1" 200 1590 "http://renault.activities.at/result?dir=DESC&mode=grid&order=name&limit=15&page=4&search=DACIA" "Mozilla/5.0 (Windows NT 6.1; WOW64; Trident/7.0; rv:11.0) like Gecko"
193.194.132.28 - - [21/Jan/2019:15:19:12 +0100] "GET /loadthumbnail.php?id=11340119&width=113 HTTP/1.1" 200 5321 "http://renault.activities.at/result?dir=DESC&mode=grid&order=name&limit=15&page=4&search=DACIA" "Mozilla/5.0 (Windows NT 6.1; WOW64; Trident/7.0; rv:11.0) like Gecko"
193.194.132.28 - - [21/Jan/2019:15:19:12 +0100] "GET /loadthumbnail.php?id=11730239&width=113 HTTP/1.1" 200 4665 "http://renault.activities.at/result?dir=DESC&mode=grid&order=name&limit=15&page=4&search=DACIA" "Mozilla/5.0 (Windows NT 6.1; WOW64; Trident/7.0; rv:11.0) like Gecko"
193.194.132.28 - - [21/Jan/2019:15:19:12 +0100] "GET /loadthumbnail.php?id=10269569&width=113 HTTP/1.1" 200 1309 "http://renault.activities.at/result?dir=DESC&mode=grid&order=name&limit=15&page=4&search=DACIA" "Mozilla/5.0 (Windows NT 6.1; WOW64; Trident/7.0; rv:11.0) like Gecko"
193.194.132.28 - - [21/Jan/2019:15:19:12 +0100] "GET /loadthumbnail.php?id=11249797&width=113 HTTP/1.1" 200 2985 "http://renault.activities.at/result?dir=DESC&mode=grid&order=name&limit=15&page=4&search=DACIA" "Mozilla/5.0 (Windows NT 6.1; WOW64; Trident/7.0; rv:11.0) like Gecko"
193.194.132.28 - - [21/Jan/2019:15:19:12 +0100] "GET /loadthumbnail.php?id=11243081&width=113 HTTP/1.1" 200 1218 "http://renault.activities.at/result?dir=DESC&mode=grid&order=name&limit=15&page=4&search=DACIA" "Mozilla/5.0 (Windows NT 6.1; WOW64; Trident/7.0; rv:11.0) like Gecko"
193.194.132.28 - - [21/Jan/2019:15:19:12 +0100] "GET /loadthumbnail.php?id=11721290&width=113 HTTP/1.1" 200 1179 "http://renault.activities.at/result?dir=DESC&mode=grid&order=name&limit=15&page=4&search=DACIA" "Mozilla/5.0 (Windows NT 6.1; WOW64; Trident/7.0; rv:11.0) like Gecko"
193.194.132.28 - - [21/Jan/2019:15:19:12 +0100] "GET /loadthumbnail.php?id=11825610&width=113 HTTP/1.1" 200 1298 "http://renault.activities.at/result?dir=DESC&mode=grid&order=name&limit=15&page=4&search=DACIA" "Mozilla/5.0 (Windows NT 6.1; WOW64; Trident/7.0; rv:11.0) like Gecko"
193.194.132.28 - - [21/Jan/2019:15:19:12 +0100] "GET /loadthumbnail.php?id=11864910&width=113 HTTP/1.1" 200 18269 "http://renault.activities.at/result?dir=DESC&mode=grid&order=name&limit=15&page=4&search=DACIA" "Mozilla/5.0 (Windows NT 6.1; WOW64; Trident/7.0; rv:11.0) like Gecko"
193.194.132.28 - - [21/Jan/2019:15:19:12 +0100] "GET /loadthumbnail.php?id=11825611&width=113 HTTP/1.1" 200 1298 "http://renault.activities.at/result?dir=DESC&mode=grid&order=name&limit=15&page=4&search=DACIA" "Mozilla/5.0 (Windows NT 6.1; WOW64; Trident/7.0; rv:11.0) like Gecko"
193.194.132.28 - - [21/Jan/2019:15:19:12 +0100] "GET /loadthumbnail.php?id=11249798&width=113 HTTP/1.1" 200 2985 "http://renault.activities.at/result?dir=DESC&mode=grid&order=name&limit=15&page=4&search=DACIA" "Mozilla/5.0 (Windows NT 6.1; WOW64; Trident/7.0; rv:11.0) like Gecko"
193.194.132.28 - - [21/Jan/2019:15:19:12 +0100] "GET /loadthumbnail.php?id=11776453&width=113 HTTP/1.1" 200 1248 "http://renault.activities.at/result?dir=DESC&mode=grid&order=name&limit=15&page=4&search=DACIA" "Mozilla/5.0 (Windows NT 6.1; WOW64; Trident/7.0; rv:11.0) like Gecko"
193.194.132.28 - - [21/Jan/2019:15:19:12 +0100] "GET /loadthumbnail.php?id=11825612&width=113 HTTP/1.1" 200 2858 "http://renault.activities.at/result?dir=DESC&mode=grid&order=name&limit=15&page=4&search=DACIA" "Mozilla/5.0 (Windows NT 6.1; WOW64; Trident/7.0; rv:11.0) like Gecko"
193.194.132.28 - - [21/Jan/2019:15:19:12 +0100] "GET /loadthumbnail.php?id=11711045&width=113 HTTP/1.1" 200 2986 "http://renault.activities.at/result?dir=DESC&mode=grid&order=name&limit=15&page=4&search=DACIA" "Mozilla/5.0 (Windows NT 6.1; WOW64; Trident/7.0; rv:11.0) like Gecko"
91.113.165.162 - - [21/Jan/2019:15:19:15 +0100] "GET /orders HTTP/1.1" 200 5782 "http://renault.activities.at/result?searchterm=true&search=dacia+coc" "Mozilla/5.0 (Windows NT 10.0; WOW64; Trident/7.0; rv:11.0) like Gecko"
91.113.165.162 - - [21/Jan/2019:15:19:17 +0100] "GET /loadthumbnail.php?id=10203276 HTTP/1.1" 200 75 "http://renault.activities.at/orders" "Mozilla/5.0 (Windows NT 10.0; WOW64; Trident/7.0; rv:11.0) like Gecko"
193.194.132.28 - - [21/Jan/2019:15:19:22 +0100] "GET /images/vista-up-hover.gif HTTP/1.1" 200 130 "http://renault.activities.at/result?dir=DESC&mode=grid&order=name&limit=15&page=4&search=DACIA" "Mozilla/5.0 (Windows NT 6.1; WOW64; Trident/7.0; rv:11.0) like Gecko"
193.194.132.28 - - [21/Jan/2019:15:19:22 +0100] "GET /images/vista-dn-hover.gif HTTP/1.1" 200 127 "http://renault.activities.at/result?dir=DESC&mode=grid&order=name&limit=15&page=4&search=DACIA" "Mozilla/5.0 (Windows NT 6.1; WOW64; Trident/7.0; rv:11.0) like Gecko"
91.113.165.162 - - [21/Jan/2019:15:19:23 +0100] "POST /axjaxrequest?mode=suggest HTTP/1.1" 200 153 "http://renault.activities.at/orders" "Mozilla/5.0 (Windows NT 10.0; WOW64; Trident/7.0; rv:11.0) like Gecko"
91.113.165.162 - - [21/Jan/2019:15:19:23 +0100] "GET /result?searchterm=true&search=coc HTTP/1.1" 200 6274 "http://renault.activities.at/orders" "Mozilla/5.0 (Windows NT 10.0; WOW64; Trident/7.0; rv:11.0) like Gecko"
91.113.165.162 - - [21/Jan/2019:15:19:26 +0100] "GET /loadthumbnail.php?id=11146700&width=113 HTTP/1.1" 200 1415 "http://renault.activities.at/result?searchterm=true&search=coc" "Mozilla/5.0 (Windows NT 10.0; WOW64; Trident/7.0; rv:11.0) like Gecko"
213.153.47.173 - - [21/Jan/2019:15:19:29 +0100] "GET /reload?ser=1548080369531 HTTP/1.1" 200 28 "http://renault.activities.at/login?required=true" "Mozilla/5.0 (Windows NT 10.0; Win64; x64; rv:64.0) Gecko/20100101 Firefox/64.0"
193.194.132.28 - - [21/Jan/2019:15:19:28 +0100] "POST /result?dir=DESC&mode=grid&order=name&limit=15&page=4&search=DACIA HTTP/1.1" 200 11017 "http://renault.activities.at/result?dir=DESC&mode=grid&order=name&limit=15&page=4&search=DACIA" "Mozilla/5.0 (Windows NT 6.1; WOW64; Trident/7.0; rv:11.0) like Gecko"
193.194.132.28 - - [21/Jan/2019:15:19:32 +0100] "GET /images/success_msg_icon.gif HTTP/1.1" 200 1024 "http://renault.activities.at/result?dir=DESC&mode=grid&order=name&limit=15&page=4&search=DACIA" "Mozilla/5.0 (Windows NT 6.1; WOW64; Trident/7.0; rv:11.0) like Gecko"
193.194.132.28 - - [21/Jan/2019:15:19:36 +0100] "GET /cart HTTP/1.1" 200 7247 "http://renault.activities.at/result?dir=DESC&mode=grid&order=name&limit=15&page=4&search=DACIA" "Mozilla/5.0 (Windows NT 6.1; WOW64; Trident/7.0; rv:11.0) like Gecko"
193.194.132.28 - - [21/Jan/2019:15:19:39 +0100] "GET /loadthumbnail.php?id=10232009&width=16&height=16 HTTP/1.1" 200 700 "http://renault.activities.at/cart" "Mozilla/5.0 (Windows NT 6.1; WOW64; Trident/7.0; rv:11.0) like Gecko"
193.194.132.28 - - [21/Jan/2019:15:19:39 +0100] "GET /loadthumbnail.php?id=11249798&width=100 HTTP/1.1" 200 2597 "http://renault.activities.at/cart" "Mozilla/5.0 (Windows NT 6.1; WOW64; Trident/7.0; rv:11.0) like Gecko"
213.90.25.78 - - [21/Jan/2019:15:19:43 +0100] "GET /reload?ser=1548080384140 HTTP/1.1" 200 28 "http://renault.activities.at/" "Mozilla/5.0 (Windows NT 6.1; WOW64; Trident/7.0; rv:11.0) like Gecko"
193.194.132.28 - - [21/Jan/2019:15:19:46 +0100] "GET /checkout HTTP/1.1" 200 22266 "http://renault.activities.at/cart" "Mozilla/5.0 (Windows NT 6.1; WOW64; Trident/7.0; rv:11.0) like Gecko"
193.194.132.28 - - [21/Jan/2019:15:19:51 +0100] "GET /js/checkout2.js HTTP/1.1" 200 4122 "http://renault.activities.at/checkout" "Mozilla/5.0 (Windows NT 6.1; WOW64; Trident/7.0; rv:11.0) like Gecko"
193.194.132.28 - - [21/Jan/2019:15:19:51 +0100] "GET /images/checkout_border.gif HTTP/1.1" 200 43 "http://renault.activities.at/checkout" "Mozilla/5.0 (Windows NT 6.1; WOW64; Trident/7.0; rv:11.0) like Gecko"
193.194.132.28 - - [21/Jan/2019:15:19:51 +0100] "GET /images/step_bg.jpg HTTP/1.1" 200 319 "http://renault.activities.at/checkout" "Mozilla/5.0 (Windows NT 6.1; WOW64; Trident/7.0; rv:11.0) like Gecko"
193.194.132.28 - - [21/Jan/2019:15:19:51 +0100] "GET /images/checkout_border_top.gif HTTP/1.1" 200 156 "http://renault.activities.at/checkout" "Mozilla/5.0 (Windows NT 6.1; WOW64; Trident/7.0; rv:11.0) like Gecko"
193.194.132.28 - - [21/Jan/2019:15:19:51 +0100] "GET /loadthumbnail.php?id=10201939 HTTP/1.1" 200 201 "http://renault.activities.at/checkout" "Mozilla/5.0 (Windows NT 6.1; WOW64; Trident/7.0; rv:11.0) like Gecko"
193.194.132.28 - - [21/Jan/2019:15:19:51 +0100] "GET /loadthumbnail.php?id=10202698 HTTP/1.1" 200 16686 "http://renault.activities.at/checkout" "Mozilla/5.0 (Windows NT 6.1; WOW64; Trident/7.0; rv:11.0) like Gecko"
91.113.165.162 - - [21/Jan/2019:15:20:26 +0100] "GET /reload?ser=1548080426516 HTTP/1.1" 200 28 "http://renault.activities.at/result?searchterm=true&search=coc" "Mozilla/5.0 (Windows NT 10.0; WOW64; Trident/7.0; rv:11.0) like Gecko"
213.153.47.173 - - [21/Jan/2019:15:20:30 +0100] "GET /reload?ser=1548080430185 HTTP/1.1" 200 28 "http://renault.activities.at/login?required=true" "Mozilla/5.0 (Windows NT 10.0; Win64; x64; rv:64.0) Gecko/20100101 Firefox/64.0"
91.113.165.162 - - [21/Jan/2019:15:20:41 +0100] "POST /result?searchterm=true&search=coc HTTP/1.1" 200 6376 "http://renault.activities.at/result?searchterm=true&search=coc" "Mozilla/5.0 (Windows NT 10.0; WOW64; Trident/7.0; rv:11.0) like Gecko"
213.90.25.78 - - [21/Jan/2019:15:20:44 +0100] "GET /reload?ser=1548080444799 HTTP/1.1" 200 28 "http://renault.activities.at/" "Mozilla/5.0 (Windows NT 6.1; WOW64; Trident/7.0; rv:11.0) like Gecko"
91.113.165.162 - - [21/Jan/2019:15:20:47 +0100] "GET /result?searchterm=true&search=garantie HTTP/1.1" 200 7245 "http://renault.activities.at/result?searchterm=true&search=coc" "Mozilla/5.0 (Windows NT 10.0; WOW64; Trident/7.0; rv:11.0) like Gecko"
91.113.165.162 - - [21/Jan/2019:15:20:50 +0100] "GET /loadthumbnail.php?id=10203650&width=113 HTTP/1.1" 200 2741 "http://renault.activities.at/result?searchterm=true&search=garantie" "Mozilla/5.0 (Windows NT 10.0; WOW64; Trident/7.0; rv:11.0) like Gecko"
91.113.165.162 - - [21/Jan/2019:15:20:50 +0100] "GET /loadthumbnail.php?id=11351226&width=113 HTTP/1.1" 200 16210 "http://renault.activities.at/result?searchterm=true&search=garantie" "Mozilla/5.0 (Windows NT 10.0; WOW64; Trident/7.0; rv:11.0) like Gecko"
91.113.165.162 - - [21/Jan/2019:15:20:50 +0100] "GET /loadthumbnail.php?id=11228497&width=113 HTTP/1.1" 200 3267 "http://renault.activities.at/result?searchterm=true&search=garantie" "Mozilla/5.0 (Windows NT 10.0; WOW64; Trident/7.0; rv:11.0) like Gecko"
91.113.165.162 - - [21/Jan/2019:15:20:50 +0100] "GET /loadthumbnail.php?id=11075482&width=113 HTTP/1.1" 200 2349 "http://renault.activities.at/result?searchterm=true&search=garantie" "Mozilla/5.0 (Windows NT 10.0; WOW64; Trident/7.0; rv:11.0) like Gecko"
91.113.165.162 - - [21/Jan/2019:15:20:50 +0100] "GET /loadthumbnail.php?id=11075492&width=113 HTTP/1.1" 200 2349 "http://renault.activities.at/result?searchterm=true&search=garantie" "Mozilla/5.0 (Windows NT 10.0; WOW64; Trident/7.0; rv:11.0) like Gecko"
91.113.165.162 - - [21/Jan/2019:15:20:50 +0100] "GET /loadthumbnail.php?id=11228502&width=113 HTTP/1.1" 200 1524 "http://renault.activities.at/result?searchterm=true&search=garantie" "Mozilla/5.0 (Windows NT 10.0; WOW64; Trident/7.0; rv:11.0) like Gecko"
91.113.165.162 - - [21/Jan/2019:15:20:50 +0100] "GET /loadthumbnail.php?id=11351222&width=113 HTTP/1.1" 200 17851 "http://renault.activities.at/result?searchterm=true&search=garantie" "Mozilla/5.0 (Windows NT 10.0; WOW64; Trident/7.0; rv:11.0) like Gecko"
91.113.165.162 - - [21/Jan/2019:15:20:48 +0100] "POST /axjaxrequest?mode=suggest HTTP/1.1" 200 174 "http://renault.activities.at/result?searchterm=true&search=coc" "Mozilla/5.0 (Windows NT 10.0; WOW64; Trident/7.0; rv:11.0) like Gecko"
193.194.132.28 - - [21/Jan/2019:15:20:51 +0100] "GET /reload?ser=1548080451801 HTTP/1.1" 200 28 "http://renault.activities.at/checkout" "Mozilla/5.0 (Windows NT 6.1; WOW64; Trident/7.0; rv:11.0) like Gecko"
91.113.165.162 - - [21/Jan/2019:15:20:57 +0100] "GET /result?searchterm=true&search=service HTTP/1.1" 200 8452 "http://renault.activities.at/result?searchterm=true&search=garantie" "Mozilla/5.0 (Windows NT 10.0; WOW64; Trident/7.0; rv:11.0) like Gecko"
91.113.165.162 - - [21/Jan/2019:15:21:00 +0100] "GET /loadthumbnail.php?id=11121996&width=113 HTTP/1.1" 200 2215 "http://renault.activities.at/result?searchterm=true&search=service" "Mozilla/5.0 (Windows NT 10.0; WOW64; Trident/7.0; rv:11.0) like Gecko"
91.113.165.162 - - [21/Jan/2019:15:21:00 +0100] "GET /loadthumbnail.php?id=11847066&width=113 HTTP/1.1" 200 8786 "http://renault.activities.at/result?searchterm=true&search=service" "Mozilla/5.0 (Windows NT 10.0; WOW64; Trident/7.0; rv:11.0) like Gecko"
91.113.165.162 - - [21/Jan/2019:15:21:00 +0100] "GET /loadthumbnail.php?id=10269567&width=113 HTTP/1.1" 200 1590 "http://renault.activities.at/result?searchterm=true&search=service" "Mozilla/5.0 (Windows NT 10.0; WOW64; Trident/7.0; rv:11.0) like Gecko"
91.113.165.162 - - [21/Jan/2019:15:21:00 +0100] "GET /loadthumbnail.php?id=11461719&width=113 HTTP/1.1" 200 32753 "http://renault.activities.at/result?searchterm=true&search=service" "Mozilla/5.0 (Windows NT 10.0; WOW64; Trident/7.0; rv:11.0) like Gecko"
91.113.165.162 - - [21/Jan/2019:15:21:00 +0100] "GET /loadthumbnail.php?id=10269569&width=113 HTTP/1.1" 200 1309 "http://renault.activities.at/result?searchterm=true&search=service" "Mozilla/5.0 (Windows NT 10.0; WOW64; Trident/7.0; rv:11.0) like Gecko"
91.113.165.162 - - [21/Jan/2019:15:21:00 +0100] "GET /loadthumbnail.php?id=11461707&width=113 HTTP/1.1" 200 27994 "http://renault.activities.at/result?searchterm=true&search=service" "Mozilla/5.0 (Windows NT 10.0; WOW64; Trident/7.0; rv:11.0) like Gecko"
91.113.165.162 - - [21/Jan/2019:15:21:00 +0100] "GET /loadthumbnail.php?id=11730248&width=113 HTTP/1.1" 200 4910 "http://renault.activities.at/result?searchterm=true&search=service" "Mozilla/5.0 (Windows NT 10.0; WOW64; Trident/7.0; rv:11.0) like Gecko"
91.113.165.162 - - [21/Jan/2019:15:21:00 +0100] "GET /loadthumbnail.php?id=10633817&width=113 HTTP/1.1" 200 2614 "http://renault.activities.at/result?searchterm=true&search=service" "Mozilla/5.0 (Windows NT 10.0; WOW64; Trident/7.0; rv:11.0) like Gecko"
91.113.165.162 - - [21/Jan/2019:15:20:58 +0100] "POST /axjaxrequest?mode=suggest HTTP/1.1" 200 184 "http://renault.activities.at/result?searchterm=true&search=garantie" "Mozilla/5.0 (Windows NT 10.0; WOW64; Trident/7.0; rv:11.0) like Gecko"
193.194.132.28 - - [21/Jan/2019:15:21:16 +0100] "POST /docheckout HTTP/1.1" 200 469 "http://renault.activities.at/checkout" "Mozilla/5.0 (Windows NT 6.1; WOW64; Trident/7.0; rv:11.0) like Gecko"
193.194.132.28 - - [21/Jan/2019:15:21:20 +0100] "POST /docheckout HTTP/1.1" 200 632 "http://renault.activities.at/checkout" "Mozilla/5.0 (Windows NT 6.1; WOW64; Trident/7.0; rv:11.0) like Gecko"
193.194.132.28 - - [21/Jan/2019:15:21:21 +0100] "GET /images/error_msg_icon.gif HTTP/1.1" 200 1013 "http://renault.activities.at/checkout" "Mozilla/5.0 (Windows NT 6.1; WOW64; Trident/7.0; rv:11.0) like Gecko"
91.113.165.162 - - [21/Jan/2019:15:21:22 +0100] "POST /result?searchterm=true&search=service HTTP/1.1" 200 8554 "http://renault.activities.at/result?searchterm=true&search=service" "Mozilla/5.0 (Windows NT 10.0; WOW64; Trident/7.0; rv:11.0) like Gecko"
213.153.47.173 - - [21/Jan/2019:15:21:30 +0100] "GET /reload?ser=1548080490844 HTTP/1.1" 200 28 "http://renault.activities.at/login?required=true" "Mozilla/5.0 (Windows NT 10.0; Win64; x64; rv:64.0) Gecko/20100101 Firefox/64.0"
193.194.132.28 - - [21/Jan/2019:15:21:29 +0100] "POST /docheckout HTTP/1.1" 200 68 "http://renault.activities.at/checkout" "Mozilla/5.0 (Windows NT 6.1; WOW64; Trident/7.0; rv:11.0) like Gecko"
193.194.132.28 - - [21/Jan/2019:15:21:32 +0100] "GET /success HTTP/1.1" 200 5897 "http://renault.activities.at/checkout" "Mozilla/5.0 (Windows NT 6.1; WOW64; Trident/7.0; rv:11.0) like Gecko"
91.113.165.162 - - [21/Jan/2019:15:21:33 +0100] "POST /result?searchterm=true&search=service HTTP/1.1" 200 8561 "http://renault.activities.at/result?searchterm=true&search=service" "Mozilla/5.0 (Windows NT 10.0; WOW64; Trident/7.0; rv:11.0) like Gecko"
213.90.25.78 - - [21/Jan/2019:15:21:45 +0100] "GET /reload?ser=1548080505467 HTTP/1.1" 200 28 "http://renault.activities.at/" "Mozilla/5.0 (Windows NT 6.1; WOW64; Trident/7.0; rv:11.0) like Gecko"
91.113.165.162 - - [21/Jan/2019:15:21:45 +0100] "POST /result?searchterm=true&search=service HTTP/1.1" 200 8553 "http://renault.activities.at/result?searchterm=true&search=service" "Mozilla/5.0 (Windows NT 10.0; WOW64; Trident/7.0; rv:11.0) like Gecko"
91.113.165.162 - - [21/Jan/2019:15:21:56 +0100] "POST /result?searchterm=true&search=service HTTP/1.1" 200 8560 "http://renault.activities.at/result?searchterm=true&search=service" "Mozilla/5.0 (Windows NT 10.0; WOW64; Trident/7.0; rv:11.0) like Gecko"
91.113.165.162 - - [21/Jan/2019:15:22:06 +0100] "POST /result?searchterm=true&search=service HTTP/1.1" 200 8550 "http://renault.activities.at/result?searchterm=true&search=service" "Mozilla/5.0 (Windows NT 10.0; WOW64; Trident/7.0; rv:11.0) like Gecko"
91.113.165.162 - - [21/Jan/2019:15:22:24 +0100] "POST /result?searchterm=true&search=service HTTP/1.1" 200 8557 "http://renault.activities.at/result?searchterm=true&search=service" "Mozilla/5.0 (Windows NT 10.0; WOW64; Trident/7.0; rv:11.0) like Gecko"
213.153.47.173 - - [21/Jan/2019:15:22:31 +0100] "GET /reload?ser=1548080551506 HTTP/1.1" 200 28 "http://renault.activities.at/login?required=true" "Mozilla/5.0 (Windows NT 10.0; Win64; x64; rv:64.0) Gecko/20100101 Firefox/64.0"
91.113.165.162 - - [21/Jan/2019:15:22:27 +0100] "POST /result?searchterm=true&search=service HTTP/1.1" 200 8557 "http://renault.activities.at/result?searchterm=true&search=service" "Mozilla/5.0 (Windows NT 10.0; WOW64; Trident/7.0; rv:11.0) like Gecko"
91.113.165.162 - - [21/Jan/2019:15:22:36 +0100] "POST /result?searchterm=true&search=service HTTP/1.1" 200 8553 "http://renault.activities.at/result?searchterm=true&search=service" "Mozilla/5.0 (Windows NT 10.0; WOW64; Trident/7.0; rv:11.0) like Gecko"
91.113.165.162 - - [21/Jan/2019:15:22:37 +0100] "POST /result?searchterm=true&search=service HTTP/1.1" 200 8553 "http://renault.activities.at/result?searchterm=true&search=service" "Mozilla/5.0 (Windows NT 10.0; WOW64; Trident/7.0; rv:11.0) like Gecko"
213.90.25.78 - - [21/Jan/2019:15:22:45 +0100] "GET /reload?ser=1548080566127 HTTP/1.1" 200 28 "http://renault.activities.at/" "Mozilla/5.0 (Windows NT 6.1; WOW64; Trident/7.0; rv:11.0) like Gecko"
91.113.165.162 - - [21/Jan/2019:15:22:50 +0100] "GET /result?searchterm=true&search=duster HTTP/1.1" 200 8815 "http://renault.activities.at/result?searchterm=true&search=service" "Mozilla/5.0 (Windows NT 10.0; WOW64; Trident/7.0; rv:11.0) like Gecko"
91.113.165.162 - - [21/Jan/2019:15:22:53 +0100] "GET /loadthumbnail.php?id=11926640&width=113 HTTP/1.1" 200 36074 "http://renault.activities.at/result?searchterm=true&search=duster" "Mozilla/5.0 (Windows NT 10.0; WOW64; Trident/7.0; rv:11.0) like Gecko"
91.113.165.162 - - [21/Jan/2019:15:22:53 +0100] "GET /loadthumbnail.php?id=11825618&width=113 HTTP/1.1" 200 2042 "http://renault.activities.at/result?searchterm=true&search=duster" "Mozilla/5.0 (Windows NT 10.0; WOW64; Trident/7.0; rv:11.0) like Gecko"
91.113.165.162 - - [21/Jan/2019:15:22:53 +0100] "GET /loadthumbnail.php?id=11679165&width=113 HTTP/1.1" 200 19398 "http://renault.activities.at/result?searchterm=true&search=duster" "Mozilla/5.0 (Windows NT 10.0; WOW64; Trident/7.0; rv:11.0) like Gecko"
91.113.165.162 - - [21/Jan/2019:15:22:53 +0100] "GET /loadthumbnail.php?id=11825617&width=113 HTTP/1.1" 200 2042 "http://renault.activities.at/result?searchterm=true&search=duster" "Mozilla/5.0 (Windows NT 10.0; WOW64; Trident/7.0; rv:11.0) like Gecko"
91.113.165.162 - - [21/Jan/2019:15:22:53 +0100] "GET /loadthumbnail.php?id=11710979&width=113 HTTP/1.1" 200 1909 "http://renault.activities.at/result?searchterm=true&search=duster" "Mozilla/5.0 (Windows NT 10.0; WOW64; Trident/7.0; rv:11.0) like Gecko"
91.113.165.162 - - [21/Jan/2019:15:22:53 +0100] "GET /loadthumbnail.php?id=11676220&width=113 HTTP/1.1" 200 1633 "http://renault.activities.at/result?searchterm=true&search=duster" "Mozilla/5.0 (Windows NT 10.0; WOW64; Trident/7.0; rv:11.0) like Gecko"
91.113.165.162 - - [21/Jan/2019:15:22:54 +0100] "GET /loadthumbnail.php?id=11665065&width=113 HTTP/1.1" 200 2677 "http://renault.activities.at/result?searchterm=true&search=duster" "Mozilla/5.0 (Windows NT 10.0; WOW64; Trident/7.0; rv:11.0) like Gecko"
91.113.165.162 - - [21/Jan/2019:15:22:54 +0100] "GET /loadthumbnail.php?id=11825610&width=113 HTTP/1.1" 200 1298 "http://renault.activities.at/result?searchterm=true&search=duster" "Mozilla/5.0 (Windows NT 10.0; WOW64; Trident/7.0; rv:11.0) like Gecko"
91.113.165.162 - - [21/Jan/2019:15:22:54 +0100] "GET /loadthumbnail.php?id=11784480&width=113 HTTP/1.1" 200 4887 "http://renault.activities.at/result?searchterm=true&search=duster" "Mozilla/5.0 (Windows NT 10.0; WOW64; Trident/7.0; rv:11.0) like Gecko"
91.113.165.162 - - [21/Jan/2019:15:22:54 +0100] "GET /loadthumbnail.php?id=11825612&width=113 HTTP/1.1" 200 2858 "http://renault.activities.at/result?searchterm=true&search=duster" "Mozilla/5.0 (Windows NT 10.0; WOW64; Trident/7.0; rv:11.0) like Gecko"
91.113.165.162 - - [21/Jan/2019:15:22:54 +0100] "GET /loadthumbnail.php?id=11665066&width=113 HTTP/1.1" 200 4533 "http://renault.activities.at/result?searchterm=true&search=duster" "Mozilla/5.0 (Windows NT 10.0; WOW64; Trident/7.0; rv:11.0) like Gecko"
91.113.165.162 - - [21/Jan/2019:15:22:54 +0100] "GET /loadthumbnail.php?id=11825611&width=113 HTTP/1.1" 200 1298 "http://renault.activities.at/result?searchterm=true&search=duster" "Mozilla/5.0 (Windows NT 10.0; WOW64; Trident/7.0; rv:11.0) like Gecko"
91.113.165.162 - - [21/Jan/2019:15:22:54 +0100] "GET /loadthumbnail.php?id=11711045&width=113 HTTP/1.1" 200 2986 "http://renault.activities.at/result?searchterm=true&search=duster" "Mozilla/5.0 (Windows NT 10.0; WOW64; Trident/7.0; rv:11.0) like Gecko"
91.113.165.162 - - [21/Jan/2019:15:22:54 +0100] "GET /loadthumbnail.php?id=11877757&width=113 HTTP/1.1" 200 32396 "http://renault.activities.at/result?searchterm=true&search=duster" "Mozilla/5.0 (Windows NT 10.0; WOW64; Trident/7.0; rv:11.0) like Gecko"
91.113.165.162 - - [21/Jan/2019:15:22:50 +0100] "POST /axjaxrequest?mode=suggest HTTP/1.1" 200 111 "http://renault.activities.at/result?searchterm=true&search=service" "Mozilla/5.0 (Windows NT 10.0; WOW64; Trident/7.0; rv:11.0) like Gecko"
91.113.165.162 - - [21/Jan/2019:15:23:08 +0100] "POST /result?searchterm=true&search=duster HTTP/1.1" 200 8917 "http://renault.activities.at/result?searchterm=true&search=duster" "Mozilla/5.0 (Windows NT 10.0; WOW64; Trident/7.0; rv:11.0) like Gecko"
91.113.165.162 - - [21/Jan/2019:15:23:14 +0100] "GET /checkout HTTP/1.1" 200 10411 "http://renault.activities.at/result?searchterm=true&search=duster" "Mozilla/5.0 (Windows NT 10.0; WOW64; Trident/7.0; rv:11.0) like Gecko"
91.113.165.162 - - [21/Jan/2019:15:23:18 +0100] "GET /checkout HTTP/1.1" 200 10411 "http://renault.activities.at/result?searchterm=true&search=duster" "Mozilla/5.0 (Windows NT 10.0; WOW64; Trident/7.0; rv:11.0) like Gecko"
91.113.165.162 - - [21/Jan/2019:15:23:24 +0100] "GET /images/ajax_loading.gif HTTP/1.1" 200 1542 "http://renault.activities.at/checkout" "Mozilla/5.0 (Windows NT 10.0; WOW64; Trident/7.0; rv:11.0) like Gecko"
91.113.165.162 - - [21/Jan/2019:15:23:24 +0100] "GET /js/checkout2.js HTTP/1.1" 200 4122 "http://renault.activities.at/checkout" "Mozilla/5.0 (Windows NT 10.0; WOW64; Trident/7.0; rv:11.0) like Gecko"
91.113.165.162 - - [21/Jan/2019:15:23:24 +0100] "GET /images/checkout_border_top.gif HTTP/1.1" 200 156 "http://renault.activities.at/checkout" "Mozilla/5.0 (Windows NT 10.0; WOW64; Trident/7.0; rv:11.0) like Gecko"
91.113.165.162 - - [21/Jan/2019:15:23:24 +0100] "GET /images/step_marker.gif HTTP/1.1" 200 650 "http://renault.activities.at/checkout" "Mozilla/5.0 (Windows NT 10.0; WOW64; Trident/7.0; rv:11.0) like Gecko"
91.113.165.162 - - [21/Jan/2019:15:23:24 +0100] "GET /images/checkout_border.gif HTTP/1.1" 200 43 "http://renault.activities.at/checkout" "Mozilla/5.0 (Windows NT 10.0; WOW64; Trident/7.0; rv:11.0) like Gecko"
91.113.165.162 - - [21/Jan/2019:15:23:24 +0100] "GET /images/step_bg.jpg HTTP/1.1" 200 319 "http://renault.activities.at/checkout" "Mozilla/5.0 (Windows NT 10.0; WOW64; Trident/7.0; rv:11.0) like Gecko"
91.113.165.162 - - [21/Jan/2019:15:23:24 +0100] "GET /loadthumbnail.php?id=10201939 HTTP/1.1" 200 201 "http://renault.activities.at/checkout" "Mozilla/5.0 (Windows NT 10.0; WOW64; Trident/7.0; rv:11.0) like Gecko"
91.113.165.162 - - [21/Jan/2019:15:23:24 +0100] "GET /loadthumbnail.php?id=10202698 HTTP/1.1" 200 16686 "http://renault.activities.at/checkout" "Mozilla/5.0 (Windows NT 10.0; WOW64; Trident/7.0; rv:11.0) like Gecko"
213.153.47.173 - - [21/Jan/2019:15:23:32 +0100] "GET /reload?ser=1548080612166 HTTP/1.1" 200 28 "http://renault.activities.at/login?required=true" "Mozilla/5.0 (Windows NT 10.0; Win64; x64; rv:64.0) Gecko/20100101 Firefox/64.0"
91.113.165.162 - - [21/Jan/2019:15:23:31 +0100] "POST /docheckout HTTP/1.1" 200 460 "http://renault.activities.at/checkout" "Mozilla/5.0 (Windows NT 10.0; WOW64; Trident/7.0; rv:11.0) like Gecko"
91.113.165.162 - - [21/Jan/2019:15:23:35 +0100] "POST /docheckout HTTP/1.1" 200 976 "http://renault.activities.at/checkout" "Mozilla/5.0 (Windows NT 10.0; WOW64; Trident/7.0; rv:11.0) like Gecko"
91.113.165.162 - - [21/Jan/2019:15:23:40 +0100] "POST /docheckout HTTP/1.1" 200 68 "http://renault.activities.at/checkout" "Mozilla/5.0 (Windows NT 10.0; WOW64; Trident/7.0; rv:11.0) like Gecko"
91.113.165.162 - - [21/Jan/2019:15:23:44 +0100] "GET /success HTTP/1.1" 200 3789 "http://renault.activities.at/checkout" "Mozilla/5.0 (Windows NT 10.0; WOW64; Trident/7.0; rv:11.0) like Gecko"
213.90.25.78 - - [21/Jan/2019:15:23:46 +0100] "GET /reload?ser=1548080626797 HTTP/1.1" 200 28 "http://renault.activities.at/" "Mozilla/5.0 (Windows NT 6.1; WOW64; Trident/7.0; rv:11.0) like Gecko"
213.153.47.173 - - [21/Jan/2019:15:24:32 +0100] "GET /reload?ser=1548080672816 HTTP/1.1" 200 28 "http://renault.activities.at/login?required=true" "Mozilla/5.0 (Windows NT 10.0; Win64; x64; rv:64.0) Gecko/20100101 Firefox/64.0"
213.90.25.78 - - [21/Jan/2019:15:24:47 +0100] "GET /reload?ser=1548080687481 HTTP/1.1" 200 28 "http://renault.activities.at/" "Mozilla/5.0 (Windows NT 6.1; WOW64; Trident/7.0; rv:11.0) like Gecko"
213.153.47.173 - - [21/Jan/2019:15:25:33 +0100] "GET /reload?ser=1548080733477 HTTP/1.1" 200 28 "http://renault.activities.at/login?required=true" "Mozilla/5.0 (Windows NT 10.0; Win64; x64; rv:64.0) Gecko/20100101 Firefox/64.0"
213.90.25.78 - - [21/Jan/2019:15:25:47 +0100] "GET /reload?ser=1548080748141 HTTP/1.1" 200 28 "http://renault.activities.at/" "Mozilla/5.0 (Windows NT 6.1; WOW64; Trident/7.0; rv:11.0) like Gecko"
213.153.47.173 - - [21/Jan/2019:15:26:34 +0100] "GET /reload?ser=1548080794166 HTTP/1.1" 200 28 "http://renault.activities.at/login?required=true" "Mozilla/5.0 (Windows NT 10.0; Win64; x64; rv:64.0) Gecko/20100101 Firefox/64.0"
213.90.25.78 - - [21/Jan/2019:15:26:48 +0100] "GET /reload?ser=1548080808799 HTTP/1.1" 200 28 "http://renault.activities.at/" "Mozilla/5.0 (Windows NT 6.1; WOW64; Trident/7.0; rv:11.0) like Gecko"
213.153.47.173 - - [21/Jan/2019:15:27:34 +0100] "GET /reload?ser=1548080854837 HTTP/1.1" 200 28 "http://renault.activities.at/login?required=true" "Mozilla/5.0 (Windows NT 10.0; Win64; x64; rv:64.0) Gecko/20100101 Firefox/64.0"
213.90.25.78 - - [21/Jan/2019:15:27:49 +0100] "GET /reload?ser=1548080869457 HTTP/1.1" 200 28 "http://renault.activities.at/" "Mozilla/5.0 (Windows NT 6.1; WOW64; Trident/7.0; rv:11.0) like Gecko"
80.120.5.131 - - [21/Jan/2019:15:28:10 +0100] "GET /10201637 HTTP/1.1" 302 150 "-" "Mozilla/5.0 (Macintosh; Intel Mac OS X 10_13_6) AppleWebKit/605.1.15 (KHTML, like Gecko)"
80.120.5.131 - - [21/Jan/2019:15:28:13 +0100] "GET /login?required=true HTTP/1.1" 200 2086 "-" "Mozilla/5.0 (Macintosh; Intel Mac OS X 10_13_6) AppleWebKit/605.1.15 (KHTML, like Gecko)"
80.120.5.131 - - [21/Jan/2019:15:28:13 +0100] "GET /apple-touch-icon-precomposed.png HTTP/1.1" 200 1559 "-" "Safari/13606.3.4.1.4 CFNetwork/902.3.1 Darwin/17.7.0 (x86_64)"
80.120.5.131 - - [21/Jan/2019:15:28:14 +0100] "GET /apple-touch-icon.png HTTP/1.1" 200 1559 "-" "Safari/13606.3.4.1.4 CFNetwork/902.3.1 Darwin/17.7.0 (x86_64)"
80.120.5.131 - - [21/Jan/2019:15:28:15 +0100] "GET /images/favicon.ico HTTP/1.1" 404 305 "-" "Safari/13606.3.4.1.4 CFNetwork/902.3.1 Darwin/17.7.0 (x86_64)"
80.120.5.131 - - [21/Jan/2019:15:28:16 +0100] "GET /images/favicon.ico HTTP/1.1" 404 305 "-" "Safari/13606.3.4.1.4 CFNetwork/902.3.1 Darwin/17.7.0 (x86_64)"
80.120.5.131 - - [21/Jan/2019:15:28:16 +0100] "GET /favicon.ico HTTP/1.1" 200 3250 "-" "Safari/13606.3.4.1.4 CFNetwork/902.3.1 Darwin/17.7.0 (x86_64)"
80.120.5.131 - - [21/Jan/2019:15:28:16 +0100] "GET /apple-touch-icon-precomposed.png HTTP/1.1" 200 1559 "-" "Safari/13606.3.4.1.4 CFNetwork/902.3.1 Darwin/17.7.0 (x86_64)"
80.120.5.131 - - [21/Jan/2019:15:28:17 +0100] "GET /apple-touch-icon.png HTTP/1.1" 200 1559 "-" "Safari/13606.3.4.1.4 CFNetwork/902.3.1 Darwin/17.7.0 (x86_64)"
80.120.5.131 - - [21/Jan/2019:15:28:18 +0100] "GET /images/favicon.ico HTTP/1.1" 404 305 "-" "Safari/13606.3.4.1.4 CFNetwork/902.3.1 Darwin/17.7.0 (x86_64)"
