80.120.5.131 - - [23/Jan/2019:12:24:27 +0100] "GET /images/main_block_corner_right_top.gif HTTP/1.1" 304 - "http://renault.activities.at/result?searchterm=true&search=Reifens" "Mozilla/5.0 (Windows NT 6.1; WOW64; Trident/7.0; rv:11.0) like Gecko"
80.120.5.131 - - [23/Jan/2019:12:24:27 +0100] "GET /images/main_block_corner_right_bot.gif HTTP/1.1" 304 - "http://renault.activities.at/result?searchterm=true&search=Reifens" "Mozilla/5.0 (Windows NT 6.1; WOW64; Trident/7.0; rv:11.0) like Gecko"
80.120.5.131 - - [23/Jan/2019:12:24:27 +0100] "GET /images/search_bg.gif HTTP/1.1" 304 - "http://renault.activities.at/result?searchterm=true&search=Reifens" "Mozilla/5.0 (Windows NT 6.1; WOW64; Trident/7.0; rv:11.0) like Gecko"
80.120.5.131 - - [23/Jan/2019:12:24:27 +0100] "GET /images/header_block_corner_right_top.gif HTTP/1.1" 304 - "http://renault.activities.at/result?searchterm=true&search=Reifens" "Mozilla/5.0 (Windows NT 6.1; WOW64; Trident/7.0; rv:11.0) like Gecko"
80.120.5.131 - - [23/Jan/2019:12:24:27 +0100] "GET /images/title_corner_right_top.jpg HTTP/1.1" 304 - "http://renault.activities.at/result?searchterm=true&search=Reifens" "Mozilla/5.0 (Windows NT 6.1; WOW64; Trident/7.0; rv:11.0) like Gecko"
80.120.5.131 - - [23/Jan/2019:12:24:27 +0100] "GET /images/pager_bg.gif HTTP/1.1" 304 - "http://renault.activities.at/result?searchterm=true&search=Reifens" "Mozilla/5.0 (Windows NT 6.1; WOW64; Trident/7.0; rv:11.0) like Gecko"
80.120.5.131 - - [23/Jan/2019:12:24:27 +0100] "GET /images/vista-up.gif HTTP/1.1" 304 - "http://renault.activities.at/result?searchterm=true&search=Reifens" "Mozilla/5.0 (Windows NT 6.1; WOW64; Trident/7.0; rv:11.0) like Gecko"
80.120.5.131 - - [23/Jan/2019:12:24:27 +0100] "GET /images/nav_divider.gif HTTP/1.1" 304 - "http://renault.activities.at/result?searchterm=true&search=Reifens" "Mozilla/5.0 (Windows NT 6.1; WOW64; Trident/7.0; rv:11.0) like Gecko"
80.120.5.131 - - [23/Jan/2019:12:24:27 +0100] "GET /images/top_links_divider.gif HTTP/1.1" 304 - "http://renault.activities.at/result?searchterm=true&search=Reifens" "Mozilla/5.0 (Windows NT 6.1; WOW64; Trident/7.0; rv:11.0) like Gecko"
80.120.5.131 - - [23/Jan/2019:12:24:27 +0100] "GET /images/menu_button_bg.jpg HTTP/1.1" 304 - "http://renault.activities.at/result?searchterm=true&search=Reifens" "Mozilla/5.0 (Windows NT 6.1; WOW64; Trident/7.0; rv:11.0) like Gecko"
80.120.5.131 - - [23/Jan/2019:12:24:27 +0100] "GET /images/sidebar_title_corner_left_top.gif HTTP/1.1" 304 - "http://renault.activities.at/result?searchterm=true&search=Reifens" "Mozilla/5.0 (Windows NT 6.1; WOW64; Trident/7.0; rv:11.0) like Gecko"
80.120.5.131 - - [23/Jan/2019:12:24:27 +0100] "GET /images/title_corner_left_top.jpg HTTP/1.1" 304 - "http://renault.activities.at/result?searchterm=true&search=Reifens" "Mozilla/5.0 (Windows NT 6.1; WOW64; Trident/7.0; rv:11.0) like Gecko"
80.120.5.131 - - [23/Jan/2019:12:24:27 +0100] "GET /images/title_border_top.jpg HTTP/1.1" 304 - "http://renault.activities.at/result?searchterm=true&search=Reifens" "Mozilla/5.0 (Windows NT 6.1; WOW64; Trident/7.0; rv:11.0) like Gecko"
80.120.5.131 - - [23/Jan/2019:12:24:27 +0100] "GET /images/button_bg.gif HTTP/1.1" 304 - "http://renault.activities.at/result?searchterm=true&search=Reifens" "Mozilla/5.0 (Windows NT 6.1; WOW64; Trident/7.0; rv:11.0) like Gecko"
80.120.5.131 - - [23/Jan/2019:12:24:27 +0100] "GET /images/title_border.jpg HTTP/1.1" 304 - "http://renault.activities.at/result?searchterm=true&search=Reifens" "Mozilla/5.0 (Windows NT 6.1; WOW64; Trident/7.0; rv:11.0) like Gecko"
80.120.5.131 - - [23/Jan/2019:12:24:27 +0100] "GET /images/button_right_bg.gif HTTP/1.1" 304 - "http://renault.activities.at/result?searchterm=true&search=Reifens" "Mozilla/5.0 (Windows NT 6.1; WOW64; Trident/7.0; rv:11.0) like Gecko"
80.120.5.131 - - [23/Jan/2019:12:24:27 +0100] "GET /images/sidebar_title_border.gif HTTP/1.1" 304 - "http://renault.activities.at/result?searchterm=true&search=Reifens" "Mozilla/5.0 (Windows NT 6.1; WOW64; Trident/7.0; rv:11.0) like Gecko"
80.120.5.131 - - [23/Jan/2019:12:24:27 +0100] "GET /images/sidebar_title_border_top.gif HTTP/1.1" 304 - "http://renault.activities.at/result?searchterm=true&search=Reifens" "Mozilla/5.0 (Windows NT 6.1; WOW64; Trident/7.0; rv:11.0) like Gecko"
80.120.5.131 - - [23/Jan/2019:12:24:27 +0100] "GET /images/sidebar_title_corner_right_top.gif HTTP/1.1" 304 - "http://renault.activities.at/result?searchterm=true&search=Reifens" "Mozilla/5.0 (Windows NT 6.1; WOW64; Trident/7.0; rv:11.0) like Gecko"
80.120.5.131 - - [23/Jan/2019:12:24:27 +0100] "GET /images/menu_divider.gif HTTP/1.1" 304 - "http://renault.activities.at/result?searchterm=true&search=Reifens" "Mozilla/5.0 (Windows NT 6.1; WOW64; Trident/7.0; rv:11.0) like Gecko"
80.120.5.131 - - [23/Jan/2019:12:24:27 +0100] "GET /images/button_left_bg.gif HTTP/1.1" 304 - "http://renault.activities.at/result?searchterm=true&search=Reifens" "Mozilla/5.0 (Windows NT 6.1; WOW64; Trident/7.0; rv:11.0) like Gecko"
80.120.5.131 - - [23/Jan/2019:12:24:27 +0100] "GET /images/vista-dn.gif HTTP/1.1" 304 - "http://renault.activities.at/result?searchterm=true&search=Reifens" "Mozilla/5.0 (Windows NT 6.1; WOW64; Trident/7.0; rv:11.0) like Gecko"
80.120.5.131 - - [23/Jan/2019:12:24:27 +0100] "GET /images/validation_advice_bg.gif HTTP/1.1" 304 - "http://renault.activities.at/result?searchterm=true&search=Reifens" "Mozilla/5.0 (Windows NT 6.1; WOW64; Trident/7.0; rv:11.0) like Gecko"
80.120.5.131 - - [23/Jan/2019:12:24:27 +0100] "GET /images/footer_divider.gif HTTP/1.1" 304 - "http://renault.activities.at/result?searchterm=true&search=Reifens" "Mozilla/5.0 (Windows NT 6.1; WOW64; Trident/7.0; rv:11.0) like Gecko"
80.120.5.131 - - [23/Jan/2019:12:24:37 +0100] "GET /account HTTP/1.1" 200 8266 "http://renault.activities.at/result?searchterm=true&search=Reifens" "Mozilla/5.0 (Windows NT 6.1; WOW64; Trident/7.0; rv:11.0) like Gecko"
80.120.5.131 - - [23/Jan/2019:12:24:39 +0100] "GET /js/default.js HTTP/1.1" 304 - "http://renault.activities.at/account" "Mozilla/5.0 (Windows NT 6.1; WOW64; Trident/7.0; rv:11.0) like Gecko"
80.120.5.131 - - [23/Jan/2019:12:24:39 +0100] "GET /css/reset.css HTTP/1.1" 304 - "http://renault.activities.at/account" "Mozilla/5.0 (Windows NT 6.1; WOW64; Trident/7.0; rv:11.0) like Gecko"
80.120.5.131 - - [23/Jan/2019:12:24:39 +0100] "GET /css/styles.css HTTP/1.1" 304 - "http://renault.activities.at/account" "Mozilla/5.0 (Windows NT 6.1; WOW64; Trident/7.0; rv:11.0) like Gecko"
80.120.5.131 - - [23/Jan/2019:12:24:39 +0100] "GET /css/clears.css HTTP/1.1" 304 - "http://renault.activities.at/account" "Mozilla/5.0 (Windows NT 6.1; WOW64; Trident/7.0; rv:11.0) like Gecko"
80.120.5.131 - - [23/Jan/2019:12:24:39 +0100] "GET /css/print.css HTTP/1.1" 304 - "http://renault.activities.at/account" "Mozilla/5.0 (Windows NT 6.1; WOW64; Trident/7.0; rv:11.0) like Gecko"
80.120.5.131 - - [23/Jan/2019:12:24:39 +0100] "GET /js/checkout.css HTTP/1.1" 304 - "http://renault.activities.at/account" "Mozilla/5.0 (Windows NT 6.1; WOW64; Trident/7.0; rv:11.0) like Gecko"
80.120.5.131 - - [23/Jan/2019:12:24:39 +0100] "GET /css/prototip.css HTTP/1.1" 304 - "http://renault.activities.at/account" "Mozilla/5.0 (Windows NT 6.1; WOW64; Trident/7.0; rv:11.0) like Gecko"
80.120.5.131 - - [23/Jan/2019:12:24:39 +0100] "GET /css/themes/default.css HTTP/1.1" 304 - "http://renault.activities.at/account" "Mozilla/5.0 (Windows NT 6.1; WOW64; Trident/7.0; rv:11.0) like Gecko"
80.120.5.131 - - [23/Jan/2019:12:24:39 +0100] "GET /css/themes/alphacube.css HTTP/1.1" 304 - "http://renault.activities.at/account" "Mozilla/5.0 (Windows NT 6.1; WOW64; Trident/7.0; rv:11.0) like Gecko"
80.120.5.131 - - [23/Jan/2019:12:24:39 +0100] "GET /images/ajax_loading.gif HTTP/1.1" 304 - "http://renault.activities.at/account" "Mozilla/5.0 (Windows NT 6.1; WOW64; Trident/7.0; rv:11.0) like Gecko"
80.120.5.131 - - [23/Jan/2019:12:24:39 +0100] "GET /js/account.js HTTP/1.1" 304 - "http://renault.activities.at/account" "Mozilla/5.0 (Windows NT 6.1; WOW64; Trident/7.0; rv:11.0) like Gecko"
80.120.5.131 - - [23/Jan/2019:12:24:39 +0100] "GET /images/main_block_corner_right_top.gif HTTP/1.1" 304 - "http://renault.activities.at/account" "Mozilla/5.0 (Windows NT 6.1; WOW64; Trident/7.0; rv:11.0) like Gecko"
80.120.5.131 - - [23/Jan/2019:12:24:39 +0100] "GET /images/header_block_corner_right_top.gif HTTP/1.1" 304 - "http://renault.activities.at/account" "Mozilla/5.0 (Windows NT 6.1; WOW64; Trident/7.0; rv:11.0) like Gecko"
80.120.5.131 - - [23/Jan/2019:12:24:39 +0100] "GET /images/main_block_corner_left_bot.gif HTTP/1.1" 304 - "http://renault.activities.at/account" "Mozilla/5.0 (Windows NT 6.1; WOW64; Trident/7.0; rv:11.0) like Gecko"
80.120.5.131 - - [23/Jan/2019:12:24:39 +0100] "GET /images/search_bg.gif HTTP/1.1" 304 - "http://renault.activities.at/account" "Mozilla/5.0 (Windows NT 6.1; WOW64; Trident/7.0; rv:11.0) like Gecko"
80.120.5.131 - - [23/Jan/2019:12:24:39 +0100] "GET /images/main_block_border.gif HTTP/1.1" 304 - "http://renault.activities.at/account" "Mozilla/5.0 (Windows NT 6.1; WOW64; Trident/7.0; rv:11.0) like Gecko"
80.120.5.131 - - [23/Jan/2019:12:24:39 +0100] "GET /images/main_block_corner_left_top.gif HTTP/1.1" 304 - "http://renault.activities.at/account" "Mozilla/5.0 (Windows NT 6.1; WOW64; Trident/7.0; rv:11.0) like Gecko"
80.120.5.131 - - [23/Jan/2019:12:24:39 +0100] "GET /images/header_block_corner_left_top.gif HTTP/1.1" 304 - "http://renault.activities.at/account" "Mozilla/5.0 (Windows NT 6.1; WOW64; Trident/7.0; rv:11.0) like Gecko"
80.120.5.131 - - [23/Jan/2019:12:24:39 +0100] "GET /images/header_block_border.gif HTTP/1.1" 304 - "http://renault.activities.at/account" "Mozilla/5.0 (Windows NT 6.1; WOW64; Trident/7.0; rv:11.0) like Gecko"
80.120.5.131 - - [23/Jan/2019:12:24:39 +0100] "GET /images/main_block_corner_right_bot.gif HTTP/1.1" 304 - "http://renault.activities.at/account" "Mozilla/5.0 (Windows NT 6.1; WOW64; Trident/7.0; rv:11.0) like Gecko"
80.120.5.131 - - [23/Jan/2019:12:24:39 +0100] "GET /images/title_border.jpg HTTP/1.1" 304 - "http://renault.activities.at/account" "Mozilla/5.0 (Windows NT 6.1; WOW64; Trident/7.0; rv:11.0) like Gecko"
80.120.5.131 - - [23/Jan/2019:12:24:39 +0100] "GET /images/menu_divider.gif HTTP/1.1" 304 - "http://renault.activities.at/account" "Mozilla/5.0 (Windows NT 6.1; WOW64; Trident/7.0; rv:11.0) like Gecko"
80.120.5.131 - - [23/Jan/2019:12:24:39 +0100] "GET /images/sidebar_title_border.gif HTTP/1.1" 304 - "http://renault.activities.at/account" "Mozilla/5.0 (Windows NT 6.1; WOW64; Trident/7.0; rv:11.0) like Gecko"
80.120.5.131 - - [23/Jan/2019:12:24:39 +0100] "GET /images/button_right_bg.gif HTTP/1.1" 304 - "http://renault.activities.at/account" "Mozilla/5.0 (Windows NT 6.1; WOW64; Trident/7.0; rv:11.0) like Gecko"
80.120.5.131 - - [23/Jan/2019:12:24:39 +0100] "GET /images/nav_divider.gif HTTP/1.1" 304 - "http://renault.activities.at/account" "Mozilla/5.0 (Windows NT 6.1; WOW64; Trident/7.0; rv:11.0) like Gecko"
80.120.5.131 - - [23/Jan/2019:12:24:39 +0100] "GET /images/button_left_bg.gif HTTP/1.1" 304 - "http://renault.activities.at/account" "Mozilla/5.0 (Windows NT 6.1; WOW64; Trident/7.0; rv:11.0) like Gecko"
80.120.5.131 - - [23/Jan/2019:12:24:39 +0100] "GET /images/sidebar_title_border_top.gif HTTP/1.1" 304 - "http://renault.activities.at/account" "Mozilla/5.0 (Windows NT 6.1; WOW64; Trident/7.0; rv:11.0) like Gecko"
80.120.5.131 - - [23/Jan/2019:12:24:39 +0100] "GET /images/menu_button_bg.jpg HTTP/1.1" 304 - "http://renault.activities.at/account" "Mozilla/5.0 (Windows NT 6.1; WOW64; Trident/7.0; rv:11.0) like Gecko"
80.120.5.131 - - [23/Jan/2019:12:24:39 +0100] "GET /images/button_bg.gif HTTP/1.1" 304 - "http://renault.activities.at/account" "Mozilla/5.0 (Windows NT 6.1; WOW64; Trident/7.0; rv:11.0) like Gecko"
80.120.5.131 - - [23/Jan/2019:12:24:39 +0100] "GET /images/top_links_divider.gif HTTP/1.1" 304 - "http://renault.activities.at/account" "Mozilla/5.0 (Windows NT 6.1; WOW64; Trident/7.0; rv:11.0) like Gecko"
80.120.5.131 - - [23/Jan/2019:12:24:39 +0100] "GET /images/validation_advice_bg.gif HTTP/1.1" 304 - "http://renault.activities.at/account" "Mozilla/5.0 (Windows NT 6.1; WOW64; Trident/7.0; rv:11.0) like Gecko"
80.120.5.131 - - [23/Jan/2019:12:24:39 +0100] "GET /images/reset_bg.gif HTTP/1.1" 200 785 "http://renault.activities.at/account" "Mozilla/5.0 (Windows NT 6.1; WOW64; Trident/7.0; rv:11.0) like Gecko"
80.120.5.131 - - [23/Jan/2019:12:24:39 +0100] "GET /images/title_corner_left_top.jpg HTTP/1.1" 304 - "http://renault.activities.at/account" "Mozilla/5.0 (Windows NT 6.1; WOW64; Trident/7.0; rv:11.0) like Gecko"
80.120.5.131 - - [23/Jan/2019:12:24:39 +0100] "GET /images/title_corner_right_top.jpg HTTP/1.1" 304 - "http://renault.activities.at/account" "Mozilla/5.0 (Windows NT 6.1; WOW64; Trident/7.0; rv:11.0) like Gecko"
80.120.5.131 - - [23/Jan/2019:12:24:39 +0100] "GET /images/sidebar_title_corner_left_top.gif HTTP/1.1" 304 - "http://renault.activities.at/account" "Mozilla/5.0 (Windows NT 6.1; WOW64; Trident/7.0; rv:11.0) like Gecko"
80.120.5.131 - - [23/Jan/2019:12:24:39 +0100] "GET /images/sidebar_title_corner_right_top.gif HTTP/1.1" 304 - "http://renault.activities.at/account" "Mozilla/5.0 (Windows NT 6.1; WOW64; Trident/7.0; rv:11.0) like Gecko"
80.120.5.131 - - [23/Jan/2019:12:24:39 +0100] "GET /images/title_border_top.jpg HTTP/1.1" 304 - "http://renault.activities.at/account" "Mozilla/5.0 (Windows NT 6.1; WOW64; Trident/7.0; rv:11.0) like Gecko"
80.120.5.131 - - [23/Jan/2019:12:24:39 +0100] "GET /images/footer_divider.gif HTTP/1.1" 304 - "http://renault.activities.at/account" "Mozilla/5.0 (Windows NT 6.1; WOW64; Trident/7.0; rv:11.0) like Gecko"
80.120.5.131 - - [23/Jan/2019:12:24:45 +0100] "GET /orders HTTP/1.1" 200 7092 "http://renault.activities.at/account" "Mozilla/5.0 (Windows NT 6.1; WOW64; Trident/7.0; rv:11.0) like Gecko"
80.120.5.131 - - [23/Jan/2019:12:24:47 +0100] "GET /js/default.js HTTP/1.1" 304 - "http://renault.activities.at/orders" "Mozilla/5.0 (Windows NT 6.1; WOW64; Trident/7.0; rv:11.0) like Gecko"
80.120.5.131 - - [23/Jan/2019:12:24:47 +0100] "GET /css/reset.css HTTP/1.1" 304 - "http://renault.activities.at/orders" "Mozilla/5.0 (Windows NT 6.1; WOW64; Trident/7.0; rv:11.0) like Gecko"
80.120.5.131 - - [23/Jan/2019:12:24:47 +0100] "GET /css/styles.css HTTP/1.1" 304 - "http://renault.activities.at/orders" "Mozilla/5.0 (Windows NT 6.1; WOW64; Trident/7.0; rv:11.0) like Gecko"
80.120.5.131 - - [23/Jan/2019:12:24:47 +0100] "GET /css/clears.css HTTP/1.1" 304 - "http://renault.activities.at/orders" "Mozilla/5.0 (Windows NT 6.1; WOW64; Trident/7.0; rv:11.0) like Gecko"
80.120.5.131 - - [23/Jan/2019:12:24:47 +0100] "GET /css/print.css HTTP/1.1" 304 - "http://renault.activities.at/orders" "Mozilla/5.0 (Windows NT 6.1; WOW64; Trident/7.0; rv:11.0) like Gecko"
80.120.5.131 - - [23/Jan/2019:12:24:47 +0100] "GET /js/checkout.css HTTP/1.1" 304 - "http://renault.activities.at/orders" "Mozilla/5.0 (Windows NT 6.1; WOW64; Trident/7.0; rv:11.0) like Gecko"
80.120.5.131 - - [23/Jan/2019:12:24:47 +0100] "GET /css/prototip.css HTTP/1.1" 304 - "http://renault.activities.at/orders" "Mozilla/5.0 (Windows NT 6.1; WOW64; Trident/7.0; rv:11.0) like Gecko"
80.120.5.131 - - [23/Jan/2019:12:24:47 +0100] "GET /css/themes/default.css HTTP/1.1" 304 - "http://renault.activities.at/orders" "Mozilla/5.0 (Windows NT 6.1; WOW64; Trident/7.0; rv:11.0) like Gecko"
80.120.5.131 - - [23/Jan/2019:12:24:47 +0100] "GET /css/themes/alphacube.css HTTP/1.1" 304 - "http://renault.activities.at/orders" "Mozilla/5.0 (Windows NT 6.1; WOW64; Trident/7.0; rv:11.0) like Gecko"
85.124.245.50 - - [23/Jan/2019:12:24:46 +0100] "GET /reload?ser=1548242686508 HTTP/1.1" 200 28 "http://renault.2web.at/account?loadrequest=true" "Mozilla/5.0 (Windows NT 10.0; WOW64; Trident/7.0; Touch; rv:11.0) like Gecko"
80.120.5.131 - - [23/Jan/2019:12:24:47 +0100] "GET /images/main_block_corner_left_bot.gif HTTP/1.1" 304 - "http://renault.activities.at/orders" "Mozilla/5.0 (Windows NT 6.1; WOW64; Trident/7.0; rv:11.0) like Gecko"
80.120.5.131 - - [23/Jan/2019:12:24:47 +0100] "GET /images/header_block_corner_right_top.gif HTTP/1.1" 304 - "http://renault.activities.at/orders" "Mozilla/5.0 (Windows NT 6.1; WOW64; Trident/7.0; rv:11.0) like Gecko"
80.120.5.131 - - [23/Jan/2019:12:24:47 +0100] "GET /images/search_bg.gif HTTP/1.1" 304 - "http://renault.activities.at/orders" "Mozilla/5.0 (Windows NT 6.1; WOW64; Trident/7.0; rv:11.0) like Gecko"
80.120.5.131 - - [23/Jan/2019:12:24:47 +0100] "GET /images/main_block_corner_left_top.gif HTTP/1.1" 304 - "http://renault.activities.at/orders" "Mozilla/5.0 (Windows NT 6.1; WOW64; Trident/7.0; rv:11.0) like Gecko"
80.120.5.131 - - [23/Jan/2019:12:24:47 +0100] "GET /images/main_block_corner_right_bot.gif HTTP/1.1" 304 - "http://renault.activities.at/orders" "Mozilla/5.0 (Windows NT 6.1; WOW64; Trident/7.0; rv:11.0) like Gecko"
80.120.5.131 - - [23/Jan/2019:12:24:47 +0100] "GET /images/main_block_border.gif HTTP/1.1" 304 - "http://renault.activities.at/orders" "Mozilla/5.0 (Windows NT 6.1; WOW64; Trident/7.0; rv:11.0) like Gecko"
80.120.5.131 - - [23/Jan/2019:12:24:47 +0100] "GET /images/main_block_corner_right_top.gif HTTP/1.1" 304 - "http://renault.activities.at/orders" "Mozilla/5.0 (Windows NT 6.1; WOW64; Trident/7.0; rv:11.0) like Gecko"
80.120.5.131 - - [23/Jan/2019:12:24:47 +0100] "GET /images/header_block_border.gif HTTP/1.1" 304 - "http://renault.activities.at/orders" "Mozilla/5.0 (Windows NT 6.1; WOW64; Trident/7.0; rv:11.0) like Gecko"
80.120.5.131 - - [23/Jan/2019:12:24:47 +0100] "GET /images/header_block_corner_left_top.gif HTTP/1.1" 304 - "http://renault.activities.at/orders" "Mozilla/5.0 (Windows NT 6.1; WOW64; Trident/7.0; rv:11.0) like Gecko"
80.120.5.131 - - [23/Jan/2019:12:24:47 +0100] "GET /images/sidebar_title_border_top.gif HTTP/1.1" 304 - "http://renault.activities.at/orders" "Mozilla/5.0 (Windows NT 6.1; WOW64; Trident/7.0; rv:11.0) like Gecko"
80.120.5.131 - - [23/Jan/2019:12:24:47 +0100] "GET /images/nav_divider.gif HTTP/1.1" 304 - "http://renault.activities.at/orders" "Mozilla/5.0 (Windows NT 6.1; WOW64; Trident/7.0; rv:11.0) like Gecko"
80.120.5.131 - - [23/Jan/2019:12:24:47 +0100] "GET /images/pager_bg.gif HTTP/1.1" 304 - "http://renault.activities.at/orders" "Mozilla/5.0 (Windows NT 6.1; WOW64; Trident/7.0; rv:11.0) like Gecko"
80.120.5.131 - - [23/Jan/2019:12:24:47 +0100] "GET /images/title_corner_right_top.jpg HTTP/1.1" 304 - "http://renault.activities.at/orders" "Mozilla/5.0 (Windows NT 6.1; WOW64; Trident/7.0; rv:11.0) like Gecko"
80.120.5.131 - - [23/Jan/2019:12:24:47 +0100] "GET /images/title_border_top.jpg HTTP/1.1" 304 - "http://renault.activities.at/orders" "Mozilla/5.0 (Windows NT 6.1; WOW64; Trident/7.0; rv:11.0) like Gecko"
80.120.5.131 - - [23/Jan/2019:12:24:47 +0100] "GET /images/note_msg_icon.gif HTTP/1.1" 200 1022 "http://renault.activities.at/orders" "Mozilla/5.0 (Windows NT 6.1; WOW64; Trident/7.0; rv:11.0) like Gecko"
80.120.5.131 - - [23/Jan/2019:12:24:47 +0100] "GET /images/button_right_bg.gif HTTP/1.1" 304 - "http://renault.activities.at/orders" "Mozilla/5.0 (Windows NT 6.1; WOW64; Trident/7.0; rv:11.0) like Gecko"
80.120.5.131 - - [23/Jan/2019:12:24:47 +0100] "GET /images/sidebar_title_border.gif HTTP/1.1" 304 - "http://renault.activities.at/orders" "Mozilla/5.0 (Windows NT 6.1; WOW64; Trident/7.0; rv:11.0) like Gecko"
80.120.5.131 - - [23/Jan/2019:12:24:47 +0100] "GET /images/button_left_bg.gif HTTP/1.1" 304 - "http://renault.activities.at/orders" "Mozilla/5.0 (Windows NT 6.1; WOW64; Trident/7.0; rv:11.0) like Gecko"
80.120.5.131 - - [23/Jan/2019:12:24:47 +0100] "GET /images/menu_divider.gif HTTP/1.1" 304 - "http://renault.activities.at/orders" "Mozilla/5.0 (Windows NT 6.1; WOW64; Trident/7.0; rv:11.0) like Gecko"
80.120.5.131 - - [23/Jan/2019:12:24:47 +0100] "GET /images/top_links_divider.gif HTTP/1.1" 304 - "http://renault.activities.at/orders" "Mozilla/5.0 (Windows NT 6.1; WOW64; Trident/7.0; rv:11.0) like Gecko"
80.120.5.131 - - [23/Jan/2019:12:24:47 +0100] "GET /images/sidebar_title_corner_left_top.gif HTTP/1.1" 304 - "http://renault.activities.at/orders" "Mozilla/5.0 (Windows NT 6.1; WOW64; Trident/7.0; rv:11.0) like Gecko"
80.120.5.131 - - [23/Jan/2019:12:24:47 +0100] "GET /images/sidebar_title_corner_right_top.gif HTTP/1.1" 304 - "http://renault.activities.at/orders" "Mozilla/5.0 (Windows NT 6.1; WOW64; Trident/7.0; rv:11.0) like Gecko"
80.120.5.131 - - [23/Jan/2019:12:24:47 +0100] "GET /images/footer_divider.gif HTTP/1.1" 304 - "http://renault.activities.at/orders" "Mozilla/5.0 (Windows NT 6.1; WOW64; Trident/7.0; rv:11.0) like Gecko"
80.120.5.131 - - [23/Jan/2019:12:24:47 +0100] "GET /images/button_bg.gif HTTP/1.1" 304 - "http://renault.activities.at/orders" "Mozilla/5.0 (Windows NT 6.1; WOW64; Trident/7.0; rv:11.0) like Gecko"
80.120.5.131 - - [23/Jan/2019:12:24:47 +0100] "GET /images/title_corner_left_top.jpg HTTP/1.1" 304 - "http://renault.activities.at/orders" "Mozilla/5.0 (Windows NT 6.1; WOW64; Trident/7.0; rv:11.0) like Gecko"
80.120.5.131 - - [23/Jan/2019:12:24:47 +0100] "GET /images/title_border.jpg HTTP/1.1" 304 - "http://renault.activities.at/orders" "Mozilla/5.0 (Windows NT 6.1; WOW64; Trident/7.0; rv:11.0) like Gecko"
80.120.5.131 - - [23/Jan/2019:12:24:48 +0100] "GET /images/menu_button_bg.jpg HTTP/1.1" 304 - "http://renault.activities.at/orders" "Mozilla/5.0 (Windows NT 6.1; WOW64; Trident/7.0; rv:11.0) like Gecko"
213.153.47.173 - - [23/Jan/2019:12:25:03 +0100] "GET /reload?ser=1548242703248 HTTP/1.1" 200 28 "http://renault.activities.at/login?required=true" "Mozilla/5.0 (Windows NT 10.0; Win64; x64; rv:64.0) Gecko/20100101 Firefox/64.0"
80.120.5.131 - - [23/Jan/2019:12:25:04 +0100] "GET /reload?ser=1548242706870 HTTP/1.1" 200 28 "http://renault.activities.at/login?required=true" "Mozilla/5.0 (Windows NT 6.1; Win64; x64) AppleWebKit/537.36 (KHTML, like Gecko) Chrome/71.0.3578.98 Safari/537.36"
85.124.245.50 - - [23/Jan/2019:12:25:47 +0100] "GET /reload?ser=1548242747504 HTTP/1.1" 200 28 "http://renault.2web.at/account?loadrequest=true" "Mozilla/5.0 (Windows NT 10.0; WOW64; Trident/7.0; Touch; rv:11.0) like Gecko"
213.153.47.173 - - [23/Jan/2019:12:26:04 +0100] "GET /reload?ser=1548242763928 HTTP/1.1" 200 28 "http://renault.activities.at/login?required=true" "Mozilla/5.0 (Windows NT 10.0; Win64; x64; rv:64.0) Gecko/20100101 Firefox/64.0"
80.120.5.131 - - [23/Jan/2019:12:26:04 +0100] "GET /reload?ser=1548242767513 HTTP/1.1" 200 28 "http://renault.activities.at/login?required=true" "Mozilla/5.0 (Windows NT 6.1; Win64; x64) AppleWebKit/537.36 (KHTML, like Gecko) Chrome/71.0.3578.98 Safari/537.36"
85.124.245.50 - - [23/Jan/2019:12:26:48 +0100] "GET /reload?ser=1548242808486 HTTP/1.1" 200 28 "http://renault.2web.at/account?loadrequest=true" "Mozilla/5.0 (Windows NT 10.0; WOW64; Trident/7.0; Touch; rv:11.0) like Gecko"
213.153.47.173 - - [23/Jan/2019:12:27:04 +0100] "GET /reload?ser=1548242824628 HTTP/1.1" 200 28 "http://renault.activities.at/login?required=true" "Mozilla/5.0 (Windows NT 10.0; Win64; x64; rv:64.0) Gecko/20100101 Firefox/64.0"
80.120.5.131 - - [23/Jan/2019:12:27:05 +0100] "GET /reload?ser=1548242828157 HTTP/1.1" 200 28 "http://renault.activities.at/login?required=true" "Mozilla/5.0 (Windows NT 6.1; Win64; x64) AppleWebKit/537.36 (KHTML, like Gecko) Chrome/71.0.3578.98 Safari/537.36"
85.124.245.50 - - [23/Jan/2019:12:27:49 +0100] "GET /reload?ser=1548242869462 HTTP/1.1" 200 28 "http://renault.2web.at/account?loadrequest=true" "Mozilla/5.0 (Windows NT 10.0; WOW64; Trident/7.0; Touch; rv:11.0) like Gecko"
213.153.47.173 - - [23/Jan/2019:12:28:05 +0100] "GET /reload?ser=1548242885317 HTTP/1.1" 200 28 "http://renault.activities.at/login?required=true" "Mozilla/5.0 (Windows NT 10.0; Win64; x64; rv:64.0) Gecko/20100101 Firefox/64.0"
80.120.5.131 - - [23/Jan/2019:12:28:06 +0100] "GET /reload?ser=1548242888795 HTTP/1.1" 200 28 "http://renault.activities.at/login?required=true" "Mozilla/5.0 (Windows NT 6.1; Win64; x64) AppleWebKit/537.36 (KHTML, like Gecko) Chrome/71.0.3578.98 Safari/537.36"
85.124.245.50 - - [23/Jan/2019:12:28:50 +0100] "GET /reload?ser=1548242930424 HTTP/1.1" 200 28 "http://renault.2web.at/account?loadrequest=true" "Mozilla/5.0 (Windows NT 10.0; WOW64; Trident/7.0; Touch; rv:11.0) like Gecko"
213.153.47.173 - - [23/Jan/2019:12:29:06 +0100] "GET /reload?ser=1548242945968 HTTP/1.1" 200 28 "http://renault.activities.at/login?required=true" "Mozilla/5.0 (Windows NT 10.0; Win64; x64; rv:64.0) Gecko/20100101 Firefox/64.0"
80.120.5.131 - - [23/Jan/2019:12:29:06 +0100] "GET /reload?ser=1548242949430 HTTP/1.1" 200 28 "http://renault.activities.at/login?required=true" "Mozilla/5.0 (Windows NT 6.1; Win64; x64) AppleWebKit/537.36 (KHTML, like Gecko) Chrome/71.0.3578.98 Safari/537.36"
85.124.245.50 - - [23/Jan/2019:12:29:51 +0100] "GET /reload?ser=1548242991406 HTTP/1.1" 200 28 "http://renault.2web.at/account?loadrequest=true" "Mozilla/5.0 (Windows NT 10.0; WOW64; Trident/7.0; Touch; rv:11.0) like Gecko"
213.153.47.173 - - [23/Jan/2019:12:30:06 +0100] "GET /reload?ser=1548243006648 HTTP/1.1" 200 28 "http://renault.activities.at/login?required=true" "Mozilla/5.0 (Windows NT 10.0; Win64; x64; rv:64.0) Gecko/20100101 Firefox/64.0"
80.120.5.131 - - [23/Jan/2019:12:30:07 +0100] "GET /reload?ser=1548243010055 HTTP/1.1" 200 28 "http://renault.activities.at/login?required=true" "Mozilla/5.0 (Windows NT 6.1; Win64; x64) AppleWebKit/537.36 (KHTML, like Gecko) Chrome/71.0.3578.98 Safari/537.36"
85.124.245.50 - - [23/Jan/2019:12:30:52 +0100] "GET /reload?ser=1548243052382 HTTP/1.1" 200 28 "http://renault.2web.at/account?loadrequest=true" "Mozilla/5.0 (Windows NT 10.0; WOW64; Trident/7.0; Touch; rv:11.0) like Gecko"
213.153.47.173 - - [23/Jan/2019:12:31:07 +0100] "GET /reload?ser=1548243067329 HTTP/1.1" 200 28 "http://renault.activities.at/login?required=true" "Mozilla/5.0 (Windows NT 10.0; Win64; x64; rv:64.0) Gecko/20100101 Firefox/64.0"
80.120.5.131 - - [23/Jan/2019:12:31:08 +0100] "GET /reload?ser=1548243070699 HTTP/1.1" 200 28 "http://renault.activities.at/login?required=true" "Mozilla/5.0 (Windows NT 6.1; Win64; x64) AppleWebKit/537.36 (KHTML, like Gecko) Chrome/71.0.3578.98 Safari/537.36"
85.124.245.50 - - [23/Jan/2019:12:31:53 +0100] "GET /reload?ser=1548243113362 HTTP/1.1" 200 28 "http://renault.2web.at/account?loadrequest=true" "Mozilla/5.0 (Windows NT 10.0; WOW64; Trident/7.0; Touch; rv:11.0) like Gecko"
213.153.47.173 - - [23/Jan/2019:12:32:08 +0100] "GET /reload?ser=1548243127988 HTTP/1.1" 200 28 "http://renault.activities.at/login?required=true" "Mozilla/5.0 (Windows NT 10.0; Win64; x64; rv:64.0) Gecko/20100101 Firefox/64.0"
80.120.5.131 - - [23/Jan/2019:12:32:08 +0100] "GET /reload?ser=1548243131399 HTTP/1.1" 200 28 "http://renault.activities.at/login?required=true" "Mozilla/5.0 (Windows NT 6.1; Win64; x64) AppleWebKit/537.36 (KHTML, like Gecko) Chrome/71.0.3578.98 Safari/537.36"
85.124.245.50 - - [23/Jan/2019:12:32:54 +0100] "GET /reload?ser=1548243174376 HTTP/1.1" 200 28 "http://renault.2web.at/account?loadrequest=true" "Mozilla/5.0 (Windows NT 10.0; WOW64; Trident/7.0; Touch; rv:11.0) like Gecko"
213.153.47.173 - - [23/Jan/2019:12:33:08 +0100] "GET /reload?ser=1548243188648 HTTP/1.1" 200 28 "http://renault.activities.at/login?required=true" "Mozilla/5.0 (Windows NT 10.0; Win64; x64; rv:64.0) Gecko/20100101 Firefox/64.0"
80.120.5.131 - - [23/Jan/2019:12:33:09 +0100] "GET /reload?ser=1548243192039 HTTP/1.1" 200 28 "http://renault.activities.at/login?required=true" "Mozilla/5.0 (Windows NT 6.1; Win64; x64) AppleWebKit/537.36 (KHTML, like Gecko) Chrome/71.0.3578.98 Safari/537.36"
85.124.245.50 - - [23/Jan/2019:12:33:55 +0100] "GET /reload?ser=1548243235324 HTTP/1.1" 200 28 "http://renault.2web.at/account?loadrequest=true" "Mozilla/5.0 (Windows NT 10.0; WOW64; Trident/7.0; Touch; rv:11.0) like Gecko"
213.153.47.173 - - [23/Jan/2019:12:34:09 +0100] "GET /reload?ser=1548243249313 HTTP/1.1" 200 28 "http://renault.activities.at/login?required=true" "Mozilla/5.0 (Windows NT 10.0; Win64; x64; rv:64.0) Gecko/20100101 Firefox/64.0"
85.124.245.50 - - [23/Jan/2019:12:34:56 +0100] "GET /reload?ser=1548243296312 HTTP/1.1" 200 28 "http://renault.2web.at/account?loadrequest=true" "Mozilla/5.0 (Windows NT 10.0; WOW64; Trident/7.0; Touch; rv:11.0) like Gecko"
213.153.47.173 - - [23/Jan/2019:12:35:10 +0100] "GET /reload?ser=1548243309988 HTTP/1.1" 200 28 "http://renault.activities.at/login?required=true" "Mozilla/5.0 (Windows NT 10.0; Win64; x64; rv:64.0) Gecko/20100101 Firefox/64.0"
85.124.245.50 - - [23/Jan/2019:12:35:57 +0100] "GET /reload?ser=1548243357292 HTTP/1.1" 200 28 "http://renault.2web.at/account?loadrequest=true" "Mozilla/5.0 (Windows NT 10.0; WOW64; Trident/7.0; Touch; rv:11.0) like Gecko"
213.153.47.173 - - [23/Jan/2019:12:36:10 +0100] "GET /reload?ser=1548243370658 HTTP/1.1" 200 28 "http://renault.activities.at/login?required=true" "Mozilla/5.0 (Windows NT 10.0; Win64; x64; rv:64.0) Gecko/20100101 Firefox/64.0"
85.124.245.50 - - [23/Jan/2019:12:36:58 +0100] "GET /reload?ser=1548243418259 HTTP/1.1" 200 28 "http://renault.2web.at/account?loadrequest=true" "Mozilla/5.0 (Windows NT 10.0; WOW64; Trident/7.0; Touch; rv:11.0) like Gecko"
213.153.47.173 - - [23/Jan/2019:12:37:11 +0100] "GET /reload?ser=1548243431338 HTTP/1.1" 200 28 "http://renault.activities.at/login?required=true" "Mozilla/5.0 (Windows NT 10.0; Win64; x64; rv:64.0) Gecko/20100101 Firefox/64.0"
85.124.245.50 - - [23/Jan/2019:12:37:59 +0100] "GET /reload?ser=1548243479238 HTTP/1.1" 200 28 "http://renault.2web.at/account?loadrequest=true" "Mozilla/5.0 (Windows NT 10.0; WOW64; Trident/7.0; Touch; rv:11.0) like Gecko"
213.153.47.173 - - [23/Jan/2019:12:38:12 +0100] "GET /reload?ser=1548243492007 HTTP/1.1" 200 28 "http://renault.activities.at/login?required=true" "Mozilla/5.0 (Windows NT 10.0; Win64; x64; rv:64.0) Gecko/20100101 Firefox/64.0"
85.124.245.50 - - [23/Jan/2019:12:39:00 +0100] "GET /reload?ser=1548243540252 HTTP/1.1" 200 28 "http://renault.2web.at/account?loadrequest=true" "Mozilla/5.0 (Windows NT 10.0; WOW64; Trident/7.0; Touch; rv:11.0) like Gecko"
213.153.47.173 - - [23/Jan/2019:12:39:12 +0100] "GET /reload?ser=1548243552678 HTTP/1.1" 200 28 "http://renault.activities.at/login?required=true" "Mozilla/5.0 (Windows NT 10.0; Win64; x64; rv:64.0) Gecko/20100101 Firefox/64.0"
85.124.245.50 - - [23/Jan/2019:12:40:01 +0100] "GET /reload?ser=1548243601247 HTTP/1.1" 200 28 "http://renault.2web.at/account?loadrequest=true" "Mozilla/5.0 (Windows NT 10.0; WOW64; Trident/7.0; Touch; rv:11.0) like Gecko"
213.153.47.173 - - [23/Jan/2019:12:40:13 +0100] "GET /reload?ser=1548243613336 HTTP/1.1" 200 28 "http://renault.activities.at/login?required=true" "Mozilla/5.0 (Windows NT 10.0; Win64; x64; rv:64.0) Gecko/20100101 Firefox/64.0"
85.124.245.50 - - [23/Jan/2019:12:41:02 +0100] "GET /reload?ser=1548243662203 HTTP/1.1" 200 28 "http://renault.2web.at/account?loadrequest=true" "Mozilla/5.0 (Windows NT 10.0; WOW64; Trident/7.0; Touch; rv:11.0) like Gecko"
213.153.47.173 - - [23/Jan/2019:12:41:14 +0100] "GET /reload?ser=1548243673990 HTTP/1.1" 200 28 "http://renault.activities.at/login?required=true" "Mozilla/5.0 (Windows NT 10.0; Win64; x64; rv:64.0) Gecko/20100101 Firefox/64.0"
85.124.245.50 - - [23/Jan/2019:12:42:03 +0100] "GET /reload?ser=1548243723207 HTTP/1.1" 200 28 "http://renault.2web.at/account?loadrequest=true" "Mozilla/5.0 (Windows NT 10.0; WOW64; Trident/7.0; Touch; rv:11.0) like Gecko"
213.153.47.173 - - [23/Jan/2019:12:42:14 +0100] "GET /reload?ser=1548243734664 HTTP/1.1" 200 28 "http://renault.activities.at/login?required=true" "Mozilla/5.0 (Windows NT 10.0; Win64; x64; rv:64.0) Gecko/20100101 Firefox/64.0"
85.124.245.50 - - [23/Jan/2019:12:43:04 +0100] "GET /reload?ser=1548243784191 HTTP/1.1" 200 28 "http://renault.2web.at/account?loadrequest=true" "Mozilla/5.0 (Windows NT 10.0; WOW64; Trident/7.0; Touch; rv:11.0) like Gecko"
213.153.47.173 - - [23/Jan/2019:12:43:15 +0100] "GET /reload?ser=1548243795313 HTTP/1.1" 200 28 "http://renault.activities.at/login?required=true" "Mozilla/5.0 (Windows NT 10.0; Win64; x64; rv:64.0) Gecko/20100101 Firefox/64.0"
85.124.245.50 - - [23/Jan/2019:12:44:05 +0100] "GET /reload?ser=1548243845196 HTTP/1.1" 200 28 "http://renault.2web.at/account?loadrequest=true" "Mozilla/5.0 (Windows NT 10.0; WOW64; Trident/7.0; Touch; rv:11.0) like Gecko"
213.153.47.173 - - [23/Jan/2019:12:44:16 +0100] "GET /reload?ser=1548243855983 HTTP/1.1" 200 28 "http://renault.activities.at/login?required=true" "Mozilla/5.0 (Windows NT 10.0; Win64; x64; rv:64.0) Gecko/20100101 Firefox/64.0"
85.124.245.50 - - [23/Jan/2019:12:45:06 +0100] "GET /reload?ser=1548243906215 HTTP/1.1" 200 28 "http://renault.2web.at/account?loadrequest=true" "Mozilla/5.0 (Windows NT 10.0; WOW64; Trident/7.0; Touch; rv:11.0) like Gecko"
213.153.47.173 - - [23/Jan/2019:12:45:16 +0100] "GET /reload?ser=1548243916651 HTTP/1.1" 200 28 "http://renault.activities.at/login?required=true" "Mozilla/5.0 (Windows NT 10.0; Win64; x64; rv:64.0) Gecko/20100101 Firefox/64.0"
85.124.245.50 - - [23/Jan/2019:12:46:07 +0100] "GET /reload?ser=1548243967300 HTTP/1.1" 200 28 "http://renault.2web.at/account?loadrequest=true" "Mozilla/5.0 (Windows NT 10.0; WOW64; Trident/7.0; Touch; rv:11.0) like Gecko"
213.153.47.173 - - [23/Jan/2019:12:46:17 +0100] "GET /reload?ser=1548243977311 HTTP/1.1" 200 28 "http://renault.activities.at/login?required=true" "Mozilla/5.0 (Windows NT 10.0; Win64; x64; rv:64.0) Gecko/20100101 Firefox/64.0"
85.124.245.50 - - [23/Jan/2019:12:47:08 +0100] "GET /reload?ser=1548244028267 HTTP/1.1" 200 28 "http://renault.2web.at/account?loadrequest=true" "Mozilla/5.0 (Windows NT 10.0; WOW64; Trident/7.0; Touch; rv:11.0) like Gecko"
213.153.47.173 - - [23/Jan/2019:12:47:18 +0100] "GET /reload?ser=1548244037990 HTTP/1.1" 200 28 "http://renault.activities.at/login?required=true" "Mozilla/5.0 (Windows NT 10.0; Win64; x64; rv:64.0) Gecko/20100101 Firefox/64.0"
85.124.245.50 - - [23/Jan/2019:12:48:09 +0100] "GET /reload?ser=1548244089239 HTTP/1.1" 200 28 "http://renault.2web.at/account?loadrequest=true" "Mozilla/5.0 (Windows NT 10.0; WOW64; Trident/7.0; Touch; rv:11.0) like Gecko"
213.153.47.173 - - [23/Jan/2019:12:48:18 +0100] "GET /reload?ser=1548244098650 HTTP/1.1" 200 28 "http://renault.activities.at/login?required=true" "Mozilla/5.0 (Windows NT 10.0; Win64; x64; rv:64.0) Gecko/20100101 Firefox/64.0"
85.124.245.50 - - [23/Jan/2019:12:49:10 +0100] "GET /reload?ser=1548244150194 HTTP/1.1" 200 28 "http://renault.2web.at/account?loadrequest=true" "Mozilla/5.0 (Windows NT 10.0; WOW64; Trident/7.0; Touch; rv:11.0) like Gecko"
213.153.47.173 - - [23/Jan/2019:12:49:19 +0100] "GET /reload?ser=1548244159309 HTTP/1.1" 200 28 "http://renault.activities.at/login?required=true" "Mozilla/5.0 (Windows NT 10.0; Win64; x64; rv:64.0) Gecko/20100101 Firefox/64.0"
213.153.47.173 - - [23/Jan/2019:12:50:20 +0100] "GET /reload?ser=1548244219988 HTTP/1.1" 200 28 "http://renault.activities.at/login?required=true" "Mozilla/5.0 (Windows NT 10.0; Win64; x64; rv:64.0) Gecko/20100101 Firefox/64.0"
213.153.47.173 - - [23/Jan/2019:12:51:20 +0100] "GET /reload?ser=1548244280638 HTTP/1.1" 200 28 "http://renault.activities.at/login?required=true" "Mozilla/5.0 (Windows NT 10.0; Win64; x64; rv:64.0) Gecko/20100101 Firefox/64.0"
213.153.47.173 - - [23/Jan/2019:12:52:21 +0100] "GET /reload?ser=1548244341307 HTTP/1.1" 200 28 "http://renault.activities.at/login?required=true" "Mozilla/5.0 (Windows NT 10.0; Win64; x64; rv:64.0) Gecko/20100101 Firefox/64.0"
213.153.47.173 - - [23/Jan/2019:12:53:22 +0100] "GET /reload?ser=1548244401967 HTTP/1.1" 200 28 "http://renault.activities.at/login?required=true" "Mozilla/5.0 (Windows NT 10.0; Win64; x64; rv:64.0) Gecko/20100101 Firefox/64.0"
213.153.47.173 - - [23/Jan/2019:12:54:22 +0100] "GET /reload?ser=1548244462637 HTTP/1.1" 200 28 "http://renault.activities.at/login?required=true" "Mozilla/5.0 (Windows NT 10.0; Win64; x64; rv:64.0) Gecko/20100101 Firefox/64.0"
213.153.47.173 - - [23/Jan/2019:12:55:23 +0100] "GET /reload?ser=1548244523316 HTTP/1.1" 200 28 "http://renault.activities.at/login?required=true" "Mozilla/5.0 (Windows NT 10.0; Win64; x64; rv:64.0) Gecko/20100101 Firefox/64.0"
213.153.47.173 - - [23/Jan/2019:12:56:24 +0100] "GET /reload?ser=1548244583976 HTTP/1.1" 200 28 "http://renault.activities.at/login?required=true" "Mozilla/5.0 (Windows NT 10.0; Win64; x64; rv:64.0) Gecko/20100101 Firefox/64.0"
213.153.47.173 - - [23/Jan/2019:12:57:24 +0100] "GET /reload?ser=1548244644655 HTTP/1.1" 200 28 "http://renault.activities.at/login?required=true" "Mozilla/5.0 (Windows NT 10.0; Win64; x64; rv:64.0) Gecko/20100101 Firefox/64.0"
213.153.47.173 - - [23/Jan/2019:12:58:25 +0100] "GET /reload?ser=1548244705325 HTTP/1.1" 200 28 "http://renault.activities.at/login?required=true" "Mozilla/5.0 (Windows NT 10.0; Win64; x64; rv:64.0) Gecko/20100101 Firefox/64.0"
213.153.47.173 - - [23/Jan/2019:12:59:26 +0100] "GET /reload?ser=1548244765995 HTTP/1.1" 200 28 "http://renault.activities.at/login?required=true" "Mozilla/5.0 (Windows NT 10.0; Win64; x64; rv:64.0) Gecko/20100101 Firefox/64.0"
213.153.47.173 - - [23/Jan/2019:13:00:26 +0100] "GET /reload?ser=1548244826654 HTTP/1.1" 200 28 "http://renault.activities.at/login?required=true" "Mozilla/5.0 (Windows NT 10.0; Win64; x64; rv:64.0) Gecko/20100101 Firefox/64.0"
213.153.47.173 - - [23/Jan/2019:13:01:27 +0100] "GET /reload?ser=1548244887324 HTTP/1.1" 200 28 "http://renault.activities.at/login?required=true" "Mozilla/5.0 (Windows NT 10.0; Win64; x64; rv:64.0) Gecko/20100101 Firefox/64.0"
213.153.47.173 - - [23/Jan/2019:13:02:28 +0100] "GET /reload?ser=1548244948004 HTTP/1.1" 200 28 "http://renault.activities.at/login?required=true" "Mozilla/5.0 (Windows NT 10.0; Win64; x64; rv:64.0) Gecko/20100101 Firefox/64.0"
213.153.47.173 - - [23/Jan/2019:13:03:28 +0100] "GET /reload?ser=1548245008664 HTTP/1.1" 200 28 "http://renault.activities.at/login?required=true" "Mozilla/5.0 (Windows NT 10.0; Win64; x64; rv:64.0) Gecko/20100101 Firefox/64.0"
213.153.47.173 - - [23/Jan/2019:13:04:29 +0100] "GET /reload?ser=1548245069324 HTTP/1.1" 200 28 "http://renault.activities.at/login?required=true" "Mozilla/5.0 (Windows NT 10.0; Win64; x64; rv:64.0) Gecko/20100101 Firefox/64.0"
213.153.47.173 - - [23/Jan/2019:13:05:30 +0100] "GET /reload?ser=1548245130014 HTTP/1.1" 200 28 "http://renault.activities.at/login?required=true" "Mozilla/5.0 (Windows NT 10.0; Win64; x64; rv:64.0) Gecko/20100101 Firefox/64.0"
213.153.47.173 - - [23/Jan/2019:13:06:30 +0100] "GET /reload?ser=1548245190693 HTTP/1.1" 200 28 "http://renault.activities.at/login?required=true" "Mozilla/5.0 (Windows NT 10.0; Win64; x64; rv:64.0) Gecko/20100101 Firefox/64.0"
213.153.47.173 - - [23/Jan/2019:13:07:31 +0100] "GET /reload?ser=1548245251373 HTTP/1.1" 200 28 "http://renault.activities.at/login?required=true" "Mozilla/5.0 (Windows NT 10.0; Win64; x64; rv:64.0) Gecko/20100101 Firefox/64.0"
213.153.47.173 - - [23/Jan/2019:13:08:32 +0100] "GET /reload?ser=1548245312033 HTTP/1.1" 200 28 "http://renault.activities.at/login?required=true" "Mozilla/5.0 (Windows NT 10.0; Win64; x64; rv:64.0) Gecko/20100101 Firefox/64.0"
213.153.47.173 - - [23/Jan/2019:13:09:32 +0100] "GET /reload?ser=1548245372703 HTTP/1.1" 200 28 "http://renault.activities.at/login?required=true" "Mozilla/5.0 (Windows NT 10.0; Win64; x64; rv:64.0) Gecko/20100101 Firefox/64.0"
213.153.47.173 - - [23/Jan/2019:13:10:33 +0100] "GET /reload?ser=1548245433370 HTTP/1.1" 200 28 "http://renault.activities.at/login?required=true" "Mozilla/5.0 (Windows NT 10.0; Win64; x64; rv:64.0) Gecko/20100101 Firefox/64.0"
213.153.47.173 - - [23/Jan/2019:13:11:34 +0100] "GET /reload?ser=1548245494042 HTTP/1.1" 200 28 "http://renault.activities.at/login?required=true" "Mozilla/5.0 (Windows NT 10.0; Win64; x64; rv:64.0) Gecko/20100101 Firefox/64.0"
213.153.47.173 - - [23/Jan/2019:13:12:34 +0100] "GET /reload?ser=1548245554717 HTTP/1.1" 200 28 "http://renault.activities.at/login?required=true" "Mozilla/5.0 (Windows NT 10.0; Win64; x64; rv:64.0) Gecko/20100101 Firefox/64.0"
213.153.47.173 - - [23/Jan/2019:13:13:35 +0100] "GET /reload?ser=1548245615393 HTTP/1.1" 200 28 "http://renault.activities.at/login?required=true" "Mozilla/5.0 (Windows NT 10.0; Win64; x64; rv:64.0) Gecko/20100101 Firefox/64.0"
213.153.47.173 - - [23/Jan/2019:13:14:36 +0100] "GET /reload?ser=1548245676051 HTTP/1.1" 200 28 "http://renault.activities.at/login?required=true" "Mozilla/5.0 (Windows NT 10.0; Win64; x64; rv:64.0) Gecko/20100101 Firefox/64.0"
213.153.47.173 - - [23/Jan/2019:13:15:36 +0100] "GET /reload?ser=1548245736712 HTTP/1.1" 200 28 "http://renault.activities.at/login?required=true" "Mozilla/5.0 (Windows NT 10.0; Win64; x64; rv:64.0) Gecko/20100101 Firefox/64.0"
213.153.47.173 - - [23/Jan/2019:13:16:37 +0100] "GET /reload?ser=1548245797372 HTTP/1.1" 200 28 "http://renault.activities.at/login?required=true" "Mozilla/5.0 (Windows NT 10.0; Win64; x64; rv:64.0) Gecko/20100101 Firefox/64.0"
213.153.47.173 - - [23/Jan/2019:13:17:38 +0100] "GET /reload?ser=1548245858032 HTTP/1.1" 200 28 "http://renault.activities.at/login?required=true" "Mozilla/5.0 (Windows NT 10.0; Win64; x64; rv:64.0) Gecko/20100101 Firefox/64.0"
213.153.47.173 - - [23/Jan/2019:13:18:38 +0100] "GET /reload?ser=1548245918712 HTTP/1.1" 200 28 "http://renault.activities.at/login?required=true" "Mozilla/5.0 (Windows NT 10.0; Win64; x64; rv:64.0) Gecko/20100101 Firefox/64.0"
89.16.198.102 - - [23/Jan/2019:13:18:42 +0100] "GET / HTTP/1.1" 200 3417 "-" "Mozilla/5.0 (Windows NT 10.0; WOW64; Trident/7.0; MALC; rv:11.0) like Gecko"
89.16.198.102 - - [23/Jan/2019:13:18:43 +0100] "GET /js/default.js HTTP/1.1" 200 14698 "http://renault.activities.at/" "Mozilla/5.0 (Windows NT 10.0; WOW64; Trident/7.0; MALC; rv:11.0) like Gecko"
89.16.198.102 - - [23/Jan/2019:13:18:43 +0100] "GET /css/reset.css HTTP/1.1" 200 1356 "http://renault.activities.at/" "Mozilla/5.0 (Windows NT 10.0; WOW64; Trident/7.0; MALC; rv:11.0) like Gecko"
89.16.198.102 - - [23/Jan/2019:13:18:43 +0100] "GET /js/flashdetection.js HTTP/1.1" 200 1059 "http://renault.activities.at/" "Mozilla/5.0 (Windows NT 10.0; WOW64; Trident/7.0; MALC; rv:11.0) like Gecko"
89.16.198.102 - - [23/Jan/2019:13:18:43 +0100] "GET /css/clears.css HTTP/1.1" 200 851 "http://renault.activities.at/" "Mozilla/5.0 (Windows NT 10.0; WOW64; Trident/7.0; MALC; rv:11.0) like Gecko"
89.16.198.102 - - [23/Jan/2019:13:18:43 +0100] "GET /css/styles.css HTTP/1.1" 200 14664 "http://renault.activities.at/" "Mozilla/5.0 (Windows NT 10.0; WOW64; Trident/7.0; MALC; rv:11.0) like Gecko"
89.16.198.102 - - [23/Jan/2019:13:18:43 +0100] "GET /css/print.css HTTP/1.1" 200 543 "http://renault.activities.at/" "Mozilla/5.0 (Windows NT 10.0; WOW64; Trident/7.0; MALC; rv:11.0) like Gecko"
89.16.198.102 - - [23/Jan/2019:13:18:43 +0100] "GET /js/checkout.css HTTP/1.1" 200 359 "http://renault.activities.at/" "Mozilla/5.0 (Windows NT 10.0; WOW64; Trident/7.0; MALC; rv:11.0) like Gecko"
89.16.198.102 - - [23/Jan/2019:13:18:43 +0100] "GET /css/prototip.css HTTP/1.1" 200 968 "http://renault.activities.at/" "Mozilla/5.0 (Windows NT 10.0; WOW64; Trident/7.0; MALC; rv:11.0) like Gecko"
89.16.198.102 - - [23/Jan/2019:13:18:43 +0100] "GET /js/index.php?c=auto&f=,prototype/prototype.js,prototype/validation.js,scriptaculous/builder.js,scriptaculous/effects.js,scriptaculous/dragdrop.js,scriptaculous/controls.js,scriptaculous/slider.js,varien/js.js,varien/form.js,varien/menu.js,mage/translate.js,mage/cookies.js,varien/product.js,spinner/SpinnerControl.jsmin.js,prototype/window.js,prototype/window_ext.js HTTP/1.1" 200 94182 "http://renault.activities.at/" "Mozilla/5.0 (Windows NT 10.0; WOW64; Trident/7.0; MALC; rv:11.0) like Gecko"
89.16.198.102 - - [23/Jan/2019:13:18:43 +0100] "GET /css/themes/default.css HTTP/1.1" 200 769 "http://renault.activities.at/" "Mozilla/5.0 (Windows NT 10.0; WOW64; Trident/7.0; MALC; rv:11.0) like Gecko"
89.16.198.102 - - [23/Jan/2019:13:18:44 +0100] "GET /css/themes/alphacube.css HTTP/1.1" 200 743 "http://renault.activities.at/" "Mozilla/5.0 (Windows NT 10.0; WOW64; Trident/7.0; MALC; rv:11.0) like Gecko"
89.16.198.102 - - [23/Jan/2019:13:18:44 +0100] "GET /images/main_block_border.gif HTTP/1.1" 200 43 "http://renault.activities.at/" "Mozilla/5.0 (Windows NT 10.0; WOW64; Trident/7.0; MALC; rv:11.0) like Gecko"
89.16.198.102 - - [23/Jan/2019:13:18:44 +0100] "GET /images/main_block_corner_right_bot.gif HTTP/1.1" 200 158 "http://renault.activities.at/" "Mozilla/5.0 (Windows NT 10.0; WOW64; Trident/7.0; MALC; rv:11.0) like Gecko"
89.16.198.102 - - [23/Jan/2019:13:18:44 +0100] "GET /images/main_block_corner_left_bot.gif HTTP/1.1" 200 159 "http://renault.activities.at/" "Mozilla/5.0 (Windows NT 10.0; WOW64; Trident/7.0; MALC; rv:11.0) like Gecko"
89.16.198.102 - - [23/Jan/2019:13:18:44 +0100] "GET /images/header_block_corner_right_top.gif HTTP/1.1" 200 160 "http://renault.activities.at/" "Mozilla/5.0 (Windows NT 10.0; WOW64; Trident/7.0; MALC; rv:11.0) like Gecko"
89.16.198.102 - - [23/Jan/2019:13:18:44 +0100] "GET /images/header_block_border.gif HTTP/1.1" 200 43 "http://renault.activities.at/" "Mozilla/5.0 (Windows NT 10.0; WOW64; Trident/7.0; MALC; rv:11.0) like Gecko"
89.16.198.102 - - [23/Jan/2019:13:18:44 +0100] "GET /images/main_block_corner_left_top.gif HTTP/1.1" 200 159 "http://renault.activities.at/" "Mozilla/5.0 (Windows NT 10.0; WOW64; Trident/7.0; MALC; rv:11.0) like Gecko"
89.16.198.102 - - [23/Jan/2019:13:18:44 +0100] "GET /images/header_block_corner_left_top.gif HTTP/1.1" 200 160 "http://renault.activities.at/" "Mozilla/5.0 (Windows NT 10.0; WOW64; Trident/7.0; MALC; rv:11.0) like Gecko"
89.16.198.102 - - [23/Jan/2019:13:18:44 +0100] "GET /images/main_block_corner_right_top.gif HTTP/1.1" 200 159 "http://renault.activities.at/" "Mozilla/5.0 (Windows NT 10.0; WOW64; Trident/7.0; MALC; rv:11.0) like Gecko"
89.16.198.102 - - [23/Jan/2019:13:18:44 +0100] "GET /images/title_border.jpg HTTP/1.1" 200 304 "http://renault.activities.at/" "Mozilla/5.0 (Windows NT 10.0; WOW64; Trident/7.0; MALC; rv:11.0) like Gecko"
89.16.198.102 - - [23/Jan/2019:13:18:44 +0100] "GET /images/title_border_top.jpg HTTP/1.1" 200 336 "http://renault.activities.at/" "Mozilla/5.0 (Windows NT 10.0; WOW64; Trident/7.0; MALC; rv:11.0) like Gecko"
89.16.198.102 - - [23/Jan/2019:13:18:44 +0100] "GET /images/title_corner_left_top.jpg HTTP/1.1" 200 372 "http://renault.activities.at/" "Mozilla/5.0 (Windows NT 10.0; WOW64; Trident/7.0; MALC; rv:11.0) like Gecko"
89.16.198.102 - - [23/Jan/2019:13:18:44 +0100] "GET /images/title_corner_right_top.jpg HTTP/1.1" 200 389 "http://renault.activities.at/" "Mozilla/5.0 (Windows NT 10.0; WOW64; Trident/7.0; MALC; rv:11.0) like Gecko"
89.16.198.102 - - [23/Jan/2019:13:18:44 +0100] "GET /loadthumbnail.php?id=11127982 HTTP/1.1" 200 399614 "http://renault.activities.at/" "Mozilla/5.0 (Windows NT 10.0; WOW64; Trident/7.0; MALC; rv:11.0) like Gecko"
89.16.198.102 - - [23/Jan/2019:13:18:49 +0100] "GET /login HTTP/1.1" 200 2086 "http://renault.activities.at/" "Mozilla/5.0 (Windows NT 10.0; WOW64; Trident/7.0; MALC; rv:11.0) like Gecko"
89.16.198.102 - - [23/Jan/2019:13:18:50 +0100] "GET /images/button_left_bg.gif HTTP/1.1" 200 564 "http://renault.activities.at/login" "Mozilla/5.0 (Windows NT 10.0; WOW64; Trident/7.0; MALC; rv:11.0) like Gecko"
89.16.198.102 - - [23/Jan/2019:13:18:50 +0100] "GET /images/button_right_bg.gif HTTP/1.1" 200 561 "http://renault.activities.at/login" "Mozilla/5.0 (Windows NT 10.0; WOW64; Trident/7.0; MALC; rv:11.0) like Gecko"
89.16.198.102 - - [23/Jan/2019:13:18:50 +0100] "GET /images/button_bg.gif HTTP/1.1" 200 151 "http://renault.activities.at/login" "Mozilla/5.0 (Windows NT 10.0; WOW64; Trident/7.0; MALC; rv:11.0) like Gecko"
89.16.198.102 - - [23/Jan/2019:13:19:14 +0100] "GET / HTTP/1.1" 200 3417 "-" "Mozilla/5.0 (Windows NT 10.0; WOW64) AppleWebKit/537.36 (KHTML, like Gecko) Chrome/61.0.3163.79 Safari/537.36 Maxthon/5.2.5.4000"
89.16.198.102 - - [23/Jan/2019:13:19:15 +0100] "GET /js/flashdetection.js HTTP/1.1" 200 1059 "http://renault.activities.at/" "Mozilla/5.0 (Windows NT 10.0; WOW64) AppleWebKit/537.36 (KHTML, like Gecko) Chrome/61.0.3163.79 Safari/537.36 Maxthon/5.2.5.4000"
89.16.198.102 - - [23/Jan/2019:13:19:15 +0100] "GET /loadthumbnail.php?id=11127982 HTTP/1.1" 200 399614 "http://renault.activities.at/" "Mozilla/5.0 (Windows NT 10.0; WOW64) AppleWebKit/537.36 (KHTML, like Gecko) Chrome/61.0.3163.79 Safari/537.36 Maxthon/5.2.5.4000"
89.16.198.102 - - [23/Jan/2019:13:19:16 +0100] "GET /images/favicon.ico HTTP/1.1" 404 380 "-" "Mozilla/5.0 (Windows NT 10.0; WOW64) AppleWebKit/537.36 (KHTML, like Gecko) Chrome/55.0.2883.75 Safari/537.36 Maxthon/5.1.5.1000"
89.16.198.102 - - [23/Jan/2019:13:19:30 +0100] "GET /login HTTP/1.1" 200 2086 "http://renault.activities.at/" "Mozilla/5.0 (Windows NT 10.0; WOW64) AppleWebKit/537.36 (KHTML, like Gecko) Chrome/61.0.3163.79 Safari/537.36 Maxthon/5.2.5.4000"
89.16.198.102 - - [23/Jan/2019:13:19:31 +0100] "GET /js/default.js HTTP/1.1" 200 14698 "http://renault.activities.at/login" "Mozilla/5.0 (Windows NT 10.0; WOW64) AppleWebKit/537.36 (KHTML, like Gecko) Chrome/61.0.3163.79 Safari/537.36 Maxthon/5.2.5.4000"
89.16.198.102 - - [23/Jan/2019:13:19:31 +0100] "GET /js/index.php?c=auto&f=,prototype/prototype.js,prototype/validation.js,scriptaculous/builder.js,scriptaculous/effects.js,scriptaculous/dragdrop.js,scriptaculous/controls.js,scriptaculous/slider.js,varien/js.js,varien/form.js,varien/menu.js,mage/translate.js,mage/cookies.js,varien/product.js,spinner/SpinnerControl.jsmin.js,prototype/window.js,prototype/window_ext.js HTTP/1.1" 200 94182 "http://renault.activities.at/login" "Mozilla/5.0 (Windows NT 10.0; WOW64) AppleWebKit/537.36 (KHTML, like Gecko) Chrome/61.0.3163.79 Safari/537.36 Maxthon/5.2.5.4000"
