80.123.80.158 - - [24/Jan/2019:13:55:10 +0100] "GET /loadthumbnail.php?id=11878139&width=100 HTTP/1.1" 200 15998 "http://renault.activities.at/cart" "Mozilla/5.0 (Windows NT 10.0; WOW64; Trident/7.0; rv:11.0) like Gecko"
80.123.80.158 - - [24/Jan/2019:13:55:10 +0100] "GET /loadthumbnail.php?id=11361093&width=100 HTTP/1.1" 200 17349 "http://renault.activities.at/cart" "Mozilla/5.0 (Windows NT 10.0; WOW64; Trident/7.0; rv:11.0) like Gecko"
213.153.47.173 - - [24/Jan/2019:13:55:11 +0100] "GET /reload?ser=1548334511299 HTTP/1.1" 200 28 "http://renault.activities.at/login?required=true" "Mozilla/5.0 (Windows NT 10.0; Win64; x64; rv:64.0) Gecko/20100101 Firefox/64.0"
193.194.132.27 - - [24/Jan/2019:13:55:26 +0100] "GET /reload?ser=1548334526290 HTTP/1.1" 200 28 "http://renault.2web.at/account?loadrequest=true" "Mozilla/5.0 (Windows NT 10.0; WOW64; Trident/7.0; Touch; rv:11.0) like Gecko"
80.123.80.158 - - [24/Jan/2019:13:55:28 +0100] "POST /cart HTTP/1.1" 200 6154 "http://renault.activities.at/cart" "Mozilla/5.0 (Windows NT 10.0; WOW64; Trident/7.0; rv:11.0) like Gecko"
80.123.80.158 - - [24/Jan/2019:13:55:34 +0100] "GET /checkout HTTP/1.1" 200 20184 "http://renault.activities.at/cart" "Mozilla/5.0 (Windows NT 10.0; WOW64; Trident/7.0; rv:11.0) like Gecko"
80.123.80.158 - - [24/Jan/2019:13:55:43 +0100] "GET /images/ajax_loading.gif HTTP/1.1" 200 1542 "http://renault.activities.at/checkout" "Mozilla/5.0 (Windows NT 10.0; WOW64; Trident/7.0; rv:11.0) like Gecko"
80.123.80.158 - - [24/Jan/2019:13:55:43 +0100] "GET /js/checkout2.js HTTP/1.1" 200 4122 "http://renault.activities.at/checkout" "Mozilla/5.0 (Windows NT 10.0; WOW64; Trident/7.0; rv:11.0) like Gecko"
80.123.80.158 - - [24/Jan/2019:13:55:43 +0100] "GET /images/checkout_border_top.gif HTTP/1.1" 200 156 "http://renault.activities.at/checkout" "Mozilla/5.0 (Windows NT 10.0; WOW64; Trident/7.0; rv:11.0) like Gecko"
80.123.80.158 - - [24/Jan/2019:13:55:43 +0100] "GET /images/step_marker.gif HTTP/1.1" 200 650 "http://renault.activities.at/checkout" "Mozilla/5.0 (Windows NT 10.0; WOW64; Trident/7.0; rv:11.0) like Gecko"
80.123.80.158 - - [24/Jan/2019:13:55:43 +0100] "GET /loadthumbnail.php?id=10202698 HTTP/1.1" 200 16686 "http://renault.activities.at/checkout" "Mozilla/5.0 (Windows NT 10.0; WOW64; Trident/7.0; rv:11.0) like Gecko"
80.123.80.158 - - [24/Jan/2019:13:55:43 +0100] "GET /loadthumbnail.php?id=10201939 HTTP/1.1" 200 201 "http://renault.activities.at/checkout" "Mozilla/5.0 (Windows NT 10.0; WOW64; Trident/7.0; rv:11.0) like Gecko"
80.123.80.158 - - [24/Jan/2019:13:55:43 +0100] "GET /images/checkout_border.gif HTTP/1.1" 200 43 "http://renault.activities.at/checkout" "Mozilla/5.0 (Windows NT 10.0; WOW64; Trident/7.0; rv:11.0) like Gecko"
80.123.80.158 - - [24/Jan/2019:13:55:43 +0100] "GET /images/step_bg.jpg HTTP/1.1" 200 319 "http://renault.activities.at/checkout" "Mozilla/5.0 (Windows NT 10.0; WOW64; Trident/7.0; rv:11.0) like Gecko"
80.123.80.158 - - [24/Jan/2019:13:55:48 +0100] "POST /docheckout HTTP/1.1" 200 460 "http://renault.activities.at/checkout" "Mozilla/5.0 (Windows NT 10.0; WOW64; Trident/7.0; rv:11.0) like Gecko"
80.123.80.158 - - [24/Jan/2019:13:55:52 +0100] "POST /docheckout HTTP/1.1" 200 898 "http://renault.activities.at/checkout" "Mozilla/5.0 (Windows NT 10.0; WOW64; Trident/7.0; rv:11.0) like Gecko"
80.123.80.158 - - [24/Jan/2019:13:55:54 +0100] "GET /images/error_msg_icon.gif HTTP/1.1" 200 1013 "http://renault.activities.at/checkout" "Mozilla/5.0 (Windows NT 10.0; WOW64; Trident/7.0; rv:11.0) like Gecko"
80.123.80.158 - - [24/Jan/2019:13:56:01 +0100] "POST /docheckout HTTP/1.1" 200 68 "http://renault.activities.at/checkout" "Mozilla/5.0 (Windows NT 10.0; WOW64; Trident/7.0; rv:11.0) like Gecko"
80.123.80.158 - - [24/Jan/2019:13:56:04 +0100] "GET /success HTTP/1.1" 200 3789 "http://renault.activities.at/checkout" "Mozilla/5.0 (Windows NT 10.0; WOW64; Trident/7.0; rv:11.0) like Gecko"
213.153.47.173 - - [24/Jan/2019:13:56:12 +0100] "GET /reload?ser=1548334571974 HTTP/1.1" 200 28 "http://renault.activities.at/login?required=true" "Mozilla/5.0 (Windows NT 10.0; Win64; x64; rv:64.0) Gecko/20100101 Firefox/64.0"
193.194.132.27 - - [24/Jan/2019:13:56:27 +0100] "GET /reload?ser=1548334587310 HTTP/1.1" 200 28 "http://renault.2web.at/account?loadrequest=true" "Mozilla/5.0 (Windows NT 10.0; WOW64; Trident/7.0; Touch; rv:11.0) like Gecko"
80.123.80.158 - - [24/Jan/2019:13:57:07 +0100] "GET /reload?ser=1548334626861 HTTP/1.1" 200 28 "http://renault.activities.at/success" "Mozilla/5.0 (Windows NT 10.0; WOW64; Trident/7.0; rv:11.0) like Gecko"
213.153.47.173 - - [24/Jan/2019:13:57:12 +0100] "GET /reload?ser=1548334632663 HTTP/1.1" 200 28 "http://renault.activities.at/login?required=true" "Mozilla/5.0 (Windows NT 10.0; Win64; x64; rv:64.0) Gecko/20100101 Firefox/64.0"
193.194.132.27 - - [24/Jan/2019:13:57:28 +0100] "GET /reload?ser=1548334648380 HTTP/1.1" 200 28 "http://renault.2web.at/account?loadrequest=true" "Mozilla/5.0 (Windows NT 10.0; WOW64; Trident/7.0; Touch; rv:11.0) like Gecko"
80.122.53.230 - - [24/Jan/2019:13:57:46 +0100] "GET / HTTP/1.1" 200 3529 "-" "Mozilla/5.0 (Windows NT 6.1; WOW64; Trident/7.0; rv:11.0) like Gecko"
80.122.53.230 - - [24/Jan/2019:13:57:47 +0100] "GET /js/flashdetection.js HTTP/1.1" 200 1059 "http://renault.activities.at/" "Mozilla/5.0 (Windows NT 6.1; WOW64; Trident/7.0; rv:11.0) like Gecko"
80.122.53.230 - - [24/Jan/2019:13:57:47 +0100] "GET /css/reset.css HTTP/1.1" 200 1356 "http://renault.activities.at/" "Mozilla/5.0 (Windows NT 6.1; WOW64; Trident/7.0; rv:11.0) like Gecko"
80.122.53.230 - - [24/Jan/2019:13:57:47 +0100] "GET /css/clears.css HTTP/1.1" 200 851 "http://renault.activities.at/" "Mozilla/5.0 (Windows NT 6.1; WOW64; Trident/7.0; rv:11.0) like Gecko"
80.122.53.230 - - [24/Jan/2019:13:57:47 +0100] "GET /js/default.js HTTP/1.1" 200 14698 "http://renault.activities.at/" "Mozilla/5.0 (Windows NT 6.1; WOW64; Trident/7.0; rv:11.0) like Gecko"
80.122.53.230 - - [24/Jan/2019:13:57:47 +0100] "GET /css/styles.css HTTP/1.1" 200 14664 "http://renault.activities.at/" "Mozilla/5.0 (Windows NT 6.1; WOW64; Trident/7.0; rv:11.0) like Gecko"
80.122.53.230 - - [24/Jan/2019:13:57:47 +0100] "GET /css/print.css HTTP/1.1" 200 543 "http://renault.activities.at/" "Mozilla/5.0 (Windows NT 6.1; WOW64; Trident/7.0; rv:11.0) like Gecko"
80.122.53.230 - - [24/Jan/2019:13:57:47 +0100] "GET /js/checkout.css HTTP/1.1" 200 359 "http://renault.activities.at/" "Mozilla/5.0 (Windows NT 6.1; WOW64; Trident/7.0; rv:11.0) like Gecko"
80.122.53.230 - - [24/Jan/2019:13:57:47 +0100] "GET /css/prototip.css HTTP/1.1" 200 968 "http://renault.activities.at/" "Mozilla/5.0 (Windows NT 6.1; WOW64; Trident/7.0; rv:11.0) like Gecko"
80.122.53.230 - - [24/Jan/2019:13:57:47 +0100] "GET /css/themes/default.css HTTP/1.1" 200 769 "http://renault.activities.at/" "Mozilla/5.0 (Windows NT 6.1; WOW64; Trident/7.0; rv:11.0) like Gecko"
80.122.53.230 - - [24/Jan/2019:13:57:47 +0100] "GET /css/themes/alphacube.css HTTP/1.1" 200 743 "http://renault.activities.at/" "Mozilla/5.0 (Windows NT 6.1; WOW64; Trident/7.0; rv:11.0) like Gecko"
80.122.53.230 - - [24/Jan/2019:13:57:47 +0100] "GET /js/index.php?c=auto&f=,prototype/prototype.js,prototype/validation.js,scriptaculous/builder.js,scriptaculous/effects.js,scriptaculous/dragdrop.js,scriptaculous/controls.js,scriptaculous/slider.js,varien/js.js,varien/form.js,varien/menu.js,mage/translate.js,mage/cookies.js,varien/product.js,spinner/SpinnerControl.jsmin.js,prototype/window.js,prototype/window_ext.js HTTP/1.1" 200 94182 "http://renault.activities.at/" "Mozilla/5.0 (Windows NT 6.1; WOW64; Trident/7.0; rv:11.0) like Gecko"
80.122.53.230 - - [24/Jan/2019:13:57:47 +0100] "GET /images/main_block_corner_left_bot.gif HTTP/1.1" 200 159 "http://renault.activities.at/" "Mozilla/5.0 (Windows NT 6.1; WOW64; Trident/7.0; rv:11.0) like Gecko"
80.122.53.230 - - [24/Jan/2019:13:57:47 +0100] "GET /images/header_block_border.gif HTTP/1.1" 200 43 "http://renault.activities.at/" "Mozilla/5.0 (Windows NT 6.1; WOW64; Trident/7.0; rv:11.0) like Gecko"
80.122.53.230 - - [24/Jan/2019:13:57:47 +0100] "GET /images/main_block_border.gif HTTP/1.1" 200 43 "http://renault.activities.at/" "Mozilla/5.0 (Windows NT 6.1; WOW64; Trident/7.0; rv:11.0) like Gecko"
80.122.53.230 - - [24/Jan/2019:13:57:47 +0100] "GET /images/main_block_corner_right_bot.gif HTTP/1.1" 200 158 "http://renault.activities.at/" "Mozilla/5.0 (Windows NT 6.1; WOW64; Trident/7.0; rv:11.0) like Gecko"
80.122.53.230 - - [24/Jan/2019:13:57:47 +0100] "GET /images/header_block_corner_right_top.gif HTTP/1.1" 200 160 "http://renault.activities.at/" "Mozilla/5.0 (Windows NT 6.1; WOW64; Trident/7.0; rv:11.0) like Gecko"
80.122.53.230 - - [24/Jan/2019:13:57:47 +0100] "GET /images/header_block_corner_left_top.gif HTTP/1.1" 200 160 "http://renault.activities.at/" "Mozilla/5.0 (Windows NT 6.1; WOW64; Trident/7.0; rv:11.0) like Gecko"
80.122.53.230 - - [24/Jan/2019:13:57:47 +0100] "GET /images/main_block_corner_left_top.gif HTTP/1.1" 200 159 "http://renault.activities.at/" "Mozilla/5.0 (Windows NT 6.1; WOW64; Trident/7.0; rv:11.0) like Gecko"
80.122.53.230 - - [24/Jan/2019:13:57:47 +0100] "GET /images/main_block_corner_right_top.gif HTTP/1.1" 200 159 "http://renault.activities.at/" "Mozilla/5.0 (Windows NT 6.1; WOW64; Trident/7.0; rv:11.0) like Gecko"
80.122.53.230 - - [24/Jan/2019:13:57:47 +0100] "GET /images/title_border_top.jpg HTTP/1.1" 200 336 "http://renault.activities.at/" "Mozilla/5.0 (Windows NT 6.1; WOW64; Trident/7.0; rv:11.0) like Gecko"
80.122.53.230 - - [24/Jan/2019:13:57:47 +0100] "GET /images/title_border.jpg HTTP/1.1" 200 304 "http://renault.activities.at/" "Mozilla/5.0 (Windows NT 6.1; WOW64; Trident/7.0; rv:11.0) like Gecko"
80.122.53.230 - - [24/Jan/2019:13:57:47 +0100] "GET /images/title_corner_left_top.jpg HTTP/1.1" 200 372 "http://renault.activities.at/" "Mozilla/5.0 (Windows NT 6.1; WOW64; Trident/7.0; rv:11.0) like Gecko"
80.122.53.230 - - [24/Jan/2019:13:57:47 +0100] "GET /images/title_corner_right_top.jpg HTTP/1.1" 200 389 "http://renault.activities.at/" "Mozilla/5.0 (Windows NT 6.1; WOW64; Trident/7.0; rv:11.0) like Gecko"
80.122.53.230 - - [24/Jan/2019:13:57:47 +0100] "GET /images/favicon.ico HTTP/1.1" 404 305 "-" "Mozilla/5.0 (Windows NT 6.1; Win64; x64; Trident/7.0; rv:11.0) like Gecko"
80.122.53.230 - - [24/Jan/2019:13:57:47 +0100] "GET /loadthumbnail.php?id=11127982 HTTP/1.1" 200 399614 "http://renault.activities.at/" "Mozilla/5.0 (Windows NT 6.1; WOW64; Trident/7.0; rv:11.0) like Gecko"
80.123.80.158 - - [24/Jan/2019:13:58:08 +0100] "GET /reload?ser=1548334687850 HTTP/1.1" 200 28 "http://renault.activities.at/success" "Mozilla/5.0 (Windows NT 10.0; WOW64; Trident/7.0; rv:11.0) like Gecko"
213.153.47.173 - - [24/Jan/2019:13:58:13 +0100] "GET /reload?ser=1548334693336 HTTP/1.1" 200 28 "http://renault.activities.at/login?required=true" "Mozilla/5.0 (Windows NT 10.0; Win64; x64; rv:64.0) Gecko/20100101 Firefox/64.0"
193.194.132.27 - - [24/Jan/2019:13:58:29 +0100] "GET /reload?ser=1548334709452 HTTP/1.1" 200 28 "http://renault.2web.at/account?loadrequest=true" "Mozilla/5.0 (Windows NT 10.0; WOW64; Trident/7.0; Touch; rv:11.0) like Gecko"
213.153.47.173 - - [24/Jan/2019:13:59:05 +0100] "GET /layout.php HTTP/1.1" 200 1559 "-" "Mozilla/5.0 (Windows NT 10.0; Win64; x64) AppleWebKit/537.36 (KHTML, like Gecko) Chrome/70.0.3538.102 Safari/537.36 OPR/57.0.3098.116"
213.153.47.173 - - [24/Jan/2019:13:59:06 +0100] "GET /images/favicon.ico HTTP/1.1" 404 305 "-" "Mozilla/5.0 (Windows NT 10.0; Win64; x64) AppleWebKit/537.36 (KHTML, like Gecko) Chrome/70.0.3538.102 Safari/537.36 OPR/57.0.3098.116"
80.123.80.158 - - [24/Jan/2019:13:59:09 +0100] "GET /reload?ser=1548334748869 HTTP/1.1" 200 28 "http://renault.activities.at/success" "Mozilla/5.0 (Windows NT 10.0; WOW64; Trident/7.0; rv:11.0) like Gecko"
213.153.47.173 - - [24/Jan/2019:13:59:14 +0100] "GET /reload?ser=1548334754010 HTTP/1.1" 200 28 "http://renault.activities.at/login?required=true" "Mozilla/5.0 (Windows NT 10.0; Win64; x64; rv:64.0) Gecko/20100101 Firefox/64.0"
193.194.132.27 - - [24/Jan/2019:13:59:30 +0100] "GET /reload?ser=1548334770529 HTTP/1.1" 200 28 "http://renault.2web.at/account?loadrequest=true" "Mozilla/5.0 (Windows NT 10.0; WOW64; Trident/7.0; Touch; rv:11.0) like Gecko"
80.123.80.158 - - [24/Jan/2019:14:00:10 +0100] "GET /reload?ser=1548334809901 HTTP/1.1" 200 28 "http://renault.activities.at/success" "Mozilla/5.0 (Windows NT 10.0; WOW64; Trident/7.0; rv:11.0) like Gecko"
213.153.47.173 - - [24/Jan/2019:14:00:14 +0100] "GET /reload?ser=1548334814684 HTTP/1.1" 200 28 "http://renault.activities.at/login?required=true" "Mozilla/5.0 (Windows NT 10.0; Win64; x64; rv:64.0) Gecko/20100101 Firefox/64.0"
193.194.132.27 - - [24/Jan/2019:14:00:31 +0100] "GET /reload?ser=1548334831606 HTTP/1.1" 200 28 "http://renault.2web.at/account?loadrequest=true" "Mozilla/5.0 (Windows NT 10.0; WOW64; Trident/7.0; Touch; rv:11.0) like Gecko"
80.123.80.158 - - [24/Jan/2019:14:01:11 +0100] "GET /reload?ser=1548334870933 HTTP/1.1" 200 28 "http://renault.activities.at/success" "Mozilla/5.0 (Windows NT 10.0; WOW64; Trident/7.0; rv:11.0) like Gecko"
213.153.47.173 - - [24/Jan/2019:14:01:15 +0100] "GET /reload?ser=1548334875326 HTTP/1.1" 200 28 "http://renault.activities.at/login?required=true" "Mozilla/5.0 (Windows NT 10.0; Win64; x64; rv:64.0) Gecko/20100101 Firefox/64.0"
193.194.132.27 - - [24/Jan/2019:14:01:32 +0100] "GET /reload?ser=1548334892662 HTTP/1.1" 200 28 "http://renault.2web.at/account?loadrequest=true" "Mozilla/5.0 (Windows NT 10.0; WOW64; Trident/7.0; Touch; rv:11.0) like Gecko"
80.123.80.158 - - [24/Jan/2019:14:02:12 +0100] "GET /reload?ser=1548334931932 HTTP/1.1" 200 28 "http://renault.activities.at/success" "Mozilla/5.0 (Windows NT 10.0; WOW64; Trident/7.0; rv:11.0) like Gecko"
213.153.47.173 - - [24/Jan/2019:14:02:16 +0100] "GET /reload?ser=1548334936000 HTTP/1.1" 200 28 "http://renault.activities.at/login?required=true" "Mozilla/5.0 (Windows NT 10.0; Win64; x64; rv:64.0) Gecko/20100101 Firefox/64.0"
77.119.131.67 - - [24/Jan/2019:14:02:32 +0100] "GET /account HTTP/1.1" 302 150 "-" "Mozilla/5.0 (iPhone; CPU iPhone OS 12_1_2 like Mac OS X) AppleWebKit/605.1.15 (KHTML, like Gecko) Version/12.0 Mobile/15E148 Safari/604.1"
77.119.131.67 - - [24/Jan/2019:14:02:33 +0100] "GET /login?required=true HTTP/1.1" 200 2086 "-" "Mozilla/5.0 (iPhone; CPU iPhone OS 12_1_2 like Mac OS X) AppleWebKit/605.1.15 (KHTML, like Gecko) Version/12.0 Mobile/15E148 Safari/604.1"
193.194.132.27 - - [24/Jan/2019:14:02:33 +0100] "GET /reload?ser=1548334953739 HTTP/1.1" 200 28 "http://renault.2web.at/account?loadrequest=true" "Mozilla/5.0 (Windows NT 10.0; WOW64; Trident/7.0; Touch; rv:11.0) like Gecko"
77.119.131.67 - - [24/Jan/2019:14:02:34 +0100] "GET /apple-touch-icon-120x120-precomposed.png HTTP/1.1" 200 1559 "-" "MobileSafari/604.1 CFNetwork/976 Darwin/18.2.0"
77.119.131.67 - - [24/Jan/2019:14:02:35 +0100] "GET /apple-touch-icon-120x120.png HTTP/1.1" 200 1559 "-" "MobileSafari/604.1 CFNetwork/976 Darwin/18.2.0"
77.119.131.67 - - [24/Jan/2019:14:02:36 +0100] "GET /apple-touch-icon-precomposed.png HTTP/1.1" 200 1559 "-" "MobileSafari/604.1 CFNetwork/976 Darwin/18.2.0"
77.119.131.67 - - [24/Jan/2019:14:02:37 +0100] "GET /apple-touch-icon.png HTTP/1.1" 200 1559 "-" "MobileSafari/604.1 CFNetwork/976 Darwin/18.2.0"
77.119.131.67 - - [24/Jan/2019:14:02:38 +0100] "GET /images/favicon.ico HTTP/1.1" 404 305 "-" "MobileSafari/604.1 CFNetwork/976 Darwin/18.2.0"
77.119.131.67 - - [24/Jan/2019:14:02:39 +0100] "GET /images/favicon.ico HTTP/1.1" 404 305 "-" "MobileSafari/604.1 CFNetwork/976 Darwin/18.2.0"
77.119.131.67 - - [24/Jan/2019:14:02:39 +0100] "GET /favicon.ico HTTP/1.1" 200 3250 "-" "MobileSafari/604.1 CFNetwork/976 Darwin/18.2.0"
77.119.131.67 - - [24/Jan/2019:14:02:39 +0100] "GET /apple-touch-icon-120x120-precomposed.png HTTP/1.1" 200 1559 "-" "MobileSafari/604.1 CFNetwork/976 Darwin/18.2.0"
77.119.131.67 - - [24/Jan/2019:14:02:40 +0100] "GET /apple-touch-icon-120x120.png HTTP/1.1" 200 1559 "-" "MobileSafari/604.1 CFNetwork/976 Darwin/18.2.0"
77.119.131.67 - - [24/Jan/2019:14:02:41 +0100] "GET /apple-touch-icon-precomposed.png HTTP/1.1" 200 1559 "-" "MobileSafari/604.1 CFNetwork/976 Darwin/18.2.0"
77.119.131.67 - - [24/Jan/2019:14:02:42 +0100] "GET /apple-touch-icon.png HTTP/1.1" 200 1559 "-" "MobileSafari/604.1 CFNetwork/976 Darwin/18.2.0"
77.119.131.67 - - [24/Jan/2019:14:02:43 +0100] "GET /images/favicon.ico HTTP/1.1" 404 305 "-" "MobileSafari/604.1 CFNetwork/976 Darwin/18.2.0"
77.119.131.67 - - [24/Jan/2019:14:02:43 +0100] "GET /images/favicon.ico HTTP/1.1" 404 305 "-" "MobileSafari/604.1 CFNetwork/976 Darwin/18.2.0"
77.119.131.67 - - [24/Jan/2019:14:02:43 +0100] "GET /favicon.ico HTTP/1.1" 200 3250 "-" "MobileSafari/604.1 CFNetwork/976 Darwin/18.2.0"
207.46.13.114 - - [24/Jan/2019:14:02:58 +0100] "GET /10260004?mode=grid&cat=10260004 HTTP/1.1" 200 4893 "-" "Mozilla/5.0 (compatible; bingbot/2.0; +http://www.bing.com/bingbot.htm)"
80.123.80.158 - - [24/Jan/2019:14:03:13 +0100] "GET /reload?ser=1548334992951 HTTP/1.1" 200 28 "http://renault.activities.at/success" "Mozilla/5.0 (Windows NT 10.0; WOW64; Trident/7.0; rv:11.0) like Gecko"
213.153.47.173 - - [24/Jan/2019:14:03:16 +0100] "GET /reload?ser=1548334996655 HTTP/1.1" 200 28 "http://renault.activities.at/login?required=true" "Mozilla/5.0 (Windows NT 10.0; Win64; x64; rv:64.0) Gecko/20100101 Firefox/64.0"
193.194.132.27 - - [24/Jan/2019:14:03:34 +0100] "GET /reload?ser=1548335014813 HTTP/1.1" 200 28 "http://renault.2web.at/account?loadrequest=true" "Mozilla/5.0 (Windows NT 10.0; WOW64; Trident/7.0; Touch; rv:11.0) like Gecko"
80.123.80.158 - - [24/Jan/2019:14:04:15 +0100] "GET /reload?ser=1548335053983 HTTP/1.1" 200 28 "http://renault.activities.at/success" "Mozilla/5.0 (Windows NT 10.0; WOW64; Trident/7.0; rv:11.0) like Gecko"
213.153.47.173 - - [24/Jan/2019:14:04:17 +0100] "GET /reload?ser=1548335057313 HTTP/1.1" 200 28 "http://renault.activities.at/login?required=true" "Mozilla/5.0 (Windows NT 10.0; Win64; x64; rv:64.0) Gecko/20100101 Firefox/64.0"
193.194.132.27 - - [24/Jan/2019:14:04:36 +0100] "GET /reload?ser=1548335075890 HTTP/1.1" 200 28 "http://renault.2web.at/account?loadrequest=true" "Mozilla/5.0 (Windows NT 10.0; WOW64; Trident/7.0; Touch; rv:11.0) like Gecko"
80.123.80.158 - - [24/Jan/2019:14:05:16 +0100] "GET /reload?ser=1548335115025 HTTP/1.1" 200 28 "http://renault.activities.at/success" "Mozilla/5.0 (Windows NT 10.0; WOW64; Trident/7.0; rv:11.0) like Gecko"
213.153.47.173 - - [24/Jan/2019:14:05:18 +0100] "GET /reload?ser=1548335117986 HTTP/1.1" 200 28 "http://renault.activities.at/login?required=true" "Mozilla/5.0 (Windows NT 10.0; Win64; x64; rv:64.0) Gecko/20100101 Firefox/64.0"
193.194.132.27 - - [24/Jan/2019:14:05:37 +0100] "GET /reload?ser=1548335137021 HTTP/1.1" 200 28 "http://renault.2web.at/account?loadrequest=true" "Mozilla/5.0 (Windows NT 10.0; WOW64; Trident/7.0; Touch; rv:11.0) like Gecko"
80.123.80.158 - - [24/Jan/2019:14:06:17 +0100] "GET /reload?ser=1548335176032 HTTP/1.1" 200 28 "http://renault.activities.at/success" "Mozilla/5.0 (Windows NT 10.0; WOW64; Trident/7.0; rv:11.0) like Gecko"
213.153.47.173 - - [24/Jan/2019:14:06:18 +0100] "GET /reload?ser=1548335178659 HTTP/1.1" 200 28 "http://renault.activities.at/login?required=true" "Mozilla/5.0 (Windows NT 10.0; Win64; x64; rv:64.0) Gecko/20100101 Firefox/64.0"
193.194.132.27 - - [24/Jan/2019:14:06:38 +0100] "GET /reload?ser=1548335198093 HTTP/1.1" 200 28 "http://renault.2web.at/account?loadrequest=true" "Mozilla/5.0 (Windows NT 10.0; WOW64; Trident/7.0; Touch; rv:11.0) like Gecko"
80.123.80.158 - - [24/Jan/2019:14:07:18 +0100] "GET /reload?ser=1548335237054 HTTP/1.1" 200 28 "http://renault.activities.at/success" "Mozilla/5.0 (Windows NT 10.0; WOW64; Trident/7.0; rv:11.0) like Gecko"
213.153.47.173 - - [24/Jan/2019:14:07:19 +0100] "GET /reload?ser=1548335239315 HTTP/1.1" 200 28 "http://renault.activities.at/login?required=true" "Mozilla/5.0 (Windows NT 10.0; Win64; x64; rv:64.0) Gecko/20100101 Firefox/64.0"
193.194.132.27 - - [24/Jan/2019:14:07:39 +0100] "GET /reload?ser=1548335259129 HTTP/1.1" 200 28 "http://renault.2web.at/account?loadrequest=true" "Mozilla/5.0 (Windows NT 10.0; WOW64; Trident/7.0; Touch; rv:11.0) like Gecko"
80.123.80.158 - - [24/Jan/2019:14:08:19 +0100] "GET /reload?ser=1548335298035 HTTP/1.1" 200 28 "http://renault.activities.at/success" "Mozilla/5.0 (Windows NT 10.0; WOW64; Trident/7.0; rv:11.0) like Gecko"
213.153.47.173 - - [24/Jan/2019:14:08:20 +0100] "GET /reload?ser=1548335299974 HTTP/1.1" 200 28 "http://renault.activities.at/login?required=true" "Mozilla/5.0 (Windows NT 10.0; Win64; x64; rv:64.0) Gecko/20100101 Firefox/64.0"
193.194.132.27 - - [24/Jan/2019:14:08:40 +0100] "GET /reload?ser=1548335320203 HTTP/1.1" 200 28 "http://renault.2web.at/account?loadrequest=true" "Mozilla/5.0 (Windows NT 10.0; WOW64; Trident/7.0; Touch; rv:11.0) like Gecko"
80.123.80.158 - - [24/Jan/2019:14:09:20 +0100] "GET /reload?ser=1548335359023 HTTP/1.1" 200 28 "http://renault.activities.at/success" "Mozilla/5.0 (Windows NT 10.0; WOW64; Trident/7.0; rv:11.0) like Gecko"
213.153.47.173 - - [24/Jan/2019:14:09:20 +0100] "GET /reload?ser=1548335360632 HTTP/1.1" 200 28 "http://renault.activities.at/login?required=true" "Mozilla/5.0 (Windows NT 10.0; Win64; x64; rv:64.0) Gecko/20100101 Firefox/64.0"
193.194.132.27 - - [24/Jan/2019:14:09:41 +0100] "GET /reload?ser=1548335381281 HTTP/1.1" 200 28 "http://renault.2web.at/account?loadrequest=true" "Mozilla/5.0 (Windows NT 10.0; WOW64; Trident/7.0; Touch; rv:11.0) like Gecko"
213.153.47.173 - - [24/Jan/2019:14:10:21 +0100] "GET /reload?ser=1548335421304 HTTP/1.1" 200 28 "http://renault.activities.at/login?required=true" "Mozilla/5.0 (Windows NT 10.0; Win64; x64; rv:64.0) Gecko/20100101 Firefox/64.0"
80.123.80.158 - - [24/Jan/2019:14:10:21 +0100] "GET /reload?ser=1548335420045 HTTP/1.1" 200 28 "http://renault.activities.at/success" "Mozilla/5.0 (Windows NT 10.0; WOW64; Trident/7.0; rv:11.0) like Gecko"
46.125.249.42 - - [24/Jan/2019:14:10:27 +0100] "GET / HTTP/1.1" 200 3529 "-" "Mozilla/5.0 (Windows NT 6.1; Win64; x64) AppleWebKit/537.36 (KHTML, like Gecko) Chrome/71.0.3578.98 Safari/537.36"
46.125.249.42 - - [24/Jan/2019:14:10:28 +0100] "GET /js/default.js HTTP/1.1" 200 14698 "http://renault.activities.at/" "Mozilla/5.0 (Windows NT 6.1; Win64; x64) AppleWebKit/537.36 (KHTML, like Gecko) Chrome/71.0.3578.98 Safari/537.36"
46.125.249.42 - - [24/Jan/2019:14:10:28 +0100] "GET /css/clears.css HTTP/1.1" 200 851 "http://renault.activities.at/" "Mozilla/5.0 (Windows NT 6.1; Win64; x64) AppleWebKit/537.36 (KHTML, like Gecko) Chrome/71.0.3578.98 Safari/537.36"
46.125.249.42 - - [24/Jan/2019:14:10:28 +0100] "GET /js/flashdetection.js HTTP/1.1" 200 1059 "http://renault.activities.at/" "Mozilla/5.0 (Windows NT 6.1; Win64; x64) AppleWebKit/537.36 (KHTML, like Gecko) Chrome/71.0.3578.98 Safari/537.36"
46.125.249.42 - - [24/Jan/2019:14:10:28 +0100] "GET /css/reset.css HTTP/1.1" 200 1356 "http://renault.activities.at/" "Mozilla/5.0 (Windows NT 6.1; Win64; x64) AppleWebKit/537.36 (KHTML, like Gecko) Chrome/71.0.3578.98 Safari/537.36"
46.125.249.42 - - [24/Jan/2019:14:10:28 +0100] "GET /css/styles.css HTTP/1.1" 200 14664 "http://renault.activities.at/" "Mozilla/5.0 (Windows NT 6.1; Win64; x64) AppleWebKit/537.36 (KHTML, like Gecko) Chrome/71.0.3578.98 Safari/537.36"
46.125.249.42 - - [24/Jan/2019:14:10:28 +0100] "GET /js/checkout.css HTTP/1.1" 200 359 "http://renault.activities.at/" "Mozilla/5.0 (Windows NT 6.1; Win64; x64) AppleWebKit/537.36 (KHTML, like Gecko) Chrome/71.0.3578.98 Safari/537.36"
46.125.249.42 - - [24/Jan/2019:14:10:28 +0100] "GET /css/prototip.css HTTP/1.1" 200 968 "http://renault.activities.at/" "Mozilla/5.0 (Windows NT 6.1; Win64; x64) AppleWebKit/537.36 (KHTML, like Gecko) Chrome/71.0.3578.98 Safari/537.36"
46.125.249.42 - - [24/Jan/2019:14:10:28 +0100] "GET /css/themes/default.css HTTP/1.1" 200 769 "http://renault.activities.at/" "Mozilla/5.0 (Windows NT 6.1; Win64; x64) AppleWebKit/537.36 (KHTML, like Gecko) Chrome/71.0.3578.98 Safari/537.36"
46.125.249.42 - - [24/Jan/2019:14:10:28 +0100] "GET /css/themes/alphacube.css HTTP/1.1" 200 743 "http://renault.activities.at/" "Mozilla/5.0 (Windows NT 6.1; Win64; x64) AppleWebKit/537.36 (KHTML, like Gecko) Chrome/71.0.3578.98 Safari/537.36"
46.125.249.42 - - [24/Jan/2019:14:10:28 +0100] "GET /js/index.php?c=auto&f=,prototype/prototype.js,prototype/validation.js,scriptaculous/builder.js,scriptaculous/effects.js,scriptaculous/dragdrop.js,scriptaculous/controls.js,scriptaculous/slider.js,varien/js.js,varien/form.js,varien/menu.js,mage/translate.js,mage/cookies.js,varien/product.js,spinner/SpinnerControl.jsmin.js,prototype/window.js,prototype/window_ext.js HTTP/1.1" 200 94182 "http://renault.activities.at/" "Mozilla/5.0 (Windows NT 6.1; Win64; x64) AppleWebKit/537.36 (KHTML, like Gecko) Chrome/71.0.3578.98 Safari/537.36"
46.125.249.42 - - [24/Jan/2019:14:10:28 +0100] "GET /css/print.css HTTP/1.1" 200 543 "http://renault.activities.at/" "Mozilla/5.0 (Windows NT 6.1; Win64; x64) AppleWebKit/537.36 (KHTML, like Gecko) Chrome/71.0.3578.98 Safari/537.36"
46.125.249.42 - - [24/Jan/2019:14:10:28 +0100] "GET /images/main_block_border.gif HTTP/1.1" 200 43 "http://renault.activities.at/css/styles.css" "Mozilla/5.0 (Windows NT 6.1; Win64; x64) AppleWebKit/537.36 (KHTML, like Gecko) Chrome/71.0.3578.98 Safari/537.36"
46.125.249.42 - - [24/Jan/2019:14:10:28 +0100] "GET /images/main_block_corner_right_bot.gif HTTP/1.1" 200 158 "http://renault.activities.at/css/styles.css" "Mozilla/5.0 (Windows NT 6.1; Win64; x64) AppleWebKit/537.36 (KHTML, like Gecko) Chrome/71.0.3578.98 Safari/537.36"
46.125.249.42 - - [24/Jan/2019:14:10:28 +0100] "GET /images/main_block_corner_left_bot.gif HTTP/1.1" 200 159 "http://renault.activities.at/css/styles.css" "Mozilla/5.0 (Windows NT 6.1; Win64; x64) AppleWebKit/537.36 (KHTML, like Gecko) Chrome/71.0.3578.98 Safari/537.36"
46.125.249.42 - - [24/Jan/2019:14:10:28 +0100] "GET /images/header_block_border.gif HTTP/1.1" 200 43 "http://renault.activities.at/css/styles.css" "Mozilla/5.0 (Windows NT 6.1; Win64; x64) AppleWebKit/537.36 (KHTML, like Gecko) Chrome/71.0.3578.98 Safari/537.36"
46.125.249.42 - - [24/Jan/2019:14:10:28 +0100] "GET /images/header_block_corner_left_top.gif HTTP/1.1" 200 160 "http://renault.activities.at/css/styles.css" "Mozilla/5.0 (Windows NT 6.1; Win64; x64) AppleWebKit/537.36 (KHTML, like Gecko) Chrome/71.0.3578.98 Safari/537.36"
46.125.249.42 - - [24/Jan/2019:14:10:29 +0100] "GET /images/main_block_corner_right_top.gif HTTP/1.1" 200 159 "http://renault.activities.at/css/styles.css" "Mozilla/5.0 (Windows NT 6.1; Win64; x64) AppleWebKit/537.36 (KHTML, like Gecko) Chrome/71.0.3578.98 Safari/537.36"
46.125.249.42 - - [24/Jan/2019:14:10:29 +0100] "GET /images/header_block_corner_right_top.gif HTTP/1.1" 200 160 "http://renault.activities.at/css/styles.css" "Mozilla/5.0 (Windows NT 6.1; Win64; x64) AppleWebKit/537.36 (KHTML, like Gecko) Chrome/71.0.3578.98 Safari/537.36"
46.125.249.42 - - [24/Jan/2019:14:10:29 +0100] "GET /images/main_block_corner_left_top.gif HTTP/1.1" 200 159 "http://renault.activities.at/css/styles.css" "Mozilla/5.0 (Windows NT 6.1; Win64; x64) AppleWebKit/537.36 (KHTML, like Gecko) Chrome/71.0.3578.98 Safari/537.36"
46.125.249.42 - - [24/Jan/2019:14:10:29 +0100] "GET /images/title_border.jpg HTTP/1.1" 200 304 "http://renault.activities.at/css/styles.css" "Mozilla/5.0 (Windows NT 6.1; Win64; x64) AppleWebKit/537.36 (KHTML, like Gecko) Chrome/71.0.3578.98 Safari/537.36"
46.125.249.42 - - [24/Jan/2019:14:10:29 +0100] "GET /images/title_corner_left_top.jpg HTTP/1.1" 200 372 "http://renault.activities.at/css/styles.css" "Mozilla/5.0 (Windows NT 6.1; Win64; x64) AppleWebKit/537.36 (KHTML, like Gecko) Chrome/71.0.3578.98 Safari/537.36"
46.125.249.42 - - [24/Jan/2019:14:10:29 +0100] "GET /images/title_border_top.jpg HTTP/1.1" 200 336 "http://renault.activities.at/css/styles.css" "Mozilla/5.0 (Windows NT 6.1; Win64; x64) AppleWebKit/537.36 (KHTML, like Gecko) Chrome/71.0.3578.98 Safari/537.36"
46.125.249.42 - - [24/Jan/2019:14:10:29 +0100] "GET /images/title_corner_right_top.jpg HTTP/1.1" 200 389 "http://renault.activities.at/css/styles.css" "Mozilla/5.0 (Windows NT 6.1; Win64; x64) AppleWebKit/537.36 (KHTML, like Gecko) Chrome/71.0.3578.98 Safari/537.36"
46.125.249.42 - - [24/Jan/2019:14:10:29 +0100] "GET /loadthumbnail.php?id=11127982 HTTP/1.1" 200 399614 "http://renault.activities.at/" "Mozilla/5.0 (Windows NT 6.1; Win64; x64) AppleWebKit/537.36 (KHTML, like Gecko) Chrome/71.0.3578.98 Safari/537.36"
46.125.249.42 - - [24/Jan/2019:14:10:29 +0100] "GET /images/favicon.ico HTTP/1.1" 404 305 "http://renault.activities.at/" "Mozilla/5.0 (Windows NT 6.1; Win64; x64) AppleWebKit/537.36 (KHTML, like Gecko) Chrome/71.0.3578.98 Safari/537.36"
46.125.249.42 - - [24/Jan/2019:14:10:30 +0100] "GET /login HTTP/1.1" 200 2086 "http://renault.activities.at/" "Mozilla/5.0 (Windows NT 6.1; Win64; x64) AppleWebKit/537.36 (KHTML, like Gecko) Chrome/71.0.3578.98 Safari/537.36"
46.125.249.42 - - [24/Jan/2019:14:10:31 +0100] "GET /images/button_left_bg.gif HTTP/1.1" 200 564 "http://renault.activities.at/css/styles.css" "Mozilla/5.0 (Windows NT 6.1; Win64; x64) AppleWebKit/537.36 (KHTML, like Gecko) Chrome/71.0.3578.98 Safari/537.36"
46.125.249.42 - - [24/Jan/2019:14:10:31 +0100] "GET /images/button_bg.gif HTTP/1.1" 200 151 "http://renault.activities.at/css/styles.css" "Mozilla/5.0 (Windows NT 6.1; Win64; x64) AppleWebKit/537.36 (KHTML, like Gecko) Chrome/71.0.3578.98 Safari/537.36"
46.125.249.42 - - [24/Jan/2019:14:10:31 +0100] "GET /images/button_right_bg.gif HTTP/1.1" 200 561 "http://renault.activities.at/css/styles.css" "Mozilla/5.0 (Windows NT 6.1; Win64; x64) AppleWebKit/537.36 (KHTML, like Gecko) Chrome/71.0.3578.98 Safari/537.36"
193.194.132.27 - - [24/Jan/2019:14:10:42 +0100] "GET /reload?ser=1548335442440 HTTP/1.1" 200 28 "http://renault.2web.at/account?loadrequest=true" "Mozilla/5.0 (Windows NT 10.0; WOW64; Trident/7.0; Touch; rv:11.0) like Gecko"
46.125.249.42 - - [24/Jan/2019:14:10:54 +0100] "POST /login HTTP/1.1" 302 140 "http://renault.activities.at/login" "Mozilla/5.0 (Windows NT 6.1; Win64; x64) AppleWebKit/537.36 (KHTML, like Gecko) Chrome/71.0.3578.98 Safari/537.36"
46.125.249.42 - - [24/Jan/2019:14:10:56 +0100] "GET /account HTTP/1.1" 200 5898 "http://renault.activities.at/login" "Mozilla/5.0 (Windows NT 6.1; Win64; x64) AppleWebKit/537.36 (KHTML, like Gecko) Chrome/71.0.3578.98 Safari/537.36"
46.125.249.42 - - [24/Jan/2019:14:10:58 +0100] "GET /js/account.js HTTP/1.1" 200 953 "http://renault.activities.at/account" "Mozilla/5.0 (Windows NT 6.1; Win64; x64) AppleWebKit/537.36 (KHTML, like Gecko) Chrome/71.0.3578.98 Safari/537.36"
46.125.249.42 - - [24/Jan/2019:14:10:58 +0100] "GET /images/menu_button_bg.jpg HTTP/1.1" 200 322 "http://renault.activities.at/css/styles.css" "Mozilla/5.0 (Windows NT 6.1; Win64; x64) AppleWebKit/537.36 (KHTML, like Gecko) Chrome/71.0.3578.98 Safari/537.36"
46.125.249.42 - - [24/Jan/2019:14:10:58 +0100] "GET /images/search_bg.gif HTTP/1.1" 200 1726 "http://renault.activities.at/css/styles.css" "Mozilla/5.0 (Windows NT 6.1; Win64; x64) AppleWebKit/537.36 (KHTML, like Gecko) Chrome/71.0.3578.98 Safari/537.36"
46.125.249.42 - - [24/Jan/2019:14:10:58 +0100] "GET /images/nav_divider.gif HTTP/1.1" 200 43 "http://renault.activities.at/css/styles.css" "Mozilla/5.0 (Windows NT 6.1; Win64; x64) AppleWebKit/537.36 (KHTML, like Gecko) Chrome/71.0.3578.98 Safari/537.36"
46.125.249.42 - - [24/Jan/2019:14:10:58 +0100] "GET /images/top_links_divider.gif HTTP/1.1" 200 44 "http://renault.activities.at/css/styles.css" "Mozilla/5.0 (Windows NT 6.1; Win64; x64) AppleWebKit/537.36 (KHTML, like Gecko) Chrome/71.0.3578.98 Safari/537.36"
46.125.249.42 - - [24/Jan/2019:14:10:58 +0100] "GET /images/menu_divider.gif HTTP/1.1" 200 176 "http://renault.activities.at/css/styles.css" "Mozilla/5.0 (Windows NT 6.1; Win64; x64) AppleWebKit/537.36 (KHTML, like Gecko) Chrome/71.0.3578.98 Safari/537.36"
46.125.249.42 - - [24/Jan/2019:14:10:58 +0100] "GET /loadthumbnail.php?id=10986339&width=50&height=50 HTTP/1.1" 200 1295 "http://renault.activities.at/account" "Mozilla/5.0 (Windows NT 6.1; Win64; x64) AppleWebKit/537.36 (KHTML, like Gecko) Chrome/71.0.3578.98 Safari/537.36"
46.125.249.42 - - [24/Jan/2019:14:10:59 +0100] "GET /images/sidebar_title_border_top.gif HTTP/1.1" 200 155 "http://renault.activities.at/css/styles.css" "Mozilla/5.0 (Windows NT 6.1; Win64; x64) AppleWebKit/537.36 (KHTML, like Gecko) Chrome/71.0.3578.98 Safari/537.36"
46.125.249.42 - - [24/Jan/2019:14:10:59 +0100] "GET /images/sidebar_title_corner_left_top.gif HTTP/1.1" 200 1124 "http://renault.activities.at/css/styles.css" "Mozilla/5.0 (Windows NT 6.1; Win64; x64) AppleWebKit/537.36 (KHTML, like Gecko) Chrome/71.0.3578.98 Safari/537.36"
46.125.249.42 - - [24/Jan/2019:14:10:59 +0100] "GET /images/sidebar_title_border.gif HTTP/1.1" 200 43 "http://renault.activities.at/css/styles.css" "Mozilla/5.0 (Windows NT 6.1; Win64; x64) AppleWebKit/537.36 (KHTML, like Gecko) Chrome/71.0.3578.98 Safari/537.36"
46.125.249.42 - - [24/Jan/2019:14:10:59 +0100] "GET /images/sidebar_title_corner_right_top.gif HTTP/1.1" 200 383 "http://renault.activities.at/css/styles.css" "Mozilla/5.0 (Windows NT 6.1; Win64; x64) AppleWebKit/537.36 (KHTML, like Gecko) Chrome/71.0.3578.98 Safari/537.36"
46.125.249.42 - - [24/Jan/2019:14:10:59 +0100] "GET /images/footer_divider.gif HTTP/1.1" 200 44 "http://renault.activities.at/css/styles.css" "Mozilla/5.0 (Windows NT 6.1; Win64; x64) AppleWebKit/537.36 (KHTML, like Gecko) Chrome/71.0.3578.98 Safari/537.36"
46.125.249.42 - - [24/Jan/2019:14:11:02 +0100] "GET /result?searchterm=true&search=sandero HTTP/1.1" 200 7086 "http://renault.activities.at/account" "Mozilla/5.0 (Windows NT 6.1; Win64; x64) AppleWebKit/537.36 (KHTML, like Gecko) Chrome/71.0.3578.98 Safari/537.36"
46.125.249.42 - - [24/Jan/2019:14:11:04 +0100] "GET /js/prototip.js HTTP/1.1" 200 4588 "http://renault.activities.at/result?searchterm=true&search=sandero" "Mozilla/5.0 (Windows NT 6.1; Win64; x64) AppleWebKit/537.36 (KHTML, like Gecko) Chrome/71.0.3578.98 Safari/537.36"
46.125.249.42 - - [24/Jan/2019:14:11:04 +0100] "GET /images/loading.gif HTTP/1.1" 200 3208 "http://renault.activities.at/result?searchterm=true&search=sandero" "Mozilla/5.0 (Windows NT 6.1; Win64; x64) AppleWebKit/537.36 (KHTML, like Gecko) Chrome/71.0.3578.98 Safari/537.36"
46.125.249.42 - - [24/Jan/2019:14:11:04 +0100] "GET /js/ProduktGrp.js HTTP/1.1" 200 1569 "http://renault.activities.at/result?searchterm=true&search=sandero" "Mozilla/5.0 (Windows NT 6.1; Win64; x64) AppleWebKit/537.36 (KHTML, like Gecko) Chrome/71.0.3578.98 Safari/537.36"
46.125.249.42 - - [24/Jan/2019:14:11:04 +0100] "GET /loadthumbnail.php?id=11825623&width=113 HTTP/1.1" 200 1820 "http://renault.activities.at/result?searchterm=true&search=sandero" "Mozilla/5.0 (Windows NT 6.1; Win64; x64) AppleWebKit/537.36 (KHTML, like Gecko) Chrome/71.0.3578.98 Safari/537.36"
46.125.249.42 - - [24/Jan/2019:14:11:04 +0100] "GET /loadthumbnail.php?id=11825624&width=113 HTTP/1.1" 200 1820 "http://renault.activities.at/result?searchterm=true&search=sandero" "Mozilla/5.0 (Windows NT 6.1; Win64; x64) AppleWebKit/537.36 (KHTML, like Gecko) Chrome/71.0.3578.98 Safari/537.36"
46.125.249.42 - - [24/Jan/2019:14:11:04 +0100] "GET /loadthumbnail.php?id=10203255 HTTP/1.1" 200 137 "http://renault.activities.at/result?searchterm=true&search=sandero" "Mozilla/5.0 (Windows NT 6.1; Win64; x64) AppleWebKit/537.36 (KHTML, like Gecko) Chrome/71.0.3578.98 Safari/537.36"
46.125.249.42 - - [24/Jan/2019:14:11:04 +0100] "GET /loadthumbnail.php?id=11784479&width=113 HTTP/1.1" 200 2490 "http://renault.activities.at/result?searchterm=true&search=sandero" "Mozilla/5.0 (Windows NT 6.1; Win64; x64) AppleWebKit/537.36 (KHTML, like Gecko) Chrome/71.0.3578.98 Safari/537.36"
46.125.249.42 - - [24/Jan/2019:14:11:04 +0100] "GET /loadthumbnail.php?id=11361093&width=113 HTTP/1.1" 200 21857 "http://renault.activities.at/result?searchterm=true&search=sandero" "Mozilla/5.0 (Windows NT 6.1; Win64; x64) AppleWebKit/537.36 (KHTML, like Gecko) Chrome/71.0.3578.98 Safari/537.36"
46.125.249.42 - - [24/Jan/2019:14:11:04 +0100] "GET /loadthumbnail.php?id=11926648&width=113 HTTP/1.1" 200 35142 "http://renault.activities.at/result?searchterm=true&search=sandero" "Mozilla/5.0 (Windows NT 6.1; Win64; x64) AppleWebKit/537.36 (KHTML, like Gecko) Chrome/71.0.3578.98 Safari/537.36"
46.125.249.42 - - [24/Jan/2019:14:11:05 +0100] "GET /images/vista-dn.gif HTTP/1.1" 200 128 "http://renault.activities.at/css/styles.css" "Mozilla/5.0 (Windows NT 6.1; Win64; x64) AppleWebKit/537.36 (KHTML, like Gecko) Chrome/71.0.3578.98 Safari/537.36"
46.125.249.42 - - [24/Jan/2019:14:11:05 +0100] "GET /images/pager_bg.gif HTTP/1.1" 200 150 "http://renault.activities.at/css/styles.css" "Mozilla/5.0 (Windows NT 6.1; Win64; x64) AppleWebKit/537.36 (KHTML, like Gecko) Chrome/71.0.3578.98 Safari/537.36"
46.125.249.42 - - [24/Jan/2019:14:11:05 +0100] "GET /images/vista-up.gif HTTP/1.1" 200 131 "http://renault.activities.at/css/styles.css" "Mozilla/5.0 (Windows NT 6.1; Win64; x64) AppleWebKit/537.36 (KHTML, like Gecko) Chrome/71.0.3578.98 Safari/537.36"
46.125.249.42 - - [24/Jan/2019:14:11:05 +0100] "GET /images/validation_advice_bg.gif HTTP/1.1" 200 134 "http://renault.activities.at/css/styles.css" "Mozilla/5.0 (Windows NT 6.1; Win64; x64) AppleWebKit/537.36 (KHTML, like Gecko) Chrome/71.0.3578.98 Safari/537.36"
46.125.249.42 - - [24/Jan/2019:14:11:05 +0100] "GET /loadthumbnail.php?id=11784481&width=113 HTTP/1.1" 200 5692 "http://renault.activities.at/result?searchterm=true&search=sandero" "Mozilla/5.0 (Windows NT 6.1; Win64; x64) AppleWebKit/537.36 (KHTML, like Gecko) Chrome/71.0.3578.98 Safari/537.36"
46.125.249.42 - - [24/Jan/2019:14:11:05 +0100] "GET /loadthumbnail.php?id=10260863&width=113 HTTP/1.1" 200 1170 "http://renault.activities.at/result?searchterm=true&search=sandero" "Mozilla/5.0 (Windows NT 6.1; Win64; x64) AppleWebKit/537.36 (KHTML, like Gecko) Chrome/71.0.3578.98 Safari/537.36"
46.125.249.42 - - [24/Jan/2019:14:11:05 +0100] "GET /loadthumbnail.php?id=11798476&width=113 HTTP/1.1" 200 2525 "http://renault.activities.at/result?searchterm=true&search=sandero" "Mozilla/5.0 (Windows NT 6.1; Win64; x64) AppleWebKit/537.36 (KHTML, like Gecko) Chrome/71.0.3578.98 Safari/537.36"
46.125.249.42 - - [24/Jan/2019:14:11:05 +0100] "GET /loadthumbnail.php?id=11715005&width=113 HTTP/1.1" 200 30128 "http://renault.activities.at/result?searchterm=true&search=sandero" "Mozilla/5.0 (Windows NT 6.1; Win64; x64) AppleWebKit/537.36 (KHTML, like Gecko) Chrome/71.0.3578.98 Safari/537.36"
46.125.249.42 - - [24/Jan/2019:14:11:02 +0100] "POST /axjaxrequest?mode=suggest HTTP/1.1" 200 112 "http://renault.activities.at/account" "Mozilla/5.0 (Windows NT 6.1; Win64; x64) AppleWebKit/537.36 (KHTML, like Gecko) Chrome/71.0.3578.98 Safari/537.36"
46.125.249.42 - - [24/Jan/2019:14:11:14 +0100] "GET /images/vista-up-hover.gif HTTP/1.1" 200 130 "http://renault.activities.at/css/styles.css" "Mozilla/5.0 (Windows NT 6.1; Win64; x64) AppleWebKit/537.36 (KHTML, like Gecko) Chrome/71.0.3578.98 Safari/537.36"
213.153.47.173 - - [24/Jan/2019:14:11:22 +0100] "GET /reload?ser=1548335481961 HTTP/1.1" 200 28 "http://renault.activities.at/login?required=true" "Mozilla/5.0 (Windows NT 10.0; Win64; x64; rv:64.0) Gecko/20100101 Firefox/64.0"
80.123.80.158 - - [24/Jan/2019:14:11:22 +0100] "GET /reload?ser=1548335481047 HTTP/1.1" 200 28 "http://renault.activities.at/success" "Mozilla/5.0 (Windows NT 10.0; WOW64; Trident/7.0; rv:11.0) like Gecko"
46.125.249.42 - - [24/Jan/2019:14:11:20 +0100] "POST /result?searchterm=true&search=sandero HTTP/1.1" 200 7276 "http://renault.activities.at/result?searchterm=true&search=sandero" "Mozilla/5.0 (Windows NT 6.1; Win64; x64) AppleWebKit/537.36 (KHTML, like Gecko) Chrome/71.0.3578.98 Safari/537.36"
46.125.249.42 - - [24/Jan/2019:14:11:23 +0100] "GET /images/success_msg_icon.gif HTTP/1.1" 200 1024 "http://renault.activities.at/css/styles.css" "Mozilla/5.0 (Windows NT 6.1; Win64; x64) AppleWebKit/537.36 (KHTML, like Gecko) Chrome/71.0.3578.98 Safari/537.36"
46.125.249.42 - - [24/Jan/2019:14:11:27 +0100] "GET /result?searchterm=true&search=duster HTTP/1.1" 200 8604 "http://renault.activities.at/result?searchterm=true&search=sandero" "Mozilla/5.0 (Windows NT 6.1; Win64; x64) AppleWebKit/537.36 (KHTML, like Gecko) Chrome/71.0.3578.98 Safari/537.36"
46.125.249.42 - - [24/Jan/2019:14:11:30 +0100] "GET /loadthumbnail.php?id=10203276 HTTP/1.1" 200 75 "http://renault.activities.at/result?searchterm=true&search=duster" "Mozilla/5.0 (Windows NT 6.1; Win64; x64) AppleWebKit/537.36 (KHTML, like Gecko) Chrome/71.0.3578.98 Safari/537.36"
46.125.249.42 - - [24/Jan/2019:14:11:30 +0100] "GET /loadthumbnail.php?id=11825617&width=113 HTTP/1.1" 200 2042 "http://renault.activities.at/result?searchterm=true&search=duster" "Mozilla/5.0 (Windows NT 6.1; Win64; x64) AppleWebKit/537.36 (KHTML, like Gecko) Chrome/71.0.3578.98 Safari/537.36"
46.125.249.42 - - [24/Jan/2019:14:11:30 +0100] "GET /loadthumbnail.php?id=11825618&width=113 HTTP/1.1" 200 2042 "http://renault.activities.at/result?searchterm=true&search=duster" "Mozilla/5.0 (Windows NT 6.1; Win64; x64) AppleWebKit/537.36 (KHTML, like Gecko) Chrome/71.0.3578.98 Safari/537.36"
46.125.249.42 - - [24/Jan/2019:14:11:30 +0100] "GET /loadthumbnail.php?id=11676220&width=113 HTTP/1.1" 200 1633 "http://renault.activities.at/result?searchterm=true&search=duster" "Mozilla/5.0 (Windows NT 6.1; Win64; x64) AppleWebKit/537.36 (KHTML, like Gecko) Chrome/71.0.3578.98 Safari/537.36"
46.125.249.42 - - [24/Jan/2019:14:11:30 +0100] "GET /loadthumbnail.php?id=11926640&width=113 HTTP/1.1" 200 36074 "http://renault.activities.at/result?searchterm=true&search=duster" "Mozilla/5.0 (Windows NT 6.1; Win64; x64) AppleWebKit/537.36 (KHTML, like Gecko) Chrome/71.0.3578.98 Safari/537.36"
46.125.249.42 - - [24/Jan/2019:14:11:30 +0100] "GET /loadthumbnail.php?id=11679165&width=113 HTTP/1.1" 200 19398 "http://renault.activities.at/result?searchterm=true&search=duster" "Mozilla/5.0 (Windows NT 6.1; Win64; x64) AppleWebKit/537.36 (KHTML, like Gecko) Chrome/71.0.3578.98 Safari/537.36"
46.125.249.42 - - [24/Jan/2019:14:11:31 +0100] "GET /loadthumbnail.php?id=11710979&width=113 HTTP/1.1" 200 1909 "http://renault.activities.at/result?searchterm=true&search=duster" "Mozilla/5.0 (Windows NT 6.1; Win64; x64) AppleWebKit/537.36 (KHTML, like Gecko) Chrome/71.0.3578.98 Safari/537.36"
46.125.249.42 - - [24/Jan/2019:14:11:31 +0100] "GET /loadthumbnail.php?id=11665066&width=113 HTTP/1.1" 200 4533 "http://renault.activities.at/result?searchterm=true&search=duster" "Mozilla/5.0 (Windows NT 6.1; Win64; x64) AppleWebKit/537.36 (KHTML, like Gecko) Chrome/71.0.3578.98 Safari/537.36"
46.125.249.42 - - [24/Jan/2019:14:11:31 +0100] "GET /loadthumbnail.php?id=11665065&width=113 HTTP/1.1" 200 2677 "http://renault.activities.at/result?searchterm=true&search=duster" "Mozilla/5.0 (Windows NT 6.1; Win64; x64) AppleWebKit/537.36 (KHTML, like Gecko) Chrome/71.0.3578.98 Safari/537.36"
46.125.249.42 - - [24/Jan/2019:14:11:31 +0100] "GET /loadthumbnail.php?id=11784480&width=113 HTTP/1.1" 200 4887 "http://renault.activities.at/result?searchterm=true&search=duster" "Mozilla/5.0 (Windows NT 6.1; Win64; x64) AppleWebKit/537.36 (KHTML, like Gecko) Chrome/71.0.3578.98 Safari/537.36"
46.125.249.42 - - [24/Jan/2019:14:11:31 +0100] "GET /loadthumbnail.php?id=10203650&width=113 HTTP/1.1" 200 2741 "http://renault.activities.at/result?searchterm=true&search=duster" "Mozilla/5.0 (Windows NT 6.1; Win64; x64) AppleWebKit/537.36 (KHTML, like Gecko) Chrome/71.0.3578.98 Safari/537.36"
46.125.249.42 - - [24/Jan/2019:14:11:31 +0100] "GET /loadthumbnail.php?id=11825611&width=113 HTTP/1.1" 200 1298 "http://renault.activities.at/result?searchterm=true&search=duster" "Mozilla/5.0 (Windows NT 6.1; Win64; x64) AppleWebKit/537.36 (KHTML, like Gecko) Chrome/71.0.3578.98 Safari/537.36"
46.125.249.42 - - [24/Jan/2019:14:11:31 +0100] "GET /loadthumbnail.php?id=11825610&width=113 HTTP/1.1" 200 1298 "http://renault.activities.at/result?searchterm=true&search=duster" "Mozilla/5.0 (Windows NT 6.1; Win64; x64) AppleWebKit/537.36 (KHTML, like Gecko) Chrome/71.0.3578.98 Safari/537.36"
46.125.249.42 - - [24/Jan/2019:14:11:31 +0100] "GET /loadthumbnail.php?id=11825612&width=113 HTTP/1.1" 200 2858 "http://renault.activities.at/result?searchterm=true&search=duster" "Mozilla/5.0 (Windows NT 6.1; Win64; x64) AppleWebKit/537.36 (KHTML, like Gecko) Chrome/71.0.3578.98 Safari/537.36"
46.125.249.42 - - [24/Jan/2019:14:11:31 +0100] "GET /loadthumbnail.php?id=11711045&width=113 HTTP/1.1" 200 2986 "http://renault.activities.at/result?searchterm=true&search=duster" "Mozilla/5.0 (Windows NT 6.1; Win64; x64) AppleWebKit/537.36 (KHTML, like Gecko) Chrome/71.0.3578.98 Safari/537.36"
46.125.249.42 - - [24/Jan/2019:14:11:27 +0100] "POST /axjaxrequest?mode=suggest HTTP/1.1" 200 111 "http://renault.activities.at/result?searchterm=true&search=sandero" "Mozilla/5.0 (Windows NT 6.1; Win64; x64) AppleWebKit/537.36 (KHTML, like Gecko) Chrome/71.0.3578.98 Safari/537.36"
46.125.249.42 - - [24/Jan/2019:14:11:31 +0100] "GET /loadthumbnail.php?id=11877757&width=113 HTTP/1.1" 200 32396 "http://renault.activities.at/result?searchterm=true&search=duster" "Mozilla/5.0 (Windows NT 6.1; Win64; x64) AppleWebKit/537.36 (KHTML, like Gecko) Chrome/71.0.3578.98 Safari/537.36"
46.125.249.42 - - [24/Jan/2019:14:11:40 +0100] "GET /images/vista-dn-hover.gif HTTP/1.1" 200 127 "http://renault.activities.at/css/styles.css" "Mozilla/5.0 (Windows NT 6.1; Win64; x64) AppleWebKit/537.36 (KHTML, like Gecko) Chrome/71.0.3578.98 Safari/537.36"
193.194.132.27 - - [24/Jan/2019:14:11:43 +0100] "GET /reload?ser=1548335503564 HTTP/1.1" 200 28 "http://renault.2web.at/account?loadrequest=true" "Mozilla/5.0 (Windows NT 10.0; WOW64; Trident/7.0; Touch; rv:11.0) like Gecko"
46.125.249.42 - - [24/Jan/2019:14:11:44 +0100] "POST /result?searchterm=true&search=duster HTTP/1.1" 200 8719 "http://renault.activities.at/result?searchterm=true&search=duster" "Mozilla/5.0 (Windows NT 6.1; Win64; x64) AppleWebKit/537.36 (KHTML, like Gecko) Chrome/71.0.3578.98 Safari/537.36"
46.125.249.42 - - [24/Jan/2019:14:11:50 +0100] "GET /checkout HTTP/1.1" 200 10251 "http://renault.activities.at/result?searchterm=true&search=duster" "Mozilla/5.0 (Windows NT 6.1; Win64; x64) AppleWebKit/537.36 (KHTML, like Gecko) Chrome/71.0.3578.98 Safari/537.36"
46.125.249.42 - - [24/Jan/2019:14:11:55 +0100] "GET /js/checkout2.js HTTP/1.1" 200 4122 "http://renault.activities.at/checkout" "Mozilla/5.0 (Windows NT 6.1; Win64; x64) AppleWebKit/537.36 (KHTML, like Gecko) Chrome/71.0.3578.98 Safari/537.36"
46.125.249.42 - - [24/Jan/2019:14:11:55 +0100] "GET /images/ajax_loading.gif HTTP/1.1" 200 1542 "http://renault.activities.at/checkout" "Mozilla/5.0 (Windows NT 6.1; Win64; x64) AppleWebKit/537.36 (KHTML, like Gecko) Chrome/71.0.3578.98 Safari/537.36"
46.125.249.42 - - [24/Jan/2019:14:11:55 +0100] "GET /images/step_marker.gif HTTP/1.1" 200 650 "http://renault.activities.at/css/styles.css" "Mozilla/5.0 (Windows NT 6.1; Win64; x64) AppleWebKit/537.36 (KHTML, like Gecko) Chrome/71.0.3578.98 Safari/537.36"
46.125.249.42 - - [24/Jan/2019:14:11:55 +0100] "GET /images/step_bg.jpg HTTP/1.1" 200 319 "http://renault.activities.at/css/styles.css" "Mozilla/5.0 (Windows NT 6.1; Win64; x64) AppleWebKit/537.36 (KHTML, like Gecko) Chrome/71.0.3578.98 Safari/537.36"
46.125.249.42 - - [24/Jan/2019:14:11:55 +0100] "GET /images/checkout_border_top.gif HTTP/1.1" 200 156 "http://renault.activities.at/css/styles.css" "Mozilla/5.0 (Windows NT 6.1; Win64; x64) AppleWebKit/537.36 (KHTML, like Gecko) Chrome/71.0.3578.98 Safari/537.36"
46.125.249.42 - - [24/Jan/2019:14:11:55 +0100] "GET /images/checkout_border.gif HTTP/1.1" 200 43 "http://renault.activities.at/css/styles.css" "Mozilla/5.0 (Windows NT 6.1; Win64; x64) AppleWebKit/537.36 (KHTML, like Gecko) Chrome/71.0.3578.98 Safari/537.36"
46.125.249.42 - - [24/Jan/2019:14:11:55 +0100] "GET /loadthumbnail.php?id=10201939 HTTP/1.1" 200 201 "http://renault.activities.at/checkout" "Mozilla/5.0 (Windows NT 6.1; Win64; x64) AppleWebKit/537.36 (KHTML, like Gecko) Chrome/71.0.3578.98 Safari/537.36"
46.125.249.42 - - [24/Jan/2019:14:11:55 +0100] "GET /loadthumbnail.php?id=10202698 HTTP/1.1" 200 16686 "http://renault.activities.at/checkout" "Mozilla/5.0 (Windows NT 6.1; Win64; x64) AppleWebKit/537.36 (KHTML, like Gecko) Chrome/71.0.3578.98 Safari/537.36"
46.125.249.42 - - [24/Jan/2019:14:11:57 +0100] "POST /docheckout HTTP/1.1" 200 461 "http://renault.activities.at/checkout" "Mozilla/5.0 (Windows NT 6.1; Win64; x64) AppleWebKit/537.36 (KHTML, like Gecko) Chrome/71.0.3578.98 Safari/537.36"
46.125.249.42 - - [24/Jan/2019:14:12:01 +0100] "POST /docheckout HTTP/1.1" 200 658 "http://renault.activities.at/checkout" "Mozilla/5.0 (Windows NT 6.1; Win64; x64) AppleWebKit/537.36 (KHTML, like Gecko) Chrome/71.0.3578.98 Safari/537.36"
46.125.249.42 - - [24/Jan/2019:14:12:03 +0100] "GET /images/error_msg_icon.gif HTTP/1.1" 200 1013 "http://renault.activities.at/checkout" "Mozilla/5.0 (Windows NT 6.1; Win64; x64) AppleWebKit/537.36 (KHTML, like Gecko) Chrome/71.0.3578.98 Safari/537.36"
46.125.249.42 - - [24/Jan/2019:14:12:05 +0100] "POST /docheckout HTTP/1.1" 200 68 "http://renault.activities.at/checkout" "Mozilla/5.0 (Windows NT 6.1; Win64; x64) AppleWebKit/537.36 (KHTML, like Gecko) Chrome/71.0.3578.98 Safari/537.36"
46.125.249.42 - - [24/Jan/2019:14:12:08 +0100] "GET /success HTTP/1.1" 200 3790 "http://renault.activities.at/checkout" "Mozilla/5.0 (Windows NT 6.1; Win64; x64) AppleWebKit/537.36 (KHTML, like Gecko) Chrome/71.0.3578.98 Safari/537.36"
