193.194.132.26 - - [25/Jan/2019:11:20:34 +0100] "GET /reload?ser=1548411634794 HTTP/1.1" 200 28 "http://renault.2web.at/result?searchterm=true&search=Talisman" "Mozilla/5.0 (Windows NT 10.0; Win64; x64) AppleWebKit/537.36 (KHTML, like Gecko) Chrome/71.0.3578.98 Safari/537.36"
138.21.12.28 - - [25/Jan/2019:11:20:38 +0100] "GET /reload?ser=1548411638296 HTTP/1.1" 200 28 "http://renault.2web.at/account?loadrequest=true" "Mozilla/5.0 (Windows NT 10.0; WOW64; Trident/7.0; Touch; rv:11.0) like Gecko"
91.113.165.162 - - [25/Jan/2019:11:20:48 +0100] "GET /reload?ser=1548411648803 HTTP/1.1" 200 28 "http://renault.activities.at/result?searchterm=true&search=logan+zubeh%F6r" "Mozilla/5.0 (Windows NT 10.0; WOW64; Trident/7.0; rv:11.0) like Gecko"
88.116.10.164 - - [25/Jan/2019:11:21:04 +0100] "GET /reload?ser=1548411664619 HTTP/1.1" 200 28 "http://renault.activities.at/checkout" "Mozilla/5.0 (Windows NT 6.1; WOW64; Trident/7.0; rv:11.0) like Gecko"
213.153.47.173 - - [25/Jan/2019:11:21:34 +0100] "GET /reload?ser=1548411694224 HTTP/1.1" 200 28 "http://renault.activities.at/login?required=true" "Mozilla/5.0 (Windows NT 10.0; Win64; x64; rv:64.0) Gecko/20100101 Firefox/64.0"
193.194.132.26 - - [25/Jan/2019:11:21:35 +0100] "GET /reload?ser=1548411695813 HTTP/1.1" 200 28 "http://renault.2web.at/result?searchterm=true&search=Talisman" "Mozilla/5.0 (Windows NT 10.0; Win64; x64) AppleWebKit/537.36 (KHTML, like Gecko) Chrome/71.0.3578.98 Safari/537.36"
138.21.12.28 - - [25/Jan/2019:11:21:39 +0100] "GET /reload?ser=1548411699314 HTTP/1.1" 200 28 "http://renault.2web.at/account?loadrequest=true" "Mozilla/5.0 (Windows NT 10.0; WOW64; Trident/7.0; Touch; rv:11.0) like Gecko"
91.113.165.162 - - [25/Jan/2019:11:21:49 +0100] "GET /reload?ser=1548411709758 HTTP/1.1" 200 28 "http://renault.activities.at/result?searchterm=true&search=logan+zubeh%F6r" "Mozilla/5.0 (Windows NT 10.0; WOW64; Trident/7.0; rv:11.0) like Gecko"
88.116.10.164 - - [25/Jan/2019:11:22:05 +0100] "GET /reload?ser=1548411725594 HTTP/1.1" 200 28 "http://renault.activities.at/checkout" "Mozilla/5.0 (Windows NT 6.1; WOW64; Trident/7.0; rv:11.0) like Gecko"
213.153.47.173 - - [25/Jan/2019:11:22:34 +0100] "GET /reload?ser=1548411754876 HTTP/1.1" 200 28 "http://renault.activities.at/login?required=true" "Mozilla/5.0 (Windows NT 10.0; Win64; x64; rv:64.0) Gecko/20100101 Firefox/64.0"
193.194.132.26 - - [25/Jan/2019:11:22:36 +0100] "GET /reload?ser=1548411756830 HTTP/1.1" 200 28 "http://renault.2web.at/result?searchterm=true&search=Talisman" "Mozilla/5.0 (Windows NT 10.0; Win64; x64) AppleWebKit/537.36 (KHTML, like Gecko) Chrome/71.0.3578.98 Safari/537.36"
138.21.12.28 - - [25/Jan/2019:11:22:40 +0100] "GET /reload?ser=1548411760324 HTTP/1.1" 200 28 "http://renault.2web.at/account?loadrequest=true" "Mozilla/5.0 (Windows NT 10.0; WOW64; Trident/7.0; Touch; rv:11.0) like Gecko"
91.113.165.162 - - [25/Jan/2019:11:22:50 +0100] "GET /reload?ser=1548411770703 HTTP/1.1" 200 28 "http://renault.activities.at/result?searchterm=true&search=logan+zubeh%F6r" "Mozilla/5.0 (Windows NT 10.0; WOW64; Trident/7.0; rv:11.0) like Gecko"
88.116.10.164 - - [25/Jan/2019:11:23:06 +0100] "GET /reload?ser=1548411786588 HTTP/1.1" 200 28 "http://renault.activities.at/checkout" "Mozilla/5.0 (Windows NT 6.1; WOW64; Trident/7.0; rv:11.0) like Gecko"
213.153.47.173 - - [25/Jan/2019:11:23:35 +0100] "GET /reload?ser=1548411815544 HTTP/1.1" 200 28 "http://renault.activities.at/login?required=true" "Mozilla/5.0 (Windows NT 10.0; Win64; x64; rv:64.0) Gecko/20100101 Firefox/64.0"
193.194.132.26 - - [25/Jan/2019:11:23:38 +0100] "GET /reload?ser=1548411817900 HTTP/1.1" 200 28 "http://renault.2web.at/result?searchterm=true&search=Talisman" "Mozilla/5.0 (Windows NT 10.0; Win64; x64) AppleWebKit/537.36 (KHTML, like Gecko) Chrome/71.0.3578.98 Safari/537.36"
138.21.12.28 - - [25/Jan/2019:11:23:41 +0100] "GET /reload?ser=1548411821349 HTTP/1.1" 200 28 "http://renault.2web.at/account?loadrequest=true" "Mozilla/5.0 (Windows NT 10.0; WOW64; Trident/7.0; Touch; rv:11.0) like Gecko"
91.113.165.162 - - [25/Jan/2019:11:23:51 +0100] "GET /reload?ser=1548411831647 HTTP/1.1" 200 28 "http://renault.activities.at/result?searchterm=true&search=logan+zubeh%F6r" "Mozilla/5.0 (Windows NT 10.0; WOW64; Trident/7.0; rv:11.0) like Gecko"
88.116.10.164 - - [25/Jan/2019:11:24:07 +0100] "GET /reload?ser=1548411847580 HTTP/1.1" 200 28 "http://renault.activities.at/checkout" "Mozilla/5.0 (Windows NT 6.1; WOW64; Trident/7.0; rv:11.0) like Gecko"
213.153.47.173 - - [25/Jan/2019:11:24:36 +0100] "GET /reload?ser=1548411876203 HTTP/1.1" 200 28 "http://renault.activities.at/login?required=true" "Mozilla/5.0 (Windows NT 10.0; Win64; x64; rv:64.0) Gecko/20100101 Firefox/64.0"
193.194.132.26 - - [25/Jan/2019:11:24:39 +0100] "GET /reload?ser=1548411879001 HTTP/1.1" 200 28 "http://renault.2web.at/result?searchterm=true&search=Talisman" "Mozilla/5.0 (Windows NT 10.0; Win64; x64) AppleWebKit/537.36 (KHTML, like Gecko) Chrome/71.0.3578.98 Safari/537.36"
138.21.12.28 - - [25/Jan/2019:11:24:42 +0100] "GET /reload?ser=1548411882366 HTTP/1.1" 200 28 "http://renault.2web.at/account?loadrequest=true" "Mozilla/5.0 (Windows NT 10.0; WOW64; Trident/7.0; Touch; rv:11.0) like Gecko"
91.113.165.162 - - [25/Jan/2019:11:24:52 +0100] "GET /reload?ser=1548411892617 HTTP/1.1" 200 28 "http://renault.activities.at/result?searchterm=true&search=logan+zubeh%F6r" "Mozilla/5.0 (Windows NT 10.0; WOW64; Trident/7.0; rv:11.0) like Gecko"
88.116.10.164 - - [25/Jan/2019:11:25:08 +0100] "GET /reload?ser=1548411908553 HTTP/1.1" 200 28 "http://renault.activities.at/checkout" "Mozilla/5.0 (Windows NT 6.1; WOW64; Trident/7.0; rv:11.0) like Gecko"
213.153.47.173 - - [25/Jan/2019:11:25:36 +0100] "GET /reload?ser=1548411936863 HTTP/1.1" 200 28 "http://renault.activities.at/login?required=true" "Mozilla/5.0 (Windows NT 10.0; Win64; x64; rv:64.0) Gecko/20100101 Firefox/64.0"
193.194.132.26 - - [25/Jan/2019:11:25:41 +0100] "GET /reload?ser=1548411941042 HTTP/1.1" 200 28 "http://renault.2web.at/result?searchterm=true&search=Talisman" "Mozilla/5.0 (Windows NT 10.0; Win64; x64) AppleWebKit/537.36 (KHTML, like Gecko) Chrome/71.0.3578.98 Safari/537.36"
138.21.12.28 - - [25/Jan/2019:11:25:43 +0100] "GET /reload?ser=1548411943452 HTTP/1.1" 200 28 "http://renault.2web.at/account?loadrequest=true" "Mozilla/5.0 (Windows NT 10.0; WOW64; Trident/7.0; Touch; rv:11.0) like Gecko"
91.113.165.162 - - [25/Jan/2019:11:25:53 +0100] "GET /reload?ser=1548411953612 HTTP/1.1" 200 28 "http://renault.activities.at/result?searchterm=true&search=logan+zubeh%F6r" "Mozilla/5.0 (Windows NT 10.0; WOW64; Trident/7.0; rv:11.0) like Gecko"
88.116.10.164 - - [25/Jan/2019:11:26:09 +0100] "GET /reload?ser=1548411969578 HTTP/1.1" 200 28 "http://renault.activities.at/checkout" "Mozilla/5.0 (Windows NT 6.1; WOW64; Trident/7.0; rv:11.0) like Gecko"
213.153.47.173 - - [25/Jan/2019:11:26:37 +0100] "GET /reload?ser=1548411997533 HTTP/1.1" 200 28 "http://renault.activities.at/login?required=true" "Mozilla/5.0 (Windows NT 10.0; Win64; x64; rv:64.0) Gecko/20100101 Firefox/64.0"
193.194.132.26 - - [25/Jan/2019:11:26:43 +0100] "GET /reload?ser=1548412003048 HTTP/1.1" 200 28 "http://renault.2web.at/result?searchterm=true&search=Talisman" "Mozilla/5.0 (Windows NT 10.0; Win64; x64) AppleWebKit/537.36 (KHTML, like Gecko) Chrome/71.0.3578.98 Safari/537.36"
138.21.12.28 - - [25/Jan/2019:11:26:44 +0100] "GET /reload?ser=1548412004495 HTTP/1.1" 200 28 "http://renault.2web.at/account?loadrequest=true" "Mozilla/5.0 (Windows NT 10.0; WOW64; Trident/7.0; Touch; rv:11.0) like Gecko"
91.113.165.162 - - [25/Jan/2019:11:26:54 +0100] "GET /reload?ser=1548412014603 HTTP/1.1" 200 28 "http://renault.activities.at/result?searchterm=true&search=logan+zubeh%F6r" "Mozilla/5.0 (Windows NT 10.0; WOW64; Trident/7.0; rv:11.0) like Gecko"
88.116.10.164 - - [25/Jan/2019:11:27:10 +0100] "GET /reload?ser=1548412030547 HTTP/1.1" 200 28 "http://renault.activities.at/checkout" "Mozilla/5.0 (Windows NT 6.1; WOW64; Trident/7.0; rv:11.0) like Gecko"
213.153.47.173 - - [25/Jan/2019:11:27:38 +0100] "GET /reload?ser=1548412058193 HTTP/1.1" 200 28 "http://renault.activities.at/login?required=true" "Mozilla/5.0 (Windows NT 10.0; Win64; x64; rv:64.0) Gecko/20100101 Firefox/64.0"
193.194.132.26 - - [25/Jan/2019:11:27:45 +0100] "GET /reload?ser=1548412065053 HTTP/1.1" 200 28 "http://renault.2web.at/result?searchterm=true&search=Talisman" "Mozilla/5.0 (Windows NT 10.0; Win64; x64) AppleWebKit/537.36 (KHTML, like Gecko) Chrome/71.0.3578.98 Safari/537.36"
138.21.12.28 - - [25/Jan/2019:11:27:45 +0100] "GET /reload?ser=1548412065527 HTTP/1.1" 200 28 "http://renault.2web.at/account?loadrequest=true" "Mozilla/5.0 (Windows NT 10.0; WOW64; Trident/7.0; Touch; rv:11.0) like Gecko"
91.113.165.162 - - [25/Jan/2019:11:27:55 +0100] "GET /reload?ser=1548412075563 HTTP/1.1" 200 28 "http://renault.activities.at/result?searchterm=true&search=logan+zubeh%F6r" "Mozilla/5.0 (Windows NT 10.0; WOW64; Trident/7.0; rv:11.0) like Gecko"
88.116.10.164 - - [25/Jan/2019:11:28:11 +0100] "GET /reload?ser=1548412091535 HTTP/1.1" 200 28 "http://renault.activities.at/checkout" "Mozilla/5.0 (Windows NT 6.1; WOW64; Trident/7.0; rv:11.0) like Gecko"
213.153.47.173 - - [25/Jan/2019:11:28:38 +0100] "GET /reload?ser=1548412118865 HTTP/1.1" 200 28 "http://renault.activities.at/login?required=true" "Mozilla/5.0 (Windows NT 10.0; Win64; x64; rv:64.0) Gecko/20100101 Firefox/64.0"
138.21.12.28 - - [25/Jan/2019:11:28:46 +0100] "GET /reload?ser=1548412126560 HTTP/1.1" 200 28 "http://renault.2web.at/account?loadrequest=true" "Mozilla/5.0 (Windows NT 10.0; WOW64; Trident/7.0; Touch; rv:11.0) like Gecko"
193.194.132.26 - - [25/Jan/2019:11:28:47 +0100] "GET /reload?ser=1548412127064 HTTP/1.1" 200 28 "http://renault.2web.at/result?searchterm=true&search=Talisman" "Mozilla/5.0 (Windows NT 10.0; Win64; x64) AppleWebKit/537.36 (KHTML, like Gecko) Chrome/71.0.3578.98 Safari/537.36"
91.113.165.162 - - [25/Jan/2019:11:28:56 +0100] "GET /reload?ser=1548412136524 HTTP/1.1" 200 28 "http://renault.activities.at/result?searchterm=true&search=logan+zubeh%F6r" "Mozilla/5.0 (Windows NT 10.0; WOW64; Trident/7.0; rv:11.0) like Gecko"
88.116.10.164 - - [25/Jan/2019:11:29:12 +0100] "GET /reload?ser=1548412152492 HTTP/1.1" 200 28 "http://renault.activities.at/checkout" "Mozilla/5.0 (Windows NT 6.1; WOW64; Trident/7.0; rv:11.0) like Gecko"
213.153.47.173 - - [25/Jan/2019:11:29:39 +0100] "GET /reload?ser=1548412179533 HTTP/1.1" 200 28 "http://renault.activities.at/login?required=true" "Mozilla/5.0 (Windows NT 10.0; Win64; x64; rv:64.0) Gecko/20100101 Firefox/64.0"
138.21.12.28 - - [25/Jan/2019:11:29:47 +0100] "GET /reload?ser=1548412187668 HTTP/1.1" 200 28 "http://renault.2web.at/account?loadrequest=true" "Mozilla/5.0 (Windows NT 10.0; WOW64; Trident/7.0; Touch; rv:11.0) like Gecko"
193.194.132.26 - - [25/Jan/2019:11:29:49 +0100] "GET /reload?ser=1548412189066 HTTP/1.1" 200 28 "http://renault.2web.at/result?searchterm=true&search=Talisman" "Mozilla/5.0 (Windows NT 10.0; Win64; x64) AppleWebKit/537.36 (KHTML, like Gecko) Chrome/71.0.3578.98 Safari/537.36"
91.113.165.162 - - [25/Jan/2019:11:29:57 +0100] "GET /reload?ser=1548412197467 HTTP/1.1" 200 28 "http://renault.activities.at/result?searchterm=true&search=logan+zubeh%F6r" "Mozilla/5.0 (Windows NT 10.0; WOW64; Trident/7.0; rv:11.0) like Gecko"
88.116.10.164 - - [25/Jan/2019:11:30:13 +0100] "GET /reload?ser=1548412213483 HTTP/1.1" 200 28 "http://renault.activities.at/checkout" "Mozilla/5.0 (Windows NT 6.1; WOW64; Trident/7.0; rv:11.0) like Gecko"
213.153.47.173 - - [25/Jan/2019:11:30:40 +0100] "GET /reload?ser=1548412240203 HTTP/1.1" 200 28 "http://renault.activities.at/login?required=true" "Mozilla/5.0 (Windows NT 10.0; Win64; x64; rv:64.0) Gecko/20100101 Firefox/64.0"
138.21.12.28 - - [25/Jan/2019:11:30:48 +0100] "GET /reload?ser=1548412248741 HTTP/1.1" 200 28 "http://renault.2web.at/account?loadrequest=true" "Mozilla/5.0 (Windows NT 10.0; WOW64; Trident/7.0; Touch; rv:11.0) like Gecko"
193.194.132.26 - - [25/Jan/2019:11:30:51 +0100] "GET /reload?ser=1548412251068 HTTP/1.1" 200 28 "http://renault.2web.at/result?searchterm=true&search=Talisman" "Mozilla/5.0 (Windows NT 10.0; Win64; x64) AppleWebKit/537.36 (KHTML, like Gecko) Chrome/71.0.3578.98 Safari/537.36"
91.113.165.162 - - [25/Jan/2019:11:30:58 +0100] "GET /reload?ser=1548412258436 HTTP/1.1" 200 28 "http://renault.activities.at/result?searchterm=true&search=logan+zubeh%F6r" "Mozilla/5.0 (Windows NT 10.0; WOW64; Trident/7.0; rv:11.0) like Gecko"
88.116.10.164 - - [25/Jan/2019:11:31:14 +0100] "GET /reload?ser=1548412274478 HTTP/1.1" 200 28 "http://renault.activities.at/checkout" "Mozilla/5.0 (Windows NT 6.1; WOW64; Trident/7.0; rv:11.0) like Gecko"
213.153.47.173 - - [25/Jan/2019:11:31:40 +0100] "GET /reload?ser=1548412300863 HTTP/1.1" 200 28 "http://renault.activities.at/login?required=true" "Mozilla/5.0 (Windows NT 10.0; Win64; x64; rv:64.0) Gecko/20100101 Firefox/64.0"
138.21.12.28 - - [25/Jan/2019:11:31:49 +0100] "GET /reload?ser=1548412309781 HTTP/1.1" 200 28 "http://renault.2web.at/account?loadrequest=true" "Mozilla/5.0 (Windows NT 10.0; WOW64; Trident/7.0; Touch; rv:11.0) like Gecko"
193.194.132.26 - - [25/Jan/2019:11:31:53 +0100] "GET /reload?ser=1548412313079 HTTP/1.1" 200 28 "http://renault.2web.at/result?searchterm=true&search=Talisman" "Mozilla/5.0 (Windows NT 10.0; Win64; x64) AppleWebKit/537.36 (KHTML, like Gecko) Chrome/71.0.3578.98 Safari/537.36"
91.113.165.162 - - [25/Jan/2019:11:31:59 +0100] "GET /reload?ser=1548412319388 HTTP/1.1" 200 28 "http://renault.activities.at/result?searchterm=true&search=logan+zubeh%F6r" "Mozilla/5.0 (Windows NT 10.0; WOW64; Trident/7.0; rv:11.0) like Gecko"
88.116.10.164 - - [25/Jan/2019:11:32:15 +0100] "GET /reload?ser=1548412335478 HTTP/1.1" 200 28 "http://renault.activities.at/checkout" "Mozilla/5.0 (Windows NT 6.1; WOW64; Trident/7.0; rv:11.0) like Gecko"
213.153.47.173 - - [25/Jan/2019:11:32:41 +0100] "GET /reload?ser=1548412361533 HTTP/1.1" 200 28 "http://renault.activities.at/login?required=true" "Mozilla/5.0 (Windows NT 10.0; Win64; x64; rv:64.0) Gecko/20100101 Firefox/64.0"
138.21.12.28 - - [25/Jan/2019:11:32:50 +0100] "GET /reload?ser=1548412370793 HTTP/1.1" 200 28 "http://renault.2web.at/account?loadrequest=true" "Mozilla/5.0 (Windows NT 10.0; WOW64; Trident/7.0; Touch; rv:11.0) like Gecko"
193.194.132.26 - - [25/Jan/2019:11:32:55 +0100] "GET /reload?ser=1548412375076 HTTP/1.1" 200 28 "http://renault.2web.at/result?searchterm=true&search=Talisman" "Mozilla/5.0 (Windows NT 10.0; Win64; x64) AppleWebKit/537.36 (KHTML, like Gecko) Chrome/71.0.3578.98 Safari/537.36"
91.113.165.162 - - [25/Jan/2019:11:33:00 +0100] "GET /reload?ser=1548412380347 HTTP/1.1" 200 28 "http://renault.activities.at/result?searchterm=true&search=logan+zubeh%F6r" "Mozilla/5.0 (Windows NT 10.0; WOW64; Trident/7.0; rv:11.0) like Gecko"
88.116.10.164 - - [25/Jan/2019:11:33:16 +0100] "GET /reload?ser=1548412396484 HTTP/1.1" 200 28 "http://renault.activities.at/checkout" "Mozilla/5.0 (Windows NT 6.1; WOW64; Trident/7.0; rv:11.0) like Gecko"
213.153.47.173 - - [25/Jan/2019:11:33:42 +0100] "GET /reload?ser=1548412422193 HTTP/1.1" 200 28 "http://renault.activities.at/login?required=true" "Mozilla/5.0 (Windows NT 10.0; Win64; x64; rv:64.0) Gecko/20100101 Firefox/64.0"
138.21.12.28 - - [25/Jan/2019:11:33:51 +0100] "GET /reload?ser=1548412431796 HTTP/1.1" 200 28 "http://renault.2web.at/account?loadrequest=true" "Mozilla/5.0 (Windows NT 10.0; WOW64; Trident/7.0; Touch; rv:11.0) like Gecko"
193.194.132.26 - - [25/Jan/2019:11:33:57 +0100] "GET /reload?ser=1548412437084 HTTP/1.1" 200 28 "http://renault.2web.at/result?searchterm=true&search=Talisman" "Mozilla/5.0 (Windows NT 10.0; Win64; x64) AppleWebKit/537.36 (KHTML, like Gecko) Chrome/71.0.3578.98 Safari/537.36"
91.113.165.162 - - [25/Jan/2019:11:34:01 +0100] "GET /reload?ser=1548412441318 HTTP/1.1" 200 28 "http://renault.activities.at/result?searchterm=true&search=logan+zubeh%F6r" "Mozilla/5.0 (Windows NT 10.0; WOW64; Trident/7.0; rv:11.0) like Gecko"
88.116.10.164 - - [25/Jan/2019:11:34:17 +0100] "GET /reload?ser=1548412457515 HTTP/1.1" 200 28 "http://renault.activities.at/checkout" "Mozilla/5.0 (Windows NT 6.1; WOW64; Trident/7.0; rv:11.0) like Gecko"
213.153.47.173 - - [25/Jan/2019:11:34:42 +0100] "GET /reload?ser=1548412482853 HTTP/1.1" 200 28 "http://renault.activities.at/login?required=true" "Mozilla/5.0 (Windows NT 10.0; Win64; x64; rv:64.0) Gecko/20100101 Firefox/64.0"
138.21.12.28 - - [25/Jan/2019:11:34:52 +0100] "GET /reload?ser=1548412492832 HTTP/1.1" 200 28 "http://renault.2web.at/account?loadrequest=true" "Mozilla/5.0 (Windows NT 10.0; WOW64; Trident/7.0; Touch; rv:11.0) like Gecko"
193.194.132.26 - - [25/Jan/2019:11:34:59 +0100] "GET /reload?ser=1548412499084 HTTP/1.1" 200 28 "http://renault.2web.at/result?searchterm=true&search=Talisman" "Mozilla/5.0 (Windows NT 10.0; Win64; x64) AppleWebKit/537.36 (KHTML, like Gecko) Chrome/71.0.3578.98 Safari/537.36"
91.113.165.162 - - [25/Jan/2019:11:35:02 +0100] "GET /reload?ser=1548412502257 HTTP/1.1" 200 28 "http://renault.activities.at/result?searchterm=true&search=logan+zubeh%F6r" "Mozilla/5.0 (Windows NT 10.0; WOW64; Trident/7.0; rv:11.0) like Gecko"
88.116.10.164 - - [25/Jan/2019:11:35:18 +0100] "GET /reload?ser=1548412518511 HTTP/1.1" 200 28 "http://renault.activities.at/checkout" "Mozilla/5.0 (Windows NT 6.1; WOW64; Trident/7.0; rv:11.0) like Gecko"
213.153.47.173 - - [25/Jan/2019:11:35:43 +0100] "GET /reload?ser=1548412543513 HTTP/1.1" 200 28 "http://renault.activities.at/login?required=true" "Mozilla/5.0 (Windows NT 10.0; Win64; x64; rv:64.0) Gecko/20100101 Firefox/64.0"
138.21.12.28 - - [25/Jan/2019:11:35:53 +0100] "GET /reload?ser=1548412553841 HTTP/1.1" 200 28 "http://renault.2web.at/account?loadrequest=true" "Mozilla/5.0 (Windows NT 10.0; WOW64; Trident/7.0; Touch; rv:11.0) like Gecko"
193.194.132.26 - - [25/Jan/2019:11:36:01 +0100] "GET /reload?ser=1548412561086 HTTP/1.1" 200 28 "http://renault.2web.at/result?searchterm=true&search=Talisman" "Mozilla/5.0 (Windows NT 10.0; Win64; x64) AppleWebKit/537.36 (KHTML, like Gecko) Chrome/71.0.3578.98 Safari/537.36"
91.113.165.162 - - [25/Jan/2019:11:36:03 +0100] "GET /reload?ser=1548412563191 HTTP/1.1" 200 28 "http://renault.activities.at/result?searchterm=true&search=logan+zubeh%F6r" "Mozilla/5.0 (Windows NT 10.0; WOW64; Trident/7.0; rv:11.0) like Gecko"
88.116.10.164 - - [25/Jan/2019:11:36:19 +0100] "GET /reload?ser=1548412579536 HTTP/1.1" 200 28 "http://renault.activities.at/checkout" "Mozilla/5.0 (Windows NT 6.1; WOW64; Trident/7.0; rv:11.0) like Gecko"
54.82.204.214 - - [25/Jan/2019:11:36:20 +0100] "GET / HTTP/1.1" 200 3529 "-" "Mozilla/5.0 (Windows NT 10.0; Win64; x64) AppleWebKit/537.36 (KHTML, like Gecko) Chrome/63.0.3239.84 Safari/537.36"
54.82.204.214 - - [25/Jan/2019:11:36:22 +0100] "GET /images/favicon.ico HTTP/1.1" 404 305 "-" "Mozilla/5.0 (Windows NT 10.0; Win64; x64) AppleWebKit/537.36 (KHTML, like Gecko) Chrome/63.0.3239.84 Safari/537.36"
213.153.47.173 - - [25/Jan/2019:11:36:44 +0100] "GET /reload?ser=1548412604194 HTTP/1.1" 200 28 "http://renault.activities.at/login?required=true" "Mozilla/5.0 (Windows NT 10.0; Win64; x64; rv:64.0) Gecko/20100101 Firefox/64.0"
138.21.12.28 - - [25/Jan/2019:11:36:54 +0100] "GET /reload?ser=1548412614871 HTTP/1.1" 200 28 "http://renault.2web.at/account?loadrequest=true" "Mozilla/5.0 (Windows NT 10.0; WOW64; Trident/7.0; Touch; rv:11.0) like Gecko"
193.194.132.26 - - [25/Jan/2019:11:37:03 +0100] "GET /reload?ser=1548412623092 HTTP/1.1" 200 28 "http://renault.2web.at/result?searchterm=true&search=Talisman" "Mozilla/5.0 (Windows NT 10.0; Win64; x64) AppleWebKit/537.36 (KHTML, like Gecko) Chrome/71.0.3578.98 Safari/537.36"
91.113.165.162 - - [25/Jan/2019:11:37:04 +0100] "GET /reload?ser=1548412624145 HTTP/1.1" 200 28 "http://renault.activities.at/result?searchterm=true&search=logan+zubeh%F6r" "Mozilla/5.0 (Windows NT 10.0; WOW64; Trident/7.0; rv:11.0) like Gecko"
88.116.10.164 - - [25/Jan/2019:11:37:20 +0100] "GET /reload?ser=1548412640528 HTTP/1.1" 200 28 "http://renault.activities.at/checkout" "Mozilla/5.0 (Windows NT 6.1; WOW64; Trident/7.0; rv:11.0) like Gecko"
213.153.47.173 - - [25/Jan/2019:11:37:44 +0100] "GET /reload?ser=1548412664865 HTTP/1.1" 200 28 "http://renault.activities.at/login?required=true" "Mozilla/5.0 (Windows NT 10.0; Win64; x64; rv:64.0) Gecko/20100101 Firefox/64.0"
138.21.12.28 - - [25/Jan/2019:11:37:56 +0100] "GET /reload?ser=1548412675947 HTTP/1.1" 200 28 "http://renault.2web.at/account?loadrequest=true" "Mozilla/5.0 (Windows NT 10.0; WOW64; Trident/7.0; Touch; rv:11.0) like Gecko"
91.113.165.162 - - [25/Jan/2019:11:38:05 +0100] "GET /reload?ser=1548412685141 HTTP/1.1" 200 28 "http://renault.activities.at/result?searchterm=true&search=logan+zubeh%F6r" "Mozilla/5.0 (Windows NT 10.0; WOW64; Trident/7.0; rv:11.0) like Gecko"
193.194.132.26 - - [25/Jan/2019:11:38:05 +0100] "GET /reload?ser=1548412685099 HTTP/1.1" 200 28 "http://renault.2web.at/result?searchterm=true&search=Talisman" "Mozilla/5.0 (Windows NT 10.0; Win64; x64) AppleWebKit/537.36 (KHTML, like Gecko) Chrome/71.0.3578.98 Safari/537.36"
88.116.10.164 - - [25/Jan/2019:11:38:21 +0100] "GET /reload?ser=1548412701492 HTTP/1.1" 200 28 "http://renault.activities.at/checkout" "Mozilla/5.0 (Windows NT 6.1; WOW64; Trident/7.0; rv:11.0) like Gecko"
213.153.47.173 - - [25/Jan/2019:11:38:45 +0100] "GET /reload?ser=1548412725584 HTTP/1.1" 200 28 "http://renault.activities.at/login?required=true" "Mozilla/5.0 (Windows NT 10.0; Win64; x64; rv:64.0) Gecko/20100101 Firefox/64.0"
138.21.12.28 - - [25/Jan/2019:11:38:57 +0100] "GET /reload?ser=1548412736954 HTTP/1.1" 200 28 "http://renault.2web.at/account?loadrequest=true" "Mozilla/5.0 (Windows NT 10.0; WOW64; Trident/7.0; Touch; rv:11.0) like Gecko"
91.113.165.162 - - [25/Jan/2019:11:39:06 +0100] "GET /reload?ser=1548412746107 HTTP/1.1" 200 28 "http://renault.activities.at/result?searchterm=true&search=logan+zubeh%F6r" "Mozilla/5.0 (Windows NT 10.0; WOW64; Trident/7.0; rv:11.0) like Gecko"
193.194.132.26 - - [25/Jan/2019:11:39:07 +0100] "GET /reload?ser=1548412747095 HTTP/1.1" 200 28 "http://renault.2web.at/result?searchterm=true&search=Talisman" "Mozilla/5.0 (Windows NT 10.0; Win64; x64) AppleWebKit/537.36 (KHTML, like Gecko) Chrome/71.0.3578.98 Safari/537.36"
88.116.10.164 - - [25/Jan/2019:11:39:22 +0100] "GET /reload?ser=1548412762486 HTTP/1.1" 200 28 "http://renault.activities.at/checkout" "Mozilla/5.0 (Windows NT 6.1; WOW64; Trident/7.0; rv:11.0) like Gecko"
213.153.47.173 - - [25/Jan/2019:11:39:46 +0100] "GET /reload?ser=1548412786254 HTTP/1.1" 200 28 "http://renault.activities.at/login?required=true" "Mozilla/5.0 (Windows NT 10.0; Win64; x64; rv:64.0) Gecko/20100101 Firefox/64.0"
138.21.12.28 - - [25/Jan/2019:11:39:58 +0100] "GET /reload?ser=1548412798036 HTTP/1.1" 200 28 "http://renault.2web.at/account?loadrequest=true" "Mozilla/5.0 (Windows NT 10.0; WOW64; Trident/7.0; Touch; rv:11.0) like Gecko"
91.113.165.162 - - [25/Jan/2019:11:40:07 +0100] "GET /reload?ser=1548412807136 HTTP/1.1" 200 28 "http://renault.activities.at/result?searchterm=true&search=logan+zubeh%F6r" "Mozilla/5.0 (Windows NT 10.0; WOW64; Trident/7.0; rv:11.0) like Gecko"
193.194.132.26 - - [25/Jan/2019:11:40:09 +0100] "GET /reload?ser=1548412809113 HTTP/1.1" 200 28 "http://renault.2web.at/result?searchterm=true&search=Talisman" "Mozilla/5.0 (Windows NT 10.0; Win64; x64) AppleWebKit/537.36 (KHTML, like Gecko) Chrome/71.0.3578.98 Safari/537.36"
88.116.10.164 - - [25/Jan/2019:11:40:23 +0100] "GET /reload?ser=1548412823476 HTTP/1.1" 200 28 "http://renault.activities.at/checkout" "Mozilla/5.0 (Windows NT 6.1; WOW64; Trident/7.0; rv:11.0) like Gecko"
213.153.47.173 - - [25/Jan/2019:11:40:46 +0100] "GET /reload?ser=1548412846914 HTTP/1.1" 200 28 "http://renault.activities.at/login?required=true" "Mozilla/5.0 (Windows NT 10.0; Win64; x64; rv:64.0) Gecko/20100101 Firefox/64.0"
138.21.12.28 - - [25/Jan/2019:11:40:59 +0100] "GET /reload?ser=1548412859043 HTTP/1.1" 200 28 "http://renault.2web.at/account?loadrequest=true" "Mozilla/5.0 (Windows NT 10.0; WOW64; Trident/7.0; Touch; rv:11.0) like Gecko"
91.113.165.162 - - [25/Jan/2019:11:41:08 +0100] "GET /reload?ser=1548412868080 HTTP/1.1" 200 28 "http://renault.activities.at/result?searchterm=true&search=logan+zubeh%F6r" "Mozilla/5.0 (Windows NT 10.0; WOW64; Trident/7.0; rv:11.0) like Gecko"
193.194.132.26 - - [25/Jan/2019:11:41:11 +0100] "GET /reload?ser=1548412871101 HTTP/1.1" 200 28 "http://renault.2web.at/result?searchterm=true&search=Talisman" "Mozilla/5.0 (Windows NT 10.0; Win64; x64) AppleWebKit/537.36 (KHTML, like Gecko) Chrome/71.0.3578.98 Safari/537.36"
88.116.10.164 - - [25/Jan/2019:11:41:24 +0100] "GET /reload?ser=1548412884444 HTTP/1.1" 200 28 "http://renault.activities.at/checkout" "Mozilla/5.0 (Windows NT 6.1; WOW64; Trident/7.0; rv:11.0) like Gecko"
213.153.47.173 - - [25/Jan/2019:11:41:47 +0100] "GET /reload?ser=1548412907564 HTTP/1.1" 200 28 "http://renault.activities.at/login?required=true" "Mozilla/5.0 (Windows NT 10.0; Win64; x64; rv:64.0) Gecko/20100101 Firefox/64.0"
138.21.12.28 - - [25/Jan/2019:11:42:00 +0100] "GET /reload?ser=1548412920081 HTTP/1.1" 200 28 "http://renault.2web.at/account?loadrequest=true" "Mozilla/5.0 (Windows NT 10.0; WOW64; Trident/7.0; Touch; rv:11.0) like Gecko"
91.113.165.162 - - [25/Jan/2019:11:42:09 +0100] "GET /reload?ser=1548412929034 HTTP/1.1" 200 28 "http://renault.activities.at/result?searchterm=true&search=logan+zubeh%F6r" "Mozilla/5.0 (Windows NT 10.0; WOW64; Trident/7.0; rv:11.0) like Gecko"
193.194.132.26 - - [25/Jan/2019:11:42:13 +0100] "GET /reload?ser=1548412933123 HTTP/1.1" 200 28 "http://renault.2web.at/result?searchterm=true&search=Talisman" "Mozilla/5.0 (Windows NT 10.0; Win64; x64) AppleWebKit/537.36 (KHTML, like Gecko) Chrome/71.0.3578.98 Safari/537.36"
88.116.10.164 - - [25/Jan/2019:11:42:25 +0100] "GET /reload?ser=1548412945426 HTTP/1.1" 200 28 "http://renault.activities.at/checkout" "Mozilla/5.0 (Windows NT 6.1; WOW64; Trident/7.0; rv:11.0) like Gecko"
213.153.47.173 - - [25/Jan/2019:11:42:48 +0100] "GET /reload?ser=1548412968235 HTTP/1.1" 200 28 "http://renault.activities.at/login?required=true" "Mozilla/5.0 (Windows NT 10.0; Win64; x64; rv:64.0) Gecko/20100101 Firefox/64.0"
138.21.12.28 - - [25/Jan/2019:11:43:01 +0100] "GET /reload?ser=1548412981124 HTTP/1.1" 200 28 "http://renault.2web.at/account?loadrequest=true" "Mozilla/5.0 (Windows NT 10.0; WOW64; Trident/7.0; Touch; rv:11.0) like Gecko"
91.113.165.162 - - [25/Jan/2019:11:43:10 +0100] "GET /reload?ser=1548412990025 HTTP/1.1" 200 28 "http://renault.activities.at/result?searchterm=true&search=logan+zubeh%F6r" "Mozilla/5.0 (Windows NT 10.0; WOW64; Trident/7.0; rv:11.0) like Gecko"
193.194.132.26 - - [25/Jan/2019:11:43:15 +0100] "GET /reload?ser=1548412995112 HTTP/1.1" 200 28 "http://renault.2web.at/result?searchterm=true&search=Talisman" "Mozilla/5.0 (Windows NT 10.0; Win64; x64) AppleWebKit/537.36 (KHTML, like Gecko) Chrome/71.0.3578.98 Safari/537.36"
213.153.47.173 - - [25/Jan/2019:11:43:48 +0100] "GET /reload?ser=1548413028925 HTTP/1.1" 200 28 "http://renault.activities.at/login?required=true" "Mozilla/5.0 (Windows NT 10.0; Win64; x64; rv:64.0) Gecko/20100101 Firefox/64.0"
138.21.12.28 - - [25/Jan/2019:11:44:02 +0100] "GET /reload?ser=1548413042189 HTTP/1.1" 200 28 "http://renault.2web.at/account?loadrequest=true" "Mozilla/5.0 (Windows NT 10.0; WOW64; Trident/7.0; Touch; rv:11.0) like Gecko"
91.113.165.162 - - [25/Jan/2019:11:44:11 +0100] "GET /reload?ser=1548413050943 HTTP/1.1" 200 28 "http://renault.activities.at/result?searchterm=true&search=logan+zubeh%F6r" "Mozilla/5.0 (Windows NT 10.0; WOW64; Trident/7.0; rv:11.0) like Gecko"
193.194.132.26 - - [25/Jan/2019:11:44:17 +0100] "GET /reload?ser=1548413057113 HTTP/1.1" 200 28 "http://renault.2web.at/result?searchterm=true&search=Talisman" "Mozilla/5.0 (Windows NT 10.0; Win64; x64) AppleWebKit/537.36 (KHTML, like Gecko) Chrome/71.0.3578.98 Safari/537.36"
213.153.47.173 - - [25/Jan/2019:11:44:49 +0100] "GET /reload?ser=1548413089594 HTTP/1.1" 200 28 "http://renault.activities.at/login?required=true" "Mozilla/5.0 (Windows NT 10.0; Win64; x64; rv:64.0) Gecko/20100101 Firefox/64.0"
138.21.12.28 - - [25/Jan/2019:11:45:03 +0100] "GET /reload?ser=1548413103281 HTTP/1.1" 200 28 "http://renault.2web.at/account?loadrequest=true" "Mozilla/5.0 (Windows NT 10.0; WOW64; Trident/7.0; Touch; rv:11.0) like Gecko"
91.113.165.162 - - [25/Jan/2019:11:45:11 +0100] "GET /reload?ser=1548413111857 HTTP/1.1" 200 28 "http://renault.activities.at/result?searchterm=true&search=logan+zubeh%F6r" "Mozilla/5.0 (Windows NT 10.0; WOW64; Trident/7.0; rv:11.0) like Gecko"
193.194.132.26 - - [25/Jan/2019:11:45:19 +0100] "GET /reload?ser=1548413119112 HTTP/1.1" 200 28 "http://renault.2web.at/result?searchterm=true&search=Talisman" "Mozilla/5.0 (Windows NT 10.0; Win64; x64) AppleWebKit/537.36 (KHTML, like Gecko) Chrome/71.0.3578.98 Safari/537.36"
213.153.47.173 - - [25/Jan/2019:11:45:50 +0100] "GET /reload?ser=1548413150244 HTTP/1.1" 200 28 "http://renault.activities.at/login?required=true" "Mozilla/5.0 (Windows NT 10.0; Win64; x64; rv:64.0) Gecko/20100101 Firefox/64.0"
138.21.12.28 - - [25/Jan/2019:11:46:04 +0100] "GET /reload?ser=1548413164289 HTTP/1.1" 200 28 "http://renault.2web.at/account?loadrequest=true" "Mozilla/5.0 (Windows NT 10.0; WOW64; Trident/7.0; Touch; rv:11.0) like Gecko"
91.113.165.162 - - [25/Jan/2019:11:46:12 +0100] "GET /reload?ser=1548413172808 HTTP/1.1" 200 28 "http://renault.activities.at/result?searchterm=true&search=logan+zubeh%F6r" "Mozilla/5.0 (Windows NT 10.0; WOW64; Trident/7.0; rv:11.0) like Gecko"
193.194.132.26 - - [25/Jan/2019:11:46:21 +0100] "GET /reload?ser=1548413181119 HTTP/1.1" 200 28 "http://renault.2web.at/result?searchterm=true&search=Talisman" "Mozilla/5.0 (Windows NT 10.0; Win64; x64) AppleWebKit/537.36 (KHTML, like Gecko) Chrome/71.0.3578.98 Safari/537.36"
213.153.47.173 - - [25/Jan/2019:11:46:50 +0100] "GET /reload?ser=1548413210916 HTTP/1.1" 200 28 "http://renault.activities.at/login?required=true" "Mozilla/5.0 (Windows NT 10.0; Win64; x64; rv:64.0) Gecko/20100101 Firefox/64.0"
138.21.12.28 - - [25/Jan/2019:11:47:05 +0100] "GET /reload?ser=1548413225326 HTTP/1.1" 200 28 "http://renault.2web.at/account?loadrequest=true" "Mozilla/5.0 (Windows NT 10.0; WOW64; Trident/7.0; Touch; rv:11.0) like Gecko"
91.113.165.162 - - [25/Jan/2019:11:47:13 +0100] "GET /reload?ser=1548413233774 HTTP/1.1" 200 28 "http://renault.activities.at/result?searchterm=true&search=logan+zubeh%F6r" "Mozilla/5.0 (Windows NT 10.0; WOW64; Trident/7.0; rv:11.0) like Gecko"
193.194.132.26 - - [25/Jan/2019:11:47:23 +0100] "GET /reload?ser=1548413243123 HTTP/1.1" 200 28 "http://renault.2web.at/result?searchterm=true&search=Talisman" "Mozilla/5.0 (Windows NT 10.0; Win64; x64) AppleWebKit/537.36 (KHTML, like Gecko) Chrome/71.0.3578.98 Safari/537.36"
213.153.47.173 - - [25/Jan/2019:11:47:51 +0100] "GET /reload?ser=1548413271570 HTTP/1.1" 200 28 "http://renault.activities.at/login?required=true" "Mozilla/5.0 (Windows NT 10.0; Win64; x64; rv:64.0) Gecko/20100101 Firefox/64.0"
138.21.12.28 - - [25/Jan/2019:11:48:06 +0100] "GET /reload?ser=1548413286345 HTTP/1.1" 200 28 "http://renault.2web.at/account?loadrequest=true" "Mozilla/5.0 (Windows NT 10.0; WOW64; Trident/7.0; Touch; rv:11.0) like Gecko"
91.113.165.162 - - [25/Jan/2019:11:48:14 +0100] "GET /reload?ser=1548413294694 HTTP/1.1" 200 28 "http://renault.activities.at/result?searchterm=true&search=logan+zubeh%F6r" "Mozilla/5.0 (Windows NT 10.0; WOW64; Trident/7.0; rv:11.0) like Gecko"
193.194.132.26 - - [25/Jan/2019:11:48:25 +0100] "GET /reload?ser=1548413305117 HTTP/1.1" 200 28 "http://renault.2web.at/result?searchterm=true&search=Talisman" "Mozilla/5.0 (Windows NT 10.0; Win64; x64) AppleWebKit/537.36 (KHTML, like Gecko) Chrome/71.0.3578.98 Safari/537.36"
213.153.47.173 - - [25/Jan/2019:11:48:52 +0100] "GET /reload?ser=1548413332365 HTTP/1.1" 200 28 "http://renault.activities.at/login?required=true" "Mozilla/5.0 (Windows NT 10.0; Win64; x64; rv:64.0) Gecko/20100101 Firefox/64.0"
138.21.12.28 - - [25/Jan/2019:11:49:07 +0100] "GET /reload?ser=1548413347381 HTTP/1.1" 200 28 "http://renault.2web.at/account?loadrequest=true" "Mozilla/5.0 (Windows NT 10.0; WOW64; Trident/7.0; Touch; rv:11.0) like Gecko"
91.113.165.162 - - [25/Jan/2019:11:49:15 +0100] "GET /reload?ser=1548413355660 HTTP/1.1" 200 28 "http://renault.activities.at/result?searchterm=true&search=logan+zubeh%F6r" "Mozilla/5.0 (Windows NT 10.0; WOW64; Trident/7.0; rv:11.0) like Gecko"
193.194.132.26 - - [25/Jan/2019:11:49:27 +0100] "GET /reload?ser=1548413367122 HTTP/1.1" 200 28 "http://renault.2web.at/result?searchterm=true&search=Talisman" "Mozilla/5.0 (Windows NT 10.0; Win64; x64) AppleWebKit/537.36 (KHTML, like Gecko) Chrome/71.0.3578.98 Safari/537.36"
213.153.47.173 - - [25/Jan/2019:11:49:53 +0100] "GET /reload?ser=1548413393045 HTTP/1.1" 200 28 "http://renault.activities.at/login?required=true" "Mozilla/5.0 (Windows NT 10.0; Win64; x64; rv:64.0) Gecko/20100101 Firefox/64.0"
138.21.12.28 - - [25/Jan/2019:11:50:08 +0100] "GET /reload?ser=1548413408463 HTTP/1.1" 200 28 "http://renault.2web.at/account?loadrequest=true" "Mozilla/5.0 (Windows NT 10.0; WOW64; Trident/7.0; Touch; rv:11.0) like Gecko"
91.113.165.162 - - [25/Jan/2019:11:50:16 +0100] "GET /reload?ser=1548413416631 HTTP/1.1" 200 28 "http://renault.activities.at/result?searchterm=true&search=logan+zubeh%F6r" "Mozilla/5.0 (Windows NT 10.0; WOW64; Trident/7.0; rv:11.0) like Gecko"
193.194.132.26 - - [25/Jan/2019:11:50:29 +0100] "GET /reload?ser=1548413429118 HTTP/1.1" 200 28 "http://renault.2web.at/result?searchterm=true&search=Talisman" "Mozilla/5.0 (Windows NT 10.0; Win64; x64) AppleWebKit/537.36 (KHTML, like Gecko) Chrome/71.0.3578.98 Safari/537.36"
213.153.47.173 - - [25/Jan/2019:11:50:53 +0100] "GET /reload?ser=1548413453715 HTTP/1.1" 200 28 "http://renault.activities.at/login?required=true" "Mozilla/5.0 (Windows NT 10.0; Win64; x64; rv:64.0) Gecko/20100101 Firefox/64.0"
138.21.12.28 - - [25/Jan/2019:11:51:09 +0100] "GET /reload?ser=1548413469446 HTTP/1.1" 200 28 "http://renault.2web.at/account?loadrequest=true" "Mozilla/5.0 (Windows NT 10.0; WOW64; Trident/7.0; Touch; rv:11.0) like Gecko"
91.113.165.162 - - [25/Jan/2019:11:51:17 +0100] "GET /reload?ser=1548413477554 HTTP/1.1" 200 28 "http://renault.activities.at/result?searchterm=true&search=logan+zubeh%F6r" "Mozilla/5.0 (Windows NT 10.0; WOW64; Trident/7.0; rv:11.0) like Gecko"
193.194.132.26 - - [25/Jan/2019:11:51:31 +0100] "GET /reload?ser=1548413491122 HTTP/1.1" 200 28 "http://renault.2web.at/result?searchterm=true&search=Talisman" "Mozilla/5.0 (Windows NT 10.0; Win64; x64) AppleWebKit/537.36 (KHTML, like Gecko) Chrome/71.0.3578.98 Safari/537.36"
213.153.47.173 - - [25/Jan/2019:11:51:54 +0100] "GET /reload?ser=1548413514376 HTTP/1.1" 200 28 "http://renault.activities.at/login?required=true" "Mozilla/5.0 (Windows NT 10.0; Win64; x64; rv:64.0) Gecko/20100101 Firefox/64.0"
138.21.12.28 - - [25/Jan/2019:11:52:10 +0100] "GET /reload?ser=1548413530467 HTTP/1.1" 200 28 "http://renault.2web.at/account?loadrequest=true" "Mozilla/5.0 (Windows NT 10.0; WOW64; Trident/7.0; Touch; rv:11.0) like Gecko"
91.113.165.162 - - [25/Jan/2019:11:52:18 +0100] "GET /reload?ser=1548413538488 HTTP/1.1" 200 28 "http://renault.activities.at/result?searchterm=true&search=logan+zubeh%F6r" "Mozilla/5.0 (Windows NT 10.0; WOW64; Trident/7.0; rv:11.0) like Gecko"
193.194.132.26 - - [25/Jan/2019:11:52:33 +0100] "GET /reload?ser=1548413553125 HTTP/1.1" 200 28 "http://renault.2web.at/result?searchterm=true&search=Talisman" "Mozilla/5.0 (Windows NT 10.0; Win64; x64) AppleWebKit/537.36 (KHTML, like Gecko) Chrome/71.0.3578.98 Safari/537.36"
80.120.5.131 - - [25/Jan/2019:11:52:47 +0100] "GET /10201637 HTTP/1.1" 302 150 "-" "Mozilla/5.0 (Macintosh; Intel Mac OS X 10_13_6) AppleWebKit/605.1.15 (KHTML, like Gecko)"
80.120.5.131 - - [25/Jan/2019:11:52:50 +0100] "GET /login?required=true HTTP/1.1" 200 2086 "-" "Mozilla/5.0 (Macintosh; Intel Mac OS X 10_13_6) AppleWebKit/605.1.15 (KHTML, like Gecko)"
80.120.5.131 - - [25/Jan/2019:11:52:51 +0100] "GET /apple-touch-icon-precomposed.png HTTP/1.1" 200 1559 "-" "Safari/13606.4.5.3.1 CFNetwork/902.3.1 Darwin/17.7.0 (x86_64)"
80.120.5.131 - - [25/Jan/2019:11:52:52 +0100] "GET /apple-touch-icon.png HTTP/1.1" 200 1559 "-" "Safari/13606.4.5.3.1 CFNetwork/902.3.1 Darwin/17.7.0 (x86_64)"
80.120.5.131 - - [25/Jan/2019:11:52:53 +0100] "GET /images/favicon.ico HTTP/1.1" 404 305 "-" "Safari/13606.4.5.3.1 CFNetwork/902.3.1 Darwin/17.7.0 (x86_64)"
80.120.5.131 - - [25/Jan/2019:11:52:53 +0100] "GET /images/favicon.ico HTTP/1.1" 404 305 "-" "Safari/13606.4.5.3.1 CFNetwork/902.3.1 Darwin/17.7.0 (x86_64)"
80.120.5.131 - - [25/Jan/2019:11:52:53 +0100] "GET /favicon.ico HTTP/1.1" 200 3250 "-" "Safari/13606.4.5.3.1 CFNetwork/902.3.1 Darwin/17.7.0 (x86_64)"
80.120.5.131 - - [25/Jan/2019:11:52:53 +0100] "GET /apple-touch-icon-precomposed.png HTTP/1.1" 200 1559 "-" "Safari/13606.4.5.3.1 CFNetwork/902.3.1 Darwin/17.7.0 (x86_64)"
213.153.47.173 - - [25/Jan/2019:11:52:55 +0100] "GET /reload?ser=1548413575065 HTTP/1.1" 200 28 "http://renault.activities.at/login?required=true" "Mozilla/5.0 (Windows NT 10.0; Win64; x64; rv:64.0) Gecko/20100101 Firefox/64.0"
80.120.5.131 - - [25/Jan/2019:11:52:55 +0100] "GET /apple-touch-icon.png HTTP/1.1" 200 1559 "-" "Safari/13606.4.5.3.1 CFNetwork/902.3.1 Darwin/17.7.0 (x86_64)"
80.120.5.131 - - [25/Jan/2019:11:52:56 +0100] "GET /images/favicon.ico HTTP/1.1" 404 305 "-" "Safari/13606.4.5.3.1 CFNetwork/902.3.1 Darwin/17.7.0 (x86_64)"
80.120.5.131 - - [25/Jan/2019:11:52:56 +0100] "GET /images/favicon.ico HTTP/1.1" 404 305 "-" "Safari/13606.4.5.3.1 CFNetwork/902.3.1 Darwin/17.7.0 (x86_64)"
80.120.5.131 - - [25/Jan/2019:11:52:56 +0100] "GET /favicon.ico HTTP/1.1" 200 3250 "-" "Safari/13606.4.5.3.1 CFNetwork/902.3.1 Darwin/17.7.0 (x86_64)"
80.120.5.131 - - [25/Jan/2019:11:52:56 +0100] "GET /10201637 HTTP/1.1" 302 150 "-" "Mozilla/5.0 (iPhone; CPU iPhone OS 11_3 like Mac OS X) AppleWebKit/605.1.15 (KHTML, like Gecko) Version/11.0 Mobile/15E148 Safari/604.1"
80.120.5.131 - - [25/Jan/2019:11:52:57 +0100] "GET /login?required=true HTTP/1.1" 200 2086 "-" "Mozilla/5.0 (iPhone; CPU iPhone OS 11_3 like Mac OS X) AppleWebKit/605.1.15 (KHTML, like Gecko) Version/11.0 Mobile/15E148 Safari/604.1"
80.120.5.131 - - [25/Jan/2019:11:52:58 +0100] "GET /apple-touch-icon-precomposed.png HTTP/1.1" 200 1559 "-" "Safari/13606.4.5.3.1 CFNetwork/902.3.1 Darwin/17.7.0 (x86_64)"
80.120.5.131 - - [25/Jan/2019:11:52:59 +0100] "GET /apple-touch-icon.png HTTP/1.1" 200 1559 "-" "Safari/13606.4.5.3.1 CFNetwork/902.3.1 Darwin/17.7.0 (x86_64)"
80.120.5.131 - - [25/Jan/2019:11:52:59 +0100] "GET /images/favicon.ico HTTP/1.1" 404 305 "-" "Safari/13606.4.5.3.1 CFNetwork/902.3.1 Darwin/17.7.0 (x86_64)"
80.120.5.131 - - [25/Jan/2019:11:53:00 +0100] "GET /images/favicon.ico HTTP/1.1" 404 305 "-" "Safari/13606.4.5.3.1 CFNetwork/902.3.1 Darwin/17.7.0 (x86_64)"
80.120.5.131 - - [25/Jan/2019:11:53:00 +0100] "GET /favicon.ico HTTP/1.1" 200 3250 "-" "Safari/13606.4.5.3.1 CFNetwork/902.3.1 Darwin/17.7.0 (x86_64)"
80.120.5.131 - - [25/Jan/2019:11:53:00 +0100] "GET /apple-touch-icon-precomposed.png HTTP/1.1" 200 1559 "-" "Safari/13606.4.5.3.1 CFNetwork/902.3.1 Darwin/17.7.0 (x86_64)"
80.120.5.131 - - [25/Jan/2019:11:53:01 +0100] "GET /apple-touch-icon.png HTTP/1.1" 200 1559 "-" "Safari/13606.4.5.3.1 CFNetwork/902.3.1 Darwin/17.7.0 (x86_64)"
80.120.5.131 - - [25/Jan/2019:11:53:02 +0100] "GET /images/favicon.ico HTTP/1.1" 404 305 "-" "Safari/13606.4.5.3.1 CFNetwork/902.3.1 Darwin/17.7.0 (x86_64)"
80.120.5.131 - - [25/Jan/2019:11:53:02 +0100] "GET /images/favicon.ico HTTP/1.1" 404 305 "-" "Safari/13606.4.5.3.1 CFNetwork/902.3.1 Darwin/17.7.0 (x86_64)"
80.120.5.131 - - [25/Jan/2019:11:53:02 +0100] "GET /favicon.ico HTTP/1.1" 200 3250 "-" "Safari/13606.4.5.3.1 CFNetwork/902.3.1 Darwin/17.7.0 (x86_64)"
138.21.12.28 - - [25/Jan/2019:11:53:11 +0100] "GET /reload?ser=1548413591523 HTTP/1.1" 200 28 "http://renault.2web.at/account?loadrequest=true" "Mozilla/5.0 (Windows NT 10.0; WOW64; Trident/7.0; Touch; rv:11.0) like Gecko"
91.113.165.162 - - [25/Jan/2019:11:53:19 +0100] "GET /reload?ser=1548413599443 HTTP/1.1" 200 28 "http://renault.activities.at/result?searchterm=true&search=logan+zubeh%F6r" "Mozilla/5.0 (Windows NT 10.0; WOW64; Trident/7.0; rv:11.0) like Gecko"
193.194.132.26 - - [25/Jan/2019:11:53:35 +0100] "GET /reload?ser=1548413615124 HTTP/1.1" 200 28 "http://renault.2web.at/result?searchterm=true&search=Talisman" "Mozilla/5.0 (Windows NT 10.0; Win64; x64) AppleWebKit/537.36 (KHTML, like Gecko) Chrome/71.0.3578.98 Safari/537.36"
213.153.47.173 - - [25/Jan/2019:11:53:55 +0100] "GET /reload?ser=1548413635767 HTTP/1.1" 200 28 "http://renault.activities.at/login?required=true" "Mozilla/5.0 (Windows NT 10.0; Win64; x64; rv:64.0) Gecko/20100101 Firefox/64.0"
217.13.176.185 - - [25/Jan/2019:11:53:58 +0100] "GET / HTTP/1.1" 200 14609 "-" "Mozilla/5.0 (Windows NT 10.0; WOW64; Trident/7.0; rv:11.0) like Gecko"
217.13.176.185 - - [25/Jan/2019:11:53:59 +0100] "GET /js/flashdetection.js HTTP/1.1" 200 2841 "http://renault.activities.at/" "Mozilla/5.0 (Windows NT 10.0; WOW64; Trident/7.0; rv:11.0) like Gecko"
217.13.176.185 - - [25/Jan/2019:11:54:00 +0100] "GET /css/reset.css HTTP/1.1" 200 3591 "http://renault.activities.at/" "Mozilla/5.0 (Windows NT 10.0; WOW64; Trident/7.0; rv:11.0) like Gecko"
217.13.176.185 - - [25/Jan/2019:11:54:00 +0100] "GET /css/themes/default.css HTTP/1.1" 200 2674 "http://renault.activities.at/" "Mozilla/5.0 (Windows NT 10.0; WOW64; Trident/7.0; rv:11.0) like Gecko"
217.13.176.185 - - [25/Jan/2019:11:54:00 +0100] "GET /css/themes/alphacube.css HTTP/1.1" 200 2665 "http://renault.activities.at/" "Mozilla/5.0 (Windows NT 10.0; WOW64; Trident/7.0; rv:11.0) like Gecko"
217.13.176.185 - - [25/Jan/2019:11:54:02 +0100] "GET /js/default.js HTTP/1.1" 200 82829 "http://renault.activities.at/" "Mozilla/5.0 (Windows NT 10.0; WOW64; Trident/7.0; rv:11.0) like Gecko"
217.13.176.185 - - [25/Jan/2019:11:54:02 +0100] "GET /css/prototip.css HTTP/1.1" 200 3299 "http://renault.activities.at/" "Mozilla/5.0 (Windows NT 10.0; WOW64; Trident/7.0; rv:11.0) like Gecko"
217.13.176.185 - - [25/Jan/2019:11:54:02 +0100] "GET /css/print.css HTTP/1.1" 200 1042 "http://renault.activities.at/" "Mozilla/5.0 (Windows NT 10.0; WOW64; Trident/7.0; rv:11.0) like Gecko"
217.13.176.185 - - [25/Jan/2019:11:54:02 +0100] "GET /js/checkout.css HTTP/1.1" 200 767 "http://renault.activities.at/" "Mozilla/5.0 (Windows NT 10.0; WOW64; Trident/7.0; rv:11.0) like Gecko"
138.21.12.28 - - [25/Jan/2019:11:54:12 +0100] "GET /reload?ser=1548413652579 HTTP/1.1" 200 28 "http://renault.2web.at/account?loadrequest=true" "Mozilla/5.0 (Windows NT 10.0; WOW64; Trident/7.0; Touch; rv:11.0) like Gecko"
217.13.176.185 - - [25/Jan/2019:11:54:14 +0100] "GET /js/index.php?c=auto&f=,prototype/prototype.js,prototype/validation.js,scriptaculous/builder.js,scriptaculous/effects.js,scriptaculous/dragdrop.js,scriptaculous/controls.js,scriptaculous/slider.js,varien/js.js,varien/form.js,varien/menu.js,mage/translate.js,mage/cookies.js,varien/product.js,spinner/SpinnerControl.jsmin.js,prototype/window.js,prototype/window_ext.js HTTP/1.1" 200 398646 "http://renault.activities.at/" "Mozilla/5.0 (Windows NT 10.0; WOW64; Trident/7.0; rv:11.0) like Gecko"
91.113.165.162 - - [25/Jan/2019:11:54:20 +0100] "GET /reload?ser=1548413660402 HTTP/1.1" 200 28 "http://renault.activities.at/result?searchterm=true&search=logan+zubeh%F6r" "Mozilla/5.0 (Windows NT 10.0; WOW64; Trident/7.0; rv:11.0) like Gecko"
193.194.132.26 - - [25/Jan/2019:11:54:37 +0100] "GET /reload?ser=1548413677134 HTTP/1.1" 200 28 "http://renault.2web.at/result?searchterm=true&search=Talisman" "Mozilla/5.0 (Windows NT 10.0; Win64; x64) AppleWebKit/537.36 (KHTML, like Gecko) Chrome/71.0.3578.98 Safari/537.36"
213.153.47.173 - - [25/Jan/2019:11:54:56 +0100] "GET /reload?ser=1548413696426 HTTP/1.1" 200 28 "http://renault.activities.at/login?required=true" "Mozilla/5.0 (Windows NT 10.0; Win64; x64; rv:64.0) Gecko/20100101 Firefox/64.0"
217.13.176.185 - - [25/Jan/2019:11:55:03 +0100] "GET /images/favicon.ico HTTP/1.1" 404 380 "-" "Mozilla/5.0 (Windows NT 10.0; Win64; x64; Trident/7.0; rv:11.0) like Gecko"
217.13.176.185 - - [25/Jan/2019:11:55:02 +0100] "GET /loadthumbnail.php?id=11127982 HTTP/1.1" 200 586642 "http://renault.activities.at/" "Mozilla/5.0 (Windows NT 10.0; WOW64; Trident/7.0; rv:11.0) like Gecko"
138.21.12.28 - - [25/Jan/2019:11:55:13 +0100] "GET /reload?ser=1548413713638 HTTP/1.1" 200 28 "http://renault.2web.at/account?loadrequest=true" "Mozilla/5.0 (Windows NT 10.0; WOW64; Trident/7.0; Touch; rv:11.0) like Gecko"
91.113.165.162 - - [25/Jan/2019:11:55:21 +0100] "GET /reload?ser=1548413721358 HTTP/1.1" 200 28 "http://renault.activities.at/result?searchterm=true&search=logan+zubeh%F6r" "Mozilla/5.0 (Windows NT 10.0; WOW64; Trident/7.0; rv:11.0) like Gecko"
193.194.132.26 - - [25/Jan/2019:11:55:39 +0100] "GET /reload?ser=1548413739137 HTTP/1.1" 200 28 "http://renault.2web.at/result?searchterm=true&search=Talisman" "Mozilla/5.0 (Windows NT 10.0; Win64; x64) AppleWebKit/537.36 (KHTML, like Gecko) Chrome/71.0.3578.98 Safari/537.36"
213.153.47.173 - - [25/Jan/2019:11:55:57 +0100] "GET /reload?ser=1548413757095 HTTP/1.1" 200 28 "http://renault.activities.at/login?required=true" "Mozilla/5.0 (Windows NT 10.0; Win64; x64; rv:64.0) Gecko/20100101 Firefox/64.0"
138.21.12.28 - - [25/Jan/2019:11:56:14 +0100] "GET /reload?ser=1548413774688 HTTP/1.1" 200 28 "http://renault.2web.at/account?loadrequest=true" "Mozilla/5.0 (Windows NT 10.0; WOW64; Trident/7.0; Touch; rv:11.0) like Gecko"
91.113.165.162 - - [25/Jan/2019:11:56:22 +0100] "GET /reload?ser=1548413782345 HTTP/1.1" 200 28 "http://renault.activities.at/result?searchterm=true&search=logan+zubeh%F6r" "Mozilla/5.0 (Windows NT 10.0; WOW64; Trident/7.0; rv:11.0) like Gecko"
217.13.176.185 - - [25/Jan/2019:11:56:33 +0100] "GET / HTTP/1.1" 200 14609 "http://www.google.at/url?sa=t&rct=j&q=&esrc=s&source=web&cd=1&ved=2ahUKEwiRv63v4ojgAhVEalAKHXSzCOwQFjAAegQIBRAC&url=http%3A%2F%2Frenault.activities.at%2F&usg=AOvVaw3f4IMOXk6tNg001mjujamn" "Mozilla/5.0 (Windows NT 10.0; WOW64; Trident/7.0; rv:11.0) like Gecko"
217.13.176.185 - - [25/Jan/2019:11:56:34 +0100] "GET /css/styles.css HTTP/1.1" 200 78636 "http://renault.activities.at/" "Mozilla/5.0 (Windows NT 10.0; WOW64; Trident/7.0; rv:11.0) like Gecko"
217.13.176.185 - - [25/Jan/2019:11:56:34 +0100] "GET /css/clears.css HTTP/1.1" 200 1978 "http://renault.activities.at/" "Mozilla/5.0 (Windows NT 10.0; WOW64; Trident/7.0; rv:11.0) like Gecko"
217.13.176.185 - - [25/Jan/2019:11:56:34 +0100] "GET /images/main_block_corner_right_bot.gif HTTP/1.1" 200 158 "http://renault.activities.at/" "Mozilla/5.0 (Windows NT 10.0; WOW64; Trident/7.0; rv:11.0) like Gecko"
217.13.176.185 - - [25/Jan/2019:11:56:34 +0100] "GET /images/main_block_border.gif HTTP/1.1" 200 43 "http://renault.activities.at/" "Mozilla/5.0 (Windows NT 10.0; WOW64; Trident/7.0; rv:11.0) like Gecko"
217.13.176.185 - - [25/Jan/2019:11:56:34 +0100] "GET /images/main_block_corner_left_bot.gif HTTP/1.1" 200 159 "http://renault.activities.at/" "Mozilla/5.0 (Windows NT 10.0; WOW64; Trident/7.0; rv:11.0) like Gecko"
217.13.176.185 - - [25/Jan/2019:11:56:34 +0100] "GET /images/header_block_corner_right_top.gif HTTP/1.1" 200 160 "http://renault.activities.at/" "Mozilla/5.0 (Windows NT 10.0; WOW64; Trident/7.0; rv:11.0) like Gecko"
217.13.176.185 - - [25/Jan/2019:11:56:34 +0100] "GET /images/title_corner_left_top.jpg HTTP/1.1" 200 372 "http://renault.activities.at/" "Mozilla/5.0 (Windows NT 10.0; WOW64; Trident/7.0; rv:11.0) like Gecko"
217.13.176.185 - - [25/Jan/2019:11:56:34 +0100] "GET /images/title_border_top.jpg HTTP/1.1" 200 336 "http://renault.activities.at/" "Mozilla/5.0 (Windows NT 10.0; WOW64; Trident/7.0; rv:11.0) like Gecko"
217.13.176.185 - - [25/Jan/2019:11:56:34 +0100] "GET /images/main_block_corner_right_top.gif HTTP/1.1" 200 159 "http://renault.activities.at/" "Mozilla/5.0 (Windows NT 10.0; WOW64; Trident/7.0; rv:11.0) like Gecko"
217.13.176.185 - - [25/Jan/2019:11:56:34 +0100] "GET /images/favicon.ico HTTP/1.1" 404 380 "-" "Mozilla/5.0 (Windows NT 10.0; Win64; x64; Trident/7.0; rv:11.0) like Gecko"
217.13.176.185 - - [25/Jan/2019:11:56:34 +0100] "GET /images/title_corner_right_top.jpg HTTP/1.1" 200 389 "http://renault.activities.at/" "Mozilla/5.0 (Windows NT 10.0; WOW64; Trident/7.0; rv:11.0) like Gecko"
217.13.176.185 - - [25/Jan/2019:11:56:34 +0100] "GET /images/main_block_corner_left_top.gif HTTP/1.1" 200 159 "http://renault.activities.at/" "Mozilla/5.0 (Windows NT 10.0; WOW64; Trident/7.0; rv:11.0) like Gecko"
217.13.176.185 - - [25/Jan/2019:11:56:35 +0100] "GET /images/header_block_corner_left_top.gif HTTP/1.1" 200 160 "http://renault.activities.at/" "Mozilla/5.0 (Windows NT 10.0; WOW64; Trident/7.0; rv:11.0) like Gecko"
217.13.176.185 - - [25/Jan/2019:11:56:35 +0100] "GET /images/title_border.jpg HTTP/1.1" 200 304 "http://renault.activities.at/" "Mozilla/5.0 (Windows NT 10.0; WOW64; Trident/7.0; rv:11.0) like Gecko"
217.13.176.185 - - [25/Jan/2019:11:56:35 +0100] "GET /images/header_block_border.gif HTTP/1.1" 200 43 "http://renault.activities.at/" "Mozilla/5.0 (Windows NT 10.0; WOW64; Trident/7.0; rv:11.0) like Gecko"
217.13.176.185 - - [25/Jan/2019:11:56:37 +0100] "GET /favicon.ico HTTP/1.1" 200 3250 "-" "Mozilla/5.0 (Windows NT 10.0; Win64; x64; Trident/7.0; rv:11.0) like Gecko"
193.194.132.26 - - [25/Jan/2019:11:56:41 +0100] "GET /reload?ser=1548413801142 HTTP/1.1" 200 28 "http://renault.2web.at/result?searchterm=true&search=Talisman" "Mozilla/5.0 (Windows NT 10.0; Win64; x64) AppleWebKit/537.36 (KHTML, like Gecko) Chrome/71.0.3578.98 Safari/537.36"
