212.152.158.195 - - [28/Jan/2019:16:16:55 +0100] "GET /images/loading.gif HTTP/1.1" 200 3208 "http://renault.activities.at/result?searchterm=true&search=Fr%FChjahrscheck" "Mozilla/5.0 (Windows NT 10.0; WOW64; Trident/7.0; Touch; rv:11.0) like Gecko"
212.152.158.195 - - [28/Jan/2019:16:16:55 +0100] "GET /images/vista-dn.gif HTTP/1.1" 200 128 "http://renault.activities.at/result?searchterm=true&search=Fr%FChjahrscheck" "Mozilla/5.0 (Windows NT 10.0; WOW64; Trident/7.0; Touch; rv:11.0) like Gecko"
212.152.158.195 - - [28/Jan/2019:16:16:55 +0100] "GET /images/vista-up.gif HTTP/1.1" 200 131 "http://renault.activities.at/result?searchterm=true&search=Fr%FChjahrscheck" "Mozilla/5.0 (Windows NT 10.0; WOW64; Trident/7.0; Touch; rv:11.0) like Gecko"
212.152.158.195 - - [28/Jan/2019:16:16:55 +0100] "GET /loadthumbnail.php?id=10203255 HTTP/1.1" 200 137 "http://renault.activities.at/result?searchterm=true&search=Fr%FChjahrscheck" "Mozilla/5.0 (Windows NT 10.0; WOW64; Trident/7.0; Touch; rv:11.0) like Gecko"
212.152.158.195 - - [28/Jan/2019:16:16:55 +0100] "GET /loadthumbnail.php?id=11078141&width=113 HTTP/1.1" 200 8866 "http://renault.activities.at/result?searchterm=true&search=Fr%FChjahrscheck" "Mozilla/5.0 (Windows NT 10.0; WOW64; Trident/7.0; Touch; rv:11.0) like Gecko"
212.152.158.195 - - [28/Jan/2019:16:16:53 +0100] "POST /axjaxrequest?mode=suggest HTTP/1.1" 200 122 "http://renault.activities.at/11951878" "Mozilla/5.0 (Windows NT 10.0; WOW64; Trident/7.0; Touch; rv:11.0) like Gecko"
213.153.47.173 - - [28/Jan/2019:16:17:00 +0100] "GET /reload?ser=1548688620445 HTTP/1.1" 200 28 "http://renault.activities.at/login?required=true" "Mozilla/5.0 (Windows NT 10.0; Win64; x64; rv:64.0) Gecko/20100101 Firefox/64.0"
212.152.158.195 - - [28/Jan/2019:16:17:04 +0100] "GET /css/themes/alphacube/frame_left.gif HTTP/1.1" 200 64 "http://renault.activities.at/result?searchterm=true&search=Fr%FChjahrscheck" "Mozilla/5.0 (Windows NT 10.0; WOW64; Trident/7.0; Touch; rv:11.0) like Gecko"
212.152.158.195 - - [28/Jan/2019:16:17:04 +0100] "GET /css/themes/alphacube/top_mid.gif HTTP/1.1" 200 833 "http://renault.activities.at/result?searchterm=true&search=Fr%FChjahrscheck" "Mozilla/5.0 (Windows NT 10.0; WOW64; Trident/7.0; Touch; rv:11.0) like Gecko"
212.152.158.195 - - [28/Jan/2019:16:17:04 +0100] "GET /css/themes/alphacube/frame_right.gif HTTP/1.1" 200 64 "http://renault.activities.at/result?searchterm=true&search=Fr%FChjahrscheck" "Mozilla/5.0 (Windows NT 10.0; WOW64; Trident/7.0; Touch; rv:11.0) like Gecko"
212.152.158.195 - - [28/Jan/2019:16:17:04 +0100] "GET /css/themes/alphacube/bottom_middle.gif HTTP/1.1" 200 44 "http://renault.activities.at/result?searchterm=true&search=Fr%FChjahrscheck" "Mozilla/5.0 (Windows NT 10.0; WOW64; Trident/7.0; Touch; rv:11.0) like Gecko"
212.152.158.195 - - [28/Jan/2019:16:17:04 +0100] "GET /css/themes/alphacube/button-close-focus.gif HTTP/1.1" 200 699 "http://renault.activities.at/result?searchterm=true&search=Fr%FChjahrscheck" "Mozilla/5.0 (Windows NT 10.0; WOW64; Trident/7.0; Touch; rv:11.0) like Gecko"
212.152.158.195 - - [28/Jan/2019:16:17:04 +0100] "GET /css/themes/alphacube/top_left.gif HTTP/1.1" 200 973 "http://renault.activities.at/result?searchterm=true&search=Fr%FChjahrscheck" "Mozilla/5.0 (Windows NT 10.0; WOW64; Trident/7.0; Touch; rv:11.0) like Gecko"
212.152.158.195 - - [28/Jan/2019:16:17:04 +0100] "GET /css/themes/alphacube/top_right.gif HTTP/1.1" 200 972 "http://renault.activities.at/result?searchterm=true&search=Fr%FChjahrscheck" "Mozilla/5.0 (Windows NT 10.0; WOW64; Trident/7.0; Touch; rv:11.0) like Gecko"
212.152.158.195 - - [28/Jan/2019:16:17:04 +0100] "GET /css/themes/alphacube/bottom_right-c.gif HTTP/1.1" 200 62 "http://renault.activities.at/result?searchterm=true&search=Fr%FChjahrscheck" "Mozilla/5.0 (Windows NT 10.0; WOW64; Trident/7.0; Touch; rv:11.0) like Gecko"
212.152.158.195 - - [28/Jan/2019:16:17:04 +0100] "GET /css/themes/alphacube/bottom_left-c.gif HTTP/1.1" 200 62 "http://renault.activities.at/result?searchterm=true&search=Fr%FChjahrscheck" "Mozilla/5.0 (Windows NT 10.0; WOW64; Trident/7.0; Touch; rv:11.0) like Gecko"
212.152.158.195 - - [28/Jan/2019:16:17:04 +0100] "GET /11078139?print=true HTTP/1.1" 200 2646 "http://renault.activities.at/result?searchterm=true&search=Fr%FChjahrscheck" "Mozilla/5.0 (Windows NT 10.0; WOW64; Trident/7.0; Touch; rv:11.0) like Gecko"
212.152.158.195 - - [28/Jan/2019:16:17:08 +0100] "GET /js/Produkt.js HTTP/1.1" 200 852 "http://renault.activities.at/11078139?print=true" "Mozilla/5.0 (Windows NT 10.0; WOW64; Trident/7.0; Touch; rv:11.0) like Gecko"
212.152.158.195 - - [28/Jan/2019:16:17:08 +0100] "GET /js/magiczoom/magiczoom.css HTTP/1.1" 200 1210 "http://renault.activities.at/11078139?print=true" "Mozilla/5.0 (Windows NT 10.0; WOW64; Trident/7.0; Touch; rv:11.0) like Gecko"
212.152.158.195 - - [28/Jan/2019:16:17:08 +0100] "GET /js/magiczoom/magiczoom.js HTTP/1.1" 200 26397 "http://renault.activities.at/11078139?print=true" "Mozilla/5.0 (Windows NT 10.0; WOW64; Trident/7.0; Touch; rv:11.0) like Gecko"
212.152.158.195 - - [28/Jan/2019:16:17:08 +0100] "GET /loadthumbnail.php?id=11078141&width=250 HTTP/1.1" 200 24175 "http://renault.activities.at/11078139?print=true" "Mozilla/5.0 (Windows NT 10.0; WOW64; Trident/7.0; Touch; rv:11.0) like Gecko"
212.152.158.195 - - [28/Jan/2019:16:17:08 +0100] "GET /loadthumbnail.php?id=11078141&width=900&height=900 HTTP/1.1" 200 20016 "http://renault.activities.at/11078139?print=true" "Mozilla/5.0 (Windows NT 10.0; WOW64; Trident/7.0; Touch; rv:11.0) like Gecko"
212.152.158.195 - - [28/Jan/2019:16:17:08 +0100] "GET /js/magiczoom/graphics/hint.gif HTTP/1.1" 200 73 "http://renault.activities.at/11078139?print=true" "Mozilla/5.0 (Windows NT 10.0; WOW64; Trident/7.0; Touch; rv:11.0) like Gecko"
212.152.158.195 - - [28/Jan/2019:16:17:12 +0100] "GET /graphics/zoomin.cur HTTP/1.1" 200 4067 "http://renault.activities.at/11078139?print=true" "Mozilla/5.0 (Windows NT 10.0; WOW64; Trident/7.0; Touch; rv:11.0) like Gecko"
212.152.246.135 - - [28/Jan/2019:16:17:18 +0100] "GET /reload?ser=1548688638664 HTTP/1.1" 200 28 "http://renault.activities.at/result?searchterm=true&search=garantie" "Mozilla/5.0 (Windows NT 6.1; WOW64; Trident/7.0; rv:11.0) like Gecko"
193.194.132.27 - - [28/Jan/2019:16:17:55 +0100] "GET /reload?ser=1548688674883 HTTP/1.1" 200 28 "http://renault.activities.at/login?required=true" "Mozilla/5.0 (Windows NT 6.1; Win64; x64) AppleWebKit/537.36 (KHTML, like Gecko) Chrome/71.0.3578.98 Safari/537.36"
212.152.158.195 - - [28/Jan/2019:16:17:56 +0100] "GET /reload?ser=1548688675861 HTTP/1.1" 200 28 "http://renault.activities.at/result?searchterm=true&search=Fr%FChjahrscheck" "Mozilla/5.0 (Windows NT 10.0; WOW64; Trident/7.0; Touch; rv:11.0) like Gecko"
213.153.47.173 - - [28/Jan/2019:16:18:01 +0100] "GET /reload?ser=1548688681111 HTTP/1.1" 200 28 "http://renault.activities.at/login?required=true" "Mozilla/5.0 (Windows NT 10.0; Win64; x64; rv:64.0) Gecko/20100101 Firefox/64.0"
212.152.246.135 - - [28/Jan/2019:16:18:19 +0100] "GET /reload?ser=1548688699601 HTTP/1.1" 200 28 "http://renault.activities.at/result?searchterm=true&search=garantie" "Mozilla/5.0 (Windows NT 6.1; WOW64; Trident/7.0; rv:11.0) like Gecko"
193.194.132.27 - - [28/Jan/2019:16:18:55 +0100] "GET /reload?ser=1548688735889 HTTP/1.1" 200 28 "http://renault.activities.at/login?required=true" "Mozilla/5.0 (Windows NT 6.1; Win64; x64) AppleWebKit/537.36 (KHTML, like Gecko) Chrome/71.0.3578.98 Safari/537.36"
212.152.158.195 - - [28/Jan/2019:16:18:56 +0100] "GET /reload?ser=1548688736825 HTTP/1.1" 200 28 "http://renault.activities.at/result?searchterm=true&search=Fr%FChjahrscheck" "Mozilla/5.0 (Windows NT 10.0; WOW64; Trident/7.0; Touch; rv:11.0) like Gecko"
213.153.47.173 - - [28/Jan/2019:16:19:01 +0100] "GET /reload?ser=1548688741787 HTTP/1.1" 200 28 "http://renault.activities.at/login?required=true" "Mozilla/5.0 (Windows NT 10.0; Win64; x64; rv:64.0) Gecko/20100101 Firefox/64.0"
212.152.246.135 - - [28/Jan/2019:16:19:20 +0100] "GET /reload?ser=1548688760597 HTTP/1.1" 200 28 "http://renault.activities.at/result?searchterm=true&search=garantie" "Mozilla/5.0 (Windows NT 6.1; WOW64; Trident/7.0; rv:11.0) like Gecko"
193.194.132.27 - - [28/Jan/2019:16:19:58 +0100] "GET /reload?ser=1548688796894 HTTP/1.1" 200 28 "http://renault.activities.at/login?required=true" "Mozilla/5.0 (Windows NT 6.1; Win64; x64) AppleWebKit/537.36 (KHTML, like Gecko) Chrome/71.0.3578.98 Safari/537.36"
212.152.158.195 - - [28/Jan/2019:16:19:57 +0100] "GET /reload?ser=1548688797760 HTTP/1.1" 200 28 "http://renault.activities.at/result?searchterm=true&search=Fr%FChjahrscheck" "Mozilla/5.0 (Windows NT 10.0; WOW64; Trident/7.0; Touch; rv:11.0) like Gecko"
213.153.47.173 - - [28/Jan/2019:16:20:02 +0100] "GET /reload?ser=1548688802466 HTTP/1.1" 200 28 "http://renault.activities.at/login?required=true" "Mozilla/5.0 (Windows NT 10.0; Win64; x64; rv:64.0) Gecko/20100101 Firefox/64.0"
212.152.246.135 - - [28/Jan/2019:16:20:21 +0100] "GET /reload?ser=1548688821614 HTTP/1.1" 200 28 "http://renault.activities.at/result?searchterm=true&search=garantie" "Mozilla/5.0 (Windows NT 6.1; WOW64; Trident/7.0; rv:11.0) like Gecko"
193.194.132.27 - - [28/Jan/2019:16:20:59 +0100] "GET /reload?ser=1548688858899 HTTP/1.1" 200 28 "http://renault.activities.at/login?required=true" "Mozilla/5.0 (Windows NT 6.1; Win64; x64) AppleWebKit/537.36 (KHTML, like Gecko) Chrome/71.0.3578.98 Safari/537.36"
212.152.158.195 - - [28/Jan/2019:16:20:58 +0100] "GET /reload?ser=1548688858718 HTTP/1.1" 200 28 "http://renault.activities.at/result?searchterm=true&search=Fr%FChjahrscheck" "Mozilla/5.0 (Windows NT 10.0; WOW64; Trident/7.0; Touch; rv:11.0) like Gecko"
213.153.47.173 - - [28/Jan/2019:16:21:03 +0100] "GET /reload?ser=1548688863138 HTTP/1.1" 200 28 "http://renault.activities.at/login?required=true" "Mozilla/5.0 (Windows NT 10.0; Win64; x64; rv:64.0) Gecko/20100101 Firefox/64.0"
212.152.246.135 - - [28/Jan/2019:16:21:22 +0100] "GET /reload?ser=1548688882632 HTTP/1.1" 200 28 "http://renault.activities.at/result?searchterm=true&search=garantie" "Mozilla/5.0 (Windows NT 6.1; WOW64; Trident/7.0; rv:11.0) like Gecko"
193.194.132.27 - - [28/Jan/2019:16:22:00 +0100] "GET /reload?ser=1548688919893 HTTP/1.1" 200 28 "http://renault.activities.at/login?required=true" "Mozilla/5.0 (Windows NT 6.1; Win64; x64) AppleWebKit/537.36 (KHTML, like Gecko) Chrome/71.0.3578.98 Safari/537.36"
212.152.158.195 - - [28/Jan/2019:16:21:59 +0100] "GET /reload?ser=1548688919698 HTTP/1.1" 200 28 "http://renault.activities.at/result?searchterm=true&search=Fr%FChjahrscheck" "Mozilla/5.0 (Windows NT 10.0; WOW64; Trident/7.0; Touch; rv:11.0) like Gecko"
213.153.47.173 - - [28/Jan/2019:16:22:03 +0100] "GET /reload?ser=1548688923818 HTTP/1.1" 200 28 "http://renault.activities.at/login?required=true" "Mozilla/5.0 (Windows NT 10.0; Win64; x64; rv:64.0) Gecko/20100101 Firefox/64.0"
212.152.246.135 - - [28/Jan/2019:16:22:23 +0100] "GET /reload?ser=1548688943588 HTTP/1.1" 200 28 "http://renault.activities.at/result?searchterm=true&search=garantie" "Mozilla/5.0 (Windows NT 6.1; WOW64; Trident/7.0; rv:11.0) like Gecko"
213.153.47.173 - - [28/Jan/2019:16:22:49 +0100] "GET /layout.php HTTP/1.1" 200 1559 "-" "Mozilla/5.0 (Windows NT 10.0; Win64; x64) AppleWebKit/537.36 (KHTML, like Gecko) Chrome/70.0.3538.102 Safari/537.36 OPR/57.0.3098.116"
213.153.47.173 - - [28/Jan/2019:16:22:50 +0100] "GET /images/favicon.ico HTTP/1.1" 404 305 "-" "Mozilla/5.0 (Windows NT 10.0; Win64; x64) AppleWebKit/537.36 (KHTML, like Gecko) Chrome/70.0.3538.102 Safari/537.36 OPR/57.0.3098.116"
193.194.132.27 - - [28/Jan/2019:16:23:00 +0100] "GET /reload?ser=1548688980887 HTTP/1.1" 200 28 "http://renault.activities.at/login?required=true" "Mozilla/5.0 (Windows NT 6.1; Win64; x64) AppleWebKit/537.36 (KHTML, like Gecko) Chrome/71.0.3578.98 Safari/537.36"
212.152.158.195 - - [28/Jan/2019:16:23:00 +0100] "GET /reload?ser=1548688980655 HTTP/1.1" 200 28 "http://renault.activities.at/result?searchterm=true&search=Fr%FChjahrscheck" "Mozilla/5.0 (Windows NT 10.0; WOW64; Trident/7.0; Touch; rv:11.0) like Gecko"
213.153.47.173 - - [28/Jan/2019:16:23:04 +0100] "GET /reload?ser=1548688984489 HTTP/1.1" 200 28 "http://renault.activities.at/login?required=true" "Mozilla/5.0 (Windows NT 10.0; Win64; x64; rv:64.0) Gecko/20100101 Firefox/64.0"
212.152.246.135 - - [28/Jan/2019:16:23:24 +0100] "GET /reload?ser=1548689004595 HTTP/1.1" 200 28 "http://renault.activities.at/result?searchterm=true&search=garantie" "Mozilla/5.0 (Windows NT 6.1; WOW64; Trident/7.0; rv:11.0) like Gecko"
212.152.158.195 - - [28/Jan/2019:16:24:01 +0100] "GET /reload?ser=1548689041674 HTTP/1.1" 200 28 "http://renault.activities.at/result?searchterm=true&search=Fr%FChjahrscheck" "Mozilla/5.0 (Windows NT 10.0; WOW64; Trident/7.0; Touch; rv:11.0) like Gecko"
193.194.132.27 - - [28/Jan/2019:16:24:04 +0100] "GET /reload?ser=1548689041880 HTTP/1.1" 200 28 "http://renault.activities.at/login?required=true" "Mozilla/5.0 (Windows NT 6.1; Win64; x64) AppleWebKit/537.36 (KHTML, like Gecko) Chrome/71.0.3578.98 Safari/537.36"
213.153.47.173 - - [28/Jan/2019:16:24:05 +0100] "GET /reload?ser=1548689045160 HTTP/1.1" 200 28 "http://renault.activities.at/login?required=true" "Mozilla/5.0 (Windows NT 10.0; Win64; x64; rv:64.0) Gecko/20100101 Firefox/64.0"
212.152.246.135 - - [28/Jan/2019:16:24:25 +0100] "GET /reload?ser=1548689065560 HTTP/1.1" 200 28 "http://renault.activities.at/result?searchterm=true&search=garantie" "Mozilla/5.0 (Windows NT 6.1; WOW64; Trident/7.0; rv:11.0) like Gecko"
212.152.158.195 - - [28/Jan/2019:16:25:02 +0100] "GET /reload?ser=1548689102648 HTTP/1.1" 200 28 "http://renault.activities.at/result?searchterm=true&search=Fr%FChjahrscheck" "Mozilla/5.0 (Windows NT 10.0; WOW64; Trident/7.0; Touch; rv:11.0) like Gecko"
213.153.47.173 - - [28/Jan/2019:16:25:05 +0100] "GET /reload?ser=1548689105830 HTTP/1.1" 200 28 "http://renault.activities.at/login?required=true" "Mozilla/5.0 (Windows NT 10.0; Win64; x64; rv:64.0) Gecko/20100101 Firefox/64.0"
193.194.132.27 - - [28/Jan/2019:16:25:05 +0100] "GET /reload?ser=1548689105874 HTTP/1.1" 200 28 "http://renault.activities.at/login?required=true" "Mozilla/5.0 (Windows NT 6.1; Win64; x64) AppleWebKit/537.36 (KHTML, like Gecko) Chrome/71.0.3578.98 Safari/537.36"
212.152.246.135 - - [28/Jan/2019:16:25:26 +0100] "GET /reload?ser=1548689126548 HTTP/1.1" 200 28 "http://renault.activities.at/result?searchterm=true&search=garantie" "Mozilla/5.0 (Windows NT 6.1; WOW64; Trident/7.0; rv:11.0) like Gecko"
212.152.158.195 - - [28/Jan/2019:16:26:03 +0100] "GET /reload?ser=1548689163635 HTTP/1.1" 200 28 "http://renault.activities.at/result?searchterm=true&search=Fr%FChjahrscheck" "Mozilla/5.0 (Windows NT 10.0; WOW64; Trident/7.0; Touch; rv:11.0) like Gecko"
213.153.47.173 - - [28/Jan/2019:16:26:06 +0100] "GET /reload?ser=1548689166491 HTTP/1.1" 200 28 "http://renault.activities.at/login?required=true" "Mozilla/5.0 (Windows NT 10.0; Win64; x64; rv:64.0) Gecko/20100101 Firefox/64.0"
193.194.132.27 - - [28/Jan/2019:16:26:06 +0100] "GET /reload?ser=1548689166866 HTTP/1.1" 200 28 "http://renault.activities.at/login?required=true" "Mozilla/5.0 (Windows NT 6.1; Win64; x64) AppleWebKit/537.36 (KHTML, like Gecko) Chrome/71.0.3578.98 Safari/537.36"
212.152.246.135 - - [28/Jan/2019:16:26:27 +0100] "GET /reload?ser=1548689187515 HTTP/1.1" 200 28 "http://renault.activities.at/result?searchterm=true&search=garantie" "Mozilla/5.0 (Windows NT 6.1; WOW64; Trident/7.0; rv:11.0) like Gecko"
212.152.158.195 - - [28/Jan/2019:16:27:04 +0100] "GET /reload?ser=1548689224579 HTTP/1.1" 200 28 "http://renault.activities.at/result?searchterm=true&search=Fr%FChjahrscheck" "Mozilla/5.0 (Windows NT 10.0; WOW64; Trident/7.0; Touch; rv:11.0) like Gecko"
213.153.47.173 - - [28/Jan/2019:16:27:07 +0100] "GET /reload?ser=1548689227151 HTTP/1.1" 200 28 "http://renault.activities.at/login?required=true" "Mozilla/5.0 (Windows NT 10.0; Win64; x64; rv:64.0) Gecko/20100101 Firefox/64.0"
193.194.132.27 - - [28/Jan/2019:16:27:07 +0100] "GET /reload?ser=1548689227859 HTTP/1.1" 200 28 "http://renault.activities.at/login?required=true" "Mozilla/5.0 (Windows NT 6.1; Win64; x64) AppleWebKit/537.36 (KHTML, like Gecko) Chrome/71.0.3578.98 Safari/537.36"
212.152.246.135 - - [28/Jan/2019:16:27:28 +0100] "GET /reload?ser=1548689248531 HTTP/1.1" 200 28 "http://renault.activities.at/result?searchterm=true&search=garantie" "Mozilla/5.0 (Windows NT 6.1; WOW64; Trident/7.0; rv:11.0) like Gecko"
212.152.158.195 - - [28/Jan/2019:16:28:05 +0100] "GET /reload?ser=1548689285551 HTTP/1.1" 200 28 "http://renault.activities.at/result?searchterm=true&search=Fr%FChjahrscheck" "Mozilla/5.0 (Windows NT 10.0; WOW64; Trident/7.0; Touch; rv:11.0) like Gecko"
213.153.47.173 - - [28/Jan/2019:16:28:07 +0100] "GET /reload?ser=1548689287838 HTTP/1.1" 200 28 "http://renault.activities.at/login?required=true" "Mozilla/5.0 (Windows NT 10.0; Win64; x64; rv:64.0) Gecko/20100101 Firefox/64.0"
193.194.132.27 - - [28/Jan/2019:16:28:08 +0100] "GET /reload?ser=1548689288854 HTTP/1.1" 200 28 "http://renault.activities.at/login?required=true" "Mozilla/5.0 (Windows NT 6.1; Win64; x64) AppleWebKit/537.36 (KHTML, like Gecko) Chrome/71.0.3578.98 Safari/537.36"
212.152.246.135 - - [28/Jan/2019:16:28:29 +0100] "GET /reload?ser=1548689309486 HTTP/1.1" 200 28 "http://renault.activities.at/result?searchterm=true&search=garantie" "Mozilla/5.0 (Windows NT 6.1; WOW64; Trident/7.0; rv:11.0) like Gecko"
212.152.158.195 - - [28/Jan/2019:16:29:06 +0100] "GET /reload?ser=1548689346533 HTTP/1.1" 200 28 "http://renault.activities.at/result?searchterm=true&search=Fr%FChjahrscheck" "Mozilla/5.0 (Windows NT 10.0; WOW64; Trident/7.0; Touch; rv:11.0) like Gecko"
213.153.47.173 - - [28/Jan/2019:16:29:08 +0100] "GET /reload?ser=1548689348493 HTTP/1.1" 200 28 "http://renault.activities.at/login?required=true" "Mozilla/5.0 (Windows NT 10.0; Win64; x64; rv:64.0) Gecko/20100101 Firefox/64.0"
193.194.132.27 - - [28/Jan/2019:16:29:09 +0100] "GET /reload?ser=1548689349847 HTTP/1.1" 200 28 "http://renault.activities.at/login?required=true" "Mozilla/5.0 (Windows NT 6.1; Win64; x64) AppleWebKit/537.36 (KHTML, like Gecko) Chrome/71.0.3578.98 Safari/537.36"
212.152.246.135 - - [28/Jan/2019:16:29:30 +0100] "GET /reload?ser=1548689370475 HTTP/1.1" 200 28 "http://renault.activities.at/result?searchterm=true&search=garantie" "Mozilla/5.0 (Windows NT 6.1; WOW64; Trident/7.0; rv:11.0) like Gecko"
212.152.158.195 - - [28/Jan/2019:16:30:07 +0100] "GET /reload?ser=1548689407530 HTTP/1.1" 200 28 "http://renault.activities.at/result?searchterm=true&search=Fr%FChjahrscheck" "Mozilla/5.0 (Windows NT 10.0; WOW64; Trident/7.0; Touch; rv:11.0) like Gecko"
213.153.47.173 - - [28/Jan/2019:16:30:09 +0100] "GET /reload?ser=1548689409174 HTTP/1.1" 200 28 "http://renault.activities.at/login?required=true" "Mozilla/5.0 (Windows NT 10.0; Win64; x64; rv:64.0) Gecko/20100101 Firefox/64.0"
193.194.132.27 - - [28/Jan/2019:16:30:11 +0100] "GET /reload?ser=1548689410840 HTTP/1.1" 200 28 "http://renault.activities.at/login?required=true" "Mozilla/5.0 (Windows NT 6.1; Win64; x64) AppleWebKit/537.36 (KHTML, like Gecko) Chrome/71.0.3578.98 Safari/537.36"
212.152.246.135 - - [28/Jan/2019:16:30:31 +0100] "GET /reload?ser=1548689431455 HTTP/1.1" 200 28 "http://renault.activities.at/result?searchterm=true&search=garantie" "Mozilla/5.0 (Windows NT 6.1; WOW64; Trident/7.0; rv:11.0) like Gecko"
212.152.158.195 - - [28/Jan/2019:16:31:08 +0100] "GET /reload?ser=1548689468469 HTTP/1.1" 200 28 "http://renault.activities.at/result?searchterm=true&search=Fr%FChjahrscheck" "Mozilla/5.0 (Windows NT 10.0; WOW64; Trident/7.0; Touch; rv:11.0) like Gecko"
213.153.47.173 - - [28/Jan/2019:16:31:09 +0100] "GET /reload?ser=1548689469863 HTTP/1.1" 200 28 "http://renault.activities.at/login?required=true" "Mozilla/5.0 (Windows NT 10.0; Win64; x64; rv:64.0) Gecko/20100101 Firefox/64.0"
193.194.132.27 - - [28/Jan/2019:16:31:11 +0100] "GET /reload?ser=1548689471835 HTTP/1.1" 200 28 "http://renault.activities.at/login?required=true" "Mozilla/5.0 (Windows NT 6.1; Win64; x64) AppleWebKit/537.36 (KHTML, like Gecko) Chrome/71.0.3578.98 Safari/537.36"
212.152.246.135 - - [28/Jan/2019:16:31:32 +0100] "GET /reload?ser=1548689492431 HTTP/1.1" 200 28 "http://renault.activities.at/result?searchterm=true&search=garantie" "Mozilla/5.0 (Windows NT 6.1; WOW64; Trident/7.0; rv:11.0) like Gecko"
212.152.158.195 - - [28/Jan/2019:16:32:09 +0100] "GET /reload?ser=1548689529471 HTTP/1.1" 200 28 "http://renault.activities.at/result?searchterm=true&search=Fr%FChjahrscheck" "Mozilla/5.0 (Windows NT 10.0; WOW64; Trident/7.0; Touch; rv:11.0) like Gecko"
213.153.47.173 - - [28/Jan/2019:16:32:10 +0100] "GET /reload?ser=1548689530524 HTTP/1.1" 200 28 "http://renault.activities.at/login?required=true" "Mozilla/5.0 (Windows NT 10.0; Win64; x64; rv:64.0) Gecko/20100101 Firefox/64.0"
193.194.132.27 - - [28/Jan/2019:16:32:13 +0100] "GET /reload?ser=1548689532841 HTTP/1.1" 200 28 "http://renault.activities.at/login?required=true" "Mozilla/5.0 (Windows NT 6.1; Win64; x64) AppleWebKit/537.36 (KHTML, like Gecko) Chrome/71.0.3578.98 Safari/537.36"
212.152.246.135 - - [28/Jan/2019:16:32:33 +0100] "GET /reload?ser=1548689553427 HTTP/1.1" 200 28 "http://renault.activities.at/result?searchterm=true&search=garantie" "Mozilla/5.0 (Windows NT 6.1; WOW64; Trident/7.0; rv:11.0) like Gecko"
212.152.158.195 - - [28/Jan/2019:16:33:10 +0100] "GET /reload?ser=1548689590479 HTTP/1.1" 200 28 "http://renault.activities.at/result?searchterm=true&search=Fr%FChjahrscheck" "Mozilla/5.0 (Windows NT 10.0; WOW64; Trident/7.0; Touch; rv:11.0) like Gecko"
213.153.47.173 - - [28/Jan/2019:16:33:11 +0100] "GET /reload?ser=1548689591193 HTTP/1.1" 200 28 "http://renault.activities.at/login?required=true" "Mozilla/5.0 (Windows NT 10.0; Win64; x64; rv:64.0) Gecko/20100101 Firefox/64.0"
193.194.132.27 - - [28/Jan/2019:16:33:13 +0100] "GET /reload?ser=1548689593846 HTTP/1.1" 200 28 "http://renault.activities.at/login?required=true" "Mozilla/5.0 (Windows NT 6.1; Win64; x64) AppleWebKit/537.36 (KHTML, like Gecko) Chrome/71.0.3578.98 Safari/537.36"
212.152.246.135 - - [28/Jan/2019:16:33:34 +0100] "GET /reload?ser=1548689614394 HTTP/1.1" 200 28 "http://renault.activities.at/result?searchterm=true&search=garantie" "Mozilla/5.0 (Windows NT 6.1; WOW64; Trident/7.0; rv:11.0) like Gecko"
213.153.47.173 - - [28/Jan/2019:16:34:11 +0100] "GET /reload?ser=1548689651854 HTTP/1.1" 200 28 "http://renault.activities.at/login?required=true" "Mozilla/5.0 (Windows NT 10.0; Win64; x64; rv:64.0) Gecko/20100101 Firefox/64.0"
212.152.158.195 - - [28/Jan/2019:16:34:11 +0100] "GET /reload?ser=1548689651497 HTTP/1.1" 200 28 "http://renault.activities.at/result?searchterm=true&search=Fr%FChjahrscheck" "Mozilla/5.0 (Windows NT 10.0; WOW64; Trident/7.0; Touch; rv:11.0) like Gecko"
193.194.132.27 - - [28/Jan/2019:16:34:14 +0100] "GET /reload?ser=1548689654851 HTTP/1.1" 200 28 "http://renault.activities.at/login?required=true" "Mozilla/5.0 (Windows NT 6.1; Win64; x64) AppleWebKit/537.36 (KHTML, like Gecko) Chrome/71.0.3578.98 Safari/537.36"
212.152.246.135 - - [28/Jan/2019:16:34:35 +0100] "GET /reload?ser=1548689675390 HTTP/1.1" 200 28 "http://renault.activities.at/result?searchterm=true&search=garantie" "Mozilla/5.0 (Windows NT 6.1; WOW64; Trident/7.0; rv:11.0) like Gecko"
213.153.47.173 - - [28/Jan/2019:16:35:12 +0100] "GET /reload?ser=1548689712510 HTTP/1.1" 200 28 "http://renault.activities.at/login?required=true" "Mozilla/5.0 (Windows NT 10.0; Win64; x64; rv:64.0) Gecko/20100101 Firefox/64.0"
212.152.158.195 - - [28/Jan/2019:16:35:12 +0100] "GET /reload?ser=1548689712488 HTTP/1.1" 200 28 "http://renault.activities.at/result?searchterm=true&search=Fr%FChjahrscheck" "Mozilla/5.0 (Windows NT 10.0; WOW64; Trident/7.0; Touch; rv:11.0) like Gecko"
193.194.132.27 - - [28/Jan/2019:16:35:16 +0100] "GET /reload?ser=1548689715857 HTTP/1.1" 200 28 "http://renault.activities.at/login?required=true" "Mozilla/5.0 (Windows NT 6.1; Win64; x64) AppleWebKit/537.36 (KHTML, like Gecko) Chrome/71.0.3578.98 Safari/537.36"
212.152.246.135 - - [28/Jan/2019:16:35:36 +0100] "GET /reload?ser=1548689736378 HTTP/1.1" 200 28 "http://renault.activities.at/result?searchterm=true&search=garantie" "Mozilla/5.0 (Windows NT 6.1; WOW64; Trident/7.0; rv:11.0) like Gecko"
213.153.47.173 - - [28/Jan/2019:16:36:13 +0100] "GET /reload?ser=1548689773166 HTTP/1.1" 200 28 "http://renault.activities.at/login?required=true" "Mozilla/5.0 (Windows NT 10.0; Win64; x64; rv:64.0) Gecko/20100101 Firefox/64.0"
212.152.158.195 - - [28/Jan/2019:16:36:13 +0100] "GET /reload?ser=1548689773455 HTTP/1.1" 200 28 "http://renault.activities.at/result?searchterm=true&search=Fr%FChjahrscheck" "Mozilla/5.0 (Windows NT 10.0; WOW64; Trident/7.0; Touch; rv:11.0) like Gecko"
193.194.132.27 - - [28/Jan/2019:16:36:17 +0100] "GET /reload?ser=1548689776863 HTTP/1.1" 200 28 "http://renault.activities.at/login?required=true" "Mozilla/5.0 (Windows NT 6.1; Win64; x64) AppleWebKit/537.36 (KHTML, like Gecko) Chrome/71.0.3578.98 Safari/537.36"
212.152.246.135 - - [28/Jan/2019:16:36:37 +0100] "GET /reload?ser=1548689797384 HTTP/1.1" 200 28 "http://renault.activities.at/result?searchterm=true&search=garantie" "Mozilla/5.0 (Windows NT 6.1; WOW64; Trident/7.0; rv:11.0) like Gecko"
213.153.47.173 - - [28/Jan/2019:16:37:13 +0100] "GET /reload?ser=1548689833825 HTTP/1.1" 200 28 "http://renault.activities.at/login?required=true" "Mozilla/5.0 (Windows NT 10.0; Win64; x64; rv:64.0) Gecko/20100101 Firefox/64.0"
212.152.158.195 - - [28/Jan/2019:16:37:14 +0100] "GET /reload?ser=1548689834528 HTTP/1.1" 200 28 "http://renault.activities.at/result?searchterm=true&search=Fr%FChjahrscheck" "Mozilla/5.0 (Windows NT 10.0; WOW64; Trident/7.0; Touch; rv:11.0) like Gecko"
193.194.132.27 - - [28/Jan/2019:16:37:18 +0100] "GET /reload?ser=1548689837868 HTTP/1.1" 200 28 "http://renault.activities.at/login?required=true" "Mozilla/5.0 (Windows NT 6.1; Win64; x64) AppleWebKit/537.36 (KHTML, like Gecko) Chrome/71.0.3578.98 Safari/537.36"
212.152.246.135 - - [28/Jan/2019:16:37:38 +0100] "GET /reload?ser=1548689858383 HTTP/1.1" 200 28 "http://renault.activities.at/result?searchterm=true&search=garantie" "Mozilla/5.0 (Windows NT 6.1; WOW64; Trident/7.0; rv:11.0) like Gecko"
213.153.47.173 - - [28/Jan/2019:16:38:14 +0100] "GET /reload?ser=1548689894496 HTTP/1.1" 200 28 "http://renault.activities.at/login?required=true" "Mozilla/5.0 (Windows NT 10.0; Win64; x64; rv:64.0) Gecko/20100101 Firefox/64.0"
212.152.158.195 - - [28/Jan/2019:16:38:15 +0100] "GET /reload?ser=1548689895475 HTTP/1.1" 200 28 "http://renault.activities.at/result?searchterm=true&search=Fr%FChjahrscheck" "Mozilla/5.0 (Windows NT 10.0; WOW64; Trident/7.0; Touch; rv:11.0) like Gecko"
193.194.132.27 - - [28/Jan/2019:16:38:19 +0100] "GET /reload?ser=1548689898874 HTTP/1.1" 200 28 "http://renault.activities.at/login?required=true" "Mozilla/5.0 (Windows NT 6.1; Win64; x64) AppleWebKit/537.36 (KHTML, like Gecko) Chrome/71.0.3578.98 Safari/537.36"
212.152.246.135 - - [28/Jan/2019:16:38:39 +0100] "GET /reload?ser=1548689919387 HTTP/1.1" 200 28 "http://renault.activities.at/result?searchterm=true&search=garantie" "Mozilla/5.0 (Windows NT 6.1; WOW64; Trident/7.0; rv:11.0) like Gecko"
213.153.47.173 - - [28/Jan/2019:16:39:15 +0100] "GET /reload?ser=1548689955176 HTTP/1.1" 200 28 "http://renault.activities.at/login?required=true" "Mozilla/5.0 (Windows NT 10.0; Win64; x64; rv:64.0) Gecko/20100101 Firefox/64.0"
212.152.158.195 - - [28/Jan/2019:16:39:16 +0100] "GET /reload?ser=1548689956425 HTTP/1.1" 200 28 "http://renault.activities.at/result?searchterm=true&search=Fr%FChjahrscheck" "Mozilla/5.0 (Windows NT 10.0; WOW64; Trident/7.0; Touch; rv:11.0) like Gecko"
193.194.132.27 - - [28/Jan/2019:16:39:20 +0100] "GET /reload?ser=1548689959880 HTTP/1.1" 200 28 "http://renault.activities.at/login?required=true" "Mozilla/5.0 (Windows NT 6.1; Win64; x64) AppleWebKit/537.36 (KHTML, like Gecko) Chrome/71.0.3578.98 Safari/537.36"
212.152.246.135 - - [28/Jan/2019:16:39:40 +0100] "GET /reload?ser=1548689980402 HTTP/1.1" 200 28 "http://renault.activities.at/result?searchterm=true&search=garantie" "Mozilla/5.0 (Windows NT 6.1; WOW64; Trident/7.0; rv:11.0) like Gecko"
213.153.47.173 - - [28/Jan/2019:16:40:15 +0100] "GET /reload?ser=1548690015836 HTTP/1.1" 200 28 "http://renault.activities.at/login?required=true" "Mozilla/5.0 (Windows NT 10.0; Win64; x64; rv:64.0) Gecko/20100101 Firefox/64.0"
212.152.158.195 - - [28/Jan/2019:16:40:17 +0100] "GET /reload?ser=1548690017423 HTTP/1.1" 200 28 "http://renault.activities.at/result?searchterm=true&search=Fr%FChjahrscheck" "Mozilla/5.0 (Windows NT 10.0; WOW64; Trident/7.0; Touch; rv:11.0) like Gecko"
193.194.132.27 - - [28/Jan/2019:16:40:21 +0100] "GET /reload?ser=1548690020884 HTTP/1.1" 200 28 "http://renault.activities.at/login?required=true" "Mozilla/5.0 (Windows NT 6.1; Win64; x64) AppleWebKit/537.36 (KHTML, like Gecko) Chrome/71.0.3578.98 Safari/537.36"
212.152.246.135 - - [28/Jan/2019:16:40:41 +0100] "GET /reload?ser=1548690041379 HTTP/1.1" 200 28 "http://renault.activities.at/result?searchterm=true&search=garantie" "Mozilla/5.0 (Windows NT 6.1; WOW64; Trident/7.0; rv:11.0) like Gecko"
213.153.47.173 - - [28/Jan/2019:16:41:16 +0100] "GET /reload?ser=1548690076486 HTTP/1.1" 200 28 "http://renault.activities.at/login?required=true" "Mozilla/5.0 (Windows NT 10.0; Win64; x64; rv:64.0) Gecko/20100101 Firefox/64.0"
212.152.158.195 - - [28/Jan/2019:16:41:18 +0100] "GET /reload?ser=1548690078401 HTTP/1.1" 200 28 "http://renault.activities.at/result?searchterm=true&search=Fr%FChjahrscheck" "Mozilla/5.0 (Windows NT 10.0; WOW64; Trident/7.0; Touch; rv:11.0) like Gecko"
193.194.132.27 - - [28/Jan/2019:16:41:22 +0100] "GET /reload?ser=1548690081890 HTTP/1.1" 200 28 "http://renault.activities.at/login?required=true" "Mozilla/5.0 (Windows NT 6.1; Win64; x64) AppleWebKit/537.36 (KHTML, like Gecko) Chrome/71.0.3578.98 Safari/537.36"
212.152.246.135 - - [28/Jan/2019:16:41:42 +0100] "GET /reload?ser=1548690102345 HTTP/1.1" 200 28 "http://renault.activities.at/result?searchterm=true&search=garantie" "Mozilla/5.0 (Windows NT 6.1; WOW64; Trident/7.0; rv:11.0) like Gecko"
213.153.47.173 - - [28/Jan/2019:16:42:17 +0100] "GET /reload?ser=1548690137146 HTTP/1.1" 200 28 "http://renault.activities.at/login?required=true" "Mozilla/5.0 (Windows NT 10.0; Win64; x64; rv:64.0) Gecko/20100101 Firefox/64.0"
212.152.158.195 - - [28/Jan/2019:16:42:19 +0100] "GET /reload?ser=1548690139364 HTTP/1.1" 200 28 "http://renault.activities.at/result?searchterm=true&search=Fr%FChjahrscheck" "Mozilla/5.0 (Windows NT 10.0; WOW64; Trident/7.0; Touch; rv:11.0) like Gecko"
193.194.132.27 - - [28/Jan/2019:16:42:23 +0100] "GET /reload?ser=1548690142896 HTTP/1.1" 200 28 "http://renault.activities.at/login?required=true" "Mozilla/5.0 (Windows NT 6.1; Win64; x64) AppleWebKit/537.36 (KHTML, like Gecko) Chrome/71.0.3578.98 Safari/537.36"
212.152.246.135 - - [28/Jan/2019:16:42:43 +0100] "GET /reload?ser=1548690163311 HTTP/1.1" 200 28 "http://renault.activities.at/result?searchterm=true&search=garantie" "Mozilla/5.0 (Windows NT 6.1; WOW64; Trident/7.0; rv:11.0) like Gecko"
213.153.47.173 - - [28/Jan/2019:16:43:17 +0100] "GET /reload?ser=1548690197817 HTTP/1.1" 200 28 "http://renault.activities.at/login?required=true" "Mozilla/5.0 (Windows NT 10.0; Win64; x64; rv:64.0) Gecko/20100101 Firefox/64.0"
212.152.158.195 - - [28/Jan/2019:16:43:20 +0100] "GET /reload?ser=1548690200341 HTTP/1.1" 200 28 "http://renault.activities.at/result?searchterm=true&search=Fr%FChjahrscheck" "Mozilla/5.0 (Windows NT 10.0; WOW64; Trident/7.0; Touch; rv:11.0) like Gecko"
193.194.132.27 - - [28/Jan/2019:16:43:24 +0100] "GET /reload?ser=1548690203901 HTTP/1.1" 200 28 "http://renault.activities.at/login?required=true" "Mozilla/5.0 (Windows NT 6.1; Win64; x64) AppleWebKit/537.36 (KHTML, like Gecko) Chrome/71.0.3578.98 Safari/537.36"
212.152.246.135 - - [28/Jan/2019:16:43:44 +0100] "GET /reload?ser=1548690224277 HTTP/1.1" 200 28 "http://renault.activities.at/result?searchterm=true&search=garantie" "Mozilla/5.0 (Windows NT 6.1; WOW64; Trident/7.0; rv:11.0) like Gecko"
213.153.47.173 - - [28/Jan/2019:16:44:18 +0100] "GET /reload?ser=1548690258477 HTTP/1.1" 200 28 "http://renault.activities.at/login?required=true" "Mozilla/5.0 (Windows NT 10.0; Win64; x64; rv:64.0) Gecko/20100101 Firefox/64.0"
212.152.158.195 - - [28/Jan/2019:16:44:21 +0100] "GET /reload?ser=1548690261326 HTTP/1.1" 200 28 "http://renault.activities.at/result?searchterm=true&search=Fr%FChjahrscheck" "Mozilla/5.0 (Windows NT 10.0; WOW64; Trident/7.0; Touch; rv:11.0) like Gecko"
193.194.132.27 - - [28/Jan/2019:16:44:25 +0100] "GET /reload?ser=1548690264907 HTTP/1.1" 200 28 "http://renault.activities.at/login?required=true" "Mozilla/5.0 (Windows NT 6.1; Win64; x64) AppleWebKit/537.36 (KHTML, like Gecko) Chrome/71.0.3578.98 Safari/537.36"
212.152.246.135 - - [28/Jan/2019:16:44:45 +0100] "GET /reload?ser=1548690285295 HTTP/1.1" 200 28 "http://renault.activities.at/result?searchterm=true&search=garantie" "Mozilla/5.0 (Windows NT 6.1; WOW64; Trident/7.0; rv:11.0) like Gecko"
213.153.47.173 - - [28/Jan/2019:16:45:19 +0100] "GET /reload?ser=1548690319135 HTTP/1.1" 200 28 "http://renault.activities.at/login?required=true" "Mozilla/5.0 (Windows NT 10.0; Win64; x64; rv:64.0) Gecko/20100101 Firefox/64.0"
212.152.158.195 - - [28/Jan/2019:16:45:22 +0100] "GET /reload?ser=1548690322274 HTTP/1.1" 200 28 "http://renault.activities.at/result?searchterm=true&search=Fr%FChjahrscheck" "Mozilla/5.0 (Windows NT 10.0; WOW64; Trident/7.0; Touch; rv:11.0) like Gecko"
193.194.132.27 - - [28/Jan/2019:16:45:26 +0100] "GET /reload?ser=1548690325913 HTTP/1.1" 200 28 "http://renault.activities.at/login?required=true" "Mozilla/5.0 (Windows NT 6.1; Win64; x64) AppleWebKit/537.36 (KHTML, like Gecko) Chrome/71.0.3578.98 Safari/537.36"
212.152.246.135 - - [28/Jan/2019:16:45:46 +0100] "GET /reload?ser=1548690346333 HTTP/1.1" 200 28 "http://renault.activities.at/result?searchterm=true&search=garantie" "Mozilla/5.0 (Windows NT 6.1; WOW64; Trident/7.0; rv:11.0) like Gecko"
213.153.47.173 - - [28/Jan/2019:16:46:19 +0100] "GET /reload?ser=1548690379808 HTTP/1.1" 200 28 "http://renault.activities.at/login?required=true" "Mozilla/5.0 (Windows NT 10.0; Win64; x64; rv:64.0) Gecko/20100101 Firefox/64.0"
212.152.158.195 - - [28/Jan/2019:16:46:23 +0100] "GET /reload?ser=1548690383269 HTTP/1.1" 200 28 "http://renault.activities.at/result?searchterm=true&search=Fr%FChjahrscheck" "Mozilla/5.0 (Windows NT 10.0; WOW64; Trident/7.0; Touch; rv:11.0) like Gecko"
193.194.132.27 - - [28/Jan/2019:16:46:27 +0100] "GET /reload?ser=1548690386918 HTTP/1.1" 200 28 "http://renault.activities.at/login?required=true" "Mozilla/5.0 (Windows NT 6.1; Win64; x64) AppleWebKit/537.36 (KHTML, like Gecko) Chrome/71.0.3578.98 Safari/537.36"
212.152.246.135 - - [28/Jan/2019:16:46:47 +0100] "GET /reload?ser=1548690407328 HTTP/1.1" 200 28 "http://renault.activities.at/result?searchterm=true&search=garantie" "Mozilla/5.0 (Windows NT 6.1; WOW64; Trident/7.0; rv:11.0) like Gecko"
213.153.47.173 - - [28/Jan/2019:16:47:20 +0100] "GET /reload?ser=1548690440473 HTTP/1.1" 200 28 "http://renault.activities.at/login?required=true" "Mozilla/5.0 (Windows NT 10.0; Win64; x64; rv:64.0) Gecko/20100101 Firefox/64.0"
212.152.158.195 - - [28/Jan/2019:16:47:24 +0100] "GET /reload?ser=1548690444273 HTTP/1.1" 200 28 "http://renault.activities.at/result?searchterm=true&search=Fr%FChjahrscheck" "Mozilla/5.0 (Windows NT 10.0; WOW64; Trident/7.0; Touch; rv:11.0) like Gecko"
193.194.132.27 - - [28/Jan/2019:16:47:28 +0100] "GET /reload?ser=1548690447924 HTTP/1.1" 200 28 "http://renault.activities.at/login?required=true" "Mozilla/5.0 (Windows NT 6.1; Win64; x64) AppleWebKit/537.36 (KHTML, like Gecko) Chrome/71.0.3578.98 Safari/537.36"
212.152.246.135 - - [28/Jan/2019:16:47:48 +0100] "GET /reload?ser=1548690468334 HTTP/1.1" 200 28 "http://renault.activities.at/result?searchterm=true&search=garantie" "Mozilla/5.0 (Windows NT 6.1; WOW64; Trident/7.0; rv:11.0) like Gecko"
213.153.47.173 - - [28/Jan/2019:16:48:21 +0100] "GET /reload?ser=1548690501138 HTTP/1.1" 200 28 "http://renault.activities.at/login?required=true" "Mozilla/5.0 (Windows NT 10.0; Win64; x64; rv:64.0) Gecko/20100101 Firefox/64.0"
212.152.158.195 - - [28/Jan/2019:16:48:25 +0100] "GET /reload?ser=1548690505235 HTTP/1.1" 200 28 "http://renault.activities.at/result?searchterm=true&search=Fr%FChjahrscheck" "Mozilla/5.0 (Windows NT 10.0; WOW64; Trident/7.0; Touch; rv:11.0) like Gecko"
193.194.132.27 - - [28/Jan/2019:16:48:29 +0100] "GET /reload?ser=1548690508930 HTTP/1.1" 200 28 "http://renault.activities.at/login?required=true" "Mozilla/5.0 (Windows NT 6.1; Win64; x64) AppleWebKit/537.36 (KHTML, like Gecko) Chrome/71.0.3578.98 Safari/537.36"
212.152.246.135 - - [28/Jan/2019:16:48:49 +0100] "GET /reload?ser=1548690529811 HTTP/1.1" 200 28 "http://renault.activities.at/result?searchterm=true&search=garantie" "Mozilla/5.0 (Windows NT 6.1; WOW64; Trident/7.0; rv:11.0) like Gecko"
80.120.5.131 - - [28/Jan/2019:16:49:15 +0100] "GET /10201637 HTTP/1.1" 302 150 "-" "Mozilla/5.0 (Macintosh; Intel Mac OS X 10_13_6) AppleWebKit/605.1.15 (KHTML, like Gecko)"
80.120.5.131 - - [28/Jan/2019:16:49:18 +0100] "GET /login?required=true HTTP/1.1" 200 2086 "-" "Mozilla/5.0 (Macintosh; Intel Mac OS X 10_13_6) AppleWebKit/605.1.15 (KHTML, like Gecko)"
80.120.5.131 - - [28/Jan/2019:16:49:18 +0100] "GET /apple-touch-icon-precomposed.png HTTP/1.1" 200 1559 "-" "Safari/13606.4.5.3.1 CFNetwork/902.3.1 Darwin/17.7.0 (x86_64)"
80.120.5.131 - - [28/Jan/2019:16:49:19 +0100] "GET /apple-touch-icon.png HTTP/1.1" 200 1559 "-" "Safari/13606.4.5.3.1 CFNetwork/902.3.1 Darwin/17.7.0 (x86_64)"
80.120.5.131 - - [28/Jan/2019:16:49:20 +0100] "GET /images/favicon.ico HTTP/1.1" 404 305 "-" "Safari/13606.4.5.3.1 CFNetwork/902.3.1 Darwin/17.7.0 (x86_64)"
80.120.5.131 - - [28/Jan/2019:16:49:20 +0100] "GET /images/favicon.ico HTTP/1.1" 404 305 "-" "Safari/13606.4.5.3.1 CFNetwork/902.3.1 Darwin/17.7.0 (x86_64)"
80.120.5.131 - - [28/Jan/2019:16:49:20 +0100] "GET /favicon.ico HTTP/1.1" 200 3250 "-" "Safari/13606.4.5.3.1 CFNetwork/902.3.1 Darwin/17.7.0 (x86_64)"
80.120.5.131 - - [28/Jan/2019:16:49:20 +0100] "GET /apple-touch-icon-precomposed.png HTTP/1.1" 200 1559 "-" "Safari/13606.4.5.3.1 CFNetwork/902.3.1 Darwin/17.7.0 (x86_64)"
213.153.47.173 - - [28/Jan/2019:16:49:21 +0100] "GET /reload?ser=1548690561789 HTTP/1.1" 200 28 "http://renault.activities.at/login?required=true" "Mozilla/5.0 (Windows NT 10.0; Win64; x64; rv:64.0) Gecko/20100101 Firefox/64.0"
80.120.5.131 - - [28/Jan/2019:16:49:21 +0100] "GET /apple-touch-icon.png HTTP/1.1" 200 1559 "-" "Safari/13606.4.5.3.1 CFNetwork/902.3.1 Darwin/17.7.0 (x86_64)"
80.120.5.131 - - [28/Jan/2019:16:49:22 +0100] "GET /images/favicon.ico HTTP/1.1" 404 305 "-" "Safari/13606.4.5.3.1 CFNetwork/902.3.1 Darwin/17.7.0 (x86_64)"
80.120.5.131 - - [28/Jan/2019:16:49:22 +0100] "GET /images/favicon.ico HTTP/1.1" 404 305 "-" "Safari/13606.4.5.3.1 CFNetwork/902.3.1 Darwin/17.7.0 (x86_64)"
80.120.5.131 - - [28/Jan/2019:16:49:23 +0100] "GET /favicon.ico HTTP/1.1" 200 3250 "-" "Safari/13606.4.5.3.1 CFNetwork/902.3.1 Darwin/17.7.0 (x86_64)"
80.120.5.131 - - [28/Jan/2019:16:49:23 +0100] "GET /10201637 HTTP/1.1" 302 150 "-" "Mozilla/5.0 (iPhone; CPU iPhone OS 11_3 like Mac OS X) AppleWebKit/605.1.15 (KHTML, like Gecko) Version/11.0 Mobile/15E148 Safari/604.1"
80.120.5.131 - - [28/Jan/2019:16:49:23 +0100] "GET /login?required=true HTTP/1.1" 200 2086 "-" "Mozilla/5.0 (iPhone; CPU iPhone OS 11_3 like Mac OS X) AppleWebKit/605.1.15 (KHTML, like Gecko) Version/11.0 Mobile/15E148 Safari/604.1"
80.120.5.131 - - [28/Jan/2019:16:49:24 +0100] "GET /apple-touch-icon-precomposed.png HTTP/1.1" 200 1559 "-" "Safari/13606.4.5.3.1 CFNetwork/902.3.1 Darwin/17.7.0 (x86_64)"
80.120.5.131 - - [28/Jan/2019:16:49:25 +0100] "GET /apple-touch-icon.png HTTP/1.1" 200 1559 "-" "Safari/13606.4.5.3.1 CFNetwork/902.3.1 Darwin/17.7.0 (x86_64)"
80.120.5.131 - - [28/Jan/2019:16:49:26 +0100] "GET /images/favicon.ico HTTP/1.1" 404 305 "-" "Safari/13606.4.5.3.1 CFNetwork/902.3.1 Darwin/17.7.0 (x86_64)"
80.120.5.131 - - [28/Jan/2019:16:49:26 +0100] "GET /images/favicon.ico HTTP/1.1" 404 305 "-" "Safari/13606.4.5.3.1 CFNetwork/902.3.1 Darwin/17.7.0 (x86_64)"
80.120.5.131 - - [28/Jan/2019:16:49:26 +0100] "GET /favicon.ico HTTP/1.1" 200 3250 "-" "Safari/13606.4.5.3.1 CFNetwork/902.3.1 Darwin/17.7.0 (x86_64)"
212.152.158.195 - - [28/Jan/2019:16:49:26 +0100] "GET /reload?ser=1548690566227 HTTP/1.1" 200 28 "http://renault.activities.at/result?searchterm=true&search=Fr%FChjahrscheck" "Mozilla/5.0 (Windows NT 10.0; WOW64; Trident/7.0; Touch; rv:11.0) like Gecko"
80.120.5.131 - - [28/Jan/2019:16:49:26 +0100] "GET /apple-touch-icon-precomposed.png HTTP/1.1" 200 1559 "-" "Safari/13606.4.5.3.1 CFNetwork/902.3.1 Darwin/17.7.0 (x86_64)"
80.120.5.131 - - [28/Jan/2019:16:49:27 +0100] "GET /apple-touch-icon.png HTTP/1.1" 200 1559 "-" "Safari/13606.4.5.3.1 CFNetwork/902.3.1 Darwin/17.7.0 (x86_64)"
80.120.5.131 - - [28/Jan/2019:16:49:28 +0100] "GET /images/favicon.ico HTTP/1.1" 404 305 "-" "Safari/13606.4.5.3.1 CFNetwork/902.3.1 Darwin/17.7.0 (x86_64)"
80.120.5.131 - - [28/Jan/2019:16:49:28 +0100] "GET /images/favicon.ico HTTP/1.1" 404 305 "-" "Safari/13606.4.5.3.1 CFNetwork/902.3.1 Darwin/17.7.0 (x86_64)"
80.120.5.131 - - [28/Jan/2019:16:49:29 +0100] "GET /favicon.ico HTTP/1.1" 200 3250 "-" "Safari/13606.4.5.3.1 CFNetwork/902.3.1 Darwin/17.7.0 (x86_64)"
193.194.132.27 - - [28/Jan/2019:16:49:30 +0100] "GET /reload?ser=1548690569934 HTTP/1.1" 200 28 "http://renault.activities.at/login?required=true" "Mozilla/5.0 (Windows NT 6.1; Win64; x64) AppleWebKit/537.36 (KHTML, like Gecko) Chrome/71.0.3578.98 Safari/537.36"
212.152.246.135 - - [28/Jan/2019:16:49:50 +0100] "GET /reload?ser=1548690590809 HTTP/1.1" 200 28 "http://renault.activities.at/result?searchterm=true&search=garantie" "Mozilla/5.0 (Windows NT 6.1; WOW64; Trident/7.0; rv:11.0) like Gecko"
213.153.47.173 - - [28/Jan/2019:16:50:22 +0100] "GET /reload?ser=1548690622449 HTTP/1.1" 200 28 "http://renault.activities.at/login?required=true" "Mozilla/5.0 (Windows NT 10.0; Win64; x64; rv:64.0) Gecko/20100101 Firefox/64.0"
212.152.158.195 - - [28/Jan/2019:16:50:27 +0100] "GET /reload?ser=1548690627257 HTTP/1.1" 200 28 "http://renault.activities.at/result?searchterm=true&search=Fr%FChjahrscheck" "Mozilla/5.0 (Windows NT 10.0; WOW64; Trident/7.0; Touch; rv:11.0) like Gecko"
193.194.132.27 - - [28/Jan/2019:16:50:31 +0100] "GET /reload?ser=1548690630940 HTTP/1.1" 200 28 "http://renault.activities.at/login?required=true" "Mozilla/5.0 (Windows NT 6.1; Win64; x64) AppleWebKit/537.36 (KHTML, like Gecko) Chrome/71.0.3578.98 Safari/537.36"
212.152.246.135 - - [28/Jan/2019:16:50:51 +0100] "GET /reload?ser=1548690651802 HTTP/1.1" 200 28 "http://renault.activities.at/result?searchterm=true&search=garantie" "Mozilla/5.0 (Windows NT 6.1; WOW64; Trident/7.0; rv:11.0) like Gecko"
213.153.47.173 - - [28/Jan/2019:16:51:23 +0100] "GET /reload?ser=1548690683110 HTTP/1.1" 200 28 "http://renault.activities.at/login?required=true" "Mozilla/5.0 (Windows NT 10.0; Win64; x64; rv:64.0) Gecko/20100101 Firefox/64.0"
212.152.158.195 - - [28/Jan/2019:16:51:28 +0100] "GET /reload?ser=1548690688191 HTTP/1.1" 200 28 "http://renault.activities.at/result?searchterm=true&search=Fr%FChjahrscheck" "Mozilla/5.0 (Windows NT 10.0; WOW64; Trident/7.0; Touch; rv:11.0) like Gecko"
193.194.132.27 - - [28/Jan/2019:16:51:32 +0100] "GET /reload?ser=1548690691946 HTTP/1.1" 200 28 "http://renault.activities.at/login?required=true" "Mozilla/5.0 (Windows NT 6.1; Win64; x64) AppleWebKit/537.36 (KHTML, like Gecko) Chrome/71.0.3578.98 Safari/537.36"
212.152.246.135 - - [28/Jan/2019:16:51:52 +0100] "GET /reload?ser=1548690712777 HTTP/1.1" 200 28 "http://renault.activities.at/result?searchterm=true&search=garantie" "Mozilla/5.0 (Windows NT 6.1; WOW64; Trident/7.0; rv:11.0) like Gecko"
213.153.47.173 - - [28/Jan/2019:16:52:23 +0100] "GET /reload?ser=1548690743760 HTTP/1.1" 200 28 "http://renault.activities.at/login?required=true" "Mozilla/5.0 (Windows NT 10.0; Win64; x64; rv:64.0) Gecko/20100101 Firefox/64.0"
212.152.158.195 - - [28/Jan/2019:16:52:29 +0100] "GET /reload?ser=1548690749223 HTTP/1.1" 200 28 "http://renault.activities.at/result?searchterm=true&search=Fr%FChjahrscheck" "Mozilla/5.0 (Windows NT 10.0; WOW64; Trident/7.0; Touch; rv:11.0) like Gecko"
193.194.132.27 - - [28/Jan/2019:16:52:33 +0100] "GET /reload?ser=1548690752952 HTTP/1.1" 200 28 "http://renault.activities.at/login?required=true" "Mozilla/5.0 (Windows NT 6.1; Win64; x64) AppleWebKit/537.36 (KHTML, like Gecko) Chrome/71.0.3578.98 Safari/537.36"
212.152.246.135 - - [28/Jan/2019:16:52:53 +0100] "GET /reload?ser=1548690773752 HTTP/1.1" 200 28 "http://renault.activities.at/result?searchterm=true&search=garantie" "Mozilla/5.0 (Windows NT 6.1; WOW64; Trident/7.0; rv:11.0) like Gecko"
213.153.47.173 - - [28/Jan/2019:16:53:24 +0100] "GET /reload?ser=1548690804434 HTTP/1.1" 200 28 "http://renault.activities.at/login?required=true" "Mozilla/5.0 (Windows NT 10.0; Win64; x64; rv:64.0) Gecko/20100101 Firefox/64.0"
212.152.158.195 - - [28/Jan/2019:16:53:30 +0100] "GET /reload?ser=1548690810225 HTTP/1.1" 200 28 "http://renault.activities.at/result?searchterm=true&search=Fr%FChjahrscheck" "Mozilla/5.0 (Windows NT 10.0; WOW64; Trident/7.0; Touch; rv:11.0) like Gecko"
193.194.132.27 - - [28/Jan/2019:16:53:34 +0100] "GET /reload?ser=1548690813956 HTTP/1.1" 200 28 "http://renault.activities.at/login?required=true" "Mozilla/5.0 (Windows NT 6.1; Win64; x64) AppleWebKit/537.36 (KHTML, like Gecko) Chrome/71.0.3578.98 Safari/537.36"
212.152.246.135 - - [28/Jan/2019:16:53:54 +0100] "GET /reload?ser=1548690834730 HTTP/1.1" 200 28 "http://renault.activities.at/result?searchterm=true&search=garantie" "Mozilla/5.0 (Windows NT 6.1; WOW64; Trident/7.0; rv:11.0) like Gecko"
213.153.47.173 - - [28/Jan/2019:16:54:25 +0100] "GET /reload?ser=1548690865111 HTTP/1.1" 200 28 "http://renault.activities.at/login?required=true" "Mozilla/5.0 (Windows NT 10.0; Win64; x64; rv:64.0) Gecko/20100101 Firefox/64.0"
212.152.158.195 - - [28/Jan/2019:16:54:31 +0100] "GET /reload?ser=1548690871184 HTTP/1.1" 200 28 "http://renault.activities.at/result?searchterm=true&search=Fr%FChjahrscheck" "Mozilla/5.0 (Windows NT 10.0; WOW64; Trident/7.0; Touch; rv:11.0) like Gecko"
193.194.132.27 - - [28/Jan/2019:16:54:35 +0100] "GET /reload?ser=1548690874962 HTTP/1.1" 200 28 "http://renault.activities.at/login?required=true" "Mozilla/5.0 (Windows NT 6.1; Win64; x64) AppleWebKit/537.36 (KHTML, like Gecko) Chrome/71.0.3578.98 Safari/537.36"
212.152.246.135 - - [28/Jan/2019:16:54:55 +0100] "GET /reload?ser=1548690895749 HTTP/1.1" 200 28 "http://renault.activities.at/result?searchterm=true&search=garantie" "Mozilla/5.0 (Windows NT 6.1; WOW64; Trident/7.0; rv:11.0) like Gecko"
212.152.158.195 - - [28/Jan/2019:16:55:32 +0100] "GET /reload?ser=1548690932145 HTTP/1.1" 200 28 "http://renault.activities.at/result?searchterm=true&search=Fr%FChjahrscheck" "Mozilla/5.0 (Windows NT 10.0; WOW64; Trident/7.0; Touch; rv:11.0) like Gecko"
193.194.132.27 - - [28/Jan/2019:16:55:36 +0100] "GET /reload?ser=1548690935967 HTTP/1.1" 200 28 "http://renault.activities.at/login?required=true" "Mozilla/5.0 (Windows NT 6.1; Win64; x64) AppleWebKit/537.36 (KHTML, like Gecko) Chrome/71.0.3578.98 Safari/537.36"
212.152.246.135 - - [28/Jan/2019:16:55:56 +0100] "GET /reload?ser=1548690956767 HTTP/1.1" 200 28 "http://renault.activities.at/result?searchterm=true&search=garantie" "Mozilla/5.0 (Windows NT 6.1; WOW64; Trident/7.0; rv:11.0) like Gecko"
212.152.158.195 - - [28/Jan/2019:16:56:33 +0100] "GET /reload?ser=1548690993127 HTTP/1.1" 200 28 "http://renault.activities.at/result?searchterm=true&search=Fr%FChjahrscheck" "Mozilla/5.0 (Windows NT 10.0; WOW64; Trident/7.0; Touch; rv:11.0) like Gecko"
193.194.132.27 - - [28/Jan/2019:16:56:37 +0100] "GET /reload?ser=1548690996974 HTTP/1.1" 200 28 "http://renault.activities.at/login?required=true" "Mozilla/5.0 (Windows NT 6.1; Win64; x64) AppleWebKit/537.36 (KHTML, like Gecko) Chrome/71.0.3578.98 Safari/537.36"
212.152.246.135 - - [28/Jan/2019:16:56:57 +0100] "GET /reload?ser=1548691017741 HTTP/1.1" 200 28 "http://renault.activities.at/result?searchterm=true&search=garantie" "Mozilla/5.0 (Windows NT 6.1; WOW64; Trident/7.0; rv:11.0) like Gecko"
212.152.158.195 - - [28/Jan/2019:16:57:34 +0100] "GET /reload?ser=1548691054121 HTTP/1.1" 200 28 "http://renault.activities.at/result?searchterm=true&search=Fr%FChjahrscheck" "Mozilla/5.0 (Windows NT 10.0; WOW64; Trident/7.0; Touch; rv:11.0) like Gecko"
193.194.132.27 - - [28/Jan/2019:16:57:38 +0100] "GET /reload?ser=1548691057979 HTTP/1.1" 200 28 "http://renault.activities.at/login?required=true" "Mozilla/5.0 (Windows NT 6.1; Win64; x64) AppleWebKit/537.36 (KHTML, like Gecko) Chrome/71.0.3578.98 Safari/537.36"
212.152.246.135 - - [28/Jan/2019:16:57:58 +0100] "GET /reload?ser=1548691078738 HTTP/1.1" 200 28 "http://renault.activities.at/result?searchterm=true&search=garantie" "Mozilla/5.0 (Windows NT 6.1; WOW64; Trident/7.0; rv:11.0) like Gecko"
212.152.158.195 - - [28/Jan/2019:16:58:35 +0100] "GET /reload?ser=1548691115106 HTTP/1.1" 200 28 "http://renault.activities.at/result?searchterm=true&search=Fr%FChjahrscheck" "Mozilla/5.0 (Windows NT 10.0; WOW64; Trident/7.0; Touch; rv:11.0) like Gecko"
193.194.132.27 - - [28/Jan/2019:16:58:39 +0100] "GET /reload?ser=1548691118984 HTTP/1.1" 200 28 "http://renault.activities.at/login?required=true" "Mozilla/5.0 (Windows NT 6.1; Win64; x64) AppleWebKit/537.36 (KHTML, like Gecko) Chrome/71.0.3578.98 Safari/537.36"
