80.121.175.66 - - [30/Jan/2019:14:56:03 +0100] "GET /reload?ser=1548856563386 HTTP/1.1" 200 28 "http://renault.activities.at/result?searchterm=true&search=anleitung" "Mozilla/5.0 (Windows NT 6.1; Win64; x64; rv:64.0) Gecko/20100101 Firefox/64.0"
80.120.148.242 - - [30/Jan/2019:14:56:20 +0100] "GET / HTTP/1.1" 200 3529 "-" "Mozilla/5.0 (Windows NT 6.1; Win64; x64) AppleWebKit/537.36 (KHTML, like Gecko) Chrome/71.0.3578.98 Safari/537.36 OPR/58.0.3135.47"
80.120.148.242 - - [30/Jan/2019:14:56:23 +0100] "GET /images/favicon.ico HTTP/1.1" 404 305 "-" "Mozilla/5.0 (Windows NT 6.1; Win64; x64) AppleWebKit/537.36 (KHTML, like Gecko) Chrome/71.0.3578.98 Safari/537.36 OPR/58.0.3135.47"
213.153.47.173 - - [30/Jan/2019:14:56:47 +0100] "GET /reload?ser=1548856607110 HTTP/1.1" 200 28 "http://renault.activities.at/login?required=true" "Mozilla/5.0 (Windows NT 10.0; Win64; x64; rv:64.0) Gecko/20100101 Firefox/64.0"
80.121.175.66 - - [30/Jan/2019:14:57:04 +0100] "GET /reload?ser=1548856624392 HTTP/1.1" 200 28 "http://renault.activities.at/result?searchterm=true&search=anleitung" "Mozilla/5.0 (Windows NT 6.1; Win64; x64; rv:64.0) Gecko/20100101 Firefox/64.0"
213.153.47.173 - - [30/Jan/2019:14:57:47 +0100] "GET /reload?ser=1548856667775 HTTP/1.1" 200 28 "http://renault.activities.at/login?required=true" "Mozilla/5.0 (Windows NT 10.0; Win64; x64; rv:64.0) Gecko/20100101 Firefox/64.0"
80.121.175.66 - - [30/Jan/2019:14:58:05 +0100] "GET /reload?ser=1548856685452 HTTP/1.1" 200 28 "http://renault.activities.at/result?searchterm=true&search=anleitung" "Mozilla/5.0 (Windows NT 6.1; Win64; x64; rv:64.0) Gecko/20100101 Firefox/64.0"
213.153.47.173 - - [30/Jan/2019:14:58:48 +0100] "GET /reload?ser=1548856728446 HTTP/1.1" 200 28 "http://renault.activities.at/login?required=true" "Mozilla/5.0 (Windows NT 10.0; Win64; x64; rv:64.0) Gecko/20100101 Firefox/64.0"
80.121.175.66 - - [30/Jan/2019:14:59:06 +0100] "GET /reload?ser=1548856746449 HTTP/1.1" 200 28 "http://renault.activities.at/result?searchterm=true&search=anleitung" "Mozilla/5.0 (Windows NT 6.1; Win64; x64; rv:64.0) Gecko/20100101 Firefox/64.0"
213.153.47.173 - - [30/Jan/2019:14:59:49 +0100] "GET /reload?ser=1548856789117 HTTP/1.1" 200 28 "http://renault.activities.at/login?required=true" "Mozilla/5.0 (Windows NT 10.0; Win64; x64; rv:64.0) Gecko/20100101 Firefox/64.0"
80.121.175.66 - - [30/Jan/2019:15:00:07 +0100] "GET /reload?ser=1548856807492 HTTP/1.1" 200 28 "http://renault.activities.at/result?searchterm=true&search=anleitung" "Mozilla/5.0 (Windows NT 6.1; Win64; x64; rv:64.0) Gecko/20100101 Firefox/64.0"
213.153.47.173 - - [30/Jan/2019:15:00:49 +0100] "GET /reload?ser=1548856849788 HTTP/1.1" 200 28 "http://renault.activities.at/login?required=true" "Mozilla/5.0 (Windows NT 10.0; Win64; x64; rv:64.0) Gecko/20100101 Firefox/64.0"
80.121.175.66 - - [30/Jan/2019:15:01:08 +0100] "GET /reload?ser=1548856868493 HTTP/1.1" 200 28 "http://renault.activities.at/result?searchterm=true&search=anleitung" "Mozilla/5.0 (Windows NT 6.1; Win64; x64; rv:64.0) Gecko/20100101 Firefox/64.0"
213.153.47.173 - - [30/Jan/2019:15:01:50 +0100] "GET /reload?ser=1548856910448 HTTP/1.1" 200 28 "http://renault.activities.at/login?required=true" "Mozilla/5.0 (Windows NT 10.0; Win64; x64; rv:64.0) Gecko/20100101 Firefox/64.0"
80.121.175.66 - - [30/Jan/2019:15:02:09 +0100] "GET /reload?ser=1548856929503 HTTP/1.1" 200 28 "http://renault.activities.at/result?searchterm=true&search=anleitung" "Mozilla/5.0 (Windows NT 6.1; Win64; x64; rv:64.0) Gecko/20100101 Firefox/64.0"
213.153.47.173 - - [30/Jan/2019:15:02:51 +0100] "GET /reload?ser=1548856971105 HTTP/1.1" 200 28 "http://renault.activities.at/login?required=true" "Mozilla/5.0 (Windows NT 10.0; Win64; x64; rv:64.0) Gecko/20100101 Firefox/64.0"
80.121.175.66 - - [30/Jan/2019:15:03:10 +0100] "GET /reload?ser=1548856990559 HTTP/1.1" 200 28 "http://renault.activities.at/result?searchterm=true&search=anleitung" "Mozilla/5.0 (Windows NT 6.1; Win64; x64; rv:64.0) Gecko/20100101 Firefox/64.0"
213.153.47.173 - - [30/Jan/2019:15:03:51 +0100] "GET /reload?ser=1548857031780 HTTP/1.1" 200 28 "http://renault.activities.at/login?required=true" "Mozilla/5.0 (Windows NT 10.0; Win64; x64; rv:64.0) Gecko/20100101 Firefox/64.0"
80.121.175.66 - - [30/Jan/2019:15:04:11 +0100] "GET /reload?ser=1548857051553 HTTP/1.1" 200 28 "http://renault.activities.at/result?searchterm=true&search=anleitung" "Mozilla/5.0 (Windows NT 6.1; Win64; x64; rv:64.0) Gecko/20100101 Firefox/64.0"
213.153.47.173 - - [30/Jan/2019:15:04:52 +0100] "GET /reload?ser=1548857092425 HTTP/1.1" 200 28 "http://renault.activities.at/login?required=true" "Mozilla/5.0 (Windows NT 10.0; Win64; x64; rv:64.0) Gecko/20100101 Firefox/64.0"
80.121.175.66 - - [30/Jan/2019:15:05:12 +0100] "GET /reload?ser=1548857112593 HTTP/1.1" 200 28 "http://renault.activities.at/result?searchterm=true&search=anleitung" "Mozilla/5.0 (Windows NT 6.1; Win64; x64; rv:64.0) Gecko/20100101 Firefox/64.0"
213.153.47.173 - - [30/Jan/2019:15:05:53 +0100] "GET /reload?ser=1548857153080 HTTP/1.1" 200 28 "http://renault.activities.at/login?required=true" "Mozilla/5.0 (Windows NT 10.0; Win64; x64; rv:64.0) Gecko/20100101 Firefox/64.0"
80.121.175.66 - - [30/Jan/2019:15:06:13 +0100] "GET /reload?ser=1548857173685 HTTP/1.1" 200 28 "http://renault.activities.at/result?searchterm=true&search=anleitung" "Mozilla/5.0 (Windows NT 6.1; Win64; x64; rv:64.0) Gecko/20100101 Firefox/64.0"
213.153.47.173 - - [30/Jan/2019:15:06:53 +0100] "GET /reload?ser=1548857213741 HTTP/1.1" 200 28 "http://renault.activities.at/login?required=true" "Mozilla/5.0 (Windows NT 10.0; Win64; x64; rv:64.0) Gecko/20100101 Firefox/64.0"
80.121.175.66 - - [30/Jan/2019:15:07:14 +0100] "GET /reload?ser=1548857234697 HTTP/1.1" 200 28 "http://renault.activities.at/result?searchterm=true&search=anleitung" "Mozilla/5.0 (Windows NT 6.1; Win64; x64; rv:64.0) Gecko/20100101 Firefox/64.0"
213.153.47.173 - - [30/Jan/2019:15:07:54 +0100] "GET /reload?ser=1548857274398 HTTP/1.1" 200 28 "http://renault.activities.at/login?required=true" "Mozilla/5.0 (Windows NT 10.0; Win64; x64; rv:64.0) Gecko/20100101 Firefox/64.0"
80.121.175.66 - - [30/Jan/2019:15:08:15 +0100] "GET /reload?ser=1548857295738 HTTP/1.1" 200 28 "http://renault.activities.at/result?searchterm=true&search=anleitung" "Mozilla/5.0 (Windows NT 6.1; Win64; x64; rv:64.0) Gecko/20100101 Firefox/64.0"
213.153.47.173 - - [30/Jan/2019:15:08:55 +0100] "GET /reload?ser=1548857335091 HTTP/1.1" 200 28 "http://renault.activities.at/login?required=true" "Mozilla/5.0 (Windows NT 10.0; Win64; x64; rv:64.0) Gecko/20100101 Firefox/64.0"
80.121.175.66 - - [30/Jan/2019:15:09:16 +0100] "GET /reload?ser=1548857356702 HTTP/1.1" 200 28 "http://renault.activities.at/result?searchterm=true&search=anleitung" "Mozilla/5.0 (Windows NT 6.1; Win64; x64; rv:64.0) Gecko/20100101 Firefox/64.0"
213.153.47.173 - - [30/Jan/2019:15:09:55 +0100] "GET /reload?ser=1548857395751 HTTP/1.1" 200 28 "http://renault.activities.at/login?required=true" "Mozilla/5.0 (Windows NT 10.0; Win64; x64; rv:64.0) Gecko/20100101 Firefox/64.0"
80.121.175.66 - - [30/Jan/2019:15:10:17 +0100] "GET /reload?ser=1548857417727 HTTP/1.1" 200 28 "http://renault.activities.at/result?searchterm=true&search=anleitung" "Mozilla/5.0 (Windows NT 6.1; Win64; x64; rv:64.0) Gecko/20100101 Firefox/64.0"
213.153.47.173 - - [30/Jan/2019:15:10:56 +0100] "GET /reload?ser=1548857456421 HTTP/1.1" 200 28 "http://renault.activities.at/login?required=true" "Mozilla/5.0 (Windows NT 10.0; Win64; x64; rv:64.0) Gecko/20100101 Firefox/64.0"
80.121.175.66 - - [30/Jan/2019:15:11:18 +0100] "GET /reload?ser=1548857478705 HTTP/1.1" 200 28 "http://renault.activities.at/result?searchterm=true&search=anleitung" "Mozilla/5.0 (Windows NT 6.1; Win64; x64; rv:64.0) Gecko/20100101 Firefox/64.0"
213.153.47.173 - - [30/Jan/2019:15:11:57 +0100] "GET /reload?ser=1548857517092 HTTP/1.1" 200 28 "http://renault.activities.at/login?required=true" "Mozilla/5.0 (Windows NT 10.0; Win64; x64; rv:64.0) Gecko/20100101 Firefox/64.0"
80.121.175.66 - - [30/Jan/2019:15:12:19 +0100] "GET /reload?ser=1548857539730 HTTP/1.1" 200 28 "http://renault.activities.at/result?searchterm=true&search=anleitung" "Mozilla/5.0 (Windows NT 6.1; Win64; x64; rv:64.0) Gecko/20100101 Firefox/64.0"
213.153.47.173 - - [30/Jan/2019:15:12:57 +0100] "GET /reload?ser=1548857577752 HTTP/1.1" 200 28 "http://renault.activities.at/login?required=true" "Mozilla/5.0 (Windows NT 10.0; Win64; x64; rv:64.0) Gecko/20100101 Firefox/64.0"
80.121.175.66 - - [30/Jan/2019:15:13:20 +0100] "GET /reload?ser=1548857600709 HTTP/1.1" 200 28 "http://renault.activities.at/result?searchterm=true&search=anleitung" "Mozilla/5.0 (Windows NT 6.1; Win64; x64; rv:64.0) Gecko/20100101 Firefox/64.0"
213.153.47.173 - - [30/Jan/2019:15:13:58 +0100] "GET /reload?ser=1548857638412 HTTP/1.1" 200 28 "http://renault.activities.at/login?required=true" "Mozilla/5.0 (Windows NT 10.0; Win64; x64; rv:64.0) Gecko/20100101 Firefox/64.0"
80.121.175.66 - - [30/Jan/2019:15:14:21 +0100] "GET /reload?ser=1548857661755 HTTP/1.1" 200 28 "http://renault.activities.at/result?searchterm=true&search=anleitung" "Mozilla/5.0 (Windows NT 6.1; Win64; x64; rv:64.0) Gecko/20100101 Firefox/64.0"
213.153.47.173 - - [30/Jan/2019:15:14:23 +0100] "GET /layout.php HTTP/1.1" 200 1559 "-" "Mozilla/5.0 (Windows NT 10.0; Win64; x64) AppleWebKit/537.36 (KHTML, like Gecko) Chrome/70.0.3538.102 Safari/537.36 OPR/57.0.3098.116"
213.153.47.173 - - [30/Jan/2019:15:14:24 +0100] "GET /images/favicon.ico HTTP/1.1" 404 305 "-" "Mozilla/5.0 (Windows NT 10.0; Win64; x64) AppleWebKit/537.36 (KHTML, like Gecko) Chrome/70.0.3538.102 Safari/537.36 OPR/57.0.3098.116"
213.153.47.173 - - [30/Jan/2019:15:14:59 +0100] "GET /reload?ser=1548857699082 HTTP/1.1" 200 28 "http://renault.activities.at/login?required=true" "Mozilla/5.0 (Windows NT 10.0; Win64; x64; rv:64.0) Gecko/20100101 Firefox/64.0"
80.121.175.66 - - [30/Jan/2019:15:15:22 +0100] "GET /reload?ser=1548857722765 HTTP/1.1" 200 28 "http://renault.activities.at/result?searchterm=true&search=anleitung" "Mozilla/5.0 (Windows NT 6.1; Win64; x64; rv:64.0) Gecko/20100101 Firefox/64.0"
213.153.47.173 - - [30/Jan/2019:15:15:59 +0100] "GET /reload?ser=1548857759753 HTTP/1.1" 200 28 "http://renault.activities.at/login?required=true" "Mozilla/5.0 (Windows NT 10.0; Win64; x64; rv:64.0) Gecko/20100101 Firefox/64.0"
80.121.175.66 - - [30/Jan/2019:15:16:23 +0100] "GET /reload?ser=1548857783821 HTTP/1.1" 200 28 "http://renault.activities.at/result?searchterm=true&search=anleitung" "Mozilla/5.0 (Windows NT 6.1; Win64; x64; rv:64.0) Gecko/20100101 Firefox/64.0"
213.153.47.173 - - [30/Jan/2019:15:17:00 +0100] "GET /reload?ser=1548857820413 HTTP/1.1" 200 28 "http://renault.activities.at/login?required=true" "Mozilla/5.0 (Windows NT 10.0; Win64; x64; rv:64.0) Gecko/20100101 Firefox/64.0"
80.121.175.66 - - [30/Jan/2019:15:17:24 +0100] "GET /reload?ser=1548857844832 HTTP/1.1" 200 28 "http://renault.activities.at/result?searchterm=true&search=anleitung" "Mozilla/5.0 (Windows NT 6.1; Win64; x64; rv:64.0) Gecko/20100101 Firefox/64.0"
213.153.47.173 - - [30/Jan/2019:15:18:01 +0100] "GET /reload?ser=1548857881098 HTTP/1.1" 200 28 "http://renault.activities.at/login?required=true" "Mozilla/5.0 (Windows NT 10.0; Win64; x64; rv:64.0) Gecko/20100101 Firefox/64.0"
80.121.175.66 - - [30/Jan/2019:15:18:25 +0100] "GET /reload?ser=1548857905858 HTTP/1.1" 200 28 "http://renault.activities.at/result?searchterm=true&search=anleitung" "Mozilla/5.0 (Windows NT 6.1; Win64; x64; rv:64.0) Gecko/20100101 Firefox/64.0"
213.153.47.173 - - [30/Jan/2019:15:19:01 +0100] "GET /reload?ser=1548857941823 HTTP/1.1" 200 28 "http://renault.activities.at/login?required=true" "Mozilla/5.0 (Windows NT 10.0; Win64; x64; rv:64.0) Gecko/20100101 Firefox/64.0"
80.121.175.66 - - [30/Jan/2019:15:19:26 +0100] "GET /reload?ser=1548857966914 HTTP/1.1" 200 28 "http://renault.activities.at/result?searchterm=true&search=anleitung" "Mozilla/5.0 (Windows NT 6.1; Win64; x64; rv:64.0) Gecko/20100101 Firefox/64.0"
213.153.47.173 - - [30/Jan/2019:15:20:02 +0100] "GET /reload?ser=1548858002493 HTTP/1.1" 200 28 "http://renault.activities.at/login?required=true" "Mozilla/5.0 (Windows NT 10.0; Win64; x64; rv:64.0) Gecko/20100101 Firefox/64.0"
80.121.175.66 - - [30/Jan/2019:15:20:27 +0100] "GET /reload?ser=1548858027909 HTTP/1.1" 200 28 "http://renault.activities.at/result?searchterm=true&search=anleitung" "Mozilla/5.0 (Windows NT 6.1; Win64; x64; rv:64.0) Gecko/20100101 Firefox/64.0"
213.153.47.173 - - [30/Jan/2019:15:21:03 +0100] "GET /reload?ser=1548858063153 HTTP/1.1" 200 28 "http://renault.activities.at/login?required=true" "Mozilla/5.0 (Windows NT 10.0; Win64; x64; rv:64.0) Gecko/20100101 Firefox/64.0"
80.121.175.66 - - [30/Jan/2019:15:21:28 +0100] "GET /reload?ser=1548858088951 HTTP/1.1" 200 28 "http://renault.activities.at/result?searchterm=true&search=anleitung" "Mozilla/5.0 (Windows NT 6.1; Win64; x64; rv:64.0) Gecko/20100101 Firefox/64.0"
213.153.47.173 - - [30/Jan/2019:15:22:03 +0100] "GET /reload?ser=1548858123834 HTTP/1.1" 200 28 "http://renault.activities.at/login?required=true" "Mozilla/5.0 (Windows NT 10.0; Win64; x64; rv:64.0) Gecko/20100101 Firefox/64.0"
80.121.175.66 - - [30/Jan/2019:15:22:30 +0100] "GET /reload?ser=1548858150009 HTTP/1.1" 200 28 "http://renault.activities.at/result?searchterm=true&search=anleitung" "Mozilla/5.0 (Windows NT 6.1; Win64; x64; rv:64.0) Gecko/20100101 Firefox/64.0"
213.153.47.173 - - [30/Jan/2019:15:23:04 +0100] "GET /reload?ser=1548858184493 HTTP/1.1" 200 28 "http://renault.activities.at/login?required=true" "Mozilla/5.0 (Windows NT 10.0; Win64; x64; rv:64.0) Gecko/20100101 Firefox/64.0"
80.121.175.66 - - [30/Jan/2019:15:23:31 +0100] "GET /reload?ser=1548858211066 HTTP/1.1" 200 28 "http://renault.activities.at/result?searchterm=true&search=anleitung" "Mozilla/5.0 (Windows NT 6.1; Win64; x64; rv:64.0) Gecko/20100101 Firefox/64.0"
213.153.47.173 - - [30/Jan/2019:15:24:05 +0100] "GET /reload?ser=1548858245154 HTTP/1.1" 200 28 "http://renault.activities.at/login?required=true" "Mozilla/5.0 (Windows NT 10.0; Win64; x64; rv:64.0) Gecko/20100101 Firefox/64.0"
80.121.175.66 - - [30/Jan/2019:15:24:32 +0100] "GET /reload?ser=1548858272091 HTTP/1.1" 200 28 "http://renault.activities.at/result?searchterm=true&search=anleitung" "Mozilla/5.0 (Windows NT 6.1; Win64; x64; rv:64.0) Gecko/20100101 Firefox/64.0"
213.153.47.173 - - [30/Jan/2019:15:25:05 +0100] "GET /reload?ser=1548858305823 HTTP/1.1" 200 28 "http://renault.activities.at/login?required=true" "Mozilla/5.0 (Windows NT 10.0; Win64; x64; rv:64.0) Gecko/20100101 Firefox/64.0"
80.121.175.66 - - [30/Jan/2019:15:25:33 +0100] "GET /reload?ser=1548858333101 HTTP/1.1" 200 28 "http://renault.activities.at/result?searchterm=true&search=anleitung" "Mozilla/5.0 (Windows NT 6.1; Win64; x64; rv:64.0) Gecko/20100101 Firefox/64.0"
213.153.47.173 - - [30/Jan/2019:15:26:06 +0100] "GET /reload?ser=1548858366493 HTTP/1.1" 200 28 "http://renault.activities.at/login?required=true" "Mozilla/5.0 (Windows NT 10.0; Win64; x64; rv:64.0) Gecko/20100101 Firefox/64.0"
80.121.175.66 - - [30/Jan/2019:15:26:34 +0100] "GET /reload?ser=1548858394127 HTTP/1.1" 200 28 "http://renault.activities.at/result?searchterm=true&search=anleitung" "Mozilla/5.0 (Windows NT 6.1; Win64; x64; rv:64.0) Gecko/20100101 Firefox/64.0"
213.153.47.173 - - [30/Jan/2019:15:27:07 +0100] "GET /reload?ser=1548858427154 HTTP/1.1" 200 28 "http://renault.activities.at/login?required=true" "Mozilla/5.0 (Windows NT 10.0; Win64; x64; rv:64.0) Gecko/20100101 Firefox/64.0"
80.121.175.66 - - [30/Jan/2019:15:27:35 +0100] "GET /reload?ser=1548858455168 HTTP/1.1" 200 28 "http://renault.activities.at/result?searchterm=true&search=anleitung" "Mozilla/5.0 (Windows NT 6.1; Win64; x64; rv:64.0) Gecko/20100101 Firefox/64.0"
213.153.47.173 - - [30/Jan/2019:15:28:07 +0100] "GET /reload?ser=1548858487824 HTTP/1.1" 200 28 "http://renault.activities.at/login?required=true" "Mozilla/5.0 (Windows NT 10.0; Win64; x64; rv:64.0) Gecko/20100101 Firefox/64.0"
80.121.175.66 - - [30/Jan/2019:15:28:36 +0100] "GET /reload?ser=1548858516177 HTTP/1.1" 200 28 "http://renault.activities.at/result?searchterm=true&search=anleitung" "Mozilla/5.0 (Windows NT 6.1; Win64; x64; rv:64.0) Gecko/20100101 Firefox/64.0"
213.153.47.173 - - [30/Jan/2019:15:29:08 +0100] "GET /reload?ser=1548858548484 HTTP/1.1" 200 28 "http://renault.activities.at/login?required=true" "Mozilla/5.0 (Windows NT 10.0; Win64; x64; rv:64.0) Gecko/20100101 Firefox/64.0"
80.121.175.66 - - [30/Jan/2019:15:29:37 +0100] "GET /reload?ser=1548858577171 HTTP/1.1" 200 28 "http://renault.activities.at/result?searchterm=true&search=anleitung" "Mozilla/5.0 (Windows NT 6.1; Win64; x64; rv:64.0) Gecko/20100101 Firefox/64.0"
213.153.47.173 - - [30/Jan/2019:15:30:09 +0100] "GET /reload?ser=1548858609144 HTTP/1.1" 200 28 "http://renault.activities.at/login?required=true" "Mozilla/5.0 (Windows NT 10.0; Win64; x64; rv:64.0) Gecko/20100101 Firefox/64.0"
80.121.175.66 - - [30/Jan/2019:15:30:38 +0100] "GET /reload?ser=1548858638213 HTTP/1.1" 200 28 "http://renault.activities.at/result?searchterm=true&search=anleitung" "Mozilla/5.0 (Windows NT 6.1; Win64; x64; rv:64.0) Gecko/20100101 Firefox/64.0"
213.153.47.173 - - [30/Jan/2019:15:31:09 +0100] "GET /reload?ser=1548858669823 HTTP/1.1" 200 28 "http://renault.activities.at/login?required=true" "Mozilla/5.0 (Windows NT 10.0; Win64; x64; rv:64.0) Gecko/20100101 Firefox/64.0"
80.121.175.66 - - [30/Jan/2019:15:31:39 +0100] "GET /reload?ser=1548858699253 HTTP/1.1" 200 28 "http://renault.activities.at/result?searchterm=true&search=anleitung" "Mozilla/5.0 (Windows NT 6.1; Win64; x64; rv:64.0) Gecko/20100101 Firefox/64.0"
213.153.47.173 - - [30/Jan/2019:15:32:10 +0100] "GET /reload?ser=1548858730504 HTTP/1.1" 200 28 "http://renault.activities.at/login?required=true" "Mozilla/5.0 (Windows NT 10.0; Win64; x64; rv:64.0) Gecko/20100101 Firefox/64.0"
80.121.175.66 - - [30/Jan/2019:15:32:40 +0100] "GET /reload?ser=1548858760294 HTTP/1.1" 200 28 "http://renault.activities.at/result?searchterm=true&search=anleitung" "Mozilla/5.0 (Windows NT 6.1; Win64; x64; rv:64.0) Gecko/20100101 Firefox/64.0"
213.153.47.173 - - [30/Jan/2019:15:33:11 +0100] "GET /reload?ser=1548858791164 HTTP/1.1" 200 28 "http://renault.activities.at/login?required=true" "Mozilla/5.0 (Windows NT 10.0; Win64; x64; rv:64.0) Gecko/20100101 Firefox/64.0"
80.121.175.66 - - [30/Jan/2019:15:33:41 +0100] "GET /reload?ser=1548858821257 HTTP/1.1" 200 28 "http://renault.activities.at/result?searchterm=true&search=anleitung" "Mozilla/5.0 (Windows NT 6.1; Win64; x64; rv:64.0) Gecko/20100101 Firefox/64.0"
213.153.47.173 - - [30/Jan/2019:15:34:11 +0100] "GET /reload?ser=1548858851833 HTTP/1.1" 200 28 "http://renault.activities.at/login?required=true" "Mozilla/5.0 (Windows NT 10.0; Win64; x64; rv:64.0) Gecko/20100101 Firefox/64.0"
80.121.175.66 - - [30/Jan/2019:15:34:42 +0100] "GET /reload?ser=1548858882252 HTTP/1.1" 200 28 "http://renault.activities.at/result?searchterm=true&search=anleitung" "Mozilla/5.0 (Windows NT 6.1; Win64; x64; rv:64.0) Gecko/20100101 Firefox/64.0"
213.153.47.173 - - [30/Jan/2019:15:35:12 +0100] "GET /reload?ser=1548858912493 HTTP/1.1" 200 28 "http://renault.activities.at/login?required=true" "Mozilla/5.0 (Windows NT 10.0; Win64; x64; rv:64.0) Gecko/20100101 Firefox/64.0"
80.121.175.66 - - [30/Jan/2019:15:35:43 +0100] "GET /reload?ser=1548858943229 HTTP/1.1" 200 28 "http://renault.activities.at/result?searchterm=true&search=anleitung" "Mozilla/5.0 (Windows NT 6.1; Win64; x64; rv:64.0) Gecko/20100101 Firefox/64.0"
213.153.47.173 - - [30/Jan/2019:15:36:13 +0100] "GET /reload?ser=1548858973163 HTTP/1.1" 200 28 "http://renault.activities.at/login?required=true" "Mozilla/5.0 (Windows NT 10.0; Win64; x64; rv:64.0) Gecko/20100101 Firefox/64.0"
80.121.175.66 - - [30/Jan/2019:15:36:44 +0100] "GET /reload?ser=1548859004348 HTTP/1.1" 200 28 "http://renault.activities.at/result?searchterm=true&search=anleitung" "Mozilla/5.0 (Windows NT 6.1; Win64; x64; rv:64.0) Gecko/20100101 Firefox/64.0"
213.153.47.173 - - [30/Jan/2019:15:37:13 +0100] "GET /reload?ser=1548859033824 HTTP/1.1" 200 28 "http://renault.activities.at/login?required=true" "Mozilla/5.0 (Windows NT 10.0; Win64; x64; rv:64.0) Gecko/20100101 Firefox/64.0"
80.121.175.66 - - [30/Jan/2019:15:37:45 +0100] "GET /reload?ser=1548859065342 HTTP/1.1" 200 28 "http://renault.activities.at/result?searchterm=true&search=anleitung" "Mozilla/5.0 (Windows NT 6.1; Win64; x64; rv:64.0) Gecko/20100101 Firefox/64.0"
213.153.47.173 - - [30/Jan/2019:15:38:14 +0100] "GET /reload?ser=1548859094524 HTTP/1.1" 200 28 "http://renault.activities.at/login?required=true" "Mozilla/5.0 (Windows NT 10.0; Win64; x64; rv:64.0) Gecko/20100101 Firefox/64.0"
80.121.175.66 - - [30/Jan/2019:15:38:46 +0100] "GET /reload?ser=1548859126387 HTTP/1.1" 200 28 "http://renault.activities.at/result?searchterm=true&search=anleitung" "Mozilla/5.0 (Windows NT 6.1; Win64; x64; rv:64.0) Gecko/20100101 Firefox/64.0"
213.153.47.173 - - [30/Jan/2019:15:39:15 +0100] "GET /reload?ser=1548859155204 HTTP/1.1" 200 28 "http://renault.activities.at/login?required=true" "Mozilla/5.0 (Windows NT 10.0; Win64; x64; rv:64.0) Gecko/20100101 Firefox/64.0"
80.121.175.66 - - [30/Jan/2019:15:39:47 +0100] "GET /reload?ser=1548859187428 HTTP/1.1" 200 28 "http://renault.activities.at/result?searchterm=true&search=anleitung" "Mozilla/5.0 (Windows NT 6.1; Win64; x64; rv:64.0) Gecko/20100101 Firefox/64.0"
213.153.47.173 - - [30/Jan/2019:15:40:15 +0100] "GET /reload?ser=1548859215873 HTTP/1.1" 200 28 "http://renault.activities.at/login?required=true" "Mozilla/5.0 (Windows NT 10.0; Win64; x64; rv:64.0) Gecko/20100101 Firefox/64.0"
80.121.175.66 - - [30/Jan/2019:15:40:48 +0100] "GET /reload?ser=1548859248488 HTTP/1.1" 200 28 "http://renault.activities.at/result?searchterm=true&search=anleitung" "Mozilla/5.0 (Windows NT 6.1; Win64; x64; rv:64.0) Gecko/20100101 Firefox/64.0"
213.153.47.173 - - [30/Jan/2019:15:41:16 +0100] "GET /reload?ser=1548859276553 HTTP/1.1" 200 28 "http://renault.activities.at/login?required=true" "Mozilla/5.0 (Windows NT 10.0; Win64; x64; rv:64.0) Gecko/20100101 Firefox/64.0"
80.121.175.66 - - [30/Jan/2019:15:41:49 +0100] "GET /reload?ser=1548859309561 HTTP/1.1" 200 28 "http://renault.activities.at/result?searchterm=true&search=anleitung" "Mozilla/5.0 (Windows NT 6.1; Win64; x64; rv:64.0) Gecko/20100101 Firefox/64.0"
213.153.47.173 - - [30/Jan/2019:15:42:17 +0100] "GET /reload?ser=1548859337214 HTTP/1.1" 200 28 "http://renault.activities.at/login?required=true" "Mozilla/5.0 (Windows NT 10.0; Win64; x64; rv:64.0) Gecko/20100101 Firefox/64.0"
77.118.161.182 - - [30/Jan/2019:15:42:29 +0100] "GET / HTTP/1.1" 200 3529 "-" "Mozilla/5.0 (Windows NT 6.1; Trident/7.0; rv:11.0) like Gecko"
77.118.161.182 - - [30/Jan/2019:15:42:30 +0100] "GET /images/main_block_border.gif HTTP/1.1" 200 43 "http://renault.activities.at/" "Mozilla/5.0 (Windows NT 6.1; Trident/7.0; rv:11.0) like Gecko"
77.118.161.182 - - [30/Jan/2019:15:42:30 +0100] "GET /images/main_block_corner_left_bot.gif HTTP/1.1" 200 159 "http://renault.activities.at/" "Mozilla/5.0 (Windows NT 6.1; Trident/7.0; rv:11.0) like Gecko"
77.118.161.182 - - [30/Jan/2019:15:42:30 +0100] "GET /images/main_block_corner_right_bot.gif HTTP/1.1" 200 158 "http://renault.activities.at/" "Mozilla/5.0 (Windows NT 6.1; Trident/7.0; rv:11.0) like Gecko"
77.118.161.182 - - [30/Jan/2019:15:42:30 +0100] "GET /images/header_block_border.gif HTTP/1.1" 200 43 "http://renault.activities.at/" "Mozilla/5.0 (Windows NT 6.1; Trident/7.0; rv:11.0) like Gecko"
77.118.161.182 - - [30/Jan/2019:15:42:30 +0100] "GET /images/header_block_corner_left_top.gif HTTP/1.1" 200 160 "http://renault.activities.at/" "Mozilla/5.0 (Windows NT 6.1; Trident/7.0; rv:11.0) like Gecko"
77.118.161.182 - - [30/Jan/2019:15:42:30 +0100] "GET /images/favicon.ico HTTP/1.1" 404 305 "-" "Mozilla/5.0 (Windows NT 6.1; Trident/7.0; rv:11.0) like Gecko"
77.118.161.182 - - [30/Jan/2019:15:42:30 +0100] "GET /images/main_block_corner_left_top.gif HTTP/1.1" 200 159 "http://renault.activities.at/" "Mozilla/5.0 (Windows NT 6.1; Trident/7.0; rv:11.0) like Gecko"
77.118.161.182 - - [30/Jan/2019:15:42:30 +0100] "GET /images/main_block_corner_right_top.gif HTTP/1.1" 200 159 "http://renault.activities.at/" "Mozilla/5.0 (Windows NT 6.1; Trident/7.0; rv:11.0) like Gecko"
77.118.161.182 - - [30/Jan/2019:15:42:30 +0100] "GET /images/title_border.jpg HTTP/1.1" 200 304 "http://renault.activities.at/" "Mozilla/5.0 (Windows NT 6.1; Trident/7.0; rv:11.0) like Gecko"
77.118.161.182 - - [30/Jan/2019:15:42:31 +0100] "GET /images/title_border_top.jpg HTTP/1.1" 200 336 "http://renault.activities.at/" "Mozilla/5.0 (Windows NT 6.1; Trident/7.0; rv:11.0) like Gecko"
77.118.161.182 - - [30/Jan/2019:15:42:31 +0100] "GET /images/title_corner_left_top.jpg HTTP/1.1" 200 372 "http://renault.activities.at/" "Mozilla/5.0 (Windows NT 6.1; Trident/7.0; rv:11.0) like Gecko"
77.118.161.182 - - [30/Jan/2019:15:42:31 +0100] "GET /images/title_corner_right_top.jpg HTTP/1.1" 200 389 "http://renault.activities.at/" "Mozilla/5.0 (Windows NT 6.1; Trident/7.0; rv:11.0) like Gecko"
77.118.161.182 - - [30/Jan/2019:15:42:30 +0100] "GET /loadthumbnail.php?id=11127982 HTTP/1.1" 200 320745 "http://renault.activities.at/" "Mozilla/5.0 (Windows NT 6.1; Trident/7.0; rv:11.0) like Gecko"
77.118.161.182 - - [30/Jan/2019:15:42:32 +0100] "GET /login HTTP/1.1" 200 2086 "http://renault.activities.at/" "Mozilla/5.0 (Windows NT 6.1; Trident/7.0; rv:11.0) like Gecko"
77.118.161.182 - - [30/Jan/2019:15:42:33 +0100] "GET /images/header_block_corner_right_top.gif HTTP/1.1" 200 160 "http://renault.activities.at/login" "Mozilla/5.0 (Windows NT 6.1; Trident/7.0; rv:11.0) like Gecko"
77.118.161.182 - - [30/Jan/2019:15:42:33 +0100] "GET /images/button_left_bg.gif HTTP/1.1" 200 564 "http://renault.activities.at/login" "Mozilla/5.0 (Windows NT 6.1; Trident/7.0; rv:11.0) like Gecko"
77.118.161.182 - - [30/Jan/2019:15:42:33 +0100] "GET /images/button_right_bg.gif HTTP/1.1" 200 561 "http://renault.activities.at/login" "Mozilla/5.0 (Windows NT 6.1; Trident/7.0; rv:11.0) like Gecko"
77.118.161.182 - - [30/Jan/2019:15:42:33 +0100] "GET /images/button_bg.gif HTTP/1.1" 200 151 "http://renault.activities.at/login" "Mozilla/5.0 (Windows NT 6.1; Trident/7.0; rv:11.0) like Gecko"
77.118.161.182 - - [30/Jan/2019:15:42:33 +0100] "GET /loadthumbnail.php?id=11127982 HTTP/1.1" 200 399614 "http://renault.activities.at/login" "Mozilla/5.0 (Windows NT 6.1; Trident/7.0; rv:11.0) like Gecko"
77.118.161.182 - - [30/Jan/2019:15:42:34 +0100] "GET /images/favicon.ico HTTP/1.1" 404 305 "-" "Mozilla/5.0 (Windows NT 6.1; Trident/7.0; rv:11.0) like Gecko"
77.118.161.182 - - [30/Jan/2019:15:42:34 +0100] "GET /favicon.ico HTTP/1.1" 200 3250 "-" "Mozilla/5.0 (Windows NT 6.1; Trident/7.0; rv:11.0) like Gecko"
77.118.161.182 - - [30/Jan/2019:15:42:40 +0100] "POST /login HTTP/1.1" 302 140 "http://renault.activities.at/login" "Mozilla/5.0 (Windows NT 6.1; Trident/7.0; rv:11.0) like Gecko"
77.118.161.182 - - [30/Jan/2019:15:42:41 +0100] "GET /account HTTP/1.1" 200 6042 "http://renault.activities.at/login" "Mozilla/5.0 (Windows NT 6.1; Trident/7.0; rv:11.0) like Gecko"
77.118.161.182 - - [30/Jan/2019:15:42:44 +0100] "GET /images/search_bg.gif HTTP/1.1" 200 1726 "http://renault.activities.at/account" "Mozilla/5.0 (Windows NT 6.1; Trident/7.0; rv:11.0) like Gecko"
77.118.161.182 - - [30/Jan/2019:15:42:44 +0100] "GET /images/top_links_divider.gif HTTP/1.1" 200 44 "http://renault.activities.at/account" "Mozilla/5.0 (Windows NT 6.1; Trident/7.0; rv:11.0) like Gecko"
77.118.161.182 - - [30/Jan/2019:15:42:44 +0100] "GET /images/menu_button_bg.jpg HTTP/1.1" 200 322 "http://renault.activities.at/account" "Mozilla/5.0 (Windows NT 6.1; Trident/7.0; rv:11.0) like Gecko"
77.118.161.182 - - [30/Jan/2019:15:42:44 +0100] "GET /images/nav_divider.gif HTTP/1.1" 200 43 "http://renault.activities.at/account" "Mozilla/5.0 (Windows NT 6.1; Trident/7.0; rv:11.0) like Gecko"
77.118.161.182 - - [30/Jan/2019:15:42:44 +0100] "GET /loadthumbnail.php?id=11573493&width=50&height=50 HTTP/1.1" 200 1286 "http://renault.activities.at/account" "Mozilla/5.0 (Windows NT 6.1; Trident/7.0; rv:11.0) like Gecko"
77.118.161.182 - - [30/Jan/2019:15:42:44 +0100] "GET /loadthumbnail.php?id=11355691&width=50&height=50 HTTP/1.1" 200 715 "http://renault.activities.at/account" "Mozilla/5.0 (Windows NT 6.1; Trident/7.0; rv:11.0) like Gecko"
77.118.161.182 - - [30/Jan/2019:15:42:44 +0100] "GET /loadthumbnail.php?id=11967859&width=50&height=50 HTTP/1.1" 200 850 "http://renault.activities.at/account" "Mozilla/5.0 (Windows NT 6.1; Trident/7.0; rv:11.0) like Gecko"
77.118.161.182 - - [30/Jan/2019:15:42:44 +0100] "GET /images/menu_divider.gif HTTP/1.1" 200 176 "http://renault.activities.at/account" "Mozilla/5.0 (Windows NT 6.1; Trident/7.0; rv:11.0) like Gecko"
77.118.161.182 - - [30/Jan/2019:15:42:44 +0100] "GET /images/sidebar_title_border.gif HTTP/1.1" 200 43 "http://renault.activities.at/account" "Mozilla/5.0 (Windows NT 6.1; Trident/7.0; rv:11.0) like Gecko"
77.118.161.182 - - [30/Jan/2019:15:42:44 +0100] "GET /images/sidebar_title_border_top.gif HTTP/1.1" 200 155 "http://renault.activities.at/account" "Mozilla/5.0 (Windows NT 6.1; Trident/7.0; rv:11.0) like Gecko"
77.118.161.182 - - [30/Jan/2019:15:42:44 +0100] "GET /images/sidebar_title_corner_left_top.gif HTTP/1.1" 200 1124 "http://renault.activities.at/account" "Mozilla/5.0 (Windows NT 6.1; Trident/7.0; rv:11.0) like Gecko"
77.118.161.182 - - [30/Jan/2019:15:42:44 +0100] "GET /images/sidebar_title_corner_right_top.gif HTTP/1.1" 200 383 "http://renault.activities.at/account" "Mozilla/5.0 (Windows NT 6.1; Trident/7.0; rv:11.0) like Gecko"
77.118.161.182 - - [30/Jan/2019:15:42:44 +0100] "GET /images/footer_divider.gif HTTP/1.1" 200 44 "http://renault.activities.at/account" "Mozilla/5.0 (Windows NT 6.1; Trident/7.0; rv:11.0) like Gecko"
77.118.161.182 - - [30/Jan/2019:15:42:45 +0100] "GET /favicon.ico HTTP/1.1" 200 3250 "-" "Mozilla/5.0 (Windows NT 6.1; Trident/7.0; rv:11.0) like Gecko"
77.118.161.182 - - [30/Jan/2019:15:42:48 +0100] "POST /axjaxrequest?mode=suggest HTTP/1.1" 200 236 "http://renault.activities.at/account" "Mozilla/5.0 (Windows NT 6.1; Trident/7.0; rv:11.0) like Gecko"
77.118.161.182 - - [30/Jan/2019:15:42:49 +0100] "POST /axjaxrequest?mode=suggest HTTP/1.1" 200 184 "http://renault.activities.at/account" "Mozilla/5.0 (Windows NT 6.1; Trident/7.0; rv:11.0) like Gecko"
80.121.175.66 - - [30/Jan/2019:15:42:50 +0100] "GET /reload?ser=1548859370567 HTTP/1.1" 200 28 "http://renault.activities.at/result?searchterm=true&search=anleitung" "Mozilla/5.0 (Windows NT 6.1; Win64; x64; rv:64.0) Gecko/20100101 Firefox/64.0"
77.118.161.182 - - [30/Jan/2019:15:42:49 +0100] "POST /axjaxrequest?mode=suggest HTTP/1.1" 200 184 "http://renault.activities.at/account" "Mozilla/5.0 (Windows NT 6.1; Trident/7.0; rv:11.0) like Gecko"
77.118.161.182 - - [30/Jan/2019:15:42:55 +0100] "GET /result?searchterm=true&search=Servicemappen HTTP/1.1" 200 5928 "http://renault.activities.at/account" "Mozilla/5.0 (Windows NT 6.1; Trident/7.0; rv:11.0) like Gecko"
77.118.161.182 - - [30/Jan/2019:15:42:57 +0100] "GET /images/loading.gif HTTP/1.1" 200 3208 "http://renault.activities.at/result?searchterm=true&search=Servicemappen" "Mozilla/5.0 (Windows NT 6.1; Trident/7.0; rv:11.0) like Gecko"
77.118.161.182 - - [30/Jan/2019:15:42:57 +0100] "GET /images/pager_bg.gif HTTP/1.1" 200 150 "http://renault.activities.at/result?searchterm=true&search=Servicemappen" "Mozilla/5.0 (Windows NT 6.1; Trident/7.0; rv:11.0) like Gecko"
77.118.161.182 - - [30/Jan/2019:15:42:57 +0100] "GET /loadthumbnail.php?id=10203255 HTTP/1.1" 200 137 "http://renault.activities.at/result?searchterm=true&search=Servicemappen" "Mozilla/5.0 (Windows NT 6.1; Trident/7.0; rv:11.0) like Gecko"
77.118.161.182 - - [30/Jan/2019:15:42:58 +0100] "GET /images/vista-up.gif HTTP/1.1" 200 131 "http://renault.activities.at/result?searchterm=true&search=Servicemappen" "Mozilla/5.0 (Windows NT 6.1; Trident/7.0; rv:11.0) like Gecko"
77.118.161.182 - - [30/Jan/2019:15:42:58 +0100] "GET /images/vista-dn.gif HTTP/1.1" 200 128 "http://renault.activities.at/result?searchterm=true&search=Servicemappen" "Mozilla/5.0 (Windows NT 6.1; Trident/7.0; rv:11.0) like Gecko"
77.118.161.182 - - [30/Jan/2019:15:42:58 +0100] "GET /images/validation_advice_bg.gif HTTP/1.1" 200 134 "http://renault.activities.at/result?searchterm=true&search=Servicemappen" "Mozilla/5.0 (Windows NT 6.1; Trident/7.0; rv:11.0) like Gecko"
77.118.161.182 - - [30/Jan/2019:15:43:01 +0100] "GET /loadthumbnail.php?id=10203650&width=113 HTTP/1.1" 200 2741 "http://renault.activities.at/result?searchterm=true&search=Servicemappen" "Mozilla/5.0 (Windows NT 6.1; Trident/7.0; rv:11.0) like Gecko"
77.118.161.182 - - [30/Jan/2019:15:43:04 +0100] "POST /axjaxrequest?mode=suggest HTTP/1.1" 200 114 "http://renault.activities.at/result?searchterm=true&search=Servicemappen" "Mozilla/5.0 (Windows NT 6.1; Trident/7.0; rv:11.0) like Gecko"
77.118.161.182 - - [30/Jan/2019:15:43:05 +0100] "POST /axjaxrequest?mode=suggest HTTP/1.1" 200 21 "http://renault.activities.at/result?searchterm=true&search=Servicemappen" "Mozilla/5.0 (Windows NT 6.1; Trident/7.0; rv:11.0) like Gecko"
77.118.161.182 - - [30/Jan/2019:15:43:07 +0100] "GET /result?searchterm=true&search=Servicemappen+Dacia HTTP/1.1" 200 4712 "http://renault.activities.at/result?searchterm=true&search=Servicemappen" "Mozilla/5.0 (Windows NT 6.1; Trident/7.0; rv:11.0) like Gecko"
77.118.161.182 - - [30/Jan/2019:15:43:08 +0100] "GET /images/note_msg_icon.gif HTTP/1.1" 200 1022 "http://renault.activities.at/result?searchterm=true&search=Servicemappen+Dacia" "Mozilla/5.0 (Windows NT 6.1; Trident/7.0; rv:11.0) like Gecko"
77.118.161.182 - - [30/Jan/2019:15:43:16 +0100] "POST /axjaxrequest?mode=suggest HTTP/1.1" 200 184 "http://renault.activities.at/result?searchterm=true&search=Servicemappen+Dacia" "Mozilla/5.0 (Windows NT 6.1; Trident/7.0; rv:11.0) like Gecko"
213.153.47.173 - - [30/Jan/2019:15:43:17 +0100] "GET /reload?ser=1548859397865 HTTP/1.1" 200 28 "http://renault.activities.at/login?required=true" "Mozilla/5.0 (Windows NT 10.0; Win64; x64; rv:64.0) Gecko/20100101 Firefox/64.0"
80.121.175.66 - - [30/Jan/2019:15:43:51 +0100] "GET /reload?ser=1548859431551 HTTP/1.1" 200 28 "http://renault.activities.at/result?searchterm=true&search=anleitung" "Mozilla/5.0 (Windows NT 6.1; Win64; x64; rv:64.0) Gecko/20100101 Firefox/64.0"
77.118.161.182 - - [30/Jan/2019:15:44:08 +0100] "GET /reload?ser=1548859448794 HTTP/1.1" 200 28 "http://renault.activities.at/result?searchterm=true&search=Servicemappen+Dacia" "Mozilla/5.0 (Windows NT 6.1; Trident/7.0; rv:11.0) like Gecko"
213.153.47.173 - - [30/Jan/2019:15:44:18 +0100] "GET /reload?ser=1548859458534 HTTP/1.1" 200 28 "http://renault.activities.at/login?required=true" "Mozilla/5.0 (Windows NT 10.0; Win64; x64; rv:64.0) Gecko/20100101 Firefox/64.0"
40.77.190.71 - - [30/Jan/2019:15:44:40 +0100] "GET /loadthumbnail.php?id=11127982 HTTP/1.1" 200 586642 "-" "Mozilla/5.0 (Windows NT 6.1; WOW64) AppleWebKit/534+ (KHTML, like Gecko) BingPreview/1.0b"
80.121.175.66 - - [30/Jan/2019:15:44:52 +0100] "GET /reload?ser=1548859492513 HTTP/1.1" 200 28 "http://renault.activities.at/result?searchterm=true&search=anleitung" "Mozilla/5.0 (Windows NT 6.1; Win64; x64; rv:64.0) Gecko/20100101 Firefox/64.0"
77.118.161.182 - - [30/Jan/2019:15:45:09 +0100] "GET /reload?ser=1548859509819 HTTP/1.1" 200 28 "http://renault.activities.at/result?searchterm=true&search=Servicemappen+Dacia" "Mozilla/5.0 (Windows NT 6.1; Trident/7.0; rv:11.0) like Gecko"
213.153.47.173 - - [30/Jan/2019:15:45:19 +0100] "GET /reload?ser=1548859519193 HTTP/1.1" 200 28 "http://renault.activities.at/login?required=true" "Mozilla/5.0 (Windows NT 10.0; Win64; x64; rv:64.0) Gecko/20100101 Firefox/64.0"
80.121.175.66 - - [30/Jan/2019:15:45:53 +0100] "GET /reload?ser=1548859553538 HTTP/1.1" 200 28 "http://renault.activities.at/result?searchterm=true&search=anleitung" "Mozilla/5.0 (Windows NT 6.1; Win64; x64; rv:64.0) Gecko/20100101 Firefox/64.0"
77.118.161.182 - - [30/Jan/2019:15:46:10 +0100] "GET /reload?ser=1548859570856 HTTP/1.1" 200 28 "http://renault.activities.at/result?searchterm=true&search=Servicemappen+Dacia" "Mozilla/5.0 (Windows NT 6.1; Trident/7.0; rv:11.0) like Gecko"
213.153.47.173 - - [30/Jan/2019:15:46:19 +0100] "GET /reload?ser=1548859579864 HTTP/1.1" 200 28 "http://renault.activities.at/login?required=true" "Mozilla/5.0 (Windows NT 10.0; Win64; x64; rv:64.0) Gecko/20100101 Firefox/64.0"
80.121.175.66 - - [30/Jan/2019:15:46:54 +0100] "GET /reload?ser=1548859614532 HTTP/1.1" 200 28 "http://renault.activities.at/result?searchterm=true&search=anleitung" "Mozilla/5.0 (Windows NT 6.1; Win64; x64; rv:64.0) Gecko/20100101 Firefox/64.0"
77.118.161.182 - - [30/Jan/2019:15:47:11 +0100] "GET /reload?ser=1548859631896 HTTP/1.1" 200 28 "http://renault.activities.at/result?searchterm=true&search=Servicemappen+Dacia" "Mozilla/5.0 (Windows NT 6.1; Trident/7.0; rv:11.0) like Gecko"
213.153.47.173 - - [30/Jan/2019:15:47:20 +0100] "GET /reload?ser=1548859640514 HTTP/1.1" 200 28 "http://renault.activities.at/login?required=true" "Mozilla/5.0 (Windows NT 10.0; Win64; x64; rv:64.0) Gecko/20100101 Firefox/64.0"
80.121.175.66 - - [30/Jan/2019:15:47:55 +0100] "GET /reload?ser=1548859675496 HTTP/1.1" 200 28 "http://renault.activities.at/result?searchterm=true&search=anleitung" "Mozilla/5.0 (Windows NT 6.1; Win64; x64; rv:64.0) Gecko/20100101 Firefox/64.0"
77.118.161.182 - - [30/Jan/2019:15:48:12 +0100] "GET /reload?ser=1548859692944 HTTP/1.1" 200 28 "http://renault.activities.at/result?searchterm=true&search=Servicemappen+Dacia" "Mozilla/5.0 (Windows NT 6.1; Trident/7.0; rv:11.0) like Gecko"
213.153.47.173 - - [30/Jan/2019:15:48:21 +0100] "GET /reload?ser=1548859701173 HTTP/1.1" 200 28 "http://renault.activities.at/login?required=true" "Mozilla/5.0 (Windows NT 10.0; Win64; x64; rv:64.0) Gecko/20100101 Firefox/64.0"
80.121.175.66 - - [30/Jan/2019:15:48:56 +0100] "GET /reload?ser=1548859736537 HTTP/1.1" 200 28 "http://renault.activities.at/result?searchterm=true&search=anleitung" "Mozilla/5.0 (Windows NT 6.1; Win64; x64; rv:64.0) Gecko/20100101 Firefox/64.0"
77.118.161.182 - - [30/Jan/2019:15:49:14 +0100] "GET /reload?ser=1548859753999 HTTP/1.1" 200 28 "http://renault.activities.at/result?searchterm=true&search=Servicemappen+Dacia" "Mozilla/5.0 (Windows NT 6.1; Trident/7.0; rv:11.0) like Gecko"
213.153.47.173 - - [30/Jan/2019:15:49:21 +0100] "GET /reload?ser=1548859761864 HTTP/1.1" 200 28 "http://renault.activities.at/login?required=true" "Mozilla/5.0 (Windows NT 10.0; Win64; x64; rv:64.0) Gecko/20100101 Firefox/64.0"
80.121.175.66 - - [30/Jan/2019:15:49:57 +0100] "GET /reload?ser=1548859797597 HTTP/1.1" 200 28 "http://renault.activities.at/result?searchterm=true&search=anleitung" "Mozilla/5.0 (Windows NT 6.1; Win64; x64; rv:64.0) Gecko/20100101 Firefox/64.0"
77.118.161.182 - - [30/Jan/2019:15:50:14 +0100] "GET /reload?ser=1548859815000 HTTP/1.1" 200 28 "http://renault.activities.at/result?searchterm=true&search=Servicemappen+Dacia" "Mozilla/5.0 (Windows NT 6.1; Trident/7.0; rv:11.0) like Gecko"
213.153.47.173 - - [30/Jan/2019:15:50:22 +0100] "GET /reload?ser=1548859822534 HTTP/1.1" 200 28 "http://renault.activities.at/login?required=true" "Mozilla/5.0 (Windows NT 10.0; Win64; x64; rv:64.0) Gecko/20100101 Firefox/64.0"
80.121.175.66 - - [30/Jan/2019:15:50:58 +0100] "GET /reload?ser=1548859858624 HTTP/1.1" 200 28 "http://renault.activities.at/result?searchterm=true&search=anleitung" "Mozilla/5.0 (Windows NT 6.1; Win64; x64; rv:64.0) Gecko/20100101 Firefox/64.0"
77.118.161.182 - - [30/Jan/2019:15:51:16 +0100] "GET /reload?ser=1548859876088 HTTP/1.1" 200 28 "http://renault.activities.at/result?searchterm=true&search=Servicemappen+Dacia" "Mozilla/5.0 (Windows NT 6.1; Trident/7.0; rv:11.0) like Gecko"
213.153.47.173 - - [30/Jan/2019:15:51:23 +0100] "GET /reload?ser=1548859883204 HTTP/1.1" 200 28 "http://renault.activities.at/login?required=true" "Mozilla/5.0 (Windows NT 10.0; Win64; x64; rv:64.0) Gecko/20100101 Firefox/64.0"
213.153.47.173 - - [30/Jan/2019:15:51:58 +0100] "GET /layout.php HTTP/1.1" 200 1559 "-" "Mozilla/5.0 (Windows NT 10.0; Win64; x64) AppleWebKit/537.36 (KHTML, like Gecko) Chrome/70.0.3538.102 Safari/537.36 OPR/57.0.3098.116"
213.153.47.173 - - [30/Jan/2019:15:51:59 +0100] "GET /images/favicon.ico HTTP/1.1" 404 305 "-" "Mozilla/5.0 (Windows NT 10.0; Win64; x64) AppleWebKit/537.36 (KHTML, like Gecko) Chrome/70.0.3538.102 Safari/537.36 OPR/57.0.3098.116"
80.121.175.66 - - [30/Jan/2019:15:51:59 +0100] "GET /reload?ser=1548859919665 HTTP/1.1" 200 28 "http://renault.activities.at/result?searchterm=true&search=anleitung" "Mozilla/5.0 (Windows NT 6.1; Win64; x64; rv:64.0) Gecko/20100101 Firefox/64.0"
77.118.161.182 - - [30/Jan/2019:15:52:17 +0100] "GET /reload?ser=1548859937089 HTTP/1.1" 200 28 "http://renault.activities.at/result?searchterm=true&search=Servicemappen+Dacia" "Mozilla/5.0 (Windows NT 6.1; Trident/7.0; rv:11.0) like Gecko"
213.153.47.173 - - [30/Jan/2019:15:52:23 +0100] "GET /reload?ser=1548859943883 HTTP/1.1" 200 28 "http://renault.activities.at/login?required=true" "Mozilla/5.0 (Windows NT 10.0; Win64; x64; rv:64.0) Gecko/20100101 Firefox/64.0"
80.121.175.66 - - [30/Jan/2019:15:53:00 +0100] "GET /reload?ser=1548859980691 HTTP/1.1" 200 28 "http://renault.activities.at/result?searchterm=true&search=anleitung" "Mozilla/5.0 (Windows NT 6.1; Win64; x64; rv:64.0) Gecko/20100101 Firefox/64.0"
77.118.161.182 - - [30/Jan/2019:15:53:18 +0100] "GET /reload?ser=1548859998099 HTTP/1.1" 200 28 "http://renault.activities.at/result?searchterm=true&search=Servicemappen+Dacia" "Mozilla/5.0 (Windows NT 6.1; Trident/7.0; rv:11.0) like Gecko"
213.153.47.173 - - [30/Jan/2019:15:53:24 +0100] "GET /reload?ser=1548860004548 HTTP/1.1" 200 28 "http://renault.activities.at/login?required=true" "Mozilla/5.0 (Windows NT 10.0; Win64; x64; rv:64.0) Gecko/20100101 Firefox/64.0"
80.121.175.66 - - [30/Jan/2019:15:54:01 +0100] "GET /reload?ser=1548860041700 HTTP/1.1" 200 28 "http://renault.activities.at/result?searchterm=true&search=anleitung" "Mozilla/5.0 (Windows NT 6.1; Win64; x64; rv:64.0) Gecko/20100101 Firefox/64.0"
77.118.161.182 - - [30/Jan/2019:15:54:19 +0100] "GET /reload?ser=1548860059149 HTTP/1.1" 200 28 "http://renault.activities.at/result?searchterm=true&search=Servicemappen+Dacia" "Mozilla/5.0 (Windows NT 6.1; Trident/7.0; rv:11.0) like Gecko"
213.153.47.173 - - [30/Jan/2019:15:54:25 +0100] "GET /reload?ser=1548860065214 HTTP/1.1" 200 28 "http://renault.activities.at/login?required=true" "Mozilla/5.0 (Windows NT 10.0; Win64; x64; rv:64.0) Gecko/20100101 Firefox/64.0"
80.121.175.66 - - [30/Jan/2019:15:55:02 +0100] "GET /reload?ser=1548860102680 HTTP/1.1" 200 28 "http://renault.activities.at/result?searchterm=true&search=anleitung" "Mozilla/5.0 (Windows NT 6.1; Win64; x64; rv:64.0) Gecko/20100101 Firefox/64.0"
77.118.161.182 - - [30/Jan/2019:15:55:20 +0100] "GET /reload?ser=1548860120225 HTTP/1.1" 200 28 "http://renault.activities.at/result?searchterm=true&search=Servicemappen+Dacia" "Mozilla/5.0 (Windows NT 6.1; Trident/7.0; rv:11.0) like Gecko"
213.153.47.173 - - [30/Jan/2019:15:55:25 +0100] "GET /reload?ser=1548860125873 HTTP/1.1" 200 28 "http://renault.activities.at/login?required=true" "Mozilla/5.0 (Windows NT 10.0; Win64; x64; rv:64.0) Gecko/20100101 Firefox/64.0"
80.121.175.66 - - [30/Jan/2019:15:56:03 +0100] "GET /reload?ser=1548860163705 HTTP/1.1" 200 28 "http://renault.activities.at/result?searchterm=true&search=anleitung" "Mozilla/5.0 (Windows NT 6.1; Win64; x64; rv:64.0) Gecko/20100101 Firefox/64.0"
77.118.161.182 - - [30/Jan/2019:15:56:21 +0100] "GET /reload?ser=1548860181263 HTTP/1.1" 200 28 "http://renault.activities.at/result?searchterm=true&search=Servicemappen+Dacia" "Mozilla/5.0 (Windows NT 6.1; Trident/7.0; rv:11.0) like Gecko"
213.153.47.173 - - [30/Jan/2019:15:56:26 +0100] "GET /reload?ser=1548860186543 HTTP/1.1" 200 28 "http://renault.activities.at/login?required=true" "Mozilla/5.0 (Windows NT 10.0; Win64; x64; rv:64.0) Gecko/20100101 Firefox/64.0"
159.65.247.182 - - [30/Jan/2019:15:56:45 +0100] "HEAD / HTTP/1.1" 501 - "https://www.netcraft.com/survey/" "Mozilla/4.0 (compatible; Netcraft Web Server Survey)"
77.118.161.182 - - [30/Jan/2019:15:56:48 +0100] "POST /axjaxrequest?mode=suggest HTTP/1.1" 200 184 "http://renault.activities.at/result?searchterm=true&search=Servicemappen+Dacia" "Mozilla/5.0 (Windows NT 6.1; Trident/7.0; rv:11.0) like Gecko"
77.118.161.182 - - [30/Jan/2019:15:56:55 +0100] "GET /result?searchterm=true&search=Serviceheft HTTP/1.1" 200 5927 "http://renault.activities.at/result?searchterm=true&search=Servicemappen+Dacia" "Mozilla/5.0 (Windows NT 6.1; Trident/7.0; rv:11.0) like Gecko"
80.121.175.66 - - [30/Jan/2019:15:57:04 +0100] "GET /reload?ser=1548860224699 HTTP/1.1" 200 28 "http://renault.activities.at/result?searchterm=true&search=anleitung" "Mozilla/5.0 (Windows NT 6.1; Win64; x64; rv:64.0) Gecko/20100101 Firefox/64.0"
213.153.47.173 - - [30/Jan/2019:15:57:27 +0100] "GET /reload?ser=1548860247214 HTTP/1.1" 200 28 "http://renault.activities.at/login?required=true" "Mozilla/5.0 (Windows NT 10.0; Win64; x64; rv:64.0) Gecko/20100101 Firefox/64.0"
77.118.161.182 - - [30/Jan/2019:15:57:57 +0100] "GET /reload?ser=1548860277148 HTTP/1.1" 200 28 "http://renault.activities.at/result?searchterm=true&search=Serviceheft" "Mozilla/5.0 (Windows NT 6.1; Trident/7.0; rv:11.0) like Gecko"
77.118.161.182 - - [30/Jan/2019:15:58:03 +0100] "POST /axjaxrequest?mode=suggest HTTP/1.1" 200 184 "http://renault.activities.at/result?searchterm=true&search=Serviceheft" "Mozilla/5.0 (Windows NT 6.1; Trident/7.0; rv:11.0) like Gecko"
77.118.161.182 - - [30/Jan/2019:15:58:04 +0100] "POST /axjaxrequest?mode=suggest HTTP/1.1" 200 168 "http://renault.activities.at/result?searchterm=true&search=Serviceheft" "Mozilla/5.0 (Windows NT 6.1; Trident/7.0; rv:11.0) like Gecko"
80.121.175.66 - - [30/Jan/2019:15:58:05 +0100] "GET /reload?ser=1548860285696 HTTP/1.1" 200 28 "http://renault.activities.at/result?searchterm=true&search=anleitung" "Mozilla/5.0 (Windows NT 6.1; Win64; x64; rv:64.0) Gecko/20100101 Firefox/64.0"
77.118.161.182 - - [30/Jan/2019:15:58:05 +0100] "GET /result?searchterm=true&search=RGA013 HTTP/1.1" 200 6072 "http://renault.activities.at/result?searchterm=true&search=Serviceheft" "Mozilla/5.0 (Windows NT 6.1; Trident/7.0; rv:11.0) like Gecko"
77.118.161.182 - - [30/Jan/2019:15:58:08 +0100] "GET /loadthumbnail.php?id=10269569&width=113 HTTP/1.1" 200 1309 "http://renault.activities.at/result?searchterm=true&search=RGA013" "Mozilla/5.0 (Windows NT 6.1; Trident/7.0; rv:11.0) like Gecko"
77.118.161.182 - - [30/Jan/2019:15:58:08 +0100] "GET /loadthumbnail.php?id=10269567&width=113 HTTP/1.1" 200 1590 "http://renault.activities.at/result?searchterm=true&search=RGA013" "Mozilla/5.0 (Windows NT 6.1; Trident/7.0; rv:11.0) like Gecko"
77.118.161.182 - - [30/Jan/2019:15:58:05 +0100] "POST /axjaxrequest?mode=suggest HTTP/1.1" 200 129 "http://renault.activities.at/result?searchterm=true&search=Serviceheft" "Mozilla/5.0 (Windows NT 6.1; Trident/7.0; rv:11.0) like Gecko"
77.118.161.182 - - [30/Jan/2019:15:58:14 +0100] "GET /images/vista-up-hover.gif HTTP/1.1" 200 130 "http://renault.activities.at/result?searchterm=true&search=RGA013" "Mozilla/5.0 (Windows NT 6.1; Trident/7.0; rv:11.0) like Gecko"
77.118.161.182 - - [30/Jan/2019:15:58:18 +0100] "GET /images/vista-dn-hover.gif HTTP/1.1" 200 127 "http://renault.activities.at/result?searchterm=true&search=RGA013" "Mozilla/5.0 (Windows NT 6.1; Trident/7.0; rv:11.0) like Gecko"
77.118.161.182 - - [30/Jan/2019:15:58:17 +0100] "POST /result?searchterm=true&search=RGA013 HTTP/1.1" 200 6270 "http://renault.activities.at/result?searchterm=true&search=RGA013" "Mozilla/5.0 (Windows NT 6.1; Trident/7.0; rv:11.0) like Gecko"
77.118.161.182 - - [30/Jan/2019:15:58:20 +0100] "GET /images/success_msg_icon.gif HTTP/1.1" 200 1024 "http://renault.activities.at/result?searchterm=true&search=RGA013" "Mozilla/5.0 (Windows NT 6.1; Trident/7.0; rv:11.0) like Gecko"
77.118.161.182 - - [30/Jan/2019:15:58:25 +0100] "POST /result?searchterm=true&search=RGA013 HTTP/1.1" 200 6273 "http://renault.activities.at/result?searchterm=true&search=RGA013" "Mozilla/5.0 (Windows NT 6.1; Trident/7.0; rv:11.0) like Gecko"
213.153.47.173 - - [30/Jan/2019:15:58:27 +0100] "GET /reload?ser=1548860307891 HTTP/1.1" 200 28 "http://renault.activities.at/login?required=true" "Mozilla/5.0 (Windows NT 10.0; Win64; x64; rv:64.0) Gecko/20100101 Firefox/64.0"
77.118.161.182 - - [30/Jan/2019:15:58:46 +0100] "POST /axjaxrequest?mode=suggest HTTP/1.1" 200 295 "http://renault.activities.at/result?searchterm=true&search=RGA013" "Mozilla/5.0 (Windows NT 6.1; Trident/7.0; rv:11.0) like Gecko"
77.118.161.182 - - [30/Jan/2019:15:58:46 +0100] "POST /axjaxrequest?mode=suggest HTTP/1.1" 200 135 "http://renault.activities.at/result?searchterm=true&search=RGA013" "Mozilla/5.0 (Windows NT 6.1; Trident/7.0; rv:11.0) like Gecko"
77.118.161.182 - - [30/Jan/2019:15:58:47 +0100] "GET /result?searchterm=true&search=rka140 HTTP/1.1" 200 4801 "http://renault.activities.at/result?searchterm=true&search=RGA013" "Mozilla/5.0 (Windows NT 6.1; Trident/7.0; rv:11.0) like Gecko"
77.118.161.182 - - [30/Jan/2019:15:58:48 +0100] "POST /axjaxrequest?mode=suggest HTTP/1.1" 200 21 "http://renault.activities.at/result?searchterm=true&search=RGA013" "Mozilla/5.0 (Windows NT 6.1; Trident/7.0; rv:11.0) like Gecko"
77.118.161.182 - - [30/Jan/2019:15:58:55 +0100] "POST /axjaxrequest?mode=suggest HTTP/1.1" 200 110 "http://renault.activities.at/result?searchterm=true&search=rka140" "Mozilla/5.0 (Windows NT 6.1; Trident/7.0; rv:11.0) like Gecko"
