80.123.225.36 - - [30/Jan/2019:17:02:19 +0100] "GET /loadthumbnail.php?id=11504934&width=113 HTTP/1.1" 200 34212 "http://renault.activities.at/10201442?dir=DESC&mode=grid&order=name&limit=15&page=28" "Mozilla/5.0 (Windows NT 6.1; WOW64; Trident/7.0; rv:11.0) like Gecko"
80.123.225.36 - - [30/Jan/2019:17:02:19 +0100] "GET /loadthumbnail.php?id=11319984&width=113 HTTP/1.1" 200 28924 "http://renault.activities.at/10201442?dir=DESC&mode=grid&order=name&limit=15&page=28" "Mozilla/5.0 (Windows NT 6.1; WOW64; Trident/7.0; rv:11.0) like Gecko"
80.123.225.36 - - [30/Jan/2019:17:02:19 +0100] "GET /loadthumbnail.php?id=11164747&width=113 HTTP/1.1" 200 26121 "http://renault.activities.at/10201442?dir=DESC&mode=grid&order=name&limit=15&page=28" "Mozilla/5.0 (Windows NT 6.1; WOW64; Trident/7.0; rv:11.0) like Gecko"
80.123.225.36 - - [30/Jan/2019:17:02:19 +0100] "GET /loadthumbnail.php?id=11319961&width=113 HTTP/1.1" 200 27077 "http://renault.activities.at/10201442?dir=DESC&mode=grid&order=name&limit=15&page=28" "Mozilla/5.0 (Windows NT 6.1; WOW64; Trident/7.0; rv:11.0) like Gecko"
80.123.225.36 - - [30/Jan/2019:17:02:19 +0100] "GET /loadthumbnail.php?id=11577924&width=113 HTTP/1.1" 200 28282 "http://renault.activities.at/10201442?dir=DESC&mode=grid&order=name&limit=15&page=28" "Mozilla/5.0 (Windows NT 6.1; WOW64; Trident/7.0; rv:11.0) like Gecko"
80.123.225.36 - - [30/Jan/2019:17:02:19 +0100] "GET /loadthumbnail.php?id=11334756&width=113 HTTP/1.1" 200 24626 "http://renault.activities.at/10201442?dir=DESC&mode=grid&order=name&limit=15&page=28" "Mozilla/5.0 (Windows NT 6.1; WOW64; Trident/7.0; rv:11.0) like Gecko"
80.123.225.36 - - [30/Jan/2019:17:02:19 +0100] "GET /loadthumbnail.php?id=11319974&width=113 HTTP/1.1" 200 31785 "http://renault.activities.at/10201442?dir=DESC&mode=grid&order=name&limit=15&page=28" "Mozilla/5.0 (Windows NT 6.1; WOW64; Trident/7.0; rv:11.0) like Gecko"
80.123.225.36 - - [30/Jan/2019:17:02:19 +0100] "GET /loadthumbnail.php?id=10970931&width=113 HTTP/1.1" 200 6246 "http://renault.activities.at/10201442?dir=DESC&mode=grid&order=name&limit=15&page=28" "Mozilla/5.0 (Windows NT 6.1; WOW64; Trident/7.0; rv:11.0) like Gecko"
80.123.225.36 - - [30/Jan/2019:17:02:19 +0100] "GET /loadthumbnail.php?id=11031873&width=113 HTTP/1.1" 200 24451 "http://renault.activities.at/10201442?dir=DESC&mode=grid&order=name&limit=15&page=28" "Mozilla/5.0 (Windows NT 6.1; WOW64; Trident/7.0; rv:11.0) like Gecko"
80.123.225.36 - - [30/Jan/2019:17:02:19 +0100] "GET /loadthumbnail.php?id=11334755&width=113 HTTP/1.1" 200 23865 "http://renault.activities.at/10201442?dir=DESC&mode=grid&order=name&limit=15&page=28" "Mozilla/5.0 (Windows NT 6.1; WOW64; Trident/7.0; rv:11.0) like Gecko"
80.123.225.36 - - [30/Jan/2019:17:02:19 +0100] "GET /loadthumbnail.php?id=11658108&width=113 HTTP/1.1" 200 27184 "http://renault.activities.at/10201442?dir=DESC&mode=grid&order=name&limit=15&page=28" "Mozilla/5.0 (Windows NT 6.1; WOW64; Trident/7.0; rv:11.0) like Gecko"
80.121.175.66 - - [30/Jan/2019:17:02:34 +0100] "GET /reload?ser=1548864154185 HTTP/1.1" 200 28 "http://renault.activities.at/result?searchterm=true&search=anleitung" "Mozilla/5.0 (Windows NT 6.1; Win64; x64; rv:64.0) Gecko/20100101 Firefox/64.0"
80.123.225.36 - - [30/Jan/2019:17:02:35 +0100] "GET /10201442?dir=DESC&mode=grid&order=name&limit=15&page=29 HTTP/1.1" 200 9061 "http://renault.activities.at/10201442?dir=DESC&mode=grid&order=name&limit=15&page=28" "Mozilla/5.0 (Windows NT 6.1; WOW64; Trident/7.0; rv:11.0) like Gecko"
80.123.225.36 - - [30/Jan/2019:17:02:38 +0100] "GET /loadthumbnail.php?id=11715005&width=113 HTTP/1.1" 200 30128 "http://renault.activities.at/10201442?dir=DESC&mode=grid&order=name&limit=15&page=29" "Mozilla/5.0 (Windows NT 6.1; WOW64; Trident/7.0; rv:11.0) like Gecko"
80.123.225.36 - - [30/Jan/2019:17:02:38 +0100] "GET /loadthumbnail.php?id=11877811&width=113 HTTP/1.1" 200 27053 "http://renault.activities.at/10201442?dir=DESC&mode=grid&order=name&limit=15&page=29" "Mozilla/5.0 (Windows NT 6.1; WOW64; Trident/7.0; rv:11.0) like Gecko"
80.123.225.36 - - [30/Jan/2019:17:02:38 +0100] "GET /loadthumbnail.php?id=10562347&width=113 HTTP/1.1" 200 4993 "http://renault.activities.at/10201442?dir=DESC&mode=grid&order=name&limit=15&page=29" "Mozilla/5.0 (Windows NT 6.1; WOW64; Trident/7.0; rv:11.0) like Gecko"
80.123.225.36 - - [30/Jan/2019:17:02:38 +0100] "GET /loadthumbnail.php?id=11715009&width=113 HTTP/1.1" 200 22295 "http://renault.activities.at/10201442?dir=DESC&mode=grid&order=name&limit=15&page=29" "Mozilla/5.0 (Windows NT 6.1; WOW64; Trident/7.0; rv:11.0) like Gecko"
80.123.225.36 - - [30/Jan/2019:17:02:38 +0100] "GET /loadthumbnail.php?id=11124852&width=113 HTTP/1.1" 200 8535 "http://renault.activities.at/10201442?dir=DESC&mode=grid&order=name&limit=15&page=29" "Mozilla/5.0 (Windows NT 6.1; WOW64; Trident/7.0; rv:11.0) like Gecko"
80.123.225.36 - - [30/Jan/2019:17:02:38 +0100] "GET /loadthumbnail.php?id=11078141&width=113 HTTP/1.1" 200 8866 "http://renault.activities.at/10201442?dir=DESC&mode=grid&order=name&limit=15&page=29" "Mozilla/5.0 (Windows NT 6.1; WOW64; Trident/7.0; rv:11.0) like Gecko"
80.123.225.36 - - [30/Jan/2019:17:02:38 +0100] "GET /loadthumbnail.php?id=10562346&width=113 HTTP/1.1" 200 5314 "http://renault.activities.at/10201442?dir=DESC&mode=grid&order=name&limit=15&page=29" "Mozilla/5.0 (Windows NT 6.1; WOW64; Trident/7.0; rv:11.0) like Gecko"
80.123.225.36 - - [30/Jan/2019:17:02:38 +0100] "GET /loadthumbnail.php?id=10633817&width=113 HTTP/1.1" 200 2614 "http://renault.activities.at/10201442?dir=DESC&mode=grid&order=name&limit=15&page=29" "Mozilla/5.0 (Windows NT 6.1; WOW64; Trident/7.0; rv:11.0) like Gecko"
80.123.225.36 - - [30/Jan/2019:17:02:38 +0100] "GET /loadthumbnail.php?id=11197547&width=113 HTTP/1.1" 200 9073 "http://renault.activities.at/10201442?dir=DESC&mode=grid&order=name&limit=15&page=29" "Mozilla/5.0 (Windows NT 6.1; WOW64; Trident/7.0; rv:11.0) like Gecko"
80.123.225.36 - - [30/Jan/2019:17:02:38 +0100] "GET /loadthumbnail.php?id=10729892&width=113 HTTP/1.1" 200 4176 "http://renault.activities.at/10201442?dir=DESC&mode=grid&order=name&limit=15&page=29" "Mozilla/5.0 (Windows NT 6.1; WOW64; Trident/7.0; rv:11.0) like Gecko"
80.123.225.36 - - [30/Jan/2019:17:02:38 +0100] "GET /loadthumbnail.php?id=11351226&width=113 HTTP/1.1" 200 16210 "http://renault.activities.at/10201442?dir=DESC&mode=grid&order=name&limit=15&page=29" "Mozilla/5.0 (Windows NT 6.1; WOW64; Trident/7.0; rv:11.0) like Gecko"
80.123.225.36 - - [30/Jan/2019:17:02:38 +0100] "GET /loadthumbnail.php?id=11304858&width=113 HTTP/1.1" 200 1289 "http://renault.activities.at/10201442?dir=DESC&mode=grid&order=name&limit=15&page=29" "Mozilla/5.0 (Windows NT 6.1; WOW64; Trident/7.0; rv:11.0) like Gecko"
80.123.225.36 - - [30/Jan/2019:17:02:39 +0100] "GET /loadthumbnail.php?id=11351222&width=113 HTTP/1.1" 200 17851 "http://renault.activities.at/10201442?dir=DESC&mode=grid&order=name&limit=15&page=29" "Mozilla/5.0 (Windows NT 6.1; WOW64; Trident/7.0; rv:11.0) like Gecko"
80.123.225.36 - - [30/Jan/2019:17:02:39 +0100] "GET /loadthumbnail.php?id=11089820&width=113 HTTP/1.1" 200 2212 "http://renault.activities.at/10201442?dir=DESC&mode=grid&order=name&limit=15&page=29" "Mozilla/5.0 (Windows NT 6.1; WOW64; Trident/7.0; rv:11.0) like Gecko"
80.123.225.36 - - [30/Jan/2019:17:02:39 +0100] "GET /loadthumbnail.php?id=11423838&width=113 HTTP/1.1" 200 2865 "http://renault.activities.at/10201442?dir=DESC&mode=grid&order=name&limit=15&page=29" "Mozilla/5.0 (Windows NT 6.1; WOW64; Trident/7.0; rv:11.0) like Gecko"
80.123.225.36 - - [30/Jan/2019:17:02:52 +0100] "GET /10201442?dir=DESC&mode=grid&order=name&limit=15&page=30 HTTP/1.1" 200 6579 "http://renault.activities.at/10201442?dir=DESC&mode=grid&order=name&limit=15&page=29" "Mozilla/5.0 (Windows NT 6.1; WOW64; Trident/7.0; rv:11.0) like Gecko"
80.123.225.36 - - [30/Jan/2019:17:02:54 +0100] "GET /loadthumbnail.php?id=11170050&width=113 HTTP/1.1" 200 1819 "http://renault.activities.at/10201442?dir=DESC&mode=grid&order=name&limit=15&page=30" "Mozilla/5.0 (Windows NT 6.1; WOW64; Trident/7.0; rv:11.0) like Gecko"
80.123.225.36 - - [30/Jan/2019:17:02:54 +0100] "GET /loadthumbnail.php?id=10848346&width=113 HTTP/1.1" 200 2340 "http://renault.activities.at/10201442?dir=DESC&mode=grid&order=name&limit=15&page=30" "Mozilla/5.0 (Windows NT 6.1; WOW64; Trident/7.0; rv:11.0) like Gecko"
80.123.225.36 - - [30/Jan/2019:17:03:20 +0100] "GET /10201442?dir=DESC&mode=grid&order=name&limit=15&page=29 HTTP/1.1" 200 9061 "http://renault.activities.at/10201442?dir=DESC&mode=grid&order=name&limit=15&page=28" "Mozilla/5.0 (Windows NT 6.1; WOW64; Trident/7.0; rv:11.0) like Gecko"
80.121.175.66 - - [30/Jan/2019:17:03:35 +0100] "GET /reload?ser=1548864215209 HTTP/1.1" 200 28 "http://renault.activities.at/result?searchterm=true&search=anleitung" "Mozilla/5.0 (Windows NT 6.1; Win64; x64; rv:64.0) Gecko/20100101 Firefox/64.0"
80.123.225.36 - - [30/Jan/2019:17:03:37 +0100] "GET /10201442?dir=DESC&mode=grid&order=name&limit=15&page=28 HTTP/1.1" 200 8930 "http://renault.activities.at/10201442?dir=DESC&mode=grid&order=name&limit=15&page=27" "Mozilla/5.0 (Windows NT 6.1; WOW64; Trident/7.0; rv:11.0) like Gecko"
80.123.225.36 - - [30/Jan/2019:17:03:45 +0100] "GET /10201442?dir=DESC&mode=grid&order=name&limit=15&page=27 HTTP/1.1" 200 8781 "http://renault.activities.at/10201442?dir=DESC&mode=grid&order=name&limit=15&page=26" "Mozilla/5.0 (Windows NT 6.1; WOW64; Trident/7.0; rv:11.0) like Gecko"
80.123.225.36 - - [30/Jan/2019:17:03:58 +0100] "GET /10201442?dir=DESC&mode=grid&order=name&limit=15&page=26 HTTP/1.1" 200 8921 "http://renault.activities.at/10201442?dir=DESC&mode=grid&order=name&limit=15&page=25" "Mozilla/5.0 (Windows NT 6.1; WOW64; Trident/7.0; rv:11.0) like Gecko"
80.123.225.36 - - [30/Jan/2019:17:04:18 +0100] "GET /10201442?dir=DESC&mode=grid&order=name&limit=15&page=25 HTTP/1.1" 200 8868 "http://renault.activities.at/10201442?dir=DESC&mode=grid&order=name&limit=15&page=24" "Mozilla/5.0 (Windows NT 6.1; WOW64; Trident/7.0; rv:11.0) like Gecko"
80.123.225.36 - - [30/Jan/2019:17:04:29 +0100] "GET /images/vista-up-hover.gif HTTP/1.1" 200 130 "http://renault.activities.at/10201442?dir=DESC&mode=grid&order=name&limit=15&page=25" "Mozilla/5.0 (Windows NT 6.1; WOW64; Trident/7.0; rv:11.0) like Gecko"
80.121.175.66 - - [30/Jan/2019:17:04:36 +0100] "GET /reload?ser=1548864276220 HTTP/1.1" 200 28 "http://renault.activities.at/result?searchterm=true&search=anleitung" "Mozilla/5.0 (Windows NT 6.1; Win64; x64; rv:64.0) Gecko/20100101 Firefox/64.0"
80.123.225.36 - - [30/Jan/2019:17:04:37 +0100] "GET /10201442?dir=DESC&mode=grid&order=name&limit=15&page=24 HTTP/1.1" 200 8962 "http://renault.activities.at/10201442?dir=DESC&mode=grid&order=name&limit=15&page=23" "Mozilla/5.0 (Windows NT 6.1; WOW64; Trident/7.0; rv:11.0) like Gecko"
77.119.129.246 - - [30/Jan/2019:17:04:41 +0100] "GET /account HTTP/1.1" 302 150 "-" "Mozilla/5.0 (iPhone; CPU iPhone OS 12_1_2 like Mac OS X) AppleWebKit/605.1.15 (KHTML, like Gecko) Version/12.0 Mobile/15E148 Safari/604.1"
77.119.129.246 - - [30/Jan/2019:17:04:42 +0100] "GET /login?required=true HTTP/1.1" 200 2086 "-" "Mozilla/5.0 (iPhone; CPU iPhone OS 12_1_2 like Mac OS X) AppleWebKit/605.1.15 (KHTML, like Gecko) Version/12.0 Mobile/15E148 Safari/604.1"
77.119.129.246 - - [30/Jan/2019:17:04:43 +0100] "GET /apple-touch-icon-120x120-precomposed.png HTTP/1.1" 200 1559 "-" "MobileSafari/604.1 CFNetwork/976 Darwin/18.2.0"
77.119.129.246 - - [30/Jan/2019:17:04:44 +0100] "GET /apple-touch-icon-120x120.png HTTP/1.1" 200 1559 "-" "MobileSafari/604.1 CFNetwork/976 Darwin/18.2.0"
77.119.129.246 - - [30/Jan/2019:17:04:45 +0100] "GET /apple-touch-icon-precomposed.png HTTP/1.1" 200 1559 "-" "MobileSafari/604.1 CFNetwork/976 Darwin/18.2.0"
77.119.129.246 - - [30/Jan/2019:17:04:46 +0100] "GET /apple-touch-icon.png HTTP/1.1" 200 1559 "-" "MobileSafari/604.1 CFNetwork/976 Darwin/18.2.0"
77.119.129.246 - - [30/Jan/2019:17:04:47 +0100] "GET /images/favicon.ico HTTP/1.1" 404 305 "-" "MobileSafari/604.1 CFNetwork/976 Darwin/18.2.0"
77.119.129.246 - - [30/Jan/2019:17:04:47 +0100] "GET /images/favicon.ico HTTP/1.1" 404 305 "-" "MobileSafari/604.1 CFNetwork/976 Darwin/18.2.0"
77.119.129.246 - - [30/Jan/2019:17:04:48 +0100] "GET /favicon.ico HTTP/1.1" 200 3250 "-" "MobileSafari/604.1 CFNetwork/976 Darwin/18.2.0"
77.119.129.246 - - [30/Jan/2019:17:04:48 +0100] "GET /apple-touch-icon-120x120-precomposed.png HTTP/1.1" 200 1559 "-" "MobileSafari/604.1 CFNetwork/976 Darwin/18.2.0"
77.119.129.246 - - [30/Jan/2019:17:04:49 +0100] "GET /apple-touch-icon-120x120.png HTTP/1.1" 200 1559 "-" "MobileSafari/604.1 CFNetwork/976 Darwin/18.2.0"
77.119.129.246 - - [30/Jan/2019:17:04:50 +0100] "GET /apple-touch-icon-precomposed.png HTTP/1.1" 200 1559 "-" "MobileSafari/604.1 CFNetwork/976 Darwin/18.2.0"
77.119.129.246 - - [30/Jan/2019:17:04:51 +0100] "GET /apple-touch-icon.png HTTP/1.1" 200 1559 "-" "MobileSafari/604.1 CFNetwork/976 Darwin/18.2.0"
77.119.129.246 - - [30/Jan/2019:17:04:52 +0100] "GET /images/favicon.ico HTTP/1.1" 404 305 "-" "MobileSafari/604.1 CFNetwork/976 Darwin/18.2.0"
77.119.129.246 - - [30/Jan/2019:17:04:52 +0100] "GET /images/favicon.ico HTTP/1.1" 404 305 "-" "MobileSafari/604.1 CFNetwork/976 Darwin/18.2.0"
77.119.129.246 - - [30/Jan/2019:17:04:52 +0100] "GET /favicon.ico HTTP/1.1" 200 3250 "-" "MobileSafari/604.1 CFNetwork/976 Darwin/18.2.0"
80.123.225.36 - - [30/Jan/2019:17:05:04 +0100] "GET /10201442?dir=DESC&mode=grid&order=name&limit=15&page=23 HTTP/1.1" 200 8816 "http://renault.activities.at/10201442?dir=DESC&mode=grid&order=name&limit=15&page=22" "Mozilla/5.0 (Windows NT 6.1; WOW64; Trident/7.0; rv:11.0) like Gecko"
80.123.225.36 - - [30/Jan/2019:17:05:26 +0100] "GET /10201442?dir=DESC&mode=grid&order=name&limit=15&page=22 HTTP/1.1" 200 8917 "http://renault.activities.at/10201442?dir=DESC&mode=grid&order=name&limit=15&page=21" "Mozilla/5.0 (Windows NT 6.1; WOW64; Trident/7.0; rv:11.0) like Gecko"
80.121.175.66 - - [30/Jan/2019:17:05:37 +0100] "GET /reload?ser=1548864337264 HTTP/1.1" 200 28 "http://renault.activities.at/result?searchterm=true&search=anleitung" "Mozilla/5.0 (Windows NT 6.1; Win64; x64; rv:64.0) Gecko/20100101 Firefox/64.0"
80.123.225.36 - - [30/Jan/2019:17:05:41 +0100] "GET /10201442?dir=DESC&mode=grid&order=name&limit=15&page=21 HTTP/1.1" 200 8751 "http://renault.activities.at/10201442?dir=DESC&mode=grid&order=name&limit=15&page=20" "Mozilla/5.0 (Windows NT 6.1; WOW64; Trident/7.0; rv:11.0) like Gecko"
80.123.225.36 - - [30/Jan/2019:17:05:51 +0100] "GET /10201442?dir=DESC&mode=grid&order=name&limit=15&page=20 HTTP/1.1" 200 8944 "http://renault.activities.at/10201442?dir=DESC&mode=grid&order=name&limit=15&page=19" "Mozilla/5.0 (Windows NT 6.1; WOW64; Trident/7.0; rv:11.0) like Gecko"
80.123.225.36 - - [30/Jan/2019:17:06:16 +0100] "GET /10201442?dir=DESC&mode=grid&order=name&limit=15&page=19 HTTP/1.1" 200 8903 "http://renault.activities.at/10201442?dir=DESC&mode=grid&order=name&limit=15&page=18" "Mozilla/5.0 (Windows NT 6.1; WOW64; Trident/7.0; rv:11.0) like Gecko"
80.123.225.36 - - [30/Jan/2019:17:06:36 +0100] "GET /10201442?dir=DESC&mode=grid&order=name&limit=15&page=18 HTTP/1.1" 200 8794 "http://renault.activities.at/10201442?dir=DESC&mode=grid&order=name&limit=15&page=17" "Mozilla/5.0 (Windows NT 6.1; WOW64; Trident/7.0; rv:11.0) like Gecko"
80.121.175.66 - - [30/Jan/2019:17:06:38 +0100] "GET /reload?ser=1548864398212 HTTP/1.1" 200 28 "http://renault.activities.at/result?searchterm=true&search=anleitung" "Mozilla/5.0 (Windows NT 6.1; Win64; x64; rv:64.0) Gecko/20100101 Firefox/64.0"
80.123.225.36 - - [30/Jan/2019:17:06:53 +0100] "GET /10201442?dir=DESC&mode=grid&order=name&limit=15&page=17 HTTP/1.1" 200 8684 "http://renault.activities.at/10201442?dir=DESC&mode=grid&order=name&limit=15&page=16" "Mozilla/5.0 (Windows NT 6.1; WOW64; Trident/7.0; rv:11.0) like Gecko"
80.123.225.36 - - [30/Jan/2019:17:07:05 +0100] "GET /10201442?dir=DESC&mode=grid&order=name&limit=15&page=16 HTTP/1.1" 200 8804 "http://renault.activities.at/10201442?dir=DESC&mode=grid&order=name&limit=15&page=15" "Mozilla/5.0 (Windows NT 6.1; WOW64; Trident/7.0; rv:11.0) like Gecko"
80.123.225.36 - - [30/Jan/2019:17:07:25 +0100] "GET /10201442?dir=DESC&mode=grid&order=name&limit=15&page=15 HTTP/1.1" 200 9077 "http://renault.activities.at/10201442?dir=DESC&mode=grid&order=name&limit=15&page=14" "Mozilla/5.0 (Windows NT 6.1; WOW64; Trident/7.0; rv:11.0) like Gecko"
80.121.175.66 - - [30/Jan/2019:17:07:39 +0100] "GET /reload?ser=1548864459237 HTTP/1.1" 200 28 "http://renault.activities.at/result?searchterm=true&search=anleitung" "Mozilla/5.0 (Windows NT 6.1; Win64; x64; rv:64.0) Gecko/20100101 Firefox/64.0"
80.123.225.36 - - [30/Jan/2019:17:07:49 +0100] "GET /10201442?dir=DESC&mode=grid&order=name&limit=15&page=14 HTTP/1.1" 200 9035 "http://renault.activities.at/10201442?dir=DESC&mode=grid&order=name&limit=15&page=13" "Mozilla/5.0 (Windows NT 6.1; WOW64; Trident/7.0; rv:11.0) like Gecko"
80.123.225.36 - - [30/Jan/2019:17:08:11 +0100] "GET /css/themes/alphacube/bottom_middle.gif HTTP/1.1" 200 44 "http://renault.activities.at/10201442?dir=DESC&mode=grid&order=name&limit=15&page=14" "Mozilla/5.0 (Windows NT 6.1; WOW64; Trident/7.0; rv:11.0) like Gecko"
80.123.225.36 - - [30/Jan/2019:17:08:11 +0100] "GET /css/themes/alphacube/frame_left.gif HTTP/1.1" 200 64 "http://renault.activities.at/10201442?dir=DESC&mode=grid&order=name&limit=15&page=14" "Mozilla/5.0 (Windows NT 6.1; WOW64; Trident/7.0; rv:11.0) like Gecko"
80.123.225.36 - - [30/Jan/2019:17:08:11 +0100] "GET /css/themes/alphacube/top_mid.gif HTTP/1.1" 200 833 "http://renault.activities.at/10201442?dir=DESC&mode=grid&order=name&limit=15&page=14" "Mozilla/5.0 (Windows NT 6.1; WOW64; Trident/7.0; rv:11.0) like Gecko"
80.123.225.36 - - [30/Jan/2019:17:08:11 +0100] "GET /css/themes/alphacube/frame_right.gif HTTP/1.1" 200 64 "http://renault.activities.at/10201442?dir=DESC&mode=grid&order=name&limit=15&page=14" "Mozilla/5.0 (Windows NT 6.1; WOW64; Trident/7.0; rv:11.0) like Gecko"
80.123.225.36 - - [30/Jan/2019:17:08:11 +0100] "GET /css/themes/alphacube/button-close-focus.gif HTTP/1.1" 200 699 "http://renault.activities.at/10201442?dir=DESC&mode=grid&order=name&limit=15&page=14" "Mozilla/5.0 (Windows NT 6.1; WOW64; Trident/7.0; rv:11.0) like Gecko"
80.123.225.36 - - [30/Jan/2019:17:08:11 +0100] "GET /css/themes/alphacube/bottom_right-c.gif HTTP/1.1" 200 62 "http://renault.activities.at/10201442?dir=DESC&mode=grid&order=name&limit=15&page=14" "Mozilla/5.0 (Windows NT 6.1; WOW64; Trident/7.0; rv:11.0) like Gecko"
80.123.225.36 - - [30/Jan/2019:17:08:11 +0100] "GET /css/themes/alphacube/top_left.gif HTTP/1.1" 200 973 "http://renault.activities.at/10201442?dir=DESC&mode=grid&order=name&limit=15&page=14" "Mozilla/5.0 (Windows NT 6.1; WOW64; Trident/7.0; rv:11.0) like Gecko"
80.123.225.36 - - [30/Jan/2019:17:08:11 +0100] "GET /css/themes/alphacube/top_right.gif HTTP/1.1" 200 972 "http://renault.activities.at/10201442?dir=DESC&mode=grid&order=name&limit=15&page=14" "Mozilla/5.0 (Windows NT 6.1; WOW64; Trident/7.0; rv:11.0) like Gecko"
80.123.225.36 - - [30/Jan/2019:17:08:11 +0100] "GET /css/themes/alphacube/bottom_left-c.gif HTTP/1.1" 200 62 "http://renault.activities.at/10201442?dir=DESC&mode=grid&order=name&limit=15&page=14" "Mozilla/5.0 (Windows NT 6.1; WOW64; Trident/7.0; rv:11.0) like Gecko"
80.123.225.36 - - [30/Jan/2019:17:08:11 +0100] "GET /11145474?print=true HTTP/1.1" 200 2672 "http://renault.activities.at/10201442?dir=DESC&mode=grid&order=name&limit=15&page=14" "Mozilla/5.0 (Windows NT 6.1; WOW64; Trident/7.0; rv:11.0) like Gecko"
80.123.225.36 - - [30/Jan/2019:17:08:12 +0100] "GET /js/magiczoom/magiczoom.css HTTP/1.1" 200 1210 "http://renault.activities.at/11145474?print=true" "Mozilla/5.0 (Windows NT 6.1; WOW64; Trident/7.0; rv:11.0) like Gecko"
80.123.225.36 - - [30/Jan/2019:17:08:12 +0100] "GET /js/Produkt.js HTTP/1.1" 200 852 "http://renault.activities.at/11145474?print=true" "Mozilla/5.0 (Windows NT 6.1; WOW64; Trident/7.0; rv:11.0) like Gecko"
80.123.225.36 - - [30/Jan/2019:17:08:12 +0100] "GET /js/magiczoom/magiczoom.js HTTP/1.1" 200 26397 "http://renault.activities.at/11145474?print=true" "Mozilla/5.0 (Windows NT 6.1; WOW64; Trident/7.0; rv:11.0) like Gecko"
80.123.225.36 - - [30/Jan/2019:17:08:12 +0100] "GET /loadthumbnail.php?id=11146700&width=250 HTTP/1.1" 200 5131 "http://renault.activities.at/11145474?print=true" "Mozilla/5.0 (Windows NT 6.1; WOW64; Trident/7.0; rv:11.0) like Gecko"
80.123.225.36 - - [30/Jan/2019:17:08:12 +0100] "GET /loadthumbnail.php?id=11146700&width=900&height=900 HTTP/1.1" 200 34759 "http://renault.activities.at/11145474?print=true" "Mozilla/5.0 (Windows NT 6.1; WOW64; Trident/7.0; rv:11.0) like Gecko"
80.123.225.36 - - [30/Jan/2019:17:08:12 +0100] "GET /js/magiczoom/graphics/hint.gif HTTP/1.1" 200 73 "http://renault.activities.at/11145474?print=true" "Mozilla/5.0 (Windows NT 6.1; WOW64; Trident/7.0; rv:11.0) like Gecko"
80.123.225.36 - - [30/Jan/2019:17:08:38 +0100] "GET /graphics/zoomin.cur HTTP/1.1" 200 3625 "http://renault.activities.at/11145474?print=true" "Mozilla/5.0 (Windows NT 6.1; WOW64; Trident/7.0; rv:11.0) like Gecko"
80.121.175.66 - - [30/Jan/2019:17:08:40 +0100] "GET /reload?ser=1548864520217 HTTP/1.1" 200 28 "http://renault.activities.at/result?searchterm=true&search=anleitung" "Mozilla/5.0 (Windows NT 6.1; Win64; x64; rv:64.0) Gecko/20100101 Firefox/64.0"
80.123.225.36 - - [30/Jan/2019:17:08:40 +0100] "GET /graphics/zoomin.cur HTTP/1.1" 200 3625 "http://renault.activities.at/11145474?print=true" "Mozilla/5.0 (Windows NT 6.1; WOW64; Trident/7.0; rv:11.0) like Gecko"
80.123.225.36 - - [30/Jan/2019:17:08:43 +0100] "GET /null HTTP/1.1" 200 3625 "http://renault.activities.at/10201442?dir=DESC&mode=grid&order=name&limit=15&page=14" "Mozilla/5.0 (Windows NT 6.1; WOW64; Trident/7.0; rv:11.0) like Gecko"
80.123.225.36 - - [30/Jan/2019:17:08:51 +0100] "GET /reload?ser=1548864531040 HTTP/1.1" 200 28 "http://renault.activities.at/10201442?dir=DESC&mode=grid&order=name&limit=15&page=14" "Mozilla/5.0 (Windows NT 6.1; WOW64; Trident/7.0; rv:11.0) like Gecko"
80.123.225.36 - - [30/Jan/2019:17:08:59 +0100] "GET /10201442?dir=DESC&mode=grid&order=name&limit=15&page=13 HTTP/1.1" 200 9018 "http://renault.activities.at/10201442?dir=DESC&mode=grid&order=name&limit=15&page=12" "Mozilla/5.0 (Windows NT 6.1; WOW64; Trident/7.0; rv:11.0) like Gecko"
80.123.225.36 - - [30/Jan/2019:17:09:11 +0100] "GET /10201442?dir=DESC&mode=grid&order=name&limit=15&page=12 HTTP/1.1" 200 8821 "http://renault.activities.at/10201442?dir=DESC&mode=grid&order=name&limit=15&page=11" "Mozilla/5.0 (Windows NT 6.1; WOW64; Trident/7.0; rv:11.0) like Gecko"
80.123.225.36 - - [30/Jan/2019:17:09:32 +0100] "GET /10201442?dir=DESC&mode=grid&order=name&limit=15&page=11 HTTP/1.1" 200 8727 "http://renault.activities.at/10201442?dir=DESC&mode=grid&order=name&limit=15&page=10" "Mozilla/5.0 (Windows NT 6.1; WOW64; Trident/7.0; rv:11.0) like Gecko"
80.121.175.66 - - [30/Jan/2019:17:09:41 +0100] "GET /reload?ser=1548864581180 HTTP/1.1" 200 28 "http://renault.activities.at/result?searchterm=true&search=anleitung" "Mozilla/5.0 (Windows NT 6.1; Win64; x64; rv:64.0) Gecko/20100101 Firefox/64.0"
80.123.225.36 - - [30/Jan/2019:17:09:42 +0100] "GET /10201442?dir=DESC&mode=grid&order=name&limit=15&page=10 HTTP/1.1" 200 8601 "http://renault.activities.at/10201442?dir=DESC&mode=grid&order=name&limit=15&page=9" "Mozilla/5.0 (Windows NT 6.1; WOW64; Trident/7.0; rv:11.0) like Gecko"
80.123.225.36 - - [30/Jan/2019:17:09:52 +0100] "GET /10201442?dir=DESC&mode=grid&order=name&limit=15&page=9 HTTP/1.1" 200 8612 "http://renault.activities.at/10201442?dir=DESC&mode=grid&order=name&limit=15&page=8" "Mozilla/5.0 (Windows NT 6.1; WOW64; Trident/7.0; rv:11.0) like Gecko"
80.123.225.36 - - [30/Jan/2019:17:10:04 +0100] "GET /10201442?dir=DESC&mode=grid&order=name&limit=15&page=8 HTTP/1.1" 200 8675 "http://renault.activities.at/10201442?dir=DESC&mode=grid&order=name&limit=15&page=7" "Mozilla/5.0 (Windows NT 6.1; WOW64; Trident/7.0; rv:11.0) like Gecko"
80.123.225.36 - - [30/Jan/2019:17:10:14 +0100] "GET /10201442?dir=DESC&mode=grid&order=name&limit=15&page=7 HTTP/1.1" 200 8638 "http://renault.activities.at/10201442?dir=DESC&mode=grid&order=name&limit=15&page=6" "Mozilla/5.0 (Windows NT 6.1; WOW64; Trident/7.0; rv:11.0) like Gecko"
80.123.225.36 - - [30/Jan/2019:17:10:31 +0100] "GET /10201442?dir=DESC&mode=grid&order=name&limit=15&page=6 HTTP/1.1" 200 8674 "http://renault.activities.at/10201442?dir=DESC&mode=grid&order=name&limit=15&page=5" "Mozilla/5.0 (Windows NT 6.1; WOW64; Trident/7.0; rv:11.0) like Gecko"
80.121.175.66 - - [30/Jan/2019:17:10:42 +0100] "GET /reload?ser=1548864642206 HTTP/1.1" 200 28 "http://renault.activities.at/result?searchterm=true&search=anleitung" "Mozilla/5.0 (Windows NT 6.1; Win64; x64; rv:64.0) Gecko/20100101 Firefox/64.0"
80.123.225.36 - - [30/Jan/2019:17:10:45 +0100] "GET /10201442?dir=DESC&mode=grid&order=name&limit=15&page=5 HTTP/1.1" 200 8615 "http://renault.activities.at/10201442?dir=DESC&mode=grid&order=name&limit=15&page=4" "Mozilla/5.0 (Windows NT 6.1; WOW64; Trident/7.0; rv:11.0) like Gecko"
80.123.225.36 - - [30/Jan/2019:17:10:59 +0100] "GET /10201442?dir=DESC&mode=grid&order=name&limit=15&page=4 HTTP/1.1" 200 9053 "http://renault.activities.at/10201442?dir=DESC&mode=grid&order=name&limit=15&page=3" "Mozilla/5.0 (Windows NT 6.1; WOW64; Trident/7.0; rv:11.0) like Gecko"
80.123.225.36 - - [30/Jan/2019:17:11:26 +0100] "GET /10201442?dir=DESC&mode=grid&order=name&limit=15&page=3 HTTP/1.1" 200 8823 "http://renault.activities.at/10201442?dir=DESC&mode=grid&order=name&limit=15&page=2" "Mozilla/5.0 (Windows NT 6.1; WOW64; Trident/7.0; rv:11.0) like Gecko"
80.121.175.66 - - [30/Jan/2019:17:11:43 +0100] "GET /reload?ser=1548864703216 HTTP/1.1" 200 28 "http://renault.activities.at/result?searchterm=true&search=anleitung" "Mozilla/5.0 (Windows NT 6.1; Win64; x64; rv:64.0) Gecko/20100101 Firefox/64.0"
80.123.225.36 - - [30/Jan/2019:17:11:43 +0100] "GET /10201442?dir=DESC&mode=grid&order=name&limit=15&page=2 HTTP/1.1" 200 8890 "http://renault.activities.at/10201442" "Mozilla/5.0 (Windows NT 6.1; WOW64; Trident/7.0; rv:11.0) like Gecko"
80.123.225.36 - - [30/Jan/2019:17:11:58 +0100] "GET /10201442 HTTP/1.1" 200 8504 "http://renault.activities.at/result?searchterm=true&search=typenschein" "Mozilla/5.0 (Windows NT 6.1; WOW64; Trident/7.0; rv:11.0) like Gecko"
80.121.175.66 - - [30/Jan/2019:17:12:44 +0100] "GET /reload?ser=1548864764241 HTTP/1.1" 200 28 "http://renault.activities.at/result?searchterm=true&search=anleitung" "Mozilla/5.0 (Windows NT 6.1; Win64; x64; rv:64.0) Gecko/20100101 Firefox/64.0"
80.121.175.66 - - [30/Jan/2019:17:13:45 +0100] "GET /reload?ser=1548864825268 HTTP/1.1" 200 28 "http://renault.activities.at/result?searchterm=true&search=anleitung" "Mozilla/5.0 (Windows NT 6.1; Win64; x64; rv:64.0) Gecko/20100101 Firefox/64.0"
80.121.175.66 - - [30/Jan/2019:17:14:46 +0100] "GET /reload?ser=1548864886266 HTTP/1.1" 200 28 "http://renault.activities.at/result?searchterm=true&search=anleitung" "Mozilla/5.0 (Windows NT 6.1; Win64; x64; rv:64.0) Gecko/20100101 Firefox/64.0"
80.121.175.66 - - [30/Jan/2019:17:15:47 +0100] "GET /reload?ser=1548864947275 HTTP/1.1" 200 28 "http://renault.activities.at/result?searchterm=true&search=anleitung" "Mozilla/5.0 (Windows NT 6.1; Win64; x64; rv:64.0) Gecko/20100101 Firefox/64.0"
80.121.175.66 - - [30/Jan/2019:17:16:48 +0100] "GET /reload?ser=1548865008300 HTTP/1.1" 200 28 "http://renault.activities.at/result?searchterm=true&search=anleitung" "Mozilla/5.0 (Windows NT 6.1; Win64; x64; rv:64.0) Gecko/20100101 Firefox/64.0"
80.121.175.66 - - [30/Jan/2019:17:17:49 +0100] "GET /reload?ser=1548865069373 HTTP/1.1" 200 28 "http://renault.activities.at/result?searchterm=true&search=anleitung" "Mozilla/5.0 (Windows NT 6.1; Win64; x64; rv:64.0) Gecko/20100101 Firefox/64.0"
80.121.175.66 - - [30/Jan/2019:17:18:50 +0100] "GET /reload?ser=1548865130384 HTTP/1.1" 200 28 "http://renault.activities.at/result?searchterm=true&search=anleitung" "Mozilla/5.0 (Windows NT 6.1; Win64; x64; rv:64.0) Gecko/20100101 Firefox/64.0"
80.121.175.66 - - [30/Jan/2019:17:19:51 +0100] "GET /reload?ser=1548865191409 HTTP/1.1" 200 28 "http://renault.activities.at/result?searchterm=true&search=anleitung" "Mozilla/5.0 (Windows NT 6.1; Win64; x64; rv:64.0) Gecko/20100101 Firefox/64.0"
80.121.175.66 - - [30/Jan/2019:17:20:52 +0100] "GET /reload?ser=1548865252419 HTTP/1.1" 200 28 "http://renault.activities.at/result?searchterm=true&search=anleitung" "Mozilla/5.0 (Windows NT 6.1; Win64; x64; rv:64.0) Gecko/20100101 Firefox/64.0"
80.121.175.66 - - [30/Jan/2019:17:21:53 +0100] "GET /reload?ser=1548865313432 HTTP/1.1" 200 28 "http://renault.activities.at/result?searchterm=true&search=anleitung" "Mozilla/5.0 (Windows NT 6.1; Win64; x64; rv:64.0) Gecko/20100101 Firefox/64.0"
85.158.227.32 - - [30/Jan/2019:17:22:13 +0100] "GET / HTTP/1.1" 200 3529 "-" "Mozilla/5.0 (Windows NT 6.1; Win64; x64) AppleWebKit/537.36 (KHTML, like Gecko) Chrome/71.0.3578.98 Safari/537.36"
85.158.227.32 - - [30/Jan/2019:17:22:15 +0100] "GET /images/favicon.ico HTTP/1.1" 404 305 "http://renault.activities.at/" "Mozilla/5.0 (Windows NT 6.1; Win64; x64) AppleWebKit/537.36 (KHTML, like Gecko) Chrome/71.0.3578.98 Safari/537.36"
80.121.175.66 - - [30/Jan/2019:17:22:54 +0100] "GET /reload?ser=1548865374439 HTTP/1.1" 200 28 "http://renault.activities.at/result?searchterm=true&search=anleitung" "Mozilla/5.0 (Windows NT 6.1; Win64; x64; rv:64.0) Gecko/20100101 Firefox/64.0"
85.158.227.32 - - [30/Jan/2019:17:23:15 +0100] "GET /reload?ser=1548865395253 HTTP/1.1" 200 28 "http://renault.activities.at/" "Mozilla/5.0 (Windows NT 6.1; Win64; x64) AppleWebKit/537.36 (KHTML, like Gecko) Chrome/71.0.3578.98 Safari/537.36"
80.121.175.66 - - [30/Jan/2019:17:23:55 +0100] "GET /reload?ser=1548865435419 HTTP/1.1" 200 28 "http://renault.activities.at/result?searchterm=true&search=anleitung" "Mozilla/5.0 (Windows NT 6.1; Win64; x64; rv:64.0) Gecko/20100101 Firefox/64.0"
85.158.227.32 - - [30/Jan/2019:17:24:16 +0100] "GET /reload?ser=1548865456254 HTTP/1.1" 200 28 "http://renault.activities.at/" "Mozilla/5.0 (Windows NT 6.1; Win64; x64) AppleWebKit/537.36 (KHTML, like Gecko) Chrome/71.0.3578.98 Safari/537.36"
85.158.227.32 - - [30/Jan/2019:17:24:25 +0100] "GET /login HTTP/1.1" 200 2086 "http://renault.activities.at/" "Mozilla/5.0 (Windows NT 6.1; Win64; x64) AppleWebKit/537.36 (KHTML, like Gecko) Chrome/71.0.3578.98 Safari/537.36"
85.158.227.32 - - [30/Jan/2019:17:24:26 +0100] "GET /images/button_bg.gif HTTP/1.1" 200 151 "http://renault.activities.at/css/styles.css" "Mozilla/5.0 (Windows NT 6.1; Win64; x64) AppleWebKit/537.36 (KHTML, like Gecko) Chrome/71.0.3578.98 Safari/537.36"
85.158.227.32 - - [30/Jan/2019:17:24:26 +0100] "GET /images/button_left_bg.gif HTTP/1.1" 200 564 "http://renault.activities.at/css/styles.css" "Mozilla/5.0 (Windows NT 6.1; Win64; x64) AppleWebKit/537.36 (KHTML, like Gecko) Chrome/71.0.3578.98 Safari/537.36"
85.158.227.32 - - [30/Jan/2019:17:24:27 +0100] "GET /images/button_right_bg.gif HTTP/1.1" 200 561 "http://renault.activities.at/css/styles.css" "Mozilla/5.0 (Windows NT 6.1; Win64; x64) AppleWebKit/537.36 (KHTML, like Gecko) Chrome/71.0.3578.98 Safari/537.36"
85.158.227.32 - - [30/Jan/2019:17:24:37 +0100] "POST /login HTTP/1.1" 302 140 "http://renault.activities.at/login" "Mozilla/5.0 (Windows NT 6.1; Win64; x64) AppleWebKit/537.36 (KHTML, like Gecko) Chrome/71.0.3578.98 Safari/537.36"
85.158.227.32 - - [30/Jan/2019:17:24:39 +0100] "GET /account HTTP/1.1" 200 8602 "http://renault.activities.at/login" "Mozilla/5.0 (Windows NT 6.1; Win64; x64) AppleWebKit/537.36 (KHTML, like Gecko) Chrome/71.0.3578.98 Safari/537.36"
85.158.227.32 - - [30/Jan/2019:17:24:42 +0100] "GET /js/account.js HTTP/1.1" 200 953 "http://renault.activities.at/account" "Mozilla/5.0 (Windows NT 6.1; Win64; x64) AppleWebKit/537.36 (KHTML, like Gecko) Chrome/71.0.3578.98 Safari/537.36"
85.158.227.32 - - [30/Jan/2019:17:24:42 +0100] "GET /images/ajax_loading.gif HTTP/1.1" 200 1542 "http://renault.activities.at/account" "Mozilla/5.0 (Windows NT 6.1; Win64; x64) AppleWebKit/537.36 (KHTML, like Gecko) Chrome/71.0.3578.98 Safari/537.36"
85.158.227.32 - - [30/Jan/2019:17:24:42 +0100] "GET /loadthumbnail.php?id=10203651&width=50&height=50 HTTP/1.1" 200 1234 "http://renault.activities.at/account" "Mozilla/5.0 (Windows NT 6.1; Win64; x64) AppleWebKit/537.36 (KHTML, like Gecko) Chrome/71.0.3578.98 Safari/537.36"
85.158.227.32 - - [30/Jan/2019:17:24:42 +0100] "GET /images/menu_divider.gif HTTP/1.1" 200 176 "http://renault.activities.at/css/styles.css" "Mozilla/5.0 (Windows NT 6.1; Win64; x64) AppleWebKit/537.36 (KHTML, like Gecko) Chrome/71.0.3578.98 Safari/537.36"
85.158.227.32 - - [30/Jan/2019:17:24:42 +0100] "GET /images/top_links_divider.gif HTTP/1.1" 200 44 "http://renault.activities.at/css/styles.css" "Mozilla/5.0 (Windows NT 6.1; Win64; x64) AppleWebKit/537.36 (KHTML, like Gecko) Chrome/71.0.3578.98 Safari/537.36"
85.158.227.32 - - [30/Jan/2019:17:24:42 +0100] "GET /images/search_bg.gif HTTP/1.1" 200 1726 "http://renault.activities.at/css/styles.css" "Mozilla/5.0 (Windows NT 6.1; Win64; x64) AppleWebKit/537.36 (KHTML, like Gecko) Chrome/71.0.3578.98 Safari/537.36"
85.158.227.32 - - [30/Jan/2019:17:24:42 +0100] "GET /images/menu_button_bg.jpg HTTP/1.1" 200 322 "http://renault.activities.at/css/styles.css" "Mozilla/5.0 (Windows NT 6.1; Win64; x64) AppleWebKit/537.36 (KHTML, like Gecko) Chrome/71.0.3578.98 Safari/537.36"
85.158.227.32 - - [30/Jan/2019:17:24:42 +0100] "GET /images/nav_divider.gif HTTP/1.1" 200 43 "http://renault.activities.at/css/styles.css" "Mozilla/5.0 (Windows NT 6.1; Win64; x64) AppleWebKit/537.36 (KHTML, like Gecko) Chrome/71.0.3578.98 Safari/537.36"
85.158.227.32 - - [30/Jan/2019:17:24:42 +0100] "GET /images/sidebar_title_border.gif HTTP/1.1" 200 43 "http://renault.activities.at/css/styles.css" "Mozilla/5.0 (Windows NT 6.1; Win64; x64) AppleWebKit/537.36 (KHTML, like Gecko) Chrome/71.0.3578.98 Safari/537.36"
85.158.227.32 - - [30/Jan/2019:17:24:42 +0100] "GET /images/sidebar_title_corner_right_top.gif HTTP/1.1" 200 383 "http://renault.activities.at/css/styles.css" "Mozilla/5.0 (Windows NT 6.1; Win64; x64) AppleWebKit/537.36 (KHTML, like Gecko) Chrome/71.0.3578.98 Safari/537.36"
85.158.227.32 - - [30/Jan/2019:17:24:42 +0100] "GET /images/sidebar_title_border_top.gif HTTP/1.1" 200 155 "http://renault.activities.at/css/styles.css" "Mozilla/5.0 (Windows NT 6.1; Win64; x64) AppleWebKit/537.36 (KHTML, like Gecko) Chrome/71.0.3578.98 Safari/537.36"
85.158.227.32 - - [30/Jan/2019:17:24:42 +0100] "GET /images/sidebar_title_corner_left_top.gif HTTP/1.1" 200 1124 "http://renault.activities.at/css/styles.css" "Mozilla/5.0 (Windows NT 6.1; Win64; x64) AppleWebKit/537.36 (KHTML, like Gecko) Chrome/71.0.3578.98 Safari/537.36"
85.158.227.32 - - [30/Jan/2019:17:24:43 +0100] "GET /images/reset_bg.gif HTTP/1.1" 200 785 "http://renault.activities.at/css/styles.css" "Mozilla/5.0 (Windows NT 6.1; Win64; x64) AppleWebKit/537.36 (KHTML, like Gecko) Chrome/71.0.3578.98 Safari/537.36"
85.158.227.32 - - [30/Jan/2019:17:24:43 +0100] "GET /images/validation_advice_bg.gif HTTP/1.1" 200 134 "http://renault.activities.at/css/styles.css" "Mozilla/5.0 (Windows NT 6.1; Win64; x64) AppleWebKit/537.36 (KHTML, like Gecko) Chrome/71.0.3578.98 Safari/537.36"
85.158.227.32 - - [30/Jan/2019:17:24:43 +0100] "GET /images/footer_divider.gif HTTP/1.1" 200 44 "http://renault.activities.at/css/styles.css" "Mozilla/5.0 (Windows NT 6.1; Win64; x64) AppleWebKit/537.36 (KHTML, like Gecko) Chrome/71.0.3578.98 Safari/537.36"
85.158.227.32 - - [30/Jan/2019:17:24:47 +0100] "GET / HTTP/1.1" 200 8371 "http://renault.activities.at/account" "Mozilla/5.0 (Windows NT 6.1; Win64; x64) AppleWebKit/537.36 (KHTML, like Gecko) Chrome/71.0.3578.98 Safari/537.36"
80.121.175.66 - - [30/Jan/2019:17:24:56 +0100] "GET /reload?ser=1548865496428 HTTP/1.1" 200 28 "http://renault.activities.at/result?searchterm=true&search=anleitung" "Mozilla/5.0 (Windows NT 6.1; Win64; x64; rv:64.0) Gecko/20100101 Firefox/64.0"
85.158.227.32 - - [30/Jan/2019:17:25:50 +0100] "GET /reload?ser=1548865550347 HTTP/1.1" 200 28 "http://renault.activities.at/" "Mozilla/5.0 (Windows NT 6.1; Win64; x64) AppleWebKit/537.36 (KHTML, like Gecko) Chrome/71.0.3578.98 Safari/537.36"
80.121.175.66 - - [30/Jan/2019:17:25:57 +0100] "GET /reload?ser=1548865557438 HTTP/1.1" 200 28 "http://renault.activities.at/result?searchterm=true&search=anleitung" "Mozilla/5.0 (Windows NT 6.1; Win64; x64; rv:64.0) Gecko/20100101 Firefox/64.0"
85.158.227.32 - - [30/Jan/2019:17:26:51 +0100] "GET /reload?ser=1548865611378 HTTP/1.1" 200 28 "http://renault.activities.at/" "Mozilla/5.0 (Windows NT 6.1; Win64; x64) AppleWebKit/537.36 (KHTML, like Gecko) Chrome/71.0.3578.98 Safari/537.36"
80.121.175.66 - - [30/Jan/2019:17:26:58 +0100] "GET /reload?ser=1548865618417 HTTP/1.1" 200 28 "http://renault.activities.at/result?searchterm=true&search=anleitung" "Mozilla/5.0 (Windows NT 6.1; Win64; x64; rv:64.0) Gecko/20100101 Firefox/64.0"
85.158.227.32 - - [30/Jan/2019:17:27:52 +0100] "GET /reload?ser=1548865672360 HTTP/1.1" 200 28 "http://renault.activities.at/" "Mozilla/5.0 (Windows NT 6.1; Win64; x64) AppleWebKit/537.36 (KHTML, like Gecko) Chrome/71.0.3578.98 Safari/537.36"
80.121.175.66 - - [30/Jan/2019:17:27:59 +0100] "GET /reload?ser=1548865679395 HTTP/1.1" 200 28 "http://renault.activities.at/result?searchterm=true&search=anleitung" "Mozilla/5.0 (Windows NT 6.1; Win64; x64; rv:64.0) Gecko/20100101 Firefox/64.0"
85.158.227.32 - - [30/Jan/2019:17:28:53 +0100] "GET /reload?ser=1548865733376 HTTP/1.1" 200 28 "http://renault.activities.at/" "Mozilla/5.0 (Windows NT 6.1; Win64; x64) AppleWebKit/537.36 (KHTML, like Gecko) Chrome/71.0.3578.98 Safari/537.36"
80.121.175.66 - - [30/Jan/2019:17:29:00 +0100] "GET /reload?ser=1548865740409 HTTP/1.1" 200 28 "http://renault.activities.at/result?searchterm=true&search=anleitung" "Mozilla/5.0 (Windows NT 6.1; Win64; x64; rv:64.0) Gecko/20100101 Firefox/64.0"
80.121.175.66 - - [30/Jan/2019:17:30:01 +0100] "GET /reload?ser=1548865801453 HTTP/1.1" 200 28 "http://renault.activities.at/result?searchterm=true&search=anleitung" "Mozilla/5.0 (Windows NT 6.1; Win64; x64; rv:64.0) Gecko/20100101 Firefox/64.0"
80.121.175.66 - - [30/Jan/2019:17:31:02 +0100] "GET /reload?ser=1548865862480 HTTP/1.1" 200 28 "http://renault.activities.at/result?searchterm=true&search=anleitung" "Mozilla/5.0 (Windows NT 6.1; Win64; x64; rv:64.0) Gecko/20100101 Firefox/64.0"
80.121.175.66 - - [30/Jan/2019:17:32:03 +0100] "GET /reload?ser=1548865923543 HTTP/1.1" 200 28 "http://renault.activities.at/result?searchterm=true&search=anleitung" "Mozilla/5.0 (Windows NT 6.1; Win64; x64; rv:64.0) Gecko/20100101 Firefox/64.0"
80.121.175.66 - - [30/Jan/2019:17:33:04 +0100] "GET /reload?ser=1548865984553 HTTP/1.1" 200 28 "http://renault.activities.at/result?searchterm=true&search=anleitung" "Mozilla/5.0 (Windows NT 6.1; Win64; x64; rv:64.0) Gecko/20100101 Firefox/64.0"
80.121.175.66 - - [30/Jan/2019:17:34:05 +0100] "GET /reload?ser=1548866045562 HTTP/1.1" 200 28 "http://renault.activities.at/result?searchterm=true&search=anleitung" "Mozilla/5.0 (Windows NT 6.1; Win64; x64; rv:64.0) Gecko/20100101 Firefox/64.0"
80.121.175.66 - - [30/Jan/2019:17:35:06 +0100] "GET /reload?ser=1548866106571 HTTP/1.1" 200 28 "http://renault.activities.at/result?searchterm=true&search=anleitung" "Mozilla/5.0 (Windows NT 6.1; Win64; x64; rv:64.0) Gecko/20100101 Firefox/64.0"
178.115.128.22 - - [30/Jan/2019:17:36:02 +0100] "GET / HTTP/1.1" 200 3529 "-" "Mozilla/5.0 (iPhone; CPU iPhone OS 12_1_3 like Mac OS X) AppleWebKit/605.1.15 (KHTML, like Gecko) Version/12.0 Mobile/15E148 Safari/604.1"
178.115.128.22 - - [30/Jan/2019:17:36:04 +0100] "GET /apple-touch-icon-120x120-precomposed.png HTTP/1.1" 200 1559 "-" "MobileSafari/604.1 CFNetwork/976 Darwin/18.2.0"
178.115.128.22 - - [30/Jan/2019:17:36:05 +0100] "GET /apple-touch-icon-120x120.png HTTP/1.1" 200 1559 "-" "MobileSafari/604.1 CFNetwork/976 Darwin/18.2.0"
178.115.128.22 - - [30/Jan/2019:17:36:06 +0100] "GET /apple-touch-icon-precomposed.png HTTP/1.1" 200 1559 "-" "MobileSafari/604.1 CFNetwork/976 Darwin/18.2.0"
80.121.175.66 - - [30/Jan/2019:17:36:07 +0100] "GET /reload?ser=1548866167597 HTTP/1.1" 200 28 "http://renault.activities.at/result?searchterm=true&search=anleitung" "Mozilla/5.0 (Windows NT 6.1; Win64; x64; rv:64.0) Gecko/20100101 Firefox/64.0"
178.115.128.22 - - [30/Jan/2019:17:36:07 +0100] "GET /apple-touch-icon.png HTTP/1.1" 200 1559 "-" "MobileSafari/604.1 CFNetwork/976 Darwin/18.2.0"
178.115.128.22 - - [30/Jan/2019:17:36:08 +0100] "GET /images/favicon.ico HTTP/1.1" 404 305 "-" "MobileSafari/604.1 CFNetwork/976 Darwin/18.2.0"
178.115.128.22 - - [30/Jan/2019:17:36:08 +0100] "GET /images/favicon.ico HTTP/1.1" 404 305 "-" "MobileSafari/604.1 CFNetwork/976 Darwin/18.2.0"
178.115.128.22 - - [30/Jan/2019:17:36:08 +0100] "GET /favicon.ico HTTP/1.1" 200 3250 "-" "MobileSafari/604.1 CFNetwork/976 Darwin/18.2.0"
178.115.128.22 - - [30/Jan/2019:17:36:09 +0100] "GET /apple-touch-icon-120x120-precomposed.png HTTP/1.1" 200 1559 "-" "MobileSafari/604.1 CFNetwork/976 Darwin/18.2.0"
178.115.128.22 - - [30/Jan/2019:17:36:10 +0100] "GET /apple-touch-icon-120x120.png HTTP/1.1" 200 1559 "-" "MobileSafari/604.1 CFNetwork/976 Darwin/18.2.0"
178.115.128.22 - - [30/Jan/2019:17:36:12 +0100] "GET /apple-touch-icon-precomposed.png HTTP/1.1" 200 1559 "-" "MobileSafari/604.1 CFNetwork/976 Darwin/18.2.0"
178.115.128.22 - - [30/Jan/2019:17:36:13 +0100] "GET /apple-touch-icon.png HTTP/1.1" 200 1559 "-" "MobileSafari/604.1 CFNetwork/976 Darwin/18.2.0"
178.115.128.22 - - [30/Jan/2019:17:36:14 +0100] "GET /images/favicon.ico HTTP/1.1" 404 305 "-" "MobileSafari/604.1 CFNetwork/976 Darwin/18.2.0"
178.115.128.22 - - [30/Jan/2019:17:36:14 +0100] "GET /images/favicon.ico HTTP/1.1" 404 305 "-" "MobileSafari/604.1 CFNetwork/976 Darwin/18.2.0"
178.115.128.22 - - [30/Jan/2019:17:36:14 +0100] "GET /favicon.ico HTTP/1.1" 200 3250 "-" "MobileSafari/604.1 CFNetwork/976 Darwin/18.2.0"
80.121.175.66 - - [30/Jan/2019:17:37:08 +0100] "GET /reload?ser=1548866228560 HTTP/1.1" 200 28 "http://renault.activities.at/result?searchterm=true&search=anleitung" "Mozilla/5.0 (Windows NT 6.1; Win64; x64; rv:64.0) Gecko/20100101 Firefox/64.0"
80.121.175.66 - - [30/Jan/2019:17:38:09 +0100] "GET /reload?ser=1548866289557 HTTP/1.1" 200 28 "http://renault.activities.at/result?searchterm=true&search=anleitung" "Mozilla/5.0 (Windows NT 6.1; Win64; x64; rv:64.0) Gecko/20100101 Firefox/64.0"
80.121.175.66 - - [30/Jan/2019:17:39:10 +0100] "GET /reload?ser=1548866350545 HTTP/1.1" 200 28 "http://renault.activities.at/result?searchterm=true&search=anleitung" "Mozilla/5.0 (Windows NT 6.1; Win64; x64; rv:64.0) Gecko/20100101 Firefox/64.0"
80.121.175.66 - - [30/Jan/2019:17:40:11 +0100] "GET /reload?ser=1548866411570 HTTP/1.1" 200 28 "http://renault.activities.at/result?searchterm=true&search=anleitung" "Mozilla/5.0 (Windows NT 6.1; Win64; x64; rv:64.0) Gecko/20100101 Firefox/64.0"
80.121.175.66 - - [30/Jan/2019:17:41:12 +0100] "GET /reload?ser=1548866472564 HTTP/1.1" 200 28 "http://renault.activities.at/result?searchterm=true&search=anleitung" "Mozilla/5.0 (Windows NT 6.1; Win64; x64; rv:64.0) Gecko/20100101 Firefox/64.0"
80.121.175.66 - - [30/Jan/2019:17:42:13 +0100] "GET /reload?ser=1548866533554 HTTP/1.1" 200 28 "http://renault.activities.at/result?searchterm=true&search=anleitung" "Mozilla/5.0 (Windows NT 6.1; Win64; x64; rv:64.0) Gecko/20100101 Firefox/64.0"
80.121.175.66 - - [30/Jan/2019:17:42:58 +0100] "GET /account HTTP/1.1" 200 8137 "-" "Mozilla/5.0 (Windows NT 6.1; Win64; x64; rv:64.0) Gecko/20100101 Firefox/64.0"
80.121.175.66 - - [30/Jan/2019:17:43:01 +0100] "GET /css/reset.css HTTP/1.1" 200 1356 "http://renault.activities.at/account" "Mozilla/5.0 (Windows NT 6.1; Win64; x64; rv:64.0) Gecko/20100101 Firefox/64.0"
80.121.175.66 - - [30/Jan/2019:17:43:01 +0100] "GET /css/clears.css HTTP/1.1" 200 851 "http://renault.activities.at/account" "Mozilla/5.0 (Windows NT 6.1; Win64; x64; rv:64.0) Gecko/20100101 Firefox/64.0"
80.121.175.66 - - [30/Jan/2019:17:43:01 +0100] "GET /js/account.js HTTP/1.1" 200 953 "http://renault.activities.at/account" "Mozilla/5.0 (Windows NT 6.1; Win64; x64; rv:64.0) Gecko/20100101 Firefox/64.0"
80.121.175.66 - - [30/Jan/2019:17:43:01 +0100] "GET /loadthumbnail.php?id=11819635&width=50&height=50 HTTP/1.1" 200 1210 "http://renault.activities.at/account" "Mozilla/5.0 (Windows NT 6.1; Win64; x64; rv:64.0) Gecko/20100101 Firefox/64.0"
80.121.175.66 - - [30/Jan/2019:17:43:01 +0100] "GET /loadthumbnail.php?id=10203651&width=50&height=50 HTTP/1.1" 200 1234 "http://renault.activities.at/account" "Mozilla/5.0 (Windows NT 6.1; Win64; x64; rv:64.0) Gecko/20100101 Firefox/64.0"
80.121.175.66 - - [30/Jan/2019:17:43:02 +0100] "GET /loadthumbnail.php?id=11895725&width=50&height=50 HTTP/1.1" 200 1180 "http://renault.activities.at/account" "Mozilla/5.0 (Windows NT 6.1; Win64; x64; rv:64.0) Gecko/20100101 Firefox/64.0"
80.121.175.66 - - [30/Jan/2019:17:43:02 +0100] "GET /css/prototip.css HTTP/1.1" 200 968 "http://renault.activities.at/account" "Mozilla/5.0 (Windows NT 6.1; Win64; x64; rv:64.0) Gecko/20100101 Firefox/64.0"
80.121.175.66 - - [30/Jan/2019:17:43:02 +0100] "GET /loadthumbnail.php?id=11819632&width=50&height=50 HTTP/1.1" 200 1282 "http://renault.activities.at/account" "Mozilla/5.0 (Windows NT 6.1; Win64; x64; rv:64.0) Gecko/20100101 Firefox/64.0"
80.121.175.66 - - [30/Jan/2019:17:43:02 +0100] "GET /loadthumbnail.php?id=11423691&width=50&height=50 HTTP/1.1" 200 995 "http://renault.activities.at/account" "Mozilla/5.0 (Windows NT 6.1; Win64; x64; rv:64.0) Gecko/20100101 Firefox/64.0"
80.121.175.66 - - [30/Jan/2019:17:43:02 +0100] "GET /loadthumbnail.php?id=11036339&width=50&height=50 HTTP/1.1" 200 759 "http://renault.activities.at/account" "Mozilla/5.0 (Windows NT 6.1; Win64; x64; rv:64.0) Gecko/20100101 Firefox/64.0"
80.121.175.66 - - [30/Jan/2019:17:43:02 +0100] "GET /css/print.css HTTP/1.1" 200 543 "http://renault.activities.at/account" "Mozilla/5.0 (Windows NT 6.1; Win64; x64; rv:64.0) Gecko/20100101 Firefox/64.0"
80.121.175.66 - - [30/Jan/2019:17:43:02 +0100] "GET /loadthumbnail.php?id=11036126&width=50&height=50 HTTP/1.1" 200 748 "http://renault.activities.at/account" "Mozilla/5.0 (Windows NT 6.1; Win64; x64; rv:64.0) Gecko/20100101 Firefox/64.0"
80.121.175.66 - - [30/Jan/2019:17:43:02 +0100] "GET /loadthumbnail.php?id=11255648&width=50&height=50 HTTP/1.1" 200 748 "http://renault.activities.at/account" "Mozilla/5.0 (Windows NT 6.1; Win64; x64; rv:64.0) Gecko/20100101 Firefox/64.0"
80.121.175.66 - - [30/Jan/2019:17:43:02 +0100] "GET /loadthumbnail.php?id=11679165&width=50&height=50 HTTP/1.1" 200 4158 "http://renault.activities.at/account" "Mozilla/5.0 (Windows NT 6.1; Win64; x64; rv:64.0) Gecko/20100101 Firefox/64.0"
80.121.175.66 - - [30/Jan/2019:17:43:02 +0100] "GET /loadthumbnail.php?id=10260890&width=50&height=50 HTTP/1.1" 200 734 "http://renault.activities.at/account" "Mozilla/5.0 (Windows NT 6.1; Win64; x64; rv:64.0) Gecko/20100101 Firefox/64.0"
80.121.175.66 - - [30/Jan/2019:17:43:02 +0100] "GET /loadthumbnail.php?id=10260861&width=50&height=50 HTTP/1.1" 200 734 "http://renault.activities.at/account" "Mozilla/5.0 (Windows NT 6.1; Win64; x64; rv:64.0) Gecko/20100101 Firefox/64.0"
80.121.175.66 - - [30/Jan/2019:17:43:02 +0100] "GET /loadthumbnail.php?id=10915652&width=50&height=50 HTTP/1.1" 200 761 "http://renault.activities.at/account" "Mozilla/5.0 (Windows NT 6.1; Win64; x64; rv:64.0) Gecko/20100101 Firefox/64.0"
80.121.175.66 - - [30/Jan/2019:17:43:02 +0100] "GET /loadthumbnail.php?id=10915886&width=50&height=50 HTTP/1.1" 200 775 "http://renault.activities.at/account" "Mozilla/5.0 (Windows NT 6.1; Win64; x64; rv:64.0) Gecko/20100101 Firefox/64.0"
80.121.175.66 - - [30/Jan/2019:17:43:02 +0100] "GET /loadthumbnail.php?id=11036124&width=50&height=50 HTTP/1.1" 200 754 "http://renault.activities.at/account" "Mozilla/5.0 (Windows NT 6.1; Win64; x64; rv:64.0) Gecko/20100101 Firefox/64.0"
80.121.175.66 - - [30/Jan/2019:17:43:02 +0100] "GET /loadthumbnail.php?id=11847427&width=50&height=50 HTTP/1.1" 200 1110 "http://renault.activities.at/account" "Mozilla/5.0 (Windows NT 6.1; Win64; x64; rv:64.0) Gecko/20100101 Firefox/64.0"
80.121.175.66 - - [30/Jan/2019:17:43:03 +0100] "GET /images/main_block_corner_left_top.gif HTTP/1.1" 200 159 "http://renault.activities.at/css/styles.css" "Mozilla/5.0 (Windows NT 6.1; Win64; x64; rv:64.0) Gecko/20100101 Firefox/64.0"
80.121.175.66 - - [30/Jan/2019:17:43:03 +0100] "GET /images/main_block_border.gif HTTP/1.1" 200 43 "http://renault.activities.at/css/styles.css" "Mozilla/5.0 (Windows NT 6.1; Win64; x64; rv:64.0) Gecko/20100101 Firefox/64.0"
80.121.175.66 - - [30/Jan/2019:17:43:03 +0100] "GET /images/sidebar_title_corner_left_top.gif HTTP/1.1" 200 1124 "http://renault.activities.at/css/styles.css" "Mozilla/5.0 (Windows NT 6.1; Win64; x64; rv:64.0) Gecko/20100101 Firefox/64.0"
80.121.175.66 - - [30/Jan/2019:17:43:04 +0100] "GET /images/button_left_bg.gif HTTP/1.1" 200 564 "http://renault.activities.at/css/styles.css" "Mozilla/5.0 (Windows NT 6.1; Win64; x64; rv:64.0) Gecko/20100101 Firefox/64.0"
80.121.175.66 - - [30/Jan/2019:17:43:04 +0100] "GET /css/themes/default.css HTTP/1.1" 200 769 "http://renault.activities.at/account" "Mozilla/5.0 (Windows NT 6.1; Win64; x64; rv:64.0) Gecko/20100101 Firefox/64.0"
80.121.175.66 - - [30/Jan/2019:17:43:04 +0100] "GET /images/main_block_corner_right_bot.gif HTTP/1.1" 200 158 "http://renault.activities.at/css/styles.css" "Mozilla/5.0 (Windows NT 6.1; Win64; x64; rv:64.0) Gecko/20100101 Firefox/64.0"
