77.118.161.182 - - [30/Jan/2019:15:58:57 +0100] "POST /axjaxrequest?mode=suggest HTTP/1.1" 200 21 "http://renault.activities.at/result?searchterm=true&search=rka140" "Mozilla/5.0 (Windows NT 6.1; Trident/7.0; rv:11.0) like Gecko"
77.118.161.182 - - [30/Jan/2019:15:59:00 +0100] "POST /axjaxrequest?mode=suggest HTTP/1.1" 200 21 "http://renault.activities.at/result?searchterm=true&search=rka140" "Mozilla/5.0 (Windows NT 6.1; Trident/7.0; rv:11.0) like Gecko"
77.118.161.182 - - [30/Jan/2019:15:59:03 +0100] "POST /axjaxrequest?mode=suggest HTTP/1.1" 200 21 "http://renault.activities.at/result?searchterm=true&search=rka140" "Mozilla/5.0 (Windows NT 6.1; Trident/7.0; rv:11.0) like Gecko"
80.121.175.66 - - [30/Jan/2019:15:59:06 +0100] "GET /reload?ser=1548860346740 HTTP/1.1" 200 28 "http://renault.activities.at/result?searchterm=true&search=anleitung" "Mozilla/5.0 (Windows NT 6.1; Win64; x64; rv:64.0) Gecko/20100101 Firefox/64.0"
77.118.161.182 - - [30/Jan/2019:15:59:06 +0100] "GET /result?searchterm=true&search=Kaufvertrag HTTP/1.1" 200 4802 "http://renault.activities.at/result?searchterm=true&search=rka140" "Mozilla/5.0 (Windows NT 6.1; Trident/7.0; rv:11.0) like Gecko"
77.118.161.182 - - [30/Jan/2019:15:59:06 +0100] "POST /axjaxrequest?mode=suggest HTTP/1.1" 200 21 "http://renault.activities.at/result?searchterm=true&search=rka140" "Mozilla/5.0 (Windows NT 6.1; Trident/7.0; rv:11.0) like Gecko"
213.153.47.173 - - [30/Jan/2019:15:59:28 +0100] "GET /reload?ser=1548860368544 HTTP/1.1" 200 28 "http://renault.activities.at/login?required=true" "Mozilla/5.0 (Windows NT 10.0; Win64; x64; rv:64.0) Gecko/20100101 Firefox/64.0"
77.118.161.182 - - [30/Jan/2019:15:59:31 +0100] "POST /axjaxrequest?mode=suggest HTTP/1.1" 200 192 "http://renault.activities.at/result?searchterm=true&search=Kaufvertrag" "Mozilla/5.0 (Windows NT 6.1; Trident/7.0; rv:11.0) like Gecko"
77.118.161.182 - - [30/Jan/2019:15:59:31 +0100] "POST /axjaxrequest?mode=suggest HTTP/1.1" 200 192 "http://renault.activities.at/result?searchterm=true&search=Kaufvertrag" "Mozilla/5.0 (Windows NT 6.1; Trident/7.0; rv:11.0) like Gecko"
77.118.161.182 - - [30/Jan/2019:15:59:36 +0100] "GET /result?searchterm=true&search=R7S425 HTTP/1.1" 200 4800 "http://renault.activities.at/result?searchterm=true&search=Kaufvertrag" "Mozilla/5.0 (Windows NT 6.1; Trident/7.0; rv:11.0) like Gecko"
77.118.161.182 - - [30/Jan/2019:15:59:37 +0100] "POST /axjaxrequest?mode=suggest HTTP/1.1" 200 21 "http://renault.activities.at/result?searchterm=true&search=Kaufvertrag" "Mozilla/5.0 (Windows NT 6.1; Trident/7.0; rv:11.0) like Gecko"
80.121.175.66 - - [30/Jan/2019:16:00:07 +0100] "GET /reload?ser=1548860407702 HTTP/1.1" 200 28 "http://renault.activities.at/result?searchterm=true&search=anleitung" "Mozilla/5.0 (Windows NT 6.1; Win64; x64; rv:64.0) Gecko/20100101 Firefox/64.0"
213.153.47.173 - - [30/Jan/2019:16:00:29 +0100] "GET /reload?ser=1548860429203 HTTP/1.1" 200 28 "http://renault.activities.at/login?required=true" "Mozilla/5.0 (Windows NT 10.0; Win64; x64; rv:64.0) Gecko/20100101 Firefox/64.0"
77.118.161.182 - - [30/Jan/2019:16:00:38 +0100] "GET /reload?ser=1548860438716 HTTP/1.1" 200 28 "http://renault.activities.at/result?searchterm=true&search=R7S425" "Mozilla/5.0 (Windows NT 6.1; Trident/7.0; rv:11.0) like Gecko"
80.121.175.66 - - [30/Jan/2019:16:01:08 +0100] "GET /reload?ser=1548860468729 HTTP/1.1" 200 28 "http://renault.activities.at/result?searchterm=true&search=anleitung" "Mozilla/5.0 (Windows NT 6.1; Win64; x64; rv:64.0) Gecko/20100101 Firefox/64.0"
213.153.47.173 - - [30/Jan/2019:16:01:29 +0100] "GET /reload?ser=1548860489864 HTTP/1.1" 200 28 "http://renault.activities.at/login?required=true" "Mozilla/5.0 (Windows NT 10.0; Win64; x64; rv:64.0) Gecko/20100101 Firefox/64.0"
77.118.161.182 - - [30/Jan/2019:16:01:42 +0100] "GET /reload?ser=1548860502701 HTTP/1.1" 200 28 "http://renault.activities.at/result?searchterm=true&search=R7S425" "Mozilla/5.0 (Windows NT 6.1; Trident/7.0; rv:11.0) like Gecko"
80.121.175.66 - - [30/Jan/2019:16:02:09 +0100] "GET /reload?ser=1548860529723 HTTP/1.1" 200 28 "http://renault.activities.at/result?searchterm=true&search=anleitung" "Mozilla/5.0 (Windows NT 6.1; Win64; x64; rv:64.0) Gecko/20100101 Firefox/64.0"
213.153.47.173 - - [30/Jan/2019:16:02:30 +0100] "GET /reload?ser=1548860550544 HTTP/1.1" 200 28 "http://renault.activities.at/login?required=true" "Mozilla/5.0 (Windows NT 10.0; Win64; x64; rv:64.0) Gecko/20100101 Firefox/64.0"
77.118.161.182 - - [30/Jan/2019:16:02:43 +0100] "GET /reload?ser=1548860563717 HTTP/1.1" 200 28 "http://renault.activities.at/result?searchterm=true&search=R7S425" "Mozilla/5.0 (Windows NT 6.1; Trident/7.0; rv:11.0) like Gecko"
80.121.175.66 - - [30/Jan/2019:16:03:10 +0100] "GET /reload?ser=1548860590687 HTTP/1.1" 200 28 "http://renault.activities.at/result?searchterm=true&search=anleitung" "Mozilla/5.0 (Windows NT 6.1; Win64; x64; rv:64.0) Gecko/20100101 Firefox/64.0"
213.153.47.173 - - [30/Jan/2019:16:03:31 +0100] "GET /reload?ser=1548860611275 HTTP/1.1" 200 28 "http://renault.activities.at/login?required=true" "Mozilla/5.0 (Windows NT 10.0; Win64; x64; rv:64.0) Gecko/20100101 Firefox/64.0"
77.118.161.182 - - [30/Jan/2019:16:03:44 +0100] "GET /reload?ser=1548860624777 HTTP/1.1" 200 28 "http://renault.activities.at/result?searchterm=true&search=R7S425" "Mozilla/5.0 (Windows NT 6.1; Trident/7.0; rv:11.0) like Gecko"
77.118.161.182 - - [30/Jan/2019:16:04:08 +0100] "GET /cart HTTP/1.1" 200 5176 "http://renault.activities.at/result?searchterm=true&search=R7S425" "Mozilla/5.0 (Windows NT 6.1; Trident/7.0; rv:11.0) like Gecko"
77.118.161.182 - - [30/Jan/2019:16:04:11 +0100] "GET /loadthumbnail.php?id=10269567&width=100 HTTP/1.1" 200 1333 "http://renault.activities.at/cart" "Mozilla/5.0 (Windows NT 6.1; Trident/7.0; rv:11.0) like Gecko"
77.118.161.182 - - [30/Jan/2019:16:04:11 +0100] "GET /loadthumbnail.php?id=10232009&width=16&height=16 HTTP/1.1" 200 700 "http://renault.activities.at/cart" "Mozilla/5.0 (Windows NT 6.1; Trident/7.0; rv:11.0) like Gecko"
77.118.161.182 - - [30/Jan/2019:16:04:11 +0100] "GET /loadthumbnail.php?id=10269569&width=100 HTTP/1.1" 200 1229 "http://renault.activities.at/cart" "Mozilla/5.0 (Windows NT 6.1; Trident/7.0; rv:11.0) like Gecko"
80.121.175.66 - - [30/Jan/2019:16:04:11 +0100] "GET /reload?ser=1548860651681 HTTP/1.1" 200 28 "http://renault.activities.at/result?searchterm=true&search=anleitung" "Mozilla/5.0 (Windows NT 6.1; Win64; x64; rv:64.0) Gecko/20100101 Firefox/64.0"
77.118.161.182 - - [30/Jan/2019:16:04:14 +0100] "GET /checkout HTTP/1.1" 200 10250 "http://renault.activities.at/cart" "Mozilla/5.0 (Windows NT 6.1; Trident/7.0; rv:11.0) like Gecko"
77.118.161.182 - - [30/Jan/2019:16:04:18 +0100] "GET /images/ajax_loading.gif HTTP/1.1" 200 1542 "http://renault.activities.at/checkout" "Mozilla/5.0 (Windows NT 6.1; Trident/7.0; rv:11.0) like Gecko"
77.118.161.182 - - [30/Jan/2019:16:04:18 +0100] "GET /images/checkout_border.gif HTTP/1.1" 200 43 "http://renault.activities.at/checkout" "Mozilla/5.0 (Windows NT 6.1; Trident/7.0; rv:11.0) like Gecko"
77.118.161.182 - - [30/Jan/2019:16:04:18 +0100] "GET /images/step_bg.jpg HTTP/1.1" 200 319 "http://renault.activities.at/checkout" "Mozilla/5.0 (Windows NT 6.1; Trident/7.0; rv:11.0) like Gecko"
77.118.161.182 - - [30/Jan/2019:16:04:18 +0100] "GET /loadthumbnail.php?id=10202698 HTTP/1.1" 200 16686 "http://renault.activities.at/checkout" "Mozilla/5.0 (Windows NT 6.1; Trident/7.0; rv:11.0) like Gecko"
77.118.161.182 - - [30/Jan/2019:16:04:18 +0100] "GET /images/checkout_border_top.gif HTTP/1.1" 200 156 "http://renault.activities.at/checkout" "Mozilla/5.0 (Windows NT 6.1; Trident/7.0; rv:11.0) like Gecko"
77.118.161.182 - - [30/Jan/2019:16:04:18 +0100] "GET /images/step_marker.gif HTTP/1.1" 200 650 "http://renault.activities.at/checkout" "Mozilla/5.0 (Windows NT 6.1; Trident/7.0; rv:11.0) like Gecko"
77.118.161.182 - - [30/Jan/2019:16:04:18 +0100] "GET /loadthumbnail.php?id=10201939 HTTP/1.1" 200 201 "http://renault.activities.at/checkout" "Mozilla/5.0 (Windows NT 6.1; Trident/7.0; rv:11.0) like Gecko"
77.118.161.182 - - [30/Jan/2019:16:04:23 +0100] "POST /docheckout HTTP/1.1" 200 457 "http://renault.activities.at/checkout" "Mozilla/5.0 (Windows NT 6.1; Trident/7.0; rv:11.0) like Gecko"
77.118.161.182 - - [30/Jan/2019:16:04:27 +0100] "POST /docheckout HTTP/1.1" 200 616 "http://renault.activities.at/checkout" "Mozilla/5.0 (Windows NT 6.1; Trident/7.0; rv:11.0) like Gecko"
77.118.161.182 - - [30/Jan/2019:16:04:29 +0100] "GET /images/error_msg_icon.gif HTTP/1.1" 200 1013 "http://renault.activities.at/checkout" "Mozilla/5.0 (Windows NT 6.1; Trident/7.0; rv:11.0) like Gecko"
77.118.161.182 - - [30/Jan/2019:16:04:28 +0100] "POST /docheckout HTTP/1.1" 200 68 "http://renault.activities.at/checkout" "Mozilla/5.0 (Windows NT 6.1; Trident/7.0; rv:11.0) like Gecko"
213.153.47.173 - - [30/Jan/2019:16:04:32 +0100] "GET /reload?ser=1548860672006 HTTP/1.1" 200 28 "http://renault.activities.at/login?required=true" "Mozilla/5.0 (Windows NT 10.0; Win64; x64; rv:64.0) Gecko/20100101 Firefox/64.0"
77.118.161.182 - - [30/Jan/2019:16:04:31 +0100] "GET /success HTTP/1.1" 200 3777 "http://renault.activities.at/checkout" "Mozilla/5.0 (Windows NT 6.1; Trident/7.0; rv:11.0) like Gecko"
77.118.161.182 - - [30/Jan/2019:16:04:32 +0100] "POST /docheckout HTTP/1.1" 200 81 "http://renault.activities.at/checkout" "Mozilla/5.0 (Windows NT 6.1; Trident/7.0; rv:11.0) like Gecko"
77.118.161.182 - - [30/Jan/2019:16:04:38 +0100] "GET /logout HTTP/1.1" 302 140 "http://renault.activities.at/success" "Mozilla/5.0 (Windows NT 6.1; Trident/7.0; rv:11.0) like Gecko"
77.118.161.182 - - [30/Jan/2019:16:04:39 +0100] "GET /logout HTTP/1.1" 200 1583 "http://renault.activities.at/success" "Mozilla/5.0 (Windows NT 6.1; Trident/7.0; rv:11.0) like Gecko"
77.118.161.182 - - [30/Jan/2019:16:04:45 +0100] "GET / HTTP/1.1" 200 3529 "http://renault.activities.at/logout" "Mozilla/5.0 (Windows NT 6.1; Trident/7.0; rv:11.0) like Gecko"
213.153.47.173 - - [30/Jan/2019:16:05:32 +0100] "GET /reload?ser=1548860732696 HTTP/1.1" 200 28 "http://renault.activities.at/login?required=true" "Mozilla/5.0 (Windows NT 10.0; Win64; x64; rv:64.0) Gecko/20100101 Firefox/64.0"
80.121.175.66 - - [30/Jan/2019:16:05:33 +0100] "GET /reload?ser=1548860733298 HTTP/1.1" 200 28 "http://renault.activities.at/result?searchterm=true&search=anleitung" "Mozilla/5.0 (Windows NT 6.1; Win64; x64; rv:64.0) Gecko/20100101 Firefox/64.0"
77.118.161.182 - - [30/Jan/2019:16:05:46 +0100] "GET /reload?ser=1548860746849 HTTP/1.1" 200 28 "http://renault.activities.at/" "Mozilla/5.0 (Windows NT 6.1; Trident/7.0; rv:11.0) like Gecko"
213.153.47.173 - - [30/Jan/2019:16:06:33 +0100] "GET /reload?ser=1548860793356 HTTP/1.1" 200 28 "http://renault.activities.at/login?required=true" "Mozilla/5.0 (Windows NT 10.0; Win64; x64; rv:64.0) Gecko/20100101 Firefox/64.0"
80.121.175.66 - - [30/Jan/2019:16:06:34 +0100] "GET /reload?ser=1548860794277 HTTP/1.1" 200 28 "http://renault.activities.at/result?searchterm=true&search=anleitung" "Mozilla/5.0 (Windows NT 6.1; Win64; x64; rv:64.0) Gecko/20100101 Firefox/64.0"
213.153.47.173 - - [30/Jan/2019:16:07:34 +0100] "GET /reload?ser=1548860854016 HTTP/1.1" 200 28 "http://renault.activities.at/login?required=true" "Mozilla/5.0 (Windows NT 10.0; Win64; x64; rv:64.0) Gecko/20100101 Firefox/64.0"
80.121.175.66 - - [30/Jan/2019:16:07:35 +0100] "GET /reload?ser=1548860855303 HTTP/1.1" 200 28 "http://renault.activities.at/result?searchterm=true&search=anleitung" "Mozilla/5.0 (Windows NT 6.1; Win64; x64; rv:64.0) Gecko/20100101 Firefox/64.0"
213.153.47.173 - - [30/Jan/2019:16:08:34 +0100] "GET /reload?ser=1548860914697 HTTP/1.1" 200 28 "http://renault.activities.at/login?required=true" "Mozilla/5.0 (Windows NT 10.0; Win64; x64; rv:64.0) Gecko/20100101 Firefox/64.0"
80.121.175.66 - - [30/Jan/2019:16:08:36 +0100] "GET /reload?ser=1548860916315 HTTP/1.1" 200 28 "http://renault.activities.at/result?searchterm=true&search=anleitung" "Mozilla/5.0 (Windows NT 6.1; Win64; x64; rv:64.0) Gecko/20100101 Firefox/64.0"
213.153.47.173 - - [30/Jan/2019:16:09:35 +0100] "GET /reload?ser=1548860975397 HTTP/1.1" 200 28 "http://renault.activities.at/login?required=true" "Mozilla/5.0 (Windows NT 10.0; Win64; x64; rv:64.0) Gecko/20100101 Firefox/64.0"
80.121.175.66 - - [30/Jan/2019:16:09:37 +0100] "GET /reload?ser=1548860977341 HTTP/1.1" 200 28 "http://renault.activities.at/result?searchterm=true&search=anleitung" "Mozilla/5.0 (Windows NT 6.1; Win64; x64; rv:64.0) Gecko/20100101 Firefox/64.0"
213.153.47.173 - - [30/Jan/2019:16:10:36 +0100] "GET /reload?ser=1548861036078 HTTP/1.1" 200 28 "http://renault.activities.at/login?required=true" "Mozilla/5.0 (Windows NT 10.0; Win64; x64; rv:64.0) Gecko/20100101 Firefox/64.0"
80.121.175.66 - - [30/Jan/2019:16:10:38 +0100] "GET /reload?ser=1548861038335 HTTP/1.1" 200 28 "http://renault.activities.at/result?searchterm=true&search=anleitung" "Mozilla/5.0 (Windows NT 6.1; Win64; x64; rv:64.0) Gecko/20100101 Firefox/64.0"
213.153.47.173 - - [30/Jan/2019:16:11:36 +0100] "GET /reload?ser=1548861096748 HTTP/1.1" 200 28 "http://renault.activities.at/login?required=true" "Mozilla/5.0 (Windows NT 10.0; Win64; x64; rv:64.0) Gecko/20100101 Firefox/64.0"
80.121.175.66 - - [30/Jan/2019:16:11:39 +0100] "GET /reload?ser=1548861099361 HTTP/1.1" 200 28 "http://renault.activities.at/result?searchterm=true&search=anleitung" "Mozilla/5.0 (Windows NT 6.1; Win64; x64; rv:64.0) Gecko/20100101 Firefox/64.0"
213.153.47.173 - - [30/Jan/2019:16:12:37 +0100] "GET /reload?ser=1548861157407 HTTP/1.1" 200 28 "http://renault.activities.at/login?required=true" "Mozilla/5.0 (Windows NT 10.0; Win64; x64; rv:64.0) Gecko/20100101 Firefox/64.0"
80.121.175.66 - - [30/Jan/2019:16:12:40 +0100] "GET /reload?ser=1548861160338 HTTP/1.1" 200 28 "http://renault.activities.at/result?searchterm=true&search=anleitung" "Mozilla/5.0 (Windows NT 6.1; Win64; x64; rv:64.0) Gecko/20100101 Firefox/64.0"
80.120.5.131 - - [30/Jan/2019:16:12:44 +0100] "GET /10201637 HTTP/1.1" 302 150 "-" "Mozilla/5.0 (Macintosh; Intel Mac OS X 10_13_6) AppleWebKit/605.1.15 (KHTML, like Gecko)"
80.120.5.131 - - [30/Jan/2019:16:12:47 +0100] "GET /login?required=true HTTP/1.1" 200 2086 "-" "Mozilla/5.0 (Macintosh; Intel Mac OS X 10_13_6) AppleWebKit/605.1.15 (KHTML, like Gecko)"
80.120.5.131 - - [30/Jan/2019:16:12:48 +0100] "GET /apple-touch-icon-precomposed.png HTTP/1.1" 200 1559 "-" "Safari/13606.4.5.3.1 CFNetwork/902.3.1 Darwin/17.7.0 (x86_64)"
80.120.5.131 - - [30/Jan/2019:16:12:49 +0100] "GET /apple-touch-icon.png HTTP/1.1" 200 1559 "-" "Safari/13606.4.5.3.1 CFNetwork/902.3.1 Darwin/17.7.0 (x86_64)"
80.120.5.131 - - [30/Jan/2019:16:12:50 +0100] "GET /images/favicon.ico HTTP/1.1" 404 305 "-" "Safari/13606.4.5.3.1 CFNetwork/902.3.1 Darwin/17.7.0 (x86_64)"
80.120.5.131 - - [30/Jan/2019:16:12:50 +0100] "GET /images/favicon.ico HTTP/1.1" 404 305 "-" "Safari/13606.4.5.3.1 CFNetwork/902.3.1 Darwin/17.7.0 (x86_64)"
80.120.5.131 - - [30/Jan/2019:16:12:50 +0100] "GET /favicon.ico HTTP/1.1" 200 3250 "-" "Safari/13606.4.5.3.1 CFNetwork/902.3.1 Darwin/17.7.0 (x86_64)"
80.120.5.131 - - [30/Jan/2019:16:12:50 +0100] "GET /apple-touch-icon-precomposed.png HTTP/1.1" 200 1559 "-" "Safari/13606.4.5.3.1 CFNetwork/902.3.1 Darwin/17.7.0 (x86_64)"
80.120.5.131 - - [30/Jan/2019:16:12:51 +0100] "GET /apple-touch-icon.png HTTP/1.1" 200 1559 "-" "Safari/13606.4.5.3.1 CFNetwork/902.3.1 Darwin/17.7.0 (x86_64)"
80.120.5.131 - - [30/Jan/2019:16:12:52 +0100] "GET /images/favicon.ico HTTP/1.1" 404 305 "-" "Safari/13606.4.5.3.1 CFNetwork/902.3.1 Darwin/17.7.0 (x86_64)"
80.120.5.131 - - [30/Jan/2019:16:12:52 +0100] "GET /images/favicon.ico HTTP/1.1" 404 305 "-" "Safari/13606.4.5.3.1 CFNetwork/902.3.1 Darwin/17.7.0 (x86_64)"
80.120.5.131 - - [30/Jan/2019:16:12:52 +0100] "GET /favicon.ico HTTP/1.1" 200 3250 "-" "Safari/13606.4.5.3.1 CFNetwork/902.3.1 Darwin/17.7.0 (x86_64)"
80.120.5.131 - - [30/Jan/2019:16:12:52 +0100] "GET /10201637 HTTP/1.1" 302 150 "-" "Mozilla/5.0 (iPhone; CPU iPhone OS 11_3 like Mac OS X) AppleWebKit/605.1.15 (KHTML, like Gecko) Version/11.0 Mobile/15E148 Safari/604.1"
80.120.5.131 - - [30/Jan/2019:16:12:53 +0100] "GET /login?required=true HTTP/1.1" 200 2086 "-" "Mozilla/5.0 (iPhone; CPU iPhone OS 11_3 like Mac OS X) AppleWebKit/605.1.15 (KHTML, like Gecko) Version/11.0 Mobile/15E148 Safari/604.1"
80.120.5.131 - - [30/Jan/2019:16:12:54 +0100] "GET /apple-touch-icon-precomposed.png HTTP/1.1" 200 1559 "-" "Safari/13606.4.5.3.1 CFNetwork/902.3.1 Darwin/17.7.0 (x86_64)"
80.120.5.131 - - [30/Jan/2019:16:12:54 +0100] "GET /apple-touch-icon.png HTTP/1.1" 200 1559 "-" "Safari/13606.4.5.3.1 CFNetwork/902.3.1 Darwin/17.7.0 (x86_64)"
80.120.5.131 - - [30/Jan/2019:16:12:55 +0100] "GET /images/favicon.ico HTTP/1.1" 404 305 "-" "Safari/13606.4.5.3.1 CFNetwork/902.3.1 Darwin/17.7.0 (x86_64)"
80.120.5.131 - - [30/Jan/2019:16:12:56 +0100] "GET /images/favicon.ico HTTP/1.1" 404 305 "-" "Safari/13606.4.5.3.1 CFNetwork/902.3.1 Darwin/17.7.0 (x86_64)"
80.120.5.131 - - [30/Jan/2019:16:12:56 +0100] "GET /favicon.ico HTTP/1.1" 200 3250 "-" "Safari/13606.4.5.3.1 CFNetwork/902.3.1 Darwin/17.7.0 (x86_64)"
80.120.5.131 - - [30/Jan/2019:16:12:56 +0100] "GET /apple-touch-icon-precomposed.png HTTP/1.1" 200 1559 "-" "Safari/13606.4.5.3.1 CFNetwork/902.3.1 Darwin/17.7.0 (x86_64)"
80.120.5.131 - - [30/Jan/2019:16:12:57 +0100] "GET /apple-touch-icon.png HTTP/1.1" 200 1559 "-" "Safari/13606.4.5.3.1 CFNetwork/902.3.1 Darwin/17.7.0 (x86_64)"
80.120.5.131 - - [30/Jan/2019:16:12:58 +0100] "GET /images/favicon.ico HTTP/1.1" 404 305 "-" "Safari/13606.4.5.3.1 CFNetwork/902.3.1 Darwin/17.7.0 (x86_64)"
80.120.5.131 - - [30/Jan/2019:16:12:58 +0100] "GET /images/favicon.ico HTTP/1.1" 404 305 "-" "Safari/13606.4.5.3.1 CFNetwork/902.3.1 Darwin/17.7.0 (x86_64)"
80.120.5.131 - - [30/Jan/2019:16:12:58 +0100] "GET /favicon.ico HTTP/1.1" 200 3250 "-" "Safari/13606.4.5.3.1 CFNetwork/902.3.1 Darwin/17.7.0 (x86_64)"
213.153.47.173 - - [30/Jan/2019:16:13:38 +0100] "GET /reload?ser=1548861218078 HTTP/1.1" 200 28 "http://renault.activities.at/login?required=true" "Mozilla/5.0 (Windows NT 10.0; Win64; x64; rv:64.0) Gecko/20100101 Firefox/64.0"
80.121.175.66 - - [30/Jan/2019:16:13:41 +0100] "GET /reload?ser=1548861221429 HTTP/1.1" 200 28 "http://renault.activities.at/result?searchterm=true&search=anleitung" "Mozilla/5.0 (Windows NT 6.1; Win64; x64; rv:64.0) Gecko/20100101 Firefox/64.0"
213.153.47.173 - - [30/Jan/2019:16:14:38 +0100] "GET /reload?ser=1548861278729 HTTP/1.1" 200 28 "http://renault.activities.at/login?required=true" "Mozilla/5.0 (Windows NT 10.0; Win64; x64; rv:64.0) Gecko/20100101 Firefox/64.0"
80.121.175.66 - - [30/Jan/2019:16:14:42 +0100] "GET /reload?ser=1548861282409 HTTP/1.1" 200 28 "http://renault.activities.at/result?searchterm=true&search=anleitung" "Mozilla/5.0 (Windows NT 6.1; Win64; x64; rv:64.0) Gecko/20100101 Firefox/64.0"
213.153.47.173 - - [30/Jan/2019:16:15:39 +0100] "GET /reload?ser=1548861339389 HTTP/1.1" 200 28 "http://renault.activities.at/login?required=true" "Mozilla/5.0 (Windows NT 10.0; Win64; x64; rv:64.0) Gecko/20100101 Firefox/64.0"
80.121.175.66 - - [30/Jan/2019:16:15:43 +0100] "GET /reload?ser=1548861343450 HTTP/1.1" 200 28 "http://renault.activities.at/result?searchterm=true&search=anleitung" "Mozilla/5.0 (Windows NT 6.1; Win64; x64; rv:64.0) Gecko/20100101 Firefox/64.0"
213.153.47.173 - - [30/Jan/2019:16:16:40 +0100] "GET /reload?ser=1548861400050 HTTP/1.1" 200 28 "http://renault.activities.at/login?required=true" "Mozilla/5.0 (Windows NT 10.0; Win64; x64; rv:64.0) Gecko/20100101 Firefox/64.0"
80.121.175.66 - - [30/Jan/2019:16:16:44 +0100] "GET /reload?ser=1548861404445 HTTP/1.1" 200 28 "http://renault.activities.at/result?searchterm=true&search=anleitung" "Mozilla/5.0 (Windows NT 6.1; Win64; x64; rv:64.0) Gecko/20100101 Firefox/64.0"
213.153.47.173 - - [30/Jan/2019:16:17:40 +0100] "GET /reload?ser=1548861460709 HTTP/1.1" 200 28 "http://renault.activities.at/login?required=true" "Mozilla/5.0 (Windows NT 10.0; Win64; x64; rv:64.0) Gecko/20100101 Firefox/64.0"
80.121.175.66 - - [30/Jan/2019:16:17:45 +0100] "GET /reload?ser=1548861465549 HTTP/1.1" 200 28 "http://renault.activities.at/result?searchterm=true&search=anleitung" "Mozilla/5.0 (Windows NT 6.1; Win64; x64; rv:64.0) Gecko/20100101 Firefox/64.0"
213.153.47.173 - - [30/Jan/2019:16:18:41 +0100] "GET /reload?ser=1548861521379 HTTP/1.1" 200 28 "http://renault.activities.at/login?required=true" "Mozilla/5.0 (Windows NT 10.0; Win64; x64; rv:64.0) Gecko/20100101 Firefox/64.0"
80.121.175.66 - - [30/Jan/2019:16:18:46 +0100] "GET /reload?ser=1548861526575 HTTP/1.1" 200 28 "http://renault.activities.at/result?searchterm=true&search=anleitung" "Mozilla/5.0 (Windows NT 6.1; Win64; x64; rv:64.0) Gecko/20100101 Firefox/64.0"
213.153.47.173 - - [30/Jan/2019:16:19:42 +0100] "GET /reload?ser=1548861582029 HTTP/1.1" 200 28 "http://renault.activities.at/login?required=true" "Mozilla/5.0 (Windows NT 10.0; Win64; x64; rv:64.0) Gecko/20100101 Firefox/64.0"
80.121.175.66 - - [30/Jan/2019:16:19:47 +0100] "GET /reload?ser=1548861587569 HTTP/1.1" 200 28 "http://renault.activities.at/result?searchterm=true&search=anleitung" "Mozilla/5.0 (Windows NT 6.1; Win64; x64; rv:64.0) Gecko/20100101 Firefox/64.0"
213.153.47.173 - - [30/Jan/2019:16:20:42 +0100] "GET /reload?ser=1548861642709 HTTP/1.1" 200 28 "http://renault.activities.at/login?required=true" "Mozilla/5.0 (Windows NT 10.0; Win64; x64; rv:64.0) Gecko/20100101 Firefox/64.0"
80.121.175.66 - - [30/Jan/2019:16:20:48 +0100] "GET /reload?ser=1548861648562 HTTP/1.1" 200 28 "http://renault.activities.at/result?searchterm=true&search=anleitung" "Mozilla/5.0 (Windows NT 6.1; Win64; x64; rv:64.0) Gecko/20100101 Firefox/64.0"
213.153.47.173 - - [30/Jan/2019:16:21:43 +0100] "GET /reload?ser=1548861703381 HTTP/1.1" 200 28 "http://renault.activities.at/login?required=true" "Mozilla/5.0 (Windows NT 10.0; Win64; x64; rv:64.0) Gecko/20100101 Firefox/64.0"
80.121.175.66 - - [30/Jan/2019:16:21:50 +0100] "GET /reload?ser=1548861710730 HTTP/1.1" 200 28 "http://renault.activities.at/result?searchterm=true&search=anleitung" "Mozilla/5.0 (Windows NT 6.1; Win64; x64; rv:64.0) Gecko/20100101 Firefox/64.0"
213.153.47.173 - - [30/Jan/2019:16:22:44 +0100] "GET /reload?ser=1548861764040 HTTP/1.1" 200 28 "http://renault.activities.at/login?required=true" "Mozilla/5.0 (Windows NT 10.0; Win64; x64; rv:64.0) Gecko/20100101 Firefox/64.0"
80.121.175.66 - - [30/Jan/2019:16:22:53 +0100] "GET /reload?ser=1548861773722 HTTP/1.1" 200 28 "http://renault.activities.at/result?searchterm=true&search=anleitung" "Mozilla/5.0 (Windows NT 6.1; Win64; x64; rv:64.0) Gecko/20100101 Firefox/64.0"
213.153.47.173 - - [30/Jan/2019:16:23:44 +0100] "GET /reload?ser=1548861824700 HTTP/1.1" 200 28 "http://renault.activities.at/login?required=true" "Mozilla/5.0 (Windows NT 10.0; Win64; x64; rv:64.0) Gecko/20100101 Firefox/64.0"
80.121.175.66 - - [30/Jan/2019:16:23:55 +0100] "GET /reload?ser=1548861835153 HTTP/1.1" 200 28 "http://renault.activities.at/result?searchterm=true&search=anleitung" "Mozilla/5.0 (Windows NT 6.1; Win64; x64; rv:64.0) Gecko/20100101 Firefox/64.0"
213.153.47.173 - - [30/Jan/2019:16:24:45 +0100] "GET /reload?ser=1548861885370 HTTP/1.1" 200 28 "http://renault.activities.at/login?required=true" "Mozilla/5.0 (Windows NT 10.0; Win64; x64; rv:64.0) Gecko/20100101 Firefox/64.0"
80.121.175.66 - - [30/Jan/2019:16:24:56 +0100] "GET /reload?ser=1548861896288 HTTP/1.1" 200 28 "http://renault.activities.at/result?searchterm=true&search=anleitung" "Mozilla/5.0 (Windows NT 6.1; Win64; x64; rv:64.0) Gecko/20100101 Firefox/64.0"
213.153.47.173 - - [30/Jan/2019:16:25:46 +0100] "GET /reload?ser=1548861946041 HTTP/1.1" 200 28 "http://renault.activities.at/login?required=true" "Mozilla/5.0 (Windows NT 10.0; Win64; x64; rv:64.0) Gecko/20100101 Firefox/64.0"
80.121.175.66 - - [30/Jan/2019:16:25:57 +0100] "GET /reload?ser=1548861957313 HTTP/1.1" 200 28 "http://renault.activities.at/result?searchterm=true&search=anleitung" "Mozilla/5.0 (Windows NT 6.1; Win64; x64; rv:64.0) Gecko/20100101 Firefox/64.0"
213.153.47.173 - - [30/Jan/2019:16:26:46 +0100] "GET /reload?ser=1548862006691 HTTP/1.1" 200 28 "http://renault.activities.at/login?required=true" "Mozilla/5.0 (Windows NT 10.0; Win64; x64; rv:64.0) Gecko/20100101 Firefox/64.0"
80.120.148.242 - - [30/Jan/2019:16:26:48 +0100] "GET / HTTP/1.1" 200 3529 "-" "Mozilla/5.0 (Windows NT 6.1; Win64; x64) AppleWebKit/537.36 (KHTML, like Gecko) Chrome/71.0.3578.98 Safari/537.36 OPR/58.0.3135.47"
80.120.148.242 - - [30/Jan/2019:16:26:49 +0100] "GET /images/favicon.ico HTTP/1.1" 404 305 "-" "Mozilla/5.0 (Windows NT 6.1; Win64; x64) AppleWebKit/537.36 (KHTML, like Gecko) Chrome/71.0.3578.98 Safari/537.36 OPR/58.0.3135.47"
80.121.175.66 - - [30/Jan/2019:16:26:58 +0100] "GET /reload?ser=1548862018309 HTTP/1.1" 200 28 "http://renault.activities.at/result?searchterm=true&search=anleitung" "Mozilla/5.0 (Windows NT 6.1; Win64; x64; rv:64.0) Gecko/20100101 Firefox/64.0"
213.153.47.173 - - [30/Jan/2019:16:27:47 +0100] "GET /reload?ser=1548862067351 HTTP/1.1" 200 28 "http://renault.activities.at/login?required=true" "Mozilla/5.0 (Windows NT 10.0; Win64; x64; rv:64.0) Gecko/20100101 Firefox/64.0"
80.121.175.66 - - [30/Jan/2019:16:27:59 +0100] "GET /reload?ser=1548862079365 HTTP/1.1" 200 28 "http://renault.activities.at/result?searchterm=true&search=anleitung" "Mozilla/5.0 (Windows NT 6.1; Win64; x64; rv:64.0) Gecko/20100101 Firefox/64.0"
213.153.47.173 - - [30/Jan/2019:16:28:48 +0100] "GET /reload?ser=1548862128011 HTTP/1.1" 200 28 "http://renault.activities.at/login?required=true" "Mozilla/5.0 (Windows NT 10.0; Win64; x64; rv:64.0) Gecko/20100101 Firefox/64.0"
80.121.175.66 - - [30/Jan/2019:16:29:00 +0100] "GET /reload?ser=1548862140376 HTTP/1.1" 200 28 "http://renault.activities.at/result?searchterm=true&search=anleitung" "Mozilla/5.0 (Windows NT 6.1; Win64; x64; rv:64.0) Gecko/20100101 Firefox/64.0"
213.153.47.173 - - [30/Jan/2019:16:29:48 +0100] "GET /reload?ser=1548862188686 HTTP/1.1" 200 28 "http://renault.activities.at/login?required=true" "Mozilla/5.0 (Windows NT 10.0; Win64; x64; rv:64.0) Gecko/20100101 Firefox/64.0"
80.121.175.66 - - [30/Jan/2019:16:30:01 +0100] "GET /reload?ser=1548862201420 HTTP/1.1" 200 28 "http://renault.activities.at/result?searchterm=true&search=anleitung" "Mozilla/5.0 (Windows NT 6.1; Win64; x64; rv:64.0) Gecko/20100101 Firefox/64.0"
213.153.47.173 - - [30/Jan/2019:16:30:49 +0100] "GET /reload?ser=1548862249352 HTTP/1.1" 200 28 "http://renault.activities.at/login?required=true" "Mozilla/5.0 (Windows NT 10.0; Win64; x64; rv:64.0) Gecko/20100101 Firefox/64.0"
80.121.175.66 - - [30/Jan/2019:16:31:02 +0100] "GET /reload?ser=1548862262446 HTTP/1.1" 200 28 "http://renault.activities.at/result?searchterm=true&search=anleitung" "Mozilla/5.0 (Windows NT 6.1; Win64; x64; rv:64.0) Gecko/20100101 Firefox/64.0"
213.153.47.173 - - [30/Jan/2019:16:31:50 +0100] "GET /reload?ser=1548862310015 HTTP/1.1" 200 28 "http://renault.activities.at/login?required=true" "Mozilla/5.0 (Windows NT 10.0; Win64; x64; rv:64.0) Gecko/20100101 Firefox/64.0"
80.121.175.66 - - [30/Jan/2019:16:32:03 +0100] "GET /reload?ser=1548862323471 HTTP/1.1" 200 28 "http://renault.activities.at/result?searchterm=true&search=anleitung" "Mozilla/5.0 (Windows NT 6.1; Win64; x64; rv:64.0) Gecko/20100101 Firefox/64.0"
213.153.47.173 - - [30/Jan/2019:16:32:50 +0100] "GET /reload?ser=1548862370681 HTTP/1.1" 200 28 "http://renault.activities.at/login?required=true" "Mozilla/5.0 (Windows NT 10.0; Win64; x64; rv:64.0) Gecko/20100101 Firefox/64.0"
80.121.175.66 - - [30/Jan/2019:16:33:04 +0100] "GET /reload?ser=1548862384482 HTTP/1.1" 200 28 "http://renault.activities.at/result?searchterm=true&search=anleitung" "Mozilla/5.0 (Windows NT 6.1; Win64; x64; rv:64.0) Gecko/20100101 Firefox/64.0"
213.153.47.173 - - [30/Jan/2019:16:33:51 +0100] "GET /reload?ser=1548862431351 HTTP/1.1" 200 28 "http://renault.activities.at/login?required=true" "Mozilla/5.0 (Windows NT 10.0; Win64; x64; rv:64.0) Gecko/20100101 Firefox/64.0"
80.121.175.66 - - [30/Jan/2019:16:34:05 +0100] "GET /reload?ser=1548862445506 HTTP/1.1" 200 28 "http://renault.activities.at/result?searchterm=true&search=anleitung" "Mozilla/5.0 (Windows NT 6.1; Win64; x64; rv:64.0) Gecko/20100101 Firefox/64.0"
213.153.47.173 - - [30/Jan/2019:16:34:52 +0100] "GET /reload?ser=1548862492052 HTTP/1.1" 200 28 "http://renault.activities.at/login?required=true" "Mozilla/5.0 (Windows NT 10.0; Win64; x64; rv:64.0) Gecko/20100101 Firefox/64.0"
80.121.175.66 - - [30/Jan/2019:16:35:06 +0100] "GET /reload?ser=1548862506501 HTTP/1.1" 200 28 "http://renault.activities.at/result?searchterm=true&search=anleitung" "Mozilla/5.0 (Windows NT 6.1; Win64; x64; rv:64.0) Gecko/20100101 Firefox/64.0"
213.153.47.173 - - [30/Jan/2019:16:35:52 +0100] "GET /reload?ser=1548862552742 HTTP/1.1" 200 28 "http://renault.activities.at/login?required=true" "Mozilla/5.0 (Windows NT 10.0; Win64; x64; rv:64.0) Gecko/20100101 Firefox/64.0"
80.121.175.66 - - [30/Jan/2019:16:36:07 +0100] "GET /reload?ser=1548862567510 HTTP/1.1" 200 28 "http://renault.activities.at/result?searchterm=true&search=anleitung" "Mozilla/5.0 (Windows NT 6.1; Win64; x64; rv:64.0) Gecko/20100101 Firefox/64.0"
213.153.47.173 - - [30/Jan/2019:16:36:53 +0100] "GET /reload?ser=1548862613392 HTTP/1.1" 200 28 "http://renault.activities.at/login?required=true" "Mozilla/5.0 (Windows NT 10.0; Win64; x64; rv:64.0) Gecko/20100101 Firefox/64.0"
80.121.175.66 - - [30/Jan/2019:16:37:08 +0100] "GET /reload?ser=1548862628505 HTTP/1.1" 200 28 "http://renault.activities.at/result?searchterm=true&search=anleitung" "Mozilla/5.0 (Windows NT 6.1; Win64; x64; rv:64.0) Gecko/20100101 Firefox/64.0"
213.153.47.173 - - [30/Jan/2019:16:37:54 +0100] "GET /reload?ser=1548862674042 HTTP/1.1" 200 28 "http://renault.activities.at/login?required=true" "Mozilla/5.0 (Windows NT 10.0; Win64; x64; rv:64.0) Gecko/20100101 Firefox/64.0"
80.121.175.66 - - [30/Jan/2019:16:38:09 +0100] "GET /reload?ser=1548862689529 HTTP/1.1" 200 28 "http://renault.activities.at/result?searchterm=true&search=anleitung" "Mozilla/5.0 (Windows NT 6.1; Win64; x64; rv:64.0) Gecko/20100101 Firefox/64.0"
213.153.47.173 - - [30/Jan/2019:16:38:54 +0100] "GET /reload?ser=1548862734703 HTTP/1.1" 200 28 "http://renault.activities.at/login?required=true" "Mozilla/5.0 (Windows NT 10.0; Win64; x64; rv:64.0) Gecko/20100101 Firefox/64.0"
80.121.175.66 - - [30/Jan/2019:16:39:10 +0100] "GET /reload?ser=1548862750564 HTTP/1.1" 200 28 "http://renault.activities.at/result?searchterm=true&search=anleitung" "Mozilla/5.0 (Windows NT 6.1; Win64; x64; rv:64.0) Gecko/20100101 Firefox/64.0"
213.153.47.173 - - [30/Jan/2019:16:39:55 +0100] "GET /reload?ser=1548862795362 HTTP/1.1" 200 28 "http://renault.activities.at/login?required=true" "Mozilla/5.0 (Windows NT 10.0; Win64; x64; rv:64.0) Gecko/20100101 Firefox/64.0"
80.121.175.66 - - [30/Jan/2019:16:40:11 +0100] "GET /reload?ser=1548862811744 HTTP/1.1" 200 28 "http://renault.activities.at/result?searchterm=true&search=anleitung" "Mozilla/5.0 (Windows NT 6.1; Win64; x64; rv:64.0) Gecko/20100101 Firefox/64.0"
213.153.47.173 - - [30/Jan/2019:16:40:56 +0100] "GET /reload?ser=1548862856044 HTTP/1.1" 200 28 "http://renault.activities.at/login?required=true" "Mozilla/5.0 (Windows NT 10.0; Win64; x64; rv:64.0) Gecko/20100101 Firefox/64.0"
80.121.175.66 - - [30/Jan/2019:16:41:12 +0100] "GET /reload?ser=1548862872754 HTTP/1.1" 200 28 "http://renault.activities.at/result?searchterm=true&search=anleitung" "Mozilla/5.0 (Windows NT 6.1; Win64; x64; rv:64.0) Gecko/20100101 Firefox/64.0"
213.153.47.173 - - [30/Jan/2019:16:41:56 +0100] "GET /reload?ser=1548862916770 HTTP/1.1" 200 28 "http://renault.activities.at/login?required=true" "Mozilla/5.0 (Windows NT 10.0; Win64; x64; rv:64.0) Gecko/20100101 Firefox/64.0"
80.121.175.66 - - [30/Jan/2019:16:42:13 +0100] "GET /reload?ser=1548862933779 HTTP/1.1" 200 28 "http://renault.activities.at/result?searchterm=true&search=anleitung" "Mozilla/5.0 (Windows NT 6.1; Win64; x64; rv:64.0) Gecko/20100101 Firefox/64.0"
80.121.175.66 - - [30/Jan/2019:16:43:14 +0100] "GET /reload?ser=1548862994788 HTTP/1.1" 200 28 "http://renault.activities.at/result?searchterm=true&search=anleitung" "Mozilla/5.0 (Windows NT 6.1; Win64; x64; rv:64.0) Gecko/20100101 Firefox/64.0"
80.121.175.66 - - [30/Jan/2019:16:44:15 +0100] "GET /reload?ser=1548863055829 HTTP/1.1" 200 28 "http://renault.activities.at/result?searchterm=true&search=anleitung" "Mozilla/5.0 (Windows NT 6.1; Win64; x64; rv:64.0) Gecko/20100101 Firefox/64.0"
80.121.175.66 - - [30/Jan/2019:16:45:16 +0100] "GET /reload?ser=1548863116854 HTTP/1.1" 200 28 "http://renault.activities.at/result?searchterm=true&search=anleitung" "Mozilla/5.0 (Windows NT 6.1; Win64; x64; rv:64.0) Gecko/20100101 Firefox/64.0"
80.121.175.66 - - [30/Jan/2019:16:46:17 +0100] "GET /reload?ser=1548863177896 HTTP/1.1" 200 28 "http://renault.activities.at/result?searchterm=true&search=anleitung" "Mozilla/5.0 (Windows NT 6.1; Win64; x64; rv:64.0) Gecko/20100101 Firefox/64.0"
80.121.175.66 - - [30/Jan/2019:16:47:18 +0100] "GET /reload?ser=1548863238922 HTTP/1.1" 200 28 "http://renault.activities.at/result?searchterm=true&search=anleitung" "Mozilla/5.0 (Windows NT 6.1; Win64; x64; rv:64.0) Gecko/20100101 Firefox/64.0"
80.121.175.66 - - [30/Jan/2019:16:48:20 +0100] "GET /reload?ser=1548863299963 HTTP/1.1" 200 28 "http://renault.activities.at/result?searchterm=true&search=anleitung" "Mozilla/5.0 (Windows NT 6.1; Win64; x64; rv:64.0) Gecko/20100101 Firefox/64.0"
80.121.175.66 - - [30/Jan/2019:16:49:21 +0100] "GET /reload?ser=1548863361038 HTTP/1.1" 200 28 "http://renault.activities.at/result?searchterm=true&search=anleitung" "Mozilla/5.0 (Windows NT 6.1; Win64; x64; rv:64.0) Gecko/20100101 Firefox/64.0"
80.121.175.66 - - [30/Jan/2019:16:50:22 +0100] "GET /reload?ser=1548863422127 HTTP/1.1" 200 28 "http://renault.activities.at/result?searchterm=true&search=anleitung" "Mozilla/5.0 (Windows NT 6.1; Win64; x64; rv:64.0) Gecko/20100101 Firefox/64.0"
80.121.175.66 - - [30/Jan/2019:16:51:23 +0100] "GET /reload?ser=1548863483136 HTTP/1.1" 200 28 "http://renault.activities.at/result?searchterm=true&search=anleitung" "Mozilla/5.0 (Windows NT 6.1; Win64; x64; rv:64.0) Gecko/20100101 Firefox/64.0"
80.121.175.66 - - [30/Jan/2019:16:52:24 +0100] "GET /reload?ser=1548863544147 HTTP/1.1" 200 28 "http://renault.activities.at/result?searchterm=true&search=anleitung" "Mozilla/5.0 (Windows NT 6.1; Win64; x64; rv:64.0) Gecko/20100101 Firefox/64.0"
212.186.86.74 - - [30/Jan/2019:16:53:13 +0100] "GET /login HTTP/1.1" 200 2086 "-" "Mozilla/5.0 (Windows NT 10.0; WOW64; Trident/7.0; rv:11.0) like Gecko"
212.186.86.74 - - [30/Jan/2019:16:53:14 +0100] "GET /js/default.js HTTP/1.1" 200 14698 "http://renault.activities.at/login" "Mozilla/5.0 (Windows NT 10.0; WOW64; Trident/7.0; rv:11.0) like Gecko"
212.186.86.74 - - [30/Jan/2019:16:53:14 +0100] "GET /css/reset.css HTTP/1.1" 200 1356 "http://renault.activities.at/login" "Mozilla/5.0 (Windows NT 10.0; WOW64; Trident/7.0; rv:11.0) like Gecko"
212.186.86.74 - - [30/Jan/2019:16:53:14 +0100] "GET /css/print.css HTTP/1.1" 200 543 "http://renault.activities.at/login" "Mozilla/5.0 (Windows NT 10.0; WOW64; Trident/7.0; rv:11.0) like Gecko"
212.186.86.74 - - [30/Jan/2019:16:53:14 +0100] "GET /css/clears.css HTTP/1.1" 200 851 "http://renault.activities.at/login" "Mozilla/5.0 (Windows NT 10.0; WOW64; Trident/7.0; rv:11.0) like Gecko"
212.186.86.74 - - [30/Jan/2019:16:53:14 +0100] "GET /css/styles.css HTTP/1.1" 200 14664 "http://renault.activities.at/login" "Mozilla/5.0 (Windows NT 10.0; WOW64; Trident/7.0; rv:11.0) like Gecko"
212.186.86.74 - - [30/Jan/2019:16:53:14 +0100] "GET /css/prototip.css HTTP/1.1" 200 968 "http://renault.activities.at/login" "Mozilla/5.0 (Windows NT 10.0; WOW64; Trident/7.0; rv:11.0) like Gecko"
212.186.86.74 - - [30/Jan/2019:16:53:14 +0100] "GET /css/themes/default.css HTTP/1.1" 200 769 "http://renault.activities.at/login" "Mozilla/5.0 (Windows NT 10.0; WOW64; Trident/7.0; rv:11.0) like Gecko"
212.186.86.74 - - [30/Jan/2019:16:53:14 +0100] "GET /js/checkout.css HTTP/1.1" 200 359 "http://renault.activities.at/login" "Mozilla/5.0 (Windows NT 10.0; WOW64; Trident/7.0; rv:11.0) like Gecko"
212.186.86.74 - - [30/Jan/2019:16:53:14 +0100] "GET /js/index.php?c=auto&f=,prototype/prototype.js,prototype/validation.js,scriptaculous/builder.js,scriptaculous/effects.js,scriptaculous/dragdrop.js,scriptaculous/controls.js,scriptaculous/slider.js,varien/js.js,varien/form.js,varien/menu.js,mage/translate.js,mage/cookies.js,varien/product.js,spinner/SpinnerControl.jsmin.js,prototype/window.js,prototype/window_ext.js HTTP/1.1" 200 94182 "http://renault.activities.at/login" "Mozilla/5.0 (Windows NT 10.0; WOW64; Trident/7.0; rv:11.0) like Gecko"
212.186.86.74 - - [30/Jan/2019:16:53:14 +0100] "GET /css/themes/alphacube.css HTTP/1.1" 200 743 "http://renault.activities.at/login" "Mozilla/5.0 (Windows NT 10.0; WOW64; Trident/7.0; rv:11.0) like Gecko"
212.186.86.74 - - [30/Jan/2019:16:53:15 +0100] "GET /images/main_block_corner_left_top.gif HTTP/1.1" 200 159 "http://renault.activities.at/login" "Mozilla/5.0 (Windows NT 10.0; WOW64; Trident/7.0; rv:11.0) like Gecko"
212.186.86.74 - - [30/Jan/2019:16:53:15 +0100] "GET /images/main_block_corner_right_bot.gif HTTP/1.1" 200 158 "http://renault.activities.at/login" "Mozilla/5.0 (Windows NT 10.0; WOW64; Trident/7.0; rv:11.0) like Gecko"
212.186.86.74 - - [30/Jan/2019:16:53:15 +0100] "GET /images/main_block_corner_left_bot.gif HTTP/1.1" 200 159 "http://renault.activities.at/login" "Mozilla/5.0 (Windows NT 10.0; WOW64; Trident/7.0; rv:11.0) like Gecko"
212.186.86.74 - - [30/Jan/2019:16:53:15 +0100] "GET /images/main_block_corner_right_top.gif HTTP/1.1" 200 159 "http://renault.activities.at/login" "Mozilla/5.0 (Windows NT 10.0; WOW64; Trident/7.0; rv:11.0) like Gecko"
212.186.86.74 - - [30/Jan/2019:16:53:15 +0100] "GET /images/main_block_border.gif HTTP/1.1" 200 43 "http://renault.activities.at/login" "Mozilla/5.0 (Windows NT 10.0; WOW64; Trident/7.0; rv:11.0) like Gecko"
212.186.86.74 - - [30/Jan/2019:16:53:15 +0100] "GET /images/header_block_border.gif HTTP/1.1" 200 43 "http://renault.activities.at/login" "Mozilla/5.0 (Windows NT 10.0; WOW64; Trident/7.0; rv:11.0) like Gecko"
212.186.86.74 - - [30/Jan/2019:16:53:15 +0100] "GET /images/header_block_corner_left_top.gif HTTP/1.1" 200 160 "http://renault.activities.at/login" "Mozilla/5.0 (Windows NT 10.0; WOW64; Trident/7.0; rv:11.0) like Gecko"
212.186.86.74 - - [30/Jan/2019:16:53:15 +0100] "GET /images/header_block_corner_right_top.gif HTTP/1.1" 200 160 "http://renault.activities.at/login" "Mozilla/5.0 (Windows NT 10.0; WOW64; Trident/7.0; rv:11.0) like Gecko"
212.186.86.74 - - [30/Jan/2019:16:53:15 +0100] "GET /images/title_border.jpg HTTP/1.1" 200 304 "http://renault.activities.at/login" "Mozilla/5.0 (Windows NT 10.0; WOW64; Trident/7.0; rv:11.0) like Gecko"
212.186.86.74 - - [30/Jan/2019:16:53:15 +0100] "GET /images/title_border_top.jpg HTTP/1.1" 200 336 "http://renault.activities.at/login" "Mozilla/5.0 (Windows NT 10.0; WOW64; Trident/7.0; rv:11.0) like Gecko"
212.186.86.74 - - [30/Jan/2019:16:53:15 +0100] "GET /images/title_corner_left_top.jpg HTTP/1.1" 200 372 "http://renault.activities.at/login" "Mozilla/5.0 (Windows NT 10.0; WOW64; Trident/7.0; rv:11.0) like Gecko"
212.186.86.74 - - [30/Jan/2019:16:53:15 +0100] "GET /images/title_corner_right_top.jpg HTTP/1.1" 200 389 "http://renault.activities.at/login" "Mozilla/5.0 (Windows NT 10.0; WOW64; Trident/7.0; rv:11.0) like Gecko"
212.186.86.74 - - [30/Jan/2019:16:53:15 +0100] "GET /images/button_left_bg.gif HTTP/1.1" 200 564 "http://renault.activities.at/login" "Mozilla/5.0 (Windows NT 10.0; WOW64; Trident/7.0; rv:11.0) like Gecko"
212.186.86.74 - - [30/Jan/2019:16:53:15 +0100] "GET /images/button_right_bg.gif HTTP/1.1" 200 561 "http://renault.activities.at/login" "Mozilla/5.0 (Windows NT 10.0; WOW64; Trident/7.0; rv:11.0) like Gecko"
212.186.86.74 - - [30/Jan/2019:16:53:15 +0100] "GET /images/button_bg.gif HTTP/1.1" 200 151 "http://renault.activities.at/login" "Mozilla/5.0 (Windows NT 10.0; WOW64; Trident/7.0; rv:11.0) like Gecko"
212.186.86.74 - - [30/Jan/2019:16:53:15 +0100] "GET /loadthumbnail.php?id=11127982 HTTP/1.1" 200 399614 "http://renault.activities.at/login" "Mozilla/5.0 (Windows NT 10.0; WOW64; Trident/7.0; rv:11.0) like Gecko"
212.186.86.74 - - [30/Jan/2019:16:53:16 +0100] "GET /images/favicon.ico HTTP/1.1" 404 305 "-" "Mozilla/5.0 (Windows NT 10.0; Win64; x64; Trident/7.0; rv:11.0) like Gecko"
212.186.86.74 - - [30/Jan/2019:16:53:22 +0100] "POST /login HTTP/1.1" 302 140 "http://renault.activities.at/login" "Mozilla/5.0 (Windows NT 10.0; WOW64; Trident/7.0; rv:11.0) like Gecko"
80.121.175.66 - - [30/Jan/2019:16:53:25 +0100] "GET /reload?ser=1548863605171 HTTP/1.1" 200 28 "http://renault.activities.at/result?searchterm=true&search=anleitung" "Mozilla/5.0 (Windows NT 6.1; Win64; x64; rv:64.0) Gecko/20100101 Firefox/64.0"
212.186.86.74 - - [30/Jan/2019:16:53:24 +0100] "GET /account HTTP/1.1" 200 7050 "http://renault.activities.at/login" "Mozilla/5.0 (Windows NT 10.0; WOW64; Trident/7.0; rv:11.0) like Gecko"
212.186.86.74 - - [30/Jan/2019:16:53:27 +0100] "GET /css/reset.css HTTP/1.1" 304 - "http://renault.activities.at/account" "Mozilla/5.0 (Windows NT 10.0; WOW64; Trident/7.0; rv:11.0) like Gecko"
212.186.86.74 - - [30/Jan/2019:16:53:27 +0100] "GET /js/default.js HTTP/1.1" 304 - "http://renault.activities.at/account" "Mozilla/5.0 (Windows NT 10.0; WOW64; Trident/7.0; rv:11.0) like Gecko"
212.186.86.74 - - [30/Jan/2019:16:53:27 +0100] "GET /css/clears.css HTTP/1.1" 304 - "http://renault.activities.at/account" "Mozilla/5.0 (Windows NT 10.0; WOW64; Trident/7.0; rv:11.0) like Gecko"
212.186.86.74 - - [30/Jan/2019:16:53:27 +0100] "GET /css/styles.css HTTP/1.1" 304 - "http://renault.activities.at/account" "Mozilla/5.0 (Windows NT 10.0; WOW64; Trident/7.0; rv:11.0) like Gecko"
212.186.86.74 - - [30/Jan/2019:16:53:27 +0100] "GET /js/checkout.css HTTP/1.1" 304 - "http://renault.activities.at/account" "Mozilla/5.0 (Windows NT 10.0; WOW64; Trident/7.0; rv:11.0) like Gecko"
212.186.86.74 - - [30/Jan/2019:16:53:27 +0100] "GET /css/print.css HTTP/1.1" 304 - "http://renault.activities.at/account" "Mozilla/5.0 (Windows NT 10.0; WOW64; Trident/7.0; rv:11.0) like Gecko"
212.186.86.74 - - [30/Jan/2019:16:53:27 +0100] "GET /css/prototip.css HTTP/1.1" 304 - "http://renault.activities.at/account" "Mozilla/5.0 (Windows NT 10.0; WOW64; Trident/7.0; rv:11.0) like Gecko"
212.186.86.74 - - [30/Jan/2019:16:53:27 +0100] "GET /css/themes/default.css HTTP/1.1" 304 - "http://renault.activities.at/account" "Mozilla/5.0 (Windows NT 10.0; WOW64; Trident/7.0; rv:11.0) like Gecko"
212.186.86.74 - - [30/Jan/2019:16:53:27 +0100] "GET /js/account.js HTTP/1.1" 200 953 "http://renault.activities.at/account" "Mozilla/5.0 (Windows NT 10.0; WOW64; Trident/7.0; rv:11.0) like Gecko"
212.186.86.74 - - [30/Jan/2019:16:53:27 +0100] "GET /css/themes/alphacube.css HTTP/1.1" 304 - "http://renault.activities.at/account" "Mozilla/5.0 (Windows NT 10.0; WOW64; Trident/7.0; rv:11.0) like Gecko"
212.186.86.74 - - [30/Jan/2019:16:53:27 +0100] "GET /images/ajax_loading.gif HTTP/1.1" 200 1542 "http://renault.activities.at/account" "Mozilla/5.0 (Windows NT 10.0; WOW64; Trident/7.0; rv:11.0) like Gecko"
212.186.86.74 - - [30/Jan/2019:16:53:27 +0100] "GET /loadthumbnail.php?id=11819632&width=50&height=50 HTTP/1.1" 200 1282 "http://renault.activities.at/account" "Mozilla/5.0 (Windows NT 10.0; WOW64; Trident/7.0; rv:11.0) like Gecko"
212.186.86.74 - - [30/Jan/2019:16:53:27 +0100] "GET /loadthumbnail.php?id=11711045&width=50&height=50 HTTP/1.1" 200 1132 "http://renault.activities.at/account" "Mozilla/5.0 (Windows NT 10.0; WOW64; Trident/7.0; rv:11.0) like Gecko"
212.186.86.74 - - [30/Jan/2019:16:53:27 +0100] "GET /images/search_bg.gif HTTP/1.1" 200 1726 "http://renault.activities.at/account" "Mozilla/5.0 (Windows NT 10.0; WOW64; Trident/7.0; rv:11.0) like Gecko"
212.186.86.74 - - [30/Jan/2019:16:53:27 +0100] "GET /loadthumbnail.php?id=11643691&width=50&height=50 HTTP/1.1" 200 1191 "http://renault.activities.at/account" "Mozilla/5.0 (Windows NT 10.0; WOW64; Trident/7.0; rv:11.0) like Gecko"
212.186.86.74 - - [30/Jan/2019:16:53:27 +0100] "GET /loadthumbnail.php?id=10260863&width=50&height=50 HTTP/1.1" 200 734 "http://renault.activities.at/account" "Mozilla/5.0 (Windows NT 10.0; WOW64; Trident/7.0; rv:11.0) like Gecko"
212.186.86.74 - - [30/Jan/2019:16:53:27 +0100] "GET /images/header_block_corner_right_top.gif HTTP/1.1" 304 - "http://renault.activities.at/account" "Mozilla/5.0 (Windows NT 10.0; WOW64; Trident/7.0; rv:11.0) like Gecko"
212.186.86.74 - - [30/Jan/2019:16:53:27 +0100] "GET /images/main_block_corner_left_top.gif HTTP/1.1" 304 - "http://renault.activities.at/account" "Mozilla/5.0 (Windows NT 10.0; WOW64; Trident/7.0; rv:11.0) like Gecko"
212.186.86.74 - - [30/Jan/2019:16:53:27 +0100] "GET /images/main_block_border.gif HTTP/1.1" 304 - "http://renault.activities.at/account" "Mozilla/5.0 (Windows NT 10.0; WOW64; Trident/7.0; rv:11.0) like Gecko"
212.186.86.74 - - [30/Jan/2019:16:53:27 +0100] "GET /loadthumbnail.php?id=10203651&width=50&height=50 HTTP/1.1" 200 1234 "http://renault.activities.at/account" "Mozilla/5.0 (Windows NT 10.0; WOW64; Trident/7.0; rv:11.0) like Gecko"
212.186.86.74 - - [30/Jan/2019:16:53:27 +0100] "GET /images/main_block_corner_right_top.gif HTTP/1.1" 304 - "http://renault.activities.at/account" "Mozilla/5.0 (Windows NT 10.0; WOW64; Trident/7.0; rv:11.0) like Gecko"
212.186.86.74 - - [30/Jan/2019:16:53:27 +0100] "GET /images/main_block_corner_right_bot.gif HTTP/1.1" 304 - "http://renault.activities.at/account" "Mozilla/5.0 (Windows NT 10.0; WOW64; Trident/7.0; rv:11.0) like Gecko"
212.186.86.74 - - [30/Jan/2019:16:53:27 +0100] "GET /images/header_block_border.gif HTTP/1.1" 304 - "http://renault.activities.at/account" "Mozilla/5.0 (Windows NT 10.0; WOW64; Trident/7.0; rv:11.0) like Gecko"
212.186.86.74 - - [30/Jan/2019:16:53:27 +0100] "GET /images/main_block_corner_left_bot.gif HTTP/1.1" 304 - "http://renault.activities.at/account" "Mozilla/5.0 (Windows NT 10.0; WOW64; Trident/7.0; rv:11.0) like Gecko"
212.186.86.74 - - [30/Jan/2019:16:53:27 +0100] "GET /images/header_block_corner_left_top.gif HTTP/1.1" 304 - "http://renault.activities.at/account" "Mozilla/5.0 (Windows NT 10.0; WOW64; Trident/7.0; rv:11.0) like Gecko"
212.186.86.74 - - [30/Jan/2019:16:53:27 +0100] "GET /images/button_left_bg.gif HTTP/1.1" 304 - "http://renault.activities.at/account" "Mozilla/5.0 (Windows NT 10.0; WOW64; Trident/7.0; rv:11.0) like Gecko"
212.186.86.74 - - [30/Jan/2019:16:53:27 +0100] "GET /images/sidebar_title_border.gif HTTP/1.1" 200 43 "http://renault.activities.at/account" "Mozilla/5.0 (Windows NT 10.0; WOW64; Trident/7.0; rv:11.0) like Gecko"
212.186.86.74 - - [30/Jan/2019:16:53:27 +0100] "GET /images/menu_button_bg.jpg HTTP/1.1" 200 322 "http://renault.activities.at/account" "Mozilla/5.0 (Windows NT 10.0; WOW64; Trident/7.0; rv:11.0) like Gecko"
212.186.86.74 - - [30/Jan/2019:16:53:27 +0100] "GET /images/nav_divider.gif HTTP/1.1" 200 43 "http://renault.activities.at/account" "Mozilla/5.0 (Windows NT 10.0; WOW64; Trident/7.0; rv:11.0) like Gecko"
212.186.86.74 - - [30/Jan/2019:16:53:27 +0100] "GET /images/top_links_divider.gif HTTP/1.1" 200 44 "http://renault.activities.at/account" "Mozilla/5.0 (Windows NT 10.0; WOW64; Trident/7.0; rv:11.0) like Gecko"
212.186.86.74 - - [30/Jan/2019:16:53:27 +0100] "GET /images/menu_divider.gif HTTP/1.1" 200 176 "http://renault.activities.at/account" "Mozilla/5.0 (Windows NT 10.0; WOW64; Trident/7.0; rv:11.0) like Gecko"
212.186.86.74 - - [30/Jan/2019:16:53:27 +0100] "GET /images/sidebar_title_corner_left_top.gif HTTP/1.1" 200 1124 "http://renault.activities.at/account" "Mozilla/5.0 (Windows NT 10.0; WOW64; Trident/7.0; rv:11.0) like Gecko"
212.186.86.74 - - [30/Jan/2019:16:53:27 +0100] "GET /images/sidebar_title_border_top.gif HTTP/1.1" 200 155 "http://renault.activities.at/account" "Mozilla/5.0 (Windows NT 10.0; WOW64; Trident/7.0; rv:11.0) like Gecko"
212.186.86.74 - - [30/Jan/2019:16:53:27 +0100] "GET /images/button_right_bg.gif HTTP/1.1" 304 - "http://renault.activities.at/account" "Mozilla/5.0 (Windows NT 10.0; WOW64; Trident/7.0; rv:11.0) like Gecko"
212.186.86.74 - - [30/Jan/2019:16:53:27 +0100] "GET /images/button_bg.gif HTTP/1.1" 304 - "http://renault.activities.at/account" "Mozilla/5.0 (Windows NT 10.0; WOW64; Trident/7.0; rv:11.0) like Gecko"
212.186.86.74 - - [30/Jan/2019:16:53:27 +0100] "GET /images/sidebar_title_corner_right_top.gif HTTP/1.1" 200 383 "http://renault.activities.at/account" "Mozilla/5.0 (Windows NT 10.0; WOW64; Trident/7.0; rv:11.0) like Gecko"
212.186.86.74 - - [30/Jan/2019:16:53:27 +0100] "GET /images/title_border.jpg HTTP/1.1" 304 - "http://renault.activities.at/account" "Mozilla/5.0 (Windows NT 10.0; WOW64; Trident/7.0; rv:11.0) like Gecko"
212.186.86.74 - - [30/Jan/2019:16:53:27 +0100] "GET /images/title_corner_left_top.jpg HTTP/1.1" 304 - "http://renault.activities.at/account" "Mozilla/5.0 (Windows NT 10.0; WOW64; Trident/7.0; rv:11.0) like Gecko"
212.186.86.74 - - [30/Jan/2019:16:53:27 +0100] "GET /images/title_border_top.jpg HTTP/1.1" 304 - "http://renault.activities.at/account" "Mozilla/5.0 (Windows NT 10.0; WOW64; Trident/7.0; rv:11.0) like Gecko"
212.186.86.74 - - [30/Jan/2019:16:53:27 +0100] "GET /images/title_corner_right_top.jpg HTTP/1.1" 304 - "http://renault.activities.at/account" "Mozilla/5.0 (Windows NT 10.0; WOW64; Trident/7.0; rv:11.0) like Gecko"
212.186.86.74 - - [30/Jan/2019:16:53:27 +0100] "GET /images/validation_advice_bg.gif HTTP/1.1" 200 134 "http://renault.activities.at/account" "Mozilla/5.0 (Windows NT 10.0; WOW64; Trident/7.0; rv:11.0) like Gecko"
