80.122.222.62 - - [31/Jan/2019:18:13:14 +0100] "GET /loadthumbnail.php?id=11247081&width=113 HTTP/1.1" 200 2512 "http://renault.activities.at/10201442?dir=DESC&mode=grid&order=name&limit=15&page=8&cat=10201637" "Mozilla/5.0 (Windows NT 10.0; WOW64; Trident/7.0; rv:11.0) like Gecko"
80.122.222.62 - - [31/Jan/2019:18:13:14 +0100] "GET /loadthumbnail.php?id=10930520&width=113 HTTP/1.1" 200 2026 "http://renault.activities.at/10201442?dir=DESC&mode=grid&order=name&limit=15&page=8&cat=10201637" "Mozilla/5.0 (Windows NT 10.0; WOW64; Trident/7.0; rv:11.0) like Gecko"
80.122.222.62 - - [31/Jan/2019:18:13:14 +0100] "GET /loadthumbnail.php?id=10930552&width=113 HTTP/1.1" 200 2035 "http://renault.activities.at/10201442?dir=DESC&mode=grid&order=name&limit=15&page=8&cat=10201637" "Mozilla/5.0 (Windows NT 10.0; WOW64; Trident/7.0; rv:11.0) like Gecko"
80.122.222.62 - - [31/Jan/2019:18:13:19 +0100] "GET /images/vista-up-hover.gif HTTP/1.1" 200 130 "http://renault.activities.at/10201442?dir=DESC&mode=grid&order=name&limit=15&page=8&cat=10201637" "Mozilla/5.0 (Windows NT 10.0; WOW64; Trident/7.0; rv:11.0) like Gecko"
80.122.222.62 - - [31/Jan/2019:18:13:40 +0100] "GET /10201442?dir=DESC&mode=grid&order=name&limit=15&page=9&cat=10201637 HTTP/1.1" 200 9283 "http://renault.activities.at/10201442?dir=DESC&mode=grid&order=name&limit=15&page=8&cat=10201637" "Mozilla/5.0 (Windows NT 10.0; WOW64; Trident/7.0; rv:11.0) like Gecko"
80.122.222.62 - - [31/Jan/2019:18:13:43 +0100] "GET /loadthumbnail.php?id=11676220&width=113 HTTP/1.1" 200 1633 "http://renault.activities.at/10201442?dir=DESC&mode=grid&order=name&limit=15&page=9&cat=10201637" "Mozilla/5.0 (Windows NT 10.0; WOW64; Trident/7.0; rv:11.0) like Gecko"
80.122.222.62 - - [31/Jan/2019:18:13:43 +0100] "GET /loadthumbnail.php?id=11710979&width=113 HTTP/1.1" 200 1909 "http://renault.activities.at/10201442?dir=DESC&mode=grid&order=name&limit=15&page=9&cat=10201637" "Mozilla/5.0 (Windows NT 10.0; WOW64; Trident/7.0; rv:11.0) like Gecko"
80.122.222.62 - - [31/Jan/2019:18:13:43 +0100] "GET /loadthumbnail.php?id=11228497&width=113 HTTP/1.1" 200 3267 "http://renault.activities.at/10201442?dir=DESC&mode=grid&order=name&limit=15&page=9&cat=10201637" "Mozilla/5.0 (Windows NT 10.0; WOW64; Trident/7.0; rv:11.0) like Gecko"
80.122.222.62 - - [31/Jan/2019:18:13:43 +0100] "GET /loadthumbnail.php?id=11847428&width=113 HTTP/1.1" 200 3229 "http://renault.activities.at/10201442?dir=DESC&mode=grid&order=name&limit=15&page=9&cat=10201637" "Mozilla/5.0 (Windows NT 10.0; WOW64; Trident/7.0; rv:11.0) like Gecko"
80.122.222.62 - - [31/Jan/2019:18:13:43 +0100] "GET /loadthumbnail.php?id=10309491&width=113 HTTP/1.1" 200 2476 "http://renault.activities.at/10201442?dir=DESC&mode=grid&order=name&limit=15&page=9&cat=10201637" "Mozilla/5.0 (Windows NT 10.0; WOW64; Trident/7.0; rv:11.0) like Gecko"
80.122.222.62 - - [31/Jan/2019:18:13:43 +0100] "GET /loadthumbnail.php?id=11967697&width=113 HTTP/1.1" 200 2902 "http://renault.activities.at/10201442?dir=DESC&mode=grid&order=name&limit=15&page=9&cat=10201637" "Mozilla/5.0 (Windows NT 10.0; WOW64; Trident/7.0; rv:11.0) like Gecko"
80.122.222.62 - - [31/Jan/2019:18:13:44 +0100] "GET /loadthumbnail.php?id=10309492&width=113 HTTP/1.1" 200 2666 "http://renault.activities.at/10201442?dir=DESC&mode=grid&order=name&limit=15&page=9&cat=10201637" "Mozilla/5.0 (Windows NT 10.0; WOW64; Trident/7.0; rv:11.0) like Gecko"
80.122.222.62 - - [31/Jan/2019:18:13:44 +0100] "GET /loadthumbnail.php?id=11623667&width=113 HTTP/1.1" 200 3762 "http://renault.activities.at/10201442?dir=DESC&mode=grid&order=name&limit=15&page=9&cat=10201637" "Mozilla/5.0 (Windows NT 10.0; WOW64; Trident/7.0; rv:11.0) like Gecko"
80.122.222.62 - - [31/Jan/2019:18:13:44 +0100] "GET /loadthumbnail.php?id=11775715&width=113 HTTP/1.1" 200 3740 "http://renault.activities.at/10201442?dir=DESC&mode=grid&order=name&limit=15&page=9&cat=10201637" "Mozilla/5.0 (Windows NT 10.0; WOW64; Trident/7.0; rv:11.0) like Gecko"
80.122.222.62 - - [31/Jan/2019:18:13:44 +0100] "GET /loadthumbnail.php?id=11893885&width=113 HTTP/1.1" 200 3187 "http://renault.activities.at/10201442?dir=DESC&mode=grid&order=name&limit=15&page=9&cat=10201637" "Mozilla/5.0 (Windows NT 10.0; WOW64; Trident/7.0; rv:11.0) like Gecko"
80.122.222.62 - - [31/Jan/2019:18:13:44 +0100] "GET /loadthumbnail.php?id=11635106&width=113 HTTP/1.1" 200 2935 "http://renault.activities.at/10201442?dir=DESC&mode=grid&order=name&limit=15&page=9&cat=10201637" "Mozilla/5.0 (Windows NT 10.0; WOW64; Trident/7.0; rv:11.0) like Gecko"
80.122.222.62 - - [31/Jan/2019:18:13:44 +0100] "GET /loadthumbnail.php?id=11760044&width=113 HTTP/1.1" 200 2760 "http://renault.activities.at/10201442?dir=DESC&mode=grid&order=name&limit=15&page=9&cat=10201637" "Mozilla/5.0 (Windows NT 10.0; WOW64; Trident/7.0; rv:11.0) like Gecko"
80.122.222.62 - - [31/Jan/2019:18:13:44 +0100] "GET /loadthumbnail.php?id=11760038&width=113 HTTP/1.1" 200 4403 "http://renault.activities.at/10201442?dir=DESC&mode=grid&order=name&limit=15&page=9&cat=10201637" "Mozilla/5.0 (Windows NT 10.0; WOW64; Trident/7.0; rv:11.0) like Gecko"
80.122.222.62 - - [31/Jan/2019:18:13:44 +0100] "GET /loadthumbnail.php?id=11461308&width=113 HTTP/1.1" 200 2471 "http://renault.activities.at/10201442?dir=DESC&mode=grid&order=name&limit=15&page=9&cat=10201637" "Mozilla/5.0 (Windows NT 10.0; WOW64; Trident/7.0; rv:11.0) like Gecko"
82.135.5.126 - - [31/Jan/2019:18:13:45 +0100] "GET /reload?ser=1548954824991 HTTP/1.1" 200 28 "http://renault.activities.at/success" "Mozilla/5.0 (Windows NT 10.0; WOW64; Trident/7.0; rv:11.0) like Gecko"
80.122.222.62 - - [31/Jan/2019:18:14:43 +0100] "POST /10201442?dir=DESC&mode=grid&order=name&limit=15&page=9&cat=10201637 HTTP/1.1" 200 9471 "http://renault.activities.at/10201442?dir=DESC&mode=grid&order=name&limit=15&page=9&cat=10201637" "Mozilla/5.0 (Windows NT 10.0; WOW64; Trident/7.0; rv:11.0) like Gecko"
80.122.222.62 - - [31/Jan/2019:18:14:45 +0100] "GET /images/success_msg_icon.gif HTTP/1.1" 200 1024 "http://renault.activities.at/10201442?dir=DESC&mode=grid&order=name&limit=15&page=9&cat=10201637" "Mozilla/5.0 (Windows NT 10.0; WOW64; Trident/7.0; rv:11.0) like Gecko"
80.122.222.62 - - [31/Jan/2019:18:14:44 +0100] "GET /reload?ser=1548954887198 HTTP/1.1" 200 28 "http://renault.activities.at/10201442?dir=DESC&mode=grid&order=name&limit=15&page=9&cat=10201637" "Mozilla/5.0 (Windows NT 10.0; WOW64; Trident/7.0; rv:11.0) like Gecko"
82.135.5.126 - - [31/Jan/2019:18:14:46 +0100] "GET /reload?ser=1548954885979 HTTP/1.1" 200 28 "http://renault.activities.at/success" "Mozilla/5.0 (Windows NT 10.0; WOW64; Trident/7.0; rv:11.0) like Gecko"
80.122.222.62 - - [31/Jan/2019:18:14:56 +0100] "GET /10201442?dir=DESC&mode=grid&order=name&limit=15&page=10&cat=10201637 HTTP/1.1" 200 9357 "http://renault.activities.at/10201442?dir=DESC&mode=grid&order=name&limit=15&page=9&cat=10201637" "Mozilla/5.0 (Windows NT 10.0; WOW64; Trident/7.0; rv:11.0) like Gecko"
80.122.222.62 - - [31/Jan/2019:18:14:59 +0100] "GET /loadthumbnail.php?id=11461312&width=113 HTTP/1.1" 200 3416 "http://renault.activities.at/10201442?dir=DESC&mode=grid&order=name&limit=15&page=10&cat=10201637" "Mozilla/5.0 (Windows NT 10.0; WOW64; Trident/7.0; rv:11.0) like Gecko"
80.122.222.62 - - [31/Jan/2019:18:14:59 +0100] "GET /loadthumbnail.php?id=11461316&width=113 HTTP/1.1" 200 2946 "http://renault.activities.at/10201442?dir=DESC&mode=grid&order=name&limit=15&page=10&cat=10201637" "Mozilla/5.0 (Windows NT 10.0; WOW64; Trident/7.0; rv:11.0) like Gecko"
80.122.222.62 - - [31/Jan/2019:18:14:59 +0100] "GET /loadthumbnail.php?id=11461324&width=113 HTTP/1.1" 200 3624 "http://renault.activities.at/10201442?dir=DESC&mode=grid&order=name&limit=15&page=10&cat=10201637" "Mozilla/5.0 (Windows NT 10.0; WOW64; Trident/7.0; rv:11.0) like Gecko"
80.122.222.62 - - [31/Jan/2019:18:14:59 +0100] "GET /loadthumbnail.php?id=11461320&width=113 HTTP/1.1" 200 3915 "http://renault.activities.at/10201442?dir=DESC&mode=grid&order=name&limit=15&page=10&cat=10201637" "Mozilla/5.0 (Windows NT 10.0; WOW64; Trident/7.0; rv:11.0) like Gecko"
80.122.222.62 - - [31/Jan/2019:18:14:59 +0100] "GET /loadthumbnail.php?id=11036884&width=113 HTTP/1.1" 200 3146 "http://renault.activities.at/10201442?dir=DESC&mode=grid&order=name&limit=15&page=10&cat=10201637" "Mozilla/5.0 (Windows NT 10.0; WOW64; Trident/7.0; rv:11.0) like Gecko"
80.122.222.62 - - [31/Jan/2019:18:14:59 +0100] "GET /loadthumbnail.php?id=11659630&width=113 HTTP/1.1" 200 2737 "http://renault.activities.at/10201442?dir=DESC&mode=grid&order=name&limit=15&page=10&cat=10201637" "Mozilla/5.0 (Windows NT 10.0; WOW64; Trident/7.0; rv:11.0) like Gecko"
80.122.222.62 - - [31/Jan/2019:18:14:59 +0100] "GET /loadthumbnail.php?id=11128108&width=113 HTTP/1.1" 200 2522 "http://renault.activities.at/10201442?dir=DESC&mode=grid&order=name&limit=15&page=10&cat=10201637" "Mozilla/5.0 (Windows NT 10.0; WOW64; Trident/7.0; rv:11.0) like Gecko"
80.122.222.62 - - [31/Jan/2019:18:14:59 +0100] "GET /loadthumbnail.php?id=11293735&width=113 HTTP/1.1" 200 3795 "http://renault.activities.at/10201442?dir=DESC&mode=grid&order=name&limit=15&page=10&cat=10201637" "Mozilla/5.0 (Windows NT 10.0; WOW64; Trident/7.0; rv:11.0) like Gecko"
80.122.222.62 - - [31/Jan/2019:18:14:59 +0100] "GET /loadthumbnail.php?id=11314589&width=113 HTTP/1.1" 200 3055 "http://renault.activities.at/10201442?dir=DESC&mode=grid&order=name&limit=15&page=10&cat=10201637" "Mozilla/5.0 (Windows NT 10.0; WOW64; Trident/7.0; rv:11.0) like Gecko"
80.122.222.62 - - [31/Jan/2019:18:14:59 +0100] "GET /loadthumbnail.php?id=11418135&width=113 HTTP/1.1" 200 4142 "http://renault.activities.at/10201442?dir=DESC&mode=grid&order=name&limit=15&page=10&cat=10201637" "Mozilla/5.0 (Windows NT 10.0; WOW64; Trident/7.0; rv:11.0) like Gecko"
80.122.222.62 - - [31/Jan/2019:18:14:59 +0100] "GET /loadthumbnail.php?id=11349155&width=113 HTTP/1.1" 200 2814 "http://renault.activities.at/10201442?dir=DESC&mode=grid&order=name&limit=15&page=10&cat=10201637" "Mozilla/5.0 (Windows NT 10.0; WOW64; Trident/7.0; rv:11.0) like Gecko"
80.122.222.62 - - [31/Jan/2019:18:14:59 +0100] "GET /loadthumbnail.php?id=11470095&width=113 HTTP/1.1" 200 5019 "http://renault.activities.at/10201442?dir=DESC&mode=grid&order=name&limit=15&page=10&cat=10201637" "Mozilla/5.0 (Windows NT 10.0; WOW64; Trident/7.0; rv:11.0) like Gecko"
80.122.222.62 - - [31/Jan/2019:18:15:00 +0100] "GET /loadthumbnail.php?id=10259680&width=113 HTTP/1.1" 200 1966 "http://renault.activities.at/10201442?dir=DESC&mode=grid&order=name&limit=15&page=10&cat=10201637" "Mozilla/5.0 (Windows NT 10.0; WOW64; Trident/7.0; rv:11.0) like Gecko"
80.122.222.62 - - [31/Jan/2019:18:15:00 +0100] "GET /loadthumbnail.php?id=11927086&width=113 HTTP/1.1" 200 2978 "http://renault.activities.at/10201442?dir=DESC&mode=grid&order=name&limit=15&page=10&cat=10201637" "Mozilla/5.0 (Windows NT 10.0; WOW64; Trident/7.0; rv:11.0) like Gecko"
80.122.222.62 - - [31/Jan/2019:18:15:29 +0100] "GET /10201442?dir=DESC&mode=grid&order=name&limit=15&page=11&cat=10201637 HTTP/1.1" 200 9106 "http://renault.activities.at/10201442?dir=DESC&mode=grid&order=name&limit=15&page=10&cat=10201637" "Mozilla/5.0 (Windows NT 10.0; WOW64; Trident/7.0; rv:11.0) like Gecko"
80.122.222.62 - - [31/Jan/2019:18:15:32 +0100] "GET /loadthumbnail.php?id=11665065&width=113 HTTP/1.1" 200 2677 "http://renault.activities.at/10201442?dir=DESC&mode=grid&order=name&limit=15&page=11&cat=10201637" "Mozilla/5.0 (Windows NT 10.0; WOW64; Trident/7.0; rv:11.0) like Gecko"
80.122.222.62 - - [31/Jan/2019:18:15:33 +0100] "GET /loadthumbnail.php?id=11665066&width=113 HTTP/1.1" 200 4533 "http://renault.activities.at/10201442?dir=DESC&mode=grid&order=name&limit=15&page=11&cat=10201637" "Mozilla/5.0 (Windows NT 10.0; WOW64; Trident/7.0; rv:11.0) like Gecko"
80.122.222.62 - - [31/Jan/2019:18:15:33 +0100] "GET /loadthumbnail.php?id=11906025&width=113 HTTP/1.1" 200 2994 "http://renault.activities.at/10201442?dir=DESC&mode=grid&order=name&limit=15&page=11&cat=10201637" "Mozilla/5.0 (Windows NT 10.0; WOW64; Trident/7.0; rv:11.0) like Gecko"
80.122.222.62 - - [31/Jan/2019:18:15:33 +0100] "GET /loadthumbnail.php?id=11532185&width=113 HTTP/1.1" 200 2800 "http://renault.activities.at/10201442?dir=DESC&mode=grid&order=name&limit=15&page=11&cat=10201637" "Mozilla/5.0 (Windows NT 10.0; WOW64; Trident/7.0; rv:11.0) like Gecko"
80.122.222.62 - - [31/Jan/2019:18:15:33 +0100] "GET /loadthumbnail.php?id=11314595&width=113 HTTP/1.1" 200 2441 "http://renault.activities.at/10201442?dir=DESC&mode=grid&order=name&limit=15&page=11&cat=10201637" "Mozilla/5.0 (Windows NT 10.0; WOW64; Trident/7.0; rv:11.0) like Gecko"
80.122.222.62 - - [31/Jan/2019:18:15:33 +0100] "GET /loadthumbnail.php?id=11314594&width=113 HTTP/1.1" 200 4859 "http://renault.activities.at/10201442?dir=DESC&mode=grid&order=name&limit=15&page=11&cat=10201637" "Mozilla/5.0 (Windows NT 10.0; WOW64; Trident/7.0; rv:11.0) like Gecko"
80.122.222.62 - - [31/Jan/2019:18:15:33 +0100] "GET /loadthumbnail.php?id=11784479&width=113 HTTP/1.1" 200 2490 "http://renault.activities.at/10201442?dir=DESC&mode=grid&order=name&limit=15&page=11&cat=10201637" "Mozilla/5.0 (Windows NT 10.0; WOW64; Trident/7.0; rv:11.0) like Gecko"
80.122.222.62 - - [31/Jan/2019:18:15:33 +0100] "GET /loadthumbnail.php?id=11784481&width=113 HTTP/1.1" 200 5692 "http://renault.activities.at/10201442?dir=DESC&mode=grid&order=name&limit=15&page=11&cat=10201637" "Mozilla/5.0 (Windows NT 10.0; WOW64; Trident/7.0; rv:11.0) like Gecko"
80.122.222.62 - - [31/Jan/2019:18:15:33 +0100] "GET /loadthumbnail.php?id=11784466&width=113 HTTP/1.1" 200 3044 "http://renault.activities.at/10201442?dir=DESC&mode=grid&order=name&limit=15&page=11&cat=10201637" "Mozilla/5.0 (Windows NT 10.0; WOW64; Trident/7.0; rv:11.0) like Gecko"
80.122.222.62 - - [31/Jan/2019:18:15:33 +0100] "GET /loadthumbnail.php?id=11784483&width=113 HTTP/1.1" 200 5836 "http://renault.activities.at/10201442?dir=DESC&mode=grid&order=name&limit=15&page=11&cat=10201637" "Mozilla/5.0 (Windows NT 10.0; WOW64; Trident/7.0; rv:11.0) like Gecko"
80.122.222.62 - - [31/Jan/2019:18:15:33 +0100] "GET /loadthumbnail.php?id=11784465&width=113 HTTP/1.1" 200 2824 "http://renault.activities.at/10201442?dir=DESC&mode=grid&order=name&limit=15&page=11&cat=10201637" "Mozilla/5.0 (Windows NT 10.0; WOW64; Trident/7.0; rv:11.0) like Gecko"
80.122.222.62 - - [31/Jan/2019:18:15:33 +0100] "GET /loadthumbnail.php?id=11784480&width=113 HTTP/1.1" 200 4887 "http://renault.activities.at/10201442?dir=DESC&mode=grid&order=name&limit=15&page=11&cat=10201637" "Mozilla/5.0 (Windows NT 10.0; WOW64; Trident/7.0; rv:11.0) like Gecko"
80.122.222.62 - - [31/Jan/2019:18:15:33 +0100] "GET /loadthumbnail.php?id=11784464&width=113 HTTP/1.1" 200 2802 "http://renault.activities.at/10201442?dir=DESC&mode=grid&order=name&limit=15&page=11&cat=10201637" "Mozilla/5.0 (Windows NT 10.0; WOW64; Trident/7.0; rv:11.0) like Gecko"
80.122.222.62 - - [31/Jan/2019:18:15:33 +0100] "GET /loadthumbnail.php?id=11314591&width=113 HTTP/1.1" 200 2647 "http://renault.activities.at/10201442?dir=DESC&mode=grid&order=name&limit=15&page=11&cat=10201637" "Mozilla/5.0 (Windows NT 10.0; WOW64; Trident/7.0; rv:11.0) like Gecko"
80.122.222.62 - - [31/Jan/2019:18:15:33 +0100] "GET /loadthumbnail.php?id=11314593&width=113 HTTP/1.1" 200 4275 "http://renault.activities.at/10201442?dir=DESC&mode=grid&order=name&limit=15&page=11&cat=10201637" "Mozilla/5.0 (Windows NT 10.0; WOW64; Trident/7.0; rv:11.0) like Gecko"
82.135.5.126 - - [31/Jan/2019:18:15:47 +0100] "GET /reload?ser=1548954947021 HTTP/1.1" 200 28 "http://renault.activities.at/success" "Mozilla/5.0 (Windows NT 10.0; WOW64; Trident/7.0; rv:11.0) like Gecko"
80.122.222.62 - - [31/Jan/2019:18:15:45 +0100] "GET /10201442?dir=DESC&mode=grid&order=name&limit=15&page=12&cat=10201637 HTTP/1.1" 200 9400 "http://renault.activities.at/10201442?dir=DESC&mode=grid&order=name&limit=15&page=11&cat=10201637" "Mozilla/5.0 (Windows NT 10.0; WOW64; Trident/7.0; rv:11.0) like Gecko"
80.122.222.62 - - [31/Jan/2019:18:15:48 +0100] "GET /loadthumbnail.php?id=11314592&width=113 HTTP/1.1" 200 3118 "http://renault.activities.at/10201442?dir=DESC&mode=grid&order=name&limit=15&page=12&cat=10201637" "Mozilla/5.0 (Windows NT 10.0; WOW64; Trident/7.0; rv:11.0) like Gecko"
80.122.222.62 - - [31/Jan/2019:18:15:48 +0100] "GET /loadthumbnail.php?id=11489823&width=113 HTTP/1.1" 200 2857 "http://renault.activities.at/10201442?dir=DESC&mode=grid&order=name&limit=15&page=12&cat=10201637" "Mozilla/5.0 (Windows NT 10.0; WOW64; Trident/7.0; rv:11.0) like Gecko"
80.122.222.62 - - [31/Jan/2019:18:15:48 +0100] "GET /loadthumbnail.php?id=11489819&width=113 HTTP/1.1" 200 3862 "http://renault.activities.at/10201442?dir=DESC&mode=grid&order=name&limit=15&page=12&cat=10201637" "Mozilla/5.0 (Windows NT 10.0; WOW64; Trident/7.0; rv:11.0) like Gecko"
80.122.222.62 - - [31/Jan/2019:18:15:48 +0100] "GET /loadthumbnail.php?id=11489794&width=113 HTTP/1.1" 200 2829 "http://renault.activities.at/10201442?dir=DESC&mode=grid&order=name&limit=15&page=12&cat=10201637" "Mozilla/5.0 (Windows NT 10.0; WOW64; Trident/7.0; rv:11.0) like Gecko"
80.122.222.62 - - [31/Jan/2019:18:15:48 +0100] "GET /loadthumbnail.php?id=11659629&width=113 HTTP/1.1" 200 2748 "http://renault.activities.at/10201442?dir=DESC&mode=grid&order=name&limit=15&page=12&cat=10201637" "Mozilla/5.0 (Windows NT 10.0; WOW64; Trident/7.0; rv:11.0) like Gecko"
80.122.222.62 - - [31/Jan/2019:18:15:48 +0100] "GET /loadthumbnail.php?id=11489779&width=113 HTTP/1.1" 200 1080 "http://renault.activities.at/10201442?dir=DESC&mode=grid&order=name&limit=15&page=12&cat=10201637" "Mozilla/5.0 (Windows NT 10.0; WOW64; Trident/7.0; rv:11.0) like Gecko"
80.122.222.62 - - [31/Jan/2019:18:15:48 +0100] "GET /loadthumbnail.php?id=11489786&width=113 HTTP/1.1" 200 2751 "http://renault.activities.at/10201442?dir=DESC&mode=grid&order=name&limit=15&page=12&cat=10201637" "Mozilla/5.0 (Windows NT 10.0; WOW64; Trident/7.0; rv:11.0) like Gecko"
80.122.222.62 - - [31/Jan/2019:18:15:48 +0100] "GET /loadthumbnail.php?id=11521730&width=113 HTTP/1.1" 200 2841 "http://renault.activities.at/10201442?dir=DESC&mode=grid&order=name&limit=15&page=12&cat=10201637" "Mozilla/5.0 (Windows NT 10.0; WOW64; Trident/7.0; rv:11.0) like Gecko"
80.122.222.62 - - [31/Jan/2019:18:15:48 +0100] "GET /loadthumbnail.php?id=11310683&width=113 HTTP/1.1" 200 1776 "http://renault.activities.at/10201442?dir=DESC&mode=grid&order=name&limit=15&page=12&cat=10201637" "Mozilla/5.0 (Windows NT 10.0; WOW64; Trident/7.0; rv:11.0) like Gecko"
80.122.222.62 - - [31/Jan/2019:18:15:48 +0100] "GET /loadthumbnail.php?id=11213903&width=113 HTTP/1.1" 200 2398 "http://renault.activities.at/10201442?dir=DESC&mode=grid&order=name&limit=15&page=12&cat=10201637" "Mozilla/5.0 (Windows NT 10.0; WOW64; Trident/7.0; rv:11.0) like Gecko"
80.122.222.62 - - [31/Jan/2019:18:15:48 +0100] "GET /loadthumbnail.php?id=11213910&width=113 HTTP/1.1" 200 2091 "http://renault.activities.at/10201442?dir=DESC&mode=grid&order=name&limit=15&page=12&cat=10201637" "Mozilla/5.0 (Windows NT 10.0; WOW64; Trident/7.0; rv:11.0) like Gecko"
80.122.222.62 - - [31/Jan/2019:18:15:48 +0100] "GET /loadthumbnail.php?id=10986339&width=113 HTTP/1.1" 200 3068 "http://renault.activities.at/10201442?dir=DESC&mode=grid&order=name&limit=15&page=12&cat=10201637" "Mozilla/5.0 (Windows NT 10.0; WOW64; Trident/7.0; rv:11.0) like Gecko"
80.122.222.62 - - [31/Jan/2019:18:15:48 +0100] "GET /loadthumbnail.php?id=11843899&width=113 HTTP/1.1" 200 2755 "http://renault.activities.at/10201442?dir=DESC&mode=grid&order=name&limit=15&page=12&cat=10201637" "Mozilla/5.0 (Windows NT 10.0; WOW64; Trident/7.0; rv:11.0) like Gecko"
80.122.222.62 - - [31/Jan/2019:18:16:30 +0100] "GET /10201442?dir=DESC&mode=grid&order=name&limit=15&page=13&cat=10201637 HTTP/1.1" 200 9354 "http://renault.activities.at/10201442?dir=DESC&mode=grid&order=name&limit=15&page=12&cat=10201637" "Mozilla/5.0 (Windows NT 10.0; WOW64; Trident/7.0; rv:11.0) like Gecko"
80.122.222.62 - - [31/Jan/2019:18:16:33 +0100] "GET /loadthumbnail.php?id=10271875&width=113 HTTP/1.1" 200 1262 "http://renault.activities.at/10201442?dir=DESC&mode=grid&order=name&limit=15&page=13&cat=10201637" "Mozilla/5.0 (Windows NT 10.0; WOW64; Trident/7.0; rv:11.0) like Gecko"
80.122.222.62 - - [31/Jan/2019:18:16:33 +0100] "GET /loadthumbnail.php?id=11228502&width=113 HTTP/1.1" 200 1524 "http://renault.activities.at/10201442?dir=DESC&mode=grid&order=name&limit=15&page=13&cat=10201637" "Mozilla/5.0 (Windows NT 10.0; WOW64; Trident/7.0; rv:11.0) like Gecko"
80.122.222.62 - - [31/Jan/2019:18:16:33 +0100] "GET /loadthumbnail.php?id=11459823&width=113 HTTP/1.1" 200 2833 "http://renault.activities.at/10201442?dir=DESC&mode=grid&order=name&limit=15&page=13&cat=10201637" "Mozilla/5.0 (Windows NT 10.0; WOW64; Trident/7.0; rv:11.0) like Gecko"
80.122.222.62 - - [31/Jan/2019:18:16:33 +0100] "GET /loadthumbnail.php?id=11171346&width=113 HTTP/1.1" 200 2786 "http://renault.activities.at/10201442?dir=DESC&mode=grid&order=name&limit=15&page=13&cat=10201637" "Mozilla/5.0 (Windows NT 10.0; WOW64; Trident/7.0; rv:11.0) like Gecko"
80.122.222.62 - - [31/Jan/2019:18:16:33 +0100] "GET /loadthumbnail.php?id=11433406&width=113 HTTP/1.1" 200 2604 "http://renault.activities.at/10201442?dir=DESC&mode=grid&order=name&limit=15&page=13&cat=10201637" "Mozilla/5.0 (Windows NT 10.0; WOW64; Trident/7.0; rv:11.0) like Gecko"
80.122.222.62 - - [31/Jan/2019:18:16:33 +0100] "GET /loadthumbnail.php?id=11171345&width=113 HTTP/1.1" 200 2786 "http://renault.activities.at/10201442?dir=DESC&mode=grid&order=name&limit=15&page=13&cat=10201637" "Mozilla/5.0 (Windows NT 10.0; WOW64; Trident/7.0; rv:11.0) like Gecko"
80.122.222.62 - - [31/Jan/2019:18:16:34 +0100] "GET /loadthumbnail.php?id=10925819&width=113 HTTP/1.1" 200 4429 "http://renault.activities.at/10201442?dir=DESC&mode=grid&order=name&limit=15&page=13&cat=10201637" "Mozilla/5.0 (Windows NT 10.0; WOW64; Trident/7.0; rv:11.0) like Gecko"
80.122.222.62 - - [31/Jan/2019:18:16:34 +0100] "GET /loadthumbnail.php?id=10925818&width=113 HTTP/1.1" 200 1753 "http://renault.activities.at/10201442?dir=DESC&mode=grid&order=name&limit=15&page=13&cat=10201637" "Mozilla/5.0 (Windows NT 10.0; WOW64; Trident/7.0; rv:11.0) like Gecko"
80.122.222.62 - - [31/Jan/2019:18:16:34 +0100] "GET /loadthumbnail.php?id=11111497&width=113 HTTP/1.1" 200 1788 "http://renault.activities.at/10201442?dir=DESC&mode=grid&order=name&limit=15&page=13&cat=10201637" "Mozilla/5.0 (Windows NT 10.0; WOW64; Trident/7.0; rv:11.0) like Gecko"
80.122.222.62 - - [31/Jan/2019:18:16:34 +0100] "GET /loadthumbnail.php?id=11111495&width=113 HTTP/1.1" 200 1788 "http://renault.activities.at/10201442?dir=DESC&mode=grid&order=name&limit=15&page=13&cat=10201637" "Mozilla/5.0 (Windows NT 10.0; WOW64; Trident/7.0; rv:11.0) like Gecko"
80.122.222.62 - - [31/Jan/2019:18:16:34 +0100] "GET /loadthumbnail.php?id=11111496&width=113 HTTP/1.1" 200 1791 "http://renault.activities.at/10201442?dir=DESC&mode=grid&order=name&limit=15&page=13&cat=10201637" "Mozilla/5.0 (Windows NT 10.0; WOW64; Trident/7.0; rv:11.0) like Gecko"
82.135.5.126 - - [31/Jan/2019:18:16:48 +0100] "GET /reload?ser=1548955008027 HTTP/1.1" 200 28 "http://renault.activities.at/success" "Mozilla/5.0 (Windows NT 10.0; WOW64; Trident/7.0; rv:11.0) like Gecko"
86.59.113.102 - - [31/Jan/2019:18:17:28 +0100] "GET / HTTP/1.0" 200 14906 "-" "curl/7.21.0 (i486-pc-linux-gnu) libcurl/7.21.0 OpenSSL/0.9.8o zlib/1.2.3.4 libidn/1.15 libssh2/1.2.6"
80.122.222.62 - - [31/Jan/2019:18:17:32 +0100] "GET /10201442?dir=DESC&mode=grid&order=name&limit=15&page=14&cat=10201637 HTTP/1.1" 200 9273 "http://renault.activities.at/10201442?dir=DESC&mode=grid&order=name&limit=15&page=13&cat=10201637" "Mozilla/5.0 (Windows NT 10.0; WOW64; Trident/7.0; rv:11.0) like Gecko"
90.152.128.107 - - [31/Jan/2019:18:17:37 +0100] "GET / HTTP/1.1" 200 3591 "-" "Mozilla/5.0 (Windows NT 10.0; WOW64) AppleWebKit/537.36 (KHTML, like Gecko) Chrome/71.0.3578.98 Safari/537.36"
90.152.128.107 - - [31/Jan/2019:18:17:38 +0100] "GET /js/default.js HTTP/1.1" 304 - "http://renault.activities.at/" "Mozilla/5.0 (Windows NT 10.0; WOW64) AppleWebKit/537.36 (KHTML, like Gecko) Chrome/71.0.3578.98 Safari/537.36"
90.152.128.107 - - [31/Jan/2019:18:17:38 +0100] "GET /css/reset.css HTTP/1.1" 304 - "http://renault.activities.at/" "Mozilla/5.0 (Windows NT 10.0; WOW64) AppleWebKit/537.36 (KHTML, like Gecko) Chrome/71.0.3578.98 Safari/537.36"
90.152.128.107 - - [31/Jan/2019:18:17:38 +0100] "GET /css/styles.css HTTP/1.1" 304 - "http://renault.activities.at/" "Mozilla/5.0 (Windows NT 10.0; WOW64) AppleWebKit/537.36 (KHTML, like Gecko) Chrome/71.0.3578.98 Safari/537.36"
80.122.222.62 - - [31/Jan/2019:18:17:38 +0100] "GET /loadthumbnail.php?id=11111985&width=113 HTTP/1.1" 200 1814 "http://renault.activities.at/10201442?dir=DESC&mode=grid&order=name&limit=15&page=14&cat=10201637" "Mozilla/5.0 (Windows NT 10.0; WOW64; Trident/7.0; rv:11.0) like Gecko"
80.122.222.62 - - [31/Jan/2019:18:17:38 +0100] "GET /loadthumbnail.php?id=11111498&width=113 HTTP/1.1" 200 1791 "http://renault.activities.at/10201442?dir=DESC&mode=grid&order=name&limit=15&page=14&cat=10201637" "Mozilla/5.0 (Windows NT 10.0; WOW64; Trident/7.0; rv:11.0) like Gecko"
80.122.222.62 - - [31/Jan/2019:18:17:38 +0100] "GET /loadthumbnail.php?id=11112261&width=113 HTTP/1.1" 200 1814 "http://renault.activities.at/10201442?dir=DESC&mode=grid&order=name&limit=15&page=14&cat=10201637" "Mozilla/5.0 (Windows NT 10.0; WOW64; Trident/7.0; rv:11.0) like Gecko"
80.122.222.62 - - [31/Jan/2019:18:17:38 +0100] "GET /loadthumbnail.php?id=11112400&width=113 HTTP/1.1" 200 1851 "http://renault.activities.at/10201442?dir=DESC&mode=grid&order=name&limit=15&page=14&cat=10201637" "Mozilla/5.0 (Windows NT 10.0; WOW64; Trident/7.0; rv:11.0) like Gecko"
80.122.222.62 - - [31/Jan/2019:18:17:38 +0100] "GET /loadthumbnail.php?id=11112110&width=113 HTTP/1.1" 200 1851 "http://renault.activities.at/10201442?dir=DESC&mode=grid&order=name&limit=15&page=14&cat=10201637" "Mozilla/5.0 (Windows NT 10.0; WOW64; Trident/7.0; rv:11.0) like Gecko"
80.122.222.62 - - [31/Jan/2019:18:17:38 +0100] "GET /loadthumbnail.php?id=11967858&width=113 HTTP/1.1" 200 1835 "http://renault.activities.at/10201442?dir=DESC&mode=grid&order=name&limit=15&page=14&cat=10201637" "Mozilla/5.0 (Windows NT 10.0; WOW64; Trident/7.0; rv:11.0) like Gecko"
80.122.222.62 - - [31/Jan/2019:18:17:38 +0100] "GET /loadthumbnail.php?id=11825611&width=113 HTTP/1.1" 200 1298 "http://renault.activities.at/10201442?dir=DESC&mode=grid&order=name&limit=15&page=14&cat=10201637" "Mozilla/5.0 (Windows NT 10.0; WOW64; Trident/7.0; rv:11.0) like Gecko"
80.122.222.62 - - [31/Jan/2019:18:17:38 +0100] "GET /loadthumbnail.php?id=11825610&width=113 HTTP/1.1" 200 1298 "http://renault.activities.at/10201442?dir=DESC&mode=grid&order=name&limit=15&page=14&cat=10201637" "Mozilla/5.0 (Windows NT 10.0; WOW64; Trident/7.0; rv:11.0) like Gecko"
80.122.222.62 - - [31/Jan/2019:18:17:38 +0100] "GET /loadthumbnail.php?id=11304834&width=113 HTTP/1.1" 200 1055 "http://renault.activities.at/10201442?dir=DESC&mode=grid&order=name&limit=15&page=14&cat=10201637" "Mozilla/5.0 (Windows NT 10.0; WOW64; Trident/7.0; rv:11.0) like Gecko"
80.122.222.62 - - [31/Jan/2019:18:17:38 +0100] "GET /loadthumbnail.php?id=11825612&width=113 HTTP/1.1" 200 2858 "http://renault.activities.at/10201442?dir=DESC&mode=grid&order=name&limit=15&page=14&cat=10201637" "Mozilla/5.0 (Windows NT 10.0; WOW64; Trident/7.0; rv:11.0) like Gecko"
80.122.222.62 - - [31/Jan/2019:18:17:39 +0100] "GET /loadthumbnail.php?id=11845304&width=113 HTTP/1.1" 200 3022 "http://renault.activities.at/10201442?dir=DESC&mode=grid&order=name&limit=15&page=14&cat=10201637" "Mozilla/5.0 (Windows NT 10.0; WOW64; Trident/7.0; rv:11.0) like Gecko"
80.122.222.62 - - [31/Jan/2019:18:17:39 +0100] "GET /loadthumbnail.php?id=11228566&width=113 HTTP/1.1" 200 4033 "http://renault.activities.at/10201442?dir=DESC&mode=grid&order=name&limit=15&page=14&cat=10201637" "Mozilla/5.0 (Windows NT 10.0; WOW64; Trident/7.0; rv:11.0) like Gecko"
80.122.222.62 - - [31/Jan/2019:18:17:34 +0100] "GET /reload?ser=1548955057004 HTTP/1.1" 200 28 "http://renault.activities.at/10201442?dir=DESC&mode=grid&order=name&limit=15&page=13&cat=10201637" "Mozilla/5.0 (Windows NT 10.0; WOW64; Trident/7.0; rv:11.0) like Gecko"
80.122.222.62 - - [31/Jan/2019:18:17:39 +0100] "GET /loadthumbnail.php?id=11819633&width=113 HTTP/1.1" 200 3335 "http://renault.activities.at/10201442?dir=DESC&mode=grid&order=name&limit=15&page=14&cat=10201637" "Mozilla/5.0 (Windows NT 10.0; WOW64; Trident/7.0; rv:11.0) like Gecko"
80.122.222.62 - - [31/Jan/2019:18:17:39 +0100] "GET /loadthumbnail.php?id=11590240&width=113 HTTP/1.1" 200 3363 "http://renault.activities.at/10201442?dir=DESC&mode=grid&order=name&limit=15&page=14&cat=10201637" "Mozilla/5.0 (Windows NT 10.0; WOW64; Trident/7.0; rv:11.0) like Gecko"
80.122.222.62 - - [31/Jan/2019:18:17:39 +0100] "GET /loadthumbnail.php?id=11590239&width=113 HTTP/1.1" 200 4106 "http://renault.activities.at/10201442?dir=DESC&mode=grid&order=name&limit=15&page=14&cat=10201637" "Mozilla/5.0 (Windows NT 10.0; WOW64; Trident/7.0; rv:11.0) like Gecko"
90.152.128.107 - - [31/Jan/2019:18:17:39 +0100] "GET /loadthumbnail.php?id=11127982 HTTP/1.1" 200 399614 "http://renault.activities.at/" "Mozilla/5.0 (Windows NT 10.0; WOW64) AppleWebKit/537.36 (KHTML, like Gecko) Chrome/71.0.3578.98 Safari/537.36"
90.152.128.107 - - [31/Jan/2019:18:17:39 +0100] "GET /images/favicon.ico HTTP/1.1" 404 305 "http://renault.activities.at/" "Mozilla/5.0 (Windows NT 10.0; WOW64) AppleWebKit/537.36 (KHTML, like Gecko) Chrome/71.0.3578.98 Safari/537.36"
82.135.5.126 - - [31/Jan/2019:18:17:49 +0100] "GET /reload?ser=1548955069045 HTTP/1.1" 200 28 "http://renault.activities.at/success" "Mozilla/5.0 (Windows NT 10.0; WOW64; Trident/7.0; rv:11.0) like Gecko"
80.122.222.62 - - [31/Jan/2019:18:18:32 +0100] "GET /css/themes/alphacube/frame_right.gif HTTP/1.1" 200 64 "http://renault.activities.at/10201442?dir=DESC&mode=grid&order=name&limit=15&page=14&cat=10201637" "Mozilla/5.0 (Windows NT 10.0; WOW64; Trident/7.0; rv:11.0) like Gecko"
80.122.222.62 - - [31/Jan/2019:18:18:32 +0100] "GET /css/themes/alphacube/frame_left.gif HTTP/1.1" 200 64 "http://renault.activities.at/10201442?dir=DESC&mode=grid&order=name&limit=15&page=14&cat=10201637" "Mozilla/5.0 (Windows NT 10.0; WOW64; Trident/7.0; rv:11.0) like Gecko"
80.122.222.62 - - [31/Jan/2019:18:18:32 +0100] "GET /css/themes/alphacube/bottom_middle.gif HTTP/1.1" 200 44 "http://renault.activities.at/10201442?dir=DESC&mode=grid&order=name&limit=15&page=14&cat=10201637" "Mozilla/5.0 (Windows NT 10.0; WOW64; Trident/7.0; rv:11.0) like Gecko"
80.122.222.62 - - [31/Jan/2019:18:18:32 +0100] "GET /css/themes/alphacube/top_mid.gif HTTP/1.1" 200 833 "http://renault.activities.at/10201442?dir=DESC&mode=grid&order=name&limit=15&page=14&cat=10201637" "Mozilla/5.0 (Windows NT 10.0; WOW64; Trident/7.0; rv:11.0) like Gecko"
80.122.222.62 - - [31/Jan/2019:18:18:32 +0100] "GET /css/themes/alphacube/bottom_right-c.gif HTTP/1.1" 200 62 "http://renault.activities.at/10201442?dir=DESC&mode=grid&order=name&limit=15&page=14&cat=10201637" "Mozilla/5.0 (Windows NT 10.0; WOW64; Trident/7.0; rv:11.0) like Gecko"
80.122.222.62 - - [31/Jan/2019:18:18:32 +0100] "GET /css/themes/alphacube/top_left.gif HTTP/1.1" 200 973 "http://renault.activities.at/10201442?dir=DESC&mode=grid&order=name&limit=15&page=14&cat=10201637" "Mozilla/5.0 (Windows NT 10.0; WOW64; Trident/7.0; rv:11.0) like Gecko"
80.122.222.62 - - [31/Jan/2019:18:18:32 +0100] "GET /css/themes/alphacube/bottom_left-c.gif HTTP/1.1" 200 62 "http://renault.activities.at/10201442?dir=DESC&mode=grid&order=name&limit=15&page=14&cat=10201637" "Mozilla/5.0 (Windows NT 10.0; WOW64; Trident/7.0; rv:11.0) like Gecko"
80.122.222.62 - - [31/Jan/2019:18:18:32 +0100] "GET /css/themes/alphacube/button-close-focus.gif HTTP/1.1" 200 699 "http://renault.activities.at/10201442?dir=DESC&mode=grid&order=name&limit=15&page=14&cat=10201637" "Mozilla/5.0 (Windows NT 10.0; WOW64; Trident/7.0; rv:11.0) like Gecko"
80.122.222.62 - - [31/Jan/2019:18:18:32 +0100] "GET /css/themes/alphacube/top_right.gif HTTP/1.1" 200 972 "http://renault.activities.at/10201442?dir=DESC&mode=grid&order=name&limit=15&page=14&cat=10201637" "Mozilla/5.0 (Windows NT 10.0; WOW64; Trident/7.0; rv:11.0) like Gecko"
80.122.222.62 - - [31/Jan/2019:18:18:32 +0100] "GET /11278067?print=true HTTP/1.1" 200 2657 "http://renault.activities.at/10201442?dir=DESC&mode=grid&order=name&limit=15&page=14&cat=10201637" "Mozilla/5.0 (Windows NT 10.0; WOW64; Trident/7.0; rv:11.0) like Gecko"
80.122.222.62 - - [31/Jan/2019:18:18:35 +0100] "GET /js/magiczoom/magiczoom.css HTTP/1.1" 200 1210 "http://renault.activities.at/11278067?print=true" "Mozilla/5.0 (Windows NT 10.0; WOW64; Trident/7.0; rv:11.0) like Gecko"
80.122.222.62 - - [31/Jan/2019:18:18:35 +0100] "GET /js/magiczoom/magiczoom.js HTTP/1.1" 200 26397 "http://renault.activities.at/11278067?print=true" "Mozilla/5.0 (Windows NT 10.0; WOW64; Trident/7.0; rv:11.0) like Gecko"
80.122.222.62 - - [31/Jan/2019:18:18:35 +0100] "GET /js/Produkt.js HTTP/1.1" 200 852 "http://renault.activities.at/11278067?print=true" "Mozilla/5.0 (Windows NT 10.0; WOW64; Trident/7.0; rv:11.0) like Gecko"
80.122.222.62 - - [31/Jan/2019:18:18:35 +0100] "GET /loadthumbnail.php?id=11304834&width=250 HTTP/1.1" 200 2026 "http://renault.activities.at/11278067?print=true" "Mozilla/5.0 (Windows NT 10.0; WOW64; Trident/7.0; rv:11.0) like Gecko"
80.122.222.62 - - [31/Jan/2019:18:18:36 +0100] "GET /loadthumbnail.php?id=11304834&width=900&height=900 HTTP/1.1" 200 6209 "http://renault.activities.at/11278067?print=true" "Mozilla/5.0 (Windows NT 10.0; WOW64; Trident/7.0; rv:11.0) like Gecko"
80.122.222.62 - - [31/Jan/2019:18:18:36 +0100] "GET /js/magiczoom/graphics/hint.gif HTTP/1.1" 200 73 "http://renault.activities.at/11278067?print=true" "Mozilla/5.0 (Windows NT 10.0; WOW64; Trident/7.0; rv:11.0) like Gecko"
80.122.222.62 - - [31/Jan/2019:18:18:37 +0100] "GET /graphics/zoomin.cur HTTP/1.1" 200 3613 "http://renault.activities.at/11278067?print=true" "Mozilla/5.0 (Windows NT 10.0; WOW64; Trident/7.0; rv:11.0) like Gecko"
80.122.222.62 - - [31/Jan/2019:18:18:39 +0100] "GET /reload?ser=1548955122206 HTTP/1.1" 200 28 "http://renault.activities.at/10201442?dir=DESC&mode=grid&order=name&limit=15&page=14&cat=10201637" "Mozilla/5.0 (Windows NT 10.0; WOW64; Trident/7.0; rv:11.0) like Gecko"
90.152.128.107 - - [31/Jan/2019:18:18:39 +0100] "GET /reload?ser=1548955121051 HTTP/1.1" 200 28 "http://renault.activities.at/" "Mozilla/5.0 (Windows NT 10.0; WOW64) AppleWebKit/537.36 (KHTML, like Gecko) Chrome/71.0.3578.98 Safari/537.36"
82.135.5.126 - - [31/Jan/2019:18:18:50 +0100] "GET /reload?ser=1548955130034 HTTP/1.1" 200 28 "http://renault.activities.at/success" "Mozilla/5.0 (Windows NT 10.0; WOW64; Trident/7.0; rv:11.0) like Gecko"
80.122.222.62 - - [31/Jan/2019:18:19:00 +0100] "GET /null HTTP/1.1" 200 3613 "http://renault.activities.at/10201442?dir=DESC&mode=grid&order=name&limit=15&page=14&cat=10201637" "Mozilla/5.0 (Windows NT 10.0; WOW64; Trident/7.0; rv:11.0) like Gecko"
86.59.113.102 - - [31/Jan/2019:18:19:07 +0100] "GET / HTTP/1.0" 200 14938 "-" "curl/7.21.0 (i486-pc-linux-gnu) libcurl/7.21.0 OpenSSL/0.9.8o zlib/1.2.3.4 libidn/1.15 libssh2/1.2.6"
90.152.128.107 - - [31/Jan/2019:18:19:10 +0100] "GET / HTTP/1.1" 200 3600 "-" "Mozilla/5.0 (Windows NT 10.0; WOW64) AppleWebKit/537.36 (KHTML, like Gecko) Chrome/71.0.3578.98 Safari/537.36"
90.152.128.107 - - [31/Jan/2019:18:19:12 +0100] "GET /css/reset.css HTTP/1.1" 200 1356 "http://renault.activities.at/" "Mozilla/5.0 (Windows NT 10.0; WOW64) AppleWebKit/537.36 (KHTML, like Gecko) Chrome/71.0.3578.98 Safari/537.36"
90.152.128.107 - - [31/Jan/2019:18:19:12 +0100] "GET /css/clears.css HTTP/1.1" 200 851 "http://renault.activities.at/" "Mozilla/5.0 (Windows NT 10.0; WOW64) AppleWebKit/537.36 (KHTML, like Gecko) Chrome/71.0.3578.98 Safari/537.36"
90.152.128.107 - - [31/Jan/2019:18:19:12 +0100] "GET /css/styles.css HTTP/1.1" 200 14664 "http://renault.activities.at/" "Mozilla/5.0 (Windows NT 10.0; WOW64) AppleWebKit/537.36 (KHTML, like Gecko) Chrome/71.0.3578.98 Safari/537.36"
90.152.128.107 - - [31/Jan/2019:18:19:12 +0100] "GET /css/prototip.css HTTP/1.1" 200 968 "http://renault.activities.at/" "Mozilla/5.0 (Windows NT 10.0; WOW64) AppleWebKit/537.36 (KHTML, like Gecko) Chrome/71.0.3578.98 Safari/537.36"
90.152.128.107 - - [31/Jan/2019:18:19:12 +0100] "GET /js/checkout.css HTTP/1.1" 200 359 "http://renault.activities.at/" "Mozilla/5.0 (Windows NT 10.0; WOW64) AppleWebKit/537.36 (KHTML, like Gecko) Chrome/71.0.3578.98 Safari/537.36"
90.152.128.107 - - [31/Jan/2019:18:19:12 +0100] "GET /css/themes/default.css HTTP/1.1" 200 769 "http://renault.activities.at/" "Mozilla/5.0 (Windows NT 10.0; WOW64) AppleWebKit/537.36 (KHTML, like Gecko) Chrome/71.0.3578.98 Safari/537.36"
90.152.128.107 - - [31/Jan/2019:18:19:12 +0100] "GET /css/themes/alphacube.css HTTP/1.1" 200 743 "http://renault.activities.at/" "Mozilla/5.0 (Windows NT 10.0; WOW64) AppleWebKit/537.36 (KHTML, like Gecko) Chrome/71.0.3578.98 Safari/537.36"
90.152.128.107 - - [31/Jan/2019:18:19:12 +0100] "GET /js/default.js HTTP/1.1" 200 14698 "http://renault.activities.at/" "Mozilla/5.0 (Windows NT 10.0; WOW64) AppleWebKit/537.36 (KHTML, like Gecko) Chrome/71.0.3578.98 Safari/537.36"
90.152.128.107 - - [31/Jan/2019:18:19:12 +0100] "GET /js/flashdetection.js HTTP/1.1" 200 1059 "http://renault.activities.at/" "Mozilla/5.0 (Windows NT 10.0; WOW64) AppleWebKit/537.36 (KHTML, like Gecko) Chrome/71.0.3578.98 Safari/537.36"
90.152.128.107 - - [31/Jan/2019:18:19:12 +0100] "GET /js/index.php?c=auto&f=,prototype/prototype.js,prototype/validation.js,scriptaculous/builder.js,scriptaculous/effects.js,scriptaculous/dragdrop.js,scriptaculous/controls.js,scriptaculous/slider.js,varien/js.js,varien/form.js,varien/menu.js,mage/translate.js,mage/cookies.js,varien/product.js,spinner/SpinnerControl.jsmin.js,prototype/window.js,prototype/window_ext.js HTTP/1.1" 200 94182 "http://renault.activities.at/" "Mozilla/5.0 (Windows NT 10.0; WOW64) AppleWebKit/537.36 (KHTML, like Gecko) Chrome/71.0.3578.98 Safari/537.36"
90.152.128.107 - - [31/Jan/2019:18:19:13 +0100] "GET /images/main_block_border.gif HTTP/1.1" 200 43 "http://renault.activities.at/css/styles.css" "Mozilla/5.0 (Windows NT 10.0; WOW64) AppleWebKit/537.36 (KHTML, like Gecko) Chrome/71.0.3578.98 Safari/537.36"
90.152.128.107 - - [31/Jan/2019:18:19:13 +0100] "GET /images/main_block_corner_right_bot.gif HTTP/1.1" 200 158 "http://renault.activities.at/css/styles.css" "Mozilla/5.0 (Windows NT 10.0; WOW64) AppleWebKit/537.36 (KHTML, like Gecko) Chrome/71.0.3578.98 Safari/537.36"
90.152.128.107 - - [31/Jan/2019:18:19:13 +0100] "GET /images/header_block_border.gif HTTP/1.1" 200 43 "http://renault.activities.at/css/styles.css" "Mozilla/5.0 (Windows NT 10.0; WOW64) AppleWebKit/537.36 (KHTML, like Gecko) Chrome/71.0.3578.98 Safari/537.36"
90.152.128.107 - - [31/Jan/2019:18:19:13 +0100] "GET /images/main_block_corner_left_bot.gif HTTP/1.1" 200 159 "http://renault.activities.at/css/styles.css" "Mozilla/5.0 (Windows NT 10.0; WOW64) AppleWebKit/537.36 (KHTML, like Gecko) Chrome/71.0.3578.98 Safari/537.36"
90.152.128.107 - - [31/Jan/2019:18:19:13 +0100] "GET /images/header_block_corner_left_top.gif HTTP/1.1" 200 160 "http://renault.activities.at/css/styles.css" "Mozilla/5.0 (Windows NT 10.0; WOW64) AppleWebKit/537.36 (KHTML, like Gecko) Chrome/71.0.3578.98 Safari/537.36"
90.152.128.107 - - [31/Jan/2019:18:19:13 +0100] "GET /css/print.css HTTP/1.1" 200 543 "http://renault.activities.at/" "Mozilla/5.0 (Windows NT 10.0; WOW64) AppleWebKit/537.36 (KHTML, like Gecko) Chrome/71.0.3578.98 Safari/537.36"
90.152.128.107 - - [31/Jan/2019:18:19:13 +0100] "GET /images/title_corner_left_top.jpg HTTP/1.1" 200 372 "http://renault.activities.at/css/styles.css" "Mozilla/5.0 (Windows NT 10.0; WOW64) AppleWebKit/537.36 (KHTML, like Gecko) Chrome/71.0.3578.98 Safari/537.36"
90.152.128.107 - - [31/Jan/2019:18:19:13 +0100] "GET /images/title_border.jpg HTTP/1.1" 200 304 "http://renault.activities.at/css/styles.css" "Mozilla/5.0 (Windows NT 10.0; WOW64) AppleWebKit/537.36 (KHTML, like Gecko) Chrome/71.0.3578.98 Safari/537.36"
90.152.128.107 - - [31/Jan/2019:18:19:13 +0100] "GET /images/title_border_top.jpg HTTP/1.1" 200 336 "http://renault.activities.at/css/styles.css" "Mozilla/5.0 (Windows NT 10.0; WOW64) AppleWebKit/537.36 (KHTML, like Gecko) Chrome/71.0.3578.98 Safari/537.36"
90.152.128.107 - - [31/Jan/2019:18:19:13 +0100] "GET /images/title_corner_right_top.jpg HTTP/1.1" 200 389 "http://renault.activities.at/css/styles.css" "Mozilla/5.0 (Windows NT 10.0; WOW64) AppleWebKit/537.36 (KHTML, like Gecko) Chrome/71.0.3578.98 Safari/537.36"
90.152.128.107 - - [31/Jan/2019:18:19:13 +0100] "GET /images/main_block_corner_left_top.gif HTTP/1.1" 200 159 "http://renault.activities.at/css/styles.css" "Mozilla/5.0 (Windows NT 10.0; WOW64) AppleWebKit/537.36 (KHTML, like Gecko) Chrome/71.0.3578.98 Safari/537.36"
90.152.128.107 - - [31/Jan/2019:18:19:13 +0100] "GET /images/main_block_corner_right_top.gif HTTP/1.1" 200 159 "http://renault.activities.at/css/styles.css" "Mozilla/5.0 (Windows NT 10.0; WOW64) AppleWebKit/537.36 (KHTML, like Gecko) Chrome/71.0.3578.98 Safari/537.36"
90.152.128.107 - - [31/Jan/2019:18:19:13 +0100] "GET /images/header_block_corner_right_top.gif HTTP/1.1" 200 160 "http://renault.activities.at/css/styles.css" "Mozilla/5.0 (Windows NT 10.0; WOW64) AppleWebKit/537.36 (KHTML, like Gecko) Chrome/71.0.3578.98 Safari/537.36"
90.152.128.107 - - [31/Jan/2019:18:19:13 +0100] "GET /loadthumbnail.php?id=11127982 HTTP/1.1" 200 399614 "http://renault.activities.at/" "Mozilla/5.0 (Windows NT 10.0; WOW64) AppleWebKit/537.36 (KHTML, like Gecko) Chrome/71.0.3578.98 Safari/537.36"
90.152.128.107 - - [31/Jan/2019:18:19:14 +0100] "GET /images/favicon.ico HTTP/1.1" 404 305 "http://renault.activities.at/" "Mozilla/5.0 (Windows NT 10.0; WOW64) AppleWebKit/537.36 (KHTML, like Gecko) Chrome/71.0.3578.98 Safari/537.36"
80.122.222.62 - - [31/Jan/2019:18:19:07 +0100] "POST /10201442?dir=DESC&mode=grid&order=name&limit=15&page=14&cat=10201637 HTTP/1.1" 200 9379 "http://renault.activities.at/10201442?dir=DESC&mode=grid&order=name&limit=15&page=14&cat=10201637" "Mozilla/5.0 (Windows NT 10.0; WOW64; Trident/7.0; rv:11.0) like Gecko"
80.122.222.62 - - [31/Jan/2019:18:19:13 +0100] "POST /10201442?dir=DESC&mode=grid&order=name&limit=15&page=14&cat=10201637 HTTP/1.1" 200 9378 "http://renault.activities.at/10201442?dir=DESC&mode=grid&order=name&limit=15&page=14&cat=10201637" "Mozilla/5.0 (Windows NT 10.0; WOW64; Trident/7.0; rv:11.0) like Gecko"
80.122.222.62 - - [31/Jan/2019:18:19:29 +0100] "POST /10201442?dir=DESC&mode=grid&order=name&limit=15&page=14&cat=10201637 HTTP/1.1" 200 9380 "http://renault.activities.at/10201442?dir=DESC&mode=grid&order=name&limit=15&page=14&cat=10201637" "Mozilla/5.0 (Windows NT 10.0; WOW64; Trident/7.0; rv:11.0) like Gecko"
80.122.222.62 - - [31/Jan/2019:18:19:44 +0100] "GET /10201442?dir=DESC&mode=grid&order=name&limit=15&page=15&cat=10201637 HTTP/1.1" 200 9259 "http://renault.activities.at/10201442?dir=DESC&mode=grid&order=name&limit=15&page=14&cat=10201637" "Mozilla/5.0 (Windows NT 10.0; WOW64; Trident/7.0; rv:11.0) like Gecko"
80.122.222.62 - - [31/Jan/2019:18:19:48 +0100] "GET /loadthumbnail.php?id=11847426&width=113 HTTP/1.1" 200 2727 "http://renault.activities.at/10201442?dir=DESC&mode=grid&order=name&limit=15&page=15&cat=10201637" "Mozilla/5.0 (Windows NT 10.0; WOW64; Trident/7.0; rv:11.0) like Gecko"
80.122.222.62 - - [31/Jan/2019:18:19:48 +0100] "GET /loadthumbnail.php?id=11819632&width=113 HTTP/1.1" 200 3552 "http://renault.activities.at/10201442?dir=DESC&mode=grid&order=name&limit=15&page=15&cat=10201637" "Mozilla/5.0 (Windows NT 10.0; WOW64; Trident/7.0; rv:11.0) like Gecko"
80.122.222.62 - - [31/Jan/2019:18:19:48 +0100] "GET /loadthumbnail.php?id=11711048&width=113 HTTP/1.1" 200 3085 "http://renault.activities.at/10201442?dir=DESC&mode=grid&order=name&limit=15&page=15&cat=10201637" "Mozilla/5.0 (Windows NT 10.0; WOW64; Trident/7.0; rv:11.0) like Gecko"
80.122.222.62 - - [31/Jan/2019:18:19:48 +0100] "GET /loadthumbnail.php?id=11711045&width=113 HTTP/1.1" 200 2986 "http://renault.activities.at/10201442?dir=DESC&mode=grid&order=name&limit=15&page=15&cat=10201637" "Mozilla/5.0 (Windows NT 10.0; WOW64; Trident/7.0; rv:11.0) like Gecko"
80.122.222.62 - - [31/Jan/2019:18:19:48 +0100] "GET /loadthumbnail.php?id=11967700&width=113 HTTP/1.1" 200 3470 "http://renault.activities.at/10201442?dir=DESC&mode=grid&order=name&limit=15&page=15&cat=10201637" "Mozilla/5.0 (Windows NT 10.0; WOW64; Trident/7.0; rv:11.0) like Gecko"
80.122.222.62 - - [31/Jan/2019:18:19:48 +0100] "GET /loadthumbnail.php?id=11967701&width=113 HTTP/1.1" 200 3379 "http://renault.activities.at/10201442?dir=DESC&mode=grid&order=name&limit=15&page=15&cat=10201637" "Mozilla/5.0 (Windows NT 10.0; WOW64; Trident/7.0; rv:11.0) like Gecko"
80.122.222.62 - - [31/Jan/2019:18:19:48 +0100] "GET /loadthumbnail.php?id=11845305&width=113 HTTP/1.1" 200 3229 "http://renault.activities.at/10201442?dir=DESC&mode=grid&order=name&limit=15&page=15&cat=10201637" "Mozilla/5.0 (Windows NT 10.0; WOW64; Trident/7.0; rv:11.0) like Gecko"
80.122.222.62 - - [31/Jan/2019:18:19:48 +0100] "GET /loadthumbnail.php?id=11590243&width=113 HTTP/1.1" 200 3639 "http://renault.activities.at/10201442?dir=DESC&mode=grid&order=name&limit=15&page=15&cat=10201637" "Mozilla/5.0 (Windows NT 10.0; WOW64; Trident/7.0; rv:11.0) like Gecko"
80.122.222.62 - - [31/Jan/2019:18:19:48 +0100] "GET /loadthumbnail.php?id=11590242&width=113 HTTP/1.1" 200 3202 "http://renault.activities.at/10201442?dir=DESC&mode=grid&order=name&limit=15&page=15&cat=10201637" "Mozilla/5.0 (Windows NT 10.0; WOW64; Trident/7.0; rv:11.0) like Gecko"
80.122.222.62 - - [31/Jan/2019:18:19:48 +0100] "GET /loadthumbnail.php?id=11829073&width=113 HTTP/1.1" 200 2418 "http://renault.activities.at/10201442?dir=DESC&mode=grid&order=name&limit=15&page=15&cat=10201637" "Mozilla/5.0 (Windows NT 10.0; WOW64; Trident/7.0; rv:11.0) like Gecko"
80.122.222.62 - - [31/Jan/2019:18:19:48 +0100] "GET /loadthumbnail.php?id=11798476&width=113 HTTP/1.1" 200 2525 "http://renault.activities.at/10201442?dir=DESC&mode=grid&order=name&limit=15&page=15&cat=10201637" "Mozilla/5.0 (Windows NT 10.0; WOW64; Trident/7.0; rv:11.0) like Gecko"
80.122.222.62 - - [31/Jan/2019:18:19:48 +0100] "GET /loadthumbnail.php?id=11798477&width=113 HTTP/1.1" 200 3326 "http://renault.activities.at/10201442?dir=DESC&mode=grid&order=name&limit=15&page=15&cat=10201637" "Mozilla/5.0 (Windows NT 10.0; WOW64; Trident/7.0; rv:11.0) like Gecko"
80.122.222.62 - - [31/Jan/2019:18:19:48 +0100] "GET /loadthumbnail.php?id=11819635&width=113 HTTP/1.1" 200 3087 "http://renault.activities.at/10201442?dir=DESC&mode=grid&order=name&limit=15&page=15&cat=10201637" "Mozilla/5.0 (Windows NT 10.0; WOW64; Trident/7.0; rv:11.0) like Gecko"
82.135.5.126 - - [31/Jan/2019:18:19:51 +0100] "GET /reload?ser=1548955191005 HTTP/1.1" 200 28 "http://renault.activities.at/success" "Mozilla/5.0 (Windows NT 10.0; WOW64; Trident/7.0; rv:11.0) like Gecko"
80.122.222.62 - - [31/Jan/2019:18:19:56 +0100] "GET /10201442?dir=DESC&mode=grid&order=name&limit=15&page=16&cat=10201637 HTTP/1.1" 200 8134 "http://renault.activities.at/10201442?dir=DESC&mode=grid&order=name&limit=15&page=15&cat=10201637" "Mozilla/5.0 (Windows NT 10.0; WOW64; Trident/7.0; rv:11.0) like Gecko"
80.122.222.62 - - [31/Jan/2019:18:19:59 +0100] "GET /loadthumbnail.php?id=11895725&width=113 HTTP/1.1" 200 2960 "http://renault.activities.at/10201442?dir=DESC&mode=grid&order=name&limit=15&page=16&cat=10201637" "Mozilla/5.0 (Windows NT 10.0; WOW64; Trident/7.0; rv:11.0) like Gecko"
80.122.222.62 - - [31/Jan/2019:18:19:59 +0100] "GET /loadthumbnail.php?id=11847427&width=113 HTTP/1.1" 200 2698 "http://renault.activities.at/10201442?dir=DESC&mode=grid&order=name&limit=15&page=16&cat=10201637" "Mozilla/5.0 (Windows NT 10.0; WOW64; Trident/7.0; rv:11.0) like Gecko"
80.122.222.62 - - [31/Jan/2019:18:19:59 +0100] "GET /loadthumbnail.php?id=11819630&width=113 HTTP/1.1" 200 2902 "http://renault.activities.at/10201442?dir=DESC&mode=grid&order=name&limit=15&page=16&cat=10201637" "Mozilla/5.0 (Windows NT 10.0; WOW64; Trident/7.0; rv:11.0) like Gecko"
80.122.222.62 - - [31/Jan/2019:18:19:59 +0100] "GET /loadthumbnail.php?id=11819634&width=113 HTTP/1.1" 200 3081 "http://renault.activities.at/10201442?dir=DESC&mode=grid&order=name&limit=15&page=16&cat=10201637" "Mozilla/5.0 (Windows NT 10.0; WOW64; Trident/7.0; rv:11.0) like Gecko"
80.122.222.62 - - [31/Jan/2019:18:19:59 +0100] "GET /loadthumbnail.php?id=11643691&width=113 HTTP/1.1" 200 3164 "http://renault.activities.at/10201442?dir=DESC&mode=grid&order=name&limit=15&page=16&cat=10201637" "Mozilla/5.0 (Windows NT 10.0; WOW64; Trident/7.0; rv:11.0) like Gecko"
80.122.222.62 - - [31/Jan/2019:18:19:59 +0100] "GET /loadthumbnail.php?id=11304858&width=113 HTTP/1.1" 200 1289 "http://renault.activities.at/10201442?dir=DESC&mode=grid&order=name&limit=15&page=16&cat=10201637" "Mozilla/5.0 (Windows NT 10.0; WOW64; Trident/7.0; rv:11.0) like Gecko"
80.122.222.62 - - [31/Jan/2019:18:19:59 +0100] "GET /loadthumbnail.php?id=10848346&width=113 HTTP/1.1" 200 2340 "http://renault.activities.at/10201442?dir=DESC&mode=grid&order=name&limit=15&page=16&cat=10201637" "Mozilla/5.0 (Windows NT 10.0; WOW64; Trident/7.0; rv:11.0) like Gecko"
90.152.128.107 - - [31/Jan/2019:18:20:14 +0100] "GET /reload?ser=1548955215180 HTTP/1.1" 200 28 "http://renault.activities.at/" "Mozilla/5.0 (Windows NT 10.0; WOW64) AppleWebKit/537.36 (KHTML, like Gecko) Chrome/71.0.3578.98 Safari/537.36"
