212.152.158.195 - - [01/Feb/2019:12:19:41 +0100] "GET /loadthumbnail.php?id=11825617&width=113 HTTP/1.1" 200 2042 "http://renault.activities.at/10260280?dir=DESC&mode=grid&order=name&limit=15&page=8" "Mozilla/5.0 (Windows NT 10.0; WOW64; Trident/7.0; Touch; rv:11.0) like Gecko"
212.152.158.195 - - [01/Feb/2019:12:19:41 +0100] "GET /loadthumbnail.php?id=11722649&width=113 HTTP/1.1" 200 1687 "http://renault.activities.at/10260280?dir=DESC&mode=grid&order=name&limit=15&page=8" "Mozilla/5.0 (Windows NT 10.0; WOW64; Trident/7.0; Touch; rv:11.0) like Gecko"
212.152.158.195 - - [01/Feb/2019:12:19:41 +0100] "GET /images/main_block_border.gif HTTP/1.1" 304 - "http://renault.activities.at/10260280?dir=DESC&mode=grid&order=name&limit=15&page=8" "Mozilla/5.0 (Windows NT 10.0; WOW64; Trident/7.0; Touch; rv:11.0) like Gecko"
212.152.158.195 - - [01/Feb/2019:12:19:41 +0100] "GET /loadthumbnail.php?id=11825619&width=113 HTTP/1.1" 200 2089 "http://renault.activities.at/10260280?dir=DESC&mode=grid&order=name&limit=15&page=8" "Mozilla/5.0 (Windows NT 10.0; WOW64; Trident/7.0; Touch; rv:11.0) like Gecko"
212.152.158.195 - - [01/Feb/2019:12:19:41 +0100] "GET /images/main_block_corner_right_bot.gif HTTP/1.1" 304 - "http://renault.activities.at/10260280?dir=DESC&mode=grid&order=name&limit=15&page=8" "Mozilla/5.0 (Windows NT 10.0; WOW64; Trident/7.0; Touch; rv:11.0) like Gecko"
212.152.158.195 - - [01/Feb/2019:12:19:41 +0100] "GET /images/header_block_border.gif HTTP/1.1" 304 - "http://renault.activities.at/10260280?dir=DESC&mode=grid&order=name&limit=15&page=8" "Mozilla/5.0 (Windows NT 10.0; WOW64; Trident/7.0; Touch; rv:11.0) like Gecko"
212.152.158.195 - - [01/Feb/2019:12:19:41 +0100] "GET /images/search_bg.gif HTTP/1.1" 304 - "http://renault.activities.at/10260280?dir=DESC&mode=grid&order=name&limit=15&page=8" "Mozilla/5.0 (Windows NT 10.0; WOW64; Trident/7.0; Touch; rv:11.0) like Gecko"
212.152.158.195 - - [01/Feb/2019:12:19:41 +0100] "GET /loadthumbnail.php?id=11722648&width=113 HTTP/1.1" 200 1687 "http://renault.activities.at/10260280?dir=DESC&mode=grid&order=name&limit=15&page=8" "Mozilla/5.0 (Windows NT 10.0; WOW64; Trident/7.0; Touch; rv:11.0) like Gecko"
212.152.158.195 - - [01/Feb/2019:12:19:41 +0100] "GET /images/header_block_corner_right_top.gif HTTP/1.1" 304 - "http://renault.activities.at/10260280?dir=DESC&mode=grid&order=name&limit=15&page=8" "Mozilla/5.0 (Windows NT 10.0; WOW64; Trident/7.0; Touch; rv:11.0) like Gecko"
212.152.158.195 - - [01/Feb/2019:12:19:41 +0100] "GET /images/main_block_corner_left_top.gif HTTP/1.1" 304 - "http://renault.activities.at/10260280?dir=DESC&mode=grid&order=name&limit=15&page=8" "Mozilla/5.0 (Windows NT 10.0; WOW64; Trident/7.0; Touch; rv:11.0) like Gecko"
212.152.158.195 - - [01/Feb/2019:12:19:41 +0100] "GET /images/main_block_corner_left_bot.gif HTTP/1.1" 304 - "http://renault.activities.at/10260280?dir=DESC&mode=grid&order=name&limit=15&page=8" "Mozilla/5.0 (Windows NT 10.0; WOW64; Trident/7.0; Touch; rv:11.0) like Gecko"
212.152.158.195 - - [01/Feb/2019:12:19:41 +0100] "GET /images/header_block_corner_left_top.gif HTTP/1.1" 304 - "http://renault.activities.at/10260280?dir=DESC&mode=grid&order=name&limit=15&page=8" "Mozilla/5.0 (Windows NT 10.0; WOW64; Trident/7.0; Touch; rv:11.0) like Gecko"
212.152.158.195 - - [01/Feb/2019:12:19:41 +0100] "GET /images/main_block_corner_right_top.gif HTTP/1.1" 304 - "http://renault.activities.at/10260280?dir=DESC&mode=grid&order=name&limit=15&page=8" "Mozilla/5.0 (Windows NT 10.0; WOW64; Trident/7.0; Touch; rv:11.0) like Gecko"
212.152.158.195 - - [01/Feb/2019:12:19:41 +0100] "GET /images/button_left_bg.gif HTTP/1.1" 304 - "http://renault.activities.at/10260280?dir=DESC&mode=grid&order=name&limit=15&page=8" "Mozilla/5.0 (Windows NT 10.0; WOW64; Trident/7.0; Touch; rv:11.0) like Gecko"
212.152.158.195 - - [01/Feb/2019:12:19:41 +0100] "GET /images/footer_divider.gif HTTP/1.1" 304 - "http://renault.activities.at/10260280?dir=DESC&mode=grid&order=name&limit=15&page=8" "Mozilla/5.0 (Windows NT 10.0; WOW64; Trident/7.0; Touch; rv:11.0) like Gecko"
212.152.158.195 - - [01/Feb/2019:12:19:41 +0100] "GET /images/nav_divider.gif HTTP/1.1" 304 - "http://renault.activities.at/10260280?dir=DESC&mode=grid&order=name&limit=15&page=8" "Mozilla/5.0 (Windows NT 10.0; WOW64; Trident/7.0; Touch; rv:11.0) like Gecko"
212.152.158.195 - - [01/Feb/2019:12:19:41 +0100] "GET /images/title_corner_left_top.jpg HTTP/1.1" 304 - "http://renault.activities.at/10260280?dir=DESC&mode=grid&order=name&limit=15&page=8" "Mozilla/5.0 (Windows NT 10.0; WOW64; Trident/7.0; Touch; rv:11.0) like Gecko"
212.152.158.195 - - [01/Feb/2019:12:19:41 +0100] "GET /images/sidebar_title_corner_left_top.gif HTTP/1.1" 304 - "http://renault.activities.at/10260280?dir=DESC&mode=grid&order=name&limit=15&page=8" "Mozilla/5.0 (Windows NT 10.0; WOW64; Trident/7.0; Touch; rv:11.0) like Gecko"
212.152.158.195 - - [01/Feb/2019:12:19:41 +0100] "GET /images/title_border_top.jpg HTTP/1.1" 304 - "http://renault.activities.at/10260280?dir=DESC&mode=grid&order=name&limit=15&page=8" "Mozilla/5.0 (Windows NT 10.0; WOW64; Trident/7.0; Touch; rv:11.0) like Gecko"
212.152.158.195 - - [01/Feb/2019:12:19:41 +0100] "GET /images/top_links_divider.gif HTTP/1.1" 304 - "http://renault.activities.at/10260280?dir=DESC&mode=grid&order=name&limit=15&page=8" "Mozilla/5.0 (Windows NT 10.0; WOW64; Trident/7.0; Touch; rv:11.0) like Gecko"
212.152.158.195 - - [01/Feb/2019:12:19:41 +0100] "GET /images/sidebar_title_border.gif HTTP/1.1" 304 - "http://renault.activities.at/10260280?dir=DESC&mode=grid&order=name&limit=15&page=8" "Mozilla/5.0 (Windows NT 10.0; WOW64; Trident/7.0; Touch; rv:11.0) like Gecko"
212.152.158.195 - - [01/Feb/2019:12:19:41 +0100] "GET /images/title_border.jpg HTTP/1.1" 304 - "http://renault.activities.at/10260280?dir=DESC&mode=grid&order=name&limit=15&page=8" "Mozilla/5.0 (Windows NT 10.0; WOW64; Trident/7.0; Touch; rv:11.0) like Gecko"
212.152.158.195 - - [01/Feb/2019:12:19:41 +0100] "GET /images/validation_advice_bg.gif HTTP/1.1" 304 - "http://renault.activities.at/10260280?dir=DESC&mode=grid&order=name&limit=15&page=8" "Mozilla/5.0 (Windows NT 10.0; WOW64; Trident/7.0; Touch; rv:11.0) like Gecko"
212.152.158.195 - - [01/Feb/2019:12:19:41 +0100] "GET /images/pager_bg.gif HTTP/1.1" 304 - "http://renault.activities.at/10260280?dir=DESC&mode=grid&order=name&limit=15&page=8" "Mozilla/5.0 (Windows NT 10.0; WOW64; Trident/7.0; Touch; rv:11.0) like Gecko"
212.152.158.195 - - [01/Feb/2019:12:19:41 +0100] "GET /images/sidebar_title_border_top.gif HTTP/1.1" 304 - "http://renault.activities.at/10260280?dir=DESC&mode=grid&order=name&limit=15&page=8" "Mozilla/5.0 (Windows NT 10.0; WOW64; Trident/7.0; Touch; rv:11.0) like Gecko"
212.152.158.195 - - [01/Feb/2019:12:19:41 +0100] "GET /images/button_right_bg.gif HTTP/1.1" 304 - "http://renault.activities.at/10260280?dir=DESC&mode=grid&order=name&limit=15&page=8" "Mozilla/5.0 (Windows NT 10.0; WOW64; Trident/7.0; Touch; rv:11.0) like Gecko"
212.152.158.195 - - [01/Feb/2019:12:19:41 +0100] "GET /images/title_corner_right_top.jpg HTTP/1.1" 304 - "http://renault.activities.at/10260280?dir=DESC&mode=grid&order=name&limit=15&page=8" "Mozilla/5.0 (Windows NT 10.0; WOW64; Trident/7.0; Touch; rv:11.0) like Gecko"
212.152.158.195 - - [01/Feb/2019:12:19:41 +0100] "GET /images/vista-dn.gif HTTP/1.1" 304 - "http://renault.activities.at/10260280?dir=DESC&mode=grid&order=name&limit=15&page=8" "Mozilla/5.0 (Windows NT 10.0; WOW64; Trident/7.0; Touch; rv:11.0) like Gecko"
212.152.158.195 - - [01/Feb/2019:12:19:41 +0100] "GET /images/vista-up.gif HTTP/1.1" 304 - "http://renault.activities.at/10260280?dir=DESC&mode=grid&order=name&limit=15&page=8" "Mozilla/5.0 (Windows NT 10.0; WOW64; Trident/7.0; Touch; rv:11.0) like Gecko"
212.152.158.195 - - [01/Feb/2019:12:19:41 +0100] "GET /images/button_bg.gif HTTP/1.1" 304 - "http://renault.activities.at/10260280?dir=DESC&mode=grid&order=name&limit=15&page=8" "Mozilla/5.0 (Windows NT 10.0; WOW64; Trident/7.0; Touch; rv:11.0) like Gecko"
212.152.158.195 - - [01/Feb/2019:12:19:41 +0100] "GET /images/menu_divider.gif HTTP/1.1" 304 - "http://renault.activities.at/10260280?dir=DESC&mode=grid&order=name&limit=15&page=8" "Mozilla/5.0 (Windows NT 10.0; WOW64; Trident/7.0; Touch; rv:11.0) like Gecko"
212.152.158.195 - - [01/Feb/2019:12:19:41 +0100] "GET /images/menu_button_bg.jpg HTTP/1.1" 304 - "http://renault.activities.at/10260280?dir=DESC&mode=grid&order=name&limit=15&page=8" "Mozilla/5.0 (Windows NT 10.0; WOW64; Trident/7.0; Touch; rv:11.0) like Gecko"
212.152.158.195 - - [01/Feb/2019:12:19:41 +0100] "GET /images/sidebar_title_corner_right_top.gif HTTP/1.1" 304 - "http://renault.activities.at/10260280?dir=DESC&mode=grid&order=name&limit=15&page=8" "Mozilla/5.0 (Windows NT 10.0; WOW64; Trident/7.0; Touch; rv:11.0) like Gecko"
212.152.158.195 - - [01/Feb/2019:12:19:41 +0100] "GET /loadthumbnail.php?id=10768338&width=113 HTTP/1.1" 200 2677 "http://renault.activities.at/10260280?dir=DESC&mode=grid&order=name&limit=15&page=8" "Mozilla/5.0 (Windows NT 10.0; WOW64; Trident/7.0; Touch; rv:11.0) like Gecko"
212.152.158.195 - - [01/Feb/2019:12:19:41 +0100] "GET /loadthumbnail.php?id=11090247&width=113 HTTP/1.1" 200 2847 "http://renault.activities.at/10260280?dir=DESC&mode=grid&order=name&limit=15&page=8" "Mozilla/5.0 (Windows NT 10.0; WOW64; Trident/7.0; Touch; rv:11.0) like Gecko"
212.152.158.195 - - [01/Feb/2019:12:19:41 +0100] "GET /loadthumbnail.php?id=11487911&width=113 HTTP/1.1" 200 2789 "http://renault.activities.at/10260280?dir=DESC&mode=grid&order=name&limit=15&page=8" "Mozilla/5.0 (Windows NT 10.0; WOW64; Trident/7.0; Touch; rv:11.0) like Gecko"
212.152.158.195 - - [01/Feb/2019:12:19:41 +0100] "GET /loadthumbnail.php?id=11487913&width=113 HTTP/1.1" 200 2439 "http://renault.activities.at/10260280?dir=DESC&mode=grid&order=name&limit=15&page=8" "Mozilla/5.0 (Windows NT 10.0; WOW64; Trident/7.0; Touch; rv:11.0) like Gecko"
212.152.158.195 - - [01/Feb/2019:12:19:41 +0100] "GET /loadthumbnail.php?id=11247081&width=113 HTTP/1.1" 200 2512 "http://renault.activities.at/10260280?dir=DESC&mode=grid&order=name&limit=15&page=8" "Mozilla/5.0 (Windows NT 10.0; WOW64; Trident/7.0; Touch; rv:11.0) like Gecko"
212.152.158.195 - - [01/Feb/2019:12:19:41 +0100] "GET /loadthumbnail.php?id=10768339&width=113 HTTP/1.1" 200 2677 "http://renault.activities.at/10260280?dir=DESC&mode=grid&order=name&limit=15&page=8" "Mozilla/5.0 (Windows NT 10.0; WOW64; Trident/7.0; Touch; rv:11.0) like Gecko"
212.152.158.195 - - [01/Feb/2019:12:19:41 +0100] "GET /loadthumbnail.php?id=10930520&width=113 HTTP/1.1" 200 2026 "http://renault.activities.at/10260280?dir=DESC&mode=grid&order=name&limit=15&page=8" "Mozilla/5.0 (Windows NT 10.0; WOW64; Trident/7.0; Touch; rv:11.0) like Gecko"
212.152.158.195 - - [01/Feb/2019:12:19:41 +0100] "GET /loadthumbnail.php?id=10930552&width=113 HTTP/1.1" 200 2035 "http://renault.activities.at/10260280?dir=DESC&mode=grid&order=name&limit=15&page=8" "Mozilla/5.0 (Windows NT 10.0; WOW64; Trident/7.0; Touch; rv:11.0) like Gecko"
193.194.132.30 - - [01/Feb/2019:12:19:45 +0100] "GET /reload?ser=1549019984945 HTTP/1.1" 200 28 "http://renault.2web.at/aboutus" "Mozilla/5.0 (Windows NT 10.0; WOW64; Trident/7.0; Touch; rv:11.0) like Gecko"
212.152.158.195 - - [01/Feb/2019:12:20:00 +0100] "GET /10260280?dir=DESC&mode=grid&order=name&limit=15&page=9 HTTP/1.1" 200 9157 "http://renault.activities.at/10260280?dir=DESC&mode=grid&order=name&limit=15&page=8" "Mozilla/5.0 (Windows NT 10.0; WOW64; Trident/7.0; Touch; rv:11.0) like Gecko"
212.152.158.195 - - [01/Feb/2019:12:20:03 +0100] "GET /js/default.js HTTP/1.1" 304 - "http://renault.activities.at/10260280?dir=DESC&mode=grid&order=name&limit=15&page=9" "Mozilla/5.0 (Windows NT 10.0; WOW64; Trident/7.0; Touch; rv:11.0) like Gecko"
212.152.158.195 - - [01/Feb/2019:12:20:03 +0100] "GET /js/prototip.js HTTP/1.1" 304 - "http://renault.activities.at/10260280?dir=DESC&mode=grid&order=name&limit=15&page=9" "Mozilla/5.0 (Windows NT 10.0; WOW64; Trident/7.0; Touch; rv:11.0) like Gecko"
212.152.158.195 - - [01/Feb/2019:12:20:03 +0100] "GET /css/reset.css HTTP/1.1" 304 - "http://renault.activities.at/10260280?dir=DESC&mode=grid&order=name&limit=15&page=9" "Mozilla/5.0 (Windows NT 10.0; WOW64; Trident/7.0; Touch; rv:11.0) like Gecko"
212.152.158.195 - - [01/Feb/2019:12:20:03 +0100] "GET /css/styles.css HTTP/1.1" 304 - "http://renault.activities.at/10260280?dir=DESC&mode=grid&order=name&limit=15&page=9" "Mozilla/5.0 (Windows NT 10.0; WOW64; Trident/7.0; Touch; rv:11.0) like Gecko"
212.152.158.195 - - [01/Feb/2019:12:20:03 +0100] "GET /css/clears.css HTTP/1.1" 304 - "http://renault.activities.at/10260280?dir=DESC&mode=grid&order=name&limit=15&page=9" "Mozilla/5.0 (Windows NT 10.0; WOW64; Trident/7.0; Touch; rv:11.0) like Gecko"
212.152.158.195 - - [01/Feb/2019:12:20:03 +0100] "GET /css/print.css HTTP/1.1" 304 - "http://renault.activities.at/10260280?dir=DESC&mode=grid&order=name&limit=15&page=9" "Mozilla/5.0 (Windows NT 10.0; WOW64; Trident/7.0; Touch; rv:11.0) like Gecko"
212.152.158.195 - - [01/Feb/2019:12:20:03 +0100] "GET /js/checkout.css HTTP/1.1" 304 - "http://renault.activities.at/10260280?dir=DESC&mode=grid&order=name&limit=15&page=9" "Mozilla/5.0 (Windows NT 10.0; WOW64; Trident/7.0; Touch; rv:11.0) like Gecko"
212.152.158.195 - - [01/Feb/2019:12:20:03 +0100] "GET /css/prototip.css HTTP/1.1" 304 - "http://renault.activities.at/10260280?dir=DESC&mode=grid&order=name&limit=15&page=9" "Mozilla/5.0 (Windows NT 10.0; WOW64; Trident/7.0; Touch; rv:11.0) like Gecko"
212.152.158.195 - - [01/Feb/2019:12:20:03 +0100] "GET /css/themes/default.css HTTP/1.1" 304 - "http://renault.activities.at/10260280?dir=DESC&mode=grid&order=name&limit=15&page=9" "Mozilla/5.0 (Windows NT 10.0; WOW64; Trident/7.0; Touch; rv:11.0) like Gecko"
212.152.158.195 - - [01/Feb/2019:12:20:03 +0100] "GET /css/themes/alphacube.css HTTP/1.1" 304 - "http://renault.activities.at/10260280?dir=DESC&mode=grid&order=name&limit=15&page=9" "Mozilla/5.0 (Windows NT 10.0; WOW64; Trident/7.0; Touch; rv:11.0) like Gecko"
212.152.158.195 - - [01/Feb/2019:12:20:03 +0100] "GET /images/loading.gif HTTP/1.1" 304 - "http://renault.activities.at/10260280?dir=DESC&mode=grid&order=name&limit=15&page=9" "Mozilla/5.0 (Windows NT 10.0; WOW64; Trident/7.0; Touch; rv:11.0) like Gecko"
212.152.158.195 - - [01/Feb/2019:12:20:03 +0100] "GET /js/ProduktGrp.js HTTP/1.1" 304 - "http://renault.activities.at/10260280?dir=DESC&mode=grid&order=name&limit=15&page=9" "Mozilla/5.0 (Windows NT 10.0; WOW64; Trident/7.0; Touch; rv:11.0) like Gecko"
212.152.158.195 - - [01/Feb/2019:12:20:03 +0100] "GET /loadthumbnail.php?id=11676220&width=113 HTTP/1.1" 200 1633 "http://renault.activities.at/10260280?dir=DESC&mode=grid&order=name&limit=15&page=9" "Mozilla/5.0 (Windows NT 10.0; WOW64; Trident/7.0; Touch; rv:11.0) like Gecko"
212.152.158.195 - - [01/Feb/2019:12:20:03 +0100] "GET /loadthumbnail.php?id=11228497&width=113 HTTP/1.1" 200 3267 "http://renault.activities.at/10260280?dir=DESC&mode=grid&order=name&limit=15&page=9" "Mozilla/5.0 (Windows NT 10.0; WOW64; Trident/7.0; Touch; rv:11.0) like Gecko"
212.152.158.195 - - [01/Feb/2019:12:20:03 +0100] "GET /loadthumbnail.php?id=11710979&width=113 HTTP/1.1" 200 1909 "http://renault.activities.at/10260280?dir=DESC&mode=grid&order=name&limit=15&page=9" "Mozilla/5.0 (Windows NT 10.0; WOW64; Trident/7.0; Touch; rv:11.0) like Gecko"
212.152.158.195 - - [01/Feb/2019:12:20:03 +0100] "GET /loadthumbnail.php?id=10309491&width=113 HTTP/1.1" 200 2476 "http://renault.activities.at/10260280?dir=DESC&mode=grid&order=name&limit=15&page=9" "Mozilla/5.0 (Windows NT 10.0; WOW64; Trident/7.0; Touch; rv:11.0) like Gecko"
212.152.158.195 - - [01/Feb/2019:12:20:03 +0100] "GET /loadthumbnail.php?id=10309492&width=113 HTTP/1.1" 200 2666 "http://renault.activities.at/10260280?dir=DESC&mode=grid&order=name&limit=15&page=9" "Mozilla/5.0 (Windows NT 10.0; WOW64; Trident/7.0; Touch; rv:11.0) like Gecko"
212.152.158.195 - - [01/Feb/2019:12:20:03 +0100] "GET /images/main_block_border.gif HTTP/1.1" 304 - "http://renault.activities.at/10260280?dir=DESC&mode=grid&order=name&limit=15&page=9" "Mozilla/5.0 (Windows NT 10.0; WOW64; Trident/7.0; Touch; rv:11.0) like Gecko"
212.152.158.195 - - [01/Feb/2019:12:20:03 +0100] "GET /images/main_block_corner_right_top.gif HTTP/1.1" 304 - "http://renault.activities.at/10260280?dir=DESC&mode=grid&order=name&limit=15&page=9" "Mozilla/5.0 (Windows NT 10.0; WOW64; Trident/7.0; Touch; rv:11.0) like Gecko"
212.152.158.195 - - [01/Feb/2019:12:20:03 +0100] "GET /images/search_bg.gif HTTP/1.1" 304 - "http://renault.activities.at/10260280?dir=DESC&mode=grid&order=name&limit=15&page=9" "Mozilla/5.0 (Windows NT 10.0; WOW64; Trident/7.0; Touch; rv:11.0) like Gecko"
212.152.158.195 - - [01/Feb/2019:12:20:03 +0100] "GET /images/main_block_corner_right_bot.gif HTTP/1.1" 304 - "http://renault.activities.at/10260280?dir=DESC&mode=grid&order=name&limit=15&page=9" "Mozilla/5.0 (Windows NT 10.0; WOW64; Trident/7.0; Touch; rv:11.0) like Gecko"
212.152.158.195 - - [01/Feb/2019:12:20:03 +0100] "GET /images/header_block_border.gif HTTP/1.1" 304 - "http://renault.activities.at/10260280?dir=DESC&mode=grid&order=name&limit=15&page=9" "Mozilla/5.0 (Windows NT 10.0; WOW64; Trident/7.0; Touch; rv:11.0) like Gecko"
212.152.158.195 - - [01/Feb/2019:12:20:03 +0100] "GET /images/main_block_corner_left_top.gif HTTP/1.1" 304 - "http://renault.activities.at/10260280?dir=DESC&mode=grid&order=name&limit=15&page=9" "Mozilla/5.0 (Windows NT 10.0; WOW64; Trident/7.0; Touch; rv:11.0) like Gecko"
212.152.158.195 - - [01/Feb/2019:12:20:03 +0100] "GET /images/header_block_corner_left_top.gif HTTP/1.1" 304 - "http://renault.activities.at/10260280?dir=DESC&mode=grid&order=name&limit=15&page=9" "Mozilla/5.0 (Windows NT 10.0; WOW64; Trident/7.0; Touch; rv:11.0) like Gecko"
212.152.158.195 - - [01/Feb/2019:12:20:03 +0100] "GET /images/header_block_corner_right_top.gif HTTP/1.1" 304 - "http://renault.activities.at/10260280?dir=DESC&mode=grid&order=name&limit=15&page=9" "Mozilla/5.0 (Windows NT 10.0; WOW64; Trident/7.0; Touch; rv:11.0) like Gecko"
212.152.158.195 - - [01/Feb/2019:12:20:03 +0100] "GET /images/main_block_corner_left_bot.gif HTTP/1.1" 304 - "http://renault.activities.at/10260280?dir=DESC&mode=grid&order=name&limit=15&page=9" "Mozilla/5.0 (Windows NT 10.0; WOW64; Trident/7.0; Touch; rv:11.0) like Gecko"
212.152.158.195 - - [01/Feb/2019:12:20:03 +0100] "GET /loadthumbnail.php?id=11775715&width=113 HTTP/1.1" 200 3740 "http://renault.activities.at/10260280?dir=DESC&mode=grid&order=name&limit=15&page=9" "Mozilla/5.0 (Windows NT 10.0; WOW64; Trident/7.0; Touch; rv:11.0) like Gecko"
212.152.158.195 - - [01/Feb/2019:12:20:03 +0100] "GET /images/nav_divider.gif HTTP/1.1" 304 - "http://renault.activities.at/10260280?dir=DESC&mode=grid&order=name&limit=15&page=9" "Mozilla/5.0 (Windows NT 10.0; WOW64; Trident/7.0; Touch; rv:11.0) like Gecko"
212.152.158.195 - - [01/Feb/2019:12:20:03 +0100] "GET /images/top_links_divider.gif HTTP/1.1" 304 - "http://renault.activities.at/10260280?dir=DESC&mode=grid&order=name&limit=15&page=9" "Mozilla/5.0 (Windows NT 10.0; WOW64; Trident/7.0; Touch; rv:11.0) like Gecko"
212.152.158.195 - - [01/Feb/2019:12:20:03 +0100] "GET /images/pager_bg.gif HTTP/1.1" 304 - "http://renault.activities.at/10260280?dir=DESC&mode=grid&order=name&limit=15&page=9" "Mozilla/5.0 (Windows NT 10.0; WOW64; Trident/7.0; Touch; rv:11.0) like Gecko"
212.152.158.195 - - [01/Feb/2019:12:20:03 +0100] "GET /images/vista-dn.gif HTTP/1.1" 304 - "http://renault.activities.at/10260280?dir=DESC&mode=grid&order=name&limit=15&page=9" "Mozilla/5.0 (Windows NT 10.0; WOW64; Trident/7.0; Touch; rv:11.0) like Gecko"
212.152.158.195 - - [01/Feb/2019:12:20:03 +0100] "GET /images/button_bg.gif HTTP/1.1" 304 - "http://renault.activities.at/10260280?dir=DESC&mode=grid&order=name&limit=15&page=9" "Mozilla/5.0 (Windows NT 10.0; WOW64; Trident/7.0; Touch; rv:11.0) like Gecko"
212.152.158.195 - - [01/Feb/2019:12:20:03 +0100] "GET /images/vista-up.gif HTTP/1.1" 304 - "http://renault.activities.at/10260280?dir=DESC&mode=grid&order=name&limit=15&page=9" "Mozilla/5.0 (Windows NT 10.0; WOW64; Trident/7.0; Touch; rv:11.0) like Gecko"
212.152.158.195 - - [01/Feb/2019:12:20:03 +0100] "GET /images/sidebar_title_corner_right_top.gif HTTP/1.1" 304 - "http://renault.activities.at/10260280?dir=DESC&mode=grid&order=name&limit=15&page=9" "Mozilla/5.0 (Windows NT 10.0; WOW64; Trident/7.0; Touch; rv:11.0) like Gecko"
212.152.158.195 - - [01/Feb/2019:12:20:03 +0100] "GET /images/footer_divider.gif HTTP/1.1" 304 - "http://renault.activities.at/10260280?dir=DESC&mode=grid&order=name&limit=15&page=9" "Mozilla/5.0 (Windows NT 10.0; WOW64; Trident/7.0; Touch; rv:11.0) like Gecko"
212.152.158.195 - - [01/Feb/2019:12:20:03 +0100] "GET /images/validation_advice_bg.gif HTTP/1.1" 304 - "http://renault.activities.at/10260280?dir=DESC&mode=grid&order=name&limit=15&page=9" "Mozilla/5.0 (Windows NT 10.0; WOW64; Trident/7.0; Touch; rv:11.0) like Gecko"
212.152.158.195 - - [01/Feb/2019:12:20:04 +0100] "GET /images/button_right_bg.gif HTTP/1.1" 304 - "http://renault.activities.at/10260280?dir=DESC&mode=grid&order=name&limit=15&page=9" "Mozilla/5.0 (Windows NT 10.0; WOW64; Trident/7.0; Touch; rv:11.0) like Gecko"
212.152.158.195 - - [01/Feb/2019:12:20:04 +0100] "GET /images/title_border.jpg HTTP/1.1" 304 - "http://renault.activities.at/10260280?dir=DESC&mode=grid&order=name&limit=15&page=9" "Mozilla/5.0 (Windows NT 10.0; WOW64; Trident/7.0; Touch; rv:11.0) like Gecko"
212.152.158.195 - - [01/Feb/2019:12:20:04 +0100] "GET /images/menu_divider.gif HTTP/1.1" 304 - "http://renault.activities.at/10260280?dir=DESC&mode=grid&order=name&limit=15&page=9" "Mozilla/5.0 (Windows NT 10.0; WOW64; Trident/7.0; Touch; rv:11.0) like Gecko"
212.152.158.195 - - [01/Feb/2019:12:20:04 +0100] "GET /images/title_border_top.jpg HTTP/1.1" 304 - "http://renault.activities.at/10260280?dir=DESC&mode=grid&order=name&limit=15&page=9" "Mozilla/5.0 (Windows NT 10.0; WOW64; Trident/7.0; Touch; rv:11.0) like Gecko"
212.152.158.195 - - [01/Feb/2019:12:20:04 +0100] "GET /images/sidebar_title_corner_left_top.gif HTTP/1.1" 304 - "http://renault.activities.at/10260280?dir=DESC&mode=grid&order=name&limit=15&page=9" "Mozilla/5.0 (Windows NT 10.0; WOW64; Trident/7.0; Touch; rv:11.0) like Gecko"
212.152.158.195 - - [01/Feb/2019:12:20:04 +0100] "GET /images/menu_button_bg.jpg HTTP/1.1" 304 - "http://renault.activities.at/10260280?dir=DESC&mode=grid&order=name&limit=15&page=9" "Mozilla/5.0 (Windows NT 10.0; WOW64; Trident/7.0; Touch; rv:11.0) like Gecko"
212.152.158.195 - - [01/Feb/2019:12:20:04 +0100] "GET /images/title_corner_right_top.jpg HTTP/1.1" 304 - "http://renault.activities.at/10260280?dir=DESC&mode=grid&order=name&limit=15&page=9" "Mozilla/5.0 (Windows NT 10.0; WOW64; Trident/7.0; Touch; rv:11.0) like Gecko"
212.152.158.195 - - [01/Feb/2019:12:20:04 +0100] "GET /images/title_corner_left_top.jpg HTTP/1.1" 304 - "http://renault.activities.at/10260280?dir=DESC&mode=grid&order=name&limit=15&page=9" "Mozilla/5.0 (Windows NT 10.0; WOW64; Trident/7.0; Touch; rv:11.0) like Gecko"
212.152.158.195 - - [01/Feb/2019:12:20:04 +0100] "GET /images/sidebar_title_border_top.gif HTTP/1.1" 304 - "http://renault.activities.at/10260280?dir=DESC&mode=grid&order=name&limit=15&page=9" "Mozilla/5.0 (Windows NT 10.0; WOW64; Trident/7.0; Touch; rv:11.0) like Gecko"
212.152.158.195 - - [01/Feb/2019:12:20:04 +0100] "GET /images/sidebar_title_border.gif HTTP/1.1" 304 - "http://renault.activities.at/10260280?dir=DESC&mode=grid&order=name&limit=15&page=9" "Mozilla/5.0 (Windows NT 10.0; WOW64; Trident/7.0; Touch; rv:11.0) like Gecko"
212.152.158.195 - - [01/Feb/2019:12:20:04 +0100] "GET /images/button_left_bg.gif HTTP/1.1" 304 - "http://renault.activities.at/10260280?dir=DESC&mode=grid&order=name&limit=15&page=9" "Mozilla/5.0 (Windows NT 10.0; WOW64; Trident/7.0; Touch; rv:11.0) like Gecko"
213.153.47.173 - - [01/Feb/2019:12:20:11 +0100] "GET /reload?ser=1549020011389 HTTP/1.1" 200 28 "http://renault.activities.at/login?required=true" "Mozilla/5.0 (Windows NT 10.0; Win64; x64; rv:64.0) Gecko/20100101 Firefox/64.0"
80.120.5.131 - - [01/Feb/2019:12:20:39 +0100] "GET /10201637 HTTP/1.1" 302 150 "-" "Mozilla/5.0 (Macintosh; Intel Mac OS X 10_13_6) AppleWebKit/605.1.15 (KHTML, like Gecko)"
80.120.5.131 - - [01/Feb/2019:12:20:39 +0100] "GET /login?required=true HTTP/1.1" 200 2086 "-" "Mozilla/5.0 (Macintosh; Intel Mac OS X 10_13_6) AppleWebKit/605.1.15 (KHTML, like Gecko)"
80.120.5.131 - - [01/Feb/2019:12:20:40 +0100] "GET /apple-touch-icon-precomposed.png HTTP/1.1" 200 1559 "-" "Safari/13606.4.5.3.1 CFNetwork/902.3.1 Darwin/17.7.0 (x86_64)"
80.120.5.131 - - [01/Feb/2019:12:20:41 +0100] "GET /apple-touch-icon.png HTTP/1.1" 200 1559 "-" "Safari/13606.4.5.3.1 CFNetwork/902.3.1 Darwin/17.7.0 (x86_64)"
80.120.5.131 - - [01/Feb/2019:12:20:42 +0100] "GET /images/favicon.ico HTTP/1.1" 404 305 "-" "Safari/13606.4.5.3.1 CFNetwork/902.3.1 Darwin/17.7.0 (x86_64)"
80.120.5.131 - - [01/Feb/2019:12:20:42 +0100] "GET /images/favicon.ico HTTP/1.1" 404 305 "-" "Safari/13606.4.5.3.1 CFNetwork/902.3.1 Darwin/17.7.0 (x86_64)"
80.120.5.131 - - [01/Feb/2019:12:20:42 +0100] "GET /favicon.ico HTTP/1.1" 200 3250 "-" "Safari/13606.4.5.3.1 CFNetwork/902.3.1 Darwin/17.7.0 (x86_64)"
80.120.5.131 - - [01/Feb/2019:12:20:42 +0100] "GET /apple-touch-icon-precomposed.png HTTP/1.1" 200 1559 "-" "Safari/13606.4.5.3.1 CFNetwork/902.3.1 Darwin/17.7.0 (x86_64)"
80.120.5.131 - - [01/Feb/2019:12:20:43 +0100] "GET /apple-touch-icon.png HTTP/1.1" 200 1559 "-" "Safari/13606.4.5.3.1 CFNetwork/902.3.1 Darwin/17.7.0 (x86_64)"
80.120.5.131 - - [01/Feb/2019:12:20:44 +0100] "GET /images/favicon.ico HTTP/1.1" 404 305 "-" "Safari/13606.4.5.3.1 CFNetwork/902.3.1 Darwin/17.7.0 (x86_64)"
80.120.5.131 - - [01/Feb/2019:12:20:44 +0100] "GET /images/favicon.ico HTTP/1.1" 404 305 "-" "Safari/13606.4.5.3.1 CFNetwork/902.3.1 Darwin/17.7.0 (x86_64)"
80.120.5.131 - - [01/Feb/2019:12:20:44 +0100] "GET /favicon.ico HTTP/1.1" 200 3250 "-" "Safari/13606.4.5.3.1 CFNetwork/902.3.1 Darwin/17.7.0 (x86_64)"
80.120.5.131 - - [01/Feb/2019:12:20:44 +0100] "GET /10201637 HTTP/1.1" 302 150 "-" "Mozilla/5.0 (iPhone; CPU iPhone OS 11_3 like Mac OS X) AppleWebKit/605.1.15 (KHTML, like Gecko) Version/11.0 Mobile/15E148 Safari/604.1"
80.120.5.131 - - [01/Feb/2019:12:20:45 +0100] "GET /login?required=true HTTP/1.1" 200 2086 "-" "Mozilla/5.0 (iPhone; CPU iPhone OS 11_3 like Mac OS X) AppleWebKit/605.1.15 (KHTML, like Gecko) Version/11.0 Mobile/15E148 Safari/604.1"
193.194.132.30 - - [01/Feb/2019:12:20:46 +0100] "GET /reload?ser=1549020045970 HTTP/1.1" 200 28 "http://renault.2web.at/aboutus" "Mozilla/5.0 (Windows NT 10.0; WOW64; Trident/7.0; Touch; rv:11.0) like Gecko"
80.120.5.131 - - [01/Feb/2019:12:20:46 +0100] "GET /apple-touch-icon-precomposed.png HTTP/1.1" 200 1559 "-" "Safari/13606.4.5.3.1 CFNetwork/902.3.1 Darwin/17.7.0 (x86_64)"
80.120.5.131 - - [01/Feb/2019:12:20:47 +0100] "GET /apple-touch-icon.png HTTP/1.1" 200 1559 "-" "Safari/13606.4.5.3.1 CFNetwork/902.3.1 Darwin/17.7.0 (x86_64)"
80.120.5.131 - - [01/Feb/2019:12:20:48 +0100] "GET /images/favicon.ico HTTP/1.1" 404 305 "-" "Safari/13606.4.5.3.1 CFNetwork/902.3.1 Darwin/17.7.0 (x86_64)"
80.120.5.131 - - [01/Feb/2019:12:20:48 +0100] "GET /images/favicon.ico HTTP/1.1" 404 305 "-" "Safari/13606.4.5.3.1 CFNetwork/902.3.1 Darwin/17.7.0 (x86_64)"
80.120.5.131 - - [01/Feb/2019:12:20:48 +0100] "GET /favicon.ico HTTP/1.1" 200 3250 "-" "Safari/13606.4.5.3.1 CFNetwork/902.3.1 Darwin/17.7.0 (x86_64)"
80.120.5.131 - - [01/Feb/2019:12:20:48 +0100] "GET /apple-touch-icon-precomposed.png HTTP/1.1" 200 1559 "-" "Safari/13606.4.5.3.1 CFNetwork/902.3.1 Darwin/17.7.0 (x86_64)"
80.120.5.131 - - [01/Feb/2019:12:20:49 +0100] "GET /apple-touch-icon.png HTTP/1.1" 200 1559 "-" "Safari/13606.4.5.3.1 CFNetwork/902.3.1 Darwin/17.7.0 (x86_64)"
80.120.5.131 - - [01/Feb/2019:12:20:50 +0100] "GET /images/favicon.ico HTTP/1.1" 404 305 "-" "Safari/13606.4.5.3.1 CFNetwork/902.3.1 Darwin/17.7.0 (x86_64)"
80.120.5.131 - - [01/Feb/2019:12:20:50 +0100] "GET /images/favicon.ico HTTP/1.1" 404 305 "-" "Safari/13606.4.5.3.1 CFNetwork/902.3.1 Darwin/17.7.0 (x86_64)"
80.120.5.131 - - [01/Feb/2019:12:20:50 +0100] "GET /favicon.ico HTTP/1.1" 200 3250 "-" "Safari/13606.4.5.3.1 CFNetwork/902.3.1 Darwin/17.7.0 (x86_64)"
212.152.158.195 - - [01/Feb/2019:12:21:04 +0100] "GET /reload?ser=1549020064420 HTTP/1.1" 200 28 "http://renault.activities.at/10260280?dir=DESC&mode=grid&order=name&limit=15&page=9" "Mozilla/5.0 (Windows NT 10.0; WOW64; Trident/7.0; Touch; rv:11.0) like Gecko"
213.153.47.173 - - [01/Feb/2019:12:21:12 +0100] "GET /reload?ser=1549020072068 HTTP/1.1" 200 28 "http://renault.activities.at/login?required=true" "Mozilla/5.0 (Windows NT 10.0; Win64; x64; rv:64.0) Gecko/20100101 Firefox/64.0"
193.194.132.30 - - [01/Feb/2019:12:21:47 +0100] "GET /reload?ser=1549020107047 HTTP/1.1" 200 28 "http://renault.2web.at/aboutus" "Mozilla/5.0 (Windows NT 10.0; WOW64; Trident/7.0; Touch; rv:11.0) like Gecko"
212.152.158.195 - - [01/Feb/2019:12:22:05 +0100] "GET /reload?ser=1549020125339 HTTP/1.1" 200 28 "http://renault.activities.at/10260280?dir=DESC&mode=grid&order=name&limit=15&page=9" "Mozilla/5.0 (Windows NT 10.0; WOW64; Trident/7.0; Touch; rv:11.0) like Gecko"
213.153.47.173 - - [01/Feb/2019:12:22:12 +0100] "GET /reload?ser=1549020132729 HTTP/1.1" 200 28 "http://renault.activities.at/login?required=true" "Mozilla/5.0 (Windows NT 10.0; Win64; x64; rv:64.0) Gecko/20100101 Firefox/64.0"
193.194.132.30 - - [01/Feb/2019:12:22:48 +0100] "GET /reload?ser=1549020168145 HTTP/1.1" 200 28 "http://renault.2web.at/aboutus" "Mozilla/5.0 (Windows NT 10.0; WOW64; Trident/7.0; Touch; rv:11.0) like Gecko"
212.152.158.195 - - [01/Feb/2019:12:23:06 +0100] "GET /reload?ser=1549020186301 HTTP/1.1" 200 28 "http://renault.activities.at/10260280?dir=DESC&mode=grid&order=name&limit=15&page=9" "Mozilla/5.0 (Windows NT 10.0; WOW64; Trident/7.0; Touch; rv:11.0) like Gecko"
213.153.47.173 - - [01/Feb/2019:12:23:13 +0100] "GET /reload?ser=1549020193390 HTTP/1.1" 200 28 "http://renault.activities.at/login?required=true" "Mozilla/5.0 (Windows NT 10.0; Win64; x64; rv:64.0) Gecko/20100101 Firefox/64.0"
207.46.13.34 - - [01/Feb/2019:12:23:30 +0100] "GET /js/index.php?c=auto&f=,prototype/prototype.js,prototype/validation.js,scriptaculous/builder.js,scriptaculous/effects.js,scriptaculous/dragdrop.js,scriptaculous/controls.js,scriptaculous/slider.js,varien/js.js,varien/form.js,varien/menu.js,mage/translate.js,mage/cookies.js,varien/product.js,spinner/SpinnerControl.jsmin.js,prototype/window.js,prototype/window_ext.js HTTP/1.1" 200 94182 "-" "Mozilla/5.0 (compatible; bingbot/2.0; +http://www.bing.com/bingbot.htm)"
193.194.132.30 - - [01/Feb/2019:12:23:49 +0100] "GET /reload?ser=1549020229247 HTTP/1.1" 200 28 "http://renault.2web.at/aboutus" "Mozilla/5.0 (Windows NT 10.0; WOW64; Trident/7.0; Touch; rv:11.0) like Gecko"
212.152.158.195 - - [01/Feb/2019:12:24:07 +0100] "GET /reload?ser=1549020247261 HTTP/1.1" 200 28 "http://renault.activities.at/10260280?dir=DESC&mode=grid&order=name&limit=15&page=9" "Mozilla/5.0 (Windows NT 10.0; WOW64; Trident/7.0; Touch; rv:11.0) like Gecko"
213.153.47.173 - - [01/Feb/2019:12:24:14 +0100] "GET /reload?ser=1549020254038 HTTP/1.1" 200 28 "http://renault.activities.at/login?required=true" "Mozilla/5.0 (Windows NT 10.0; Win64; x64; rv:64.0) Gecko/20100101 Firefox/64.0"
193.194.132.30 - - [01/Feb/2019:12:24:50 +0100] "GET /reload?ser=1549020290275 HTTP/1.1" 200 28 "http://renault.2web.at/aboutus" "Mozilla/5.0 (Windows NT 10.0; WOW64; Trident/7.0; Touch; rv:11.0) like Gecko"
212.152.158.195 - - [01/Feb/2019:12:25:08 +0100] "GET /reload?ser=1549020308174 HTTP/1.1" 200 28 "http://renault.activities.at/10260280?dir=DESC&mode=grid&order=name&limit=15&page=9" "Mozilla/5.0 (Windows NT 10.0; WOW64; Trident/7.0; Touch; rv:11.0) like Gecko"
213.153.47.173 - - [01/Feb/2019:12:25:14 +0100] "GET /reload?ser=1549020314709 HTTP/1.1" 200 28 "http://renault.activities.at/login?required=true" "Mozilla/5.0 (Windows NT 10.0; Win64; x64; rv:64.0) Gecko/20100101 Firefox/64.0"
193.194.132.30 - - [01/Feb/2019:12:25:51 +0100] "GET /reload?ser=1549020351336 HTTP/1.1" 200 28 "http://renault.2web.at/aboutus" "Mozilla/5.0 (Windows NT 10.0; WOW64; Trident/7.0; Touch; rv:11.0) like Gecko"
212.152.158.195 - - [01/Feb/2019:12:26:09 +0100] "GET /reload?ser=1549020369132 HTTP/1.1" 200 28 "http://renault.activities.at/10260280?dir=DESC&mode=grid&order=name&limit=15&page=9" "Mozilla/5.0 (Windows NT 10.0; WOW64; Trident/7.0; Touch; rv:11.0) like Gecko"
213.153.47.173 - - [01/Feb/2019:12:26:15 +0100] "GET /reload?ser=1549020375359 HTTP/1.1" 200 28 "http://renault.activities.at/login?required=true" "Mozilla/5.0 (Windows NT 10.0; Win64; x64; rv:64.0) Gecko/20100101 Firefox/64.0"
193.194.132.30 - - [01/Feb/2019:12:26:52 +0100] "GET /reload?ser=1549020412419 HTTP/1.1" 200 28 "http://renault.2web.at/aboutus" "Mozilla/5.0 (Windows NT 10.0; WOW64; Trident/7.0; Touch; rv:11.0) like Gecko"
212.152.158.195 - - [01/Feb/2019:12:27:10 +0100] "GET /reload?ser=1549020430106 HTTP/1.1" 200 28 "http://renault.activities.at/10260280?dir=DESC&mode=grid&order=name&limit=15&page=9" "Mozilla/5.0 (Windows NT 10.0; WOW64; Trident/7.0; Touch; rv:11.0) like Gecko"
213.153.47.173 - - [01/Feb/2019:12:27:16 +0100] "GET /reload?ser=1549020436029 HTTP/1.1" 200 28 "http://renault.activities.at/login?required=true" "Mozilla/5.0 (Windows NT 10.0; Win64; x64; rv:64.0) Gecko/20100101 Firefox/64.0"
193.194.132.30 - - [01/Feb/2019:12:27:53 +0100] "GET /reload?ser=1549020473499 HTTP/1.1" 200 28 "http://renault.2web.at/aboutus" "Mozilla/5.0 (Windows NT 10.0; WOW64; Trident/7.0; Touch; rv:11.0) like Gecko"
212.152.158.195 - - [01/Feb/2019:12:28:11 +0100] "GET /reload?ser=1549020491081 HTTP/1.1" 200 28 "http://renault.activities.at/10260280?dir=DESC&mode=grid&order=name&limit=15&page=9" "Mozilla/5.0 (Windows NT 10.0; WOW64; Trident/7.0; Touch; rv:11.0) like Gecko"
213.153.47.173 - - [01/Feb/2019:12:28:16 +0100] "GET /reload?ser=1549020496689 HTTP/1.1" 200 28 "http://renault.activities.at/login?required=true" "Mozilla/5.0 (Windows NT 10.0; Win64; x64; rv:64.0) Gecko/20100101 Firefox/64.0"
193.194.132.30 - - [01/Feb/2019:12:28:54 +0100] "GET /reload?ser=1549020534539 HTTP/1.1" 200 28 "http://renault.2web.at/aboutus" "Mozilla/5.0 (Windows NT 10.0; WOW64; Trident/7.0; Touch; rv:11.0) like Gecko"
212.152.158.195 - - [01/Feb/2019:12:29:12 +0100] "GET /reload?ser=1549020552046 HTTP/1.1" 200 28 "http://renault.activities.at/10260280?dir=DESC&mode=grid&order=name&limit=15&page=9" "Mozilla/5.0 (Windows NT 10.0; WOW64; Trident/7.0; Touch; rv:11.0) like Gecko"
213.153.47.173 - - [01/Feb/2019:12:29:17 +0100] "GET /reload?ser=1549020557359 HTTP/1.1" 200 28 "http://renault.activities.at/login?required=true" "Mozilla/5.0 (Windows NT 10.0; Win64; x64; rv:64.0) Gecko/20100101 Firefox/64.0"
193.194.132.30 - - [01/Feb/2019:12:29:55 +0100] "GET /reload?ser=1549020595579 HTTP/1.1" 200 28 "http://renault.2web.at/aboutus" "Mozilla/5.0 (Windows NT 10.0; WOW64; Trident/7.0; Touch; rv:11.0) like Gecko"
212.152.158.195 - - [01/Feb/2019:12:30:13 +0100] "GET /reload?ser=1549020613017 HTTP/1.1" 200 28 "http://renault.activities.at/10260280?dir=DESC&mode=grid&order=name&limit=15&page=9" "Mozilla/5.0 (Windows NT 10.0; WOW64; Trident/7.0; Touch; rv:11.0) like Gecko"
213.153.47.173 - - [01/Feb/2019:12:30:18 +0100] "GET /reload?ser=1549020618039 HTTP/1.1" 200 28 "http://renault.activities.at/login?required=true" "Mozilla/5.0 (Windows NT 10.0; Win64; x64; rv:64.0) Gecko/20100101 Firefox/64.0"
193.194.132.30 - - [01/Feb/2019:12:30:56 +0100] "GET /reload?ser=1549020656620 HTTP/1.1" 200 28 "http://renault.2web.at/aboutus" "Mozilla/5.0 (Windows NT 10.0; WOW64; Trident/7.0; Touch; rv:11.0) like Gecko"
212.152.158.195 - - [01/Feb/2019:12:31:14 +0100] "GET /reload?ser=1549020674033 HTTP/1.1" 200 28 "http://renault.activities.at/10260280?dir=DESC&mode=grid&order=name&limit=15&page=9" "Mozilla/5.0 (Windows NT 10.0; WOW64; Trident/7.0; Touch; rv:11.0) like Gecko"
213.153.47.173 - - [01/Feb/2019:12:31:18 +0100] "GET /reload?ser=1549020678699 HTTP/1.1" 200 28 "http://renault.activities.at/login?required=true" "Mozilla/5.0 (Windows NT 10.0; Win64; x64; rv:64.0) Gecko/20100101 Firefox/64.0"
193.194.132.30 - - [01/Feb/2019:12:31:57 +0100] "GET /reload?ser=1549020717729 HTTP/1.1" 200 28 "http://renault.2web.at/aboutus" "Mozilla/5.0 (Windows NT 10.0; WOW64; Trident/7.0; Touch; rv:11.0) like Gecko"
212.152.158.195 - - [01/Feb/2019:12:32:14 +0100] "GET /reload?ser=1549020734949 HTTP/1.1" 200 28 "http://renault.activities.at/10260280?dir=DESC&mode=grid&order=name&limit=15&page=9" "Mozilla/5.0 (Windows NT 10.0; WOW64; Trident/7.0; Touch; rv:11.0) like Gecko"
213.153.47.173 - - [01/Feb/2019:12:32:19 +0100] "GET /reload?ser=1549020739370 HTTP/1.1" 200 28 "http://renault.activities.at/login?required=true" "Mozilla/5.0 (Windows NT 10.0; Win64; x64; rv:64.0) Gecko/20100101 Firefox/64.0"
193.194.132.30 - - [01/Feb/2019:12:32:58 +0100] "GET /reload?ser=1549020778802 HTTP/1.1" 200 28 "http://renault.2web.at/aboutus" "Mozilla/5.0 (Windows NT 10.0; WOW64; Trident/7.0; Touch; rv:11.0) like Gecko"
212.152.158.195 - - [01/Feb/2019:12:33:15 +0100] "GET /reload?ser=1549020795863 HTTP/1.1" 200 28 "http://renault.activities.at/10260280?dir=DESC&mode=grid&order=name&limit=15&page=9" "Mozilla/5.0 (Windows NT 10.0; WOW64; Trident/7.0; Touch; rv:11.0) like Gecko"
213.153.47.173 - - [01/Feb/2019:12:33:20 +0100] "GET /reload?ser=1549020800040 HTTP/1.1" 200 28 "http://renault.activities.at/login?required=true" "Mozilla/5.0 (Windows NT 10.0; Win64; x64; rv:64.0) Gecko/20100101 Firefox/64.0"
193.194.132.30 - - [01/Feb/2019:12:34:00 +0100] "GET /reload?ser=1549020839879 HTTP/1.1" 200 28 "http://renault.2web.at/aboutus" "Mozilla/5.0 (Windows NT 10.0; WOW64; Trident/7.0; Touch; rv:11.0) like Gecko"
212.152.158.195 - - [01/Feb/2019:12:34:16 +0100] "GET /reload?ser=1549020856851 HTTP/1.1" 200 28 "http://renault.activities.at/10260280?dir=DESC&mode=grid&order=name&limit=15&page=9" "Mozilla/5.0 (Windows NT 10.0; WOW64; Trident/7.0; Touch; rv:11.0) like Gecko"
213.153.47.173 - - [01/Feb/2019:12:34:20 +0100] "GET /reload?ser=1549020860712 HTTP/1.1" 200 28 "http://renault.activities.at/login?required=true" "Mozilla/5.0 (Windows NT 10.0; Win64; x64; rv:64.0) Gecko/20100101 Firefox/64.0"
212.152.158.195 - - [01/Feb/2019:12:34:52 +0100] "GET /10260280?dir=DESC&mode=grid&order=name&limit=15&page=10 HTTP/1.1" 200 9245 "http://renault.activities.at/10260280?dir=DESC&mode=grid&order=name&limit=15&page=9" "Mozilla/5.0 (Windows NT 10.0; WOW64; Trident/7.0; Touch; rv:11.0) like Gecko"
212.152.158.195 - - [01/Feb/2019:12:34:55 +0100] "GET /js/default.js HTTP/1.1" 304 - "http://renault.activities.at/10260280?dir=DESC&mode=grid&order=name&limit=15&page=10" "Mozilla/5.0 (Windows NT 10.0; WOW64; Trident/7.0; Touch; rv:11.0) like Gecko"
212.152.158.195 - - [01/Feb/2019:12:34:55 +0100] "GET /css/reset.css HTTP/1.1" 304 - "http://renault.activities.at/10260280?dir=DESC&mode=grid&order=name&limit=15&page=10" "Mozilla/5.0 (Windows NT 10.0; WOW64; Trident/7.0; Touch; rv:11.0) like Gecko"
212.152.158.195 - - [01/Feb/2019:12:34:55 +0100] "GET /js/prototip.js HTTP/1.1" 304 - "http://renault.activities.at/10260280?dir=DESC&mode=grid&order=name&limit=15&page=10" "Mozilla/5.0 (Windows NT 10.0; WOW64; Trident/7.0; Touch; rv:11.0) like Gecko"
212.152.158.195 - - [01/Feb/2019:12:34:55 +0100] "GET /css/styles.css HTTP/1.1" 304 - "http://renault.activities.at/10260280?dir=DESC&mode=grid&order=name&limit=15&page=10" "Mozilla/5.0 (Windows NT 10.0; WOW64; Trident/7.0; Touch; rv:11.0) like Gecko"
212.152.158.195 - - [01/Feb/2019:12:34:55 +0100] "GET /css/clears.css HTTP/1.1" 304 - "http://renault.activities.at/10260280?dir=DESC&mode=grid&order=name&limit=15&page=10" "Mozilla/5.0 (Windows NT 10.0; WOW64; Trident/7.0; Touch; rv:11.0) like Gecko"
212.152.158.195 - - [01/Feb/2019:12:34:55 +0100] "GET /css/print.css HTTP/1.1" 304 - "http://renault.activities.at/10260280?dir=DESC&mode=grid&order=name&limit=15&page=10" "Mozilla/5.0 (Windows NT 10.0; WOW64; Trident/7.0; Touch; rv:11.0) like Gecko"
212.152.158.195 - - [01/Feb/2019:12:34:55 +0100] "GET /js/checkout.css HTTP/1.1" 304 - "http://renault.activities.at/10260280?dir=DESC&mode=grid&order=name&limit=15&page=10" "Mozilla/5.0 (Windows NT 10.0; WOW64; Trident/7.0; Touch; rv:11.0) like Gecko"
212.152.158.195 - - [01/Feb/2019:12:34:55 +0100] "GET /css/prototip.css HTTP/1.1" 304 - "http://renault.activities.at/10260280?dir=DESC&mode=grid&order=name&limit=15&page=10" "Mozilla/5.0 (Windows NT 10.0; WOW64; Trident/7.0; Touch; rv:11.0) like Gecko"
212.152.158.195 - - [01/Feb/2019:12:34:55 +0100] "GET /css/themes/alphacube.css HTTP/1.1" 304 - "http://renault.activities.at/10260280?dir=DESC&mode=grid&order=name&limit=15&page=10" "Mozilla/5.0 (Windows NT 10.0; WOW64; Trident/7.0; Touch; rv:11.0) like Gecko"
212.152.158.195 - - [01/Feb/2019:12:34:55 +0100] "GET /css/themes/default.css HTTP/1.1" 304 - "http://renault.activities.at/10260280?dir=DESC&mode=grid&order=name&limit=15&page=10" "Mozilla/5.0 (Windows NT 10.0; WOW64; Trident/7.0; Touch; rv:11.0) like Gecko"
212.152.158.195 - - [01/Feb/2019:12:34:55 +0100] "GET /js/ProduktGrp.js HTTP/1.1" 304 - "http://renault.activities.at/10260280?dir=DESC&mode=grid&order=name&limit=15&page=10" "Mozilla/5.0 (Windows NT 10.0; WOW64; Trident/7.0; Touch; rv:11.0) like Gecko"
212.152.158.195 - - [01/Feb/2019:12:34:55 +0100] "GET /images/loading.gif HTTP/1.1" 304 - "http://renault.activities.at/10260280?dir=DESC&mode=grid&order=name&limit=15&page=10" "Mozilla/5.0 (Windows NT 10.0; WOW64; Trident/7.0; Touch; rv:11.0) like Gecko"
212.152.158.195 - - [01/Feb/2019:12:34:55 +0100] "GET /images/main_block_corner_right_top.gif HTTP/1.1" 304 - "http://renault.activities.at/10260280?dir=DESC&mode=grid&order=name&limit=15&page=10" "Mozilla/5.0 (Windows NT 10.0; WOW64; Trident/7.0; Touch; rv:11.0) like Gecko"
212.152.158.195 - - [01/Feb/2019:12:34:55 +0100] "GET /images/header_block_corner_right_top.gif HTTP/1.1" 304 - "http://renault.activities.at/10260280?dir=DESC&mode=grid&order=name&limit=15&page=10" "Mozilla/5.0 (Windows NT 10.0; WOW64; Trident/7.0; Touch; rv:11.0) like Gecko"
212.152.158.195 - - [01/Feb/2019:12:34:55 +0100] "GET /images/header_block_corner_left_top.gif HTTP/1.1" 304 - "http://renault.activities.at/10260280?dir=DESC&mode=grid&order=name&limit=15&page=10" "Mozilla/5.0 (Windows NT 10.0; WOW64; Trident/7.0; Touch; rv:11.0) like Gecko"
212.152.158.195 - - [01/Feb/2019:12:34:55 +0100] "GET /images/main_block_corner_right_bot.gif HTTP/1.1" 304 - "http://renault.activities.at/10260280?dir=DESC&mode=grid&order=name&limit=15&page=10" "Mozilla/5.0 (Windows NT 10.0; WOW64; Trident/7.0; Touch; rv:11.0) like Gecko"
212.152.158.195 - - [01/Feb/2019:12:34:55 +0100] "GET /images/header_block_border.gif HTTP/1.1" 304 - "http://renault.activities.at/10260280?dir=DESC&mode=grid&order=name&limit=15&page=10" "Mozilla/5.0 (Windows NT 10.0; WOW64; Trident/7.0; Touch; rv:11.0) like Gecko"
212.152.158.195 - - [01/Feb/2019:12:34:55 +0100] "GET /images/main_block_corner_left_bot.gif HTTP/1.1" 304 - "http://renault.activities.at/10260280?dir=DESC&mode=grid&order=name&limit=15&page=10" "Mozilla/5.0 (Windows NT 10.0; WOW64; Trident/7.0; Touch; rv:11.0) like Gecko"
212.152.158.195 - - [01/Feb/2019:12:34:55 +0100] "GET /images/search_bg.gif HTTP/1.1" 304 - "http://renault.activities.at/10260280?dir=DESC&mode=grid&order=name&limit=15&page=10" "Mozilla/5.0 (Windows NT 10.0; WOW64; Trident/7.0; Touch; rv:11.0) like Gecko"
212.152.158.195 - - [01/Feb/2019:12:34:55 +0100] "GET /images/main_block_corner_left_top.gif HTTP/1.1" 304 - "http://renault.activities.at/10260280?dir=DESC&mode=grid&order=name&limit=15&page=10" "Mozilla/5.0 (Windows NT 10.0; WOW64; Trident/7.0; Touch; rv:11.0) like Gecko"
212.152.158.195 - - [01/Feb/2019:12:34:55 +0100] "GET /images/main_block_border.gif HTTP/1.1" 304 - "http://renault.activities.at/10260280?dir=DESC&mode=grid&order=name&limit=15&page=10" "Mozilla/5.0 (Windows NT 10.0; WOW64; Trident/7.0; Touch; rv:11.0) like Gecko"
212.152.158.195 - - [01/Feb/2019:12:34:55 +0100] "GET /images/title_corner_right_top.jpg HTTP/1.1" 304 - "http://renault.activities.at/10260280?dir=DESC&mode=grid&order=name&limit=15&page=10" "Mozilla/5.0 (Windows NT 10.0; WOW64; Trident/7.0; Touch; rv:11.0) like Gecko"
212.152.158.195 - - [01/Feb/2019:12:34:55 +0100] "GET /images/vista-dn.gif HTTP/1.1" 304 - "http://renault.activities.at/10260280?dir=DESC&mode=grid&order=name&limit=15&page=10" "Mozilla/5.0 (Windows NT 10.0; WOW64; Trident/7.0; Touch; rv:11.0) like Gecko"
212.152.158.195 - - [01/Feb/2019:12:34:55 +0100] "GET /images/title_border.jpg HTTP/1.1" 304 - "http://renault.activities.at/10260280?dir=DESC&mode=grid&order=name&limit=15&page=10" "Mozilla/5.0 (Windows NT 10.0; WOW64; Trident/7.0; Touch; rv:11.0) like Gecko"
212.152.158.195 - - [01/Feb/2019:12:34:55 +0100] "GET /images/sidebar_title_border.gif HTTP/1.1" 304 - "http://renault.activities.at/10260280?dir=DESC&mode=grid&order=name&limit=15&page=10" "Mozilla/5.0 (Windows NT 10.0; WOW64; Trident/7.0; Touch; rv:11.0) like Gecko"
212.152.158.195 - - [01/Feb/2019:12:34:55 +0100] "GET /images/button_right_bg.gif HTTP/1.1" 304 - "http://renault.activities.at/10260280?dir=DESC&mode=grid&order=name&limit=15&page=10" "Mozilla/5.0 (Windows NT 10.0; WOW64; Trident/7.0; Touch; rv:11.0) like Gecko"
212.152.158.195 - - [01/Feb/2019:12:34:55 +0100] "GET /images/pager_bg.gif HTTP/1.1" 304 - "http://renault.activities.at/10260280?dir=DESC&mode=grid&order=name&limit=15&page=10" "Mozilla/5.0 (Windows NT 10.0; WOW64; Trident/7.0; Touch; rv:11.0) like Gecko"
212.152.158.195 - - [01/Feb/2019:12:34:55 +0100] "GET /images/button_left_bg.gif HTTP/1.1" 304 - "http://renault.activities.at/10260280?dir=DESC&mode=grid&order=name&limit=15&page=10" "Mozilla/5.0 (Windows NT 10.0; WOW64; Trident/7.0; Touch; rv:11.0) like Gecko"
212.152.158.195 - - [01/Feb/2019:12:34:55 +0100] "GET /images/sidebar_title_corner_left_top.gif HTTP/1.1" 304 - "http://renault.activities.at/10260280?dir=DESC&mode=grid&order=name&limit=15&page=10" "Mozilla/5.0 (Windows NT 10.0; WOW64; Trident/7.0; Touch; rv:11.0) like Gecko"
212.152.158.195 - - [01/Feb/2019:12:34:55 +0100] "GET /images/sidebar_title_border_top.gif HTTP/1.1" 304 - "http://renault.activities.at/10260280?dir=DESC&mode=grid&order=name&limit=15&page=10" "Mozilla/5.0 (Windows NT 10.0; WOW64; Trident/7.0; Touch; rv:11.0) like Gecko"
212.152.158.195 - - [01/Feb/2019:12:34:55 +0100] "GET /images/menu_divider.gif HTTP/1.1" 304 - "http://renault.activities.at/10260280?dir=DESC&mode=grid&order=name&limit=15&page=10" "Mozilla/5.0 (Windows NT 10.0; WOW64; Trident/7.0; Touch; rv:11.0) like Gecko"
212.152.158.195 - - [01/Feb/2019:12:34:55 +0100] "GET /images/footer_divider.gif HTTP/1.1" 304 - "http://renault.activities.at/10260280?dir=DESC&mode=grid&order=name&limit=15&page=10" "Mozilla/5.0 (Windows NT 10.0; WOW64; Trident/7.0; Touch; rv:11.0) like Gecko"
212.152.158.195 - - [01/Feb/2019:12:34:55 +0100] "GET /images/sidebar_title_corner_right_top.gif HTTP/1.1" 304 - "http://renault.activities.at/10260280?dir=DESC&mode=grid&order=name&limit=15&page=10" "Mozilla/5.0 (Windows NT 10.0; WOW64; Trident/7.0; Touch; rv:11.0) like Gecko"
212.152.158.195 - - [01/Feb/2019:12:34:55 +0100] "GET /images/vista-up.gif HTTP/1.1" 304 - "http://renault.activities.at/10260280?dir=DESC&mode=grid&order=name&limit=15&page=10" "Mozilla/5.0 (Windows NT 10.0; WOW64; Trident/7.0; Touch; rv:11.0) like Gecko"
212.152.158.195 - - [01/Feb/2019:12:34:55 +0100] "GET /images/validation_advice_bg.gif HTTP/1.1" 304 - "http://renault.activities.at/10260280?dir=DESC&mode=grid&order=name&limit=15&page=10" "Mozilla/5.0 (Windows NT 10.0; WOW64; Trident/7.0; Touch; rv:11.0) like Gecko"
212.152.158.195 - - [01/Feb/2019:12:34:55 +0100] "GET /images/nav_divider.gif HTTP/1.1" 304 - "http://renault.activities.at/10260280?dir=DESC&mode=grid&order=name&limit=15&page=10" "Mozilla/5.0 (Windows NT 10.0; WOW64; Trident/7.0; Touch; rv:11.0) like Gecko"
212.152.158.195 - - [01/Feb/2019:12:34:55 +0100] "GET /images/menu_button_bg.jpg HTTP/1.1" 304 - "http://renault.activities.at/10260280?dir=DESC&mode=grid&order=name&limit=15&page=10" "Mozilla/5.0 (Windows NT 10.0; WOW64; Trident/7.0; Touch; rv:11.0) like Gecko"
212.152.158.195 - - [01/Feb/2019:12:34:55 +0100] "GET /images/title_corner_left_top.jpg HTTP/1.1" 304 - "http://renault.activities.at/10260280?dir=DESC&mode=grid&order=name&limit=15&page=10" "Mozilla/5.0 (Windows NT 10.0; WOW64; Trident/7.0; Touch; rv:11.0) like Gecko"
212.152.158.195 - - [01/Feb/2019:12:34:55 +0100] "GET /images/title_border_top.jpg HTTP/1.1" 304 - "http://renault.activities.at/10260280?dir=DESC&mode=grid&order=name&limit=15&page=10" "Mozilla/5.0 (Windows NT 10.0; WOW64; Trident/7.0; Touch; rv:11.0) like Gecko"
212.152.158.195 - - [01/Feb/2019:12:34:55 +0100] "GET /images/button_bg.gif HTTP/1.1" 304 - "http://renault.activities.at/10260280?dir=DESC&mode=grid&order=name&limit=15&page=10" "Mozilla/5.0 (Windows NT 10.0; WOW64; Trident/7.0; Touch; rv:11.0) like Gecko"
212.152.158.195 - - [01/Feb/2019:12:34:55 +0100] "GET /images/top_links_divider.gif HTTP/1.1" 304 - "http://renault.activities.at/10260280?dir=DESC&mode=grid&order=name&limit=15&page=10" "Mozilla/5.0 (Windows NT 10.0; WOW64; Trident/7.0; Touch; rv:11.0) like Gecko"
193.194.132.30 - - [01/Feb/2019:12:35:01 +0100] "GET /reload?ser=1549020900902 HTTP/1.1" 200 28 "http://renault.2web.at/aboutus" "Mozilla/5.0 (Windows NT 10.0; WOW64; Trident/7.0; Touch; rv:11.0) like Gecko"
