80.120.5.131 - - [07/Feb/2019:10:21:13 +0100] "GET /images/checkout_border_top.gif HTTP/1.1" 200 156 "http://renault.activities.at/checkout" "Mozilla/5.0 (Windows NT 10.0; WOW64; Trident/7.0; rv:11.0) like Gecko"
80.120.5.131 - - [07/Feb/2019:10:21:13 +0100] "GET /images/sidebar_title_border_top.gif HTTP/1.1" 304 - "http://renault.activities.at/checkout" "Mozilla/5.0 (Windows NT 10.0; WOW64; Trident/7.0; rv:11.0) like Gecko"
80.120.5.131 - - [07/Feb/2019:10:21:13 +0100] "GET /loadthumbnail.php?id=10201939 HTTP/1.1" 200 218 "http://renault.activities.at/checkout" "Mozilla/5.0 (Windows NT 10.0; WOW64; Trident/7.0; rv:11.0) like Gecko"
80.120.5.131 - - [07/Feb/2019:10:21:13 +0100] "GET /loadthumbnail.php?id=10202698 HTTP/1.1" 200 16678 "http://renault.activities.at/checkout" "Mozilla/5.0 (Windows NT 10.0; WOW64; Trident/7.0; rv:11.0) like Gecko"
80.120.5.131 - - [07/Feb/2019:10:21:15 +0100] "POST /docheckout HTTP/1.1" 200 1342 "http://renault.activities.at/checkout" "Mozilla/5.0 (Windows NT 10.0; WOW64; Trident/7.0; rv:11.0) like Gecko"
80.120.5.131 - - [07/Feb/2019:10:21:19 +0100] "POST /docheckout HTTP/1.1" 200 10988 "http://renault.activities.at/checkout" "Mozilla/5.0 (Windows NT 10.0; WOW64; Trident/7.0; rv:11.0) like Gecko"
80.120.5.131 - - [07/Feb/2019:10:21:22 +0100] "GET /images/error_msg_icon.gif HTTP/1.1" 304 - "http://renault.activities.at/checkout" "Mozilla/5.0 (Windows NT 10.0; WOW64; Trident/7.0; rv:11.0) like Gecko"
80.120.5.131 - - [07/Feb/2019:10:21:25 +0100] "POST /docheckout HTTP/1.1" 200 49 "http://renault.activities.at/checkout" "Mozilla/5.0 (Windows NT 10.0; WOW64; Trident/7.0; rv:11.0) like Gecko"
80.120.5.131 - - [07/Feb/2019:10:21:30 +0100] "GET /success HTTP/1.1" 200 23007 "http://renault.activities.at/checkout" "Mozilla/5.0 (Windows NT 10.0; WOW64; Trident/7.0; rv:11.0) like Gecko"
80.120.5.131 - - [07/Feb/2019:10:21:33 +0100] "GET /css/reset.css HTTP/1.1" 304 - "http://renault.activities.at/success" "Mozilla/5.0 (Windows NT 10.0; WOW64; Trident/7.0; rv:11.0) like Gecko"
80.120.5.131 - - [07/Feb/2019:10:21:33 +0100] "GET /js/default.js HTTP/1.1" 304 - "http://renault.activities.at/success" "Mozilla/5.0 (Windows NT 10.0; WOW64; Trident/7.0; rv:11.0) like Gecko"
80.120.5.131 - - [07/Feb/2019:10:21:33 +0100] "GET /css/styles.css HTTP/1.1" 304 - "http://renault.activities.at/success" "Mozilla/5.0 (Windows NT 10.0; WOW64; Trident/7.0; rv:11.0) like Gecko"
80.120.5.131 - - [07/Feb/2019:10:21:33 +0100] "GET /css/clears.css HTTP/1.1" 304 - "http://renault.activities.at/success" "Mozilla/5.0 (Windows NT 10.0; WOW64; Trident/7.0; rv:11.0) like Gecko"
80.120.5.131 - - [07/Feb/2019:10:21:33 +0100] "GET /css/print.css HTTP/1.1" 304 - "http://renault.activities.at/success" "Mozilla/5.0 (Windows NT 10.0; WOW64; Trident/7.0; rv:11.0) like Gecko"
80.120.5.131 - - [07/Feb/2019:10:21:33 +0100] "GET /js/checkout.css HTTP/1.1" 304 - "http://renault.activities.at/success" "Mozilla/5.0 (Windows NT 10.0; WOW64; Trident/7.0; rv:11.0) like Gecko"
80.120.5.131 - - [07/Feb/2019:10:21:33 +0100] "GET /css/prototip.css HTTP/1.1" 304 - "http://renault.activities.at/success" "Mozilla/5.0 (Windows NT 10.0; WOW64; Trident/7.0; rv:11.0) like Gecko"
80.120.5.131 - - [07/Feb/2019:10:21:33 +0100] "GET /css/themes/default.css HTTP/1.1" 304 - "http://renault.activities.at/success" "Mozilla/5.0 (Windows NT 10.0; WOW64; Trident/7.0; rv:11.0) like Gecko"
80.120.5.131 - - [07/Feb/2019:10:21:33 +0100] "GET /css/themes/alphacube.css HTTP/1.1" 304 - "http://renault.activities.at/success" "Mozilla/5.0 (Windows NT 10.0; WOW64; Trident/7.0; rv:11.0) like Gecko"
80.120.5.131 - - [07/Feb/2019:10:21:33 +0100] "GET /images/search_bg.gif HTTP/1.1" 304 - "http://renault.activities.at/success" "Mozilla/5.0 (Windows NT 10.0; WOW64; Trident/7.0; rv:11.0) like Gecko"
80.120.5.131 - - [07/Feb/2019:10:21:33 +0100] "GET /images/header_block_corner_left_top.gif HTTP/1.1" 304 - "http://renault.activities.at/success" "Mozilla/5.0 (Windows NT 10.0; WOW64; Trident/7.0; rv:11.0) like Gecko"
80.120.5.131 - - [07/Feb/2019:10:21:33 +0100] "GET /images/header_block_corner_right_top.gif HTTP/1.1" 304 - "http://renault.activities.at/success" "Mozilla/5.0 (Windows NT 10.0; WOW64; Trident/7.0; rv:11.0) like Gecko"
80.120.5.131 - - [07/Feb/2019:10:21:33 +0100] "GET /images/header_block_border.gif HTTP/1.1" 304 - "http://renault.activities.at/success" "Mozilla/5.0 (Windows NT 10.0; WOW64; Trident/7.0; rv:11.0) like Gecko"
80.120.5.131 - - [07/Feb/2019:10:21:33 +0100] "GET /images/main_block_corner_left_bot.gif HTTP/1.1" 304 - "http://renault.activities.at/success" "Mozilla/5.0 (Windows NT 10.0; WOW64; Trident/7.0; rv:11.0) like Gecko"
80.120.5.131 - - [07/Feb/2019:10:21:33 +0100] "GET /images/nav_divider.gif HTTP/1.1" 304 - "http://renault.activities.at/success" "Mozilla/5.0 (Windows NT 10.0; WOW64; Trident/7.0; rv:11.0) like Gecko"
80.120.5.131 - - [07/Feb/2019:10:21:33 +0100] "GET /images/footer_divider.gif HTTP/1.1" 304 - "http://renault.activities.at/success" "Mozilla/5.0 (Windows NT 10.0; WOW64; Trident/7.0; rv:11.0) like Gecko"
80.120.5.131 - - [07/Feb/2019:10:21:33 +0100] "GET /images/menu_divider.gif HTTP/1.1" 304 - "http://renault.activities.at/success" "Mozilla/5.0 (Windows NT 10.0; WOW64; Trident/7.0; rv:11.0) like Gecko"
80.120.5.131 - - [07/Feb/2019:10:21:33 +0100] "GET /images/title_border.jpg HTTP/1.1" 304 - "http://renault.activities.at/success" "Mozilla/5.0 (Windows NT 10.0; WOW64; Trident/7.0; rv:11.0) like Gecko"
80.120.5.131 - - [07/Feb/2019:10:21:33 +0100] "GET /images/menu_button_bg.jpg HTTP/1.1" 304 - "http://renault.activities.at/success" "Mozilla/5.0 (Windows NT 10.0; WOW64; Trident/7.0; rv:11.0) like Gecko"
80.120.5.131 - - [07/Feb/2019:10:21:33 +0100] "GET /images/top_links_divider.gif HTTP/1.1" 304 - "http://renault.activities.at/success" "Mozilla/5.0 (Windows NT 10.0; WOW64; Trident/7.0; rv:11.0) like Gecko"
80.120.5.131 - - [07/Feb/2019:10:21:33 +0100] "GET /images/title_corner_left_top.jpg HTTP/1.1" 304 - "http://renault.activities.at/success" "Mozilla/5.0 (Windows NT 10.0; WOW64; Trident/7.0; rv:11.0) like Gecko"
80.120.5.131 - - [07/Feb/2019:10:21:33 +0100] "GET /images/title_border_top.jpg HTTP/1.1" 304 - "http://renault.activities.at/success" "Mozilla/5.0 (Windows NT 10.0; WOW64; Trident/7.0; rv:11.0) like Gecko"
80.120.5.131 - - [07/Feb/2019:10:21:33 +0100] "GET /images/main_block_corner_right_bot.gif HTTP/1.1" 304 - "http://renault.activities.at/success" "Mozilla/5.0 (Windows NT 10.0; WOW64; Trident/7.0; rv:11.0) like Gecko"
80.120.5.131 - - [07/Feb/2019:10:21:33 +0100] "GET /images/title_corner_right_top.jpg HTTP/1.1" 304 - "http://renault.activities.at/success" "Mozilla/5.0 (Windows NT 10.0; WOW64; Trident/7.0; rv:11.0) like Gecko"
80.120.5.131 - - [07/Feb/2019:10:21:33 +0100] "GET /images/main_block_border.gif HTTP/1.1" 304 - "http://renault.activities.at/success" "Mozilla/5.0 (Windows NT 10.0; WOW64; Trident/7.0; rv:11.0) like Gecko"
80.120.5.131 - - [07/Feb/2019:10:21:33 +0100] "GET /images/main_block_corner_right_top.gif HTTP/1.1" 304 - "http://renault.activities.at/success" "Mozilla/5.0 (Windows NT 10.0; WOW64; Trident/7.0; rv:11.0) like Gecko"
80.120.5.131 - - [07/Feb/2019:10:21:33 +0100] "GET /images/button_left_bg.gif HTTP/1.1" 304 - "http://renault.activities.at/success" "Mozilla/5.0 (Windows NT 10.0; WOW64; Trident/7.0; rv:11.0) like Gecko"
80.120.5.131 - - [07/Feb/2019:10:21:33 +0100] "GET /images/main_block_corner_left_top.gif HTTP/1.1" 304 - "http://renault.activities.at/success" "Mozilla/5.0 (Windows NT 10.0; WOW64; Trident/7.0; rv:11.0) like Gecko"
80.123.225.36 - - [07/Feb/2019:10:21:33 +0100] "GET /reload?ser=1549531274457 HTTP/1.1" 200 28 "http://renault.2web.at/account" "Mozilla/5.0 (Windows NT 6.1; Win64; x64) AppleWebKit/537.36 (KHTML, like Gecko) Chrome/71.0.3578.98 Safari/537.36"
138.21.12.22 - - [07/Feb/2019:10:21:42 +0100] "GET /reload?ser=1549531302750 HTTP/1.1" 200 28 "http://renault.2web.at/result?dir=DESC&mode=grid&order=name&limit=15&page=9&search=kleber" "Mozilla/5.0 (Windows NT 10.0; WOW64; Trident/7.0; Touch; rv:11.0) like Gecko"
80.123.225.36 - - [07/Feb/2019:10:21:57 +0100] "GET /reload?ser=1549531297765 HTTP/1.1" 200 28 "http://renault.activities.at/" "Mozilla/5.0 (compatible; MSIE 10.0; Windows NT 6.1; WOW64; Trident/6.0)"
213.153.47.173 - - [07/Feb/2019:10:21:59 +0100] "GET /reload?ser=1549531319751 HTTP/1.1" 200 28 "http://renault.activities.at/login?required=true" "Mozilla/5.0 (Windows NT 10.0; Win64; x64; rv:65.0) Gecko/20100101 Firefox/65.0"
80.120.5.131 - - [07/Feb/2019:10:22:33 +0100] "GET /reload?ser=1549531353553 HTTP/1.1" 200 2 "http://renault.activities.at/success" "Mozilla/5.0 (Windows NT 10.0; WOW64; Trident/7.0; rv:11.0) like Gecko"
80.123.225.36 - - [07/Feb/2019:10:22:34 +0100] "GET /reload?ser=1549531335453 HTTP/1.1" 200 28 "http://renault.2web.at/account" "Mozilla/5.0 (Windows NT 6.1; Win64; x64) AppleWebKit/537.36 (KHTML, like Gecko) Chrome/71.0.3578.98 Safari/537.36"
138.21.12.22 - - [07/Feb/2019:10:22:43 +0100] "GET /reload?ser=1549531363838 HTTP/1.1" 200 28 "http://renault.2web.at/result?dir=DESC&mode=grid&order=name&limit=15&page=9&search=kleber" "Mozilla/5.0 (Windows NT 10.0; WOW64; Trident/7.0; Touch; rv:11.0) like Gecko"
80.123.225.36 - - [07/Feb/2019:10:22:57 +0100] "GET /reload?ser=1549531358448 HTTP/1.1" 200 28 "http://renault.activities.at/" "Mozilla/5.0 (compatible; MSIE 10.0; Windows NT 6.1; WOW64; Trident/6.0)"
213.153.47.173 - - [07/Feb/2019:10:23:00 +0100] "GET /reload?ser=1549531380403 HTTP/1.1" 200 28 "http://renault.activities.at/login?required=true" "Mozilla/5.0 (Windows NT 10.0; Win64; x64; rv:65.0) Gecko/20100101 Firefox/65.0"
80.120.5.131 - - [07/Feb/2019:10:23:34 +0100] "GET /reload?ser=1549531414484 HTTP/1.1" 200 2 "http://renault.activities.at/success" "Mozilla/5.0 (Windows NT 10.0; WOW64; Trident/7.0; rv:11.0) like Gecko"
80.123.225.36 - - [07/Feb/2019:10:23:35 +0100] "GET /reload?ser=1549531396464 HTTP/1.1" 200 28 "http://renault.2web.at/account" "Mozilla/5.0 (Windows NT 6.1; Win64; x64) AppleWebKit/537.36 (KHTML, like Gecko) Chrome/71.0.3578.98 Safari/537.36"
138.21.12.22 - - [07/Feb/2019:10:23:44 +0100] "GET /reload?ser=1549531424842 HTTP/1.1" 200 28 "http://renault.2web.at/result?dir=DESC&mode=grid&order=name&limit=15&page=9&search=kleber" "Mozilla/5.0 (Windows NT 10.0; WOW64; Trident/7.0; Touch; rv:11.0) like Gecko"
80.123.225.36 - - [07/Feb/2019:10:23:58 +0100] "GET /reload?ser=1549531419149 HTTP/1.1" 200 28 "http://renault.activities.at/" "Mozilla/5.0 (compatible; MSIE 10.0; Windows NT 6.1; WOW64; Trident/6.0)"
213.153.47.173 - - [07/Feb/2019:10:24:01 +0100] "GET /reload?ser=1549531441064 HTTP/1.1" 200 28 "http://renault.activities.at/login?required=true" "Mozilla/5.0 (Windows NT 10.0; Win64; x64; rv:65.0) Gecko/20100101 Firefox/65.0"
80.120.5.131 - - [07/Feb/2019:10:24:35 +0100] "GET /reload?ser=1549531475447 HTTP/1.1" 200 2 "http://renault.activities.at/success" "Mozilla/5.0 (Windows NT 10.0; WOW64; Trident/7.0; rv:11.0) like Gecko"
80.123.225.36 - - [07/Feb/2019:10:24:36 +0100] "GET /reload?ser=1549531457464 HTTP/1.1" 200 28 "http://renault.2web.at/account" "Mozilla/5.0 (Windows NT 6.1; Win64; x64) AppleWebKit/537.36 (KHTML, like Gecko) Chrome/71.0.3578.98 Safari/537.36"
138.21.12.22 - - [07/Feb/2019:10:24:45 +0100] "GET /reload?ser=1549531485846 HTTP/1.1" 200 28 "http://renault.2web.at/result?dir=DESC&mode=grid&order=name&limit=15&page=9&search=kleber" "Mozilla/5.0 (Windows NT 10.0; WOW64; Trident/7.0; Touch; rv:11.0) like Gecko"
80.123.225.36 - - [07/Feb/2019:10:24:59 +0100] "GET /reload?ser=1549531479832 HTTP/1.1" 200 28 "http://renault.activities.at/" "Mozilla/5.0 (compatible; MSIE 10.0; Windows NT 6.1; WOW64; Trident/6.0)"
213.153.47.173 - - [07/Feb/2019:10:25:01 +0100] "GET /reload?ser=1549531501756 HTTP/1.1" 200 28 "http://renault.activities.at/login?required=true" "Mozilla/5.0 (Windows NT 10.0; Win64; x64; rv:65.0) Gecko/20100101 Firefox/65.0"
80.120.5.131 - - [07/Feb/2019:10:25:36 +0100] "GET /reload?ser=1549531536418 HTTP/1.1" 200 2 "http://renault.activities.at/success" "Mozilla/5.0 (Windows NT 10.0; WOW64; Trident/7.0; rv:11.0) like Gecko"
80.123.225.36 - - [07/Feb/2019:10:25:38 +0100] "GET /reload?ser=1549531519458 HTTP/1.1" 200 28 "http://renault.2web.at/account" "Mozilla/5.0 (Windows NT 6.1; Win64; x64) AppleWebKit/537.36 (KHTML, like Gecko) Chrome/71.0.3578.98 Safari/537.36"
138.21.12.22 - - [07/Feb/2019:10:25:46 +0100] "GET /reload?ser=1549531546875 HTTP/1.1" 200 28 "http://renault.2web.at/result?dir=DESC&mode=grid&order=name&limit=15&page=9&search=kleber" "Mozilla/5.0 (Windows NT 10.0; WOW64; Trident/7.0; Touch; rv:11.0) like Gecko"
80.123.225.36 - - [07/Feb/2019:10:25:59 +0100] "GET /reload?ser=1549531540500 HTTP/1.1" 200 28 "http://renault.activities.at/" "Mozilla/5.0 (compatible; MSIE 10.0; Windows NT 6.1; WOW64; Trident/6.0)"
213.153.47.173 - - [07/Feb/2019:10:26:02 +0100] "GET /reload?ser=1549531562426 HTTP/1.1" 200 28 "http://renault.activities.at/login?required=true" "Mozilla/5.0 (Windows NT 10.0; Win64; x64; rv:65.0) Gecko/20100101 Firefox/65.0"
80.120.5.131 - - [07/Feb/2019:10:26:37 +0100] "GET /reload?ser=1549531597394 HTTP/1.1" 200 2 "http://renault.activities.at/success" "Mozilla/5.0 (Windows NT 10.0; WOW64; Trident/7.0; rv:11.0) like Gecko"
80.123.225.36 - - [07/Feb/2019:10:26:39 +0100] "GET /reload?ser=1549531580469 HTTP/1.1" 200 28 "http://renault.2web.at/account" "Mozilla/5.0 (Windows NT 6.1; Win64; x64) AppleWebKit/537.36 (KHTML, like Gecko) Chrome/71.0.3578.98 Safari/537.36"
138.21.12.22 - - [07/Feb/2019:10:26:48 +0100] "GET /reload?ser=1549531607912 HTTP/1.1" 200 28 "http://renault.2web.at/result?dir=DESC&mode=grid&order=name&limit=15&page=9&search=kleber" "Mozilla/5.0 (Windows NT 10.0; WOW64; Trident/7.0; Touch; rv:11.0) like Gecko"
80.123.225.36 - - [07/Feb/2019:10:27:00 +0100] "GET /reload?ser=1549531601167 HTTP/1.1" 200 28 "http://renault.activities.at/" "Mozilla/5.0 (compatible; MSIE 10.0; Windows NT 6.1; WOW64; Trident/6.0)"
213.153.47.173 - - [07/Feb/2019:10:27:03 +0100] "GET /reload?ser=1549531623096 HTTP/1.1" 200 28 "http://renault.activities.at/login?required=true" "Mozilla/5.0 (Windows NT 10.0; Win64; x64; rv:65.0) Gecko/20100101 Firefox/65.0"
80.120.5.131 - - [07/Feb/2019:10:27:38 +0100] "GET /reload?ser=1549531658415 HTTP/1.1" 200 2 "http://renault.activities.at/success" "Mozilla/5.0 (Windows NT 10.0; WOW64; Trident/7.0; rv:11.0) like Gecko"
80.123.225.36 - - [07/Feb/2019:10:27:40 +0100] "GET /reload?ser=1549531641465 HTTP/1.1" 200 28 "http://renault.2web.at/account" "Mozilla/5.0 (Windows NT 6.1; Win64; x64) AppleWebKit/537.36 (KHTML, like Gecko) Chrome/71.0.3578.98 Safari/537.36"
138.21.12.22 - - [07/Feb/2019:10:27:49 +0100] "GET /reload?ser=1549531668951 HTTP/1.1" 200 28 "http://renault.2web.at/result?dir=DESC&mode=grid&order=name&limit=15&page=9&search=kleber" "Mozilla/5.0 (Windows NT 10.0; WOW64; Trident/7.0; Touch; rv:11.0) like Gecko"
80.123.225.36 - - [07/Feb/2019:10:28:01 +0100] "GET /reload?ser=1549531661850 HTTP/1.1" 200 28 "http://renault.activities.at/" "Mozilla/5.0 (compatible; MSIE 10.0; Windows NT 6.1; WOW64; Trident/6.0)"
213.153.47.173 - - [07/Feb/2019:10:28:03 +0100] "GET /reload?ser=1549531683767 HTTP/1.1" 200 28 "http://renault.activities.at/login?required=true" "Mozilla/5.0 (Windows NT 10.0; Win64; x64; rv:65.0) Gecko/20100101 Firefox/65.0"
80.120.5.131 - - [07/Feb/2019:10:28:39 +0100] "GET /reload?ser=1549531719373 HTTP/1.1" 200 2 "http://renault.activities.at/success" "Mozilla/5.0 (Windows NT 10.0; WOW64; Trident/7.0; rv:11.0) like Gecko"
80.123.225.36 - - [07/Feb/2019:10:28:42 +0100] "GET /reload?ser=1549531703460 HTTP/1.1" 200 28 "http://renault.2web.at/account" "Mozilla/5.0 (Windows NT 6.1; Win64; x64) AppleWebKit/537.36 (KHTML, like Gecko) Chrome/71.0.3578.98 Safari/537.36"
138.21.12.22 - - [07/Feb/2019:10:28:50 +0100] "GET /reload?ser=1549531729984 HTTP/1.1" 200 28 "http://renault.2web.at/result?dir=DESC&mode=grid&order=name&limit=15&page=9&search=kleber" "Mozilla/5.0 (Windows NT 10.0; WOW64; Trident/7.0; Touch; rv:11.0) like Gecko"
80.123.225.36 - - [07/Feb/2019:10:29:01 +0100] "GET /reload?ser=1549531722549 HTTP/1.1" 200 28 "http://renault.activities.at/" "Mozilla/5.0 (compatible; MSIE 10.0; Windows NT 6.1; WOW64; Trident/6.0)"
213.153.47.173 - - [07/Feb/2019:10:29:04 +0100] "GET /reload?ser=1549531744448 HTTP/1.1" 200 28 "http://renault.activities.at/login?required=true" "Mozilla/5.0 (Windows NT 10.0; Win64; x64; rv:65.0) Gecko/20100101 Firefox/65.0"
80.120.5.131 - - [07/Feb/2019:10:29:40 +0100] "GET /reload?ser=1549531780325 HTTP/1.1" 200 2 "http://renault.activities.at/success" "Mozilla/5.0 (Windows NT 10.0; WOW64; Trident/7.0; rv:11.0) like Gecko"
80.123.225.36 - - [07/Feb/2019:10:29:43 +0100] "GET /reload?ser=1549531764472 HTTP/1.1" 200 28 "http://renault.2web.at/account" "Mozilla/5.0 (Windows NT 6.1; Win64; x64) AppleWebKit/537.36 (KHTML, like Gecko) Chrome/71.0.3578.98 Safari/537.36"
138.21.12.22 - - [07/Feb/2019:10:29:51 +0100] "GET /reload?ser=1549531791053 HTTP/1.1" 200 28 "http://renault.2web.at/result?dir=DESC&mode=grid&order=name&limit=15&page=9&search=kleber" "Mozilla/5.0 (Windows NT 10.0; WOW64; Trident/7.0; Touch; rv:11.0) like Gecko"
80.123.225.36 - - [07/Feb/2019:10:30:02 +0100] "GET /reload?ser=1549531783233 HTTP/1.1" 200 28 "http://renault.activities.at/" "Mozilla/5.0 (compatible; MSIE 10.0; Windows NT 6.1; WOW64; Trident/6.0)"
213.153.47.173 - - [07/Feb/2019:10:30:05 +0100] "GET /reload?ser=1549531805128 HTTP/1.1" 200 28 "http://renault.activities.at/login?required=true" "Mozilla/5.0 (Windows NT 10.0; Win64; x64; rv:65.0) Gecko/20100101 Firefox/65.0"
80.120.5.131 - - [07/Feb/2019:10:30:41 +0100] "GET /reload?ser=1549531841291 HTTP/1.1" 200 2 "http://renault.activities.at/success" "Mozilla/5.0 (Windows NT 10.0; WOW64; Trident/7.0; rv:11.0) like Gecko"
80.123.225.36 - - [07/Feb/2019:10:30:44 +0100] "GET /reload?ser=1549531825469 HTTP/1.1" 200 28 "http://renault.2web.at/account" "Mozilla/5.0 (Windows NT 6.1; Win64; x64) AppleWebKit/537.36 (KHTML, like Gecko) Chrome/71.0.3578.98 Safari/537.36"
138.21.12.22 - - [07/Feb/2019:10:30:52 +0100] "GET /reload?ser=1549531852082 HTTP/1.1" 200 28 "http://renault.2web.at/result?dir=DESC&mode=grid&order=name&limit=15&page=9&search=kleber" "Mozilla/5.0 (Windows NT 10.0; WOW64; Trident/7.0; Touch; rv:11.0) like Gecko"
80.123.225.36 - - [07/Feb/2019:10:31:03 +0100] "GET /reload?ser=1549531843917 HTTP/1.1" 200 28 "http://renault.activities.at/" "Mozilla/5.0 (compatible; MSIE 10.0; Windows NT 6.1; WOW64; Trident/6.0)"
213.153.47.173 - - [07/Feb/2019:10:31:05 +0100] "GET /reload?ser=1549531865804 HTTP/1.1" 200 28 "http://renault.activities.at/login?required=true" "Mozilla/5.0 (Windows NT 10.0; Win64; x64; rv:65.0) Gecko/20100101 Firefox/65.0"
80.120.5.131 - - [07/Feb/2019:10:31:42 +0100] "GET /reload?ser=1549531902277 HTTP/1.1" 200 2 "http://renault.activities.at/success" "Mozilla/5.0 (Windows NT 10.0; WOW64; Trident/7.0; rv:11.0) like Gecko"
80.123.225.36 - - [07/Feb/2019:10:31:45 +0100] "GET /reload?ser=1549531886467 HTTP/1.1" 200 28 "http://renault.2web.at/account" "Mozilla/5.0 (Windows NT 6.1; Win64; x64) AppleWebKit/537.36 (KHTML, like Gecko) Chrome/71.0.3578.98 Safari/537.36"
138.21.12.22 - - [07/Feb/2019:10:31:53 +0100] "GET /reload?ser=1549531913107 HTTP/1.1" 200 28 "http://renault.2web.at/result?dir=DESC&mode=grid&order=name&limit=15&page=9&search=kleber" "Mozilla/5.0 (Windows NT 10.0; WOW64; Trident/7.0; Touch; rv:11.0) like Gecko"
80.123.225.36 - - [07/Feb/2019:10:32:04 +0100] "GET /reload?ser=1549531904616 HTTP/1.1" 200 28 "http://renault.activities.at/" "Mozilla/5.0 (compatible; MSIE 10.0; Windows NT 6.1; WOW64; Trident/6.0)"
213.153.47.173 - - [07/Feb/2019:10:32:06 +0100] "GET /reload?ser=1549531926469 HTTP/1.1" 200 28 "http://renault.activities.at/login?required=true" "Mozilla/5.0 (Windows NT 10.0; Win64; x64; rv:65.0) Gecko/20100101 Firefox/65.0"
80.120.5.131 - - [07/Feb/2019:10:32:43 +0100] "GET /reload?ser=1549531963264 HTTP/1.1" 200 2 "http://renault.activities.at/success" "Mozilla/5.0 (Windows NT 10.0; WOW64; Trident/7.0; rv:11.0) like Gecko"
80.123.225.36 - - [07/Feb/2019:10:32:47 +0100] "GET /reload?ser=1549531948477 HTTP/1.1" 200 28 "http://renault.2web.at/account" "Mozilla/5.0 (Windows NT 6.1; Win64; x64) AppleWebKit/537.36 (KHTML, like Gecko) Chrome/71.0.3578.98 Safari/537.36"
138.21.12.22 - - [07/Feb/2019:10:32:54 +0100] "GET /reload?ser=1549531974219 HTTP/1.1" 200 28 "http://renault.2web.at/result?dir=DESC&mode=grid&order=name&limit=15&page=9&search=kleber" "Mozilla/5.0 (Windows NT 10.0; WOW64; Trident/7.0; Touch; rv:11.0) like Gecko"
80.123.225.36 - - [07/Feb/2019:10:33:04 +0100] "GET /reload?ser=1549531965324 HTTP/1.1" 200 28 "http://renault.activities.at/" "Mozilla/5.0 (compatible; MSIE 10.0; Windows NT 6.1; WOW64; Trident/6.0)"
213.153.47.173 - - [07/Feb/2019:10:33:07 +0100] "GET /reload?ser=1549531987129 HTTP/1.1" 200 28 "http://renault.activities.at/login?required=true" "Mozilla/5.0 (Windows NT 10.0; Win64; x64; rv:65.0) Gecko/20100101 Firefox/65.0"
80.120.5.131 - - [07/Feb/2019:10:33:44 +0100] "GET /reload?ser=1549532024255 HTTP/1.1" 200 2 "http://renault.activities.at/success" "Mozilla/5.0 (Windows NT 10.0; WOW64; Trident/7.0; rv:11.0) like Gecko"
80.123.225.36 - - [07/Feb/2019:10:33:49 +0100] "GET /reload?ser=1549532010471 HTTP/1.1" 200 28 "http://renault.2web.at/account" "Mozilla/5.0 (Windows NT 6.1; Win64; x64) AppleWebKit/537.36 (KHTML, like Gecko) Chrome/71.0.3578.98 Safari/537.36"
138.21.12.22 - - [07/Feb/2019:10:33:55 +0100] "GET /reload?ser=1549532035276 HTTP/1.1" 200 28 "http://renault.2web.at/result?dir=DESC&mode=grid&order=name&limit=15&page=9&search=kleber" "Mozilla/5.0 (Windows NT 10.0; WOW64; Trident/7.0; Touch; rv:11.0) like Gecko"
80.123.225.36 - - [07/Feb/2019:10:34:05 +0100] "GET /reload?ser=1549532026006 HTTP/1.1" 200 28 "http://renault.activities.at/" "Mozilla/5.0 (compatible; MSIE 10.0; Windows NT 6.1; WOW64; Trident/6.0)"
213.153.47.173 - - [07/Feb/2019:10:34:07 +0100] "GET /reload?ser=1549532047789 HTTP/1.1" 200 28 "http://renault.activities.at/login?required=true" "Mozilla/5.0 (Windows NT 10.0; Win64; x64; rv:65.0) Gecko/20100101 Firefox/65.0"
80.120.5.131 - - [07/Feb/2019:10:34:45 +0100] "GET /reload?ser=1549532085197 HTTP/1.1" 200 2 "http://renault.activities.at/success" "Mozilla/5.0 (Windows NT 10.0; WOW64; Trident/7.0; rv:11.0) like Gecko"
80.123.225.36 - - [07/Feb/2019:10:34:50 +0100] "GET /reload?ser=1549532071467 HTTP/1.1" 200 28 "http://renault.2web.at/account" "Mozilla/5.0 (Windows NT 6.1; Win64; x64) AppleWebKit/537.36 (KHTML, like Gecko) Chrome/71.0.3578.98 Safari/537.36"
138.21.12.22 - - [07/Feb/2019:10:34:56 +0100] "GET /reload?ser=1549532096330 HTTP/1.1" 200 28 "http://renault.2web.at/result?dir=DESC&mode=grid&order=name&limit=15&page=9&search=kleber" "Mozilla/5.0 (Windows NT 10.0; WOW64; Trident/7.0; Touch; rv:11.0) like Gecko"
80.123.225.36 - - [07/Feb/2019:10:35:06 +0100] "GET /reload?ser=1549532086674 HTTP/1.1" 200 28 "http://renault.activities.at/" "Mozilla/5.0 (compatible; MSIE 10.0; Windows NT 6.1; WOW64; Trident/6.0)"
213.153.47.173 - - [07/Feb/2019:10:35:08 +0100] "GET /reload?ser=1549532108460 HTTP/1.1" 200 28 "http://renault.activities.at/login?required=true" "Mozilla/5.0 (Windows NT 10.0; Win64; x64; rv:65.0) Gecko/20100101 Firefox/65.0"
80.120.5.131 - - [07/Feb/2019:10:35:46 +0100] "GET /reload?ser=1549532146213 HTTP/1.1" 200 2 "http://renault.activities.at/success" "Mozilla/5.0 (Windows NT 10.0; WOW64; Trident/7.0; rv:11.0) like Gecko"
80.123.225.36 - - [07/Feb/2019:10:35:52 +0100] "GET /reload?ser=1549532133477 HTTP/1.1" 200 28 "http://renault.2web.at/account" "Mozilla/5.0 (Windows NT 6.1; Win64; x64) AppleWebKit/537.36 (KHTML, like Gecko) Chrome/71.0.3578.98 Safari/537.36"
138.21.12.22 - - [07/Feb/2019:10:35:57 +0100] "GET /reload?ser=1549532157356 HTTP/1.1" 200 28 "http://renault.2web.at/result?dir=DESC&mode=grid&order=name&limit=15&page=9&search=kleber" "Mozilla/5.0 (Windows NT 10.0; WOW64; Trident/7.0; Touch; rv:11.0) like Gecko"
80.123.225.36 - - [07/Feb/2019:10:36:06 +0100] "GET /reload?ser=1549532147341 HTTP/1.1" 200 28 "http://renault.activities.at/" "Mozilla/5.0 (compatible; MSIE 10.0; Windows NT 6.1; WOW64; Trident/6.0)"
213.153.47.173 - - [07/Feb/2019:10:36:09 +0100] "GET /reload?ser=1549532169128 HTTP/1.1" 200 28 "http://renault.activities.at/login?required=true" "Mozilla/5.0 (Windows NT 10.0; Win64; x64; rv:65.0) Gecko/20100101 Firefox/65.0"
80.120.5.131 - - [07/Feb/2019:10:36:47 +0100] "GET /reload?ser=1549532207166 HTTP/1.1" 200 2 "http://renault.activities.at/success" "Mozilla/5.0 (Windows NT 10.0; WOW64; Trident/7.0; rv:11.0) like Gecko"
213.153.47.173 - - [07/Feb/2019:10:36:53 +0100] "GET /layout.php HTTP/1.1" 200 1559 "-" "Mozilla/5.0 (Windows NT 10.0; Win64; x64) AppleWebKit/537.36 (KHTML, like Gecko) Chrome/70.0.3538.102 Safari/537.36 OPR/57.0.3098.116"
213.153.47.173 - - [07/Feb/2019:10:36:54 +0100] "GET /images/favicon.ico HTTP/1.1" 404 305 "-" "Mozilla/5.0 (Windows NT 10.0; Win64; x64) AppleWebKit/537.36 (KHTML, like Gecko) Chrome/70.0.3538.102 Safari/537.36 OPR/57.0.3098.116"
80.123.225.36 - - [07/Feb/2019:10:36:54 +0100] "GET /reload?ser=1549532195472 HTTP/1.1" 200 28 "http://renault.2web.at/account" "Mozilla/5.0 (Windows NT 6.1; Win64; x64) AppleWebKit/537.36 (KHTML, like Gecko) Chrome/71.0.3578.98 Safari/537.36"
138.21.12.22 - - [07/Feb/2019:10:36:58 +0100] "GET /reload?ser=1549532218421 HTTP/1.1" 200 28 "http://renault.2web.at/result?dir=DESC&mode=grid&order=name&limit=15&page=9&search=kleber" "Mozilla/5.0 (Windows NT 10.0; WOW64; Trident/7.0; Touch; rv:11.0) like Gecko"
80.123.225.36 - - [07/Feb/2019:10:37:07 +0100] "GET /reload?ser=1549532208040 HTTP/1.1" 200 28 "http://renault.activities.at/" "Mozilla/5.0 (compatible; MSIE 10.0; Windows NT 6.1; WOW64; Trident/6.0)"
213.153.47.173 - - [07/Feb/2019:10:37:09 +0100] "GET /reload?ser=1549532229788 HTTP/1.1" 200 28 "http://renault.activities.at/login?required=true" "Mozilla/5.0 (Windows NT 10.0; Win64; x64; rv:65.0) Gecko/20100101 Firefox/65.0"
80.123.225.36 - - [07/Feb/2019:10:37:56 +0100] "GET /reload?ser=1549532257482 HTTP/1.1" 200 28 "http://renault.2web.at/account" "Mozilla/5.0 (Windows NT 6.1; Win64; x64) AppleWebKit/537.36 (KHTML, like Gecko) Chrome/71.0.3578.98 Safari/537.36"
138.21.12.22 - - [07/Feb/2019:10:37:59 +0100] "GET /reload?ser=1549532279463 HTTP/1.1" 200 28 "http://renault.2web.at/result?dir=DESC&mode=grid&order=name&limit=15&page=9&search=kleber" "Mozilla/5.0 (Windows NT 10.0; WOW64; Trident/7.0; Touch; rv:11.0) like Gecko"
80.123.225.36 - - [07/Feb/2019:10:38:08 +0100] "GET /reload?ser=1549532268707 HTTP/1.1" 200 28 "http://renault.activities.at/" "Mozilla/5.0 (compatible; MSIE 10.0; Windows NT 6.1; WOW64; Trident/6.0)"
213.153.47.173 - - [07/Feb/2019:10:38:10 +0100] "GET /reload?ser=1549532290431 HTTP/1.1" 200 28 "http://renault.activities.at/login?required=true" "Mozilla/5.0 (Windows NT 10.0; Win64; x64; rv:65.0) Gecko/20100101 Firefox/65.0"
80.123.225.36 - - [07/Feb/2019:10:38:57 +0100] "GET /reload?ser=1549532318478 HTTP/1.1" 200 28 "http://renault.2web.at/account" "Mozilla/5.0 (Windows NT 6.1; Win64; x64) AppleWebKit/537.36 (KHTML, like Gecko) Chrome/71.0.3578.98 Safari/537.36"
138.21.12.22 - - [07/Feb/2019:10:39:00 +0100] "GET /reload?ser=1549532340506 HTTP/1.1" 200 28 "http://renault.2web.at/result?dir=DESC&mode=grid&order=name&limit=15&page=9&search=kleber" "Mozilla/5.0 (Windows NT 10.0; WOW64; Trident/7.0; Touch; rv:11.0) like Gecko"
80.123.225.36 - - [07/Feb/2019:10:39:08 +0100] "GET /reload?ser=1549532329390 HTTP/1.1" 200 28 "http://renault.activities.at/" "Mozilla/5.0 (compatible; MSIE 10.0; Windows NT 6.1; WOW64; Trident/6.0)"
213.153.47.173 - - [07/Feb/2019:10:39:11 +0100] "GET /reload?ser=1549532351115 HTTP/1.1" 200 28 "http://renault.activities.at/login?required=true" "Mozilla/5.0 (Windows NT 10.0; Win64; x64; rv:65.0) Gecko/20100101 Firefox/65.0"
80.123.225.36 - - [07/Feb/2019:10:39:58 +0100] "GET /reload?ser=1549532379474 HTTP/1.1" 200 28 "http://renault.2web.at/account" "Mozilla/5.0 (Windows NT 6.1; Win64; x64) AppleWebKit/537.36 (KHTML, like Gecko) Chrome/71.0.3578.98 Safari/537.36"
138.21.12.22 - - [07/Feb/2019:10:40:01 +0100] "GET /reload?ser=1549532401556 HTTP/1.1" 200 28 "http://renault.2web.at/result?dir=DESC&mode=grid&order=name&limit=15&page=9&search=kleber" "Mozilla/5.0 (Windows NT 10.0; WOW64; Trident/7.0; Touch; rv:11.0) like Gecko"
80.123.225.36 - - [07/Feb/2019:10:40:09 +0100] "GET /reload?ser=1549532390073 HTTP/1.1" 200 28 "http://renault.activities.at/" "Mozilla/5.0 (compatible; MSIE 10.0; Windows NT 6.1; WOW64; Trident/6.0)"
213.153.47.173 - - [07/Feb/2019:10:40:11 +0100] "GET /reload?ser=1549532411785 HTTP/1.1" 200 28 "http://renault.activities.at/login?required=true" "Mozilla/5.0 (Windows NT 10.0; Win64; x64; rv:65.0) Gecko/20100101 Firefox/65.0"
80.123.225.36 - - [07/Feb/2019:10:41:00 +0100] "GET /reload?ser=1549532441484 HTTP/1.1" 200 28 "http://renault.2web.at/account" "Mozilla/5.0 (Windows NT 6.1; Win64; x64) AppleWebKit/537.36 (KHTML, like Gecko) Chrome/71.0.3578.98 Safari/537.36"
138.21.12.22 - - [07/Feb/2019:10:41:02 +0100] "GET /reload?ser=1549532462582 HTTP/1.1" 200 28 "http://renault.2web.at/result?dir=DESC&mode=grid&order=name&limit=15&page=9&search=kleber" "Mozilla/5.0 (Windows NT 10.0; WOW64; Trident/7.0; Touch; rv:11.0) like Gecko"
80.123.225.36 - - [07/Feb/2019:10:41:10 +0100] "GET /reload?ser=1549532450772 HTTP/1.1" 200 28 "http://renault.activities.at/" "Mozilla/5.0 (compatible; MSIE 10.0; Windows NT 6.1; WOW64; Trident/6.0)"
213.153.47.173 - - [07/Feb/2019:10:41:12 +0100] "GET /reload?ser=1549532472442 HTTP/1.1" 200 28 "http://renault.activities.at/login?required=true" "Mozilla/5.0 (Windows NT 10.0; Win64; x64; rv:65.0) Gecko/20100101 Firefox/65.0"
80.123.225.36 - - [07/Feb/2019:10:42:02 +0100] "GET /reload?ser=1549532503479 HTTP/1.1" 200 28 "http://renault.2web.at/account" "Mozilla/5.0 (Windows NT 6.1; Win64; x64) AppleWebKit/537.36 (KHTML, like Gecko) Chrome/71.0.3578.98 Safari/537.36"
138.21.12.22 - - [07/Feb/2019:10:42:03 +0100] "GET /reload?ser=1549532523664 HTTP/1.1" 200 28 "http://renault.2web.at/result?dir=DESC&mode=grid&order=name&limit=15&page=9&search=kleber" "Mozilla/5.0 (Windows NT 10.0; WOW64; Trident/7.0; Touch; rv:11.0) like Gecko"
80.123.225.36 - - [07/Feb/2019:10:42:10 +0100] "GET /reload?ser=1549532511470 HTTP/1.1" 200 28 "http://renault.activities.at/" "Mozilla/5.0 (compatible; MSIE 10.0; Windows NT 6.1; WOW64; Trident/6.0)"
213.153.47.173 - - [07/Feb/2019:10:42:13 +0100] "GET /reload?ser=1549532533091 HTTP/1.1" 200 28 "http://renault.activities.at/login?required=true" "Mozilla/5.0 (Windows NT 10.0; Win64; x64; rv:65.0) Gecko/20100101 Firefox/65.0"
80.123.225.36 - - [07/Feb/2019:10:43:03 +0100] "GET /reload?ser=1549532564475 HTTP/1.1" 200 28 "http://renault.2web.at/account" "Mozilla/5.0 (Windows NT 6.1; Win64; x64) AppleWebKit/537.36 (KHTML, like Gecko) Chrome/71.0.3578.98 Safari/537.36"
138.21.12.22 - - [07/Feb/2019:10:43:04 +0100] "GET /reload?ser=1549532584750 HTTP/1.1" 200 28 "http://renault.2web.at/result?dir=DESC&mode=grid&order=name&limit=15&page=9&search=kleber" "Mozilla/5.0 (Windows NT 10.0; WOW64; Trident/7.0; Touch; rv:11.0) like Gecko"
80.123.225.36 - - [07/Feb/2019:10:43:11 +0100] "GET /reload?ser=1549532572169 HTTP/1.1" 200 28 "http://renault.activities.at/" "Mozilla/5.0 (compatible; MSIE 10.0; Windows NT 6.1; WOW64; Trident/6.0)"
213.153.47.173 - - [07/Feb/2019:10:43:13 +0100] "GET /reload?ser=1549532593762 HTTP/1.1" 200 28 "http://renault.activities.at/login?required=true" "Mozilla/5.0 (Windows NT 10.0; Win64; x64; rv:65.0) Gecko/20100101 Firefox/65.0"
80.123.225.36 - - [07/Feb/2019:10:43:16 +0100] "GET /result?searchterm=true&search=wartung HTTP/1.1" 302 150 "-" "Mozilla/5.0 (Windows NT 10.0; WOW64; Trident/7.0; rv:11.0) like Gecko"
80.123.225.36 - - [07/Feb/2019:10:43:17 +0100] "GET /login?required=true HTTP/1.1" 200 2086 "-" "Mozilla/5.0 (Windows NT 10.0; WOW64; Trident/7.0; rv:11.0) like Gecko"
80.123.225.36 - - [07/Feb/2019:10:43:18 +0100] "GET /css/reset.css HTTP/1.1" 200 1356 "http://renault.activities.at/login?required=true" "Mozilla/5.0 (Windows NT 10.0; WOW64; Trident/7.0; rv:11.0) like Gecko"
80.123.225.36 - - [07/Feb/2019:10:43:18 +0100] "GET /css/clears.css HTTP/1.1" 200 851 "http://renault.activities.at/login?required=true" "Mozilla/5.0 (Windows NT 10.0; WOW64; Trident/7.0; rv:11.0) like Gecko"
80.123.225.36 - - [07/Feb/2019:10:43:18 +0100] "GET /css/print.css HTTP/1.1" 200 543 "http://renault.activities.at/login?required=true" "Mozilla/5.0 (Windows NT 10.0; WOW64; Trident/7.0; rv:11.0) like Gecko"
80.123.225.36 - - [07/Feb/2019:10:43:18 +0100] "GET /css/styles.css HTTP/1.1" 200 14664 "http://renault.activities.at/login?required=true" "Mozilla/5.0 (Windows NT 10.0; WOW64; Trident/7.0; rv:11.0) like Gecko"
80.123.225.36 - - [07/Feb/2019:10:43:18 +0100] "GET /js/default.js HTTP/1.1" 200 14698 "http://renault.activities.at/login?required=true" "Mozilla/5.0 (Windows NT 10.0; WOW64; Trident/7.0; rv:11.0) like Gecko"
80.123.225.36 - - [07/Feb/2019:10:43:18 +0100] "GET /js/checkout.css HTTP/1.1" 200 359 "http://renault.activities.at/login?required=true" "Mozilla/5.0 (Windows NT 10.0; WOW64; Trident/7.0; rv:11.0) like Gecko"
80.123.225.36 - - [07/Feb/2019:10:43:18 +0100] "GET /css/prototip.css HTTP/1.1" 200 968 "http://renault.activities.at/login?required=true" "Mozilla/5.0 (Windows NT 10.0; WOW64; Trident/7.0; rv:11.0) like Gecko"
80.123.225.36 - - [07/Feb/2019:10:43:18 +0100] "GET /css/themes/default.css HTTP/1.1" 200 769 "http://renault.activities.at/login?required=true" "Mozilla/5.0 (Windows NT 10.0; WOW64; Trident/7.0; rv:11.0) like Gecko"
80.123.225.36 - - [07/Feb/2019:10:43:18 +0100] "GET /css/themes/alphacube.css HTTP/1.1" 200 743 "http://renault.activities.at/login?required=true" "Mozilla/5.0 (Windows NT 10.0; WOW64; Trident/7.0; rv:11.0) like Gecko"
80.123.225.36 - - [07/Feb/2019:10:43:18 +0100] "GET /js/index.php?c=auto&f=,prototype/prototype.js,prototype/validation.js,scriptaculous/builder.js,scriptaculous/effects.js,scriptaculous/dragdrop.js,scriptaculous/controls.js,scriptaculous/slider.js,varien/js.js,varien/form.js,varien/menu.js,mage/translate.js,mage/cookies.js,varien/product.js,spinner/SpinnerControl.jsmin.js,prototype/window.js,prototype/window_ext.js HTTP/1.1" 200 94182 "http://renault.activities.at/login?required=true" "Mozilla/5.0 (Windows NT 10.0; WOW64; Trident/7.0; rv:11.0) like Gecko"
80.123.225.36 - - [07/Feb/2019:10:43:18 +0100] "GET /images/main_block_border.gif HTTP/1.1" 200 43 "http://renault.activities.at/login?required=true" "Mozilla/5.0 (Windows NT 10.0; WOW64; Trident/7.0; rv:11.0) like Gecko"
80.123.225.36 - - [07/Feb/2019:10:43:18 +0100] "GET /images/main_block_corner_left_top.gif HTTP/1.1" 200 159 "http://renault.activities.at/login?required=true" "Mozilla/5.0 (Windows NT 10.0; WOW64; Trident/7.0; rv:11.0) like Gecko"
80.123.225.36 - - [07/Feb/2019:10:43:18 +0100] "GET /images/main_block_corner_right_top.gif HTTP/1.1" 200 159 "http://renault.activities.at/login?required=true" "Mozilla/5.0 (Windows NT 10.0; WOW64; Trident/7.0; rv:11.0) like Gecko"
80.123.225.36 - - [07/Feb/2019:10:43:18 +0100] "GET /images/main_block_corner_left_bot.gif HTTP/1.1" 200 159 "http://renault.activities.at/login?required=true" "Mozilla/5.0 (Windows NT 10.0; WOW64; Trident/7.0; rv:11.0) like Gecko"
80.123.225.36 - - [07/Feb/2019:10:43:18 +0100] "GET /images/main_block_corner_right_bot.gif HTTP/1.1" 200 158 "http://renault.activities.at/login?required=true" "Mozilla/5.0 (Windows NT 10.0; WOW64; Trident/7.0; rv:11.0) like Gecko"
80.123.225.36 - - [07/Feb/2019:10:43:18 +0100] "GET /images/header_block_border.gif HTTP/1.1" 200 43 "http://renault.activities.at/login?required=true" "Mozilla/5.0 (Windows NT 10.0; WOW64; Trident/7.0; rv:11.0) like Gecko"
80.123.225.36 - - [07/Feb/2019:10:43:18 +0100] "GET /images/header_block_corner_left_top.gif HTTP/1.1" 200 160 "http://renault.activities.at/login?required=true" "Mozilla/5.0 (Windows NT 10.0; WOW64; Trident/7.0; rv:11.0) like Gecko"
80.123.225.36 - - [07/Feb/2019:10:43:18 +0100] "GET /images/header_block_corner_right_top.gif HTTP/1.1" 200 160 "http://renault.activities.at/login?required=true" "Mozilla/5.0 (Windows NT 10.0; WOW64; Trident/7.0; rv:11.0) like Gecko"
80.123.225.36 - - [07/Feb/2019:10:43:18 +0100] "GET /images/title_border.jpg HTTP/1.1" 200 304 "http://renault.activities.at/login?required=true" "Mozilla/5.0 (Windows NT 10.0; WOW64; Trident/7.0; rv:11.0) like Gecko"
80.123.225.36 - - [07/Feb/2019:10:43:18 +0100] "GET /images/title_border_top.jpg HTTP/1.1" 200 336 "http://renault.activities.at/login?required=true" "Mozilla/5.0 (Windows NT 10.0; WOW64; Trident/7.0; rv:11.0) like Gecko"
80.123.225.36 - - [07/Feb/2019:10:43:18 +0100] "GET /images/title_corner_left_top.jpg HTTP/1.1" 200 372 "http://renault.activities.at/login?required=true" "Mozilla/5.0 (Windows NT 10.0; WOW64; Trident/7.0; rv:11.0) like Gecko"
80.123.225.36 - - [07/Feb/2019:10:43:18 +0100] "GET /images/title_corner_right_top.jpg HTTP/1.1" 200 389 "http://renault.activities.at/login?required=true" "Mozilla/5.0 (Windows NT 10.0; WOW64; Trident/7.0; rv:11.0) like Gecko"
80.123.225.36 - - [07/Feb/2019:10:43:18 +0100] "GET /images/button_left_bg.gif HTTP/1.1" 200 564 "http://renault.activities.at/login?required=true" "Mozilla/5.0 (Windows NT 10.0; WOW64; Trident/7.0; rv:11.0) like Gecko"
80.123.225.36 - - [07/Feb/2019:10:43:18 +0100] "GET /images/button_right_bg.gif HTTP/1.1" 200 561 "http://renault.activities.at/login?required=true" "Mozilla/5.0 (Windows NT 10.0; WOW64; Trident/7.0; rv:11.0) like Gecko"
80.123.225.36 - - [07/Feb/2019:10:43:18 +0100] "GET /images/button_bg.gif HTTP/1.1" 200 151 "http://renault.activities.at/login?required=true" "Mozilla/5.0 (Windows NT 10.0; WOW64; Trident/7.0; rv:11.0) like Gecko"
80.123.225.36 - - [07/Feb/2019:10:43:18 +0100] "GET /loadthumbnail.php?id=11127982 HTTP/1.1" 200 399614 "http://renault.activities.at/login?required=true" "Mozilla/5.0 (Windows NT 10.0; WOW64; Trident/7.0; rv:11.0) like Gecko"
80.123.225.36 - - [07/Feb/2019:10:43:19 +0100] "GET /images/favicon.ico HTTP/1.1" 404 305 "-" "Mozilla/5.0 (Windows NT 10.0; Win64; x64; Trident/7.0; rv:11.0) like Gecko"
80.123.225.36 - - [07/Feb/2019:10:44:05 +0100] "GET /reload?ser=1549532626485 HTTP/1.1" 200 28 "http://renault.2web.at/account" "Mozilla/5.0 (Windows NT 6.1; Win64; x64) AppleWebKit/537.36 (KHTML, like Gecko) Chrome/71.0.3578.98 Safari/537.36"
138.21.12.22 - - [07/Feb/2019:10:44:05 +0100] "GET /reload?ser=1549532645812 HTTP/1.1" 200 28 "http://renault.2web.at/result?dir=DESC&mode=grid&order=name&limit=15&page=9&search=kleber" "Mozilla/5.0 (Windows NT 10.0; WOW64; Trident/7.0; Touch; rv:11.0) like Gecko"
80.123.225.36 - - [07/Feb/2019:10:44:07 +0100] "POST /login HTTP/1.1" 302 167 "http://renault.activities.at/login?required=true" "Mozilla/5.0 (Windows NT 10.0; WOW64; Trident/7.0; rv:11.0) like Gecko"
80.123.225.36 - - [07/Feb/2019:10:44:09 +0100] "GET /result?searchterm=true&search=wartung&loadrequest=true HTTP/1.1" 200 6308 "http://renault.activities.at/login?required=true" "Mozilla/5.0 (Windows NT 10.0; WOW64; Trident/7.0; rv:11.0) like Gecko"
80.123.225.36 - - [07/Feb/2019:10:44:12 +0100] "GET /js/prototip.js HTTP/1.1" 200 4588 "http://renault.activities.at/result?searchterm=true&search=wartung&loadrequest=true" "Mozilla/5.0 (Windows NT 10.0; WOW64; Trident/7.0; rv:11.0) like Gecko"
80.123.225.36 - - [07/Feb/2019:10:44:12 +0100] "GET /js/ProduktGrp.js HTTP/1.1" 200 1569 "http://renault.activities.at/result?searchterm=true&search=wartung&loadrequest=true" "Mozilla/5.0 (Windows NT 10.0; WOW64; Trident/7.0; rv:11.0) like Gecko"
80.123.225.36 - - [07/Feb/2019:10:44:12 +0100] "GET /images/loading.gif HTTP/1.1" 200 3208 "http://renault.activities.at/result?searchterm=true&search=wartung&loadrequest=true" "Mozilla/5.0 (Windows NT 10.0; WOW64; Trident/7.0; rv:11.0) like Gecko"
80.123.225.36 - - [07/Feb/2019:10:44:12 +0100] "GET /images/search_bg.gif HTTP/1.1" 200 1726 "http://renault.activities.at/result?searchterm=true&search=wartung&loadrequest=true" "Mozilla/5.0 (Windows NT 10.0; WOW64; Trident/7.0; rv:11.0) like Gecko"
80.123.225.36 - - [07/Feb/2019:10:44:12 +0100] "GET /images/menu_divider.gif HTTP/1.1" 200 176 "http://renault.activities.at/result?searchterm=true&search=wartung&loadrequest=true" "Mozilla/5.0 (Windows NT 10.0; WOW64; Trident/7.0; rv:11.0) like Gecko"
80.123.225.36 - - [07/Feb/2019:10:44:12 +0100] "GET /images/sidebar_title_border.gif HTTP/1.1" 200 43 "http://renault.activities.at/result?searchterm=true&search=wartung&loadrequest=true" "Mozilla/5.0 (Windows NT 10.0; WOW64; Trident/7.0; rv:11.0) like Gecko"
80.123.225.36 - - [07/Feb/2019:10:44:12 +0100] "GET /images/top_links_divider.gif HTTP/1.1" 200 44 "http://renault.activities.at/result?searchterm=true&search=wartung&loadrequest=true" "Mozilla/5.0 (Windows NT 10.0; WOW64; Trident/7.0; rv:11.0) like Gecko"
80.123.225.36 - - [07/Feb/2019:10:44:12 +0100] "GET /images/menu_button_bg.jpg HTTP/1.1" 200 322 "http://renault.activities.at/result?searchterm=true&search=wartung&loadrequest=true" "Mozilla/5.0 (Windows NT 10.0; WOW64; Trident/7.0; rv:11.0) like Gecko"
80.123.225.36 - - [07/Feb/2019:10:44:12 +0100] "GET /images/nav_divider.gif HTTP/1.1" 200 43 "http://renault.activities.at/result?searchterm=true&search=wartung&loadrequest=true" "Mozilla/5.0 (Windows NT 10.0; WOW64; Trident/7.0; rv:11.0) like Gecko"
80.123.225.36 - - [07/Feb/2019:10:44:12 +0100] "GET /loadthumbnail.php?id=11586948&width=50&height=50 HTTP/1.1" 200 1302 "http://renault.activities.at/result?searchterm=true&search=wartung&loadrequest=true" "Mozilla/5.0 (Windows NT 10.0; WOW64; Trident/7.0; rv:11.0) like Gecko"
80.123.225.36 - - [07/Feb/2019:10:44:12 +0100] "GET /images/sidebar_title_border_top.gif HTTP/1.1" 200 155 "http://renault.activities.at/result?searchterm=true&search=wartung&loadrequest=true" "Mozilla/5.0 (Windows NT 10.0; WOW64; Trident/7.0; rv:11.0) like Gecko"
80.123.225.36 - - [07/Feb/2019:10:44:12 +0100] "GET /images/sidebar_title_corner_left_top.gif HTTP/1.1" 200 1124 "http://renault.activities.at/result?searchterm=true&search=wartung&loadrequest=true" "Mozilla/5.0 (Windows NT 10.0; WOW64; Trident/7.0; rv:11.0) like Gecko"
80.123.225.36 - - [07/Feb/2019:10:44:12 +0100] "GET /loadthumbnail.php?id=10203255 HTTP/1.1" 200 137 "http://renault.activities.at/result?searchterm=true&search=wartung&loadrequest=true" "Mozilla/5.0 (Windows NT 10.0; WOW64; Trident/7.0; rv:11.0) like Gecko"
80.123.225.36 - - [07/Feb/2019:10:44:12 +0100] "GET /loadthumbnail.php?id=11487305&width=50&height=50 HTTP/1.1" 200 4517 "http://renault.activities.at/result?searchterm=true&search=wartung&loadrequest=true" "Mozilla/5.0 (Windows NT 10.0; WOW64; Trident/7.0; rv:11.0) like Gecko"
80.123.225.36 - - [07/Feb/2019:10:44:12 +0100] "GET /images/sidebar_title_corner_right_top.gif HTTP/1.1" 200 383 "http://renault.activities.at/result?searchterm=true&search=wartung&loadrequest=true" "Mozilla/5.0 (Windows NT 10.0; WOW64; Trident/7.0; rv:11.0) like Gecko"
80.123.225.36 - - [07/Feb/2019:10:44:12 +0100] "GET /loadthumbnail.php?id=11461719&width=50&height=50 HTTP/1.1" 200 4228 "http://renault.activities.at/result?searchterm=true&search=wartung&loadrequest=true" "Mozilla/5.0 (Windows NT 10.0; WOW64; Trident/7.0; rv:11.0) like Gecko"
80.123.225.36 - - [07/Feb/2019:10:44:12 +0100] "GET /images/pager_bg.gif HTTP/1.1" 200 150 "http://renault.activities.at/result?searchterm=true&search=wartung&loadrequest=true" "Mozilla/5.0 (Windows NT 10.0; WOW64; Trident/7.0; rv:11.0) like Gecko"
80.123.225.36 - - [07/Feb/2019:10:44:12 +0100] "GET /images/vista-up.gif HTTP/1.1" 200 131 "http://renault.activities.at/result?searchterm=true&search=wartung&loadrequest=true" "Mozilla/5.0 (Windows NT 10.0; WOW64; Trident/7.0; rv:11.0) like Gecko"
80.123.225.36 - - [07/Feb/2019:10:44:12 +0100] "GET /images/vista-dn.gif HTTP/1.1" 200 128 "http://renault.activities.at/result?searchterm=true&search=wartung&loadrequest=true" "Mozilla/5.0 (Windows NT 10.0; WOW64; Trident/7.0; rv:11.0) like Gecko"
80.123.225.36 - - [07/Feb/2019:10:44:12 +0100] "GET /images/validation_advice_bg.gif HTTP/1.1" 200 134 "http://renault.activities.at/result?searchterm=true&search=wartung&loadrequest=true" "Mozilla/5.0 (Windows NT 10.0; WOW64; Trident/7.0; rv:11.0) like Gecko"
80.123.225.36 - - [07/Feb/2019:10:44:12 +0100] "GET /images/footer_divider.gif HTTP/1.1" 200 44 "http://renault.activities.at/result?searchterm=true&search=wartung&loadrequest=true" "Mozilla/5.0 (Windows NT 10.0; WOW64; Trident/7.0; rv:11.0) like Gecko"
80.123.225.36 - - [07/Feb/2019:10:44:12 +0100] "GET /loadthumbnail.php?id=10272696&width=113 HTTP/1.1" 200 6494 "http://renault.activities.at/result?searchterm=true&search=wartung&loadrequest=true" "Mozilla/5.0 (Windows NT 10.0; WOW64; Trident/7.0; rv:11.0) like Gecko"
80.123.225.36 - - [07/Feb/2019:10:44:12 +0100] "GET /loadthumbnail.php?id=11423691&width=113 HTTP/1.1" 200 6071 "http://renault.activities.at/result?searchterm=true&search=wartung&loadrequest=true" "Mozilla/5.0 (Windows NT 10.0; WOW64; Trident/7.0; rv:11.0) like Gecko"
80.123.225.36 - - [07/Feb/2019:10:44:12 +0100] "GET /loadthumbnail.php?id=11730248&width=113 HTTP/1.1" 200 4910 "http://renault.activities.at/result?searchterm=true&search=wartung&loadrequest=true" "Mozilla/5.0 (Windows NT 10.0; WOW64; Trident/7.0; rv:11.0) like Gecko"
80.123.225.36 - - [07/Feb/2019:10:44:12 +0100] "GET /images/favicon.ico HTTP/1.1" 404 305 "-" "Mozilla/5.0 (Windows NT 10.0; Win64; x64; Trident/7.0; rv:11.0) like Gecko"
80.123.225.36 - - [07/Feb/2019:10:44:12 +0100] "GET /favicon.ico HTTP/1.1" 200 3250 "-" "Mozilla/5.0 (Windows NT 10.0; Win64; x64; Trident/7.0; rv:11.0) like Gecko"
80.123.225.36 - - [07/Feb/2019:10:44:12 +0100] "GET /reload?ser=1549532632852 HTTP/1.1" 200 28 "http://renault.activities.at/" "Mozilla/5.0 (compatible; MSIE 10.0; Windows NT 6.1; WOW64; Trident/6.0)"
213.153.47.173 - - [07/Feb/2019:10:44:14 +0100] "GET /reload?ser=1549532654432 HTTP/1.1" 200 28 "http://renault.activities.at/login?required=true" "Mozilla/5.0 (Windows NT 10.0; Win64; x64; rv:65.0) Gecko/20100101 Firefox/65.0"
80.123.225.36 - - [07/Feb/2019:10:44:25 +0100] "POST /axjaxrequest?mode=suggest HTTP/1.1" 200 174 "http://renault.activities.at/result?searchterm=true&search=wartung&loadrequest=true" "Mozilla/5.0 (Windows NT 10.0; WOW64; Trident/7.0; rv:11.0) like Gecko"
80.123.225.36 - - [07/Feb/2019:10:44:28 +0100] "POST /axjaxrequest?mode=suggest HTTP/1.1" 200 174 "http://renault.activities.at/result?searchterm=true&search=wartung&loadrequest=true" "Mozilla/5.0 (Windows NT 10.0; WOW64; Trident/7.0; rv:11.0) like Gecko"
80.123.225.36 - - [07/Feb/2019:10:44:29 +0100] "GET /result?searchterm=true&search=garantie HTTP/1.1" 200 7087 "http://renault.activities.at/result?searchterm=true&search=wartung&loadrequest=true" "Mozilla/5.0 (Windows NT 10.0; WOW64; Trident/7.0; rv:11.0) like Gecko"
80.123.225.36 - - [07/Feb/2019:10:44:32 +0100] "GET /loadthumbnail.php?id=10203650&width=113 HTTP/1.1" 200 2741 "http://renault.activities.at/result?searchterm=true&search=garantie" "Mozilla/5.0 (Windows NT 10.0; WOW64; Trident/7.0; rv:11.0) like Gecko"
80.123.225.36 - - [07/Feb/2019:10:44:32 +0100] "GET /loadthumbnail.php?id=11075492&width=113 HTTP/1.1" 200 2349 "http://renault.activities.at/result?searchterm=true&search=garantie" "Mozilla/5.0 (Windows NT 10.0; WOW64; Trident/7.0; rv:11.0) like Gecko"
80.123.225.36 - - [07/Feb/2019:10:44:32 +0100] "GET /loadthumbnail.php?id=11228497&width=113 HTTP/1.1" 200 3267 "http://renault.activities.at/result?searchterm=true&search=garantie" "Mozilla/5.0 (Windows NT 10.0; WOW64; Trident/7.0; rv:11.0) like Gecko"
80.123.225.36 - - [07/Feb/2019:10:44:32 +0100] "GET /loadthumbnail.php?id=11075482&width=113 HTTP/1.1" 200 2349 "http://renault.activities.at/result?searchterm=true&search=garantie" "Mozilla/5.0 (Windows NT 10.0; WOW64; Trident/7.0; rv:11.0) like Gecko"
80.123.225.36 - - [07/Feb/2019:10:44:32 +0100] "GET /loadthumbnail.php?id=11351226&width=113 HTTP/1.1" 200 16210 "http://renault.activities.at/result?searchterm=true&search=garantie" "Mozilla/5.0 (Windows NT 10.0; WOW64; Trident/7.0; rv:11.0) like Gecko"
80.123.225.36 - - [07/Feb/2019:10:44:32 +0100] "GET /loadthumbnail.php?id=11228502&width=113 HTTP/1.1" 200 1524 "http://renault.activities.at/result?searchterm=true&search=garantie" "Mozilla/5.0 (Windows NT 10.0; WOW64; Trident/7.0; rv:11.0) like Gecko"
80.123.225.36 - - [07/Feb/2019:10:44:32 +0100] "GET /loadthumbnail.php?id=11351222&width=113 HTTP/1.1" 200 17851 "http://renault.activities.at/result?searchterm=true&search=garantie" "Mozilla/5.0 (Windows NT 10.0; WOW64; Trident/7.0; rv:11.0) like Gecko"
80.123.225.36 - - [07/Feb/2019:10:44:32 +0100] "GET /favicon.ico HTTP/1.1" 200 3250 "-" "Mozilla/5.0 (Windows NT 10.0; Win64; x64; Trident/7.0; rv:11.0) like Gecko"
80.123.225.36 - - [07/Feb/2019:10:44:43 +0100] "GET /10201442 HTTP/1.1" 200 8648 "http://renault.activities.at/result?searchterm=true&search=garantie" "Mozilla/5.0 (Windows NT 10.0; WOW64; Trident/7.0; rv:11.0) like Gecko"
80.123.225.36 - - [07/Feb/2019:10:44:47 +0100] "GET /loadthumbnail.php?id=10203276 HTTP/1.1" 200 75 "http://renault.activities.at/10201442" "Mozilla/5.0 (Windows NT 10.0; WOW64; Trident/7.0; rv:11.0) like Gecko"
80.123.225.36 - - [07/Feb/2019:10:44:47 +0100] "GET /loadthumbnail.php?id=11926565&width=113 HTTP/1.1" 200 28904 "http://renault.activities.at/10201442" "Mozilla/5.0 (Windows NT 10.0; WOW64; Trident/7.0; rv:11.0) like Gecko"
80.123.225.36 - - [07/Feb/2019:10:44:47 +0100] "GET /loadthumbnail.php?id=11926561&width=113 HTTP/1.1" 200 34510 "http://renault.activities.at/10201442" "Mozilla/5.0 (Windows NT 10.0; WOW64; Trident/7.0; rv:11.0) like Gecko"
