80.120.5.131 - - [07/Feb/2019:09:15:55 +0100] "GET /images/vista-dn.gif HTTP/1.1" 304 - "http://renault.activities.at/result?searchterm=true&search=twingo" "Mozilla/5.0 (Windows NT 10.0; WOW64; Trident/7.0; rv:11.0) like Gecko"
80.120.5.131 - - [07/Feb/2019:09:15:54 +0100] "GET /loadthumbnail.php?id=11926561&width=113 HTTP/1.1" 200 34504 "http://renault.activities.at/result?searchterm=true&search=twingo" "Mozilla/5.0 (Windows NT 10.0; WOW64; Trident/7.0; rv:11.0) like Gecko"
80.120.5.131 - - [07/Feb/2019:09:15:54 +0100] "GET /loadthumbnail.php?id=11137061&width=113 HTTP/1.1" 200 2246 "http://renault.activities.at/result?searchterm=true&search=twingo" "Mozilla/5.0 (Windows NT 10.0; WOW64; Trident/7.0; rv:11.0) like Gecko"
80.120.5.131 - - [07/Feb/2019:09:15:51 +0100] "POST /axjaxrequest?mode=suggest HTTP/1.1" 200 122 "http://renault.activities.at/result?dir=DESC&mode=grid&order=name&limit=15&page=2&search=clio" "Mozilla/5.0 (Windows NT 10.0; WOW64; Trident/7.0; rv:11.0) like Gecko"
80.120.5.131 - - [07/Feb/2019:09:15:58 +0100] "GET /images/vista-up-hover.gif HTTP/1.1" 304 - "http://renault.activities.at/result?searchterm=true&search=twingo" "Mozilla/5.0 (Windows NT 10.0; WOW64; Trident/7.0; rv:11.0) like Gecko"
80.120.5.131 - - [07/Feb/2019:09:16:00 +0100] "GET /result?dir=DESC&mode=grid&order=name&limit=15&page=2&search=twingo HTTP/1.1" 200 47129 "http://renault.activities.at/result?searchterm=true&search=twingo" "Mozilla/5.0 (Windows NT 10.0; WOW64; Trident/7.0; rv:11.0) like Gecko"
80.120.5.131 - - [07/Feb/2019:09:16:02 +0100] "GET /js/default.js HTTP/1.1" 304 - "http://renault.activities.at/result?dir=DESC&mode=grid&order=name&limit=15&page=2&search=twingo" "Mozilla/5.0 (Windows NT 10.0; WOW64; Trident/7.0; rv:11.0) like Gecko"
80.120.5.131 - - [07/Feb/2019:09:16:02 +0100] "GET /js/prototip.js HTTP/1.1" 304 - "http://renault.activities.at/result?dir=DESC&mode=grid&order=name&limit=15&page=2&search=twingo" "Mozilla/5.0 (Windows NT 10.0; WOW64; Trident/7.0; rv:11.0) like Gecko"
80.120.5.131 - - [07/Feb/2019:09:16:02 +0100] "GET /css/reset.css HTTP/1.1" 304 - "http://renault.activities.at/result?dir=DESC&mode=grid&order=name&limit=15&page=2&search=twingo" "Mozilla/5.0 (Windows NT 10.0; WOW64; Trident/7.0; rv:11.0) like Gecko"
80.120.5.131 - - [07/Feb/2019:09:16:02 +0100] "GET /css/styles.css HTTP/1.1" 304 - "http://renault.activities.at/result?dir=DESC&mode=grid&order=name&limit=15&page=2&search=twingo" "Mozilla/5.0 (Windows NT 10.0; WOW64; Trident/7.0; rv:11.0) like Gecko"
80.120.5.131 - - [07/Feb/2019:09:16:02 +0100] "GET /css/clears.css HTTP/1.1" 304 - "http://renault.activities.at/result?dir=DESC&mode=grid&order=name&limit=15&page=2&search=twingo" "Mozilla/5.0 (Windows NT 10.0; WOW64; Trident/7.0; rv:11.0) like Gecko"
80.120.5.131 - - [07/Feb/2019:09:16:02 +0100] "GET /js/checkout.css HTTP/1.1" 304 - "http://renault.activities.at/result?dir=DESC&mode=grid&order=name&limit=15&page=2&search=twingo" "Mozilla/5.0 (Windows NT 10.0; WOW64; Trident/7.0; rv:11.0) like Gecko"
80.120.5.131 - - [07/Feb/2019:09:16:02 +0100] "GET /css/prototip.css HTTP/1.1" 304 - "http://renault.activities.at/result?dir=DESC&mode=grid&order=name&limit=15&page=2&search=twingo" "Mozilla/5.0 (Windows NT 10.0; WOW64; Trident/7.0; rv:11.0) like Gecko"
80.120.5.131 - - [07/Feb/2019:09:16:02 +0100] "GET /css/themes/default.css HTTP/1.1" 304 - "http://renault.activities.at/result?dir=DESC&mode=grid&order=name&limit=15&page=2&search=twingo" "Mozilla/5.0 (Windows NT 10.0; WOW64; Trident/7.0; rv:11.0) like Gecko"
80.120.5.131 - - [07/Feb/2019:09:16:02 +0100] "GET /css/themes/alphacube.css HTTP/1.1" 304 - "http://renault.activities.at/result?dir=DESC&mode=grid&order=name&limit=15&page=2&search=twingo" "Mozilla/5.0 (Windows NT 10.0; WOW64; Trident/7.0; rv:11.0) like Gecko"
80.120.5.131 - - [07/Feb/2019:09:16:02 +0100] "GET /css/print.css HTTP/1.1" 304 - "http://renault.activities.at/result?dir=DESC&mode=grid&order=name&limit=15&page=2&search=twingo" "Mozilla/5.0 (Windows NT 10.0; WOW64; Trident/7.0; rv:11.0) like Gecko"
80.120.5.131 - - [07/Feb/2019:09:16:02 +0100] "GET /images/loading.gif HTTP/1.1" 304 - "http://renault.activities.at/result?dir=DESC&mode=grid&order=name&limit=15&page=2&search=twingo" "Mozilla/5.0 (Windows NT 10.0; WOW64; Trident/7.0; rv:11.0) like Gecko"
80.120.5.131 - - [07/Feb/2019:09:16:02 +0100] "GET /js/ProduktGrp.js HTTP/1.1" 304 - "http://renault.activities.at/result?dir=DESC&mode=grid&order=name&limit=15&page=2&search=twingo" "Mozilla/5.0 (Windows NT 10.0; WOW64; Trident/7.0; rv:11.0) like Gecko"
80.120.5.131 - - [07/Feb/2019:09:16:02 +0100] "GET /images/search_bg.gif HTTP/1.1" 304 - "http://renault.activities.at/result?dir=DESC&mode=grid&order=name&limit=15&page=2&search=twingo" "Mozilla/5.0 (Windows NT 10.0; WOW64; Trident/7.0; rv:11.0) like Gecko"
80.120.5.131 - - [07/Feb/2019:09:16:02 +0100] "GET /images/header_block_corner_left_top.gif HTTP/1.1" 304 - "http://renault.activities.at/result?dir=DESC&mode=grid&order=name&limit=15&page=2&search=twingo" "Mozilla/5.0 (Windows NT 10.0; WOW64; Trident/7.0; rv:11.0) like Gecko"
80.120.5.131 - - [07/Feb/2019:09:16:02 +0100] "GET /images/header_block_border.gif HTTP/1.1" 304 - "http://renault.activities.at/result?dir=DESC&mode=grid&order=name&limit=15&page=2&search=twingo" "Mozilla/5.0 (Windows NT 10.0; WOW64; Trident/7.0; rv:11.0) like Gecko"
80.120.5.131 - - [07/Feb/2019:09:16:02 +0100] "GET /images/header_block_corner_right_top.gif HTTP/1.1" 304 - "http://renault.activities.at/result?dir=DESC&mode=grid&order=name&limit=15&page=2&search=twingo" "Mozilla/5.0 (Windows NT 10.0; WOW64; Trident/7.0; rv:11.0) like Gecko"
80.120.5.131 - - [07/Feb/2019:09:16:02 +0100] "GET /images/main_block_corner_right_bot.gif HTTP/1.1" 304 - "http://renault.activities.at/result?dir=DESC&mode=grid&order=name&limit=15&page=2&search=twingo" "Mozilla/5.0 (Windows NT 10.0; WOW64; Trident/7.0; rv:11.0) like Gecko"
80.120.5.131 - - [07/Feb/2019:09:16:02 +0100] "GET /images/main_block_border.gif HTTP/1.1" 304 - "http://renault.activities.at/result?dir=DESC&mode=grid&order=name&limit=15&page=2&search=twingo" "Mozilla/5.0 (Windows NT 10.0; WOW64; Trident/7.0; rv:11.0) like Gecko"
80.120.5.131 - - [07/Feb/2019:09:16:02 +0100] "GET /images/main_block_corner_left_bot.gif HTTP/1.1" 304 - "http://renault.activities.at/result?dir=DESC&mode=grid&order=name&limit=15&page=2&search=twingo" "Mozilla/5.0 (Windows NT 10.0; WOW64; Trident/7.0; rv:11.0) like Gecko"
80.120.5.131 - - [07/Feb/2019:09:16:02 +0100] "GET /images/main_block_corner_right_top.gif HTTP/1.1" 304 - "http://renault.activities.at/result?dir=DESC&mode=grid&order=name&limit=15&page=2&search=twingo" "Mozilla/5.0 (Windows NT 10.0; WOW64; Trident/7.0; rv:11.0) like Gecko"
80.120.5.131 - - [07/Feb/2019:09:16:02 +0100] "GET /images/nav_divider.gif HTTP/1.1" 304 - "http://renault.activities.at/result?dir=DESC&mode=grid&order=name&limit=15&page=2&search=twingo" "Mozilla/5.0 (Windows NT 10.0; WOW64; Trident/7.0; rv:11.0) like Gecko"
80.120.5.131 - - [07/Feb/2019:09:16:02 +0100] "GET /images/sidebar_title_corner_right_top.gif HTTP/1.1" 304 - "http://renault.activities.at/result?dir=DESC&mode=grid&order=name&limit=15&page=2&search=twingo" "Mozilla/5.0 (Windows NT 10.0; WOW64; Trident/7.0; rv:11.0) like Gecko"
80.120.5.131 - - [07/Feb/2019:09:16:02 +0100] "GET /images/sidebar_title_border.gif HTTP/1.1" 304 - "http://renault.activities.at/result?dir=DESC&mode=grid&order=name&limit=15&page=2&search=twingo" "Mozilla/5.0 (Windows NT 10.0; WOW64; Trident/7.0; rv:11.0) like Gecko"
80.120.5.131 - - [07/Feb/2019:09:16:02 +0100] "GET /images/main_block_corner_left_top.gif HTTP/1.1" 304 - "http://renault.activities.at/result?dir=DESC&mode=grid&order=name&limit=15&page=2&search=twingo" "Mozilla/5.0 (Windows NT 10.0; WOW64; Trident/7.0; rv:11.0) like Gecko"
80.120.5.131 - - [07/Feb/2019:09:16:02 +0100] "GET /images/top_links_divider.gif HTTP/1.1" 304 - "http://renault.activities.at/result?dir=DESC&mode=grid&order=name&limit=15&page=2&search=twingo" "Mozilla/5.0 (Windows NT 10.0; WOW64; Trident/7.0; rv:11.0) like Gecko"
80.120.5.131 - - [07/Feb/2019:09:16:02 +0100] "GET /images/button_right_bg.gif HTTP/1.1" 304 - "http://renault.activities.at/result?dir=DESC&mode=grid&order=name&limit=15&page=2&search=twingo" "Mozilla/5.0 (Windows NT 10.0; WOW64; Trident/7.0; rv:11.0) like Gecko"
80.120.5.131 - - [07/Feb/2019:09:16:02 +0100] "GET /images/menu_divider.gif HTTP/1.1" 304 - "http://renault.activities.at/result?dir=DESC&mode=grid&order=name&limit=15&page=2&search=twingo" "Mozilla/5.0 (Windows NT 10.0; WOW64; Trident/7.0; rv:11.0) like Gecko"
80.120.5.131 - - [07/Feb/2019:09:16:02 +0100] "GET /images/sidebar_title_border_top.gif HTTP/1.1" 304 - "http://renault.activities.at/result?dir=DESC&mode=grid&order=name&limit=15&page=2&search=twingo" "Mozilla/5.0 (Windows NT 10.0; WOW64; Trident/7.0; rv:11.0) like Gecko"
80.120.5.131 - - [07/Feb/2019:09:16:02 +0100] "GET /images/button_bg.gif HTTP/1.1" 304 - "http://renault.activities.at/result?dir=DESC&mode=grid&order=name&limit=15&page=2&search=twingo" "Mozilla/5.0 (Windows NT 10.0; WOW64; Trident/7.0; rv:11.0) like Gecko"
80.120.5.131 - - [07/Feb/2019:09:16:02 +0100] "GET /images/button_left_bg.gif HTTP/1.1" 304 - "http://renault.activities.at/result?dir=DESC&mode=grid&order=name&limit=15&page=2&search=twingo" "Mozilla/5.0 (Windows NT 10.0; WOW64; Trident/7.0; rv:11.0) like Gecko"
80.120.5.131 - - [07/Feb/2019:09:16:02 +0100] "GET /images/sidebar_title_corner_left_top.gif HTTP/1.1" 304 - "http://renault.activities.at/result?dir=DESC&mode=grid&order=name&limit=15&page=2&search=twingo" "Mozilla/5.0 (Windows NT 10.0; WOW64; Trident/7.0; rv:11.0) like Gecko"
80.120.5.131 - - [07/Feb/2019:09:16:02 +0100] "GET /images/menu_button_bg.jpg HTTP/1.1" 304 - "http://renault.activities.at/result?dir=DESC&mode=grid&order=name&limit=15&page=2&search=twingo" "Mozilla/5.0 (Windows NT 10.0; WOW64; Trident/7.0; rv:11.0) like Gecko"
80.120.5.131 - - [07/Feb/2019:09:16:02 +0100] "GET /images/footer_divider.gif HTTP/1.1" 304 - "http://renault.activities.at/result?dir=DESC&mode=grid&order=name&limit=15&page=2&search=twingo" "Mozilla/5.0 (Windows NT 10.0; WOW64; Trident/7.0; rv:11.0) like Gecko"
80.120.5.131 - - [07/Feb/2019:09:16:02 +0100] "GET /images/title_border_top.jpg HTTP/1.1" 304 - "http://renault.activities.at/result?dir=DESC&mode=grid&order=name&limit=15&page=2&search=twingo" "Mozilla/5.0 (Windows NT 10.0; WOW64; Trident/7.0; rv:11.0) like Gecko"
80.120.5.131 - - [07/Feb/2019:09:16:02 +0100] "GET /images/vista-up.gif HTTP/1.1" 304 - "http://renault.activities.at/result?dir=DESC&mode=grid&order=name&limit=15&page=2&search=twingo" "Mozilla/5.0 (Windows NT 10.0; WOW64; Trident/7.0; rv:11.0) like Gecko"
80.120.5.131 - - [07/Feb/2019:09:16:02 +0100] "GET /images/title_border.jpg HTTP/1.1" 304 - "http://renault.activities.at/result?dir=DESC&mode=grid&order=name&limit=15&page=2&search=twingo" "Mozilla/5.0 (Windows NT 10.0; WOW64; Trident/7.0; rv:11.0) like Gecko"
80.120.5.131 - - [07/Feb/2019:09:16:02 +0100] "GET /images/validation_advice_bg.gif HTTP/1.1" 304 - "http://renault.activities.at/result?dir=DESC&mode=grid&order=name&limit=15&page=2&search=twingo" "Mozilla/5.0 (Windows NT 10.0; WOW64; Trident/7.0; rv:11.0) like Gecko"
80.120.5.131 - - [07/Feb/2019:09:16:02 +0100] "GET /images/title_corner_left_top.jpg HTTP/1.1" 304 - "http://renault.activities.at/result?dir=DESC&mode=grid&order=name&limit=15&page=2&search=twingo" "Mozilla/5.0 (Windows NT 10.0; WOW64; Trident/7.0; rv:11.0) like Gecko"
80.120.5.131 - - [07/Feb/2019:09:16:02 +0100] "GET /images/title_corner_right_top.jpg HTTP/1.1" 304 - "http://renault.activities.at/result?dir=DESC&mode=grid&order=name&limit=15&page=2&search=twingo" "Mozilla/5.0 (Windows NT 10.0; WOW64; Trident/7.0; rv:11.0) like Gecko"
80.120.5.131 - - [07/Feb/2019:09:16:02 +0100] "GET /images/vista-dn.gif HTTP/1.1" 304 - "http://renault.activities.at/result?dir=DESC&mode=grid&order=name&limit=15&page=2&search=twingo" "Mozilla/5.0 (Windows NT 10.0; WOW64; Trident/7.0; rv:11.0) like Gecko"
80.120.5.131 - - [07/Feb/2019:09:16:02 +0100] "GET /images/pager_bg.gif HTTP/1.1" 304 - "http://renault.activities.at/result?dir=DESC&mode=grid&order=name&limit=15&page=2&search=twingo" "Mozilla/5.0 (Windows NT 10.0; WOW64; Trident/7.0; rv:11.0) like Gecko"
80.120.5.131 - - [07/Feb/2019:09:16:02 +0100] "GET /loadthumbnail.php?id=11342066&width=113 HTTP/1.1" 200 28062 "http://renault.activities.at/result?dir=DESC&mode=grid&order=name&limit=15&page=2&search=twingo" "Mozilla/5.0 (Windows NT 10.0; WOW64; Trident/7.0; rv:11.0) like Gecko"
80.120.5.131 - - [07/Feb/2019:09:16:02 +0100] "GET /loadthumbnail.php?id=11036884&width=113 HTTP/1.1" 200 3265 "http://renault.activities.at/result?dir=DESC&mode=grid&order=name&limit=15&page=2&search=twingo" "Mozilla/5.0 (Windows NT 10.0; WOW64; Trident/7.0; rv:11.0) like Gecko"
80.120.5.131 - - [07/Feb/2019:09:16:07 +0100] "GET /images/vista-up-hover.gif HTTP/1.1" 304 - "http://renault.activities.at/result?dir=DESC&mode=grid&order=name&limit=15&page=2&search=twingo" "Mozilla/5.0 (Windows NT 10.0; WOW64; Trident/7.0; rv:11.0) like Gecko"
80.120.5.131 - - [07/Feb/2019:09:16:10 +0100] "GET /images/vista-dn-hover.gif HTTP/1.1" 304 - "http://renault.activities.at/result?dir=DESC&mode=grid&order=name&limit=15&page=2&search=twingo" "Mozilla/5.0 (Windows NT 10.0; WOW64; Trident/7.0; rv:11.0) like Gecko"
80.123.225.36 - - [07/Feb/2019:09:16:12 +0100] "GET /reload?ser=1549527353394 HTTP/1.1" 200 28 "http://renault.activities.at/" "Mozilla/5.0 (compatible; MSIE 10.0; Windows NT 6.1; WOW64; Trident/6.0)"
80.120.5.131 - - [07/Feb/2019:09:16:11 +0100] "POST /result?dir=DESC&mode=grid&order=name&limit=15&page=2&search=twingo HTTP/1.1" 200 47756 "http://renault.activities.at/result?dir=DESC&mode=grid&order=name&limit=15&page=2&search=twingo" "Mozilla/5.0 (Windows NT 10.0; WOW64; Trident/7.0; rv:11.0) like Gecko"
80.120.5.131 - - [07/Feb/2019:09:16:14 +0100] "GET /js/default.js HTTP/1.1" 304 - "http://renault.activities.at/result?dir=DESC&mode=grid&order=name&limit=15&page=2&search=twingo" "Mozilla/5.0 (Windows NT 10.0; WOW64; Trident/7.0; rv:11.0) like Gecko"
80.120.5.131 - - [07/Feb/2019:09:16:14 +0100] "GET /js/prototip.js HTTP/1.1" 304 - "http://renault.activities.at/result?dir=DESC&mode=grid&order=name&limit=15&page=2&search=twingo" "Mozilla/5.0 (Windows NT 10.0; WOW64; Trident/7.0; rv:11.0) like Gecko"
80.120.5.131 - - [07/Feb/2019:09:16:14 +0100] "GET /css/clears.css HTTP/1.1" 304 - "http://renault.activities.at/result?dir=DESC&mode=grid&order=name&limit=15&page=2&search=twingo" "Mozilla/5.0 (Windows NT 10.0; WOW64; Trident/7.0; rv:11.0) like Gecko"
80.120.5.131 - - [07/Feb/2019:09:16:14 +0100] "GET /css/styles.css HTTP/1.1" 304 - "http://renault.activities.at/result?dir=DESC&mode=grid&order=name&limit=15&page=2&search=twingo" "Mozilla/5.0 (Windows NT 10.0; WOW64; Trident/7.0; rv:11.0) like Gecko"
80.120.5.131 - - [07/Feb/2019:09:16:14 +0100] "GET /css/reset.css HTTP/1.1" 304 - "http://renault.activities.at/result?dir=DESC&mode=grid&order=name&limit=15&page=2&search=twingo" "Mozilla/5.0 (Windows NT 10.0; WOW64; Trident/7.0; rv:11.0) like Gecko"
80.120.5.131 - - [07/Feb/2019:09:16:14 +0100] "GET /js/checkout.css HTTP/1.1" 304 - "http://renault.activities.at/result?dir=DESC&mode=grid&order=name&limit=15&page=2&search=twingo" "Mozilla/5.0 (Windows NT 10.0; WOW64; Trident/7.0; rv:11.0) like Gecko"
80.120.5.131 - - [07/Feb/2019:09:16:14 +0100] "GET /css/print.css HTTP/1.1" 304 - "http://renault.activities.at/result?dir=DESC&mode=grid&order=name&limit=15&page=2&search=twingo" "Mozilla/5.0 (Windows NT 10.0; WOW64; Trident/7.0; rv:11.0) like Gecko"
80.120.5.131 - - [07/Feb/2019:09:16:14 +0100] "GET /css/themes/default.css HTTP/1.1" 304 - "http://renault.activities.at/result?dir=DESC&mode=grid&order=name&limit=15&page=2&search=twingo" "Mozilla/5.0 (Windows NT 10.0; WOW64; Trident/7.0; rv:11.0) like Gecko"
80.120.5.131 - - [07/Feb/2019:09:16:14 +0100] "GET /css/prototip.css HTTP/1.1" 304 - "http://renault.activities.at/result?dir=DESC&mode=grid&order=name&limit=15&page=2&search=twingo" "Mozilla/5.0 (Windows NT 10.0; WOW64; Trident/7.0; rv:11.0) like Gecko"
80.120.5.131 - - [07/Feb/2019:09:16:14 +0100] "GET /images/loading.gif HTTP/1.1" 304 - "http://renault.activities.at/result?dir=DESC&mode=grid&order=name&limit=15&page=2&search=twingo" "Mozilla/5.0 (Windows NT 10.0; WOW64; Trident/7.0; rv:11.0) like Gecko"
80.120.5.131 - - [07/Feb/2019:09:16:14 +0100] "GET /js/ProduktGrp.js HTTP/1.1" 304 - "http://renault.activities.at/result?dir=DESC&mode=grid&order=name&limit=15&page=2&search=twingo" "Mozilla/5.0 (Windows NT 10.0; WOW64; Trident/7.0; rv:11.0) like Gecko"
80.120.5.131 - - [07/Feb/2019:09:16:14 +0100] "GET /css/themes/alphacube.css HTTP/1.1" 304 - "http://renault.activities.at/result?dir=DESC&mode=grid&order=name&limit=15&page=2&search=twingo" "Mozilla/5.0 (Windows NT 10.0; WOW64; Trident/7.0; rv:11.0) like Gecko"
80.120.5.131 - - [07/Feb/2019:09:16:14 +0100] "GET /images/main_block_corner_right_top.gif HTTP/1.1" 304 - "http://renault.activities.at/result?dir=DESC&mode=grid&order=name&limit=15&page=2&search=twingo" "Mozilla/5.0 (Windows NT 10.0; WOW64; Trident/7.0; rv:11.0) like Gecko"
80.120.5.131 - - [07/Feb/2019:09:16:14 +0100] "GET /images/main_block_corner_left_top.gif HTTP/1.1" 304 - "http://renault.activities.at/result?dir=DESC&mode=grid&order=name&limit=15&page=2&search=twingo" "Mozilla/5.0 (Windows NT 10.0; WOW64; Trident/7.0; rv:11.0) like Gecko"
80.120.5.131 - - [07/Feb/2019:09:16:14 +0100] "GET /images/main_block_border.gif HTTP/1.1" 304 - "http://renault.activities.at/result?dir=DESC&mode=grid&order=name&limit=15&page=2&search=twingo" "Mozilla/5.0 (Windows NT 10.0; WOW64; Trident/7.0; rv:11.0) like Gecko"
80.120.5.131 - - [07/Feb/2019:09:16:14 +0100] "GET /images/main_block_corner_right_bot.gif HTTP/1.1" 304 - "http://renault.activities.at/result?dir=DESC&mode=grid&order=name&limit=15&page=2&search=twingo" "Mozilla/5.0 (Windows NT 10.0; WOW64; Trident/7.0; rv:11.0) like Gecko"
80.120.5.131 - - [07/Feb/2019:09:16:14 +0100] "GET /images/header_block_border.gif HTTP/1.1" 304 - "http://renault.activities.at/result?dir=DESC&mode=grid&order=name&limit=15&page=2&search=twingo" "Mozilla/5.0 (Windows NT 10.0; WOW64; Trident/7.0; rv:11.0) like Gecko"
80.120.5.131 - - [07/Feb/2019:09:16:14 +0100] "GET /images/search_bg.gif HTTP/1.1" 304 - "http://renault.activities.at/result?dir=DESC&mode=grid&order=name&limit=15&page=2&search=twingo" "Mozilla/5.0 (Windows NT 10.0; WOW64; Trident/7.0; rv:11.0) like Gecko"
80.120.5.131 - - [07/Feb/2019:09:16:14 +0100] "GET /images/header_block_corner_right_top.gif HTTP/1.1" 304 - "http://renault.activities.at/result?dir=DESC&mode=grid&order=name&limit=15&page=2&search=twingo" "Mozilla/5.0 (Windows NT 10.0; WOW64; Trident/7.0; rv:11.0) like Gecko"
80.120.5.131 - - [07/Feb/2019:09:16:14 +0100] "GET /images/main_block_corner_left_bot.gif HTTP/1.1" 304 - "http://renault.activities.at/result?dir=DESC&mode=grid&order=name&limit=15&page=2&search=twingo" "Mozilla/5.0 (Windows NT 10.0; WOW64; Trident/7.0; rv:11.0) like Gecko"
80.120.5.131 - - [07/Feb/2019:09:16:14 +0100] "GET /images/header_block_corner_left_top.gif HTTP/1.1" 304 - "http://renault.activities.at/result?dir=DESC&mode=grid&order=name&limit=15&page=2&search=twingo" "Mozilla/5.0 (Windows NT 10.0; WOW64; Trident/7.0; rv:11.0) like Gecko"
80.120.5.131 - - [07/Feb/2019:09:16:14 +0100] "GET /images/button_right_bg.gif HTTP/1.1" 304 - "http://renault.activities.at/result?dir=DESC&mode=grid&order=name&limit=15&page=2&search=twingo" "Mozilla/5.0 (Windows NT 10.0; WOW64; Trident/7.0; rv:11.0) like Gecko"
80.120.5.131 - - [07/Feb/2019:09:16:14 +0100] "GET /images/menu_button_bg.jpg HTTP/1.1" 304 - "http://renault.activities.at/result?dir=DESC&mode=grid&order=name&limit=15&page=2&search=twingo" "Mozilla/5.0 (Windows NT 10.0; WOW64; Trident/7.0; rv:11.0) like Gecko"
80.120.5.131 - - [07/Feb/2019:09:16:14 +0100] "GET /images/title_border.jpg HTTP/1.1" 304 - "http://renault.activities.at/result?dir=DESC&mode=grid&order=name&limit=15&page=2&search=twingo" "Mozilla/5.0 (Windows NT 10.0; WOW64; Trident/7.0; rv:11.0) like Gecko"
80.120.5.131 - - [07/Feb/2019:09:16:14 +0100] "GET /images/sidebar_title_border.gif HTTP/1.1" 304 - "http://renault.activities.at/result?dir=DESC&mode=grid&order=name&limit=15&page=2&search=twingo" "Mozilla/5.0 (Windows NT 10.0; WOW64; Trident/7.0; rv:11.0) like Gecko"
80.120.5.131 - - [07/Feb/2019:09:16:14 +0100] "GET /images/success_msg_icon.gif HTTP/1.1" 304 - "http://renault.activities.at/result?dir=DESC&mode=grid&order=name&limit=15&page=2&search=twingo" "Mozilla/5.0 (Windows NT 10.0; WOW64; Trident/7.0; rv:11.0) like Gecko"
80.120.5.131 - - [07/Feb/2019:09:16:14 +0100] "GET /images/validation_advice_bg.gif HTTP/1.1" 304 - "http://renault.activities.at/result?dir=DESC&mode=grid&order=name&limit=15&page=2&search=twingo" "Mozilla/5.0 (Windows NT 10.0; WOW64; Trident/7.0; rv:11.0) like Gecko"
80.120.5.131 - - [07/Feb/2019:09:16:14 +0100] "GET /images/sidebar_title_corner_right_top.gif HTTP/1.1" 304 - "http://renault.activities.at/result?dir=DESC&mode=grid&order=name&limit=15&page=2&search=twingo" "Mozilla/5.0 (Windows NT 10.0; WOW64; Trident/7.0; rv:11.0) like Gecko"
80.120.5.131 - - [07/Feb/2019:09:16:14 +0100] "GET /images/vista-dn.gif HTTP/1.1" 304 - "http://renault.activities.at/result?dir=DESC&mode=grid&order=name&limit=15&page=2&search=twingo" "Mozilla/5.0 (Windows NT 10.0; WOW64; Trident/7.0; rv:11.0) like Gecko"
80.120.5.131 - - [07/Feb/2019:09:16:14 +0100] "GET /images/footer_divider.gif HTTP/1.1" 304 - "http://renault.activities.at/result?dir=DESC&mode=grid&order=name&limit=15&page=2&search=twingo" "Mozilla/5.0 (Windows NT 10.0; WOW64; Trident/7.0; rv:11.0) like Gecko"
80.120.5.131 - - [07/Feb/2019:09:16:14 +0100] "GET /images/title_corner_left_top.jpg HTTP/1.1" 304 - "http://renault.activities.at/result?dir=DESC&mode=grid&order=name&limit=15&page=2&search=twingo" "Mozilla/5.0 (Windows NT 10.0; WOW64; Trident/7.0; rv:11.0) like Gecko"
80.120.5.131 - - [07/Feb/2019:09:16:14 +0100] "GET /images/pager_bg.gif HTTP/1.1" 304 - "http://renault.activities.at/result?dir=DESC&mode=grid&order=name&limit=15&page=2&search=twingo" "Mozilla/5.0 (Windows NT 10.0; WOW64; Trident/7.0; rv:11.0) like Gecko"
80.120.5.131 - - [07/Feb/2019:09:16:14 +0100] "GET /images/title_border_top.jpg HTTP/1.1" 304 - "http://renault.activities.at/result?dir=DESC&mode=grid&order=name&limit=15&page=2&search=twingo" "Mozilla/5.0 (Windows NT 10.0; WOW64; Trident/7.0; rv:11.0) like Gecko"
80.120.5.131 - - [07/Feb/2019:09:16:14 +0100] "GET /images/button_left_bg.gif HTTP/1.1" 304 - "http://renault.activities.at/result?dir=DESC&mode=grid&order=name&limit=15&page=2&search=twingo" "Mozilla/5.0 (Windows NT 10.0; WOW64; Trident/7.0; rv:11.0) like Gecko"
80.120.5.131 - - [07/Feb/2019:09:16:14 +0100] "GET /images/nav_divider.gif HTTP/1.1" 304 - "http://renault.activities.at/result?dir=DESC&mode=grid&order=name&limit=15&page=2&search=twingo" "Mozilla/5.0 (Windows NT 10.0; WOW64; Trident/7.0; rv:11.0) like Gecko"
80.120.5.131 - - [07/Feb/2019:09:16:14 +0100] "GET /images/title_corner_right_top.jpg HTTP/1.1" 304 - "http://renault.activities.at/result?dir=DESC&mode=grid&order=name&limit=15&page=2&search=twingo" "Mozilla/5.0 (Windows NT 10.0; WOW64; Trident/7.0; rv:11.0) like Gecko"
80.120.5.131 - - [07/Feb/2019:09:16:14 +0100] "GET /images/top_links_divider.gif HTTP/1.1" 304 - "http://renault.activities.at/result?dir=DESC&mode=grid&order=name&limit=15&page=2&search=twingo" "Mozilla/5.0 (Windows NT 10.0; WOW64; Trident/7.0; rv:11.0) like Gecko"
80.120.5.131 - - [07/Feb/2019:09:16:14 +0100] "GET /images/sidebar_title_corner_left_top.gif HTTP/1.1" 304 - "http://renault.activities.at/result?dir=DESC&mode=grid&order=name&limit=15&page=2&search=twingo" "Mozilla/5.0 (Windows NT 10.0; WOW64; Trident/7.0; rv:11.0) like Gecko"
80.120.5.131 - - [07/Feb/2019:09:16:14 +0100] "GET /images/vista-up.gif HTTP/1.1" 304 - "http://renault.activities.at/result?dir=DESC&mode=grid&order=name&limit=15&page=2&search=twingo" "Mozilla/5.0 (Windows NT 10.0; WOW64; Trident/7.0; rv:11.0) like Gecko"
80.120.5.131 - - [07/Feb/2019:09:16:14 +0100] "GET /images/button_bg.gif HTTP/1.1" 304 - "http://renault.activities.at/result?dir=DESC&mode=grid&order=name&limit=15&page=2&search=twingo" "Mozilla/5.0 (Windows NT 10.0; WOW64; Trident/7.0; rv:11.0) like Gecko"
80.120.5.131 - - [07/Feb/2019:09:16:14 +0100] "GET /images/menu_divider.gif HTTP/1.1" 304 - "http://renault.activities.at/result?dir=DESC&mode=grid&order=name&limit=15&page=2&search=twingo" "Mozilla/5.0 (Windows NT 10.0; WOW64; Trident/7.0; rv:11.0) like Gecko"
80.120.5.131 - - [07/Feb/2019:09:16:14 +0100] "GET /images/sidebar_title_border_top.gif HTTP/1.1" 304 - "http://renault.activities.at/result?dir=DESC&mode=grid&order=name&limit=15&page=2&search=twingo" "Mozilla/5.0 (Windows NT 10.0; WOW64; Trident/7.0; rv:11.0) like Gecko"
213.153.47.173 - - [07/Feb/2019:09:16:16 +0100] "GET /reload?ser=1549527376459 HTTP/1.1" 200 28 "http://renault.activities.at/login?required=true" "Mozilla/5.0 (Windows NT 10.0; Win64; x64; rv:65.0) Gecko/20100101 Firefox/65.0"
80.120.5.131 - - [07/Feb/2019:09:16:33 +0100] "GET /images/vista-up-hover.gif HTTP/1.1" 304 - "http://renault.activities.at/result?dir=DESC&mode=grid&order=name&limit=15&page=2&search=twingo" "Mozilla/5.0 (Windows NT 10.0; WOW64; Trident/7.0; rv:11.0) like Gecko"
138.21.12.22 - - [07/Feb/2019:09:16:35 +0100] "GET /reload?ser=1549527395809 HTTP/1.1" 200 28 "http://renault.2web.at/result?dir=DESC&mode=grid&order=name&limit=15&page=9&search=kleber" "Mozilla/5.0 (Windows NT 10.0; WOW64; Trident/7.0; Touch; rv:11.0) like Gecko"
80.123.225.36 - - [07/Feb/2019:09:17:13 +0100] "GET /reload?ser=1549527414092 HTTP/1.1" 200 28 "http://renault.activities.at/" "Mozilla/5.0 (compatible; MSIE 10.0; Windows NT 6.1; WOW64; Trident/6.0)"
80.120.5.131 - - [07/Feb/2019:09:17:14 +0100] "GET /reload?ser=1549527434923 HTTP/1.1" 200 2 "http://renault.activities.at/result?dir=DESC&mode=grid&order=name&limit=15&page=2&search=twingo" "Mozilla/5.0 (Windows NT 10.0; WOW64; Trident/7.0; rv:11.0) like Gecko"
213.153.47.173 - - [07/Feb/2019:09:17:17 +0100] "GET /reload?ser=1549527437133 HTTP/1.1" 200 28 "http://renault.activities.at/login?required=true" "Mozilla/5.0 (Windows NT 10.0; Win64; x64; rv:65.0) Gecko/20100101 Firefox/65.0"
138.21.12.22 - - [07/Feb/2019:09:17:36 +0100] "GET /reload?ser=1549527456841 HTTP/1.1" 200 28 "http://renault.2web.at/result?dir=DESC&mode=grid&order=name&limit=15&page=9&search=kleber" "Mozilla/5.0 (Windows NT 10.0; WOW64; Trident/7.0; Touch; rv:11.0) like Gecko"
80.123.225.36 - - [07/Feb/2019:09:18:14 +0100] "GET /reload?ser=1549527474791 HTTP/1.1" 200 28 "http://renault.activities.at/" "Mozilla/5.0 (compatible; MSIE 10.0; Windows NT 6.1; WOW64; Trident/6.0)"
80.120.5.131 - - [07/Feb/2019:09:18:15 +0100] "GET /reload?ser=1549527495853 HTTP/1.1" 200 2 "http://renault.activities.at/result?dir=DESC&mode=grid&order=name&limit=15&page=2&search=twingo" "Mozilla/5.0 (Windows NT 10.0; WOW64; Trident/7.0; rv:11.0) like Gecko"
213.153.47.173 - - [07/Feb/2019:09:18:17 +0100] "GET /reload?ser=1549527497804 HTTP/1.1" 200 28 "http://renault.activities.at/login?required=true" "Mozilla/5.0 (Windows NT 10.0; Win64; x64; rv:65.0) Gecko/20100101 Firefox/65.0"
138.21.12.22 - - [07/Feb/2019:09:18:37 +0100] "GET /reload?ser=1549527517895 HTTP/1.1" 200 28 "http://renault.2web.at/result?dir=DESC&mode=grid&order=name&limit=15&page=9&search=kleber" "Mozilla/5.0 (Windows NT 10.0; WOW64; Trident/7.0; Touch; rv:11.0) like Gecko"
80.123.225.36 - - [07/Feb/2019:09:19:15 +0100] "GET /reload?ser=1549527535474 HTTP/1.1" 200 28 "http://renault.activities.at/" "Mozilla/5.0 (compatible; MSIE 10.0; Windows NT 6.1; WOW64; Trident/6.0)"
80.120.5.131 - - [07/Feb/2019:09:19:16 +0100] "GET /reload?ser=1549527556829 HTTP/1.1" 200 2 "http://renault.activities.at/result?dir=DESC&mode=grid&order=name&limit=15&page=2&search=twingo" "Mozilla/5.0 (Windows NT 10.0; WOW64; Trident/7.0; rv:11.0) like Gecko"
213.153.47.173 - - [07/Feb/2019:09:19:18 +0100] "GET /reload?ser=1549527558473 HTTP/1.1" 200 28 "http://renault.activities.at/login?required=true" "Mozilla/5.0 (Windows NT 10.0; Win64; x64; rv:65.0) Gecko/20100101 Firefox/65.0"
138.21.12.22 - - [07/Feb/2019:09:19:39 +0100] "GET /reload?ser=1549527578980 HTTP/1.1" 200 28 "http://renault.2web.at/result?dir=DESC&mode=grid&order=name&limit=15&page=9&search=kleber" "Mozilla/5.0 (Windows NT 10.0; WOW64; Trident/7.0; Touch; rv:11.0) like Gecko"
80.123.225.36 - - [07/Feb/2019:09:20:15 +0100] "GET /reload?ser=1549527596157 HTTP/1.1" 200 28 "http://renault.activities.at/" "Mozilla/5.0 (compatible; MSIE 10.0; Windows NT 6.1; WOW64; Trident/6.0)"
80.120.5.131 - - [07/Feb/2019:09:20:17 +0100] "GET /reload?ser=1549527617813 HTTP/1.1" 200 2 "http://renault.activities.at/result?dir=DESC&mode=grid&order=name&limit=15&page=2&search=twingo" "Mozilla/5.0 (Windows NT 10.0; WOW64; Trident/7.0; rv:11.0) like Gecko"
213.153.47.173 - - [07/Feb/2019:09:20:19 +0100] "GET /reload?ser=1549527619133 HTTP/1.1" 200 28 "http://renault.activities.at/login?required=true" "Mozilla/5.0 (Windows NT 10.0; Win64; x64; rv:65.0) Gecko/20100101 Firefox/65.0"
138.21.12.22 - - [07/Feb/2019:09:20:40 +0100] "GET /reload?ser=1549527640066 HTTP/1.1" 200 28 "http://renault.2web.at/result?dir=DESC&mode=grid&order=name&limit=15&page=9&search=kleber" "Mozilla/5.0 (Windows NT 10.0; WOW64; Trident/7.0; Touch; rv:11.0) like Gecko"
80.123.225.36 - - [07/Feb/2019:09:21:16 +0100] "GET /reload?ser=1549527656840 HTTP/1.1" 200 28 "http://renault.activities.at/" "Mozilla/5.0 (compatible; MSIE 10.0; Windows NT 6.1; WOW64; Trident/6.0)"
80.120.5.131 - - [07/Feb/2019:09:21:18 +0100] "GET /reload?ser=1549527678774 HTTP/1.1" 200 2 "http://renault.activities.at/result?dir=DESC&mode=grid&order=name&limit=15&page=2&search=twingo" "Mozilla/5.0 (Windows NT 10.0; WOW64; Trident/7.0; rv:11.0) like Gecko"
213.153.47.173 - - [07/Feb/2019:09:21:19 +0100] "GET /reload?ser=1549527679793 HTTP/1.1" 200 28 "http://renault.activities.at/login?required=true" "Mozilla/5.0 (Windows NT 10.0; Win64; x64; rv:65.0) Gecko/20100101 Firefox/65.0"
62.216.205.174 - - [07/Feb/2019:09:21:22 +0100] "GET / HTTP/1.1" 200 3604 "https://www.bing.com/" "Mozilla/5.0 (Windows NT 6.1; Win64; x64; rv:65.0) Gecko/20100101 Firefox/65.0"
62.216.205.174 - - [07/Feb/2019:09:21:23 +0100] "GET /js/flashdetection.js HTTP/1.1" 200 1059 "http://renault.activities.at/" "Mozilla/5.0 (Windows NT 6.1; Win64; x64; rv:65.0) Gecko/20100101 Firefox/65.0"
62.216.205.174 - - [07/Feb/2019:09:21:23 +0100] "GET /css/reset.css HTTP/1.1" 200 1356 "http://renault.activities.at/" "Mozilla/5.0 (Windows NT 6.1; Win64; x64; rv:65.0) Gecko/20100101 Firefox/65.0"
62.216.205.174 - - [07/Feb/2019:09:21:23 +0100] "GET /css/clears.css HTTP/1.1" 200 851 "http://renault.activities.at/" "Mozilla/5.0 (Windows NT 6.1; Win64; x64; rv:65.0) Gecko/20100101 Firefox/65.0"
62.216.205.174 - - [07/Feb/2019:09:21:23 +0100] "GET /css/styles.css HTTP/1.1" 200 14664 "http://renault.activities.at/" "Mozilla/5.0 (Windows NT 6.1; Win64; x64; rv:65.0) Gecko/20100101 Firefox/65.0"
62.216.205.174 - - [07/Feb/2019:09:21:23 +0100] "GET /js/default.js HTTP/1.1" 200 14698 "http://renault.activities.at/" "Mozilla/5.0 (Windows NT 6.1; Win64; x64; rv:65.0) Gecko/20100101 Firefox/65.0"
62.216.205.174 - - [07/Feb/2019:09:21:23 +0100] "GET /css/print.css HTTP/1.1" 200 543 "http://renault.activities.at/" "Mozilla/5.0 (Windows NT 6.1; Win64; x64; rv:65.0) Gecko/20100101 Firefox/65.0"
62.216.205.174 - - [07/Feb/2019:09:21:23 +0100] "GET /js/checkout.css HTTP/1.1" 200 359 "http://renault.activities.at/" "Mozilla/5.0 (Windows NT 6.1; Win64; x64; rv:65.0) Gecko/20100101 Firefox/65.0"
62.216.205.174 - - [07/Feb/2019:09:21:23 +0100] "GET /css/prototip.css HTTP/1.1" 200 968 "http://renault.activities.at/" "Mozilla/5.0 (Windows NT 6.1; Win64; x64; rv:65.0) Gecko/20100101 Firefox/65.0"
62.216.205.174 - - [07/Feb/2019:09:21:23 +0100] "GET /css/themes/default.css HTTP/1.1" 200 769 "http://renault.activities.at/" "Mozilla/5.0 (Windows NT 6.1; Win64; x64; rv:65.0) Gecko/20100101 Firefox/65.0"
62.216.205.174 - - [07/Feb/2019:09:21:23 +0100] "GET /css/themes/alphacube.css HTTP/1.1" 200 743 "http://renault.activities.at/" "Mozilla/5.0 (Windows NT 6.1; Win64; x64; rv:65.0) Gecko/20100101 Firefox/65.0"
62.216.205.174 - - [07/Feb/2019:09:21:23 +0100] "GET /js/index.php?c=auto&f=,prototype/prototype.js,prototype/validation.js,scriptaculous/builder.js,scriptaculous/effects.js,scriptaculous/dragdrop.js,scriptaculous/controls.js,scriptaculous/slider.js,varien/js.js,varien/form.js,varien/menu.js,mage/translate.js,mage/cookies.js,varien/product.js,spinner/SpinnerControl.jsmin.js,prototype/window.js,prototype/window_ext.js HTTP/1.1" 200 94182 "http://renault.activities.at/" "Mozilla/5.0 (Windows NT 6.1; Win64; x64; rv:65.0) Gecko/20100101 Firefox/65.0"
62.216.205.174 - - [07/Feb/2019:09:21:24 +0100] "GET /images/main_block_border.gif HTTP/1.1" 200 43 "http://renault.activities.at/css/styles.css" "Mozilla/5.0 (Windows NT 6.1; Win64; x64; rv:65.0) Gecko/20100101 Firefox/65.0"
62.216.205.174 - - [07/Feb/2019:09:21:24 +0100] "GET /images/main_block_corner_left_bot.gif HTTP/1.1" 200 159 "http://renault.activities.at/css/styles.css" "Mozilla/5.0 (Windows NT 6.1; Win64; x64; rv:65.0) Gecko/20100101 Firefox/65.0"
62.216.205.174 - - [07/Feb/2019:09:21:24 +0100] "GET /images/main_block_corner_right_bot.gif HTTP/1.1" 200 158 "http://renault.activities.at/css/styles.css" "Mozilla/5.0 (Windows NT 6.1; Win64; x64; rv:65.0) Gecko/20100101 Firefox/65.0"
62.216.205.174 - - [07/Feb/2019:09:21:24 +0100] "GET /images/header_block_border.gif HTTP/1.1" 200 43 "http://renault.activities.at/css/styles.css" "Mozilla/5.0 (Windows NT 6.1; Win64; x64; rv:65.0) Gecko/20100101 Firefox/65.0"
62.216.205.174 - - [07/Feb/2019:09:21:24 +0100] "GET /images/header_block_corner_left_top.gif HTTP/1.1" 200 160 "http://renault.activities.at/css/styles.css" "Mozilla/5.0 (Windows NT 6.1; Win64; x64; rv:65.0) Gecko/20100101 Firefox/65.0"
62.216.205.174 - - [07/Feb/2019:09:21:24 +0100] "GET /images/favicon.ico HTTP/1.1" 404 305 "-" "Mozilla/5.0 (Windows NT 6.1; Win64; x64; rv:65.0) Gecko/20100101 Firefox/65.0"
62.216.205.174 - - [07/Feb/2019:09:21:24 +0100] "GET /images/header_block_corner_right_top.gif HTTP/1.1" 200 160 "http://renault.activities.at/css/styles.css" "Mozilla/5.0 (Windows NT 6.1; Win64; x64; rv:65.0) Gecko/20100101 Firefox/65.0"
62.216.205.174 - - [07/Feb/2019:09:21:24 +0100] "GET /images/main_block_corner_left_top.gif HTTP/1.1" 200 159 "http://renault.activities.at/css/styles.css" "Mozilla/5.0 (Windows NT 6.1; Win64; x64; rv:65.0) Gecko/20100101 Firefox/65.0"
62.216.205.174 - - [07/Feb/2019:09:21:24 +0100] "GET /images/main_block_corner_right_top.gif HTTP/1.1" 200 159 "http://renault.activities.at/css/styles.css" "Mozilla/5.0 (Windows NT 6.1; Win64; x64; rv:65.0) Gecko/20100101 Firefox/65.0"
62.216.205.174 - - [07/Feb/2019:09:21:24 +0100] "GET /images/title_border.jpg HTTP/1.1" 200 304 "http://renault.activities.at/css/styles.css" "Mozilla/5.0 (Windows NT 6.1; Win64; x64; rv:65.0) Gecko/20100101 Firefox/65.0"
62.216.205.174 - - [07/Feb/2019:09:21:24 +0100] "GET /images/title_border_top.jpg HTTP/1.1" 200 336 "http://renault.activities.at/css/styles.css" "Mozilla/5.0 (Windows NT 6.1; Win64; x64; rv:65.0) Gecko/20100101 Firefox/65.0"
62.216.205.174 - - [07/Feb/2019:09:21:24 +0100] "GET /images/title_corner_left_top.jpg HTTP/1.1" 200 372 "http://renault.activities.at/css/styles.css" "Mozilla/5.0 (Windows NT 6.1; Win64; x64; rv:65.0) Gecko/20100101 Firefox/65.0"
62.216.205.174 - - [07/Feb/2019:09:21:24 +0100] "GET /images/title_corner_right_top.jpg HTTP/1.1" 200 389 "http://renault.activities.at/css/styles.css" "Mozilla/5.0 (Windows NT 6.1; Win64; x64; rv:65.0) Gecko/20100101 Firefox/65.0"
62.216.205.174 - - [07/Feb/2019:09:21:24 +0100] "GET /loadthumbnail.php?id=11127982 HTTP/1.1" 200 399614 "http://renault.activities.at/" "Mozilla/5.0 (Windows NT 6.1; Win64; x64; rv:65.0) Gecko/20100101 Firefox/65.0"
138.21.12.22 - - [07/Feb/2019:09:21:41 +0100] "GET /reload?ser=1549527701092 HTTP/1.1" 200 28 "http://renault.2web.at/result?dir=DESC&mode=grid&order=name&limit=15&page=9&search=kleber" "Mozilla/5.0 (Windows NT 10.0; WOW64; Trident/7.0; Touch; rv:11.0) like Gecko"
80.123.225.36 - - [07/Feb/2019:09:22:17 +0100] "GET /reload?ser=1549527717539 HTTP/1.1" 200 28 "http://renault.activities.at/" "Mozilla/5.0 (compatible; MSIE 10.0; Windows NT 6.1; WOW64; Trident/6.0)"
80.120.5.131 - - [07/Feb/2019:09:22:19 +0100] "GET /reload?ser=1549527739754 HTTP/1.1" 200 2 "http://renault.activities.at/result?dir=DESC&mode=grid&order=name&limit=15&page=2&search=twingo" "Mozilla/5.0 (Windows NT 10.0; WOW64; Trident/7.0; rv:11.0) like Gecko"
213.153.47.173 - - [07/Feb/2019:09:22:20 +0100] "GET /reload?ser=1549527740453 HTTP/1.1" 200 28 "http://renault.activities.at/login?required=true" "Mozilla/5.0 (Windows NT 10.0; Win64; x64; rv:65.0) Gecko/20100101 Firefox/65.0"
138.21.12.22 - - [07/Feb/2019:09:22:42 +0100] "GET /reload?ser=1549527762159 HTTP/1.1" 200 28 "http://renault.2web.at/result?dir=DESC&mode=grid&order=name&limit=15&page=9&search=kleber" "Mozilla/5.0 (Windows NT 10.0; WOW64; Trident/7.0; Touch; rv:11.0) like Gecko"
80.123.225.36 - - [07/Feb/2019:09:23:17 +0100] "GET /reload?ser=1549527778222 HTTP/1.1" 200 28 "http://renault.activities.at/" "Mozilla/5.0 (compatible; MSIE 10.0; Windows NT 6.1; WOW64; Trident/6.0)"
80.120.5.131 - - [07/Feb/2019:09:23:20 +0100] "GET /reload?ser=1549527800771 HTTP/1.1" 200 2 "http://renault.activities.at/result?dir=DESC&mode=grid&order=name&limit=15&page=2&search=twingo" "Mozilla/5.0 (Windows NT 10.0; WOW64; Trident/7.0; rv:11.0) like Gecko"
213.153.47.173 - - [07/Feb/2019:09:23:21 +0100] "GET /reload?ser=1549527801123 HTTP/1.1" 200 28 "http://renault.activities.at/login?required=true" "Mozilla/5.0 (Windows NT 10.0; Win64; x64; rv:65.0) Gecko/20100101 Firefox/65.0"
138.21.12.22 - - [07/Feb/2019:09:23:43 +0100] "GET /reload?ser=1549527823198 HTTP/1.1" 200 28 "http://renault.2web.at/result?dir=DESC&mode=grid&order=name&limit=15&page=9&search=kleber" "Mozilla/5.0 (Windows NT 10.0; WOW64; Trident/7.0; Touch; rv:11.0) like Gecko"
80.123.225.36 - - [07/Feb/2019:09:24:18 +0100] "GET /reload?ser=1549527838918 HTTP/1.1" 200 28 "http://renault.activities.at/" "Mozilla/5.0 (compatible; MSIE 10.0; Windows NT 6.1; WOW64; Trident/6.0)"
213.153.47.173 - - [07/Feb/2019:09:24:21 +0100] "GET /reload?ser=1549527861784 HTTP/1.1" 200 28 "http://renault.activities.at/login?required=true" "Mozilla/5.0 (Windows NT 10.0; Win64; x64; rv:65.0) Gecko/20100101 Firefox/65.0"
80.120.5.131 - - [07/Feb/2019:09:24:21 +0100] "GET /reload?ser=1549527861757 HTTP/1.1" 200 2 "http://renault.activities.at/result?dir=DESC&mode=grid&order=name&limit=15&page=2&search=twingo" "Mozilla/5.0 (Windows NT 10.0; WOW64; Trident/7.0; rv:11.0) like Gecko"
80.120.5.131 - - [07/Feb/2019:09:24:38 +0100] "GET /result?searchterm=true&search=kangoo HTTP/1.1" 200 78374 "http://renault.activities.at/result?dir=DESC&mode=grid&order=name&limit=15&page=2&search=twingo" "Mozilla/5.0 (Windows NT 10.0; WOW64; Trident/7.0; rv:11.0) like Gecko"
80.120.5.131 - - [07/Feb/2019:09:24:41 +0100] "GET /js/default.js HTTP/1.1" 304 - "http://renault.activities.at/result?searchterm=true&search=kangoo" "Mozilla/5.0 (Windows NT 10.0; WOW64; Trident/7.0; rv:11.0) like Gecko"
80.120.5.131 - - [07/Feb/2019:09:24:41 +0100] "GET /js/prototip.js HTTP/1.1" 304 - "http://renault.activities.at/result?searchterm=true&search=kangoo" "Mozilla/5.0 (Windows NT 10.0; WOW64; Trident/7.0; rv:11.0) like Gecko"
80.120.5.131 - - [07/Feb/2019:09:24:41 +0100] "GET /css/reset.css HTTP/1.1" 304 - "http://renault.activities.at/result?searchterm=true&search=kangoo" "Mozilla/5.0 (Windows NT 10.0; WOW64; Trident/7.0; rv:11.0) like Gecko"
80.120.5.131 - - [07/Feb/2019:09:24:41 +0100] "GET /css/styles.css HTTP/1.1" 304 - "http://renault.activities.at/result?searchterm=true&search=kangoo" "Mozilla/5.0 (Windows NT 10.0; WOW64; Trident/7.0; rv:11.0) like Gecko"
80.120.5.131 - - [07/Feb/2019:09:24:41 +0100] "GET /css/clears.css HTTP/1.1" 304 - "http://renault.activities.at/result?searchterm=true&search=kangoo" "Mozilla/5.0 (Windows NT 10.0; WOW64; Trident/7.0; rv:11.0) like Gecko"
80.120.5.131 - - [07/Feb/2019:09:24:41 +0100] "GET /css/print.css HTTP/1.1" 304 - "http://renault.activities.at/result?searchterm=true&search=kangoo" "Mozilla/5.0 (Windows NT 10.0; WOW64; Trident/7.0; rv:11.0) like Gecko"
80.120.5.131 - - [07/Feb/2019:09:24:41 +0100] "GET /images/loading.gif HTTP/1.1" 304 - "http://renault.activities.at/result?searchterm=true&search=kangoo" "Mozilla/5.0 (Windows NT 10.0; WOW64; Trident/7.0; rv:11.0) like Gecko"
80.120.5.131 - - [07/Feb/2019:09:24:41 +0100] "GET /css/themes/default.css HTTP/1.1" 304 - "http://renault.activities.at/result?searchterm=true&search=kangoo" "Mozilla/5.0 (Windows NT 10.0; WOW64; Trident/7.0; rv:11.0) like Gecko"
80.120.5.131 - - [07/Feb/2019:09:24:41 +0100] "GET /js/checkout.css HTTP/1.1" 304 - "http://renault.activities.at/result?searchterm=true&search=kangoo" "Mozilla/5.0 (Windows NT 10.0; WOW64; Trident/7.0; rv:11.0) like Gecko"
80.120.5.131 - - [07/Feb/2019:09:24:41 +0100] "GET /css/prototip.css HTTP/1.1" 304 - "http://renault.activities.at/result?searchterm=true&search=kangoo" "Mozilla/5.0 (Windows NT 10.0; WOW64; Trident/7.0; rv:11.0) like Gecko"
80.120.5.131 - - [07/Feb/2019:09:24:41 +0100] "GET /css/themes/alphacube.css HTTP/1.1" 304 - "http://renault.activities.at/result?searchterm=true&search=kangoo" "Mozilla/5.0 (Windows NT 10.0; WOW64; Trident/7.0; rv:11.0) like Gecko"
80.120.5.131 - - [07/Feb/2019:09:24:41 +0100] "GET /js/ProduktGrp.js HTTP/1.1" 304 - "http://renault.activities.at/result?searchterm=true&search=kangoo" "Mozilla/5.0 (Windows NT 10.0; WOW64; Trident/7.0; rv:11.0) like Gecko"
80.120.5.131 - - [07/Feb/2019:09:24:41 +0100] "GET /images/main_block_corner_right_bot.gif HTTP/1.1" 304 - "http://renault.activities.at/result?searchterm=true&search=kangoo" "Mozilla/5.0 (Windows NT 10.0; WOW64; Trident/7.0; rv:11.0) like Gecko"
80.120.5.131 - - [07/Feb/2019:09:24:41 +0100] "GET /images/header_block_corner_left_top.gif HTTP/1.1" 304 - "http://renault.activities.at/result?searchterm=true&search=kangoo" "Mozilla/5.0 (Windows NT 10.0; WOW64; Trident/7.0; rv:11.0) like Gecko"
80.120.5.131 - - [07/Feb/2019:09:24:41 +0100] "GET /images/search_bg.gif HTTP/1.1" 304 - "http://renault.activities.at/result?searchterm=true&search=kangoo" "Mozilla/5.0 (Windows NT 10.0; WOW64; Trident/7.0; rv:11.0) like Gecko"
80.120.5.131 - - [07/Feb/2019:09:24:41 +0100] "GET /images/header_block_corner_right_top.gif HTTP/1.1" 304 - "http://renault.activities.at/result?searchterm=true&search=kangoo" "Mozilla/5.0 (Windows NT 10.0; WOW64; Trident/7.0; rv:11.0) like Gecko"
80.120.5.131 - - [07/Feb/2019:09:24:41 +0100] "GET /images/main_block_corner_left_top.gif HTTP/1.1" 304 - "http://renault.activities.at/result?searchterm=true&search=kangoo" "Mozilla/5.0 (Windows NT 10.0; WOW64; Trident/7.0; rv:11.0) like Gecko"
80.120.5.131 - - [07/Feb/2019:09:24:41 +0100] "GET /images/main_block_corner_right_top.gif HTTP/1.1" 304 - "http://renault.activities.at/result?searchterm=true&search=kangoo" "Mozilla/5.0 (Windows NT 10.0; WOW64; Trident/7.0; rv:11.0) like Gecko"
80.120.5.131 - - [07/Feb/2019:09:24:41 +0100] "GET /images/header_block_border.gif HTTP/1.1" 304 - "http://renault.activities.at/result?searchterm=true&search=kangoo" "Mozilla/5.0 (Windows NT 10.0; WOW64; Trident/7.0; rv:11.0) like Gecko"
80.120.5.131 - - [07/Feb/2019:09:24:41 +0100] "GET /images/main_block_border.gif HTTP/1.1" 304 - "http://renault.activities.at/result?searchterm=true&search=kangoo" "Mozilla/5.0 (Windows NT 10.0; WOW64; Trident/7.0; rv:11.0) like Gecko"
80.120.5.131 - - [07/Feb/2019:09:24:41 +0100] "GET /images/main_block_corner_left_bot.gif HTTP/1.1" 304 - "http://renault.activities.at/result?searchterm=true&search=kangoo" "Mozilla/5.0 (Windows NT 10.0; WOW64; Trident/7.0; rv:11.0) like Gecko"
80.120.5.131 - - [07/Feb/2019:09:24:41 +0100] "GET /images/button_left_bg.gif HTTP/1.1" 304 - "http://renault.activities.at/result?searchterm=true&search=kangoo" "Mozilla/5.0 (Windows NT 10.0; WOW64; Trident/7.0; rv:11.0) like Gecko"
80.120.5.131 - - [07/Feb/2019:09:24:41 +0100] "GET /images/title_border_top.jpg HTTP/1.1" 304 - "http://renault.activities.at/result?searchterm=true&search=kangoo" "Mozilla/5.0 (Windows NT 10.0; WOW64; Trident/7.0; rv:11.0) like Gecko"
80.120.5.131 - - [07/Feb/2019:09:24:41 +0100] "GET /images/vista-up.gif HTTP/1.1" 304 - "http://renault.activities.at/result?searchterm=true&search=kangoo" "Mozilla/5.0 (Windows NT 10.0; WOW64; Trident/7.0; rv:11.0) like Gecko"
80.120.5.131 - - [07/Feb/2019:09:24:41 +0100] "GET /images/menu_divider.gif HTTP/1.1" 304 - "http://renault.activities.at/result?searchterm=true&search=kangoo" "Mozilla/5.0 (Windows NT 10.0; WOW64; Trident/7.0; rv:11.0) like Gecko"
80.120.5.131 - - [07/Feb/2019:09:24:41 +0100] "GET /images/sidebar_title_corner_left_top.gif HTTP/1.1" 304 - "http://renault.activities.at/result?searchterm=true&search=kangoo" "Mozilla/5.0 (Windows NT 10.0; WOW64; Trident/7.0; rv:11.0) like Gecko"
80.120.5.131 - - [07/Feb/2019:09:24:41 +0100] "GET /images/button_bg.gif HTTP/1.1" 304 - "http://renault.activities.at/result?searchterm=true&search=kangoo" "Mozilla/5.0 (Windows NT 10.0; WOW64; Trident/7.0; rv:11.0) like Gecko"
80.120.5.131 - - [07/Feb/2019:09:24:41 +0100] "GET /images/sidebar_title_border.gif HTTP/1.1" 304 - "http://renault.activities.at/result?searchterm=true&search=kangoo" "Mozilla/5.0 (Windows NT 10.0; WOW64; Trident/7.0; rv:11.0) like Gecko"
80.120.5.131 - - [07/Feb/2019:09:24:41 +0100] "GET /images/title_border.jpg HTTP/1.1" 304 - "http://renault.activities.at/result?searchterm=true&search=kangoo" "Mozilla/5.0 (Windows NT 10.0; WOW64; Trident/7.0; rv:11.0) like Gecko"
80.120.5.131 - - [07/Feb/2019:09:24:41 +0100] "GET /images/top_links_divider.gif HTTP/1.1" 304 - "http://renault.activities.at/result?searchterm=true&search=kangoo" "Mozilla/5.0 (Windows NT 10.0; WOW64; Trident/7.0; rv:11.0) like Gecko"
80.120.5.131 - - [07/Feb/2019:09:24:41 +0100] "GET /images/pager_bg.gif HTTP/1.1" 304 - "http://renault.activities.at/result?searchterm=true&search=kangoo" "Mozilla/5.0 (Windows NT 10.0; WOW64; Trident/7.0; rv:11.0) like Gecko"
80.120.5.131 - - [07/Feb/2019:09:24:41 +0100] "GET /images/nav_divider.gif HTTP/1.1" 304 - "http://renault.activities.at/result?searchterm=true&search=kangoo" "Mozilla/5.0 (Windows NT 10.0; WOW64; Trident/7.0; rv:11.0) like Gecko"
80.120.5.131 - - [07/Feb/2019:09:24:41 +0100] "GET /images/sidebar_title_border_top.gif HTTP/1.1" 304 - "http://renault.activities.at/result?searchterm=true&search=kangoo" "Mozilla/5.0 (Windows NT 10.0; WOW64; Trident/7.0; rv:11.0) like Gecko"
80.120.5.131 - - [07/Feb/2019:09:24:41 +0100] "GET /images/vista-dn.gif HTTP/1.1" 304 - "http://renault.activities.at/result?searchterm=true&search=kangoo" "Mozilla/5.0 (Windows NT 10.0; WOW64; Trident/7.0; rv:11.0) like Gecko"
80.120.5.131 - - [07/Feb/2019:09:24:41 +0100] "GET /images/title_corner_right_top.jpg HTTP/1.1" 304 - "http://renault.activities.at/result?searchterm=true&search=kangoo" "Mozilla/5.0 (Windows NT 10.0; WOW64; Trident/7.0; rv:11.0) like Gecko"
80.120.5.131 - - [07/Feb/2019:09:24:41 +0100] "GET /images/footer_divider.gif HTTP/1.1" 304 - "http://renault.activities.at/result?searchterm=true&search=kangoo" "Mozilla/5.0 (Windows NT 10.0; WOW64; Trident/7.0; rv:11.0) like Gecko"
80.120.5.131 - - [07/Feb/2019:09:24:41 +0100] "GET /images/menu_button_bg.jpg HTTP/1.1" 304 - "http://renault.activities.at/result?searchterm=true&search=kangoo" "Mozilla/5.0 (Windows NT 10.0; WOW64; Trident/7.0; rv:11.0) like Gecko"
80.120.5.131 - - [07/Feb/2019:09:24:41 +0100] "GET /loadthumbnail.php?id=11194717&width=113 HTTP/1.1" 200 1432 "http://renault.activities.at/result?searchterm=true&search=kangoo" "Mozilla/5.0 (Windows NT 10.0; WOW64; Trident/7.0; rv:11.0) like Gecko"
80.120.5.131 - - [07/Feb/2019:09:24:41 +0100] "GET /images/button_right_bg.gif HTTP/1.1" 304 - "http://renault.activities.at/result?searchterm=true&search=kangoo" "Mozilla/5.0 (Windows NT 10.0; WOW64; Trident/7.0; rv:11.0) like Gecko"
80.120.5.131 - - [07/Feb/2019:09:24:41 +0100] "GET /loadthumbnail.php?id=11186457&width=113 HTTP/1.1" 200 1432 "http://renault.activities.at/result?searchterm=true&search=kangoo" "Mozilla/5.0 (Windows NT 10.0; WOW64; Trident/7.0; rv:11.0) like Gecko"
80.120.5.131 - - [07/Feb/2019:09:24:41 +0100] "GET /images/title_corner_left_top.jpg HTTP/1.1" 304 - "http://renault.activities.at/result?searchterm=true&search=kangoo" "Mozilla/5.0 (Windows NT 10.0; WOW64; Trident/7.0; rv:11.0) like Gecko"
80.120.5.131 - - [07/Feb/2019:09:24:41 +0100] "GET /loadthumbnail.php?id=11186479&width=113 HTTP/1.1" 200 1243 "http://renault.activities.at/result?searchterm=true&search=kangoo" "Mozilla/5.0 (Windows NT 10.0; WOW64; Trident/7.0; rv:11.0) like Gecko"
80.120.5.131 - - [07/Feb/2019:09:24:41 +0100] "GET /loadthumbnail.php?id=11186475&width=113 HTTP/1.1" 200 1243 "http://renault.activities.at/result?searchterm=true&search=kangoo" "Mozilla/5.0 (Windows NT 10.0; WOW64; Trident/7.0; rv:11.0) like Gecko"
80.120.5.131 - - [07/Feb/2019:09:24:41 +0100] "GET /images/validation_advice_bg.gif HTTP/1.1" 304 - "http://renault.activities.at/result?searchterm=true&search=kangoo" "Mozilla/5.0 (Windows NT 10.0; WOW64; Trident/7.0; rv:11.0) like Gecko"
