138.21.12.22 - - [14/Feb/2019:10:32:47 +0100] "GET /reload?ser=1550136767390 HTTP/1.1" 200 28 "http://renault.2web.at/result?searchterm=true&search=board" "Mozilla/5.0 (Windows NT 10.0; WOW64; Trident/7.0; Touch; rv:11.0) like Gecko"
157.97.68.62 - - [14/Feb/2019:10:33:42 +0100] "GET /reload?ser=1550136825822 HTTP/1.1" 200 28 "http://renault.activities.at/result?dir=DESC&mode=grid&order=name&limit=50&search=scenic" "Mozilla/5.0 (Windows NT 6.1; Win64; x64; rv:65.0) Gecko/20100101 Firefox/65.0"
213.153.47.173 - - [14/Feb/2019:10:33:46 +0100] "GET /reload?ser=1550136826861 HTTP/1.1" 200 28 "http://renault.activities.at/login?required=true" "Mozilla/5.0 (Windows NT 10.0; Win64; x64; rv:65.0) Gecko/20100101 Firefox/65.0"
138.21.12.22 - - [14/Feb/2019:10:33:48 +0100] "GET /reload?ser=1550136828465 HTTP/1.1" 200 28 "http://renault.2web.at/result?searchterm=true&search=board" "Mozilla/5.0 (Windows NT 10.0; WOW64; Trident/7.0; Touch; rv:11.0) like Gecko"
157.55.39.160 - - [14/Feb/2019:10:34:09 +0100] "GET /css/clears.css HTTP/1.1" 200 851 "-" "Mozilla/5.0 (iPhone; CPU iPhone OS 7_0 like Mac OS X) AppleWebKit/537.51.1 (KHTML, like Gecko) Version/7.0 Mobile/11A465 Safari/9537.53 (compatible; bingbot/2.0; +http://www.bing.com/bingbot.htm)"
157.55.39.160 - - [14/Feb/2019:10:34:09 +0100] "GET /css/themes/alphacube.css HTTP/1.1" 200 743 "-" "Mozilla/5.0 (iPhone; CPU iPhone OS 7_0 like Mac OS X) AppleWebKit/537.51.1 (KHTML, like Gecko) Version/7.0 Mobile/11A465 Safari/9537.53 (compatible; bingbot/2.0; +http://www.bing.com/bingbot.htm)"
213.147.178.116 - - [14/Feb/2019:10:34:24 +0100] "GET / HTTP/1.1" 200 3604 "-" "Mozilla/5.0 (iPhone; CPU iPhone OS 12_0_1 like Mac OS X) AppleWebKit/605.1.15 (KHTML, like Gecko) Version/12.0 Mobile/15E148 Safari/604.1"
213.147.178.116 - - [14/Feb/2019:10:34:25 +0100] "GET /apple-touch-icon-120x120-precomposed.png HTTP/1.1" 200 1559 "-" "MobileSafari/604.1 CFNetwork/974.2.1 Darwin/18.0.0"
213.147.178.116 - - [14/Feb/2019:10:34:26 +0100] "GET /apple-touch-icon-120x120.png HTTP/1.1" 200 1559 "-" "MobileSafari/604.1 CFNetwork/974.2.1 Darwin/18.0.0"
213.147.178.116 - - [14/Feb/2019:10:34:27 +0100] "GET /apple-touch-icon-precomposed.png HTTP/1.1" 200 1559 "-" "MobileSafari/604.1 CFNetwork/974.2.1 Darwin/18.0.0"
213.147.178.116 - - [14/Feb/2019:10:34:28 +0100] "GET /apple-touch-icon.png HTTP/1.1" 200 1559 "-" "MobileSafari/604.1 CFNetwork/974.2.1 Darwin/18.0.0"
213.147.178.116 - - [14/Feb/2019:10:34:29 +0100] "GET /images/favicon.ico HTTP/1.1" 404 305 "-" "MobileSafari/604.1 CFNetwork/974.2.1 Darwin/18.0.0"
213.147.178.116 - - [14/Feb/2019:10:34:30 +0100] "GET /images/favicon.ico HTTP/1.1" 404 305 "-" "MobileSafari/604.1 CFNetwork/974.2.1 Darwin/18.0.0"
213.147.178.116 - - [14/Feb/2019:10:34:30 +0100] "GET /favicon.ico HTTP/1.1" 200 3250 "-" "MobileSafari/604.1 CFNetwork/974.2.1 Darwin/18.0.0"
213.147.178.116 - - [14/Feb/2019:10:34:30 +0100] "GET /apple-touch-icon-120x120-precomposed.png HTTP/1.1" 200 1559 "-" "MobileSafari/604.1 CFNetwork/974.2.1 Darwin/18.0.0"
213.147.178.116 - - [14/Feb/2019:10:34:31 +0100] "GET /apple-touch-icon-120x120.png HTTP/1.1" 200 1559 "-" "MobileSafari/604.1 CFNetwork/974.2.1 Darwin/18.0.0"
213.147.178.116 - - [14/Feb/2019:10:34:32 +0100] "GET /apple-touch-icon-precomposed.png HTTP/1.1" 200 1559 "-" "MobileSafari/604.1 CFNetwork/974.2.1 Darwin/18.0.0"
213.147.178.116 - - [14/Feb/2019:10:34:33 +0100] "GET /apple-touch-icon.png HTTP/1.1" 200 1559 "-" "MobileSafari/604.1 CFNetwork/974.2.1 Darwin/18.0.0"
213.147.178.116 - - [14/Feb/2019:10:34:34 +0100] "GET /images/favicon.ico HTTP/1.1" 404 305 "-" "MobileSafari/604.1 CFNetwork/974.2.1 Darwin/18.0.0"
213.147.178.116 - - [14/Feb/2019:10:34:34 +0100] "GET /images/favicon.ico HTTP/1.1" 404 305 "-" "MobileSafari/604.1 CFNetwork/974.2.1 Darwin/18.0.0"
213.147.178.116 - - [14/Feb/2019:10:34:34 +0100] "GET /favicon.ico HTTP/1.1" 200 3250 "-" "MobileSafari/604.1 CFNetwork/974.2.1 Darwin/18.0.0"
157.97.68.62 - - [14/Feb/2019:10:34:43 +0100] "GET /reload?ser=1550136886866 HTTP/1.1" 200 28 "http://renault.activities.at/result?dir=DESC&mode=grid&order=name&limit=50&search=scenic" "Mozilla/5.0 (Windows NT 6.1; Win64; x64; rv:65.0) Gecko/20100101 Firefox/65.0"
213.153.47.173 - - [14/Feb/2019:10:34:47 +0100] "GET /reload?ser=1550136887531 HTTP/1.1" 200 28 "http://renault.activities.at/login?required=true" "Mozilla/5.0 (Windows NT 10.0; Win64; x64; rv:65.0) Gecko/20100101 Firefox/65.0"
138.21.12.22 - - [14/Feb/2019:10:34:49 +0100] "GET /reload?ser=1550136889531 HTTP/1.1" 200 28 "http://renault.2web.at/result?searchterm=true&search=board" "Mozilla/5.0 (Windows NT 10.0; WOW64; Trident/7.0; Touch; rv:11.0) like Gecko"
157.97.68.62 - - [14/Feb/2019:10:35:44 +0100] "GET /reload?ser=1550136947893 HTTP/1.1" 200 28 "http://renault.activities.at/result?dir=DESC&mode=grid&order=name&limit=50&search=scenic" "Mozilla/5.0 (Windows NT 6.1; Win64; x64; rv:65.0) Gecko/20100101 Firefox/65.0"
213.153.47.173 - - [14/Feb/2019:10:35:48 +0100] "GET /reload?ser=1550136948171 HTTP/1.1" 200 28 "http://renault.activities.at/login?required=true" "Mozilla/5.0 (Windows NT 10.0; Win64; x64; rv:65.0) Gecko/20100101 Firefox/65.0"
138.21.12.22 - - [14/Feb/2019:10:35:50 +0100] "GET /reload?ser=1550136950608 HTTP/1.1" 200 28 "http://renault.2web.at/result?searchterm=true&search=board" "Mozilla/5.0 (Windows NT 10.0; WOW64; Trident/7.0; Touch; rv:11.0) like Gecko"
157.97.68.62 - - [14/Feb/2019:10:36:45 +0100] "GET /reload?ser=1550137008905 HTTP/1.1" 200 28 "http://renault.activities.at/result?dir=DESC&mode=grid&order=name&limit=50&search=scenic" "Mozilla/5.0 (Windows NT 6.1; Win64; x64; rv:65.0) Gecko/20100101 Firefox/65.0"
213.153.47.173 - - [14/Feb/2019:10:36:48 +0100] "GET /reload?ser=1550137008831 HTTP/1.1" 200 28 "http://renault.activities.at/login?required=true" "Mozilla/5.0 (Windows NT 10.0; Win64; x64; rv:65.0) Gecko/20100101 Firefox/65.0"
138.21.12.22 - - [14/Feb/2019:10:36:51 +0100] "GET /reload?ser=1550137011612 HTTP/1.1" 200 28 "http://renault.2web.at/result?searchterm=true&search=board" "Mozilla/5.0 (Windows NT 10.0; WOW64; Trident/7.0; Touch; rv:11.0) like Gecko"
157.97.68.62 - - [14/Feb/2019:10:37:20 +0100] "GET /cart HTTP/1.1" 200 5134 "http://renault.activities.at/result?dir=DESC&mode=grid&order=name&limit=50&search=scenic" "Mozilla/5.0 (Windows NT 6.1; Win64; x64; rv:65.0) Gecko/20100101 Firefox/65.0"
157.97.68.62 - - [14/Feb/2019:10:37:23 +0100] "GET /loadthumbnail.php?id=11819632&width=100 HTTP/1.1" 200 3041 "http://renault.activities.at/cart" "Mozilla/5.0 (Windows NT 6.1; Win64; x64; rv:65.0) Gecko/20100101 Firefox/65.0"
157.97.68.62 - - [14/Feb/2019:10:37:23 +0100] "GET /loadthumbnail.php?id=10232009&width=16&height=16 HTTP/1.1" 200 700 "http://renault.activities.at/cart" "Mozilla/5.0 (Windows NT 6.1; Win64; x64; rv:65.0) Gecko/20100101 Firefox/65.0"
213.153.47.173 - - [14/Feb/2019:10:37:49 +0100] "GET /reload?ser=1550137069501 HTTP/1.1" 200 28 "http://renault.activities.at/login?required=true" "Mozilla/5.0 (Windows NT 10.0; Win64; x64; rv:65.0) Gecko/20100101 Firefox/65.0"
138.21.12.22 - - [14/Feb/2019:10:37:52 +0100] "GET /reload?ser=1550137072742 HTTP/1.1" 200 28 "http://renault.2web.at/result?searchterm=true&search=board" "Mozilla/5.0 (Windows NT 10.0; WOW64; Trident/7.0; Touch; rv:11.0) like Gecko"
157.97.68.62 - - [14/Feb/2019:10:38:23 +0100] "GET /reload?ser=1550137106636 HTTP/1.1" 200 28 "http://renault.activities.at/cart" "Mozilla/5.0 (Windows NT 6.1; Win64; x64; rv:65.0) Gecko/20100101 Firefox/65.0"
213.153.47.173 - - [14/Feb/2019:10:38:50 +0100] "GET /reload?ser=1550137130171 HTTP/1.1" 200 28 "http://renault.activities.at/login?required=true" "Mozilla/5.0 (Windows NT 10.0; Win64; x64; rv:65.0) Gecko/20100101 Firefox/65.0"
138.21.12.22 - - [14/Feb/2019:10:38:53 +0100] "GET /reload?ser=1550137133789 HTTP/1.1" 200 28 "http://renault.2web.at/result?searchterm=true&search=board" "Mozilla/5.0 (Windows NT 10.0; WOW64; Trident/7.0; Touch; rv:11.0) like Gecko"
157.97.68.62 - - [14/Feb/2019:10:39:25 +0100] "GET /reload?ser=1550137168645 HTTP/1.1" 200 28 "http://renault.activities.at/cart" "Mozilla/5.0 (Windows NT 6.1; Win64; x64; rv:65.0) Gecko/20100101 Firefox/65.0"
213.153.47.173 - - [14/Feb/2019:10:39:50 +0100] "GET /reload?ser=1550137190820 HTTP/1.1" 200 28 "http://renault.activities.at/login?required=true" "Mozilla/5.0 (Windows NT 10.0; Win64; x64; rv:65.0) Gecko/20100101 Firefox/65.0"
138.21.12.22 - - [14/Feb/2019:10:39:54 +0100] "GET /reload?ser=1550137194877 HTTP/1.1" 200 28 "http://renault.2web.at/result?searchterm=true&search=board" "Mozilla/5.0 (Windows NT 10.0; WOW64; Trident/7.0; Touch; rv:11.0) like Gecko"
157.97.68.62 - - [14/Feb/2019:10:40:26 +0100] "GET /reload?ser=1550137229648 HTTP/1.1" 200 28 "http://renault.activities.at/cart" "Mozilla/5.0 (Windows NT 6.1; Win64; x64; rv:65.0) Gecko/20100101 Firefox/65.0"
213.153.47.173 - - [14/Feb/2019:10:40:51 +0100] "GET /reload?ser=1550137251471 HTTP/1.1" 200 28 "http://renault.activities.at/login?required=true" "Mozilla/5.0 (Windows NT 10.0; Win64; x64; rv:65.0) Gecko/20100101 Firefox/65.0"
138.21.12.22 - - [14/Feb/2019:10:40:56 +0100] "GET /reload?ser=1550137255955 HTTP/1.1" 200 28 "http://renault.2web.at/result?searchterm=true&search=board" "Mozilla/5.0 (Windows NT 10.0; WOW64; Trident/7.0; Touch; rv:11.0) like Gecko"
157.97.68.62 - - [14/Feb/2019:10:41:27 +0100] "GET /reload?ser=1550137290702 HTTP/1.1" 200 28 "http://renault.activities.at/cart" "Mozilla/5.0 (Windows NT 6.1; Win64; x64; rv:65.0) Gecko/20100101 Firefox/65.0"
157.97.68.62 - - [14/Feb/2019:10:41:38 +0100] "POST /axjaxrequest?mode=suggest HTTP/1.1" 200 162 "http://renault.activities.at/cart" "Mozilla/5.0 (Windows NT 6.1; Win64; x64; rv:65.0) Gecko/20100101 Firefox/65.0"
157.97.68.62 - - [14/Feb/2019:10:41:39 +0100] "POST /axjaxrequest?mode=suggest HTTP/1.1" 200 111 "http://renault.activities.at/cart" "Mozilla/5.0 (Windows NT 6.1; Win64; x64; rv:65.0) Gecko/20100101 Firefox/65.0"
157.97.68.62 - - [14/Feb/2019:10:41:41 +0100] "GET /result?searchterm=true&search=logan HTTP/1.1" 200 7333 "http://renault.activities.at/cart" "Mozilla/5.0 (Windows NT 6.1; Win64; x64; rv:65.0) Gecko/20100101 Firefox/65.0"
157.97.68.62 - - [14/Feb/2019:10:41:44 +0100] "GET /loadthumbnail.php?id=11926644&width=113 HTTP/1.1" 200 35735 "http://renault.activities.at/result?searchterm=true&search=logan" "Mozilla/5.0 (Windows NT 6.1; Win64; x64; rv:65.0) Gecko/20100101 Firefox/65.0"
157.97.68.62 - - [14/Feb/2019:10:41:44 +0100] "GET /loadthumbnail.php?id=11825622&width=113 HTTP/1.1" 200 1953 "http://renault.activities.at/result?searchterm=true&search=logan" "Mozilla/5.0 (Windows NT 6.1; Win64; x64; rv:65.0) Gecko/20100101 Firefox/65.0"
157.97.68.62 - - [14/Feb/2019:10:41:44 +0100] "GET /loadthumbnail.php?id=11976088&width=113 HTTP/1.1" 200 23388 "http://renault.activities.at/result?searchterm=true&search=logan" "Mozilla/5.0 (Windows NT 6.1; Win64; x64; rv:65.0) Gecko/20100101 Firefox/65.0"
157.97.68.62 - - [14/Feb/2019:10:41:44 +0100] "GET /loadthumbnail.php?id=11926666&width=113 HTTP/1.1" 200 36655 "http://renault.activities.at/result?searchterm=true&search=logan" "Mozilla/5.0 (Windows NT 6.1; Win64; x64; rv:65.0) Gecko/20100101 Firefox/65.0"
157.97.68.62 - - [14/Feb/2019:10:41:44 +0100] "GET /loadthumbnail.php?id=11825621&width=113 HTTP/1.1" 200 1953 "http://renault.activities.at/result?searchterm=true&search=logan" "Mozilla/5.0 (Windows NT 6.1; Win64; x64; rv:65.0) Gecko/20100101 Firefox/65.0"
157.97.68.62 - - [14/Feb/2019:10:41:44 +0100] "GET /loadthumbnail.php?id=11784466&width=113 HTTP/1.1" 200 3044 "http://renault.activities.at/result?searchterm=true&search=logan" "Mozilla/5.0 (Windows NT 6.1; Win64; x64; rv:65.0) Gecko/20100101 Firefox/65.0"
157.97.68.62 - - [14/Feb/2019:10:41:44 +0100] "GET /loadthumbnail.php?id=11784483&width=113 HTTP/1.1" 200 5836 "http://renault.activities.at/result?searchterm=true&search=logan" "Mozilla/5.0 (Windows NT 6.1; Win64; x64; rv:65.0) Gecko/20100101 Firefox/65.0"
157.97.68.62 - - [14/Feb/2019:10:41:44 +0100] "GET /loadthumbnail.php?id=11798477&width=113 HTTP/1.1" 200 3326 "http://renault.activities.at/result?searchterm=true&search=logan" "Mozilla/5.0 (Windows NT 6.1; Win64; x64; rv:65.0) Gecko/20100101 Firefox/65.0"
213.153.47.173 - - [14/Feb/2019:10:41:52 +0100] "GET /reload?ser=1550137312141 HTTP/1.1" 200 28 "http://renault.activities.at/login?required=true" "Mozilla/5.0 (Windows NT 10.0; Win64; x64; rv:65.0) Gecko/20100101 Firefox/65.0"
138.21.12.22 - - [14/Feb/2019:10:41:57 +0100] "GET /reload?ser=1550137317009 HTTP/1.1" 200 28 "http://renault.2web.at/result?searchterm=true&search=board" "Mozilla/5.0 (Windows NT 10.0; WOW64; Trident/7.0; Touch; rv:11.0) like Gecko"
157.97.68.62 - - [14/Feb/2019:10:41:59 +0100] "POST /result?searchterm=true&search=logan HTTP/1.1" 200 7433 "http://renault.activities.at/result?searchterm=true&search=logan" "Mozilla/5.0 (Windows NT 6.1; Win64; x64; rv:65.0) Gecko/20100101 Firefox/65.0"
157.97.68.62 - - [14/Feb/2019:10:42:07 +0100] "GET /css/themes/alphacube/top_mid.gif HTTP/1.1" 200 833 "http://renault.activities.at/css/themes/alphacube.css" "Mozilla/5.0 (Windows NT 6.1; Win64; x64; rv:65.0) Gecko/20100101 Firefox/65.0"
157.97.68.62 - - [14/Feb/2019:10:42:07 +0100] "GET /css/themes/alphacube/frame_right.gif HTTP/1.1" 200 64 "http://renault.activities.at/css/themes/alphacube.css" "Mozilla/5.0 (Windows NT 6.1; Win64; x64; rv:65.0) Gecko/20100101 Firefox/65.0"
157.97.68.62 - - [14/Feb/2019:10:42:07 +0100] "GET /css/themes/alphacube/bottom_middle.gif HTTP/1.1" 200 44 "http://renault.activities.at/css/themes/alphacube.css" "Mozilla/5.0 (Windows NT 6.1; Win64; x64; rv:65.0) Gecko/20100101 Firefox/65.0"
157.97.68.62 - - [14/Feb/2019:10:42:08 +0100] "GET /css/themes/alphacube/frame_left.gif HTTP/1.1" 200 64 "http://renault.activities.at/css/themes/alphacube.css" "Mozilla/5.0 (Windows NT 6.1; Win64; x64; rv:65.0) Gecko/20100101 Firefox/65.0"
157.97.68.62 - - [14/Feb/2019:10:42:08 +0100] "GET /css/themes/alphacube/button-close-focus.gif HTTP/1.1" 200 699 "http://renault.activities.at/css/themes/alphacube.css" "Mozilla/5.0 (Windows NT 6.1; Win64; x64; rv:65.0) Gecko/20100101 Firefox/65.0"
157.97.68.62 - - [14/Feb/2019:10:42:08 +0100] "GET /css/themes/alphacube/top_left.gif HTTP/1.1" 200 973 "http://renault.activities.at/css/themes/alphacube.css" "Mozilla/5.0 (Windows NT 6.1; Win64; x64; rv:65.0) Gecko/20100101 Firefox/65.0"
157.97.68.62 - - [14/Feb/2019:10:42:08 +0100] "GET /css/themes/alphacube/top_right.gif HTTP/1.1" 200 972 "http://renault.activities.at/css/themes/alphacube.css" "Mozilla/5.0 (Windows NT 6.1; Win64; x64; rv:65.0) Gecko/20100101 Firefox/65.0"
157.97.68.62 - - [14/Feb/2019:10:42:08 +0100] "GET /css/themes/alphacube/bottom_left-c.gif HTTP/1.1" 200 62 "http://renault.activities.at/css/themes/alphacube.css" "Mozilla/5.0 (Windows NT 6.1; Win64; x64; rv:65.0) Gecko/20100101 Firefox/65.0"
157.97.68.62 - - [14/Feb/2019:10:42:08 +0100] "GET /css/themes/alphacube/bottom_right-c.gif HTTP/1.1" 200 62 "http://renault.activities.at/css/themes/alphacube.css" "Mozilla/5.0 (Windows NT 6.1; Win64; x64; rv:65.0) Gecko/20100101 Firefox/65.0"
157.97.68.62 - - [14/Feb/2019:10:42:07 +0100] "GET /10427872?print=true HTTP/1.1" 200 2668 "http://renault.activities.at/result?searchterm=true&search=logan" "Mozilla/5.0 (Windows NT 6.1; Win64; x64; rv:65.0) Gecko/20100101 Firefox/65.0"
157.97.68.62 - - [14/Feb/2019:10:42:11 +0100] "GET /js/magiczoom/magiczoom.css HTTP/1.1" 200 1210 "http://renault.activities.at/10427872?print=true" "Mozilla/5.0 (Windows NT 6.1; Win64; x64; rv:65.0) Gecko/20100101 Firefox/65.0"
157.97.68.62 - - [14/Feb/2019:10:42:11 +0100] "GET /js/Produkt.js HTTP/1.1" 200 852 "http://renault.activities.at/10427872?print=true" "Mozilla/5.0 (Windows NT 6.1; Win64; x64; rv:65.0) Gecko/20100101 Firefox/65.0"
157.97.68.62 - - [14/Feb/2019:10:42:11 +0100] "GET /js/magiczoom/magiczoom.js HTTP/1.1" 200 26397 "http://renault.activities.at/10427872?print=true" "Mozilla/5.0 (Windows NT 6.1; Win64; x64; rv:65.0) Gecko/20100101 Firefox/65.0"
157.97.68.62 - - [14/Feb/2019:10:42:11 +0100] "GET /loadthumbnail.php?id=10460287&width=250 HTTP/1.1" 200 6062 "http://renault.activities.at/10427872?print=true" "Mozilla/5.0 (Windows NT 6.1; Win64; x64; rv:65.0) Gecko/20100101 Firefox/65.0"
157.97.68.62 - - [14/Feb/2019:10:42:11 +0100] "GET /loadthumbnail.php?id=10460287&width=250 HTTP/1.1" 200 6062 "http://renault.activities.at/10427872?print=true" "Mozilla/5.0 (Windows NT 6.1; Win64; x64; rv:65.0) Gecko/20100101 Firefox/65.0"
157.97.68.62 - - [14/Feb/2019:10:42:11 +0100] "GET /loadthumbnail.php?id=10460287&width=900&height=900 HTTP/1.1" 200 31609 "http://renault.activities.at/10427872?print=true" "Mozilla/5.0 (Windows NT 6.1; Win64; x64; rv:65.0) Gecko/20100101 Firefox/65.0"
157.97.68.62 - - [14/Feb/2019:10:42:11 +0100] "GET /js/magiczoom/graphics/hint.gif HTTP/1.1" 200 73 "http://renault.activities.at/js/magiczoom/magiczoom.css" "Mozilla/5.0 (Windows NT 6.1; Win64; x64; rv:65.0) Gecko/20100101 Firefox/65.0"
157.97.68.62 - - [14/Feb/2019:10:42:19 +0100] "POST /10427872?print=true HTTP/1.1" 200 2778 "http://renault.activities.at/10427872?print=true" "Mozilla/5.0 (Windows NT 6.1; Win64; x64; rv:65.0) Gecko/20100101 Firefox/65.0"
157.97.68.62 - - [14/Feb/2019:10:42:24 +0100] "GET /js/magiczoom/graphics/zoomin.cur HTTP/1.1" 200 326 "http://renault.activities.at/js/magiczoom/magiczoom.css" "Mozilla/5.0 (Windows NT 6.1; Win64; x64; rv:65.0) Gecko/20100101 Firefox/65.0"
157.97.68.62 - - [14/Feb/2019:10:42:40 +0100] "GET /10260261 HTTP/1.1" 200 6470 "http://renault.activities.at/result?searchterm=true&search=logan" "Mozilla/5.0 (Windows NT 6.1; Win64; x64; rv:65.0) Gecko/20100101 Firefox/65.0"
157.97.68.62 - - [14/Feb/2019:10:42:42 +0100] "GET /loadthumbnail.php?id=10269567&width=113 HTTP/1.1" 200 1590 "http://renault.activities.at/10260261" "Mozilla/5.0 (Windows NT 6.1; Win64; x64; rv:65.0) Gecko/20100101 Firefox/65.0"
157.97.68.62 - - [14/Feb/2019:10:42:48 +0100] "GET /10260262 HTTP/1.1" 200 6070 "http://renault.activities.at/10260261" "Mozilla/5.0 (Windows NT 6.1; Win64; x64; rv:65.0) Gecko/20100101 Firefox/65.0"
213.153.47.173 - - [14/Feb/2019:10:42:52 +0100] "GET /reload?ser=1550137372781 HTTP/1.1" 200 28 "http://renault.activities.at/login?required=true" "Mozilla/5.0 (Windows NT 10.0; Win64; x64; rv:65.0) Gecko/20100101 Firefox/65.0"
138.21.12.22 - - [14/Feb/2019:10:42:58 +0100] "GET /reload?ser=1550137378060 HTTP/1.1" 200 28 "http://renault.2web.at/result?searchterm=true&search=board" "Mozilla/5.0 (Windows NT 10.0; WOW64; Trident/7.0; Touch; rv:11.0) like Gecko"
157.97.68.62 - - [14/Feb/2019:10:43:00 +0100] "GET /10260271 HTTP/1.1" 200 6086 "http://renault.activities.at/10260262" "Mozilla/5.0 (Windows NT 6.1; Win64; x64; rv:65.0) Gecko/20100101 Firefox/65.0"
157.97.68.62 - - [14/Feb/2019:10:43:12 +0100] "GET /10201636 HTTP/1.1" 200 8413 "http://renault.activities.at/10260271" "Mozilla/5.0 (Windows NT 6.1; Win64; x64; rv:65.0) Gecko/20100101 Firefox/65.0"
157.97.68.62 - - [14/Feb/2019:10:43:15 +0100] "GET /loadthumbnail.php?id=10460287&width=113 HTTP/1.1" 200 2135 "http://renault.activities.at/10201636" "Mozilla/5.0 (Windows NT 6.1; Win64; x64; rv:65.0) Gecko/20100101 Firefox/65.0"
157.97.68.62 - - [14/Feb/2019:10:43:15 +0100] "GET /loadthumbnail.php?id=10745359&width=113 HTTP/1.1" 200 4202 "http://renault.activities.at/10201636" "Mozilla/5.0 (Windows NT 6.1; Win64; x64; rv:65.0) Gecko/20100101 Firefox/65.0"
157.97.68.62 - - [14/Feb/2019:10:43:15 +0100] "GET /loadthumbnail.php?id=11434114&width=113 HTTP/1.1" 200 4564 "http://renault.activities.at/10201636" "Mozilla/5.0 (Windows NT 6.1; Win64; x64; rv:65.0) Gecko/20100101 Firefox/65.0"
157.97.68.62 - - [14/Feb/2019:10:43:15 +0100] "GET /loadthumbnail.php?id=11431080&width=113 HTTP/1.1" 200 3991 "http://renault.activities.at/10201636" "Mozilla/5.0 (Windows NT 6.1; Win64; x64; rv:65.0) Gecko/20100101 Firefox/65.0"
157.97.68.62 - - [14/Feb/2019:10:43:15 +0100] "GET /images/sub_title_bg.jpg HTTP/1.1" 200 314 "http://renault.activities.at/css/styles.css" "Mozilla/5.0 (Windows NT 6.1; Win64; x64; rv:65.0) Gecko/20100101 Firefox/65.0"
157.97.68.62 - - [14/Feb/2019:10:43:15 +0100] "GET /loadthumbnail.php?id=10269569&width=113 HTTP/1.1" 200 1309 "http://renault.activities.at/10201636" "Mozilla/5.0 (Windows NT 6.1; Win64; x64; rv:65.0) Gecko/20100101 Firefox/65.0"
157.97.68.62 - - [14/Feb/2019:10:43:21 +0100] "POST /10201636 HTTP/1.1" 200 8514 "http://renault.activities.at/10201636" "Mozilla/5.0 (Windows NT 6.1; Win64; x64; rv:65.0) Gecko/20100101 Firefox/65.0"
157.97.68.62 - - [14/Feb/2019:10:43:31 +0100] "GET /cart HTTP/1.1" 200 5502 "http://renault.activities.at/10201636" "Mozilla/5.0 (Windows NT 6.1; Win64; x64; rv:65.0) Gecko/20100101 Firefox/65.0"
157.97.68.62 - - [14/Feb/2019:10:43:34 +0100] "GET /loadthumbnail.php?id=11798477&width=100 HTTP/1.1" 200 2786 "http://renault.activities.at/cart" "Mozilla/5.0 (Windows NT 6.1; Win64; x64; rv:65.0) Gecko/20100101 Firefox/65.0"
157.97.68.62 - - [14/Feb/2019:10:43:34 +0100] "GET /loadthumbnail.php?id=11431080&width=100 HTTP/1.1" 200 3366 "http://renault.activities.at/cart" "Mozilla/5.0 (Windows NT 6.1; Win64; x64; rv:65.0) Gecko/20100101 Firefox/65.0"
157.97.68.62 - - [14/Feb/2019:10:43:34 +0100] "GET /loadthumbnail.php?id=10460287&width=100 HTTP/1.1" 200 1912 "http://renault.activities.at/cart" "Mozilla/5.0 (Windows NT 6.1; Win64; x64; rv:65.0) Gecko/20100101 Firefox/65.0"
157.97.68.62 - - [14/Feb/2019:10:43:45 +0100] "GET /checkout HTTP/1.1" 200 10253 "http://renault.activities.at/cart" "Mozilla/5.0 (Windows NT 6.1; Win64; x64; rv:65.0) Gecko/20100101 Firefox/65.0"
157.97.68.62 - - [14/Feb/2019:10:43:50 +0100] "GET /js/checkout2.js HTTP/1.1" 200 4122 "http://renault.activities.at/checkout" "Mozilla/5.0 (Windows NT 6.1; Win64; x64; rv:65.0) Gecko/20100101 Firefox/65.0"
157.97.68.62 - - [14/Feb/2019:10:43:50 +0100] "GET /images/ajax_loading.gif HTTP/1.1" 200 1542 "http://renault.activities.at/checkout" "Mozilla/5.0 (Windows NT 6.1; Win64; x64; rv:65.0) Gecko/20100101 Firefox/65.0"
157.97.68.62 - - [14/Feb/2019:10:43:50 +0100] "GET /images/step_bg.jpg HTTP/1.1" 200 319 "http://renault.activities.at/css/styles.css" "Mozilla/5.0 (Windows NT 6.1; Win64; x64; rv:65.0) Gecko/20100101 Firefox/65.0"
157.97.68.62 - - [14/Feb/2019:10:43:50 +0100] "GET /images/step_marker.gif HTTP/1.1" 200 650 "http://renault.activities.at/css/styles.css" "Mozilla/5.0 (Windows NT 6.1; Win64; x64; rv:65.0) Gecko/20100101 Firefox/65.0"
157.97.68.62 - - [14/Feb/2019:10:43:50 +0100] "GET /images/checkout_border_top.gif HTTP/1.1" 200 156 "http://renault.activities.at/css/styles.css" "Mozilla/5.0 (Windows NT 6.1; Win64; x64; rv:65.0) Gecko/20100101 Firefox/65.0"
157.97.68.62 - - [14/Feb/2019:10:43:50 +0100] "GET /images/checkout_border.gif HTTP/1.1" 200 43 "http://renault.activities.at/css/styles.css" "Mozilla/5.0 (Windows NT 6.1; Win64; x64; rv:65.0) Gecko/20100101 Firefox/65.0"
157.97.68.62 - - [14/Feb/2019:10:43:50 +0100] "GET /loadthumbnail.php?id=10202698 HTTP/1.1" 200 16686 "http://renault.activities.at/checkout" "Mozilla/5.0 (Windows NT 6.1; Win64; x64; rv:65.0) Gecko/20100101 Firefox/65.0"
157.97.68.62 - - [14/Feb/2019:10:43:50 +0100] "GET /loadthumbnail.php?id=10201939 HTTP/1.1" 200 201 "http://renault.activities.at/checkout" "Mozilla/5.0 (Windows NT 6.1; Win64; x64; rv:65.0) Gecko/20100101 Firefox/65.0"
213.153.47.173 - - [14/Feb/2019:10:43:53 +0100] "GET /reload?ser=1550137433451 HTTP/1.1" 200 28 "http://renault.activities.at/login?required=true" "Mozilla/5.0 (Windows NT 10.0; Win64; x64; rv:65.0) Gecko/20100101 Firefox/65.0"
157.97.68.62 - - [14/Feb/2019:10:43:53 +0100] "POST /docheckout HTTP/1.1" 200 453 "http://renault.activities.at/checkout" "Mozilla/5.0 (Windows NT 6.1; Win64; x64; rv:65.0) Gecko/20100101 Firefox/65.0"
157.97.68.62 - - [14/Feb/2019:10:43:57 +0100] "POST /docheckout HTTP/1.1" 200 741 "http://renault.activities.at/checkout" "Mozilla/5.0 (Windows NT 6.1; Win64; x64; rv:65.0) Gecko/20100101 Firefox/65.0"
157.97.68.62 - - [14/Feb/2019:10:43:59 +0100] "GET /images/error_msg_icon.gif HTTP/1.1" 200 1013 "http://renault.activities.at/checkout" "Mozilla/5.0 (Windows NT 6.1; Win64; x64; rv:65.0) Gecko/20100101 Firefox/65.0"
138.21.12.22 - - [14/Feb/2019:10:43:59 +0100] "GET /reload?ser=1550137439145 HTTP/1.1" 200 28 "http://renault.2web.at/result?searchterm=true&search=board" "Mozilla/5.0 (Windows NT 10.0; WOW64; Trident/7.0; Touch; rv:11.0) like Gecko"
157.97.68.62 - - [14/Feb/2019:10:43:58 +0100] "POST /docheckout HTTP/1.1" 200 68 "http://renault.activities.at/checkout" "Mozilla/5.0 (Windows NT 6.1; Win64; x64; rv:65.0) Gecko/20100101 Firefox/65.0"
157.97.68.62 - - [14/Feb/2019:10:44:01 +0100] "GET /success HTTP/1.1" 200 3788 "http://renault.activities.at/checkout" "Mozilla/5.0 (Windows NT 6.1; Win64; x64; rv:65.0) Gecko/20100101 Firefox/65.0"
157.97.68.62 - - [14/Feb/2019:10:44:02 +0100] "POST /docheckout HTTP/1.1" 200 81 "http://renault.activities.at/checkout" "Mozilla/5.0 (Windows NT 6.1; Win64; x64; rv:65.0) Gecko/20100101 Firefox/65.0"
157.97.68.62 - - [14/Feb/2019:10:44:06 +0100] "GET /11987385?print=true HTTP/1.1" 200 2152 "http://renault.activities.at/success" "Mozilla/5.0 (Windows NT 6.1; Win64; x64; rv:65.0) Gecko/20100101 Firefox/65.0"
213.153.47.173 - - [14/Feb/2019:10:44:54 +0100] "GET /reload?ser=1550137494121 HTTP/1.1" 200 28 "http://renault.activities.at/login?required=true" "Mozilla/5.0 (Windows NT 10.0; Win64; x64; rv:65.0) Gecko/20100101 Firefox/65.0"
138.21.12.22 - - [14/Feb/2019:10:45:00 +0100] "GET /reload?ser=1550137500153 HTTP/1.1" 200 28 "http://renault.2web.at/result?searchterm=true&search=board" "Mozilla/5.0 (Windows NT 10.0; WOW64; Trident/7.0; Touch; rv:11.0) like Gecko"
213.153.47.173 - - [14/Feb/2019:10:45:54 +0100] "GET /reload?ser=1550137554770 HTTP/1.1" 200 28 "http://renault.activities.at/login?required=true" "Mozilla/5.0 (Windows NT 10.0; Win64; x64; rv:65.0) Gecko/20100101 Firefox/65.0"
138.21.12.22 - - [14/Feb/2019:10:46:01 +0100] "GET /reload?ser=1550137561202 HTTP/1.1" 200 28 "http://renault.2web.at/result?searchterm=true&search=board" "Mozilla/5.0 (Windows NT 10.0; WOW64; Trident/7.0; Touch; rv:11.0) like Gecko"
157.97.68.62 - - [14/Feb/2019:10:46:06 +0100] "GET /cart HTTP/1.1" 200 1714 "-" "Mozilla/5.0 (Windows NT 6.1; Win64; x64; rv:65.0) Gecko/20100101 Firefox/65.0"
157.97.68.62 - - [14/Feb/2019:10:46:07 +0100] "GET /css/reset.css HTTP/1.1" 200 1356 "http://renault.activities.at/cart" "Mozilla/5.0 (Windows NT 6.1; Win64; x64; rv:65.0) Gecko/20100101 Firefox/65.0"
157.97.68.62 - - [14/Feb/2019:10:46:07 +0100] "GET /css/styles.css HTTP/1.1" 200 14664 "http://renault.activities.at/cart" "Mozilla/5.0 (Windows NT 6.1; Win64; x64; rv:65.0) Gecko/20100101 Firefox/65.0"
157.97.68.62 - - [14/Feb/2019:10:46:07 +0100] "GET /js/default.js HTTP/1.1" 200 14698 "http://renault.activities.at/cart" "Mozilla/5.0 (Windows NT 6.1; Win64; x64; rv:65.0) Gecko/20100101 Firefox/65.0"
157.97.68.62 - - [14/Feb/2019:10:46:07 +0100] "GET /css/clears.css HTTP/1.1" 200 851 "http://renault.activities.at/cart" "Mozilla/5.0 (Windows NT 6.1; Win64; x64; rv:65.0) Gecko/20100101 Firefox/65.0"
157.97.68.62 - - [14/Feb/2019:10:46:07 +0100] "GET /css/print.css HTTP/1.1" 200 543 "http://renault.activities.at/cart" "Mozilla/5.0 (Windows NT 6.1; Win64; x64; rv:65.0) Gecko/20100101 Firefox/65.0"
157.97.68.62 - - [14/Feb/2019:10:46:08 +0100] "GET /js/checkout.css HTTP/1.1" 200 359 "http://renault.activities.at/cart" "Mozilla/5.0 (Windows NT 6.1; Win64; x64; rv:65.0) Gecko/20100101 Firefox/65.0"
157.97.68.62 - - [14/Feb/2019:10:46:08 +0100] "GET /css/prototip.css HTTP/1.1" 200 968 "http://renault.activities.at/cart" "Mozilla/5.0 (Windows NT 6.1; Win64; x64; rv:65.0) Gecko/20100101 Firefox/65.0"
157.97.68.62 - - [14/Feb/2019:10:46:08 +0100] "GET /css/themes/default.css HTTP/1.1" 200 769 "http://renault.activities.at/cart" "Mozilla/5.0 (Windows NT 6.1; Win64; x64; rv:65.0) Gecko/20100101 Firefox/65.0"
157.97.68.62 - - [14/Feb/2019:10:46:07 +0100] "GET /js/index.php?c=auto&f=,prototype/prototype.js,prototype/validation.js,scriptaculous/builder.js,scriptaculous/effects.js,scriptaculous/dragdrop.js,scriptaculous/controls.js,scriptaculous/slider.js,varien/js.js,varien/form.js,varien/menu.js,mage/translate.js,mage/cookies.js,varien/product.js,spinner/SpinnerControl.jsmin.js,prototype/window.js,prototype/window_ext.js HTTP/1.1" 200 94182 "http://renault.activities.at/cart" "Mozilla/5.0 (Windows NT 6.1; Win64; x64; rv:65.0) Gecko/20100101 Firefox/65.0"
157.97.68.62 - - [14/Feb/2019:10:46:08 +0100] "GET /css/themes/alphacube.css HTTP/1.1" 200 743 "http://renault.activities.at/cart" "Mozilla/5.0 (Windows NT 6.1; Win64; x64; rv:65.0) Gecko/20100101 Firefox/65.0"
157.97.68.62 - - [14/Feb/2019:10:46:08 +0100] "GET /js/ProduktGrp.js HTTP/1.1" 200 1569 "http://renault.activities.at/cart" "Mozilla/5.0 (Windows NT 6.1; Win64; x64; rv:65.0) Gecko/20100101 Firefox/65.0"
157.97.68.62 - - [14/Feb/2019:10:46:08 +0100] "GET /images/main_block_border.gif HTTP/1.1" 200 43 "http://renault.activities.at/css/styles.css" "Mozilla/5.0 (Windows NT 6.1; Win64; x64; rv:65.0) Gecko/20100101 Firefox/65.0"
157.97.68.62 - - [14/Feb/2019:10:46:08 +0100] "GET /images/main_block_corner_left_bot.gif HTTP/1.1" 200 159 "http://renault.activities.at/css/styles.css" "Mozilla/5.0 (Windows NT 6.1; Win64; x64; rv:65.0) Gecko/20100101 Firefox/65.0"
157.97.68.62 - - [14/Feb/2019:10:46:08 +0100] "GET /images/main_block_corner_right_bot.gif HTTP/1.1" 200 158 "http://renault.activities.at/css/styles.css" "Mozilla/5.0 (Windows NT 6.1; Win64; x64; rv:65.0) Gecko/20100101 Firefox/65.0"
157.97.68.62 - - [14/Feb/2019:10:46:08 +0100] "GET /images/favicon.ico HTTP/1.1" 404 305 "-" "Mozilla/5.0 (Windows NT 6.1; Win64; x64; rv:65.0) Gecko/20100101 Firefox/65.0"
157.97.68.62 - - [14/Feb/2019:10:46:08 +0100] "GET /images/header_block_border.gif HTTP/1.1" 200 43 "http://renault.activities.at/css/styles.css" "Mozilla/5.0 (Windows NT 6.1; Win64; x64; rv:65.0) Gecko/20100101 Firefox/65.0"
157.97.68.62 - - [14/Feb/2019:10:46:08 +0100] "GET /images/header_block_corner_left_top.gif HTTP/1.1" 200 160 "http://renault.activities.at/css/styles.css" "Mozilla/5.0 (Windows NT 6.1; Win64; x64; rv:65.0) Gecko/20100101 Firefox/65.0"
157.97.68.62 - - [14/Feb/2019:10:46:08 +0100] "GET /images/header_block_corner_right_top.gif HTTP/1.1" 200 160 "http://renault.activities.at/css/styles.css" "Mozilla/5.0 (Windows NT 6.1; Win64; x64; rv:65.0) Gecko/20100101 Firefox/65.0"
157.97.68.62 - - [14/Feb/2019:10:46:08 +0100] "GET /images/main_block_corner_left_top.gif HTTP/1.1" 200 159 "http://renault.activities.at/css/styles.css" "Mozilla/5.0 (Windows NT 6.1; Win64; x64; rv:65.0) Gecko/20100101 Firefox/65.0"
157.97.68.62 - - [14/Feb/2019:10:46:08 +0100] "GET /images/main_block_corner_right_top.gif HTTP/1.1" 200 159 "http://renault.activities.at/css/styles.css" "Mozilla/5.0 (Windows NT 6.1; Win64; x64; rv:65.0) Gecko/20100101 Firefox/65.0"
157.97.68.62 - - [14/Feb/2019:10:46:08 +0100] "GET /images/title_border.jpg HTTP/1.1" 200 304 "http://renault.activities.at/css/styles.css" "Mozilla/5.0 (Windows NT 6.1; Win64; x64; rv:65.0) Gecko/20100101 Firefox/65.0"
157.97.68.62 - - [14/Feb/2019:10:46:08 +0100] "GET /images/title_border_top.jpg HTTP/1.1" 200 336 "http://renault.activities.at/css/styles.css" "Mozilla/5.0 (Windows NT 6.1; Win64; x64; rv:65.0) Gecko/20100101 Firefox/65.0"
157.97.68.62 - - [14/Feb/2019:10:46:08 +0100] "GET /images/title_corner_left_top.jpg HTTP/1.1" 200 372 "http://renault.activities.at/css/styles.css" "Mozilla/5.0 (Windows NT 6.1; Win64; x64; rv:65.0) Gecko/20100101 Firefox/65.0"
157.97.68.62 - - [14/Feb/2019:10:46:08 +0100] "GET /images/title_corner_right_top.jpg HTTP/1.1" 200 389 "http://renault.activities.at/css/styles.css" "Mozilla/5.0 (Windows NT 6.1; Win64; x64; rv:65.0) Gecko/20100101 Firefox/65.0"
157.97.68.62 - - [14/Feb/2019:10:46:08 +0100] "GET /loadthumbnail.php?id=11127982 HTTP/1.1" 200 399614 "http://renault.activities.at/cart" "Mozilla/5.0 (Windows NT 6.1; Win64; x64; rv:65.0) Gecko/20100101 Firefox/65.0"
213.153.47.173 - - [14/Feb/2019:10:46:55 +0100] "GET /reload?ser=1550137615420 HTTP/1.1" 200 28 "http://renault.activities.at/login?required=true" "Mozilla/5.0 (Windows NT 10.0; Win64; x64; rv:65.0) Gecko/20100101 Firefox/65.0"
138.21.12.22 - - [14/Feb/2019:10:47:02 +0100] "GET /reload?ser=1550137622285 HTTP/1.1" 200 28 "http://renault.2web.at/result?searchterm=true&search=board" "Mozilla/5.0 (Windows NT 10.0; WOW64; Trident/7.0; Touch; rv:11.0) like Gecko"
213.153.47.173 - - [14/Feb/2019:10:47:56 +0100] "GET /reload?ser=1550137676090 HTTP/1.1" 200 28 "http://renault.activities.at/login?required=true" "Mozilla/5.0 (Windows NT 10.0; Win64; x64; rv:65.0) Gecko/20100101 Firefox/65.0"
138.21.12.22 - - [14/Feb/2019:10:48:03 +0100] "GET /reload?ser=1550137683376 HTTP/1.1" 200 28 "http://renault.2web.at/result?searchterm=true&search=board" "Mozilla/5.0 (Windows NT 10.0; WOW64; Trident/7.0; Touch; rv:11.0) like Gecko"
213.153.47.173 - - [14/Feb/2019:10:48:56 +0100] "GET /reload?ser=1550137736750 HTTP/1.1" 200 28 "http://renault.activities.at/login?required=true" "Mozilla/5.0 (Windows NT 10.0; Win64; x64; rv:65.0) Gecko/20100101 Firefox/65.0"
138.21.12.22 - - [14/Feb/2019:10:49:04 +0100] "GET /reload?ser=1550137744463 HTTP/1.1" 200 28 "http://renault.2web.at/result?searchterm=true&search=board" "Mozilla/5.0 (Windows NT 10.0; WOW64; Trident/7.0; Touch; rv:11.0) like Gecko"
213.153.47.173 - - [14/Feb/2019:10:49:57 +0100] "GET /reload?ser=1550137797409 HTTP/1.1" 200 28 "http://renault.activities.at/login?required=true" "Mozilla/5.0 (Windows NT 10.0; Win64; x64; rv:65.0) Gecko/20100101 Firefox/65.0"
138.21.12.22 - - [14/Feb/2019:10:50:05 +0100] "GET /reload?ser=1550137805547 HTTP/1.1" 200 28 "http://renault.2web.at/result?searchterm=true&search=board" "Mozilla/5.0 (Windows NT 10.0; WOW64; Trident/7.0; Touch; rv:11.0) like Gecko"
213.153.47.173 - - [14/Feb/2019:10:50:58 +0100] "GET /reload?ser=1550137858089 HTTP/1.1" 200 28 "http://renault.activities.at/login?required=true" "Mozilla/5.0 (Windows NT 10.0; Win64; x64; rv:65.0) Gecko/20100101 Firefox/65.0"
138.21.12.22 - - [14/Feb/2019:10:51:06 +0100] "GET /reload?ser=1550137866660 HTTP/1.1" 200 28 "http://renault.2web.at/result?searchterm=true&search=board" "Mozilla/5.0 (Windows NT 10.0; WOW64; Trident/7.0; Touch; rv:11.0) like Gecko"
213.153.47.173 - - [14/Feb/2019:10:51:58 +0100] "GET /reload?ser=1550137918759 HTTP/1.1" 200 28 "http://renault.activities.at/login?required=true" "Mozilla/5.0 (Windows NT 10.0; Win64; x64; rv:65.0) Gecko/20100101 Firefox/65.0"
138.21.12.22 - - [14/Feb/2019:10:52:07 +0100] "GET /reload?ser=1550137927764 HTTP/1.1" 200 28 "http://renault.2web.at/result?searchterm=true&search=board" "Mozilla/5.0 (Windows NT 10.0; WOW64; Trident/7.0; Touch; rv:11.0) like Gecko"
213.153.47.173 - - [14/Feb/2019:10:52:59 +0100] "GET /reload?ser=1550137979419 HTTP/1.1" 200 28 "http://renault.activities.at/login?required=true" "Mozilla/5.0 (Windows NT 10.0; Win64; x64; rv:65.0) Gecko/20100101 Firefox/65.0"
138.21.12.22 - - [14/Feb/2019:10:53:08 +0100] "GET /reload?ser=1550137988796 HTTP/1.1" 200 28 "http://renault.2web.at/result?searchterm=true&search=board" "Mozilla/5.0 (Windows NT 10.0; WOW64; Trident/7.0; Touch; rv:11.0) like Gecko"
213.153.47.173 - - [14/Feb/2019:10:54:00 +0100] "GET /reload?ser=1550138040089 HTTP/1.1" 200 28 "http://renault.activities.at/login?required=true" "Mozilla/5.0 (Windows NT 10.0; Win64; x64; rv:65.0) Gecko/20100101 Firefox/65.0"
138.21.12.22 - - [14/Feb/2019:10:54:09 +0100] "GET /reload?ser=1550138049859 HTTP/1.1" 200 28 "http://renault.2web.at/result?searchterm=true&search=board" "Mozilla/5.0 (Windows NT 10.0; WOW64; Trident/7.0; Touch; rv:11.0) like Gecko"
213.153.47.173 - - [14/Feb/2019:10:55:00 +0100] "GET /reload?ser=1550138100748 HTTP/1.1" 200 28 "http://renault.activities.at/login?required=true" "Mozilla/5.0 (Windows NT 10.0; Win64; x64; rv:65.0) Gecko/20100101 Firefox/65.0"
138.21.12.22 - - [14/Feb/2019:10:55:11 +0100] "GET /reload?ser=1550138110925 HTTP/1.1" 200 28 "http://renault.2web.at/result?searchterm=true&search=board" "Mozilla/5.0 (Windows NT 10.0; WOW64; Trident/7.0; Touch; rv:11.0) like Gecko"
213.153.47.173 - - [14/Feb/2019:10:56:01 +0100] "GET /reload?ser=1550138161398 HTTP/1.1" 200 28 "http://renault.activities.at/login?required=true" "Mozilla/5.0 (Windows NT 10.0; Win64; x64; rv:65.0) Gecko/20100101 Firefox/65.0"
138.21.12.22 - - [14/Feb/2019:10:56:12 +0100] "GET /reload?ser=1550138171978 HTTP/1.1" 200 28 "http://renault.2web.at/result?searchterm=true&search=board" "Mozilla/5.0 (Windows NT 10.0; WOW64; Trident/7.0; Touch; rv:11.0) like Gecko"
213.153.47.173 - - [14/Feb/2019:10:57:02 +0100] "GET /reload?ser=1550138222078 HTTP/1.1" 200 28 "http://renault.activities.at/login?required=true" "Mozilla/5.0 (Windows NT 10.0; Win64; x64; rv:65.0) Gecko/20100101 Firefox/65.0"
138.21.12.22 - - [14/Feb/2019:10:57:13 +0100] "GET /reload?ser=1550138233063 HTTP/1.1" 200 28 "http://renault.2web.at/result?searchterm=true&search=board" "Mozilla/5.0 (Windows NT 10.0; WOW64; Trident/7.0; Touch; rv:11.0) like Gecko"
213.153.47.173 - - [14/Feb/2019:10:58:02 +0100] "GET /reload?ser=1550138282738 HTTP/1.1" 200 28 "http://renault.activities.at/login?required=true" "Mozilla/5.0 (Windows NT 10.0; Win64; x64; rv:65.0) Gecko/20100101 Firefox/65.0"
138.21.12.22 - - [14/Feb/2019:10:58:14 +0100] "GET /reload?ser=1550138294086 HTTP/1.1" 200 28 "http://renault.2web.at/result?searchterm=true&search=board" "Mozilla/5.0 (Windows NT 10.0; WOW64; Trident/7.0; Touch; rv:11.0) like Gecko"
213.153.47.173 - - [14/Feb/2019:10:59:03 +0100] "GET /reload?ser=1550138343408 HTTP/1.1" 200 28 "http://renault.activities.at/login?required=true" "Mozilla/5.0 (Windows NT 10.0; Win64; x64; rv:65.0) Gecko/20100101 Firefox/65.0"
138.21.12.22 - - [14/Feb/2019:10:59:15 +0100] "GET /reload?ser=1550138355185 HTTP/1.1" 200 28 "http://renault.2web.at/result?searchterm=true&search=board" "Mozilla/5.0 (Windows NT 10.0; WOW64; Trident/7.0; Touch; rv:11.0) like Gecko"
213.153.47.173 - - [14/Feb/2019:11:00:04 +0100] "GET /reload?ser=1550138404068 HTTP/1.1" 200 28 "http://renault.activities.at/login?required=true" "Mozilla/5.0 (Windows NT 10.0; Win64; x64; rv:65.0) Gecko/20100101 Firefox/65.0"
138.21.12.22 - - [14/Feb/2019:11:00:16 +0100] "GET /reload?ser=1550138416236 HTTP/1.1" 200 28 "http://renault.2web.at/result?searchterm=true&search=board" "Mozilla/5.0 (Windows NT 10.0; WOW64; Trident/7.0; Touch; rv:11.0) like Gecko"
213.153.47.173 - - [14/Feb/2019:11:01:04 +0100] "GET /reload?ser=1550138464723 HTTP/1.1" 200 28 "http://renault.activities.at/login?required=true" "Mozilla/5.0 (Windows NT 10.0; Win64; x64; rv:65.0) Gecko/20100101 Firefox/65.0"
138.21.12.22 - - [14/Feb/2019:11:01:17 +0100] "GET /reload?ser=1550138477346 HTTP/1.1" 200 28 "http://renault.2web.at/result?searchterm=true&search=board" "Mozilla/5.0 (Windows NT 10.0; WOW64; Trident/7.0; Touch; rv:11.0) like Gecko"
213.153.47.173 - - [14/Feb/2019:11:02:05 +0100] "GET /reload?ser=1550138525397 HTTP/1.1" 200 28 "http://renault.activities.at/login?required=true" "Mozilla/5.0 (Windows NT 10.0; Win64; x64; rv:65.0) Gecko/20100101 Firefox/65.0"
138.21.12.22 - - [14/Feb/2019:11:02:18 +0100] "GET /reload?ser=1550138538470 HTTP/1.1" 200 28 "http://renault.2web.at/result?searchterm=true&search=board" "Mozilla/5.0 (Windows NT 10.0; WOW64; Trident/7.0; Touch; rv:11.0) like Gecko"
213.153.47.173 - - [14/Feb/2019:11:03:06 +0100] "GET /reload?ser=1550138586060 HTTP/1.1" 200 28 "http://renault.activities.at/login?required=true" "Mozilla/5.0 (Windows NT 10.0; Win64; x64; rv:65.0) Gecko/20100101 Firefox/65.0"
138.21.12.22 - - [14/Feb/2019:11:03:19 +0100] "GET /reload?ser=1550138599577 HTTP/1.1" 200 28 "http://renault.2web.at/result?searchterm=true&search=board" "Mozilla/5.0 (Windows NT 10.0; WOW64; Trident/7.0; Touch; rv:11.0) like Gecko"
213.153.47.173 - - [14/Feb/2019:11:04:06 +0100] "GET /reload?ser=1550138646717 HTTP/1.1" 200 28 "http://renault.activities.at/login?required=true" "Mozilla/5.0 (Windows NT 10.0; Win64; x64; rv:65.0) Gecko/20100101 Firefox/65.0"
138.21.12.22 - - [14/Feb/2019:11:04:20 +0100] "GET /reload?ser=1550138660642 HTTP/1.1" 200 28 "http://renault.2web.at/result?searchterm=true&search=board" "Mozilla/5.0 (Windows NT 10.0; WOW64; Trident/7.0; Touch; rv:11.0) like Gecko"
213.153.47.173 - - [14/Feb/2019:11:05:07 +0100] "GET /reload?ser=1550138707429 HTTP/1.1" 200 28 "http://renault.activities.at/login?required=true" "Mozilla/5.0 (Windows NT 10.0; Win64; x64; rv:65.0) Gecko/20100101 Firefox/65.0"
138.21.12.22 - - [14/Feb/2019:11:05:21 +0100] "GET /reload?ser=1550138721719 HTTP/1.1" 200 28 "http://renault.2web.at/result?searchterm=true&search=board" "Mozilla/5.0 (Windows NT 10.0; WOW64; Trident/7.0; Touch; rv:11.0) like Gecko"
213.153.47.173 - - [14/Feb/2019:11:06:08 +0100] "GET /reload?ser=1550138768107 HTTP/1.1" 200 28 "http://renault.activities.at/login?required=true" "Mozilla/5.0 (Windows NT 10.0; Win64; x64; rv:65.0) Gecko/20100101 Firefox/65.0"
138.21.12.22 - - [14/Feb/2019:11:06:22 +0100] "GET /reload?ser=1550138782778 HTTP/1.1" 200 28 "http://renault.2web.at/result?searchterm=true&search=board" "Mozilla/5.0 (Windows NT 10.0; WOW64; Trident/7.0; Touch; rv:11.0) like Gecko"
213.153.47.173 - - [14/Feb/2019:11:07:08 +0100] "GET /reload?ser=1550138828767 HTTP/1.1" 200 28 "http://renault.activities.at/login?required=true" "Mozilla/5.0 (Windows NT 10.0; Win64; x64; rv:65.0) Gecko/20100101 Firefox/65.0"
138.21.12.22 - - [14/Feb/2019:11:07:23 +0100] "GET /reload?ser=1550138843858 HTTP/1.1" 200 28 "http://renault.2web.at/result?searchterm=true&search=board" "Mozilla/5.0 (Windows NT 10.0; WOW64; Trident/7.0; Touch; rv:11.0) like Gecko"
213.153.47.173 - - [14/Feb/2019:11:08:09 +0100] "GET /reload?ser=1550138889437 HTTP/1.1" 200 28 "http://renault.activities.at/login?required=true" "Mozilla/5.0 (Windows NT 10.0; Win64; x64; rv:65.0) Gecko/20100101 Firefox/65.0"
138.21.12.22 - - [14/Feb/2019:11:08:25 +0100] "GET /reload?ser=1550138904921 HTTP/1.1" 200 28 "http://renault.2web.at/result?searchterm=true&search=board" "Mozilla/5.0 (Windows NT 10.0; WOW64; Trident/7.0; Touch; rv:11.0) like Gecko"
213.153.47.173 - - [14/Feb/2019:11:09:10 +0100] "GET /reload?ser=1550138950107 HTTP/1.1" 200 28 "http://renault.activities.at/login?required=true" "Mozilla/5.0 (Windows NT 10.0; Win64; x64; rv:65.0) Gecko/20100101 Firefox/65.0"
138.21.12.22 - - [14/Feb/2019:11:09:26 +0100] "GET /reload?ser=1550138965983 HTTP/1.1" 200 28 "http://renault.2web.at/result?searchterm=true&search=board" "Mozilla/5.0 (Windows NT 10.0; WOW64; Trident/7.0; Touch; rv:11.0) like Gecko"
213.153.47.173 - - [14/Feb/2019:11:10:10 +0100] "GET /reload?ser=1550139010777 HTTP/1.1" 200 28 "http://renault.activities.at/login?required=true" "Mozilla/5.0 (Windows NT 10.0; Win64; x64; rv:65.0) Gecko/20100101 Firefox/65.0"
138.21.12.22 - - [14/Feb/2019:11:10:27 +0100] "GET /reload?ser=1550139027070 HTTP/1.1" 200 28 "http://renault.2web.at/result?searchterm=true&search=board" "Mozilla/5.0 (Windows NT 10.0; WOW64; Trident/7.0; Touch; rv:11.0) like Gecko"
213.153.47.173 - - [14/Feb/2019:11:11:11 +0100] "GET /reload?ser=1550139071447 HTTP/1.1" 200 28 "http://renault.activities.at/login?required=true" "Mozilla/5.0 (Windows NT 10.0; Win64; x64; rv:65.0) Gecko/20100101 Firefox/65.0"
138.21.12.22 - - [14/Feb/2019:11:11:28 +0100] "GET /reload?ser=1550139088189 HTTP/1.1" 200 28 "http://renault.2web.at/result?searchterm=true&search=board" "Mozilla/5.0 (Windows NT 10.0; WOW64; Trident/7.0; Touch; rv:11.0) like Gecko"
213.153.47.173 - - [14/Feb/2019:11:12:12 +0100] "GET /reload?ser=1550139132096 HTTP/1.1" 200 28 "http://renault.activities.at/login?required=true" "Mozilla/5.0 (Windows NT 10.0; Win64; x64; rv:65.0) Gecko/20100101 Firefox/65.0"
138.21.12.22 - - [14/Feb/2019:11:12:29 +0100] "GET /reload?ser=1550139149220 HTTP/1.1" 200 28 "http://renault.2web.at/result?searchterm=true&search=board" "Mozilla/5.0 (Windows NT 10.0; WOW64; Trident/7.0; Touch; rv:11.0) like Gecko"
213.153.47.173 - - [14/Feb/2019:11:13:12 +0100] "GET /reload?ser=1550139192756 HTTP/1.1" 200 28 "http://renault.activities.at/login?required=true" "Mozilla/5.0 (Windows NT 10.0; Win64; x64; rv:65.0) Gecko/20100101 Firefox/65.0"
138.21.12.22 - - [14/Feb/2019:11:13:30 +0100] "GET /reload?ser=1550139210294 HTTP/1.1" 200 28 "http://renault.2web.at/result?searchterm=true&search=board" "Mozilla/5.0 (Windows NT 10.0; WOW64; Trident/7.0; Touch; rv:11.0) like Gecko"
213.153.47.173 - - [14/Feb/2019:11:14:13 +0100] "GET /reload?ser=1550139253426 HTTP/1.1" 200 28 "http://renault.activities.at/login?required=true" "Mozilla/5.0 (Windows NT 10.0; Win64; x64; rv:65.0) Gecko/20100101 Firefox/65.0"
138.21.12.22 - - [14/Feb/2019:11:14:31 +0100] "GET /reload?ser=1550139271368 HTTP/1.1" 200 28 "http://renault.2web.at/result?searchterm=true&search=board" "Mozilla/5.0 (Windows NT 10.0; WOW64; Trident/7.0; Touch; rv:11.0) like Gecko"
213.153.47.173 - - [14/Feb/2019:11:15:14 +0100] "GET /reload?ser=1550139314076 HTTP/1.1" 200 28 "http://renault.activities.at/login?required=true" "Mozilla/5.0 (Windows NT 10.0; Win64; x64; rv:65.0) Gecko/20100101 Firefox/65.0"
138.21.12.22 - - [14/Feb/2019:11:15:32 +0100] "GET /reload?ser=1550139332408 HTTP/1.1" 200 28 "http://renault.2web.at/result?searchterm=true&search=board" "Mozilla/5.0 (Windows NT 10.0; WOW64; Trident/7.0; Touch; rv:11.0) like Gecko"
213.153.47.173 - - [14/Feb/2019:11:16:14 +0100] "GET /reload?ser=1550139374737 HTTP/1.1" 200 28 "http://renault.activities.at/login?required=true" "Mozilla/5.0 (Windows NT 10.0; Win64; x64; rv:65.0) Gecko/20100101 Firefox/65.0"
138.21.12.22 - - [14/Feb/2019:11:16:33 +0100] "GET /reload?ser=1550139393633 HTTP/1.1" 200 28 "http://renault.2web.at/result?searchterm=true&search=board" "Mozilla/5.0 (Windows NT 10.0; WOW64; Trident/7.0; Touch; rv:11.0) like Gecko"
213.153.47.173 - - [14/Feb/2019:11:17:15 +0100] "GET /reload?ser=1550139435406 HTTP/1.1" 200 28 "http://renault.activities.at/login?required=true" "Mozilla/5.0 (Windows NT 10.0; Win64; x64; rv:65.0) Gecko/20100101 Firefox/65.0"
138.21.12.22 - - [14/Feb/2019:11:17:34 +0100] "GET /reload?ser=1550139454813 HTTP/1.1" 200 28 "http://renault.2web.at/result?searchterm=true&search=board" "Mozilla/5.0 (Windows NT 10.0; WOW64; Trident/7.0; Touch; rv:11.0) like Gecko"
213.153.47.173 - - [14/Feb/2019:11:18:16 +0100] "GET /reload?ser=1550139496096 HTTP/1.1" 200 28 "http://renault.activities.at/login?required=true" "Mozilla/5.0 (Windows NT 10.0; Win64; x64; rv:65.0) Gecko/20100101 Firefox/65.0"
138.21.12.22 - - [14/Feb/2019:11:18:36 +0100] "GET /reload?ser=1550139515904 HTTP/1.1" 200 28 "http://renault.2web.at/result?searchterm=true&search=board" "Mozilla/5.0 (Windows NT 10.0; WOW64; Trident/7.0; Touch; rv:11.0) like Gecko"
213.153.47.173 - - [14/Feb/2019:11:19:16 +0100] "GET /reload?ser=1550139556746 HTTP/1.1" 200 28 "http://renault.activities.at/login?required=true" "Mozilla/5.0 (Windows NT 10.0; Win64; x64; rv:65.0) Gecko/20100101 Firefox/65.0"
138.21.12.22 - - [14/Feb/2019:11:19:37 +0100] "GET /reload?ser=1550139576938 HTTP/1.1" 200 28 "http://renault.2web.at/result?searchterm=true&search=board" "Mozilla/5.0 (Windows NT 10.0; WOW64; Trident/7.0; Touch; rv:11.0) like Gecko"
213.153.47.173 - - [14/Feb/2019:11:20:17 +0100] "GET /reload?ser=1550139617397 HTTP/1.1" 200 28 "http://renault.activities.at/login?required=true" "Mozilla/5.0 (Windows NT 10.0; Win64; x64; rv:65.0) Gecko/20100101 Firefox/65.0"
138.21.12.22 - - [14/Feb/2019:11:20:38 +0100] "GET /reload?ser=1550139638046 HTTP/1.1" 200 28 "http://renault.2web.at/result?searchterm=true&search=board" "Mozilla/5.0 (Windows NT 10.0; WOW64; Trident/7.0; Touch; rv:11.0) like Gecko"
213.153.47.173 - - [14/Feb/2019:11:21:18 +0100] "GET /reload?ser=1550139678076 HTTP/1.1" 200 28 "http://renault.activities.at/login?required=true" "Mozilla/5.0 (Windows NT 10.0; Win64; x64; rv:65.0) Gecko/20100101 Firefox/65.0"
138.21.12.22 - - [14/Feb/2019:11:21:39 +0100] "GET /reload?ser=1550139699092 HTTP/1.1" 200 28 "http://renault.2web.at/result?searchterm=true&search=board" "Mozilla/5.0 (Windows NT 10.0; WOW64; Trident/7.0; Touch; rv:11.0) like Gecko"
213.153.47.173 - - [14/Feb/2019:11:22:18 +0100] "GET /reload?ser=1550139738737 HTTP/1.1" 200 28 "http://renault.activities.at/login?required=true" "Mozilla/5.0 (Windows NT 10.0; Win64; x64; rv:65.0) Gecko/20100101 Firefox/65.0"
138.21.12.22 - - [14/Feb/2019:11:22:40 +0100] "GET /reload?ser=1550139760175 HTTP/1.1" 200 28 "http://renault.2web.at/result?searchterm=true&search=board" "Mozilla/5.0 (Windows NT 10.0; WOW64; Trident/7.0; Touch; rv:11.0) like Gecko"
88.116.50.238 - - [14/Feb/2019:11:22:48 +0100] "GET /login HTTP/1.1" 200 2086 "-" "Mozilla/5.0 (Windows NT 10.0; WOW64; Trident/7.0; rv:11.0) like Gecko"
88.116.50.238 - - [14/Feb/2019:11:22:49 +0100] "GET /css/reset.css HTTP/1.1" 200 1356 "http://renault.activities.at/login" "Mozilla/5.0 (Windows NT 10.0; WOW64; Trident/7.0; rv:11.0) like Gecko"
88.116.50.238 - - [14/Feb/2019:11:22:49 +0100] "GET /css/clears.css HTTP/1.1" 200 851 "http://renault.activities.at/login" "Mozilla/5.0 (Windows NT 10.0; WOW64; Trident/7.0; rv:11.0) like Gecko"
88.116.50.238 - - [14/Feb/2019:11:22:49 +0100] "GET /css/styles.css HTTP/1.1" 200 14664 "http://renault.activities.at/login" "Mozilla/5.0 (Windows NT 10.0; WOW64; Trident/7.0; rv:11.0) like Gecko"
88.116.50.238 - - [14/Feb/2019:11:22:49 +0100] "GET /js/default.js HTTP/1.1" 200 14698 "http://renault.activities.at/login" "Mozilla/5.0 (Windows NT 10.0; WOW64; Trident/7.0; rv:11.0) like Gecko"
88.116.50.238 - - [14/Feb/2019:11:22:49 +0100] "GET /css/print.css HTTP/1.1" 200 543 "http://renault.activities.at/login" "Mozilla/5.0 (Windows NT 10.0; WOW64; Trident/7.0; rv:11.0) like Gecko"
