185.22.23.252 - - [19/Feb/2019:14:36:30 +0100] "GET /reload?ser=1550583390460 HTTP/1.1" 200 28 "http://renault.activities.at/success" "Mozilla/5.0 (Windows NT 6.3; WOW64; Trident/7.0; rv:11.0) like Gecko"
80.123.221.50 - - [19/Feb/2019:14:36:54 +0100] "GET /reload?ser=1550583588753 HTTP/1.1" 200 28 "http://renault.2web.at/10201633" "Mozilla/5.0 (Windows NT 6.1; Win64; x64; rv:65.0) Gecko/20100101 Firefox/65.0"
213.153.47.173 - - [19/Feb/2019:14:37:11 +0100] "GET /reload?ser=1550583431563 HTTP/1.1" 200 28 "http://renault.activities.at/login?required=true" "Mozilla/5.0 (Windows NT 10.0; Win64; x64; rv:65.0) Gecko/20100101 Firefox/65.0"
185.22.23.252 - - [19/Feb/2019:14:37:31 +0100] "GET /reload?ser=1550583451397 HTTP/1.1" 200 28 "http://renault.activities.at/success" "Mozilla/5.0 (Windows NT 6.3; WOW64; Trident/7.0; rv:11.0) like Gecko"
80.123.221.50 - - [19/Feb/2019:14:37:55 +0100] "GET /reload?ser=1550583649712 HTTP/1.1" 200 28 "http://renault.2web.at/10201633" "Mozilla/5.0 (Windows NT 6.1; Win64; x64; rv:65.0) Gecko/20100101 Firefox/65.0"
213.153.47.173 - - [19/Feb/2019:14:38:12 +0100] "GET /reload?ser=1550583492224 HTTP/1.1" 200 28 "http://renault.activities.at/login?required=true" "Mozilla/5.0 (Windows NT 10.0; Win64; x64; rv:65.0) Gecko/20100101 Firefox/65.0"
185.22.23.252 - - [19/Feb/2019:14:38:32 +0100] "GET /reload?ser=1550583512351 HTTP/1.1" 200 28 "http://renault.activities.at/success" "Mozilla/5.0 (Windows NT 6.3; WOW64; Trident/7.0; rv:11.0) like Gecko"
80.123.221.50 - - [19/Feb/2019:14:38:56 +0100] "GET /reload?ser=1550583710634 HTTP/1.1" 200 28 "http://renault.2web.at/10201633" "Mozilla/5.0 (Windows NT 6.1; Win64; x64; rv:65.0) Gecko/20100101 Firefox/65.0"
213.153.47.173 - - [19/Feb/2019:14:39:12 +0100] "GET /reload?ser=1550583552903 HTTP/1.1" 200 28 "http://renault.activities.at/login?required=true" "Mozilla/5.0 (Windows NT 10.0; Win64; x64; rv:65.0) Gecko/20100101 Firefox/65.0"
185.22.23.252 - - [19/Feb/2019:14:39:33 +0100] "GET /reload?ser=1550583573305 HTTP/1.1" 200 28 "http://renault.activities.at/success" "Mozilla/5.0 (Windows NT 6.3; WOW64; Trident/7.0; rv:11.0) like Gecko"
80.123.221.50 - - [19/Feb/2019:14:39:57 +0100] "GET /reload?ser=1550583771564 HTTP/1.1" 200 28 "http://renault.2web.at/10201633" "Mozilla/5.0 (Windows NT 6.1; Win64; x64; rv:65.0) Gecko/20100101 Firefox/65.0"
213.153.47.173 - - [19/Feb/2019:14:40:13 +0100] "GET /reload?ser=1550583613554 HTTP/1.1" 200 28 "http://renault.activities.at/login?required=true" "Mozilla/5.0 (Windows NT 10.0; Win64; x64; rv:65.0) Gecko/20100101 Firefox/65.0"
185.22.23.252 - - [19/Feb/2019:14:40:34 +0100] "GET /reload?ser=1550583634243 HTTP/1.1" 200 28 "http://renault.activities.at/success" "Mozilla/5.0 (Windows NT 6.3; WOW64; Trident/7.0; rv:11.0) like Gecko"
80.123.221.50 - - [19/Feb/2019:14:40:58 +0100] "GET /reload?ser=1550583832513 HTTP/1.1" 200 28 "http://renault.2web.at/10201633" "Mozilla/5.0 (Windows NT 6.1; Win64; x64; rv:65.0) Gecko/20100101 Firefox/65.0"
213.153.47.173 - - [19/Feb/2019:14:41:14 +0100] "GET /reload?ser=1550583674213 HTTP/1.1" 200 28 "http://renault.activities.at/login?required=true" "Mozilla/5.0 (Windows NT 10.0; Win64; x64; rv:65.0) Gecko/20100101 Firefox/65.0"
185.22.23.252 - - [19/Feb/2019:14:41:35 +0100] "GET /reload?ser=1550583695215 HTTP/1.1" 200 28 "http://renault.activities.at/success" "Mozilla/5.0 (Windows NT 6.3; WOW64; Trident/7.0; rv:11.0) like Gecko"
80.123.221.50 - - [19/Feb/2019:14:41:58 +0100] "GET /reload?ser=1550583893462 HTTP/1.1" 200 28 "http://renault.2web.at/10201633" "Mozilla/5.0 (Windows NT 6.1; Win64; x64; rv:65.0) Gecko/20100101 Firefox/65.0"
213.153.47.173 - - [19/Feb/2019:14:42:14 +0100] "GET /reload?ser=1550583734884 HTTP/1.1" 200 28 "http://renault.activities.at/login?required=true" "Mozilla/5.0 (Windows NT 10.0; Win64; x64; rv:65.0) Gecko/20100101 Firefox/65.0"
185.22.23.252 - - [19/Feb/2019:14:42:36 +0100] "GET /reload?ser=1550583756183 HTTP/1.1" 200 28 "http://renault.activities.at/success" "Mozilla/5.0 (Windows NT 6.3; WOW64; Trident/7.0; rv:11.0) like Gecko"
80.123.221.50 - - [19/Feb/2019:14:42:59 +0100] "GET /reload?ser=1550583954462 HTTP/1.1" 200 28 "http://renault.2web.at/10201633" "Mozilla/5.0 (Windows NT 6.1; Win64; x64; rv:65.0) Gecko/20100101 Firefox/65.0"
213.153.47.173 - - [19/Feb/2019:14:43:15 +0100] "GET /reload?ser=1550583795544 HTTP/1.1" 200 28 "http://renault.activities.at/login?required=true" "Mozilla/5.0 (Windows NT 10.0; Win64; x64; rv:65.0) Gecko/20100101 Firefox/65.0"
185.22.23.252 - - [19/Feb/2019:14:43:37 +0100] "GET /reload?ser=1550583817106 HTTP/1.1" 200 28 "http://renault.activities.at/success" "Mozilla/5.0 (Windows NT 6.3; WOW64; Trident/7.0; rv:11.0) like Gecko"
80.123.221.50 - - [19/Feb/2019:14:44:00 +0100] "GET /reload?ser=1550584015452 HTTP/1.1" 200 28 "http://renault.2web.at/10201633" "Mozilla/5.0 (Windows NT 6.1; Win64; x64; rv:65.0) Gecko/20100101 Firefox/65.0"
213.153.47.173 - - [19/Feb/2019:14:44:16 +0100] "GET /reload?ser=1550583856214 HTTP/1.1" 200 28 "http://renault.activities.at/login?required=true" "Mozilla/5.0 (Windows NT 10.0; Win64; x64; rv:65.0) Gecko/20100101 Firefox/65.0"
185.22.23.252 - - [19/Feb/2019:14:44:38 +0100] "GET /reload?ser=1550583878060 HTTP/1.1" 200 28 "http://renault.activities.at/success" "Mozilla/5.0 (Windows NT 6.3; WOW64; Trident/7.0; rv:11.0) like Gecko"
80.123.221.50 - - [19/Feb/2019:14:45:01 +0100] "GET /reload?ser=1550584076441 HTTP/1.1" 200 28 "http://renault.2web.at/10201633" "Mozilla/5.0 (Windows NT 6.1; Win64; x64; rv:65.0) Gecko/20100101 Firefox/65.0"
213.153.47.173 - - [19/Feb/2019:14:45:16 +0100] "GET /reload?ser=1550583916874 HTTP/1.1" 200 28 "http://renault.activities.at/login?required=true" "Mozilla/5.0 (Windows NT 10.0; Win64; x64; rv:65.0) Gecko/20100101 Firefox/65.0"
185.22.23.252 - - [19/Feb/2019:14:45:39 +0100] "GET /reload?ser=1550583939015 HTTP/1.1" 200 28 "http://renault.activities.at/success" "Mozilla/5.0 (Windows NT 6.3; WOW64; Trident/7.0; rv:11.0) like Gecko"
80.123.221.50 - - [19/Feb/2019:14:46:02 +0100] "GET /reload?ser=1550584137380 HTTP/1.1" 200 28 "http://renault.2web.at/10201633" "Mozilla/5.0 (Windows NT 6.1; Win64; x64; rv:65.0) Gecko/20100101 Firefox/65.0"
213.153.47.173 - - [19/Feb/2019:14:46:17 +0100] "GET /reload?ser=1550583977543 HTTP/1.1" 200 28 "http://renault.activities.at/login?required=true" "Mozilla/5.0 (Windows NT 10.0; Win64; x64; rv:65.0) Gecko/20100101 Firefox/65.0"
185.22.23.252 - - [19/Feb/2019:14:46:39 +0100] "GET /reload?ser=1550583999968 HTTP/1.1" 200 28 "http://renault.activities.at/success" "Mozilla/5.0 (Windows NT 6.3; WOW64; Trident/7.0; rv:11.0) like Gecko"
80.123.221.50 - - [19/Feb/2019:14:47:03 +0100] "GET /reload?ser=1550584198330 HTTP/1.1" 200 28 "http://renault.2web.at/10201633" "Mozilla/5.0 (Windows NT 6.1; Win64; x64; rv:65.0) Gecko/20100101 Firefox/65.0"
213.153.47.173 - - [19/Feb/2019:14:47:18 +0100] "GET /reload?ser=1550584038193 HTTP/1.1" 200 28 "http://renault.activities.at/login?required=true" "Mozilla/5.0 (Windows NT 10.0; Win64; x64; rv:65.0) Gecko/20100101 Firefox/65.0"
185.22.23.252 - - [19/Feb/2019:14:47:40 +0100] "GET /reload?ser=1550584060892 HTTP/1.1" 200 28 "http://renault.activities.at/success" "Mozilla/5.0 (Windows NT 6.3; WOW64; Trident/7.0; rv:11.0) like Gecko"
80.123.221.50 - - [19/Feb/2019:14:48:04 +0100] "GET /reload?ser=1550584259280 HTTP/1.1" 200 28 "http://renault.2web.at/10201633" "Mozilla/5.0 (Windows NT 6.1; Win64; x64; rv:65.0) Gecko/20100101 Firefox/65.0"
213.153.47.173 - - [19/Feb/2019:14:48:18 +0100] "GET /reload?ser=1550584098853 HTTP/1.1" 200 28 "http://renault.activities.at/login?required=true" "Mozilla/5.0 (Windows NT 10.0; Win64; x64; rv:65.0) Gecko/20100101 Firefox/65.0"
185.22.23.252 - - [19/Feb/2019:14:48:41 +0100] "GET /reload?ser=1550584121810 HTTP/1.1" 200 28 "http://renault.activities.at/success" "Mozilla/5.0 (Windows NT 6.3; WOW64; Trident/7.0; rv:11.0) like Gecko"
80.123.221.50 - - [19/Feb/2019:14:49:05 +0100] "GET /reload?ser=1550584320259 HTTP/1.1" 200 28 "http://renault.2web.at/10201633" "Mozilla/5.0 (Windows NT 6.1; Win64; x64; rv:65.0) Gecko/20100101 Firefox/65.0"
213.153.47.173 - - [19/Feb/2019:14:49:19 +0100] "GET /reload?ser=1550584159533 HTTP/1.1" 200 28 "http://renault.activities.at/login?required=true" "Mozilla/5.0 (Windows NT 10.0; Win64; x64; rv:65.0) Gecko/20100101 Firefox/65.0"
185.22.23.252 - - [19/Feb/2019:14:49:42 +0100] "GET /reload?ser=1550584182739 HTTP/1.1" 200 28 "http://renault.activities.at/success" "Mozilla/5.0 (Windows NT 6.3; WOW64; Trident/7.0; rv:11.0) like Gecko"
80.123.221.50 - - [19/Feb/2019:14:50:06 +0100] "GET /reload?ser=1550584381259 HTTP/1.1" 200 28 "http://renault.2web.at/10201633" "Mozilla/5.0 (Windows NT 6.1; Win64; x64; rv:65.0) Gecko/20100101 Firefox/65.0"
213.153.47.173 - - [19/Feb/2019:14:50:20 +0100] "GET /reload?ser=1550584220193 HTTP/1.1" 200 28 "http://renault.activities.at/login?required=true" "Mozilla/5.0 (Windows NT 10.0; Win64; x64; rv:65.0) Gecko/20100101 Firefox/65.0"
185.22.23.252 - - [19/Feb/2019:14:50:43 +0100] "GET /reload?ser=1550584243639 HTTP/1.1" 200 28 "http://renault.activities.at/success" "Mozilla/5.0 (Windows NT 6.3; WOW64; Trident/7.0; rv:11.0) like Gecko"
80.123.221.50 - - [19/Feb/2019:14:51:07 +0100] "GET /reload?ser=1550584442218 HTTP/1.1" 200 28 "http://renault.2web.at/10201633" "Mozilla/5.0 (Windows NT 6.1; Win64; x64; rv:65.0) Gecko/20100101 Firefox/65.0"
213.153.47.173 - - [19/Feb/2019:14:51:20 +0100] "GET /reload?ser=1550584280863 HTTP/1.1" 200 28 "http://renault.activities.at/login?required=true" "Mozilla/5.0 (Windows NT 10.0; Win64; x64; rv:65.0) Gecko/20100101 Firefox/65.0"
185.22.23.252 - - [19/Feb/2019:14:51:44 +0100] "GET /reload?ser=1550584304568 HTTP/1.1" 200 28 "http://renault.activities.at/success" "Mozilla/5.0 (Windows NT 6.3; WOW64; Trident/7.0; rv:11.0) like Gecko"
80.123.221.50 - - [19/Feb/2019:14:52:08 +0100] "GET /reload?ser=1550584503187 HTTP/1.1" 200 28 "http://renault.2web.at/10201633" "Mozilla/5.0 (Windows NT 6.1; Win64; x64; rv:65.0) Gecko/20100101 Firefox/65.0"
213.153.47.173 - - [19/Feb/2019:14:52:21 +0100] "GET /reload?ser=1550584341534 HTTP/1.1" 200 28 "http://renault.activities.at/login?required=true" "Mozilla/5.0 (Windows NT 10.0; Win64; x64; rv:65.0) Gecko/20100101 Firefox/65.0"
185.22.23.252 - - [19/Feb/2019:14:52:45 +0100] "GET /reload?ser=1550584365553 HTTP/1.1" 200 28 "http://renault.activities.at/success" "Mozilla/5.0 (Windows NT 6.3; WOW64; Trident/7.0; rv:11.0) like Gecko"
80.123.221.50 - - [19/Feb/2019:14:53:09 +0100] "GET /reload?ser=1550584564227 HTTP/1.1" 200 28 "http://renault.2web.at/10201633" "Mozilla/5.0 (Windows NT 6.1; Win64; x64; rv:65.0) Gecko/20100101 Firefox/65.0"
213.153.47.173 - - [19/Feb/2019:14:53:22 +0100] "GET /reload?ser=1550584402214 HTTP/1.1" 200 28 "http://renault.activities.at/login?required=true" "Mozilla/5.0 (Windows NT 10.0; Win64; x64; rv:65.0) Gecko/20100101 Firefox/65.0"
185.22.23.252 - - [19/Feb/2019:14:53:46 +0100] "GET /reload?ser=1550584426477 HTTP/1.1" 200 28 "http://renault.activities.at/success" "Mozilla/5.0 (Windows NT 6.3; WOW64; Trident/7.0; rv:11.0) like Gecko"
80.123.221.50 - - [19/Feb/2019:14:54:10 +0100] "GET /reload?ser=1550584625178 HTTP/1.1" 200 28 "http://renault.2web.at/10201633" "Mozilla/5.0 (Windows NT 6.1; Win64; x64; rv:65.0) Gecko/20100101 Firefox/65.0"
213.153.47.173 - - [19/Feb/2019:14:54:22 +0100] "GET /reload?ser=1550584462894 HTTP/1.1" 200 28 "http://renault.activities.at/login?required=true" "Mozilla/5.0 (Windows NT 10.0; Win64; x64; rv:65.0) Gecko/20100101 Firefox/65.0"
185.22.23.252 - - [19/Feb/2019:14:54:47 +0100] "GET /reload?ser=1550584487431 HTTP/1.1" 200 28 "http://renault.activities.at/success" "Mozilla/5.0 (Windows NT 6.3; WOW64; Trident/7.0; rv:11.0) like Gecko"
80.123.221.50 - - [19/Feb/2019:14:55:11 +0100] "GET /reload?ser=1550584686258 HTTP/1.1" 200 28 "http://renault.2web.at/10201633" "Mozilla/5.0 (Windows NT 6.1; Win64; x64; rv:65.0) Gecko/20100101 Firefox/65.0"
213.153.47.173 - - [19/Feb/2019:14:55:23 +0100] "GET /reload?ser=1550584523585 HTTP/1.1" 200 28 "http://renault.activities.at/login?required=true" "Mozilla/5.0 (Windows NT 10.0; Win64; x64; rv:65.0) Gecko/20100101 Firefox/65.0"
185.22.23.252 - - [19/Feb/2019:14:55:48 +0100] "GET /reload?ser=1550584548338 HTTP/1.1" 200 28 "http://renault.activities.at/success" "Mozilla/5.0 (Windows NT 6.3; WOW64; Trident/7.0; rv:11.0) like Gecko"
80.123.221.50 - - [19/Feb/2019:14:56:12 +0100] "GET /reload?ser=1550584747237 HTTP/1.1" 200 28 "http://renault.2web.at/10201633" "Mozilla/5.0 (Windows NT 6.1; Win64; x64; rv:65.0) Gecko/20100101 Firefox/65.0"
213.153.47.173 - - [19/Feb/2019:14:56:24 +0100] "GET /reload?ser=1550584584266 HTTP/1.1" 200 28 "http://renault.activities.at/login?required=true" "Mozilla/5.0 (Windows NT 10.0; Win64; x64; rv:65.0) Gecko/20100101 Firefox/65.0"
185.22.23.252 - - [19/Feb/2019:14:56:49 +0100] "GET /reload?ser=1550584609276 HTTP/1.1" 200 28 "http://renault.activities.at/success" "Mozilla/5.0 (Windows NT 6.3; WOW64; Trident/7.0; rv:11.0) like Gecko"
80.123.221.50 - - [19/Feb/2019:14:57:13 +0100] "GET /reload?ser=1550584808437 HTTP/1.1" 200 28 "http://renault.2web.at/10201633" "Mozilla/5.0 (Windows NT 6.1; Win64; x64; rv:65.0) Gecko/20100101 Firefox/65.0"
213.153.47.173 - - [19/Feb/2019:14:57:24 +0100] "GET /reload?ser=1550584644936 HTTP/1.1" 200 28 "http://renault.activities.at/login?required=true" "Mozilla/5.0 (Windows NT 10.0; Win64; x64; rv:65.0) Gecko/20100101 Firefox/65.0"
83.175.113.91 - - [19/Feb/2019:14:57:44 +0100] "GET / HTTP/1.1" 200 3604 "-" "Mozilla/5.0 (Windows NT 10.0; WOW64; Trident/7.0; Touch; rv:11.0) like Gecko"
83.175.113.91 - - [19/Feb/2019:14:57:45 +0100] "GET /js/default.js HTTP/1.1" 200 14698 "http://renault.activities.at/" "Mozilla/5.0 (Windows NT 10.0; WOW64; Trident/7.0; Touch; rv:11.0) like Gecko"
83.175.113.91 - - [19/Feb/2019:14:57:45 +0100] "GET /js/flashdetection.js HTTP/1.1" 200 1059 "http://renault.activities.at/" "Mozilla/5.0 (Windows NT 10.0; WOW64; Trident/7.0; Touch; rv:11.0) like Gecko"
83.175.113.91 - - [19/Feb/2019:14:57:45 +0100] "GET /css/reset.css HTTP/1.1" 200 1356 "http://renault.activities.at/" "Mozilla/5.0 (Windows NT 10.0; WOW64; Trident/7.0; Touch; rv:11.0) like Gecko"
83.175.113.91 - - [19/Feb/2019:14:57:45 +0100] "GET /css/clears.css HTTP/1.1" 200 851 "http://renault.activities.at/" "Mozilla/5.0 (Windows NT 10.0; WOW64; Trident/7.0; Touch; rv:11.0) like Gecko"
83.175.113.91 - - [19/Feb/2019:14:57:45 +0100] "GET /css/styles.css HTTP/1.1" 200 14664 "http://renault.activities.at/" "Mozilla/5.0 (Windows NT 10.0; WOW64; Trident/7.0; Touch; rv:11.0) like Gecko"
83.175.113.91 - - [19/Feb/2019:14:57:45 +0100] "GET /js/checkout.css HTTP/1.1" 200 359 "http://renault.activities.at/" "Mozilla/5.0 (Windows NT 10.0; WOW64; Trident/7.0; Touch; rv:11.0) like Gecko"
83.175.113.91 - - [19/Feb/2019:14:57:45 +0100] "GET /css/prototip.css HTTP/1.1" 200 968 "http://renault.activities.at/" "Mozilla/5.0 (Windows NT 10.0; WOW64; Trident/7.0; Touch; rv:11.0) like Gecko"
83.175.113.91 - - [19/Feb/2019:14:57:45 +0100] "GET /css/print.css HTTP/1.1" 200 543 "http://renault.activities.at/" "Mozilla/5.0 (Windows NT 10.0; WOW64; Trident/7.0; Touch; rv:11.0) like Gecko"
83.175.113.91 - - [19/Feb/2019:14:57:45 +0100] "GET /js/index.php?c=auto&f=,prototype/prototype.js,prototype/validation.js,scriptaculous/builder.js,scriptaculous/effects.js,scriptaculous/dragdrop.js,scriptaculous/controls.js,scriptaculous/slider.js,varien/js.js,varien/form.js,varien/menu.js,mage/translate.js,mage/cookies.js,varien/product.js,spinner/SpinnerControl.jsmin.js,prototype/window.js,prototype/window_ext.js HTTP/1.1" 200 94182 "http://renault.activities.at/" "Mozilla/5.0 (Windows NT 10.0; WOW64; Trident/7.0; Touch; rv:11.0) like Gecko"
83.175.113.91 - - [19/Feb/2019:14:57:45 +0100] "GET /css/themes/default.css HTTP/1.1" 200 769 "http://renault.activities.at/" "Mozilla/5.0 (Windows NT 10.0; WOW64; Trident/7.0; Touch; rv:11.0) like Gecko"
83.175.113.91 - - [19/Feb/2019:14:57:45 +0100] "GET /css/themes/alphacube.css HTTP/1.1" 200 743 "http://renault.activities.at/" "Mozilla/5.0 (Windows NT 10.0; WOW64; Trident/7.0; Touch; rv:11.0) like Gecko"
83.175.113.91 - - [19/Feb/2019:14:57:45 +0100] "GET /images/main_block_border.gif HTTP/1.1" 200 43 "http://renault.activities.at/" "Mozilla/5.0 (Windows NT 10.0; WOW64; Trident/7.0; Touch; rv:11.0) like Gecko"
83.175.113.91 - - [19/Feb/2019:14:57:45 +0100] "GET /images/main_block_corner_left_bot.gif HTTP/1.1" 200 159 "http://renault.activities.at/" "Mozilla/5.0 (Windows NT 10.0; WOW64; Trident/7.0; Touch; rv:11.0) like Gecko"
83.175.113.91 - - [19/Feb/2019:14:57:45 +0100] "GET /images/header_block_corner_left_top.gif HTTP/1.1" 200 160 "http://renault.activities.at/" "Mozilla/5.0 (Windows NT 10.0; WOW64; Trident/7.0; Touch; rv:11.0) like Gecko"
83.175.113.91 - - [19/Feb/2019:14:57:45 +0100] "GET /images/header_block_corner_right_top.gif HTTP/1.1" 200 160 "http://renault.activities.at/" "Mozilla/5.0 (Windows NT 10.0; WOW64; Trident/7.0; Touch; rv:11.0) like Gecko"
83.175.113.91 - - [19/Feb/2019:14:57:45 +0100] "GET /images/main_block_corner_right_bot.gif HTTP/1.1" 200 158 "http://renault.activities.at/" "Mozilla/5.0 (Windows NT 10.0; WOW64; Trident/7.0; Touch; rv:11.0) like Gecko"
83.175.113.91 - - [19/Feb/2019:14:57:45 +0100] "GET /images/header_block_border.gif HTTP/1.1" 200 43 "http://renault.activities.at/" "Mozilla/5.0 (Windows NT 10.0; WOW64; Trident/7.0; Touch; rv:11.0) like Gecko"
83.175.113.91 - - [19/Feb/2019:14:57:45 +0100] "GET /images/favicon.ico HTTP/1.1" 404 305 "-" "Mozilla/5.0 (Windows NT 10.0; Win64; x64; Trident/7.0; Touch; rv:11.0) like Gecko"
83.175.113.91 - - [19/Feb/2019:14:57:46 +0100] "GET /images/title_corner_left_top.jpg HTTP/1.1" 200 372 "http://renault.activities.at/" "Mozilla/5.0 (Windows NT 10.0; WOW64; Trident/7.0; Touch; rv:11.0) like Gecko"
83.175.113.91 - - [19/Feb/2019:14:57:46 +0100] "GET /images/main_block_corner_left_top.gif HTTP/1.1" 200 159 "http://renault.activities.at/" "Mozilla/5.0 (Windows NT 10.0; WOW64; Trident/7.0; Touch; rv:11.0) like Gecko"
83.175.113.91 - - [19/Feb/2019:14:57:46 +0100] "GET /images/title_border.jpg HTTP/1.1" 200 304 "http://renault.activities.at/" "Mozilla/5.0 (Windows NT 10.0; WOW64; Trident/7.0; Touch; rv:11.0) like Gecko"
83.175.113.91 - - [19/Feb/2019:14:57:46 +0100] "GET /images/main_block_corner_right_top.gif HTTP/1.1" 200 159 "http://renault.activities.at/" "Mozilla/5.0 (Windows NT 10.0; WOW64; Trident/7.0; Touch; rv:11.0) like Gecko"
83.175.113.91 - - [19/Feb/2019:14:57:46 +0100] "GET /images/title_border_top.jpg HTTP/1.1" 200 336 "http://renault.activities.at/" "Mozilla/5.0 (Windows NT 10.0; WOW64; Trident/7.0; Touch; rv:11.0) like Gecko"
83.175.113.91 - - [19/Feb/2019:14:57:46 +0100] "GET /images/title_corner_right_top.jpg HTTP/1.1" 200 389 "http://renault.activities.at/" "Mozilla/5.0 (Windows NT 10.0; WOW64; Trident/7.0; Touch; rv:11.0) like Gecko"
83.175.113.91 - - [19/Feb/2019:14:57:46 +0100] "GET /loadthumbnail.php?id=11127982 HTTP/1.1" 200 399614 "http://renault.activities.at/" "Mozilla/5.0 (Windows NT 10.0; WOW64; Trident/7.0; Touch; rv:11.0) like Gecko"
185.22.23.252 - - [19/Feb/2019:14:57:50 +0100] "GET /reload?ser=1550584670215 HTTP/1.1" 200 28 "http://renault.activities.at/success" "Mozilla/5.0 (Windows NT 6.3; WOW64; Trident/7.0; rv:11.0) like Gecko"
80.123.221.50 - - [19/Feb/2019:14:58:15 +0100] "GET /reload?ser=1550584869427 HTTP/1.1" 200 28 "http://renault.2web.at/10201633" "Mozilla/5.0 (Windows NT 6.1; Win64; x64; rv:65.0) Gecko/20100101 Firefox/65.0"
213.153.47.173 - - [19/Feb/2019:14:58:25 +0100] "GET /reload?ser=1550584705586 HTTP/1.1" 200 28 "http://renault.activities.at/login?required=true" "Mozilla/5.0 (Windows NT 10.0; Win64; x64; rv:65.0) Gecko/20100101 Firefox/65.0"
185.22.23.252 - - [19/Feb/2019:14:58:51 +0100] "GET /reload?ser=1550584731147 HTTP/1.1" 200 28 "http://renault.activities.at/success" "Mozilla/5.0 (Windows NT 6.3; WOW64; Trident/7.0; rv:11.0) like Gecko"
80.123.221.50 - - [19/Feb/2019:14:59:15 +0100] "GET /reload?ser=1550584930458 HTTP/1.1" 200 28 "http://renault.2web.at/10201633" "Mozilla/5.0 (Windows NT 6.1; Win64; x64; rv:65.0) Gecko/20100101 Firefox/65.0"
213.153.47.173 - - [19/Feb/2019:14:59:26 +0100] "GET /reload?ser=1550584766257 HTTP/1.1" 200 28 "http://renault.activities.at/login?required=true" "Mozilla/5.0 (Windows NT 10.0; Win64; x64; rv:65.0) Gecko/20100101 Firefox/65.0"
185.22.23.252 - - [19/Feb/2019:14:59:52 +0100] "GET /reload?ser=1550584792102 HTTP/1.1" 200 28 "http://renault.activities.at/success" "Mozilla/5.0 (Windows NT 6.3; WOW64; Trident/7.0; rv:11.0) like Gecko"
80.123.221.50 - - [19/Feb/2019:15:00:16 +0100] "GET /reload?ser=1550584991428 HTTP/1.1" 200 28 "http://renault.2web.at/10201633" "Mozilla/5.0 (Windows NT 6.1; Win64; x64; rv:65.0) Gecko/20100101 Firefox/65.0"
213.153.47.173 - - [19/Feb/2019:15:00:26 +0100] "GET /reload?ser=1550584826927 HTTP/1.1" 200 28 "http://renault.activities.at/login?required=true" "Mozilla/5.0 (Windows NT 10.0; Win64; x64; rv:65.0) Gecko/20100101 Firefox/65.0"
185.22.23.252 - - [19/Feb/2019:15:00:53 +0100] "GET /reload?ser=1550584853060 HTTP/1.1" 200 28 "http://renault.activities.at/success" "Mozilla/5.0 (Windows NT 6.3; WOW64; Trident/7.0; rv:11.0) like Gecko"
80.123.221.50 - - [19/Feb/2019:15:01:17 +0100] "GET /reload?ser=1550585052387 HTTP/1.1" 200 28 "http://renault.2web.at/10201633" "Mozilla/5.0 (Windows NT 6.1; Win64; x64; rv:65.0) Gecko/20100101 Firefox/65.0"
213.153.47.173 - - [19/Feb/2019:15:01:27 +0100] "GET /reload?ser=1550584887597 HTTP/1.1" 200 28 "http://renault.activities.at/login?required=true" "Mozilla/5.0 (Windows NT 10.0; Win64; x64; rv:65.0) Gecko/20100101 Firefox/65.0"
185.22.23.252 - - [19/Feb/2019:15:01:53 +0100] "GET /reload?ser=1550584913968 HTTP/1.1" 200 28 "http://renault.activities.at/success" "Mozilla/5.0 (Windows NT 6.3; WOW64; Trident/7.0; rv:11.0) like Gecko"
80.123.221.50 - - [19/Feb/2019:15:02:18 +0100] "GET /reload?ser=1550585113307 HTTP/1.1" 200 28 "http://renault.2web.at/10201633" "Mozilla/5.0 (Windows NT 6.1; Win64; x64; rv:65.0) Gecko/20100101 Firefox/65.0"
213.153.47.173 - - [19/Feb/2019:15:02:28 +0100] "GET /reload?ser=1550584948267 HTTP/1.1" 200 28 "http://renault.activities.at/login?required=true" "Mozilla/5.0 (Windows NT 10.0; Win64; x64; rv:65.0) Gecko/20100101 Firefox/65.0"
185.22.23.252 - - [19/Feb/2019:15:02:54 +0100] "GET /reload?ser=1550584974908 HTTP/1.1" 200 28 "http://renault.activities.at/success" "Mozilla/5.0 (Windows NT 6.3; WOW64; Trident/7.0; rv:11.0) like Gecko"
207.46.13.38 - - [19/Feb/2019:15:02:54 +0100] "GET /10260004?cat=10260291 HTTP/1.1" 200 4836 "-" "Mozilla/5.0 (compatible; bingbot/2.0; +http://www.bing.com/bingbot.htm)"
207.46.13.210 - - [19/Feb/2019:15:03:09 +0100] "GET /css/themes/default.css HTTP/1.1" 200 769 "-" "Mozilla/5.0 (compatible; bingbot/2.0; +http://www.bing.com/bingbot.htm)"
207.46.13.210 - - [19/Feb/2019:15:03:09 +0100] "GET /js/prototip.js HTTP/1.1" 200 4588 "-" "Mozilla/5.0 (compatible; bingbot/2.0; +http://www.bing.com/bingbot.htm)"
207.46.13.38 - - [19/Feb/2019:15:03:14 +0100] "GET /js/index.php?c=auto&f=,prototype/prototype.js,prototype/validation.js,scriptaculous/builder.js,scriptaculous/effects.js,scriptaculous/dragdrop.js,scriptaculous/controls.js,scriptaculous/slider.js,varien/js.js,varien/form.js,varien/menu.js,mage/translate.js,mage/cookies.js,varien/product.js,spinner/SpinnerControl.jsmin.js,prototype/window.js,prototype/window_ext.js HTTP/1.1" 200 94182 "-" "Mozilla/5.0 (compatible; bingbot/2.0; +http://www.bing.com/bingbot.htm)"
80.123.221.50 - - [19/Feb/2019:15:03:19 +0100] "GET /reload?ser=1550585174286 HTTP/1.1" 200 28 "http://renault.2web.at/10201633" "Mozilla/5.0 (Windows NT 6.1; Win64; x64; rv:65.0) Gecko/20100101 Firefox/65.0"
213.153.47.173 - - [19/Feb/2019:15:03:28 +0100] "GET /reload?ser=1550585008928 HTTP/1.1" 200 28 "http://renault.activities.at/login?required=true" "Mozilla/5.0 (Windows NT 10.0; Win64; x64; rv:65.0) Gecko/20100101 Firefox/65.0"
185.22.23.252 - - [19/Feb/2019:15:03:55 +0100] "GET /reload?ser=1550585035847 HTTP/1.1" 200 28 "http://renault.activities.at/success" "Mozilla/5.0 (Windows NT 6.3; WOW64; Trident/7.0; rv:11.0) like Gecko"
80.123.221.50 - - [19/Feb/2019:15:04:20 +0100] "GET /reload?ser=1550585235285 HTTP/1.1" 200 28 "http://renault.2web.at/10201633" "Mozilla/5.0 (Windows NT 6.1; Win64; x64; rv:65.0) Gecko/20100101 Firefox/65.0"
213.153.47.173 - - [19/Feb/2019:15:04:29 +0100] "GET /reload?ser=1550585069608 HTTP/1.1" 200 28 "http://renault.activities.at/login?required=true" "Mozilla/5.0 (Windows NT 10.0; Win64; x64; rv:65.0) Gecko/20100101 Firefox/65.0"
185.22.23.252 - - [19/Feb/2019:15:04:56 +0100] "GET /reload?ser=1550585096753 HTTP/1.1" 200 28 "http://renault.activities.at/success" "Mozilla/5.0 (Windows NT 6.3; WOW64; Trident/7.0; rv:11.0) like Gecko"
80.123.221.50 - - [19/Feb/2019:15:05:21 +0100] "GET /reload?ser=1550585296255 HTTP/1.1" 200 28 "http://renault.2web.at/10201633" "Mozilla/5.0 (Windows NT 6.1; Win64; x64; rv:65.0) Gecko/20100101 Firefox/65.0"
213.153.47.173 - - [19/Feb/2019:15:05:30 +0100] "GET /reload?ser=1550585130288 HTTP/1.1" 200 28 "http://renault.activities.at/login?required=true" "Mozilla/5.0 (Windows NT 10.0; Win64; x64; rv:65.0) Gecko/20100101 Firefox/65.0"
185.22.23.252 - - [19/Feb/2019:15:05:57 +0100] "GET /reload?ser=1550585157722 HTTP/1.1" 200 28 "http://renault.activities.at/success" "Mozilla/5.0 (Windows NT 6.3; WOW64; Trident/7.0; rv:11.0) like Gecko"
80.123.221.50 - - [19/Feb/2019:15:06:22 +0100] "GET /reload?ser=1550585357274 HTTP/1.1" 200 28 "http://renault.2web.at/10201633" "Mozilla/5.0 (Windows NT 6.1; Win64; x64; rv:65.0) Gecko/20100101 Firefox/65.0"
213.153.47.173 - - [19/Feb/2019:15:06:31 +0100] "GET /reload?ser=1550585190939 HTTP/1.1" 200 28 "http://renault.activities.at/login?required=true" "Mozilla/5.0 (Windows NT 10.0; Win64; x64; rv:65.0) Gecko/20100101 Firefox/65.0"
185.22.23.252 - - [19/Feb/2019:15:06:58 +0100] "GET /reload?ser=1550585218676 HTTP/1.1" 200 28 "http://renault.activities.at/success" "Mozilla/5.0 (Windows NT 6.3; WOW64; Trident/7.0; rv:11.0) like Gecko"
80.123.221.50 - - [19/Feb/2019:15:07:23 +0100] "GET /reload?ser=1550585418254 HTTP/1.1" 200 28 "http://renault.2web.at/10201633" "Mozilla/5.0 (Windows NT 6.1; Win64; x64; rv:65.0) Gecko/20100101 Firefox/65.0"
213.153.47.173 - - [19/Feb/2019:15:07:31 +0100] "GET /reload?ser=1550585251599 HTTP/1.1" 200 28 "http://renault.activities.at/login?required=true" "Mozilla/5.0 (Windows NT 10.0; Win64; x64; rv:65.0) Gecko/20100101 Firefox/65.0"
185.22.23.252 - - [19/Feb/2019:15:07:59 +0100] "GET /reload?ser=1550585279615 HTTP/1.1" 200 28 "http://renault.activities.at/success" "Mozilla/5.0 (Windows NT 6.3; WOW64; Trident/7.0; rv:11.0) like Gecko"
80.123.221.50 - - [19/Feb/2019:15:08:24 +0100] "GET /reload?ser=1550585479214 HTTP/1.1" 200 28 "http://renault.2web.at/10201633" "Mozilla/5.0 (Windows NT 6.1; Win64; x64; rv:65.0) Gecko/20100101 Firefox/65.0"
213.153.47.173 - - [19/Feb/2019:15:08:32 +0100] "GET /reload?ser=1550585312269 HTTP/1.1" 200 28 "http://renault.activities.at/login?required=true" "Mozilla/5.0 (Windows NT 10.0; Win64; x64; rv:65.0) Gecko/20100101 Firefox/65.0"
185.22.23.252 - - [19/Feb/2019:15:09:00 +0100] "GET /reload?ser=1550585340570 HTTP/1.1" 200 28 "http://renault.activities.at/success" "Mozilla/5.0 (Windows NT 6.3; WOW64; Trident/7.0; rv:11.0) like Gecko"
80.123.221.50 - - [19/Feb/2019:15:09:25 +0100] "GET /reload?ser=1550585540193 HTTP/1.1" 200 28 "http://renault.2web.at/10201633" "Mozilla/5.0 (Windows NT 6.1; Win64; x64; rv:65.0) Gecko/20100101 Firefox/65.0"
213.153.47.173 - - [19/Feb/2019:15:09:32 +0100] "GET /reload?ser=1550585372929 HTTP/1.1" 200 28 "http://renault.activities.at/login?required=true" "Mozilla/5.0 (Windows NT 10.0; Win64; x64; rv:65.0) Gecko/20100101 Firefox/65.0"
185.22.23.252 - - [19/Feb/2019:15:10:01 +0100] "GET /reload?ser=1550585401508 HTTP/1.1" 200 28 "http://renault.activities.at/success" "Mozilla/5.0 (Windows NT 6.3; WOW64; Trident/7.0; rv:11.0) like Gecko"
80.123.221.50 - - [19/Feb/2019:15:10:26 +0100] "GET /reload?ser=1550585601192 HTTP/1.1" 200 28 "http://renault.2web.at/10201633" "Mozilla/5.0 (Windows NT 6.1; Win64; x64; rv:65.0) Gecko/20100101 Firefox/65.0"
213.153.47.173 - - [19/Feb/2019:15:10:33 +0100] "GET /reload?ser=1550585433579 HTTP/1.1" 200 28 "http://renault.activities.at/login?required=true" "Mozilla/5.0 (Windows NT 10.0; Win64; x64; rv:65.0) Gecko/20100101 Firefox/65.0"
185.22.23.252 - - [19/Feb/2019:15:11:02 +0100] "GET /reload?ser=1550585462447 HTTP/1.1" 200 28 "http://renault.activities.at/success" "Mozilla/5.0 (Windows NT 6.3; WOW64; Trident/7.0; rv:11.0) like Gecko"
80.123.221.50 - - [19/Feb/2019:15:11:27 +0100] "GET /reload?ser=1550585662162 HTTP/1.1" 200 28 "http://renault.2web.at/10201633" "Mozilla/5.0 (Windows NT 6.1; Win64; x64; rv:65.0) Gecko/20100101 Firefox/65.0"
213.153.47.173 - - [19/Feb/2019:15:11:34 +0100] "GET /reload?ser=1550585494249 HTTP/1.1" 200 28 "http://renault.activities.at/login?required=true" "Mozilla/5.0 (Windows NT 10.0; Win64; x64; rv:65.0) Gecko/20100101 Firefox/65.0"
185.22.23.252 - - [19/Feb/2019:15:12:03 +0100] "GET /reload?ser=1550585523384 HTTP/1.1" 200 28 "http://renault.activities.at/success" "Mozilla/5.0 (Windows NT 6.3; WOW64; Trident/7.0; rv:11.0) like Gecko"
80.123.221.50 - - [19/Feb/2019:15:12:28 +0100] "GET /reload?ser=1550585723142 HTTP/1.1" 200 28 "http://renault.2web.at/10201633" "Mozilla/5.0 (Windows NT 6.1; Win64; x64; rv:65.0) Gecko/20100101 Firefox/65.0"
213.153.47.173 - - [19/Feb/2019:15:12:34 +0100] "GET /reload?ser=1550585554895 HTTP/1.1" 200 28 "http://renault.activities.at/login?required=true" "Mozilla/5.0 (Windows NT 10.0; Win64; x64; rv:65.0) Gecko/20100101 Firefox/65.0"
185.22.23.252 - - [19/Feb/2019:15:13:04 +0100] "GET /reload?ser=1550585584341 HTTP/1.1" 200 28 "http://renault.activities.at/success" "Mozilla/5.0 (Windows NT 6.3; WOW64; Trident/7.0; rv:11.0) like Gecko"
80.123.221.50 - - [19/Feb/2019:15:13:29 +0100] "GET /reload?ser=1550585784101 HTTP/1.1" 200 28 "http://renault.2web.at/10201633" "Mozilla/5.0 (Windows NT 6.1; Win64; x64; rv:65.0) Gecko/20100101 Firefox/65.0"
213.153.47.173 - - [19/Feb/2019:15:13:35 +0100] "GET /reload?ser=1550585615559 HTTP/1.1" 200 28 "http://renault.activities.at/login?required=true" "Mozilla/5.0 (Windows NT 10.0; Win64; x64; rv:65.0) Gecko/20100101 Firefox/65.0"
185.22.23.252 - - [19/Feb/2019:15:14:05 +0100] "GET /reload?ser=1550585645325 HTTP/1.1" 200 28 "http://renault.activities.at/success" "Mozilla/5.0 (Windows NT 6.3; WOW64; Trident/7.0; rv:11.0) like Gecko"
80.123.221.50 - - [19/Feb/2019:15:14:30 +0100] "GET /reload?ser=1550585845080 HTTP/1.1" 200 28 "http://renault.2web.at/10201633" "Mozilla/5.0 (Windows NT 6.1; Win64; x64; rv:65.0) Gecko/20100101 Firefox/65.0"
213.153.47.173 - - [19/Feb/2019:15:14:36 +0100] "GET /reload?ser=1550585676229 HTTP/1.1" 200 28 "http://renault.activities.at/login?required=true" "Mozilla/5.0 (Windows NT 10.0; Win64; x64; rv:65.0) Gecko/20100101 Firefox/65.0"
185.22.23.252 - - [19/Feb/2019:15:15:06 +0100] "GET /reload?ser=1550585706295 HTTP/1.1" 200 28 "http://renault.activities.at/success" "Mozilla/5.0 (Windows NT 6.3; WOW64; Trident/7.0; rv:11.0) like Gecko"
80.123.221.50 - - [19/Feb/2019:15:15:31 +0100] "GET /reload?ser=1550585906040 HTTP/1.1" 200 28 "http://renault.2web.at/10201633" "Mozilla/5.0 (Windows NT 6.1; Win64; x64; rv:65.0) Gecko/20100101 Firefox/65.0"
213.153.47.173 - - [19/Feb/2019:15:15:36 +0100] "GET /reload?ser=1550585736899 HTTP/1.1" 200 28 "http://renault.activities.at/login?required=true" "Mozilla/5.0 (Windows NT 10.0; Win64; x64; rv:65.0) Gecko/20100101 Firefox/65.0"
185.22.23.252 - - [19/Feb/2019:15:16:07 +0100] "GET /reload?ser=1550585767265 HTTP/1.1" 200 28 "http://renault.activities.at/success" "Mozilla/5.0 (Windows NT 6.3; WOW64; Trident/7.0; rv:11.0) like Gecko"
80.123.221.50 - - [19/Feb/2019:15:16:32 +0100] "GET /reload?ser=1550585967041 HTTP/1.1" 200 28 "http://renault.2web.at/10201633" "Mozilla/5.0 (Windows NT 6.1; Win64; x64; rv:65.0) Gecko/20100101 Firefox/65.0"
213.153.47.173 - - [19/Feb/2019:15:16:37 +0100] "GET /reload?ser=1550585797569 HTTP/1.1" 200 28 "http://renault.activities.at/login?required=true" "Mozilla/5.0 (Windows NT 10.0; Win64; x64; rv:65.0) Gecko/20100101 Firefox/65.0"
185.22.23.252 - - [19/Feb/2019:15:17:08 +0100] "GET /reload?ser=1550585828204 HTTP/1.1" 200 28 "http://renault.activities.at/success" "Mozilla/5.0 (Windows NT 6.3; WOW64; Trident/7.0; rv:11.0) like Gecko"
80.123.221.50 - - [19/Feb/2019:15:17:33 +0100] "GET /reload?ser=1550586028340 HTTP/1.1" 200 28 "http://renault.2web.at/10201633" "Mozilla/5.0 (Windows NT 6.1; Win64; x64; rv:65.0) Gecko/20100101 Firefox/65.0"
213.153.47.173 - - [19/Feb/2019:15:17:38 +0100] "GET /reload?ser=1550585858250 HTTP/1.1" 200 28 "http://renault.activities.at/login?required=true" "Mozilla/5.0 (Windows NT 10.0; Win64; x64; rv:65.0) Gecko/20100101 Firefox/65.0"
185.22.23.252 - - [19/Feb/2019:15:18:09 +0100] "GET /reload?ser=1550585889110 HTTP/1.1" 200 28 "http://renault.activities.at/success" "Mozilla/5.0 (Windows NT 6.3; WOW64; Trident/7.0; rv:11.0) like Gecko"
80.123.221.50 - - [19/Feb/2019:15:18:34 +0100] "GET /reload?ser=1550586089280 HTTP/1.1" 200 28 "http://renault.2web.at/10201633" "Mozilla/5.0 (Windows NT 6.1; Win64; x64; rv:65.0) Gecko/20100101 Firefox/65.0"
213.153.47.173 - - [19/Feb/2019:15:18:38 +0100] "GET /reload?ser=1550585918909 HTTP/1.1" 200 28 "http://renault.activities.at/login?required=true" "Mozilla/5.0 (Windows NT 10.0; Win64; x64; rv:65.0) Gecko/20100101 Firefox/65.0"
185.22.23.252 - - [19/Feb/2019:15:19:10 +0100] "GET /reload?ser=1550585950079 HTTP/1.1" 200 28 "http://renault.activities.at/success" "Mozilla/5.0 (Windows NT 6.3; WOW64; Trident/7.0; rv:11.0) like Gecko"
80.123.221.50 - - [19/Feb/2019:15:19:35 +0100] "GET /reload?ser=1550586150260 HTTP/1.1" 200 28 "http://renault.2web.at/10201633" "Mozilla/5.0 (Windows NT 6.1; Win64; x64; rv:65.0) Gecko/20100101 Firefox/65.0"
213.153.47.173 - - [19/Feb/2019:15:19:39 +0100] "GET /reload?ser=1550585979569 HTTP/1.1" 200 28 "http://renault.activities.at/login?required=true" "Mozilla/5.0 (Windows NT 10.0; Win64; x64; rv:65.0) Gecko/20100101 Firefox/65.0"
185.22.23.252 - - [19/Feb/2019:15:20:11 +0100] "GET /reload?ser=1550586011018 HTTP/1.1" 200 28 "http://renault.activities.at/success" "Mozilla/5.0 (Windows NT 6.3; WOW64; Trident/7.0; rv:11.0) like Gecko"
80.123.221.50 - - [19/Feb/2019:15:20:36 +0100] "GET /reload?ser=1550586211220 HTTP/1.1" 200 28 "http://renault.2web.at/10201633" "Mozilla/5.0 (Windows NT 6.1; Win64; x64; rv:65.0) Gecko/20100101 Firefox/65.0"
213.153.47.173 - - [19/Feb/2019:15:20:40 +0100] "GET /reload?ser=1550586040249 HTTP/1.1" 200 28 "http://renault.activities.at/login?required=true" "Mozilla/5.0 (Windows NT 10.0; Win64; x64; rv:65.0) Gecko/20100101 Firefox/65.0"
185.22.23.252 - - [19/Feb/2019:15:21:11 +0100] "GET /reload?ser=1550586071924 HTTP/1.1" 200 28 "http://renault.activities.at/success" "Mozilla/5.0 (Windows NT 6.3; WOW64; Trident/7.0; rv:11.0) like Gecko"
80.123.221.50 - - [19/Feb/2019:15:21:37 +0100] "GET /reload?ser=1550586272208 HTTP/1.1" 200 28 "http://renault.2web.at/10201633" "Mozilla/5.0 (Windows NT 6.1; Win64; x64; rv:65.0) Gecko/20100101 Firefox/65.0"
213.153.47.173 - - [19/Feb/2019:15:21:40 +0100] "GET /reload?ser=1550586100910 HTTP/1.1" 200 28 "http://renault.activities.at/login?required=true" "Mozilla/5.0 (Windows NT 10.0; Win64; x64; rv:65.0) Gecko/20100101 Firefox/65.0"
185.22.23.252 - - [19/Feb/2019:15:22:10 +0100] "GET /logout HTTP/1.1" 302 140 "http://renault.activities.at/success" "Mozilla/5.0 (Windows NT 6.3; WOW64; Trident/7.0; rv:11.0) like Gecko"
185.22.23.252 - - [19/Feb/2019:15:22:11 +0100] "GET /logout HTTP/1.1" 200 1583 "http://renault.activities.at/success" "Mozilla/5.0 (Windows NT 6.3; WOW64; Trident/7.0; rv:11.0) like Gecko"
185.22.23.252 - - [19/Feb/2019:15:22:11 +0100] "GET /js/default.js HTTP/1.1" 304 - "http://renault.activities.at/logout" "Mozilla/5.0 (Windows NT 6.3; WOW64; Trident/7.0; rv:11.0) like Gecko"
185.22.23.252 - - [19/Feb/2019:15:22:11 +0100] "GET /css/reset.css HTTP/1.1" 304 - "http://renault.activities.at/logout" "Mozilla/5.0 (Windows NT 6.3; WOW64; Trident/7.0; rv:11.0) like Gecko"
185.22.23.252 - - [19/Feb/2019:15:22:11 +0100] "GET /css/styles.css HTTP/1.1" 304 - "http://renault.activities.at/logout" "Mozilla/5.0 (Windows NT 6.3; WOW64; Trident/7.0; rv:11.0) like Gecko"
185.22.23.252 - - [19/Feb/2019:15:22:11 +0100] "GET /css/clears.css HTTP/1.1" 304 - "http://renault.activities.at/logout" "Mozilla/5.0 (Windows NT 6.3; WOW64; Trident/7.0; rv:11.0) like Gecko"
185.22.23.252 - - [19/Feb/2019:15:22:11 +0100] "GET /css/print.css HTTP/1.1" 304 - "http://renault.activities.at/logout" "Mozilla/5.0 (Windows NT 6.3; WOW64; Trident/7.0; rv:11.0) like Gecko"
185.22.23.252 - - [19/Feb/2019:15:22:11 +0100] "GET /css/prototip.css HTTP/1.1" 304 - "http://renault.activities.at/logout" "Mozilla/5.0 (Windows NT 6.3; WOW64; Trident/7.0; rv:11.0) like Gecko"
185.22.23.252 - - [19/Feb/2019:15:22:11 +0100] "GET /css/themes/default.css HTTP/1.1" 304 - "http://renault.activities.at/logout" "Mozilla/5.0 (Windows NT 6.3; WOW64; Trident/7.0; rv:11.0) like Gecko"
185.22.23.252 - - [19/Feb/2019:15:22:11 +0100] "GET /js/checkout.css HTTP/1.1" 304 - "http://renault.activities.at/logout" "Mozilla/5.0 (Windows NT 6.3; WOW64; Trident/7.0; rv:11.0) like Gecko"
185.22.23.252 - - [19/Feb/2019:15:22:11 +0100] "GET /css/themes/alphacube.css HTTP/1.1" 304 - "http://renault.activities.at/logout" "Mozilla/5.0 (Windows NT 6.3; WOW64; Trident/7.0; rv:11.0) like Gecko"
185.22.23.252 - - [19/Feb/2019:15:22:12 +0100] "GET /images/title_border.jpg HTTP/1.1" 304 - "http://renault.activities.at/logout" "Mozilla/5.0 (Windows NT 6.3; WOW64; Trident/7.0; rv:11.0) like Gecko"
185.22.23.252 - - [19/Feb/2019:15:22:12 +0100] "GET /images/main_block_border.gif HTTP/1.1" 304 - "http://renault.activities.at/logout" "Mozilla/5.0 (Windows NT 6.3; WOW64; Trident/7.0; rv:11.0) like Gecko"
185.22.23.252 - - [19/Feb/2019:15:22:12 +0100] "GET /images/header_block_border.gif HTTP/1.1" 304 - "http://renault.activities.at/logout" "Mozilla/5.0 (Windows NT 6.3; WOW64; Trident/7.0; rv:11.0) like Gecko"
185.22.23.252 - - [19/Feb/2019:15:22:12 +0100] "GET /images/main_block_corner_right_bot.gif HTTP/1.1" 304 - "http://renault.activities.at/logout" "Mozilla/5.0 (Windows NT 6.3; WOW64; Trident/7.0; rv:11.0) like Gecko"
185.22.23.252 - - [19/Feb/2019:15:22:12 +0100] "GET /images/header_block_corner_right_top.gif HTTP/1.1" 304 - "http://renault.activities.at/logout" "Mozilla/5.0 (Windows NT 6.3; WOW64; Trident/7.0; rv:11.0) like Gecko"
185.22.23.252 - - [19/Feb/2019:15:22:12 +0100] "GET /images/main_block_corner_left_bot.gif HTTP/1.1" 304 - "http://renault.activities.at/logout" "Mozilla/5.0 (Windows NT 6.3; WOW64; Trident/7.0; rv:11.0) like Gecko"
185.22.23.252 - - [19/Feb/2019:15:22:12 +0100] "GET /images/title_border_top.jpg HTTP/1.1" 304 - "http://renault.activities.at/logout" "Mozilla/5.0 (Windows NT 6.3; WOW64; Trident/7.0; rv:11.0) like Gecko"
185.22.23.252 - - [19/Feb/2019:15:22:12 +0100] "GET /images/title_corner_left_top.jpg HTTP/1.1" 304 - "http://renault.activities.at/logout" "Mozilla/5.0 (Windows NT 6.3; WOW64; Trident/7.0; rv:11.0) like Gecko"
185.22.23.252 - - [19/Feb/2019:15:22:12 +0100] "GET /images/header_block_corner_left_top.gif HTTP/1.1" 304 - "http://renault.activities.at/logout" "Mozilla/5.0 (Windows NT 6.3; WOW64; Trident/7.0; rv:11.0) like Gecko"
185.22.23.252 - - [19/Feb/2019:15:22:12 +0100] "GET /images/title_corner_right_top.jpg HTTP/1.1" 304 - "http://renault.activities.at/logout" "Mozilla/5.0 (Windows NT 6.3; WOW64; Trident/7.0; rv:11.0) like Gecko"
185.22.23.252 - - [19/Feb/2019:15:22:12 +0100] "GET /images/main_block_corner_right_top.gif HTTP/1.1" 304 - "http://renault.activities.at/logout" "Mozilla/5.0 (Windows NT 6.3; WOW64; Trident/7.0; rv:11.0) like Gecko"
185.22.23.252 - - [19/Feb/2019:15:22:12 +0100] "GET /images/main_block_corner_left_top.gif HTTP/1.1" 304 - "http://renault.activities.at/logout" "Mozilla/5.0 (Windows NT 6.3; WOW64; Trident/7.0; rv:11.0) like Gecko"
80.123.221.50 - - [19/Feb/2019:15:22:38 +0100] "GET /reload?ser=1550586333169 HTTP/1.1" 200 28 "http://renault.2web.at/10201633" "Mozilla/5.0 (Windows NT 6.1; Win64; x64; rv:65.0) Gecko/20100101 Firefox/65.0"
213.153.47.173 - - [19/Feb/2019:15:22:41 +0100] "GET /reload?ser=1550586161570 HTTP/1.1" 200 28 "http://renault.activities.at/login?required=true" "Mozilla/5.0 (Windows NT 10.0; Win64; x64; rv:65.0) Gecko/20100101 Firefox/65.0"
80.123.221.50 - - [19/Feb/2019:15:23:39 +0100] "GET /reload?ser=1550586394200 HTTP/1.1" 200 28 "http://renault.2web.at/10201633" "Mozilla/5.0 (Windows NT 6.1; Win64; x64; rv:65.0) Gecko/20100101 Firefox/65.0"
213.153.47.173 - - [19/Feb/2019:15:23:42 +0100] "GET /reload?ser=1550586222250 HTTP/1.1" 200 28 "http://renault.activities.at/login?required=true" "Mozilla/5.0 (Windows NT 10.0; Win64; x64; rv:65.0) Gecko/20100101 Firefox/65.0"
80.123.221.50 - - [19/Feb/2019:15:24:40 +0100] "GET /reload?ser=1550586455120 HTTP/1.1" 200 28 "http://renault.2web.at/10201633" "Mozilla/5.0 (Windows NT 6.1; Win64; x64; rv:65.0) Gecko/20100101 Firefox/65.0"
213.153.47.173 - - [19/Feb/2019:15:24:43 +0100] "GET /reload?ser=1550586282939 HTTP/1.1" 200 28 "http://renault.activities.at/login?required=true" "Mozilla/5.0 (Windows NT 10.0; Win64; x64; rv:65.0) Gecko/20100101 Firefox/65.0"
80.123.221.50 - - [19/Feb/2019:15:25:41 +0100] "GET /reload?ser=1550586516099 HTTP/1.1" 200 28 "http://renault.2web.at/10201633" "Mozilla/5.0 (Windows NT 6.1; Win64; x64; rv:65.0) Gecko/20100101 Firefox/65.0"
213.153.47.173 - - [19/Feb/2019:15:25:43 +0100] "GET /reload?ser=1550586343619 HTTP/1.1" 200 28 "http://renault.activities.at/login?required=true" "Mozilla/5.0 (Windows NT 10.0; Win64; x64; rv:65.0) Gecko/20100101 Firefox/65.0"
80.123.221.50 - - [19/Feb/2019:15:26:42 +0100] "GET /reload?ser=1550586577097 HTTP/1.1" 200 28 "http://renault.2web.at/10201633" "Mozilla/5.0 (Windows NT 6.1; Win64; x64; rv:65.0) Gecko/20100101 Firefox/65.0"
213.153.47.173 - - [19/Feb/2019:15:26:44 +0100] "GET /reload?ser=1550586404299 HTTP/1.1" 200 28 "http://renault.activities.at/login?required=true" "Mozilla/5.0 (Windows NT 10.0; Win64; x64; rv:65.0) Gecko/20100101 Firefox/65.0"
80.123.221.50 - - [19/Feb/2019:15:27:43 +0100] "GET /reload?ser=1550586638036 HTTP/1.1" 200 28 "http://renault.2web.at/10201633" "Mozilla/5.0 (Windows NT 6.1; Win64; x64; rv:65.0) Gecko/20100101 Firefox/65.0"
213.153.47.173 - - [19/Feb/2019:15:27:45 +0100] "GET /reload?ser=1550586464959 HTTP/1.1" 200 28 "http://renault.activities.at/login?required=true" "Mozilla/5.0 (Windows NT 10.0; Win64; x64; rv:65.0) Gecko/20100101 Firefox/65.0"
80.123.221.50 - - [19/Feb/2019:15:28:44 +0100] "GET /reload?ser=1550586699086 HTTP/1.1" 200 28 "http://renault.2web.at/10201633" "Mozilla/5.0 (Windows NT 6.1; Win64; x64; rv:65.0) Gecko/20100101 Firefox/65.0"
213.153.47.173 - - [19/Feb/2019:15:28:45 +0100] "GET /reload?ser=1550586525639 HTTP/1.1" 200 28 "http://renault.activities.at/login?required=true" "Mozilla/5.0 (Windows NT 10.0; Win64; x64; rv:65.0) Gecko/20100101 Firefox/65.0"
80.123.221.50 - - [19/Feb/2019:15:29:45 +0100] "GET /reload?ser=1550586760035 HTTP/1.1" 200 28 "http://renault.2web.at/10201633" "Mozilla/5.0 (Windows NT 6.1; Win64; x64; rv:65.0) Gecko/20100101 Firefox/65.0"
213.153.47.173 - - [19/Feb/2019:15:29:46 +0100] "GET /reload?ser=1550586586300 HTTP/1.1" 200 28 "http://renault.activities.at/login?required=true" "Mozilla/5.0 (Windows NT 10.0; Win64; x64; rv:65.0) Gecko/20100101 Firefox/65.0"
213.153.47.173 - - [19/Feb/2019:15:30:47 +0100] "GET /reload?ser=1550586646969 HTTP/1.1" 200 28 "http://renault.activities.at/login?required=true" "Mozilla/5.0 (Windows NT 10.0; Win64; x64; rv:65.0) Gecko/20100101 Firefox/65.0"
80.123.221.50 - - [19/Feb/2019:15:30:46 +0100] "GET /reload?ser=1550586821145 HTTP/1.1" 200 28 "http://renault.2web.at/10201633" "Mozilla/5.0 (Windows NT 6.1; Win64; x64; rv:65.0) Gecko/20100101 Firefox/65.0"
213.153.47.173 - - [19/Feb/2019:15:31:47 +0100] "GET /reload?ser=1550586707639 HTTP/1.1" 200 28 "http://renault.activities.at/login?required=true" "Mozilla/5.0 (Windows NT 10.0; Win64; x64; rv:65.0) Gecko/20100101 Firefox/65.0"
80.123.221.50 - - [19/Feb/2019:15:31:47 +0100] "GET /reload?ser=1550586882124 HTTP/1.1" 200 28 "http://renault.2web.at/10201633" "Mozilla/5.0 (Windows NT 6.1; Win64; x64; rv:65.0) Gecko/20100101 Firefox/65.0"
213.153.47.173 - - [19/Feb/2019:15:32:48 +0100] "GET /reload?ser=1550586768319 HTTP/1.1" 200 28 "http://renault.activities.at/login?required=true" "Mozilla/5.0 (Windows NT 10.0; Win64; x64; rv:65.0) Gecko/20100101 Firefox/65.0"
80.123.221.50 - - [19/Feb/2019:15:32:48 +0100] "GET /reload?ser=1550586943133 HTTP/1.1" 200 28 "http://renault.2web.at/10201633" "Mozilla/5.0 (Windows NT 6.1; Win64; x64; rv:65.0) Gecko/20100101 Firefox/65.0"
213.153.47.173 - - [19/Feb/2019:15:33:49 +0100] "GET /reload?ser=1550586828999 HTTP/1.1" 200 28 "http://renault.activities.at/login?required=true" "Mozilla/5.0 (Windows NT 10.0; Win64; x64; rv:65.0) Gecko/20100101 Firefox/65.0"
80.123.221.50 - - [19/Feb/2019:15:33:49 +0100] "GET /reload?ser=1550587004133 HTTP/1.1" 200 28 "http://renault.2web.at/10201633" "Mozilla/5.0 (Windows NT 6.1; Win64; x64; rv:65.0) Gecko/20100101 Firefox/65.0"
213.153.47.173 - - [19/Feb/2019:15:34:49 +0100] "GET /reload?ser=1550586889668 HTTP/1.1" 200 28 "http://renault.activities.at/login?required=true" "Mozilla/5.0 (Windows NT 10.0; Win64; x64; rv:65.0) Gecko/20100101 Firefox/65.0"
80.123.221.50 - - [19/Feb/2019:15:34:50 +0100] "GET /reload?ser=1550587065102 HTTP/1.1" 200 28 "http://renault.2web.at/10201633" "Mozilla/5.0 (Windows NT 6.1; Win64; x64; rv:65.0) Gecko/20100101 Firefox/65.0"
213.153.47.173 - - [19/Feb/2019:15:35:50 +0100] "GET /reload?ser=1550586950349 HTTP/1.1" 200 28 "http://renault.activities.at/login?required=true" "Mozilla/5.0 (Windows NT 10.0; Win64; x64; rv:65.0) Gecko/20100101 Firefox/65.0"
80.123.221.50 - - [19/Feb/2019:15:35:51 +0100] "GET /reload?ser=1550587126172 HTTP/1.1" 200 28 "http://renault.2web.at/10201633" "Mozilla/5.0 (Windows NT 6.1; Win64; x64; rv:65.0) Gecko/20100101 Firefox/65.0"
213.153.47.173 - - [19/Feb/2019:15:36:51 +0100] "GET /reload?ser=1550587011019 HTTP/1.1" 200 28 "http://renault.activities.at/login?required=true" "Mozilla/5.0 (Windows NT 10.0; Win64; x64; rv:65.0) Gecko/20100101 Firefox/65.0"
80.123.221.50 - - [19/Feb/2019:15:36:52 +0100] "GET /reload?ser=1550587187101 HTTP/1.1" 200 28 "http://renault.2web.at/10201633" "Mozilla/5.0 (Windows NT 6.1; Win64; x64; rv:65.0) Gecko/20100101 Firefox/65.0"
213.153.47.173 - - [19/Feb/2019:15:37:51 +0100] "GET /reload?ser=1550587071679 HTTP/1.1" 200 28 "http://renault.activities.at/login?required=true" "Mozilla/5.0 (Windows NT 10.0; Win64; x64; rv:65.0) Gecko/20100101 Firefox/65.0"
80.123.221.50 - - [19/Feb/2019:15:37:53 +0100] "GET /reload?ser=1550587248073 HTTP/1.1" 200 28 "http://renault.2web.at/10201633" "Mozilla/5.0 (Windows NT 6.1; Win64; x64; rv:65.0) Gecko/20100101 Firefox/65.0"
213.153.47.173 - - [19/Feb/2019:15:38:52 +0100] "GET /reload?ser=1550587132349 HTTP/1.1" 200 28 "http://renault.activities.at/login?required=true" "Mozilla/5.0 (Windows NT 10.0; Win64; x64; rv:65.0) Gecko/20100101 Firefox/65.0"
80.123.221.50 - - [19/Feb/2019:15:38:54 +0100] "GET /reload?ser=1550587309002 HTTP/1.1" 200 28 "http://renault.2web.at/10201633" "Mozilla/5.0 (Windows NT 6.1; Win64; x64; rv:65.0) Gecko/20100101 Firefox/65.0"
213.153.47.173 - - [19/Feb/2019:15:39:53 +0100] "GET /reload?ser=1550587193014 HTTP/1.1" 200 28 "http://renault.activities.at/login?required=true" "Mozilla/5.0 (Windows NT 10.0; Win64; x64; rv:65.0) Gecko/20100101 Firefox/65.0"
80.123.221.50 - - [19/Feb/2019:15:39:55 +0100] "GET /reload?ser=1550587370172 HTTP/1.1" 200 28 "http://renault.2web.at/10201633" "Mozilla/5.0 (Windows NT 6.1; Win64; x64; rv:65.0) Gecko/20100101 Firefox/65.0"
213.153.47.173 - - [19/Feb/2019:15:40:53 +0100] "GET /reload?ser=1550587253656 HTTP/1.1" 200 28 "http://renault.activities.at/login?required=true" "Mozilla/5.0 (Windows NT 10.0; Win64; x64; rv:65.0) Gecko/20100101 Firefox/65.0"
80.123.221.50 - - [19/Feb/2019:15:40:56 +0100] "GET /reload?ser=1550587431273 HTTP/1.1" 200 28 "http://renault.2web.at/10201633" "Mozilla/5.0 (Windows NT 6.1; Win64; x64; rv:65.0) Gecko/20100101 Firefox/65.0"
213.153.47.173 - - [19/Feb/2019:15:41:54 +0100] "GET /reload?ser=1550587314338 HTTP/1.1" 200 28 "http://renault.activities.at/login?required=true" "Mozilla/5.0 (Windows NT 10.0; Win64; x64; rv:65.0) Gecko/20100101 Firefox/65.0"
80.123.221.50 - - [19/Feb/2019:15:41:57 +0100] "GET /reload?ser=1550587492233 HTTP/1.1" 200 28 "http://renault.2web.at/10201633" "Mozilla/5.0 (Windows NT 6.1; Win64; x64; rv:65.0) Gecko/20100101 Firefox/65.0"
213.153.47.173 - - [19/Feb/2019:15:42:55 +0100] "GET /reload?ser=1550587374999 HTTP/1.1" 200 28 "http://renault.activities.at/login?required=true" "Mozilla/5.0 (Windows NT 10.0; Win64; x64; rv:65.0) Gecko/20100101 Firefox/65.0"
80.123.221.50 - - [19/Feb/2019:15:42:58 +0100] "GET /reload?ser=1550587553213 HTTP/1.1" 200 28 "http://renault.2web.at/10201633" "Mozilla/5.0 (Windows NT 6.1; Win64; x64; rv:65.0) Gecko/20100101 Firefox/65.0"
213.153.47.173 - - [19/Feb/2019:15:43:55 +0100] "GET /reload?ser=1550587435658 HTTP/1.1" 200 28 "http://renault.activities.at/login?required=true" "Mozilla/5.0 (Windows NT 10.0; Win64; x64; rv:65.0) Gecko/20100101 Firefox/65.0"
80.123.221.50 - - [19/Feb/2019:15:43:59 +0100] "GET /reload?ser=1550587614212 HTTP/1.1" 200 28 "http://renault.2web.at/10201633" "Mozilla/5.0 (Windows NT 6.1; Win64; x64; rv:65.0) Gecko/20100101 Firefox/65.0"
