138.21.12.23 - - [19/Feb/2019:16:08:29 +0100] "GET /loadthumbnail.php?id=11461308&width=113 HTTP/1.1" 200 2471 "http://renault.2web.at/result?searchterm=true&search=poster" "Mozilla/5.0 (Windows NT 10.0; WOW64; Trident/7.0; rv:11.0) like Gecko"
138.21.12.23 - - [19/Feb/2019:16:08:29 +0100] "GET /loadthumbnail.php?id=11586948&width=113 HTTP/1.1" 200 5839 "http://renault.2web.at/result?searchterm=true&search=poster" "Mozilla/5.0 (Windows NT 10.0; WOW64; Trident/7.0; rv:11.0) like Gecko"
138.21.12.23 - - [19/Feb/2019:16:08:29 +0100] "GET /loadthumbnail.php?id=11910262&width=113 HTTP/1.1" 200 18465 "http://renault.2web.at/result?searchterm=true&search=poster" "Mozilla/5.0 (Windows NT 10.0; WOW64; Trident/7.0; rv:11.0) like Gecko"
138.21.12.23 - - [19/Feb/2019:16:08:29 +0100] "GET /loadthumbnail.php?id=11910267&width=113 HTTP/1.1" 200 16417 "http://renault.2web.at/result?searchterm=true&search=poster" "Mozilla/5.0 (Windows NT 10.0; WOW64; Trident/7.0; rv:11.0) like Gecko"
138.21.12.23 - - [19/Feb/2019:16:08:29 +0100] "GET /loadthumbnail.php?id=11760044&width=113 HTTP/1.1" 200 2760 "http://renault.2web.at/result?searchterm=true&search=poster" "Mozilla/5.0 (Windows NT 10.0; WOW64; Trident/7.0; rv:11.0) like Gecko"
138.21.12.23 - - [19/Feb/2019:16:08:29 +0100] "GET /loadthumbnail.php?id=11461719&width=113 HTTP/1.1" 200 32753 "http://renault.2web.at/result?searchterm=true&search=poster" "Mozilla/5.0 (Windows NT 10.0; WOW64; Trident/7.0; rv:11.0) like Gecko"
138.21.12.23 - - [19/Feb/2019:16:08:29 +0100] "GET /loadthumbnail.php?id=11910255&width=113 HTTP/1.1" 200 18465 "http://renault.2web.at/result?searchterm=true&search=poster" "Mozilla/5.0 (Windows NT 10.0; WOW64; Trident/7.0; rv:11.0) like Gecko"
138.21.12.23 - - [19/Feb/2019:16:08:29 +0100] "GET /loadthumbnail.php?id=11461312&width=113 HTTP/1.1" 200 3416 "http://renault.2web.at/result?searchterm=true&search=poster" "Mozilla/5.0 (Windows NT 10.0; WOW64; Trident/7.0; rv:11.0) like Gecko"
138.21.12.23 - - [19/Feb/2019:16:08:29 +0100] "GET /loadthumbnail.php?id=11615284&width=113 HTTP/1.1" 200 18014 "http://renault.2web.at/result?searchterm=true&search=poster" "Mozilla/5.0 (Windows NT 10.0; WOW64; Trident/7.0; rv:11.0) like Gecko"
138.21.12.23 - - [19/Feb/2019:16:08:29 +0100] "GET /loadthumbnail.php?id=11487305&width=113 HTTP/1.1" 200 39775 "http://renault.2web.at/result?searchterm=true&search=poster" "Mozilla/5.0 (Windows NT 10.0; WOW64; Trident/7.0; rv:11.0) like Gecko"
138.21.12.23 - - [19/Feb/2019:16:08:29 +0100] "GET /loadthumbnail.php?id=11461316&width=113 HTTP/1.1" 200 2946 "http://renault.2web.at/result?searchterm=true&search=poster" "Mozilla/5.0 (Windows NT 10.0; WOW64; Trident/7.0; rv:11.0) like Gecko"
138.21.12.23 - - [19/Feb/2019:16:08:29 +0100] "GET /loadthumbnail.php?id=11461320&width=113 HTTP/1.1" 200 3915 "http://renault.2web.at/result?searchterm=true&search=poster" "Mozilla/5.0 (Windows NT 10.0; WOW64; Trident/7.0; rv:11.0) like Gecko"
213.153.47.173 - - [19/Feb/2019:16:09:12 +0100] "GET /reload?ser=1550588952214 HTTP/1.1" 200 28 "http://renault.activities.at/login?required=true" "Mozilla/5.0 (Windows NT 10.0; Win64; x64; rv:65.0) Gecko/20100101 Firefox/65.0"
80.123.225.36 - - [19/Feb/2019:16:09:22 +0100] "GET /reload?ser=1550588962719 HTTP/1.1" 200 28 "http://renault.activities.at/result?searchterm=true&search=dacia+mappen" "Mozilla/5.0 (Windows NT 6.1; Win64; x64) AppleWebKit/537.36 (KHTML, like Gecko) Chrome/72.0.3626.109 Safari/537.36"
80.123.221.50 - - [19/Feb/2019:16:09:23 +0100] "GET /reload?ser=1550589138395 HTTP/1.1" 200 28 "http://renault.2web.at/10201633" "Mozilla/5.0 (Windows NT 6.1; Win64; x64; rv:65.0) Gecko/20100101 Firefox/65.0"
138.21.12.23 - - [19/Feb/2019:16:09:29 +0100] "GET /reload?ser=1550588969559 HTTP/1.1" 200 28 "http://renault.2web.at/result?searchterm=true&search=poster" "Mozilla/5.0 (Windows NT 10.0; WOW64; Trident/7.0; rv:11.0) like Gecko"
213.153.47.173 - - [19/Feb/2019:16:10:12 +0100] "GET /reload?ser=1550589012884 HTTP/1.1" 200 28 "http://renault.activities.at/login?required=true" "Mozilla/5.0 (Windows NT 10.0; Win64; x64; rv:65.0) Gecko/20100101 Firefox/65.0"
80.123.225.36 - - [19/Feb/2019:16:10:23 +0100] "GET /reload?ser=1550589023760 HTTP/1.1" 200 28 "http://renault.activities.at/result?searchterm=true&search=dacia+mappen" "Mozilla/5.0 (Windows NT 6.1; Win64; x64) AppleWebKit/537.36 (KHTML, like Gecko) Chrome/72.0.3626.109 Safari/537.36"
80.123.221.50 - - [19/Feb/2019:16:10:24 +0100] "GET /reload?ser=1550589199335 HTTP/1.1" 200 28 "http://renault.2web.at/10201633" "Mozilla/5.0 (Windows NT 6.1; Win64; x64; rv:65.0) Gecko/20100101 Firefox/65.0"
138.21.12.23 - - [19/Feb/2019:16:10:30 +0100] "GET /reload?ser=1550589030576 HTTP/1.1" 200 28 "http://renault.2web.at/result?searchterm=true&search=poster" "Mozilla/5.0 (Windows NT 10.0; WOW64; Trident/7.0; rv:11.0) like Gecko"
213.153.47.173 - - [19/Feb/2019:16:11:13 +0100] "GET /reload?ser=1550589073560 HTTP/1.1" 200 28 "http://renault.activities.at/login?required=true" "Mozilla/5.0 (Windows NT 10.0; Win64; x64; rv:65.0) Gecko/20100101 Firefox/65.0"
80.123.225.36 - - [19/Feb/2019:16:11:24 +0100] "GET /reload?ser=1550589084780 HTTP/1.1" 200 28 "http://renault.activities.at/result?searchterm=true&search=dacia+mappen" "Mozilla/5.0 (Windows NT 6.1; Win64; x64) AppleWebKit/537.36 (KHTML, like Gecko) Chrome/72.0.3626.109 Safari/537.36"
80.123.221.50 - - [19/Feb/2019:16:11:25 +0100] "GET /reload?ser=1550589260265 HTTP/1.1" 200 28 "http://renault.2web.at/10201633" "Mozilla/5.0 (Windows NT 6.1; Win64; x64; rv:65.0) Gecko/20100101 Firefox/65.0"
138.21.12.23 - - [19/Feb/2019:16:11:31 +0100] "GET /reload?ser=1550589091614 HTTP/1.1" 200 28 "http://renault.2web.at/result?searchterm=true&search=poster" "Mozilla/5.0 (Windows NT 10.0; WOW64; Trident/7.0; rv:11.0) like Gecko"
213.153.47.173 - - [19/Feb/2019:16:12:14 +0100] "GET /reload?ser=1550589134204 HTTP/1.1" 200 28 "http://renault.activities.at/login?required=true" "Mozilla/5.0 (Windows NT 10.0; Win64; x64; rv:65.0) Gecko/20100101 Firefox/65.0"
80.123.225.36 - - [19/Feb/2019:16:12:25 +0100] "GET /reload?ser=1550589145822 HTTP/1.1" 200 28 "http://renault.activities.at/result?searchterm=true&search=dacia+mappen" "Mozilla/5.0 (Windows NT 6.1; Win64; x64) AppleWebKit/537.36 (KHTML, like Gecko) Chrome/72.0.3626.109 Safari/537.36"
80.123.221.50 - - [19/Feb/2019:16:12:26 +0100] "GET /reload?ser=1550589321235 HTTP/1.1" 200 28 "http://renault.2web.at/10201633" "Mozilla/5.0 (Windows NT 6.1; Win64; x64; rv:65.0) Gecko/20100101 Firefox/65.0"
138.21.12.23 - - [19/Feb/2019:16:12:32 +0100] "GET /reload?ser=1550589152647 HTTP/1.1" 200 28 "http://renault.2web.at/result?searchterm=true&search=poster" "Mozilla/5.0 (Windows NT 10.0; WOW64; Trident/7.0; rv:11.0) like Gecko"
213.153.47.173 - - [19/Feb/2019:16:13:14 +0100] "GET /reload?ser=1550589194875 HTTP/1.1" 200 28 "http://renault.activities.at/login?required=true" "Mozilla/5.0 (Windows NT 10.0; Win64; x64; rv:65.0) Gecko/20100101 Firefox/65.0"
80.123.225.36 - - [19/Feb/2019:16:13:26 +0100] "GET /reload?ser=1550589206813 HTTP/1.1" 200 28 "http://renault.activities.at/result?searchterm=true&search=dacia+mappen" "Mozilla/5.0 (Windows NT 6.1; Win64; x64) AppleWebKit/537.36 (KHTML, like Gecko) Chrome/72.0.3626.109 Safari/537.36"
80.123.221.50 - - [19/Feb/2019:16:13:27 +0100] "GET /reload?ser=1550589382195 HTTP/1.1" 200 28 "http://renault.2web.at/10201633" "Mozilla/5.0 (Windows NT 6.1; Win64; x64; rv:65.0) Gecko/20100101 Firefox/65.0"
138.21.12.23 - - [19/Feb/2019:16:13:33 +0100] "GET /reload?ser=1550589213704 HTTP/1.1" 200 28 "http://renault.2web.at/result?searchterm=true&search=poster" "Mozilla/5.0 (Windows NT 10.0; WOW64; Trident/7.0; rv:11.0) like Gecko"
213.153.47.173 - - [19/Feb/2019:16:14:15 +0100] "GET /reload?ser=1550589255536 HTTP/1.1" 200 28 "http://renault.activities.at/login?required=true" "Mozilla/5.0 (Windows NT 10.0; Win64; x64; rv:65.0) Gecko/20100101 Firefox/65.0"
80.123.225.36 - - [19/Feb/2019:16:14:27 +0100] "GET /reload?ser=1550589267793 HTTP/1.1" 200 28 "http://renault.activities.at/result?searchterm=true&search=dacia+mappen" "Mozilla/5.0 (Windows NT 6.1; Win64; x64) AppleWebKit/537.36 (KHTML, like Gecko) Chrome/72.0.3626.109 Safari/537.36"
80.123.221.50 - - [19/Feb/2019:16:14:28 +0100] "GET /reload?ser=1550589443114 HTTP/1.1" 200 28 "http://renault.2web.at/10201633" "Mozilla/5.0 (Windows NT 6.1; Win64; x64; rv:65.0) Gecko/20100101 Firefox/65.0"
138.21.12.23 - - [19/Feb/2019:16:14:34 +0100] "GET /reload?ser=1550589274748 HTTP/1.1" 200 28 "http://renault.2web.at/result?searchterm=true&search=poster" "Mozilla/5.0 (Windows NT 10.0; WOW64; Trident/7.0; rv:11.0) like Gecko"
213.153.47.173 - - [19/Feb/2019:16:15:16 +0100] "GET /reload?ser=1550589316196 HTTP/1.1" 200 28 "http://renault.activities.at/login?required=true" "Mozilla/5.0 (Windows NT 10.0; Win64; x64; rv:65.0) Gecko/20100101 Firefox/65.0"
80.123.225.36 - - [19/Feb/2019:16:15:28 +0100] "GET /reload?ser=1550589328814 HTTP/1.1" 200 28 "http://renault.activities.at/result?searchterm=true&search=dacia+mappen" "Mozilla/5.0 (Windows NT 6.1; Win64; x64) AppleWebKit/537.36 (KHTML, like Gecko) Chrome/72.0.3626.109 Safari/537.36"
80.123.221.50 - - [19/Feb/2019:16:15:29 +0100] "GET /reload?ser=1550589504044 HTTP/1.1" 200 28 "http://renault.2web.at/10201633" "Mozilla/5.0 (Windows NT 6.1; Win64; x64; rv:65.0) Gecko/20100101 Firefox/65.0"
138.21.12.23 - - [19/Feb/2019:16:15:35 +0100] "GET /reload?ser=1550589335822 HTTP/1.1" 200 28 "http://renault.2web.at/result?searchterm=true&search=poster" "Mozilla/5.0 (Windows NT 10.0; WOW64; Trident/7.0; rv:11.0) like Gecko"
213.153.47.173 - - [19/Feb/2019:16:16:16 +0100] "GET /reload?ser=1550589376867 HTTP/1.1" 200 28 "http://renault.activities.at/login?required=true" "Mozilla/5.0 (Windows NT 10.0; Win64; x64; rv:65.0) Gecko/20100101 Firefox/65.0"
91.141.2.231 - - [19/Feb/2019:16:16:25 +0100] "GET /account HTTP/1.1" 302 150 "-" "Mozilla/5.0 (iPhone; CPU iPhone OS 12_1_4 like Mac OS X) AppleWebKit/605.1.15 (KHTML, like Gecko) Version/12.0 Mobile/15E148 Safari/604.1"
91.141.2.231 - - [19/Feb/2019:16:16:26 +0100] "GET /login?required=true HTTP/1.1" 200 2086 "-" "Mozilla/5.0 (iPhone; CPU iPhone OS 12_1_4 like Mac OS X) AppleWebKit/605.1.15 (KHTML, like Gecko) Version/12.0 Mobile/15E148 Safari/604.1"
91.141.2.231 - - [19/Feb/2019:16:16:27 +0100] "GET /apple-touch-icon-120x120-precomposed.png HTTP/1.1" 200 1559 "-" "MobileSafari/604.1 CFNetwork/976 Darwin/18.2.0"
91.141.2.231 - - [19/Feb/2019:16:16:28 +0100] "GET /apple-touch-icon-120x120.png HTTP/1.1" 200 1559 "-" "MobileSafari/604.1 CFNetwork/976 Darwin/18.2.0"
91.141.2.231 - - [19/Feb/2019:16:16:29 +0100] "GET /apple-touch-icon-precomposed.png HTTP/1.1" 200 1559 "-" "MobileSafari/604.1 CFNetwork/976 Darwin/18.2.0"
80.123.225.36 - - [19/Feb/2019:16:16:29 +0100] "GET /reload?ser=1550589389834 HTTP/1.1" 200 28 "http://renault.activities.at/result?searchterm=true&search=dacia+mappen" "Mozilla/5.0 (Windows NT 6.1; Win64; x64) AppleWebKit/537.36 (KHTML, like Gecko) Chrome/72.0.3626.109 Safari/537.36"
91.141.2.231 - - [19/Feb/2019:16:16:30 +0100] "GET /apple-touch-icon.png HTTP/1.1" 200 1559 "-" "MobileSafari/604.1 CFNetwork/976 Darwin/18.2.0"
91.141.2.231 - - [19/Feb/2019:16:16:31 +0100] "GET /images/favicon.ico HTTP/1.1" 404 305 "-" "MobileSafari/604.1 CFNetwork/976 Darwin/18.2.0"
80.123.221.50 - - [19/Feb/2019:16:16:30 +0100] "GET /reload?ser=1550589565075 HTTP/1.1" 200 28 "http://renault.2web.at/10201633" "Mozilla/5.0 (Windows NT 6.1; Win64; x64; rv:65.0) Gecko/20100101 Firefox/65.0"
91.141.2.231 - - [19/Feb/2019:16:16:31 +0100] "GET /images/favicon.ico HTTP/1.1" 404 305 "-" "MobileSafari/604.1 CFNetwork/976 Darwin/18.2.0"
91.141.2.231 - - [19/Feb/2019:16:16:31 +0100] "GET /favicon.ico HTTP/1.1" 200 3250 "-" "MobileSafari/604.1 CFNetwork/976 Darwin/18.2.0"
91.141.2.231 - - [19/Feb/2019:16:16:31 +0100] "GET /apple-touch-icon-120x120-precomposed.png HTTP/1.1" 200 1559 "-" "MobileSafari/604.1 CFNetwork/976 Darwin/18.2.0"
91.141.2.231 - - [19/Feb/2019:16:16:32 +0100] "GET /apple-touch-icon-120x120.png HTTP/1.1" 200 1559 "-" "MobileSafari/604.1 CFNetwork/976 Darwin/18.2.0"
91.141.2.231 - - [19/Feb/2019:16:16:33 +0100] "GET /apple-touch-icon-precomposed.png HTTP/1.1" 200 1559 "-" "MobileSafari/604.1 CFNetwork/976 Darwin/18.2.0"
91.141.2.231 - - [19/Feb/2019:16:16:35 +0100] "GET /apple-touch-icon.png HTTP/1.1" 200 1559 "-" "MobileSafari/604.1 CFNetwork/976 Darwin/18.2.0"
91.141.2.231 - - [19/Feb/2019:16:16:36 +0100] "GET /images/favicon.ico HTTP/1.1" 404 305 "-" "MobileSafari/604.1 CFNetwork/976 Darwin/18.2.0"
91.141.2.231 - - [19/Feb/2019:16:16:36 +0100] "GET /images/favicon.ico HTTP/1.1" 404 305 "-" "MobileSafari/604.1 CFNetwork/976 Darwin/18.2.0"
91.141.2.231 - - [19/Feb/2019:16:16:36 +0100] "GET /favicon.ico HTTP/1.1" 200 3250 "-" "MobileSafari/604.1 CFNetwork/976 Darwin/18.2.0"
138.21.12.23 - - [19/Feb/2019:16:16:37 +0100] "GET /reload?ser=1550589396895 HTTP/1.1" 200 28 "http://renault.2web.at/result?searchterm=true&search=poster" "Mozilla/5.0 (Windows NT 10.0; WOW64; Trident/7.0; rv:11.0) like Gecko"
213.153.47.173 - - [19/Feb/2019:16:17:17 +0100] "GET /reload?ser=1550589437518 HTTP/1.1" 200 28 "http://renault.activities.at/login?required=true" "Mozilla/5.0 (Windows NT 10.0; Win64; x64; rv:65.0) Gecko/20100101 Firefox/65.0"
80.123.225.36 - - [19/Feb/2019:16:17:30 +0100] "GET /reload?ser=1550589450845 HTTP/1.1" 200 28 "http://renault.activities.at/result?searchterm=true&search=dacia+mappen" "Mozilla/5.0 (Windows NT 6.1; Win64; x64) AppleWebKit/537.36 (KHTML, like Gecko) Chrome/72.0.3626.109 Safari/537.36"
80.123.221.50 - - [19/Feb/2019:16:17:31 +0100] "GET /reload?ser=1550589626018 HTTP/1.1" 200 28 "http://renault.2web.at/10201633" "Mozilla/5.0 (Windows NT 6.1; Win64; x64; rv:65.0) Gecko/20100101 Firefox/65.0"
138.21.12.23 - - [19/Feb/2019:16:17:38 +0100] "GET /reload?ser=1550589457903 HTTP/1.1" 200 28 "http://renault.2web.at/result?searchterm=true&search=poster" "Mozilla/5.0 (Windows NT 10.0; WOW64; Trident/7.0; rv:11.0) like Gecko"
213.153.47.173 - - [19/Feb/2019:16:18:18 +0100] "GET /reload?ser=1550589498178 HTTP/1.1" 200 28 "http://renault.activities.at/login?required=true" "Mozilla/5.0 (Windows NT 10.0; Win64; x64; rv:65.0) Gecko/20100101 Firefox/65.0"
80.123.225.36 - - [19/Feb/2019:16:18:31 +0100] "GET /reload?ser=1550589511876 HTTP/1.1" 200 28 "http://renault.activities.at/result?searchterm=true&search=dacia+mappen" "Mozilla/5.0 (Windows NT 6.1; Win64; x64) AppleWebKit/537.36 (KHTML, like Gecko) Chrome/72.0.3626.109 Safari/537.36"
80.123.221.50 - - [19/Feb/2019:16:18:33 +0100] "GET /reload?ser=1550589687697 HTTP/1.1" 200 28 "http://renault.2web.at/10201633" "Mozilla/5.0 (Windows NT 6.1; Win64; x64; rv:65.0) Gecko/20100101 Firefox/65.0"
138.21.12.23 - - [19/Feb/2019:16:18:39 +0100] "GET /reload?ser=1550589518929 HTTP/1.1" 200 28 "http://renault.2web.at/result?searchterm=true&search=poster" "Mozilla/5.0 (Windows NT 10.0; WOW64; Trident/7.0; rv:11.0) like Gecko"
213.153.47.173 - - [19/Feb/2019:16:19:18 +0100] "GET /reload?ser=1550589558848 HTTP/1.1" 200 28 "http://renault.activities.at/login?required=true" "Mozilla/5.0 (Windows NT 10.0; Win64; x64; rv:65.0) Gecko/20100101 Firefox/65.0"
80.123.225.36 - - [19/Feb/2019:16:19:32 +0100] "GET /reload?ser=1550589572876 HTTP/1.1" 200 28 "http://renault.activities.at/result?searchterm=true&search=dacia+mappen" "Mozilla/5.0 (Windows NT 6.1; Win64; x64) AppleWebKit/537.36 (KHTML, like Gecko) Chrome/72.0.3626.109 Safari/537.36"
80.123.221.50 - - [19/Feb/2019:16:19:34 +0100] "GET /reload?ser=1550589748687 HTTP/1.1" 200 28 "http://renault.2web.at/10201633" "Mozilla/5.0 (Windows NT 6.1; Win64; x64; rv:65.0) Gecko/20100101 Firefox/65.0"
138.21.12.23 - - [19/Feb/2019:16:19:40 +0100] "GET /reload?ser=1550589579962 HTTP/1.1" 200 28 "http://renault.2web.at/result?searchterm=true&search=poster" "Mozilla/5.0 (Windows NT 10.0; WOW64; Trident/7.0; rv:11.0) like Gecko"
213.153.47.173 - - [19/Feb/2019:16:20:19 +0100] "GET /reload?ser=1550589619509 HTTP/1.1" 200 28 "http://renault.activities.at/login?required=true" "Mozilla/5.0 (Windows NT 10.0; Win64; x64; rv:65.0) Gecko/20100101 Firefox/65.0"
80.123.225.36 - - [19/Feb/2019:16:20:33 +0100] "GET /reload?ser=1550589633888 HTTP/1.1" 200 28 "http://renault.activities.at/result?searchterm=true&search=dacia+mappen" "Mozilla/5.0 (Windows NT 6.1; Win64; x64) AppleWebKit/537.36 (KHTML, like Gecko) Chrome/72.0.3626.109 Safari/537.36"
80.123.221.50 - - [19/Feb/2019:16:20:35 +0100] "GET /reload?ser=1550589809686 HTTP/1.1" 200 28 "http://renault.2web.at/10201633" "Mozilla/5.0 (Windows NT 6.1; Win64; x64; rv:65.0) Gecko/20100101 Firefox/65.0"
138.21.12.23 - - [19/Feb/2019:16:20:41 +0100] "GET /reload?ser=1550589640991 HTTP/1.1" 200 28 "http://renault.2web.at/result?searchterm=true&search=poster" "Mozilla/5.0 (Windows NT 10.0; WOW64; Trident/7.0; rv:11.0) like Gecko"
213.153.47.173 - - [19/Feb/2019:16:21:20 +0100] "GET /reload?ser=1550589680169 HTTP/1.1" 200 28 "http://renault.activities.at/login?required=true" "Mozilla/5.0 (Windows NT 10.0; Win64; x64; rv:65.0) Gecko/20100101 Firefox/65.0"
80.123.225.36 - - [19/Feb/2019:16:21:34 +0100] "GET /reload?ser=1550589694878 HTTP/1.1" 200 28 "http://renault.activities.at/result?searchterm=true&search=dacia+mappen" "Mozilla/5.0 (Windows NT 6.1; Win64; x64) AppleWebKit/537.36 (KHTML, like Gecko) Chrome/72.0.3626.109 Safari/537.36"
80.123.221.50 - - [19/Feb/2019:16:21:36 +0100] "GET /reload?ser=1550589870645 HTTP/1.1" 200 28 "http://renault.2web.at/10201633" "Mozilla/5.0 (Windows NT 6.1; Win64; x64; rv:65.0) Gecko/20100101 Firefox/65.0"
138.21.12.23 - - [19/Feb/2019:16:21:42 +0100] "GET /reload?ser=1550589702066 HTTP/1.1" 200 28 "http://renault.2web.at/result?searchterm=true&search=poster" "Mozilla/5.0 (Windows NT 10.0; WOW64; Trident/7.0; rv:11.0) like Gecko"
213.153.47.173 - - [19/Feb/2019:16:22:20 +0100] "GET /reload?ser=1550589740839 HTTP/1.1" 200 28 "http://renault.activities.at/login?required=true" "Mozilla/5.0 (Windows NT 10.0; Win64; x64; rv:65.0) Gecko/20100101 Firefox/65.0"
80.123.225.36 - - [19/Feb/2019:16:22:35 +0100] "GET /reload?ser=1550589755919 HTTP/1.1" 200 28 "http://renault.activities.at/result?searchterm=true&search=dacia+mappen" "Mozilla/5.0 (Windows NT 6.1; Win64; x64) AppleWebKit/537.36 (KHTML, like Gecko) Chrome/72.0.3626.109 Safari/537.36"
80.123.221.50 - - [19/Feb/2019:16:22:37 +0100] "GET /reload?ser=1550589931625 HTTP/1.1" 200 28 "http://renault.2web.at/10201633" "Mozilla/5.0 (Windows NT 6.1; Win64; x64; rv:65.0) Gecko/20100101 Firefox/65.0"
138.21.12.23 - - [19/Feb/2019:16:22:43 +0100] "GET /reload?ser=1550589763172 HTTP/1.1" 200 28 "http://renault.2web.at/result?searchterm=true&search=poster" "Mozilla/5.0 (Windows NT 10.0; WOW64; Trident/7.0; rv:11.0) like Gecko"
213.153.47.173 - - [19/Feb/2019:16:23:21 +0100] "GET /reload?ser=1550589801500 HTTP/1.1" 200 28 "http://renault.activities.at/login?required=true" "Mozilla/5.0 (Windows NT 10.0; Win64; x64; rv:65.0) Gecko/20100101 Firefox/65.0"
80.123.225.36 - - [19/Feb/2019:16:23:36 +0100] "GET /reload?ser=1550589816900 HTTP/1.1" 200 28 "http://renault.activities.at/result?searchterm=true&search=dacia+mappen" "Mozilla/5.0 (Windows NT 6.1; Win64; x64) AppleWebKit/537.36 (KHTML, like Gecko) Chrome/72.0.3626.109 Safari/537.36"
80.123.221.50 - - [19/Feb/2019:16:23:38 +0100] "GET /reload?ser=1550589992604 HTTP/1.1" 200 28 "http://renault.2web.at/10201633" "Mozilla/5.0 (Windows NT 6.1; Win64; x64; rv:65.0) Gecko/20100101 Firefox/65.0"
138.21.12.23 - - [19/Feb/2019:16:23:44 +0100] "GET /reload?ser=1550589824198 HTTP/1.1" 200 28 "http://renault.2web.at/result?searchterm=true&search=poster" "Mozilla/5.0 (Windows NT 10.0; WOW64; Trident/7.0; rv:11.0) like Gecko"
213.153.47.173 - - [19/Feb/2019:16:24:22 +0100] "GET /reload?ser=1550589862170 HTTP/1.1" 200 28 "http://renault.activities.at/login?required=true" "Mozilla/5.0 (Windows NT 10.0; Win64; x64; rv:65.0) Gecko/20100101 Firefox/65.0"
80.123.225.36 - - [19/Feb/2019:16:24:37 +0100] "GET /reload?ser=1550589877930 HTTP/1.1" 200 28 "http://renault.activities.at/result?searchterm=true&search=dacia+mappen" "Mozilla/5.0 (Windows NT 6.1; Win64; x64) AppleWebKit/537.36 (KHTML, like Gecko) Chrome/72.0.3626.109 Safari/537.36"
80.123.221.50 - - [19/Feb/2019:16:24:39 +0100] "GET /reload?ser=1550590053524 HTTP/1.1" 200 28 "http://renault.2web.at/10201633" "Mozilla/5.0 (Windows NT 6.1; Win64; x64; rv:65.0) Gecko/20100101 Firefox/65.0"
138.21.12.23 - - [19/Feb/2019:16:24:45 +0100] "GET /reload?ser=1550589885208 HTTP/1.1" 200 28 "http://renault.2web.at/result?searchterm=true&search=poster" "Mozilla/5.0 (Windows NT 10.0; WOW64; Trident/7.0; rv:11.0) like Gecko"
213.153.47.173 - - [19/Feb/2019:16:25:22 +0100] "GET /reload?ser=1550589922870 HTTP/1.1" 200 28 "http://renault.activities.at/login?required=true" "Mozilla/5.0 (Windows NT 10.0; Win64; x64; rv:65.0) Gecko/20100101 Firefox/65.0"
138.21.12.23 - - [19/Feb/2019:16:25:35 +0100] "GET /result?dir=DESC&mode=grid&order=name&limit=15&page=2&search=poster HTTP/1.1" 200 10359 "http://renault.2web.at/result?searchterm=true&search=poster" "Mozilla/5.0 (Windows NT 10.0; WOW64; Trident/7.0; rv:11.0) like Gecko"
138.21.12.23 - - [19/Feb/2019:16:25:39 +0100] "GET /loadthumbnail.php?id=10259680&width=113 HTTP/1.1" 200 1966 "http://renault.2web.at/result?dir=DESC&mode=grid&order=name&limit=15&page=2&search=poster" "Mozilla/5.0 (Windows NT 10.0; WOW64; Trident/7.0; rv:11.0) like Gecko"
138.21.12.23 - - [19/Feb/2019:16:25:39 +0100] "GET /loadthumbnail.php?id=11461324&width=113 HTTP/1.1" 200 3624 "http://renault.2web.at/result?dir=DESC&mode=grid&order=name&limit=15&page=2&search=poster" "Mozilla/5.0 (Windows NT 10.0; WOW64; Trident/7.0; rv:11.0) like Gecko"
138.21.12.23 - - [19/Feb/2019:16:25:39 +0100] "GET /loadthumbnail.php?id=11418135&width=113 HTTP/1.1" 200 4142 "http://renault.2web.at/result?dir=DESC&mode=grid&order=name&limit=15&page=2&search=poster" "Mozilla/5.0 (Windows NT 10.0; WOW64; Trident/7.0; rv:11.0) like Gecko"
138.21.12.23 - - [19/Feb/2019:16:25:39 +0100] "GET /loadthumbnail.php?id=11470095&width=113 HTTP/1.1" 200 5019 "http://renault.2web.at/result?dir=DESC&mode=grid&order=name&limit=15&page=2&search=poster" "Mozilla/5.0 (Windows NT 10.0; WOW64; Trident/7.0; rv:11.0) like Gecko"
138.21.12.23 - - [19/Feb/2019:16:25:39 +0100] "GET /loadthumbnail.php?id=11293735&width=113 HTTP/1.1" 200 3795 "http://renault.2web.at/result?dir=DESC&mode=grid&order=name&limit=15&page=2&search=poster" "Mozilla/5.0 (Windows NT 10.0; WOW64; Trident/7.0; rv:11.0) like Gecko"
138.21.12.23 - - [19/Feb/2019:16:25:39 +0100] "GET /loadthumbnail.php?id=11128108&width=113 HTTP/1.1" 200 2522 "http://renault.2web.at/result?dir=DESC&mode=grid&order=name&limit=15&page=2&search=poster" "Mozilla/5.0 (Windows NT 10.0; WOW64; Trident/7.0; rv:11.0) like Gecko"
138.21.12.23 - - [19/Feb/2019:16:25:39 +0100] "GET /loadthumbnail.php?id=11314589&width=113 HTTP/1.1" 200 3055 "http://renault.2web.at/result?dir=DESC&mode=grid&order=name&limit=15&page=2&search=poster" "Mozilla/5.0 (Windows NT 10.0; WOW64; Trident/7.0; rv:11.0) like Gecko"
138.21.12.23 - - [19/Feb/2019:16:25:39 +0100] "GET /loadthumbnail.php?id=11036884&width=113 HTTP/1.1" 200 3146 "http://renault.2web.at/result?dir=DESC&mode=grid&order=name&limit=15&page=2&search=poster" "Mozilla/5.0 (Windows NT 10.0; WOW64; Trident/7.0; rv:11.0) like Gecko"
138.21.12.23 - - [19/Feb/2019:16:25:39 +0100] "GET /loadthumbnail.php?id=11659630&width=113 HTTP/1.1" 200 2737 "http://renault.2web.at/result?dir=DESC&mode=grid&order=name&limit=15&page=2&search=poster" "Mozilla/5.0 (Windows NT 10.0; WOW64; Trident/7.0; rv:11.0) like Gecko"
138.21.12.23 - - [19/Feb/2019:16:25:39 +0100] "GET /loadthumbnail.php?id=10203650&width=113 HTTP/1.1" 200 2741 "http://renault.2web.at/result?dir=DESC&mode=grid&order=name&limit=15&page=2&search=poster" "Mozilla/5.0 (Windows NT 10.0; WOW64; Trident/7.0; rv:11.0) like Gecko"
138.21.12.23 - - [19/Feb/2019:16:25:39 +0100] "GET /loadthumbnail.php?id=11349155&width=113 HTTP/1.1" 200 2814 "http://renault.2web.at/result?dir=DESC&mode=grid&order=name&limit=15&page=2&search=poster" "Mozilla/5.0 (Windows NT 10.0; WOW64; Trident/7.0; rv:11.0) like Gecko"
138.21.12.23 - - [19/Feb/2019:16:25:39 +0100] "GET /loadthumbnail.php?id=11927086&width=113 HTTP/1.1" 200 2978 "http://renault.2web.at/result?dir=DESC&mode=grid&order=name&limit=15&page=2&search=poster" "Mozilla/5.0 (Windows NT 10.0; WOW64; Trident/7.0; rv:11.0) like Gecko"
138.21.12.23 - - [19/Feb/2019:16:25:39 +0100] "GET /loadthumbnail.php?id=11665065&width=113 HTTP/1.1" 200 2677 "http://renault.2web.at/result?dir=DESC&mode=grid&order=name&limit=15&page=2&search=poster" "Mozilla/5.0 (Windows NT 10.0; WOW64; Trident/7.0; rv:11.0) like Gecko"
138.21.12.23 - - [19/Feb/2019:16:25:39 +0100] "GET /loadthumbnail.php?id=11906025&width=113 HTTP/1.1" 200 2994 "http://renault.2web.at/result?dir=DESC&mode=grid&order=name&limit=15&page=2&search=poster" "Mozilla/5.0 (Windows NT 10.0; WOW64; Trident/7.0; rv:11.0) like Gecko"
138.21.12.23 - - [19/Feb/2019:16:25:39 +0100] "GET /loadthumbnail.php?id=11665066&width=113 HTTP/1.1" 200 4533 "http://renault.2web.at/result?dir=DESC&mode=grid&order=name&limit=15&page=2&search=poster" "Mozilla/5.0 (Windows NT 10.0; WOW64; Trident/7.0; rv:11.0) like Gecko"
80.123.225.36 - - [19/Feb/2019:16:25:38 +0100] "GET /reload?ser=1550589938901 HTTP/1.1" 200 28 "http://renault.activities.at/result?searchterm=true&search=dacia+mappen" "Mozilla/5.0 (Windows NT 6.1; Win64; x64) AppleWebKit/537.36 (KHTML, like Gecko) Chrome/72.0.3626.109 Safari/537.36"
80.123.221.50 - - [19/Feb/2019:16:25:40 +0100] "GET /reload?ser=1550590114454 HTTP/1.1" 200 28 "http://renault.2web.at/10201633" "Mozilla/5.0 (Windows NT 6.1; Win64; x64; rv:65.0) Gecko/20100101 Firefox/65.0"
138.21.12.23 - - [19/Feb/2019:16:25:57 +0100] "GET /result?dir=DESC&mode=grid&order=name&limit=15&page=3&search=poster HTTP/1.1" 200 10114 "http://renault.2web.at/result?dir=DESC&mode=grid&order=name&limit=15&page=2&search=poster" "Mozilla/5.0 (Windows NT 10.0; WOW64; Trident/7.0; rv:11.0) like Gecko"
138.21.12.23 - - [19/Feb/2019:16:26:00 +0100] "GET /loadthumbnail.php?id=11314595&width=113 HTTP/1.1" 200 2441 "http://renault.2web.at/result?dir=DESC&mode=grid&order=name&limit=15&page=3&search=poster" "Mozilla/5.0 (Windows NT 10.0; WOW64; Trident/7.0; rv:11.0) like Gecko"
138.21.12.23 - - [19/Feb/2019:16:26:00 +0100] "GET /loadthumbnail.php?id=11314594&width=113 HTTP/1.1" 200 4859 "http://renault.2web.at/result?dir=DESC&mode=grid&order=name&limit=15&page=3&search=poster" "Mozilla/5.0 (Windows NT 10.0; WOW64; Trident/7.0; rv:11.0) like Gecko"
138.21.12.23 - - [19/Feb/2019:16:26:00 +0100] "GET /loadthumbnail.php?id=11784483&width=113 HTTP/1.1" 200 5836 "http://renault.2web.at/result?dir=DESC&mode=grid&order=name&limit=15&page=3&search=poster" "Mozilla/5.0 (Windows NT 10.0; WOW64; Trident/7.0; rv:11.0) like Gecko"
138.21.12.23 - - [19/Feb/2019:16:26:00 +0100] "GET /loadthumbnail.php?id=11784464&width=113 HTTP/1.1" 200 2802 "http://renault.2web.at/result?dir=DESC&mode=grid&order=name&limit=15&page=3&search=poster" "Mozilla/5.0 (Windows NT 10.0; WOW64; Trident/7.0; rv:11.0) like Gecko"
138.21.12.23 - - [19/Feb/2019:16:26:00 +0100] "GET /loadthumbnail.php?id=11532185&width=113 HTTP/1.1" 200 2800 "http://renault.2web.at/result?dir=DESC&mode=grid&order=name&limit=15&page=3&search=poster" "Mozilla/5.0 (Windows NT 10.0; WOW64; Trident/7.0; rv:11.0) like Gecko"
138.21.12.23 - - [19/Feb/2019:16:26:00 +0100] "GET /loadthumbnail.php?id=11784465&width=113 HTTP/1.1" 200 2824 "http://renault.2web.at/result?dir=DESC&mode=grid&order=name&limit=15&page=3&search=poster" "Mozilla/5.0 (Windows NT 10.0; WOW64; Trident/7.0; rv:11.0) like Gecko"
138.21.12.23 - - [19/Feb/2019:16:26:00 +0100] "GET /loadthumbnail.php?id=11831525&width=113 HTTP/1.1" 200 4126 "http://renault.2web.at/result?dir=DESC&mode=grid&order=name&limit=15&page=3&search=poster" "Mozilla/5.0 (Windows NT 10.0; WOW64; Trident/7.0; rv:11.0) like Gecko"
138.21.12.23 - - [19/Feb/2019:16:26:00 +0100] "GET /loadthumbnail.php?id=11784480&width=113 HTTP/1.1" 200 4887 "http://renault.2web.at/result?dir=DESC&mode=grid&order=name&limit=15&page=3&search=poster" "Mozilla/5.0 (Windows NT 10.0; WOW64; Trident/7.0; rv:11.0) like Gecko"
138.21.12.23 - - [19/Feb/2019:16:26:00 +0100] "GET /loadthumbnail.php?id=11784481&width=113 HTTP/1.1" 200 5692 "http://renault.2web.at/result?dir=DESC&mode=grid&order=name&limit=15&page=3&search=poster" "Mozilla/5.0 (Windows NT 10.0; WOW64; Trident/7.0; rv:11.0) like Gecko"
138.21.12.23 - - [19/Feb/2019:16:26:00 +0100] "GET /loadthumbnail.php?id=11314591&width=113 HTTP/1.1" 200 2647 "http://renault.2web.at/result?dir=DESC&mode=grid&order=name&limit=15&page=3&search=poster" "Mozilla/5.0 (Windows NT 10.0; WOW64; Trident/7.0; rv:11.0) like Gecko"
138.21.12.23 - - [19/Feb/2019:16:26:00 +0100] "GET /loadthumbnail.php?id=11784479&width=113 HTTP/1.1" 200 2490 "http://renault.2web.at/result?dir=DESC&mode=grid&order=name&limit=15&page=3&search=poster" "Mozilla/5.0 (Windows NT 10.0; WOW64; Trident/7.0; rv:11.0) like Gecko"
138.21.12.23 - - [19/Feb/2019:16:26:00 +0100] "GET /loadthumbnail.php?id=11784466&width=113 HTTP/1.1" 200 3044 "http://renault.2web.at/result?dir=DESC&mode=grid&order=name&limit=15&page=3&search=poster" "Mozilla/5.0 (Windows NT 10.0; WOW64; Trident/7.0; rv:11.0) like Gecko"
138.21.12.23 - - [19/Feb/2019:16:26:00 +0100] "GET /loadthumbnail.php?id=11314593&width=113 HTTP/1.1" 200 4275 "http://renault.2web.at/result?dir=DESC&mode=grid&order=name&limit=15&page=3&search=poster" "Mozilla/5.0 (Windows NT 10.0; WOW64; Trident/7.0; rv:11.0) like Gecko"
138.21.12.23 - - [19/Feb/2019:16:26:00 +0100] "GET /loadthumbnail.php?id=11489823&width=113 HTTP/1.1" 200 2857 "http://renault.2web.at/result?dir=DESC&mode=grid&order=name&limit=15&page=3&search=poster" "Mozilla/5.0 (Windows NT 10.0; WOW64; Trident/7.0; rv:11.0) like Gecko"
138.21.12.23 - - [19/Feb/2019:16:26:00 +0100] "GET /loadthumbnail.php?id=11314592&width=113 HTTP/1.1" 200 3118 "http://renault.2web.at/result?dir=DESC&mode=grid&order=name&limit=15&page=3&search=poster" "Mozilla/5.0 (Windows NT 10.0; WOW64; Trident/7.0; rv:11.0) like Gecko"
213.153.47.173 - - [19/Feb/2019:16:26:23 +0100] "GET /reload?ser=1550589983540 HTTP/1.1" 200 28 "http://renault.activities.at/login?required=true" "Mozilla/5.0 (Windows NT 10.0; Win64; x64; rv:65.0) Gecko/20100101 Firefox/65.0"
80.123.225.36 - - [19/Feb/2019:16:26:40 +0100] "GET /reload?ser=1550589999991 HTTP/1.1" 200 28 "http://renault.activities.at/result?searchterm=true&search=dacia+mappen" "Mozilla/5.0 (Windows NT 6.1; Win64; x64) AppleWebKit/537.36 (KHTML, like Gecko) Chrome/72.0.3626.109 Safari/537.36"
80.123.221.50 - - [19/Feb/2019:16:26:40 +0100] "GET /reload?ser=1550590175413 HTTP/1.1" 200 28 "http://renault.2web.at/10201633" "Mozilla/5.0 (Windows NT 6.1; Win64; x64; rv:65.0) Gecko/20100101 Firefox/65.0"
138.21.12.23 - - [19/Feb/2019:16:27:01 +0100] "GET /reload?ser=1550590021041 HTTP/1.1" 200 28 "http://renault.2web.at/result?dir=DESC&mode=grid&order=name&limit=15&page=3&search=poster" "Mozilla/5.0 (Windows NT 10.0; WOW64; Trident/7.0; rv:11.0) like Gecko"
213.153.47.173 - - [19/Feb/2019:16:27:24 +0100] "GET /reload?ser=1550590044200 HTTP/1.1" 200 28 "http://renault.activities.at/login?required=true" "Mozilla/5.0 (Windows NT 10.0; Win64; x64; rv:65.0) Gecko/20100101 Firefox/65.0"
80.123.225.36 - - [19/Feb/2019:16:27:41 +0100] "GET /reload?ser=1550590061012 HTTP/1.1" 200 28 "http://renault.activities.at/result?searchterm=true&search=dacia+mappen" "Mozilla/5.0 (Windows NT 6.1; Win64; x64) AppleWebKit/537.36 (KHTML, like Gecko) Chrome/72.0.3626.109 Safari/537.36"
80.123.221.50 - - [19/Feb/2019:16:27:41 +0100] "GET /reload?ser=1550590236382 HTTP/1.1" 200 28 "http://renault.2web.at/10201633" "Mozilla/5.0 (Windows NT 6.1; Win64; x64; rv:65.0) Gecko/20100101 Firefox/65.0"
138.21.12.23 - - [19/Feb/2019:16:28:02 +0100] "GET /reload?ser=1550590082107 HTTP/1.1" 200 28 "http://renault.2web.at/result?dir=DESC&mode=grid&order=name&limit=15&page=3&search=poster" "Mozilla/5.0 (Windows NT 10.0; WOW64; Trident/7.0; rv:11.0) like Gecko"
138.21.12.23 - - [19/Feb/2019:16:28:19 +0100] "GET /result?dir=DESC&mode=grid&order=name&limit=15&page=1&search=poster HTTP/1.1" 200 10226 "http://renault.2web.at/result?dir=DESC&mode=grid&order=name&limit=15&page=3&search=poster" "Mozilla/5.0 (Windows NT 10.0; WOW64; Trident/7.0; rv:11.0) like Gecko"
213.153.47.173 - - [19/Feb/2019:16:28:24 +0100] "GET /reload?ser=1550590104880 HTTP/1.1" 200 28 "http://renault.activities.at/login?required=true" "Mozilla/5.0 (Windows NT 10.0; Win64; x64; rv:65.0) Gecko/20100101 Firefox/65.0"
91.113.165.162 - - [19/Feb/2019:16:28:28 +0100] "GET / HTTP/1.1" 200 3604 "-" "Mozilla/5.0 (iPhone; CPU iPhone OS 12_1_4 like Mac OS X) AppleWebKit/605.1.15 (KHTML, like Gecko) Version/12.0 Mobile/15E148 Safari/604.1"
91.113.165.162 - - [19/Feb/2019:16:28:29 +0100] "GET /apple-touch-icon-120x120-precomposed.png HTTP/1.1" 200 1559 "-" "MobileSafari/604.1 CFNetwork/976 Darwin/18.2.0"
91.113.165.162 - - [19/Feb/2019:16:28:31 +0100] "GET /apple-touch-icon-120x120.png HTTP/1.1" 200 1559 "-" "MobileSafari/604.1 CFNetwork/976 Darwin/18.2.0"
91.113.165.162 - - [19/Feb/2019:16:28:31 +0100] "GET /apple-touch-icon-precomposed.png HTTP/1.1" 200 1559 "-" "MobileSafari/604.1 CFNetwork/976 Darwin/18.2.0"
91.113.165.162 - - [19/Feb/2019:16:28:32 +0100] "GET /apple-touch-icon.png HTTP/1.1" 200 1559 "-" "MobileSafari/604.1 CFNetwork/976 Darwin/18.2.0"
91.113.165.162 - - [19/Feb/2019:16:28:33 +0100] "GET /images/favicon.ico HTTP/1.1" 404 305 "-" "MobileSafari/604.1 CFNetwork/976 Darwin/18.2.0"
91.113.165.162 - - [19/Feb/2019:16:28:33 +0100] "GET /images/favicon.ico HTTP/1.1" 404 305 "-" "MobileSafari/604.1 CFNetwork/976 Darwin/18.2.0"
91.113.165.162 - - [19/Feb/2019:16:28:34 +0100] "GET /favicon.ico HTTP/1.1" 200 3250 "-" "MobileSafari/604.1 CFNetwork/976 Darwin/18.2.0"
91.113.165.162 - - [19/Feb/2019:16:28:34 +0100] "GET /apple-touch-icon-120x120-precomposed.png HTTP/1.1" 200 1559 "-" "MobileSafari/604.1 CFNetwork/976 Darwin/18.2.0"
91.113.165.162 - - [19/Feb/2019:16:28:35 +0100] "GET /apple-touch-icon-120x120.png HTTP/1.1" 200 1559 "-" "MobileSafari/604.1 CFNetwork/976 Darwin/18.2.0"
91.113.165.162 - - [19/Feb/2019:16:28:36 +0100] "GET /apple-touch-icon-precomposed.png HTTP/1.1" 200 1559 "-" "MobileSafari/604.1 CFNetwork/976 Darwin/18.2.0"
91.113.165.162 - - [19/Feb/2019:16:28:37 +0100] "GET /apple-touch-icon.png HTTP/1.1" 200 1559 "-" "MobileSafari/604.1 CFNetwork/976 Darwin/18.2.0"
91.113.165.162 - - [19/Feb/2019:16:28:38 +0100] "GET /images/favicon.ico HTTP/1.1" 404 305 "-" "MobileSafari/604.1 CFNetwork/976 Darwin/18.2.0"
91.113.165.162 - - [19/Feb/2019:16:28:38 +0100] "GET /images/favicon.ico HTTP/1.1" 404 305 "-" "MobileSafari/604.1 CFNetwork/976 Darwin/18.2.0"
91.113.165.162 - - [19/Feb/2019:16:28:38 +0100] "GET /favicon.ico HTTP/1.1" 200 3250 "-" "MobileSafari/604.1 CFNetwork/976 Darwin/18.2.0"
80.123.225.36 - - [19/Feb/2019:16:28:42 +0100] "GET /reload?ser=1550590122082 HTTP/1.1" 200 28 "http://renault.activities.at/result?searchterm=true&search=dacia+mappen" "Mozilla/5.0 (Windows NT 6.1; Win64; x64) AppleWebKit/537.36 (KHTML, like Gecko) Chrome/72.0.3626.109 Safari/537.36"
80.123.221.50 - - [19/Feb/2019:16:28:42 +0100] "GET /reload?ser=1550590297301 HTTP/1.1" 200 28 "http://renault.2web.at/10201633" "Mozilla/5.0 (Windows NT 6.1; Win64; x64; rv:65.0) Gecko/20100101 Firefox/65.0"
138.21.12.23 - - [19/Feb/2019:16:28:41 +0100] "GET /result?dir=DESC&mode=grid&order=name&limit=15&page=2&search=poster HTTP/1.1" 200 10359 "http://renault.2web.at/result?dir=DESC&mode=grid&order=name&limit=15&page=1&search=poster" "Mozilla/5.0 (Windows NT 10.0; WOW64; Trident/7.0; rv:11.0) like Gecko"
138.21.12.23 - - [19/Feb/2019:16:29:08 +0100] "GET /result?dir=DESC&mode=grid&order=name&limit=15&page=3&search=poster HTTP/1.1" 200 10114 "http://renault.2web.at/result?dir=DESC&mode=grid&order=name&limit=15&page=2&search=poster" "Mozilla/5.0 (Windows NT 10.0; WOW64; Trident/7.0; rv:11.0) like Gecko"
213.153.47.173 - - [19/Feb/2019:16:29:25 +0100] "GET /reload?ser=1550590165541 HTTP/1.1" 200 28 "http://renault.activities.at/login?required=true" "Mozilla/5.0 (Windows NT 10.0; Win64; x64; rv:65.0) Gecko/20100101 Firefox/65.0"
80.123.221.50 - - [19/Feb/2019:16:29:43 +0100] "GET /reload?ser=1550590358221 HTTP/1.1" 200 28 "http://renault.2web.at/10201633" "Mozilla/5.0 (Windows NT 6.1; Win64; x64; rv:65.0) Gecko/20100101 Firefox/65.0"
138.21.12.23 - - [19/Feb/2019:16:29:58 +0100] "GET /result?dir=DESC&mode=grid&order=name&limit=15&page=4&search=poster HTTP/1.1" 200 8566 "http://renault.2web.at/result?dir=DESC&mode=grid&order=name&limit=15&page=3&search=poster" "Mozilla/5.0 (Windows NT 10.0; WOW64; Trident/7.0; rv:11.0) like Gecko"
138.21.12.23 - - [19/Feb/2019:16:30:01 +0100] "GET /loadthumbnail.php?id=11489819&width=113 HTTP/1.1" 200 3862 "http://renault.2web.at/result?dir=DESC&mode=grid&order=name&limit=15&page=4&search=poster" "Mozilla/5.0 (Windows NT 10.0; WOW64; Trident/7.0; rv:11.0) like Gecko"
138.21.12.23 - - [19/Feb/2019:16:30:01 +0100] "GET /loadthumbnail.php?id=11340122&width=113 HTTP/1.1" 200 3786 "http://renault.2web.at/result?dir=DESC&mode=grid&order=name&limit=15&page=4&search=poster" "Mozilla/5.0 (Windows NT 10.0; WOW64; Trident/7.0; rv:11.0) like Gecko"
138.21.12.23 - - [19/Feb/2019:16:30:01 +0100] "GET /loadthumbnail.php?id=11435681&width=113 HTTP/1.1" 200 3946 "http://renault.2web.at/result?dir=DESC&mode=grid&order=name&limit=15&page=4&search=poster" "Mozilla/5.0 (Windows NT 10.0; WOW64; Trident/7.0; rv:11.0) like Gecko"
138.21.12.23 - - [19/Feb/2019:16:30:01 +0100] "GET /loadthumbnail.php?id=11340121&width=113 HTTP/1.1" 200 4540 "http://renault.2web.at/result?dir=DESC&mode=grid&order=name&limit=15&page=4&search=poster" "Mozilla/5.0 (Windows NT 10.0; WOW64; Trident/7.0; rv:11.0) like Gecko"
138.21.12.23 - - [19/Feb/2019:16:30:01 +0100] "GET /loadthumbnail.php?id=11901068&width=113 HTTP/1.1" 200 14816 "http://renault.2web.at/result?dir=DESC&mode=grid&order=name&limit=15&page=4&search=poster" "Mozilla/5.0 (Windows NT 10.0; WOW64; Trident/7.0; rv:11.0) like Gecko"
138.21.12.23 - - [19/Feb/2019:16:30:01 +0100] "GET /loadthumbnail.php?id=11901055&width=113 HTTP/1.1" 200 14816 "http://renault.2web.at/result?dir=DESC&mode=grid&order=name&limit=15&page=4&search=poster" "Mozilla/5.0 (Windows NT 10.0; WOW64; Trident/7.0; rv:11.0) like Gecko"
138.21.12.23 - - [19/Feb/2019:16:30:01 +0100] "GET /loadthumbnail.php?id=11659629&width=113 HTTP/1.1" 200 2748 "http://renault.2web.at/result?dir=DESC&mode=grid&order=name&limit=15&page=4&search=poster" "Mozilla/5.0 (Windows NT 10.0; WOW64; Trident/7.0; rv:11.0) like Gecko"
213.153.47.173 - - [19/Feb/2019:16:30:26 +0100] "GET /reload?ser=1550590226211 HTTP/1.1" 200 28 "http://renault.activities.at/login?required=true" "Mozilla/5.0 (Windows NT 10.0; Win64; x64; rv:65.0) Gecko/20100101 Firefox/65.0"
80.123.221.50 - - [19/Feb/2019:16:30:44 +0100] "GET /reload?ser=1550590419140 HTTP/1.1" 200 28 "http://renault.2web.at/10201633" "Mozilla/5.0 (Windows NT 6.1; Win64; x64; rv:65.0) Gecko/20100101 Firefox/65.0"
138.21.12.23 - - [19/Feb/2019:16:31:01 +0100] "GET /reload?ser=1550590261596 HTTP/1.1" 200 28 "http://renault.2web.at/result?dir=DESC&mode=grid&order=name&limit=15&page=4&search=poster" "Mozilla/5.0 (Windows NT 10.0; WOW64; Trident/7.0; rv:11.0) like Gecko"
213.153.47.173 - - [19/Feb/2019:16:31:26 +0100] "GET /reload?ser=1550590286871 HTTP/1.1" 200 28 "http://renault.activities.at/login?required=true" "Mozilla/5.0 (Windows NT 10.0; Win64; x64; rv:65.0) Gecko/20100101 Firefox/65.0"
80.123.221.50 - - [19/Feb/2019:16:31:45 +0100] "GET /reload?ser=1550590480092 HTTP/1.1" 200 28 "http://renault.2web.at/10201633" "Mozilla/5.0 (Windows NT 6.1; Win64; x64; rv:65.0) Gecko/20100101 Firefox/65.0"
213.153.47.173 - - [19/Feb/2019:16:32:27 +0100] "GET /reload?ser=1550590347542 HTTP/1.1" 200 28 "http://renault.activities.at/login?required=true" "Mozilla/5.0 (Windows NT 10.0; Win64; x64; rv:65.0) Gecko/20100101 Firefox/65.0"
80.123.221.50 - - [19/Feb/2019:16:32:46 +0100] "GET /reload?ser=1550590541011 HTTP/1.1" 200 28 "http://renault.2web.at/10201633" "Mozilla/5.0 (Windows NT 6.1; Win64; x64; rv:65.0) Gecko/20100101 Firefox/65.0"
213.153.47.173 - - [19/Feb/2019:16:33:28 +0100] "GET /reload?ser=1550590408231 HTTP/1.1" 200 28 "http://renault.activities.at/login?required=true" "Mozilla/5.0 (Windows NT 10.0; Win64; x64; rv:65.0) Gecko/20100101 Firefox/65.0"
80.123.221.50 - - [19/Feb/2019:16:33:47 +0100] "GET /reload?ser=1550590601981 HTTP/1.1" 200 28 "http://renault.2web.at/10201633" "Mozilla/5.0 (Windows NT 6.1; Win64; x64; rv:65.0) Gecko/20100101 Firefox/65.0"
213.153.47.173 - - [19/Feb/2019:16:34:28 +0100] "GET /reload?ser=1550590468892 HTTP/1.1" 200 28 "http://renault.activities.at/login?required=true" "Mozilla/5.0 (Windows NT 10.0; Win64; x64; rv:65.0) Gecko/20100101 Firefox/65.0"
80.123.221.50 - - [19/Feb/2019:16:34:48 +0100] "GET /reload?ser=1550590662951 HTTP/1.1" 200 28 "http://renault.2web.at/10201633" "Mozilla/5.0 (Windows NT 6.1; Win64; x64; rv:65.0) Gecko/20100101 Firefox/65.0"
213.153.47.173 - - [19/Feb/2019:16:35:29 +0100] "GET /reload?ser=1550590529573 HTTP/1.1" 200 28 "http://renault.activities.at/login?required=true" "Mozilla/5.0 (Windows NT 10.0; Win64; x64; rv:65.0) Gecko/20100101 Firefox/65.0"
80.123.221.50 - - [19/Feb/2019:16:35:49 +0100] "GET /reload?ser=1550590723940 HTTP/1.1" 200 28 "http://renault.2web.at/10201633" "Mozilla/5.0 (Windows NT 6.1; Win64; x64; rv:65.0) Gecko/20100101 Firefox/65.0"
213.153.47.173 - - [19/Feb/2019:16:36:30 +0100] "GET /reload?ser=1550590590242 HTTP/1.1" 200 28 "http://renault.activities.at/login?required=true" "Mozilla/5.0 (Windows NT 10.0; Win64; x64; rv:65.0) Gecko/20100101 Firefox/65.0"
80.123.221.50 - - [19/Feb/2019:16:36:50 +0100] "GET /reload?ser=1550590784899 HTTP/1.1" 200 28 "http://renault.2web.at/10201633" "Mozilla/5.0 (Windows NT 6.1; Win64; x64; rv:65.0) Gecko/20100101 Firefox/65.0"
213.153.47.173 - - [19/Feb/2019:16:37:30 +0100] "GET /reload?ser=1550590650913 HTTP/1.1" 200 28 "http://renault.activities.at/login?required=true" "Mozilla/5.0 (Windows NT 10.0; Win64; x64; rv:65.0) Gecko/20100101 Firefox/65.0"
80.123.221.50 - - [19/Feb/2019:16:37:51 +0100] "GET /reload?ser=1550590845879 HTTP/1.1" 200 28 "http://renault.2web.at/10201633" "Mozilla/5.0 (Windows NT 6.1; Win64; x64; rv:65.0) Gecko/20100101 Firefox/65.0"
213.153.47.173 - - [19/Feb/2019:16:38:31 +0100] "GET /reload?ser=1550590711583 HTTP/1.1" 200 28 "http://renault.activities.at/login?required=true" "Mozilla/5.0 (Windows NT 10.0; Win64; x64; rv:65.0) Gecko/20100101 Firefox/65.0"
80.123.221.50 - - [19/Feb/2019:16:38:52 +0100] "GET /reload?ser=1550590906868 HTTP/1.1" 200 28 "http://renault.2web.at/10201633" "Mozilla/5.0 (Windows NT 6.1; Win64; x64; rv:65.0) Gecko/20100101 Firefox/65.0"
213.153.47.173 - - [19/Feb/2019:16:39:32 +0100] "GET /reload?ser=1550590772253 HTTP/1.1" 200 28 "http://renault.activities.at/login?required=true" "Mozilla/5.0 (Windows NT 10.0; Win64; x64; rv:65.0) Gecko/20100101 Firefox/65.0"
80.123.221.50 - - [19/Feb/2019:16:39:53 +0100] "GET /reload?ser=1550590967788 HTTP/1.1" 200 28 "http://renault.2web.at/10201633" "Mozilla/5.0 (Windows NT 6.1; Win64; x64; rv:65.0) Gecko/20100101 Firefox/65.0"
213.153.47.173 - - [19/Feb/2019:16:40:32 +0100] "GET /reload?ser=1550590832922 HTTP/1.1" 200 28 "http://renault.activities.at/login?required=true" "Mozilla/5.0 (Windows NT 10.0; Win64; x64; rv:65.0) Gecko/20100101 Firefox/65.0"
80.123.221.50 - - [19/Feb/2019:16:40:54 +0100] "GET /reload?ser=1550591028767 HTTP/1.1" 200 28 "http://renault.2web.at/10201633" "Mozilla/5.0 (Windows NT 6.1; Win64; x64; rv:65.0) Gecko/20100101 Firefox/65.0"
80.123.221.50 - - [19/Feb/2019:16:41:55 +0100] "GET /reload?ser=1550591089739 HTTP/1.1" 200 28 "http://renault.2web.at/10201633" "Mozilla/5.0 (Windows NT 6.1; Win64; x64; rv:65.0) Gecko/20100101 Firefox/65.0"
80.123.221.50 - - [19/Feb/2019:16:42:56 +0100] "GET /reload?ser=1550591150718 HTTP/1.1" 200 28 "http://renault.2web.at/10201633" "Mozilla/5.0 (Windows NT 6.1; Win64; x64; rv:65.0) Gecko/20100101 Firefox/65.0"
80.123.221.50 - - [19/Feb/2019:16:43:57 +0100] "GET /reload?ser=1550591211688 HTTP/1.1" 200 28 "http://renault.2web.at/10201633" "Mozilla/5.0 (Windows NT 6.1; Win64; x64; rv:65.0) Gecko/20100101 Firefox/65.0"
80.123.221.50 - - [19/Feb/2019:16:44:58 +0100] "GET /reload?ser=1550591272639 HTTP/1.1" 200 28 "http://renault.2web.at/10201633" "Mozilla/5.0 (Windows NT 6.1; Win64; x64; rv:65.0) Gecko/20100101 Firefox/65.0"
212.152.246.130 - - [19/Feb/2019:16:45:09 +0100] "GET /login HTTP/1.1" 200 2086 "-" "Mozilla/5.0 (Windows NT 6.1; Win64; x64) AppleWebKit/537.36 (KHTML, like Gecko) Chrome/71.0.3578.98 Safari/537.36 OPR/58.0.3135.65"
212.152.246.130 - - [19/Feb/2019:16:45:09 +0100] "GET /images/favicon.ico HTTP/1.1" 404 305 "-" "Mozilla/5.0 (Windows NT 6.1; Win64; x64) AppleWebKit/537.36 (KHTML, like Gecko) Chrome/71.0.3578.98 Safari/537.36 OPR/58.0.3135.65"
80.123.221.50 - - [19/Feb/2019:16:45:59 +0100] "GET /reload?ser=1550591333618 HTTP/1.1" 200 28 "http://renault.2web.at/10201633" "Mozilla/5.0 (Windows NT 6.1; Win64; x64; rv:65.0) Gecko/20100101 Firefox/65.0"
80.123.221.50 - - [19/Feb/2019:16:47:00 +0100] "GET /reload?ser=1550591394607 HTTP/1.1" 200 28 "http://renault.2web.at/10201633" "Mozilla/5.0 (Windows NT 6.1; Win64; x64; rv:65.0) Gecko/20100101 Firefox/65.0"
80.123.221.50 - - [19/Feb/2019:16:48:01 +0100] "GET /reload?ser=1550591455566 HTTP/1.1" 200 28 "http://renault.2web.at/10201633" "Mozilla/5.0 (Windows NT 6.1; Win64; x64; rv:65.0) Gecko/20100101 Firefox/65.0"
80.123.221.50 - - [19/Feb/2019:16:49:02 +0100] "GET /reload?ser=1550591516542 HTTP/1.1" 200 28 "http://renault.2web.at/10201633" "Mozilla/5.0 (Windows NT 6.1; Win64; x64; rv:65.0) Gecko/20100101 Firefox/65.0"
80.123.221.50 - - [19/Feb/2019:16:50:03 +0100] "GET /reload?ser=1550591577501 HTTP/1.1" 200 28 "http://renault.2web.at/10201633" "Mozilla/5.0 (Windows NT 6.1; Win64; x64; rv:65.0) Gecko/20100101 Firefox/65.0"
80.123.221.50 - - [19/Feb/2019:16:51:04 +0100] "GET /reload?ser=1550591638480 HTTP/1.1" 200 28 "http://renault.2web.at/10201633" "Mozilla/5.0 (Windows NT 6.1; Win64; x64; rv:65.0) Gecko/20100101 Firefox/65.0"
80.123.221.50 - - [19/Feb/2019:16:52:05 +0100] "GET /reload?ser=1550591699460 HTTP/1.1" 200 28 "http://renault.2web.at/10201633" "Mozilla/5.0 (Windows NT 6.1; Win64; x64; rv:65.0) Gecko/20100101 Firefox/65.0"
80.123.221.50 - - [19/Feb/2019:16:53:06 +0100] "GET /reload?ser=1550591760449 HTTP/1.1" 200 28 "http://renault.2web.at/10201633" "Mozilla/5.0 (Windows NT 6.1; Win64; x64; rv:65.0) Gecko/20100101 Firefox/65.0"
80.123.221.50 - - [19/Feb/2019:16:54:07 +0100] "GET /reload?ser=1550591821428 HTTP/1.1" 200 28 "http://renault.2web.at/10201633" "Mozilla/5.0 (Windows NT 6.1; Win64; x64; rv:65.0) Gecko/20100101 Firefox/65.0"
80.123.221.50 - - [19/Feb/2019:16:55:07 +0100] "GET /reload?ser=1550591882378 HTTP/1.1" 200 28 "http://renault.2web.at/10201633" "Mozilla/5.0 (Windows NT 6.1; Win64; x64; rv:65.0) Gecko/20100101 Firefox/65.0"
80.123.221.50 - - [19/Feb/2019:16:56:08 +0100] "GET /reload?ser=1550591943357 HTTP/1.1" 200 28 "http://renault.2web.at/10201633" "Mozilla/5.0 (Windows NT 6.1; Win64; x64; rv:65.0) Gecko/20100101 Firefox/65.0"
80.123.221.50 - - [19/Feb/2019:16:57:09 +0100] "GET /reload?ser=1550592004317 HTTP/1.1" 200 28 "http://renault.2web.at/10201633" "Mozilla/5.0 (Windows NT 6.1; Win64; x64; rv:65.0) Gecko/20100101 Firefox/65.0"
80.123.221.50 - - [19/Feb/2019:16:58:10 +0100] "GET /reload?ser=1550592065287 HTTP/1.1" 200 28 "http://renault.2web.at/10201633" "Mozilla/5.0 (Windows NT 6.1; Win64; x64; rv:65.0) Gecko/20100101 Firefox/65.0"
80.123.221.50 - - [19/Feb/2019:16:59:11 +0100] "GET /reload?ser=1550592126257 HTTP/1.1" 200 28 "http://renault.2web.at/10201633" "Mozilla/5.0 (Windows NT 6.1; Win64; x64; rv:65.0) Gecko/20100101 Firefox/65.0"
80.123.221.50 - - [19/Feb/2019:17:00:12 +0100] "GET /reload?ser=1550592187208 HTTP/1.1" 200 28 "http://renault.2web.at/10201633" "Mozilla/5.0 (Windows NT 6.1; Win64; x64; rv:65.0) Gecko/20100101 Firefox/65.0"
80.123.221.50 - - [19/Feb/2019:17:01:13 +0100] "GET /reload?ser=1550592248176 HTTP/1.1" 200 28 "http://renault.2web.at/10201633" "Mozilla/5.0 (Windows NT 6.1; Win64; x64; rv:65.0) Gecko/20100101 Firefox/65.0"
80.123.221.50 - - [19/Feb/2019:17:02:14 +0100] "GET /reload?ser=1550592309175 HTTP/1.1" 200 28 "http://renault.2web.at/10201633" "Mozilla/5.0 (Windows NT 6.1; Win64; x64; rv:65.0) Gecko/20100101 Firefox/65.0"
80.123.221.50 - - [19/Feb/2019:17:03:15 +0100] "GET /reload?ser=1550592370156 HTTP/1.1" 200 28 "http://renault.2web.at/10201633" "Mozilla/5.0 (Windows NT 6.1; Win64; x64; rv:65.0) Gecko/20100101 Firefox/65.0"
80.123.221.50 - - [19/Feb/2019:17:04:16 +0100] "GET /reload?ser=1550592431170 HTTP/1.1" 200 28 "http://renault.2web.at/10201633" "Mozilla/5.0 (Windows NT 6.1; Win64; x64; rv:65.0) Gecko/20100101 Firefox/65.0"
91.114.99.206 - - [19/Feb/2019:17:05:15 +0100] "GET / HTTP/1.1" 200 3604 "-" "Mozilla/5.0 (Windows NT 6.1; WOW64; Trident/7.0; rv:11.0) like Gecko"
91.114.99.206 - - [19/Feb/2019:17:05:16 +0100] "GET /js/default.js HTTP/1.1" 304 - "http://renault.activities.at/" "Mozilla/5.0 (Windows NT 6.1; WOW64; Trident/7.0; rv:11.0) like Gecko"
91.114.99.206 - - [19/Feb/2019:17:05:16 +0100] "GET /js/flashdetection.js HTTP/1.1" 304 - "http://renault.activities.at/" "Mozilla/5.0 (Windows NT 6.1; WOW64; Trident/7.0; rv:11.0) like Gecko"
91.114.99.206 - - [19/Feb/2019:17:05:16 +0100] "GET /css/reset.css HTTP/1.1" 304 - "http://renault.activities.at/" "Mozilla/5.0 (Windows NT 6.1; WOW64; Trident/7.0; rv:11.0) like Gecko"
