80.120.5.131 - - [19/Feb/2019:13:32:49 +0100] "GET /images/header_block_corner_right_top.gif HTTP/1.1" 304 - "http://renault.activities.at/success" "Mozilla/5.0 (Windows NT 10.0; WOW64; Trident/7.0; rv:11.0) like Gecko"
80.120.5.131 - - [19/Feb/2019:13:32:49 +0100] "GET /images/header_block_corner_left_top.gif HTTP/1.1" 304 - "http://renault.activities.at/success" "Mozilla/5.0 (Windows NT 10.0; WOW64; Trident/7.0; rv:11.0) like Gecko"
80.120.5.131 - - [19/Feb/2019:13:32:49 +0100] "GET /images/header_block_border.gif HTTP/1.1" 304 - "http://renault.activities.at/success" "Mozilla/5.0 (Windows NT 10.0; WOW64; Trident/7.0; rv:11.0) like Gecko"
80.120.5.131 - - [19/Feb/2019:13:32:49 +0100] "GET /images/search_bg.gif HTTP/1.1" 304 - "http://renault.activities.at/success" "Mozilla/5.0 (Windows NT 10.0; WOW64; Trident/7.0; rv:11.0) like Gecko"
80.120.5.131 - - [19/Feb/2019:13:32:49 +0100] "GET /images/menu_divider.gif HTTP/1.1" 304 - "http://renault.activities.at/success" "Mozilla/5.0 (Windows NT 10.0; WOW64; Trident/7.0; rv:11.0) like Gecko"
80.120.5.131 - - [19/Feb/2019:13:32:49 +0100] "GET /images/main_block_border.gif HTTP/1.1" 304 - "http://renault.activities.at/success" "Mozilla/5.0 (Windows NT 10.0; WOW64; Trident/7.0; rv:11.0) like Gecko"
80.120.5.131 - - [19/Feb/2019:13:32:49 +0100] "GET /images/main_block_corner_left_bot.gif HTTP/1.1" 304 - "http://renault.activities.at/success" "Mozilla/5.0 (Windows NT 10.0; WOW64; Trident/7.0; rv:11.0) like Gecko"
80.120.5.131 - - [19/Feb/2019:13:32:49 +0100] "GET /images/title_corner_left_top.jpg HTTP/1.1" 304 - "http://renault.activities.at/success" "Mozilla/5.0 (Windows NT 10.0; WOW64; Trident/7.0; rv:11.0) like Gecko"
80.120.5.131 - - [19/Feb/2019:13:32:49 +0100] "GET /images/top_links_divider.gif HTTP/1.1" 304 - "http://renault.activities.at/success" "Mozilla/5.0 (Windows NT 10.0; WOW64; Trident/7.0; rv:11.0) like Gecko"
80.120.5.131 - - [19/Feb/2019:13:32:49 +0100] "GET /images/nav_divider.gif HTTP/1.1" 304 - "http://renault.activities.at/success" "Mozilla/5.0 (Windows NT 10.0; WOW64; Trident/7.0; rv:11.0) like Gecko"
80.120.5.131 - - [19/Feb/2019:13:32:49 +0100] "GET /images/main_block_corner_right_bot.gif HTTP/1.1" 304 - "http://renault.activities.at/success" "Mozilla/5.0 (Windows NT 10.0; WOW64; Trident/7.0; rv:11.0) like Gecko"
80.120.5.131 - - [19/Feb/2019:13:32:49 +0100] "GET /images/footer_divider.gif HTTP/1.1" 304 - "http://renault.activities.at/success" "Mozilla/5.0 (Windows NT 10.0; WOW64; Trident/7.0; rv:11.0) like Gecko"
80.120.5.131 - - [19/Feb/2019:13:32:49 +0100] "GET /images/button_left_bg.gif HTTP/1.1" 304 - "http://renault.activities.at/success" "Mozilla/5.0 (Windows NT 10.0; WOW64; Trident/7.0; rv:11.0) like Gecko"
80.120.5.131 - - [19/Feb/2019:13:32:49 +0100] "GET /images/title_corner_right_top.jpg HTTP/1.1" 304 - "http://renault.activities.at/success" "Mozilla/5.0 (Windows NT 10.0; WOW64; Trident/7.0; rv:11.0) like Gecko"
80.120.5.131 - - [19/Feb/2019:13:32:50 +0100] "GET /images/title_border_top.jpg HTTP/1.1" 304 - "http://renault.activities.at/success" "Mozilla/5.0 (Windows NT 10.0; WOW64; Trident/7.0; rv:11.0) like Gecko"
80.120.5.131 - - [19/Feb/2019:13:32:50 +0100] "GET /images/title_border.jpg HTTP/1.1" 304 - "http://renault.activities.at/success" "Mozilla/5.0 (Windows NT 10.0; WOW64; Trident/7.0; rv:11.0) like Gecko"
80.120.5.131 - - [19/Feb/2019:13:32:50 +0100] "GET /images/main_block_corner_right_top.gif HTTP/1.1" 304 - "http://renault.activities.at/success" "Mozilla/5.0 (Windows NT 10.0; WOW64; Trident/7.0; rv:11.0) like Gecko"
80.120.5.131 - - [19/Feb/2019:13:32:50 +0100] "GET /images/main_block_corner_left_top.gif HTTP/1.1" 304 - "http://renault.activities.at/success" "Mozilla/5.0 (Windows NT 10.0; WOW64; Trident/7.0; rv:11.0) like Gecko"
80.120.5.131 - - [19/Feb/2019:13:32:50 +0100] "GET /images/menu_button_bg.jpg HTTP/1.1" 304 - "http://renault.activities.at/success" "Mozilla/5.0 (Windows NT 10.0; WOW64; Trident/7.0; rv:11.0) like Gecko"
80.123.221.50 - - [19/Feb/2019:13:32:51 +0100] "GET /reload?ser=1550579745847 HTTP/1.1" 200 28 "http://renault.2web.at/login?required=true" "Mozilla/5.0 (Windows NT 6.1; Win64; x64; rv:65.0) Gecko/20100101 Firefox/65.0"
80.120.5.131 - - [19/Feb/2019:13:32:53 +0100] "GET /logout HTTP/1.1" 302 150 "http://renault.activities.at/success" "Mozilla/5.0 (Windows NT 10.0; WOW64; Trident/7.0; rv:11.0) like Gecko"
80.120.5.131 - - [19/Feb/2019:13:32:54 +0100] "GET /logout HTTP/1.1" 200 5748 "http://renault.activities.at/success" "Mozilla/5.0 (Windows NT 10.0; WOW64; Trident/7.0; rv:11.0) like Gecko"
80.120.5.131 - - [19/Feb/2019:13:32:55 +0100] "GET /js/default.js HTTP/1.1" 304 - "http://renault.activities.at/logout" "Mozilla/5.0 (Windows NT 10.0; WOW64; Trident/7.0; rv:11.0) like Gecko"
80.120.5.131 - - [19/Feb/2019:13:32:55 +0100] "GET /css/reset.css HTTP/1.1" 304 - "http://renault.activities.at/logout" "Mozilla/5.0 (Windows NT 10.0; WOW64; Trident/7.0; rv:11.0) like Gecko"
80.120.5.131 - - [19/Feb/2019:13:32:55 +0100] "GET /css/styles.css HTTP/1.1" 304 - "http://renault.activities.at/logout" "Mozilla/5.0 (Windows NT 10.0; WOW64; Trident/7.0; rv:11.0) like Gecko"
80.120.5.131 - - [19/Feb/2019:13:32:55 +0100] "GET /css/clears.css HTTP/1.1" 304 - "http://renault.activities.at/logout" "Mozilla/5.0 (Windows NT 10.0; WOW64; Trident/7.0; rv:11.0) like Gecko"
80.120.5.131 - - [19/Feb/2019:13:32:55 +0100] "GET /css/print.css HTTP/1.1" 304 - "http://renault.activities.at/logout" "Mozilla/5.0 (Windows NT 10.0; WOW64; Trident/7.0; rv:11.0) like Gecko"
80.120.5.131 - - [19/Feb/2019:13:32:55 +0100] "GET /js/checkout.css HTTP/1.1" 304 - "http://renault.activities.at/logout" "Mozilla/5.0 (Windows NT 10.0; WOW64; Trident/7.0; rv:11.0) like Gecko"
80.120.5.131 - - [19/Feb/2019:13:32:55 +0100] "GET /css/themes/default.css HTTP/1.1" 304 - "http://renault.activities.at/logout" "Mozilla/5.0 (Windows NT 10.0; WOW64; Trident/7.0; rv:11.0) like Gecko"
80.120.5.131 - - [19/Feb/2019:13:32:55 +0100] "GET /css/themes/alphacube.css HTTP/1.1" 304 - "http://renault.activities.at/logout" "Mozilla/5.0 (Windows NT 10.0; WOW64; Trident/7.0; rv:11.0) like Gecko"
80.120.5.131 - - [19/Feb/2019:13:32:55 +0100] "GET /css/prototip.css HTTP/1.1" 304 - "http://renault.activities.at/logout" "Mozilla/5.0 (Windows NT 10.0; WOW64; Trident/7.0; rv:11.0) like Gecko"
80.120.5.131 - - [19/Feb/2019:13:32:55 +0100] "GET /images/header_block_corner_right_top.gif HTTP/1.1" 304 - "http://renault.activities.at/logout" "Mozilla/5.0 (Windows NT 10.0; WOW64; Trident/7.0; rv:11.0) like Gecko"
80.120.5.131 - - [19/Feb/2019:13:32:55 +0100] "GET /images/title_corner_left_top.jpg HTTP/1.1" 304 - "http://renault.activities.at/logout" "Mozilla/5.0 (Windows NT 10.0; WOW64; Trident/7.0; rv:11.0) like Gecko"
80.120.5.131 - - [19/Feb/2019:13:32:55 +0100] "GET /images/header_block_corner_left_top.gif HTTP/1.1" 304 - "http://renault.activities.at/logout" "Mozilla/5.0 (Windows NT 10.0; WOW64; Trident/7.0; rv:11.0) like Gecko"
80.120.5.131 - - [19/Feb/2019:13:32:55 +0100] "GET /images/main_block_corner_right_top.gif HTTP/1.1" 304 - "http://renault.activities.at/logout" "Mozilla/5.0 (Windows NT 10.0; WOW64; Trident/7.0; rv:11.0) like Gecko"
80.120.5.131 - - [19/Feb/2019:13:32:55 +0100] "GET /images/main_block_border.gif HTTP/1.1" 304 - "http://renault.activities.at/logout" "Mozilla/5.0 (Windows NT 10.0; WOW64; Trident/7.0; rv:11.0) like Gecko"
80.120.5.131 - - [19/Feb/2019:13:32:55 +0100] "GET /images/title_corner_right_top.jpg HTTP/1.1" 304 - "http://renault.activities.at/logout" "Mozilla/5.0 (Windows NT 10.0; WOW64; Trident/7.0; rv:11.0) like Gecko"
80.120.5.131 - - [19/Feb/2019:13:32:55 +0100] "GET /images/title_border_top.jpg HTTP/1.1" 304 - "http://renault.activities.at/logout" "Mozilla/5.0 (Windows NT 10.0; WOW64; Trident/7.0; rv:11.0) like Gecko"
80.120.5.131 - - [19/Feb/2019:13:32:55 +0100] "GET /images/title_border.jpg HTTP/1.1" 304 - "http://renault.activities.at/logout" "Mozilla/5.0 (Windows NT 10.0; WOW64; Trident/7.0; rv:11.0) like Gecko"
80.120.5.131 - - [19/Feb/2019:13:32:55 +0100] "GET /images/main_block_corner_left_top.gif HTTP/1.1" 304 - "http://renault.activities.at/logout" "Mozilla/5.0 (Windows NT 10.0; WOW64; Trident/7.0; rv:11.0) like Gecko"
80.120.5.131 - - [19/Feb/2019:13:32:55 +0100] "GET /images/main_block_corner_right_bot.gif HTTP/1.1" 304 - "http://renault.activities.at/logout" "Mozilla/5.0 (Windows NT 10.0; WOW64; Trident/7.0; rv:11.0) like Gecko"
80.120.5.131 - - [19/Feb/2019:13:32:55 +0100] "GET /images/header_block_border.gif HTTP/1.1" 304 - "http://renault.activities.at/logout" "Mozilla/5.0 (Windows NT 10.0; WOW64; Trident/7.0; rv:11.0) like Gecko"
80.120.5.131 - - [19/Feb/2019:13:32:55 +0100] "GET /images/main_block_corner_left_bot.gif HTTP/1.1" 304 - "http://renault.activities.at/logout" "Mozilla/5.0 (Windows NT 10.0; WOW64; Trident/7.0; rv:11.0) like Gecko"
80.120.5.131 - - [19/Feb/2019:13:33:12 +0100] "GET /reload?ser=1550579592430 HTTP/1.1" 200 2 "http://renault.activities.at/10201442?dir=DESC&mode=grid&order=name&limit=15&page=3&cat=10260003" "Mozilla/5.0 (Windows NT 10.0; WOW64; Trident/7.0; rv:11.0) like Gecko"
138.21.12.22 - - [19/Feb/2019:13:33:21 +0100] "GET /reload?ser=1550579601235 HTTP/1.1" 200 28 "http://renault.2web.at/account?loadrequest=true" "Mozilla/5.0 (Windows NT 10.0; WOW64; Trident/7.0; Touch; rv:11.0) like Gecko"
213.153.47.173 - - [19/Feb/2019:13:33:29 +0100] "GET /reload?ser=1550579609566 HTTP/1.1" 200 28 "http://renault.activities.at/login?required=true" "Mozilla/5.0 (Windows NT 10.0; Win64; x64; rv:65.0) Gecko/20100101 Firefox/65.0"
80.123.221.50 - - [19/Feb/2019:13:33:51 +0100] "GET /reload?ser=1550579806477 HTTP/1.1" 200 28 "http://renault.2web.at/login?required=true" "Mozilla/5.0 (Windows NT 6.1; Win64; x64; rv:65.0) Gecko/20100101 Firefox/65.0"
80.120.5.131 - - [19/Feb/2019:13:34:13 +0100] "GET /reload?ser=1550579653401 HTTP/1.1" 200 2 "http://renault.activities.at/10201442?dir=DESC&mode=grid&order=name&limit=15&page=3&cat=10260003" "Mozilla/5.0 (Windows NT 10.0; WOW64; Trident/7.0; rv:11.0) like Gecko"
138.21.12.22 - - [19/Feb/2019:13:34:22 +0100] "GET /reload?ser=1550579662258 HTTP/1.1" 200 28 "http://renault.2web.at/account?loadrequest=true" "Mozilla/5.0 (Windows NT 10.0; WOW64; Trident/7.0; Touch; rv:11.0) like Gecko"
213.153.47.173 - - [19/Feb/2019:13:34:30 +0100] "GET /reload?ser=1550579670216 HTTP/1.1" 200 28 "http://renault.activities.at/login?required=true" "Mozilla/5.0 (Windows NT 10.0; Win64; x64; rv:65.0) Gecko/20100101 Firefox/65.0"
80.123.221.50 - - [19/Feb/2019:13:34:52 +0100] "GET /reload?ser=1550579867106 HTTP/1.1" 200 28 "http://renault.2web.at/login?required=true" "Mozilla/5.0 (Windows NT 6.1; Win64; x64; rv:65.0) Gecko/20100101 Firefox/65.0"
80.120.5.131 - - [19/Feb/2019:13:35:14 +0100] "GET /reload?ser=1550579714350 HTTP/1.1" 200 2 "http://renault.activities.at/10201442?dir=DESC&mode=grid&order=name&limit=15&page=3&cat=10260003" "Mozilla/5.0 (Windows NT 10.0; WOW64; Trident/7.0; rv:11.0) like Gecko"
138.21.12.22 - - [19/Feb/2019:13:35:23 +0100] "GET /reload?ser=1550579723302 HTTP/1.1" 200 28 "http://renault.2web.at/account?loadrequest=true" "Mozilla/5.0 (Windows NT 10.0; WOW64; Trident/7.0; Touch; rv:11.0) like Gecko"
213.153.47.173 - - [19/Feb/2019:13:35:30 +0100] "GET /reload?ser=1550579730876 HTTP/1.1" 200 28 "http://renault.activities.at/login?required=true" "Mozilla/5.0 (Windows NT 10.0; Win64; x64; rv:65.0) Gecko/20100101 Firefox/65.0"
80.123.221.50 - - [19/Feb/2019:13:35:53 +0100] "GET /reload?ser=1550579927736 HTTP/1.1" 200 28 "http://renault.2web.at/login?required=true" "Mozilla/5.0 (Windows NT 6.1; Win64; x64; rv:65.0) Gecko/20100101 Firefox/65.0"
80.120.5.131 - - [19/Feb/2019:13:36:15 +0100] "GET /reload?ser=1550579775269 HTTP/1.1" 200 2 "http://renault.activities.at/10201442?dir=DESC&mode=grid&order=name&limit=15&page=3&cat=10260003" "Mozilla/5.0 (Windows NT 10.0; WOW64; Trident/7.0; rv:11.0) like Gecko"
138.21.12.22 - - [19/Feb/2019:13:36:24 +0100] "GET /reload?ser=1550579784387 HTTP/1.1" 200 28 "http://renault.2web.at/account?loadrequest=true" "Mozilla/5.0 (Windows NT 10.0; WOW64; Trident/7.0; Touch; rv:11.0) like Gecko"
213.153.47.173 - - [19/Feb/2019:13:36:31 +0100] "GET /reload?ser=1550579791551 HTTP/1.1" 200 28 "http://renault.activities.at/login?required=true" "Mozilla/5.0 (Windows NT 10.0; Win64; x64; rv:65.0) Gecko/20100101 Firefox/65.0"
80.123.221.50 - - [19/Feb/2019:13:36:53 +0100] "GET /reload?ser=1550579988366 HTTP/1.1" 200 28 "http://renault.2web.at/login?required=true" "Mozilla/5.0 (Windows NT 6.1; Win64; x64; rv:65.0) Gecko/20100101 Firefox/65.0"
80.120.5.131 - - [19/Feb/2019:13:37:16 +0100] "GET /reload?ser=1550579836259 HTTP/1.1" 200 2 "http://renault.activities.at/10201442?dir=DESC&mode=grid&order=name&limit=15&page=3&cat=10260003" "Mozilla/5.0 (Windows NT 10.0; WOW64; Trident/7.0; rv:11.0) like Gecko"
138.21.12.22 - - [19/Feb/2019:13:37:25 +0100] "GET /reload?ser=1550579845427 HTTP/1.1" 200 28 "http://renault.2web.at/account?loadrequest=true" "Mozilla/5.0 (Windows NT 10.0; WOW64; Trident/7.0; Touch; rv:11.0) like Gecko"
213.153.47.173 - - [19/Feb/2019:13:37:32 +0100] "GET /reload?ser=1550579852205 HTTP/1.1" 200 28 "http://renault.activities.at/login?required=true" "Mozilla/5.0 (Windows NT 10.0; Win64; x64; rv:65.0) Gecko/20100101 Firefox/65.0"
80.123.221.50 - - [19/Feb/2019:13:37:54 +0100] "GET /reload?ser=1550580049015 HTTP/1.1" 200 28 "http://renault.2web.at/login?required=true" "Mozilla/5.0 (Windows NT 6.1; Win64; x64; rv:65.0) Gecko/20100101 Firefox/65.0"
80.120.5.131 - - [19/Feb/2019:13:38:17 +0100] "GET /reload?ser=1550579897214 HTTP/1.1" 200 2 "http://renault.activities.at/10201442?dir=DESC&mode=grid&order=name&limit=15&page=3&cat=10260003" "Mozilla/5.0 (Windows NT 10.0; WOW64; Trident/7.0; rv:11.0) like Gecko"
138.21.12.22 - - [19/Feb/2019:13:38:26 +0100] "GET /reload?ser=1550579906468 HTTP/1.1" 200 28 "http://renault.2web.at/account?loadrequest=true" "Mozilla/5.0 (Windows NT 10.0; WOW64; Trident/7.0; Touch; rv:11.0) like Gecko"
213.153.47.173 - - [19/Feb/2019:13:38:32 +0100] "GET /reload?ser=1550579912886 HTTP/1.1" 200 28 "http://renault.activities.at/login?required=true" "Mozilla/5.0 (Windows NT 10.0; Win64; x64; rv:65.0) Gecko/20100101 Firefox/65.0"
80.123.221.50 - - [19/Feb/2019:13:38:55 +0100] "GET /reload?ser=1550580109692 HTTP/1.1" 200 28 "http://renault.2web.at/login?required=true" "Mozilla/5.0 (Windows NT 6.1; Win64; x64; rv:65.0) Gecko/20100101 Firefox/65.0"
80.120.5.131 - - [19/Feb/2019:13:39:18 +0100] "GET /reload?ser=1550579958146 HTTP/1.1" 200 2 "http://renault.activities.at/10201442?dir=DESC&mode=grid&order=name&limit=15&page=3&cat=10260003" "Mozilla/5.0 (Windows NT 10.0; WOW64; Trident/7.0; rv:11.0) like Gecko"
138.21.12.22 - - [19/Feb/2019:13:39:27 +0100] "GET /reload?ser=1550579967554 HTTP/1.1" 200 28 "http://renault.2web.at/account?loadrequest=true" "Mozilla/5.0 (Windows NT 10.0; WOW64; Trident/7.0; Touch; rv:11.0) like Gecko"
213.153.47.173 - - [19/Feb/2019:13:39:33 +0100] "GET /reload?ser=1550579973555 HTTP/1.1" 200 28 "http://renault.activities.at/login?required=true" "Mozilla/5.0 (Windows NT 10.0; Win64; x64; rv:65.0) Gecko/20100101 Firefox/65.0"
80.123.221.50 - - [19/Feb/2019:13:39:55 +0100] "GET /reload?ser=1550580170333 HTTP/1.1" 200 28 "http://renault.2web.at/login?required=true" "Mozilla/5.0 (Windows NT 6.1; Win64; x64; rv:65.0) Gecko/20100101 Firefox/65.0"
80.120.5.131 - - [19/Feb/2019:13:40:19 +0100] "GET /reload?ser=1550580019111 HTTP/1.1" 200 2 "http://renault.activities.at/10201442?dir=DESC&mode=grid&order=name&limit=15&page=3&cat=10260003" "Mozilla/5.0 (Windows NT 10.0; WOW64; Trident/7.0; rv:11.0) like Gecko"
138.21.12.22 - - [19/Feb/2019:13:40:28 +0100] "GET /reload?ser=1550580028565 HTTP/1.1" 200 28 "http://renault.2web.at/account?loadrequest=true" "Mozilla/5.0 (Windows NT 10.0; WOW64; Trident/7.0; Touch; rv:11.0) like Gecko"
213.153.47.173 - - [19/Feb/2019:13:40:34 +0100] "GET /reload?ser=1550580034216 HTTP/1.1" 200 28 "http://renault.activities.at/login?required=true" "Mozilla/5.0 (Windows NT 10.0; Win64; x64; rv:65.0) Gecko/20100101 Firefox/65.0"
80.123.221.50 - - [19/Feb/2019:13:40:56 +0100] "GET /reload?ser=1550580230972 HTTP/1.1" 200 28 "http://renault.2web.at/login?required=true" "Mozilla/5.0 (Windows NT 6.1; Win64; x64; rv:65.0) Gecko/20100101 Firefox/65.0"
80.120.5.131 - - [19/Feb/2019:13:41:20 +0100] "GET /reload?ser=1550580080041 HTTP/1.1" 200 2 "http://renault.activities.at/10201442?dir=DESC&mode=grid&order=name&limit=15&page=3&cat=10260003" "Mozilla/5.0 (Windows NT 10.0; WOW64; Trident/7.0; rv:11.0) like Gecko"
138.21.12.22 - - [19/Feb/2019:13:41:29 +0100] "GET /reload?ser=1550580089660 HTTP/1.1" 200 28 "http://renault.2web.at/account?loadrequest=true" "Mozilla/5.0 (Windows NT 10.0; WOW64; Trident/7.0; Touch; rv:11.0) like Gecko"
213.153.47.173 - - [19/Feb/2019:13:41:34 +0100] "GET /reload?ser=1550580094862 HTTP/1.1" 200 28 "http://renault.activities.at/login?required=true" "Mozilla/5.0 (Windows NT 10.0; Win64; x64; rv:65.0) Gecko/20100101 Firefox/65.0"
80.123.221.50 - - [19/Feb/2019:13:41:57 +0100] "GET /reload?ser=1550580291602 HTTP/1.1" 200 28 "http://renault.2web.at/login?required=true" "Mozilla/5.0 (Windows NT 6.1; Win64; x64; rv:65.0) Gecko/20100101 Firefox/65.0"
80.120.5.131 - - [19/Feb/2019:13:42:21 +0100] "GET /reload?ser=1550580140984 HTTP/1.1" 200 2 "http://renault.activities.at/10201442?dir=DESC&mode=grid&order=name&limit=15&page=3&cat=10260003" "Mozilla/5.0 (Windows NT 10.0; WOW64; Trident/7.0; rv:11.0) like Gecko"
138.21.12.22 - - [19/Feb/2019:13:42:30 +0100] "GET /reload?ser=1550580150731 HTTP/1.1" 200 28 "http://renault.2web.at/account?loadrequest=true" "Mozilla/5.0 (Windows NT 10.0; WOW64; Trident/7.0; Touch; rv:11.0) like Gecko"
213.153.47.173 - - [19/Feb/2019:13:42:35 +0100] "GET /reload?ser=1550580155515 HTTP/1.1" 200 28 "http://renault.activities.at/login?required=true" "Mozilla/5.0 (Windows NT 10.0; Win64; x64; rv:65.0) Gecko/20100101 Firefox/65.0"
80.123.221.50 - - [19/Feb/2019:13:42:57 +0100] "GET /reload?ser=1550580352231 HTTP/1.1" 200 28 "http://renault.2web.at/login?required=true" "Mozilla/5.0 (Windows NT 6.1; Win64; x64; rv:65.0) Gecko/20100101 Firefox/65.0"
80.120.5.131 - - [19/Feb/2019:13:43:21 +0100] "GET /reload?ser=1550580201928 HTTP/1.1" 200 2 "http://renault.activities.at/10201442?dir=DESC&mode=grid&order=name&limit=15&page=3&cat=10260003" "Mozilla/5.0 (Windows NT 10.0; WOW64; Trident/7.0; rv:11.0) like Gecko"
138.21.12.22 - - [19/Feb/2019:13:43:31 +0100] "GET /reload?ser=1550580211818 HTTP/1.1" 200 28 "http://renault.2web.at/account?loadrequest=true" "Mozilla/5.0 (Windows NT 10.0; WOW64; Trident/7.0; Touch; rv:11.0) like Gecko"
213.153.47.173 - - [19/Feb/2019:13:43:36 +0100] "GET /reload?ser=1550580216196 HTTP/1.1" 200 28 "http://renault.activities.at/login?required=true" "Mozilla/5.0 (Windows NT 10.0; Win64; x64; rv:65.0) Gecko/20100101 Firefox/65.0"
80.123.221.50 - - [19/Feb/2019:13:43:58 +0100] "GET /reload?ser=1550580412870 HTTP/1.1" 200 28 "http://renault.2web.at/login?required=true" "Mozilla/5.0 (Windows NT 6.1; Win64; x64; rv:65.0) Gecko/20100101 Firefox/65.0"
80.120.5.131 - - [19/Feb/2019:13:44:22 +0100] "GET /reload?ser=1550580262924 HTTP/1.1" 200 2 "http://renault.activities.at/10201442?dir=DESC&mode=grid&order=name&limit=15&page=3&cat=10260003" "Mozilla/5.0 (Windows NT 10.0; WOW64; Trident/7.0; rv:11.0) like Gecko"
138.21.12.22 - - [19/Feb/2019:13:44:33 +0100] "GET /reload?ser=1550580272898 HTTP/1.1" 200 28 "http://renault.2web.at/account?loadrequest=true" "Mozilla/5.0 (Windows NT 10.0; WOW64; Trident/7.0; Touch; rv:11.0) like Gecko"
213.153.47.173 - - [19/Feb/2019:13:44:36 +0100] "GET /reload?ser=1550580276858 HTTP/1.1" 200 28 "http://renault.activities.at/login?required=true" "Mozilla/5.0 (Windows NT 10.0; Win64; x64; rv:65.0) Gecko/20100101 Firefox/65.0"
80.123.221.50 - - [19/Feb/2019:13:44:59 +0100] "GET /reload?ser=1550580473520 HTTP/1.1" 200 28 "http://renault.2web.at/login?required=true" "Mozilla/5.0 (Windows NT 6.1; Win64; x64; rv:65.0) Gecko/20100101 Firefox/65.0"
80.120.5.131 - - [19/Feb/2019:13:45:23 +0100] "GET /reload?ser=1550580323907 HTTP/1.1" 200 2 "http://renault.activities.at/10201442?dir=DESC&mode=grid&order=name&limit=15&page=3&cat=10260003" "Mozilla/5.0 (Windows NT 10.0; WOW64; Trident/7.0; rv:11.0) like Gecko"
138.21.12.22 - - [19/Feb/2019:13:45:34 +0100] "GET /reload?ser=1550580333982 HTTP/1.1" 200 28 "http://renault.2web.at/account?loadrequest=true" "Mozilla/5.0 (Windows NT 10.0; WOW64; Trident/7.0; Touch; rv:11.0) like Gecko"
213.153.47.173 - - [19/Feb/2019:13:45:37 +0100] "GET /reload?ser=1550580337529 HTTP/1.1" 200 28 "http://renault.activities.at/login?required=true" "Mozilla/5.0 (Windows NT 10.0; Win64; x64; rv:65.0) Gecko/20100101 Firefox/65.0"
80.123.221.50 - - [19/Feb/2019:13:45:59 +0100] "GET /reload?ser=1550580534160 HTTP/1.1" 200 28 "http://renault.2web.at/login?required=true" "Mozilla/5.0 (Windows NT 6.1; Win64; x64; rv:65.0) Gecko/20100101 Firefox/65.0"
80.120.5.131 - - [19/Feb/2019:13:46:24 +0100] "GET /reload?ser=1550580384846 HTTP/1.1" 200 2 "http://renault.activities.at/10201442?dir=DESC&mode=grid&order=name&limit=15&page=3&cat=10260003" "Mozilla/5.0 (Windows NT 10.0; WOW64; Trident/7.0; rv:11.0) like Gecko"
80.123.221.50 - - [19/Feb/2019:13:46:30 +0100] "POST /login HTTP/1.1" 302 137 "http://renault.2web.at/login?required=true" "Mozilla/5.0 (Windows NT 6.1; Win64; x64; rv:65.0) Gecko/20100101 Firefox/65.0"
80.123.221.50 - - [19/Feb/2019:13:46:32 +0100] "GET /account HTTP/1.1" 200 5995 "http://renault.2web.at/login?required=true" "Mozilla/5.0 (Windows NT 6.1; Win64; x64; rv:65.0) Gecko/20100101 Firefox/65.0"
80.123.221.50 - - [19/Feb/2019:13:46:35 +0100] "GET /js/account.js HTTP/1.1" 200 953 "http://renault.2web.at/account" "Mozilla/5.0 (Windows NT 6.1; Win64; x64; rv:65.0) Gecko/20100101 Firefox/65.0"
80.123.221.50 - - [19/Feb/2019:13:46:35 +0100] "GET /images/menu_divider.gif HTTP/1.1" 200 176 "http://renault.2web.at/css/styles.css" "Mozilla/5.0 (Windows NT 6.1; Win64; x64; rv:65.0) Gecko/20100101 Firefox/65.0"
80.123.221.50 - - [19/Feb/2019:13:46:35 +0100] "GET /images/menu_button_bg.jpg HTTP/1.1" 200 322 "http://renault.2web.at/css/styles.css" "Mozilla/5.0 (Windows NT 6.1; Win64; x64; rv:65.0) Gecko/20100101 Firefox/65.0"
80.123.221.50 - - [19/Feb/2019:13:46:35 +0100] "GET /images/top_links_divider.gif HTTP/1.1" 200 44 "http://renault.2web.at/css/styles.css" "Mozilla/5.0 (Windows NT 6.1; Win64; x64; rv:65.0) Gecko/20100101 Firefox/65.0"
80.123.221.50 - - [19/Feb/2019:13:46:35 +0100] "GET /images/nav_divider.gif HTTP/1.1" 200 43 "http://renault.2web.at/css/styles.css" "Mozilla/5.0 (Windows NT 6.1; Win64; x64; rv:65.0) Gecko/20100101 Firefox/65.0"
80.123.221.50 - - [19/Feb/2019:13:46:35 +0100] "GET /images/search_bg.gif HTTP/1.1" 200 1726 "http://renault.2web.at/css/styles.css" "Mozilla/5.0 (Windows NT 6.1; Win64; x64; rv:65.0) Gecko/20100101 Firefox/65.0"
80.123.221.50 - - [19/Feb/2019:13:46:35 +0100] "GET /images/sidebar_title_border.gif HTTP/1.1" 200 43 "http://renault.2web.at/css/styles.css" "Mozilla/5.0 (Windows NT 6.1; Win64; x64; rv:65.0) Gecko/20100101 Firefox/65.0"
80.123.221.50 - - [19/Feb/2019:13:46:35 +0100] "GET /images/sidebar_title_border_top.gif HTTP/1.1" 200 155 "http://renault.2web.at/css/styles.css" "Mozilla/5.0 (Windows NT 6.1; Win64; x64; rv:65.0) Gecko/20100101 Firefox/65.0"
80.123.221.50 - - [19/Feb/2019:13:46:35 +0100] "GET /images/sidebar_title_corner_left_top.gif HTTP/1.1" 200 1124 "http://renault.2web.at/css/styles.css" "Mozilla/5.0 (Windows NT 6.1; Win64; x64; rv:65.0) Gecko/20100101 Firefox/65.0"
80.123.221.50 - - [19/Feb/2019:13:46:35 +0100] "GET /images/sidebar_title_corner_right_top.gif HTTP/1.1" 200 383 "http://renault.2web.at/css/styles.css" "Mozilla/5.0 (Windows NT 6.1; Win64; x64; rv:65.0) Gecko/20100101 Firefox/65.0"
80.123.221.50 - - [19/Feb/2019:13:46:35 +0100] "GET /images/footer_divider.gif HTTP/1.1" 200 44 "http://renault.2web.at/css/styles.css" "Mozilla/5.0 (Windows NT 6.1; Win64; x64; rv:65.0) Gecko/20100101 Firefox/65.0"
80.123.221.50 - - [19/Feb/2019:13:46:35 +0100] "GET /loadthumbnail.php?id=10203651&width=50&height=50 HTTP/1.1" 200 1234 "http://renault.2web.at/account" "Mozilla/5.0 (Windows NT 6.1; Win64; x64; rv:65.0) Gecko/20100101 Firefox/65.0"
80.123.221.50 - - [19/Feb/2019:13:46:35 +0100] "GET /loadthumbnail.php?id=10562346&width=50&height=50 HTTP/1.1" 200 869 "http://renault.2web.at/account" "Mozilla/5.0 (Windows NT 6.1; Win64; x64; rv:65.0) Gecko/20100101 Firefox/65.0"
138.21.12.22 - - [19/Feb/2019:13:46:35 +0100] "GET /reload?ser=1550580395080 HTTP/1.1" 200 28 "http://renault.2web.at/account?loadrequest=true" "Mozilla/5.0 (Windows NT 10.0; WOW64; Trident/7.0; Touch; rv:11.0) like Gecko"
213.153.47.173 - - [19/Feb/2019:13:46:38 +0100] "GET /reload?ser=1550580398191 HTTP/1.1" 200 28 "http://renault.activities.at/login?required=true" "Mozilla/5.0 (Windows NT 10.0; Win64; x64; rv:65.0) Gecko/20100101 Firefox/65.0"
80.123.221.50 - - [19/Feb/2019:13:47:23 +0100] "GET /10260286 HTTP/1.1" 200 6082 "http://renault.2web.at/account" "Mozilla/5.0 (Windows NT 6.1; Win64; x64; rv:65.0) Gecko/20100101 Firefox/65.0"
80.123.221.50 - - [19/Feb/2019:13:47:26 +0100] "GET /js/ProduktGrp.js HTTP/1.1" 200 1569 "http://renault.2web.at/10260286" "Mozilla/5.0 (Windows NT 6.1; Win64; x64; rv:65.0) Gecko/20100101 Firefox/65.0"
80.123.221.50 - - [19/Feb/2019:13:47:26 +0100] "GET /js/prototip.js HTTP/1.1" 200 4588 "http://renault.2web.at/10260286" "Mozilla/5.0 (Windows NT 6.1; Win64; x64; rv:65.0) Gecko/20100101 Firefox/65.0"
80.123.221.50 - - [19/Feb/2019:13:47:26 +0100] "GET /images/loading.gif HTTP/1.1" 200 3208 "http://renault.2web.at/10260286" "Mozilla/5.0 (Windows NT 6.1; Win64; x64; rv:65.0) Gecko/20100101 Firefox/65.0"
80.123.221.50 - - [19/Feb/2019:13:47:26 +0100] "GET /images/pager_bg.gif HTTP/1.1" 200 150 "http://renault.2web.at/css/styles.css" "Mozilla/5.0 (Windows NT 6.1; Win64; x64; rv:65.0) Gecko/20100101 Firefox/65.0"
80.123.221.50 - - [19/Feb/2019:13:47:26 +0100] "GET /images/vista-dn.gif HTTP/1.1" 200 128 "http://renault.2web.at/css/styles.css" "Mozilla/5.0 (Windows NT 6.1; Win64; x64; rv:65.0) Gecko/20100101 Firefox/65.0"
80.123.221.50 - - [19/Feb/2019:13:47:26 +0100] "GET /images/vista-up.gif HTTP/1.1" 200 131 "http://renault.2web.at/css/styles.css" "Mozilla/5.0 (Windows NT 6.1; Win64; x64; rv:65.0) Gecko/20100101 Firefox/65.0"
80.123.221.50 - - [19/Feb/2019:13:47:26 +0100] "GET /loadthumbnail.php?id=11423838&width=113 HTTP/1.1" 200 2865 "http://renault.2web.at/10260286" "Mozilla/5.0 (Windows NT 6.1; Win64; x64; rv:65.0) Gecko/20100101 Firefox/65.0"
80.123.221.50 - - [19/Feb/2019:13:47:26 +0100] "GET /loadthumbnail.php?id=10203255 HTTP/1.1" 200 137 "http://renault.2web.at/10260286" "Mozilla/5.0 (Windows NT 6.1; Win64; x64; rv:65.0) Gecko/20100101 Firefox/65.0"
80.120.5.131 - - [19/Feb/2019:13:47:25 +0100] "GET /reload?ser=1550580445787 HTTP/1.1" 200 2 "http://renault.activities.at/10201442?dir=DESC&mode=grid&order=name&limit=15&page=3&cat=10260003" "Mozilla/5.0 (Windows NT 10.0; WOW64; Trident/7.0; rv:11.0) like Gecko"
138.21.12.22 - - [19/Feb/2019:13:47:36 +0100] "GET /reload?ser=1550580456177 HTTP/1.1" 200 28 "http://renault.2web.at/account?loadrequest=true" "Mozilla/5.0 (Windows NT 10.0; WOW64; Trident/7.0; Touch; rv:11.0) like Gecko"
213.153.47.173 - - [19/Feb/2019:13:47:38 +0100] "GET /reload?ser=1550580458871 HTTP/1.1" 200 28 "http://renault.activities.at/login?required=true" "Mozilla/5.0 (Windows NT 10.0; Win64; x64; rv:65.0) Gecko/20100101 Firefox/65.0"
80.123.221.50 - - [19/Feb/2019:13:48:03 +0100] "GET /10201633 HTTP/1.1" 200 9122 "http://renault.2web.at/10260286" "Mozilla/5.0 (Windows NT 6.1; Win64; x64; rv:65.0) Gecko/20100101 Firefox/65.0"
80.123.221.50 - - [19/Feb/2019:13:48:07 +0100] "GET /loadthumbnail.php?id=10203650&width=113 HTTP/1.1" 200 2741 "http://renault.2web.at/10201633" "Mozilla/5.0 (Windows NT 6.1; Win64; x64; rv:65.0) Gecko/20100101 Firefox/65.0"
80.123.221.50 - - [19/Feb/2019:13:48:07 +0100] "GET /loadthumbnail.php?id=11615284&width=113 HTTP/1.1" 200 18014 "http://renault.2web.at/10201633" "Mozilla/5.0 (Windows NT 6.1; Win64; x64; rv:65.0) Gecko/20100101 Firefox/65.0"
80.123.221.50 - - [19/Feb/2019:13:48:07 +0100] "GET /loadthumbnail.php?id=10460287&width=113 HTTP/1.1" 200 2135 "http://renault.2web.at/10201633" "Mozilla/5.0 (Windows NT 6.1; Win64; x64; rv:65.0) Gecko/20100101 Firefox/65.0"
80.123.221.50 - - [19/Feb/2019:13:48:07 +0100] "GET /loadthumbnail.php?id=11194750&width=113 HTTP/1.1" 200 2347 "http://renault.2web.at/10201633" "Mozilla/5.0 (Windows NT 6.1; Win64; x64; rv:65.0) Gecko/20100101 Firefox/65.0"
80.123.221.50 - - [19/Feb/2019:13:48:07 +0100] "GET /loadthumbnail.php?id=11121996&width=113 HTTP/1.1" 200 2215 "http://renault.2web.at/10201633" "Mozilla/5.0 (Windows NT 6.1; Win64; x64; rv:65.0) Gecko/20100101 Firefox/65.0"
80.123.221.50 - - [19/Feb/2019:13:48:07 +0100] "GET /loadthumbnail.php?id=10203276 HTTP/1.1" 200 75 "http://renault.2web.at/10201633" "Mozilla/5.0 (Windows NT 6.1; Win64; x64; rv:65.0) Gecko/20100101 Firefox/65.0"
80.123.221.50 - - [19/Feb/2019:13:48:07 +0100] "GET /loadthumbnail.php?id=11075482&width=113 HTTP/1.1" 200 2349 "http://renault.2web.at/10201633" "Mozilla/5.0 (Windows NT 6.1; Win64; x64; rv:65.0) Gecko/20100101 Firefox/65.0"
80.123.221.50 - - [19/Feb/2019:13:48:07 +0100] "GET /loadthumbnail.php?id=11431080&width=113 HTTP/1.1" 200 3991 "http://renault.2web.at/10201633" "Mozilla/5.0 (Windows NT 6.1; Win64; x64; rv:65.0) Gecko/20100101 Firefox/65.0"
80.123.221.50 - - [19/Feb/2019:13:48:07 +0100] "GET /loadthumbnail.php?id=11075492&width=113 HTTP/1.1" 200 2349 "http://renault.2web.at/10201633" "Mozilla/5.0 (Windows NT 6.1; Win64; x64; rv:65.0) Gecko/20100101 Firefox/65.0"
80.123.221.50 - - [19/Feb/2019:13:48:07 +0100] "GET /loadthumbnail.php?id=11434114&width=113 HTTP/1.1" 200 4564 "http://renault.2web.at/10201633" "Mozilla/5.0 (Windows NT 6.1; Win64; x64; rv:65.0) Gecko/20100101 Firefox/65.0"
80.123.221.50 - - [19/Feb/2019:13:48:07 +0100] "GET /loadthumbnail.php?id=11146700&width=113 HTTP/1.1" 200 1415 "http://renault.2web.at/10201633" "Mozilla/5.0 (Windows NT 6.1; Win64; x64; rv:65.0) Gecko/20100101 Firefox/65.0"
80.123.221.50 - - [19/Feb/2019:13:48:07 +0100] "GET /loadthumbnail.php?id=10745359&width=113 HTTP/1.1" 200 4202 "http://renault.2web.at/10201633" "Mozilla/5.0 (Windows NT 6.1; Win64; x64; rv:65.0) Gecko/20100101 Firefox/65.0"
80.123.221.50 - - [19/Feb/2019:13:48:08 +0100] "GET /images/sub_title_bg.jpg HTTP/1.1" 200 314 "http://renault.2web.at/css/styles.css" "Mozilla/5.0 (Windows NT 6.1; Win64; x64; rv:65.0) Gecko/20100101 Firefox/65.0"
80.123.221.50 - - [19/Feb/2019:13:48:08 +0100] "GET /loadthumbnail.php?id=11108158&width=113 HTTP/1.1" 200 1545 "http://renault.2web.at/10201633" "Mozilla/5.0 (Windows NT 6.1; Win64; x64; rv:65.0) Gecko/20100101 Firefox/65.0"
80.123.221.50 - - [19/Feb/2019:13:48:08 +0100] "GET /loadthumbnail.php?id=11721290&width=113 HTTP/1.1" 200 1179 "http://renault.2web.at/10201633" "Mozilla/5.0 (Windows NT 6.1; Win64; x64; rv:65.0) Gecko/20100101 Firefox/65.0"
80.120.5.131 - - [19/Feb/2019:13:48:26 +0100] "GET /reload?ser=1550580506780 HTTP/1.1" 200 2 "http://renault.activities.at/10201442?dir=DESC&mode=grid&order=name&limit=15&page=3&cat=10260003" "Mozilla/5.0 (Windows NT 10.0; WOW64; Trident/7.0; rv:11.0) like Gecko"
138.21.12.22 - - [19/Feb/2019:13:48:37 +0100] "GET /reload?ser=1550580517251 HTTP/1.1" 200 28 "http://renault.2web.at/account?loadrequest=true" "Mozilla/5.0 (Windows NT 10.0; WOW64; Trident/7.0; Touch; rv:11.0) like Gecko"
213.153.47.173 - - [19/Feb/2019:13:48:39 +0100] "GET /reload?ser=1550580519540 HTTP/1.1" 200 28 "http://renault.activities.at/login?required=true" "Mozilla/5.0 (Windows NT 10.0; Win64; x64; rv:65.0) Gecko/20100101 Firefox/65.0"
80.123.221.50 - - [19/Feb/2019:13:49:08 +0100] "GET /reload?ser=1550580722917 HTTP/1.1" 200 28 "http://renault.2web.at/10201633" "Mozilla/5.0 (Windows NT 6.1; Win64; x64; rv:65.0) Gecko/20100101 Firefox/65.0"
80.120.5.131 - - [19/Feb/2019:13:49:27 +0100] "GET /reload?ser=1550580567723 HTTP/1.1" 200 2 "http://renault.activities.at/10201442?dir=DESC&mode=grid&order=name&limit=15&page=3&cat=10260003" "Mozilla/5.0 (Windows NT 10.0; WOW64; Trident/7.0; rv:11.0) like Gecko"
138.21.12.22 - - [19/Feb/2019:13:49:38 +0100] "GET /reload?ser=1550580578289 HTTP/1.1" 200 28 "http://renault.2web.at/account?loadrequest=true" "Mozilla/5.0 (Windows NT 10.0; WOW64; Trident/7.0; Touch; rv:11.0) like Gecko"
213.153.47.173 - - [19/Feb/2019:13:49:40 +0100] "GET /reload?ser=1550580580193 HTTP/1.1" 200 28 "http://renault.activities.at/login?required=true" "Mozilla/5.0 (Windows NT 10.0; Win64; x64; rv:65.0) Gecko/20100101 Firefox/65.0"
80.123.221.50 - - [19/Feb/2019:13:50:09 +0100] "GET /reload?ser=1550580783905 HTTP/1.1" 200 28 "http://renault.2web.at/10201633" "Mozilla/5.0 (Windows NT 6.1; Win64; x64; rv:65.0) Gecko/20100101 Firefox/65.0"
80.120.5.131 - - [19/Feb/2019:13:50:28 +0100] "GET /reload?ser=1550580628735 HTTP/1.1" 200 2 "http://renault.activities.at/10201442?dir=DESC&mode=grid&order=name&limit=15&page=3&cat=10260003" "Mozilla/5.0 (Windows NT 10.0; WOW64; Trident/7.0; rv:11.0) like Gecko"
138.21.12.22 - - [19/Feb/2019:13:50:39 +0100] "GET /reload?ser=1550580639358 HTTP/1.1" 200 28 "http://renault.2web.at/account?loadrequest=true" "Mozilla/5.0 (Windows NT 10.0; WOW64; Trident/7.0; Touch; rv:11.0) like Gecko"
213.153.47.173 - - [19/Feb/2019:13:50:40 +0100] "GET /reload?ser=1550580640843 HTTP/1.1" 200 28 "http://renault.activities.at/login?required=true" "Mozilla/5.0 (Windows NT 10.0; Win64; x64; rv:65.0) Gecko/20100101 Firefox/65.0"
80.123.221.50 - - [19/Feb/2019:13:51:10 +0100] "GET /reload?ser=1550580844924 HTTP/1.1" 200 28 "http://renault.2web.at/10201633" "Mozilla/5.0 (Windows NT 6.1; Win64; x64; rv:65.0) Gecko/20100101 Firefox/65.0"
80.120.5.131 - - [19/Feb/2019:13:51:29 +0100] "GET /reload?ser=1550580689682 HTTP/1.1" 200 2 "http://renault.activities.at/10201442?dir=DESC&mode=grid&order=name&limit=15&page=3&cat=10260003" "Mozilla/5.0 (Windows NT 10.0; WOW64; Trident/7.0; rv:11.0) like Gecko"
138.21.12.22 - - [19/Feb/2019:13:51:40 +0100] "GET /reload?ser=1550580700391 HTTP/1.1" 200 28 "http://renault.2web.at/account?loadrequest=true" "Mozilla/5.0 (Windows NT 10.0; WOW64; Trident/7.0; Touch; rv:11.0) like Gecko"
213.153.47.173 - - [19/Feb/2019:13:51:41 +0100] "GET /reload?ser=1550580701515 HTTP/1.1" 200 28 "http://renault.activities.at/login?required=true" "Mozilla/5.0 (Windows NT 10.0; Win64; x64; rv:65.0) Gecko/20100101 Firefox/65.0"
80.123.221.50 - - [19/Feb/2019:13:52:11 +0100] "GET /reload?ser=1550580905954 HTTP/1.1" 200 28 "http://renault.2web.at/10201633" "Mozilla/5.0 (Windows NT 6.1; Win64; x64; rv:65.0) Gecko/20100101 Firefox/65.0"
80.120.5.131 - - [19/Feb/2019:13:52:30 +0100] "GET /reload?ser=1550580750664 HTTP/1.1" 200 2 "http://renault.activities.at/10201442?dir=DESC&mode=grid&order=name&limit=15&page=3&cat=10260003" "Mozilla/5.0 (Windows NT 10.0; WOW64; Trident/7.0; rv:11.0) like Gecko"
138.21.12.22 - - [19/Feb/2019:13:52:41 +0100] "GET /reload?ser=1550580761452 HTTP/1.1" 200 28 "http://renault.2web.at/account?loadrequest=true" "Mozilla/5.0 (Windows NT 10.0; WOW64; Trident/7.0; Touch; rv:11.0) like Gecko"
213.153.47.173 - - [19/Feb/2019:13:52:42 +0100] "GET /reload?ser=1550580762187 HTTP/1.1" 200 28 "http://renault.activities.at/login?required=true" "Mozilla/5.0 (Windows NT 10.0; Win64; x64; rv:65.0) Gecko/20100101 Firefox/65.0"
80.123.221.50 - - [19/Feb/2019:13:53:12 +0100] "GET /reload?ser=1550580966954 HTTP/1.1" 200 28 "http://renault.2web.at/10201633" "Mozilla/5.0 (Windows NT 6.1; Win64; x64; rv:65.0) Gecko/20100101 Firefox/65.0"
80.120.5.131 - - [19/Feb/2019:13:53:31 +0100] "GET /reload?ser=1550580811603 HTTP/1.1" 200 2 "http://renault.activities.at/10201442?dir=DESC&mode=grid&order=name&limit=15&page=3&cat=10260003" "Mozilla/5.0 (Windows NT 10.0; WOW64; Trident/7.0; rv:11.0) like Gecko"
213.153.47.173 - - [19/Feb/2019:13:53:42 +0100] "GET /reload?ser=1550580822833 HTTP/1.1" 200 28 "http://renault.activities.at/login?required=true" "Mozilla/5.0 (Windows NT 10.0; Win64; x64; rv:65.0) Gecko/20100101 Firefox/65.0"
138.21.12.22 - - [19/Feb/2019:13:53:42 +0100] "GET /reload?ser=1550580822540 HTTP/1.1" 200 28 "http://renault.2web.at/account?loadrequest=true" "Mozilla/5.0 (Windows NT 10.0; WOW64; Trident/7.0; Touch; rv:11.0) like Gecko"
80.123.221.50 - - [19/Feb/2019:13:54:13 +0100] "GET /reload?ser=1550581027983 HTTP/1.1" 200 28 "http://renault.2web.at/10201633" "Mozilla/5.0 (Windows NT 6.1; Win64; x64; rv:65.0) Gecko/20100101 Firefox/65.0"
80.120.5.131 - - [19/Feb/2019:13:54:32 +0100] "GET /reload?ser=1550580872590 HTTP/1.1" 200 2 "http://renault.activities.at/10201442?dir=DESC&mode=grid&order=name&limit=15&page=3&cat=10260003" "Mozilla/5.0 (Windows NT 10.0; WOW64; Trident/7.0; rv:11.0) like Gecko"
213.153.47.173 - - [19/Feb/2019:13:54:43 +0100] "GET /reload?ser=1550580883488 HTTP/1.1" 200 28 "http://renault.activities.at/login?required=true" "Mozilla/5.0 (Windows NT 10.0; Win64; x64; rv:65.0) Gecko/20100101 Firefox/65.0"
138.21.12.22 - - [19/Feb/2019:13:54:43 +0100] "GET /reload?ser=1550580883631 HTTP/1.1" 200 28 "http://renault.2web.at/account?loadrequest=true" "Mozilla/5.0 (Windows NT 10.0; WOW64; Trident/7.0; Touch; rv:11.0) like Gecko"
80.123.221.50 - - [19/Feb/2019:13:55:14 +0100] "GET /reload?ser=1550581088942 HTTP/1.1" 200 28 "http://renault.2web.at/10201633" "Mozilla/5.0 (Windows NT 6.1; Win64; x64; rv:65.0) Gecko/20100101 Firefox/65.0"
80.120.5.131 - - [19/Feb/2019:13:55:33 +0100] "GET /reload?ser=1550580933651 HTTP/1.1" 200 2 "http://renault.activities.at/10201442?dir=DESC&mode=grid&order=name&limit=15&page=3&cat=10260003" "Mozilla/5.0 (Windows NT 10.0; WOW64; Trident/7.0; rv:11.0) like Gecko"
213.153.47.173 - - [19/Feb/2019:13:55:44 +0100] "GET /reload?ser=1550580944198 HTTP/1.1" 200 28 "http://renault.activities.at/login?required=true" "Mozilla/5.0 (Windows NT 10.0; Win64; x64; rv:65.0) Gecko/20100101 Firefox/65.0"
138.21.12.22 - - [19/Feb/2019:13:55:44 +0100] "GET /reload?ser=1550580944721 HTTP/1.1" 200 28 "http://renault.2web.at/account?loadrequest=true" "Mozilla/5.0 (Windows NT 10.0; WOW64; Trident/7.0; Touch; rv:11.0) like Gecko"
80.123.221.50 - - [19/Feb/2019:13:56:15 +0100] "GET /reload?ser=1550581149912 HTTP/1.1" 200 28 "http://renault.2web.at/10201633" "Mozilla/5.0 (Windows NT 6.1; Win64; x64; rv:65.0) Gecko/20100101 Firefox/65.0"
80.120.5.131 - - [19/Feb/2019:13:56:34 +0100] "GET /reload?ser=1550580994652 HTTP/1.1" 200 2 "http://renault.activities.at/10201442?dir=DESC&mode=grid&order=name&limit=15&page=3&cat=10260003" "Mozilla/5.0 (Windows NT 10.0; WOW64; Trident/7.0; rv:11.0) like Gecko"
213.153.47.173 - - [19/Feb/2019:13:56:44 +0100] "GET /reload?ser=1550581004849 HTTP/1.1" 200 28 "http://renault.activities.at/login?required=true" "Mozilla/5.0 (Windows NT 10.0; Win64; x64; rv:65.0) Gecko/20100101 Firefox/65.0"
138.21.12.28 - - [19/Feb/2019:13:56:46 +0100] "GET /reload?ser=1550581005824 HTTP/1.1" 200 28 "http://renault.2web.at/account?loadrequest=true" "Mozilla/5.0 (Windows NT 10.0; WOW64; Trident/7.0; Touch; rv:11.0) like Gecko"
80.123.221.50 - - [19/Feb/2019:13:57:16 +0100] "GET /reload?ser=1550581210932 HTTP/1.1" 200 28 "http://renault.2web.at/10201633" "Mozilla/5.0 (Windows NT 6.1; Win64; x64; rv:65.0) Gecko/20100101 Firefox/65.0"
80.120.5.131 - - [19/Feb/2019:13:57:35 +0100] "GET /reload?ser=1550581055630 HTTP/1.1" 200 2 "http://renault.activities.at/10201442?dir=DESC&mode=grid&order=name&limit=15&page=3&cat=10260003" "Mozilla/5.0 (Windows NT 10.0; WOW64; Trident/7.0; rv:11.0) like Gecko"
213.153.47.173 - - [19/Feb/2019:13:57:45 +0100] "GET /reload?ser=1550581065510 HTTP/1.1" 200 28 "http://renault.activities.at/login?required=true" "Mozilla/5.0 (Windows NT 10.0; Win64; x64; rv:65.0) Gecko/20100101 Firefox/65.0"
138.21.12.28 - - [19/Feb/2019:13:57:47 +0100] "GET /reload?ser=1550581066947 HTTP/1.1" 200 28 "http://renault.2web.at/account?loadrequest=true" "Mozilla/5.0 (Windows NT 10.0; WOW64; Trident/7.0; Touch; rv:11.0) like Gecko"
80.123.221.50 - - [19/Feb/2019:13:58:17 +0100] "GET /reload?ser=1550581271851 HTTP/1.1" 200 28 "http://renault.2web.at/10201633" "Mozilla/5.0 (Windows NT 6.1; Win64; x64; rv:65.0) Gecko/20100101 Firefox/65.0"
80.120.5.131 - - [19/Feb/2019:13:58:36 +0100] "GET /reload?ser=1550581116586 HTTP/1.1" 200 2 "http://renault.activities.at/10201442?dir=DESC&mode=grid&order=name&limit=15&page=3&cat=10260003" "Mozilla/5.0 (Windows NT 10.0; WOW64; Trident/7.0; rv:11.0) like Gecko"
213.153.47.173 - - [19/Feb/2019:13:58:46 +0100] "GET /reload?ser=1550581126181 HTTP/1.1" 200 28 "http://renault.activities.at/login?required=true" "Mozilla/5.0 (Windows NT 10.0; Win64; x64; rv:65.0) Gecko/20100101 Firefox/65.0"
138.21.12.28 - - [19/Feb/2019:13:58:48 +0100] "GET /reload?ser=1550581127982 HTTP/1.1" 200 28 "http://renault.2web.at/account?loadrequest=true" "Mozilla/5.0 (Windows NT 10.0; WOW64; Trident/7.0; Touch; rv:11.0) like Gecko"
80.123.221.50 - - [19/Feb/2019:13:59:18 +0100] "GET /reload?ser=1550581332930 HTTP/1.1" 200 28 "http://renault.2web.at/10201633" "Mozilla/5.0 (Windows NT 6.1; Win64; x64; rv:65.0) Gecko/20100101 Firefox/65.0"
80.120.5.131 - - [19/Feb/2019:13:59:37 +0100] "GET /reload?ser=1550581177593 HTTP/1.1" 200 2 "http://renault.activities.at/10201442?dir=DESC&mode=grid&order=name&limit=15&page=3&cat=10260003" "Mozilla/5.0 (Windows NT 10.0; WOW64; Trident/7.0; rv:11.0) like Gecko"
213.153.47.173 - - [19/Feb/2019:13:59:46 +0100] "GET /reload?ser=1550581186840 HTTP/1.1" 200 28 "http://renault.activities.at/login?required=true" "Mozilla/5.0 (Windows NT 10.0; Win64; x64; rv:65.0) Gecko/20100101 Firefox/65.0"
138.21.12.28 - - [19/Feb/2019:13:59:49 +0100] "GET /reload?ser=1550581189013 HTTP/1.1" 200 28 "http://renault.2web.at/account?loadrequest=true" "Mozilla/5.0 (Windows NT 10.0; WOW64; Trident/7.0; Touch; rv:11.0) like Gecko"
80.123.221.50 - - [19/Feb/2019:14:00:19 +0100] "GET /reload?ser=1550581393900 HTTP/1.1" 200 28 "http://renault.2web.at/10201633" "Mozilla/5.0 (Windows NT 6.1; Win64; x64; rv:65.0) Gecko/20100101 Firefox/65.0"
80.120.5.131 - - [19/Feb/2019:14:00:38 +0100] "GET /reload?ser=1550581238616 HTTP/1.1" 200 2 "http://renault.activities.at/10201442?dir=DESC&mode=grid&order=name&limit=15&page=3&cat=10260003" "Mozilla/5.0 (Windows NT 10.0; WOW64; Trident/7.0; rv:11.0) like Gecko"
213.153.47.173 - - [19/Feb/2019:14:00:47 +0100] "GET /reload?ser=1550581247500 HTTP/1.1" 200 28 "http://renault.activities.at/login?required=true" "Mozilla/5.0 (Windows NT 10.0; Win64; x64; rv:65.0) Gecko/20100101 Firefox/65.0"
138.21.12.28 - - [19/Feb/2019:14:00:50 +0100] "GET /reload?ser=1550581250105 HTTP/1.1" 200 28 "http://renault.2web.at/account?loadrequest=true" "Mozilla/5.0 (Windows NT 10.0; WOW64; Trident/7.0; Touch; rv:11.0) like Gecko"
80.123.221.50 - - [19/Feb/2019:14:01:20 +0100] "GET /reload?ser=1550581454879 HTTP/1.1" 200 28 "http://renault.2web.at/10201633" "Mozilla/5.0 (Windows NT 6.1; Win64; x64; rv:65.0) Gecko/20100101 Firefox/65.0"
80.120.5.131 - - [19/Feb/2019:14:01:39 +0100] "GET /reload?ser=1550581299620 HTTP/1.1" 200 2 "http://renault.activities.at/10201442?dir=DESC&mode=grid&order=name&limit=15&page=3&cat=10260003" "Mozilla/5.0 (Windows NT 10.0; WOW64; Trident/7.0; rv:11.0) like Gecko"
213.153.47.173 - - [19/Feb/2019:14:01:48 +0100] "GET /reload?ser=1550581308162 HTTP/1.1" 200 28 "http://renault.activities.at/login?required=true" "Mozilla/5.0 (Windows NT 10.0; Win64; x64; rv:65.0) Gecko/20100101 Firefox/65.0"
138.21.12.28 - - [19/Feb/2019:14:01:51 +0100] "GET /reload?ser=1550581311153 HTTP/1.1" 200 28 "http://renault.2web.at/account?loadrequest=true" "Mozilla/5.0 (Windows NT 10.0; WOW64; Trident/7.0; Touch; rv:11.0) like Gecko"
80.123.221.50 - - [19/Feb/2019:14:02:21 +0100] "GET /reload?ser=1550581515931 HTTP/1.1" 200 28 "http://renault.2web.at/10201633" "Mozilla/5.0 (Windows NT 6.1; Win64; x64; rv:65.0) Gecko/20100101 Firefox/65.0"
80.120.5.131 - - [19/Feb/2019:14:02:40 +0100] "GET /reload?ser=1550581360607 HTTP/1.1" 200 2 "http://renault.activities.at/10201442?dir=DESC&mode=grid&order=name&limit=15&page=3&cat=10260003" "Mozilla/5.0 (Windows NT 10.0; WOW64; Trident/7.0; rv:11.0) like Gecko"
213.153.47.173 - - [19/Feb/2019:14:02:48 +0100] "GET /reload?ser=1550581368832 HTTP/1.1" 200 28 "http://renault.activities.at/login?required=true" "Mozilla/5.0 (Windows NT 10.0; Win64; x64; rv:65.0) Gecko/20100101 Firefox/65.0"
138.21.12.28 - - [19/Feb/2019:14:02:52 +0100] "GET /reload?ser=1550581372189 HTTP/1.1" 200 28 "http://renault.2web.at/account?loadrequest=true" "Mozilla/5.0 (Windows NT 10.0; WOW64; Trident/7.0; Touch; rv:11.0) like Gecko"
80.123.221.50 - - [19/Feb/2019:14:03:22 +0100] "GET /reload?ser=1550581576880 HTTP/1.1" 200 28 "http://renault.2web.at/10201633" "Mozilla/5.0 (Windows NT 6.1; Win64; x64; rv:65.0) Gecko/20100101 Firefox/65.0"
80.120.5.131 - - [19/Feb/2019:14:03:41 +0100] "GET /reload?ser=1550581421630 HTTP/1.1" 200 2 "http://renault.activities.at/10201442?dir=DESC&mode=grid&order=name&limit=15&page=3&cat=10260003" "Mozilla/5.0 (Windows NT 10.0; WOW64; Trident/7.0; rv:11.0) like Gecko"
213.153.47.173 - - [19/Feb/2019:14:03:49 +0100] "GET /reload?ser=1550581429502 HTTP/1.1" 200 28 "http://renault.activities.at/login?required=true" "Mozilla/5.0 (Windows NT 10.0; Win64; x64; rv:65.0) Gecko/20100101 Firefox/65.0"
138.21.12.28 - - [19/Feb/2019:14:03:53 +0100] "GET /reload?ser=1550581433199 HTTP/1.1" 200 28 "http://renault.2web.at/account?loadrequest=true" "Mozilla/5.0 (Windows NT 10.0; WOW64; Trident/7.0; Touch; rv:11.0) like Gecko"
80.123.221.50 - - [19/Feb/2019:14:04:23 +0100] "GET /reload?ser=1550581637921 HTTP/1.1" 200 28 "http://renault.2web.at/10201633" "Mozilla/5.0 (Windows NT 6.1; Win64; x64; rv:65.0) Gecko/20100101 Firefox/65.0"
80.120.5.131 - - [19/Feb/2019:14:04:42 +0100] "GET /reload?ser=1550581482621 HTTP/1.1" 200 2 "http://renault.activities.at/10201442?dir=DESC&mode=grid&order=name&limit=15&page=3&cat=10260003" "Mozilla/5.0 (Windows NT 10.0; WOW64; Trident/7.0; rv:11.0) like Gecko"
213.153.47.173 - - [19/Feb/2019:14:04:50 +0100] "GET /reload?ser=1550581490158 HTTP/1.1" 200 28 "http://renault.activities.at/login?required=true" "Mozilla/5.0 (Windows NT 10.0; Win64; x64; rv:65.0) Gecko/20100101 Firefox/65.0"
138.21.12.28 - - [19/Feb/2019:14:04:54 +0100] "GET /reload?ser=1550581494206 HTTP/1.1" 200 28 "http://renault.2web.at/account?loadrequest=true" "Mozilla/5.0 (Windows NT 10.0; WOW64; Trident/7.0; Touch; rv:11.0) like Gecko"
80.123.221.50 - - [19/Feb/2019:14:05:24 +0100] "GET /reload?ser=1550581698990 HTTP/1.1" 200 28 "http://renault.2web.at/10201633" "Mozilla/5.0 (Windows NT 6.1; Win64; x64; rv:65.0) Gecko/20100101 Firefox/65.0"
80.120.5.131 - - [19/Feb/2019:14:05:43 +0100] "GET /reload?ser=1550581543582 HTTP/1.1" 200 2 "http://renault.activities.at/10201442?dir=DESC&mode=grid&order=name&limit=15&page=3&cat=10260003" "Mozilla/5.0 (Windows NT 10.0; WOW64; Trident/7.0; rv:11.0) like Gecko"
212.186.238.50 - - [19/Feb/2019:14:05:43 +0100] "GET / HTTP/1.1" 200 3604 "-" "Mozilla/5.0 (Windows NT 10.0; Win64; x64; rv:65.0) Gecko/20100101 Firefox/65.0"
212.186.238.50 - - [19/Feb/2019:14:05:44 +0100] "GET /css/print.css HTTP/1.1" 200 543 "http://renault.activities.at/" "Mozilla/5.0 (Windows NT 10.0; Win64; x64; rv:65.0) Gecko/20100101 Firefox/65.0"
212.186.238.50 - - [19/Feb/2019:14:05:44 +0100] "GET /js/checkout.css HTTP/1.1" 200 359 "http://renault.activities.at/" "Mozilla/5.0 (Windows NT 10.0; Win64; x64; rv:65.0) Gecko/20100101 Firefox/65.0"
212.186.238.50 - - [19/Feb/2019:14:05:44 +0100] "GET /css/prototip.css HTTP/1.1" 200 968 "http://renault.activities.at/" "Mozilla/5.0 (Windows NT 10.0; Win64; x64; rv:65.0) Gecko/20100101 Firefox/65.0"
212.186.238.50 - - [19/Feb/2019:14:05:44 +0100] "GET /css/themes/default.css HTTP/1.1" 200 769 "http://renault.activities.at/" "Mozilla/5.0 (Windows NT 10.0; Win64; x64; rv:65.0) Gecko/20100101 Firefox/65.0"
212.186.238.50 - - [19/Feb/2019:14:05:44 +0100] "GET /css/themes/alphacube.css HTTP/1.1" 200 743 "http://renault.activities.at/" "Mozilla/5.0 (Windows NT 10.0; Win64; x64; rv:65.0) Gecko/20100101 Firefox/65.0"
213.153.47.173 - - [19/Feb/2019:14:05:50 +0100] "GET /reload?ser=1550581550833 HTTP/1.1" 200 28 "http://renault.activities.at/login?required=true" "Mozilla/5.0 (Windows NT 10.0; Win64; x64; rv:65.0) Gecko/20100101 Firefox/65.0"
138.21.12.28 - - [19/Feb/2019:14:05:55 +0100] "GET /reload?ser=1550581555221 HTTP/1.1" 200 28 "http://renault.2web.at/account?loadrequest=true" "Mozilla/5.0 (Windows NT 10.0; WOW64; Trident/7.0; Touch; rv:11.0) like Gecko"
91.133.70.9 - - [19/Feb/2019:14:06:12 +0100] "GET / HTTP/1.1" 200 3604 "-" "Mozilla/5.0 (Windows NT 10.0; WOW64; Trident/7.0; NMTE; rv:11.0) like Gecko"
91.133.70.9 - - [19/Feb/2019:14:06:13 +0100] "GET /js/default.js HTTP/1.1" 200 14698 "http://renault.activities.at/" "Mozilla/5.0 (Windows NT 10.0; WOW64; Trident/7.0; NMTE; rv:11.0) like Gecko"
91.133.70.9 - - [19/Feb/2019:14:06:13 +0100] "GET /js/flashdetection.js HTTP/1.1" 200 1059 "http://renault.activities.at/" "Mozilla/5.0 (Windows NT 10.0; WOW64; Trident/7.0; NMTE; rv:11.0) like Gecko"
91.133.70.9 - - [19/Feb/2019:14:06:13 +0100] "GET /css/reset.css HTTP/1.1" 200 1356 "http://renault.activities.at/" "Mozilla/5.0 (Windows NT 10.0; WOW64; Trident/7.0; NMTE; rv:11.0) like Gecko"
91.133.70.9 - - [19/Feb/2019:14:06:13 +0100] "GET /css/clears.css HTTP/1.1" 200 851 "http://renault.activities.at/" "Mozilla/5.0 (Windows NT 10.0; WOW64; Trident/7.0; NMTE; rv:11.0) like Gecko"
91.133.70.9 - - [19/Feb/2019:14:06:13 +0100] "GET /css/styles.css HTTP/1.1" 200 14664 "http://renault.activities.at/" "Mozilla/5.0 (Windows NT 10.0; WOW64; Trident/7.0; NMTE; rv:11.0) like Gecko"
