82.135.5.126 - - [22/Feb/2019:10:45:48 +0100] "GET /loadthumbnail.php?id=10970931&width=113 HTTP/1.1" 200 6246 "http://renault.activities.at/10201634?dir=DESC&mode=grid&order=name&limit=50&page=3" "Mozilla/5.0 (Windows NT 10.0; WOW64; Trident/7.0; rv:11.0) like Gecko"
82.135.5.126 - - [22/Feb/2019:10:45:48 +0100] "GET /loadthumbnail.php?id=11877811&width=113 HTTP/1.1" 200 27053 "http://renault.activities.at/10201634?dir=DESC&mode=grid&order=name&limit=50&page=3" "Mozilla/5.0 (Windows NT 10.0; WOW64; Trident/7.0; rv:11.0) like Gecko"
82.135.5.126 - - [22/Feb/2019:10:45:48 +0100] "GET /loadthumbnail.php?id=11715009&width=113 HTTP/1.1" 200 22295 "http://renault.activities.at/10201634?dir=DESC&mode=grid&order=name&limit=50&page=3" "Mozilla/5.0 (Windows NT 10.0; WOW64; Trident/7.0; rv:11.0) like Gecko"
82.135.5.126 - - [22/Feb/2019:10:45:48 +0100] "GET /loadthumbnail.php?id=10562346&width=113 HTTP/1.1" 200 5314 "http://renault.activities.at/10201634?dir=DESC&mode=grid&order=name&limit=50&page=3" "Mozilla/5.0 (Windows NT 10.0; WOW64; Trident/7.0; rv:11.0) like Gecko"
82.135.5.126 - - [22/Feb/2019:10:45:48 +0100] "GET /loadthumbnail.php?id=11124852&width=113 HTTP/1.1" 200 8535 "http://renault.activities.at/10201634?dir=DESC&mode=grid&order=name&limit=50&page=3" "Mozilla/5.0 (Windows NT 10.0; WOW64; Trident/7.0; rv:11.0) like Gecko"
82.135.5.126 - - [22/Feb/2019:10:45:48 +0100] "GET /loadthumbnail.php?id=11078141&width=113 HTTP/1.1" 200 8866 "http://renault.activities.at/10201634?dir=DESC&mode=grid&order=name&limit=50&page=3" "Mozilla/5.0 (Windows NT 10.0; WOW64; Trident/7.0; rv:11.0) like Gecko"
82.135.5.126 - - [22/Feb/2019:10:45:48 +0100] "GET /loadthumbnail.php?id=10562347&width=113 HTTP/1.1" 200 4993 "http://renault.activities.at/10201634?dir=DESC&mode=grid&order=name&limit=50&page=3" "Mozilla/5.0 (Windows NT 10.0; WOW64; Trident/7.0; rv:11.0) like Gecko"
82.135.5.126 - - [22/Feb/2019:10:45:48 +0100] "GET /loadthumbnail.php?id=11197547&width=113 HTTP/1.1" 200 9073 "http://renault.activities.at/10201634?dir=DESC&mode=grid&order=name&limit=50&page=3" "Mozilla/5.0 (Windows NT 10.0; WOW64; Trident/7.0; rv:11.0) like Gecko"
82.135.5.126 - - [22/Feb/2019:10:45:48 +0100] "GET /loadthumbnail.php?id=10633817&width=113 HTTP/1.1" 200 2614 "http://renault.activities.at/10201634?dir=DESC&mode=grid&order=name&limit=50&page=3" "Mozilla/5.0 (Windows NT 10.0; WOW64; Trident/7.0; rv:11.0) like Gecko"
82.135.5.126 - - [22/Feb/2019:10:45:48 +0100] "GET /loadthumbnail.php?id=10729892&width=113 HTTP/1.1" 200 4176 "http://renault.activities.at/10201634?dir=DESC&mode=grid&order=name&limit=50&page=3" "Mozilla/5.0 (Windows NT 10.0; WOW64; Trident/7.0; rv:11.0) like Gecko"
82.135.5.126 - - [22/Feb/2019:10:45:48 +0100] "GET /loadthumbnail.php?id=11351226&width=113 HTTP/1.1" 200 16210 "http://renault.activities.at/10201634?dir=DESC&mode=grid&order=name&limit=50&page=3" "Mozilla/5.0 (Windows NT 10.0; WOW64; Trident/7.0; rv:11.0) like Gecko"
82.135.5.126 - - [22/Feb/2019:10:45:48 +0100] "GET /loadthumbnail.php?id=11351222&width=113 HTTP/1.1" 200 17851 "http://renault.activities.at/10201634?dir=DESC&mode=grid&order=name&limit=50&page=3" "Mozilla/5.0 (Windows NT 10.0; WOW64; Trident/7.0; rv:11.0) like Gecko"
82.135.5.126 - - [22/Feb/2019:10:45:48 +0100] "GET /loadthumbnail.php?id=11089820&width=113 HTTP/1.1" 200 2212 "http://renault.activities.at/10201634?dir=DESC&mode=grid&order=name&limit=50&page=3" "Mozilla/5.0 (Windows NT 10.0; WOW64; Trident/7.0; rv:11.0) like Gecko"
82.135.5.126 - - [22/Feb/2019:10:45:48 +0100] "GET /loadthumbnail.php?id=11170050&width=113 HTTP/1.1" 200 1819 "http://renault.activities.at/10201634?dir=DESC&mode=grid&order=name&limit=50&page=3" "Mozilla/5.0 (Windows NT 10.0; WOW64; Trident/7.0; rv:11.0) like Gecko"
138.21.12.24 - - [22/Feb/2019:10:45:51 +0100] "GET /reload?ser=1550828751132 HTTP/1.1" 200 28 "http://renault.2web.at/result?searchterm=true&search=give" "Mozilla/5.0 (Windows NT 10.0; WOW64; Trident/7.0; Touch; rv:11.0) like Gecko"
213.153.47.173 - - [22/Feb/2019:10:46:10 +0100] "GET /reload?ser=1550828770236 HTTP/1.1" 200 28 "http://renault.activities.at/login?required=true" "Mozilla/5.0 (Windows NT 10.0; Win64; x64; rv:65.0) Gecko/20100101 Firefox/65.0"
82.135.5.126 - - [22/Feb/2019:10:46:10 +0100] "GET /11538163?print=true HTTP/1.1" 200 2641 "http://renault.activities.at/10201634?dir=DESC&mode=grid&order=name&limit=50&page=3" "Mozilla/5.0 (Windows NT 10.0; WOW64; Trident/7.0; rv:11.0) like Gecko"
82.135.5.126 - - [22/Feb/2019:10:46:13 +0100] "GET /loadthumbnail.php?id=11538169&width=250 HTTP/1.1" 200 85099 "http://renault.activities.at/11538163?print=true" "Mozilla/5.0 (Windows NT 10.0; WOW64; Trident/7.0; rv:11.0) like Gecko"
82.135.5.126 - - [22/Feb/2019:10:46:14 +0100] "GET /loadthumbnail.php?id=11538169&width=900&height=900 HTTP/1.1" 200 614879 "http://renault.activities.at/11538163?print=true" "Mozilla/5.0 (Windows NT 10.0; WOW64; Trident/7.0; rv:11.0) like Gecko"
82.135.5.126 - - [22/Feb/2019:10:46:18 +0100] "GET /null HTTP/1.1" 200 3624 "http://renault.activities.at/10201634?dir=DESC&mode=grid&order=name&limit=50&page=3" "Mozilla/5.0 (Windows NT 10.0; WOW64; Trident/7.0; rv:11.0) like Gecko"
80.123.225.36 - - [22/Feb/2019:10:46:34 +0100] "GET /reload?ser=1550828811202 HTTP/1.1" 200 28 "http://renault.activities.at/10201442?dir=DESC&mode=grid&order=name&limit=50&page=5" "Mozilla/5.0 (Windows NT 6.1; Win64; x64; rv:65.0) Gecko/20100101 Firefox/65.0"
82.135.5.126 - - [22/Feb/2019:10:46:49 +0100] "GET /reload?ser=1550828809151 HTTP/1.1" 200 28 "http://renault.activities.at/10201634?dir=DESC&mode=grid&order=name&limit=50&page=3" "Mozilla/5.0 (Windows NT 10.0; WOW64; Trident/7.0; rv:11.0) like Gecko"
138.21.12.24 - - [22/Feb/2019:10:46:52 +0100] "GET /reload?ser=1550828812212 HTTP/1.1" 200 28 "http://renault.2web.at/result?searchterm=true&search=give" "Mozilla/5.0 (Windows NT 10.0; WOW64; Trident/7.0; Touch; rv:11.0) like Gecko"
213.153.47.173 - - [22/Feb/2019:10:47:10 +0100] "GET /reload?ser=1550828830907 HTTP/1.1" 200 28 "http://renault.activities.at/login?required=true" "Mozilla/5.0 (Windows NT 10.0; Win64; x64; rv:65.0) Gecko/20100101 Firefox/65.0"
80.123.225.36 - - [22/Feb/2019:10:47:35 +0100] "GET /reload?ser=1550828872177 HTTP/1.1" 200 28 "http://renault.activities.at/10201442?dir=DESC&mode=grid&order=name&limit=50&page=5" "Mozilla/5.0 (Windows NT 6.1; Win64; x64; rv:65.0) Gecko/20100101 Firefox/65.0"
82.135.5.126 - - [22/Feb/2019:10:47:50 +0100] "GET /reload?ser=1550828870158 HTTP/1.1" 200 28 "http://renault.activities.at/10201634?dir=DESC&mode=grid&order=name&limit=50&page=3" "Mozilla/5.0 (Windows NT 10.0; WOW64; Trident/7.0; rv:11.0) like Gecko"
138.21.12.24 - - [22/Feb/2019:10:47:53 +0100] "GET /reload?ser=1550828873282 HTTP/1.1" 200 28 "http://renault.2web.at/result?searchterm=true&search=give" "Mozilla/5.0 (Windows NT 10.0; WOW64; Trident/7.0; Touch; rv:11.0) like Gecko"
82.135.5.126 - - [22/Feb/2019:10:47:58 +0100] "GET /10201634?dir=DESC&mode=grid&order=name&limit=50&page=2 HTTP/1.1" 200 14047 "http://renault.activities.at/10201634?dir=DESC&mode=grid&order=name&limit=50&page=3" "Mozilla/5.0 (Windows NT 10.0; WOW64; Trident/7.0; rv:11.0) like Gecko"
213.153.47.173 - - [22/Feb/2019:10:48:11 +0100] "GET /reload?ser=1550828891562 HTTP/1.1" 200 28 "http://renault.activities.at/login?required=true" "Mozilla/5.0 (Windows NT 10.0; Win64; x64; rv:65.0) Gecko/20100101 Firefox/65.0"
80.123.225.36 - - [22/Feb/2019:10:48:35 +0100] "GET /reload?ser=1550828933121 HTTP/1.1" 200 28 "http://renault.activities.at/10201442?dir=DESC&mode=grid&order=name&limit=50&page=5" "Mozilla/5.0 (Windows NT 6.1; Win64; x64; rv:65.0) Gecko/20100101 Firefox/65.0"
138.21.12.24 - - [22/Feb/2019:10:48:54 +0100] "GET /reload?ser=1550828934308 HTTP/1.1" 200 28 "http://renault.2web.at/result?searchterm=true&search=give" "Mozilla/5.0 (Windows NT 10.0; WOW64; Trident/7.0; Touch; rv:11.0) like Gecko"
82.135.5.126 - - [22/Feb/2019:10:48:53 +0100] "GET /10201634?dir=DESC&mode=grid&order=name&limit=50&page=1 HTTP/1.1" 200 13637 "http://renault.activities.at/10201634?dir=DESC&mode=grid&order=name&limit=50&page=2" "Mozilla/5.0 (Windows NT 10.0; WOW64; Trident/7.0; rv:11.0) like Gecko"
213.153.47.173 - - [22/Feb/2019:10:49:12 +0100] "GET /reload?ser=1550828952206 HTTP/1.1" 200 28 "http://renault.activities.at/login?required=true" "Mozilla/5.0 (Windows NT 10.0; Win64; x64; rv:65.0) Gecko/20100101 Firefox/65.0"
83.175.113.91 - - [22/Feb/2019:10:49:32 +0100] "GET /login HTTP/1.1" 200 2086 "-" "Mozilla/5.0 (Windows NT 10.0; Win64; x64) AppleWebKit/537.36 (KHTML, like Gecko) Chrome/72.0.3626.109 Safari/537.36"
80.123.225.36 - - [22/Feb/2019:10:49:36 +0100] "GET /reload?ser=1550828994116 HTTP/1.1" 200 28 "http://renault.activities.at/10201442?dir=DESC&mode=grid&order=name&limit=50&page=5" "Mozilla/5.0 (Windows NT 6.1; Win64; x64; rv:65.0) Gecko/20100101 Firefox/65.0"
138.21.12.24 - - [22/Feb/2019:10:49:55 +0100] "GET /reload?ser=1550828995384 HTTP/1.1" 200 28 "http://renault.2web.at/result?searchterm=true&search=give" "Mozilla/5.0 (Windows NT 10.0; WOW64; Trident/7.0; Touch; rv:11.0) like Gecko"
82.135.5.126 - - [22/Feb/2019:10:50:01 +0100] "GET /reload?ser=1550829001062 HTTP/1.1" 200 28 "http://renault.activities.at/10201634?dir=DESC&mode=grid&order=name&limit=50&page=1" "Mozilla/5.0 (Windows NT 10.0; WOW64; Trident/7.0; rv:11.0) like Gecko"
213.153.47.173 - - [22/Feb/2019:10:50:12 +0100] "GET /reload?ser=1550829012876 HTTP/1.1" 200 28 "http://renault.activities.at/login?required=true" "Mozilla/5.0 (Windows NT 10.0; Win64; x64; rv:65.0) Gecko/20100101 Firefox/65.0"
80.123.225.36 - - [22/Feb/2019:10:50:37 +0100] "GET /reload?ser=1550829055102 HTTP/1.1" 200 28 "http://renault.activities.at/10201442?dir=DESC&mode=grid&order=name&limit=50&page=5" "Mozilla/5.0 (Windows NT 6.1; Win64; x64; rv:65.0) Gecko/20100101 Firefox/65.0"
138.21.12.25 - - [22/Feb/2019:10:50:56 +0100] "GET /reload?ser=1550829056388 HTTP/1.1" 200 28 "http://renault.2web.at/result?searchterm=true&search=give" "Mozilla/5.0 (Windows NT 10.0; WOW64; Trident/7.0; Touch; rv:11.0) like Gecko"
82.135.5.126 - - [22/Feb/2019:10:51:02 +0100] "GET /reload?ser=1550829062043 HTTP/1.1" 200 28 "http://renault.activities.at/10201634?dir=DESC&mode=grid&order=name&limit=50&page=1" "Mozilla/5.0 (Windows NT 10.0; WOW64; Trident/7.0; rv:11.0) like Gecko"
213.153.47.173 - - [22/Feb/2019:10:51:13 +0100] "GET /reload?ser=1550829073547 HTTP/1.1" 200 28 "http://renault.activities.at/login?required=true" "Mozilla/5.0 (Windows NT 10.0; Win64; x64; rv:65.0) Gecko/20100101 Firefox/65.0"
80.123.225.36 - - [22/Feb/2019:10:51:38 +0100] "GET /reload?ser=1550829116058 HTTP/1.1" 200 28 "http://renault.activities.at/10201442?dir=DESC&mode=grid&order=name&limit=50&page=5" "Mozilla/5.0 (Windows NT 6.1; Win64; x64; rv:65.0) Gecko/20100101 Firefox/65.0"
138.21.12.25 - - [22/Feb/2019:10:51:57 +0100] "GET /reload?ser=1550829117523 HTTP/1.1" 200 28 "http://renault.2web.at/result?searchterm=true&search=give" "Mozilla/5.0 (Windows NT 10.0; WOW64; Trident/7.0; Touch; rv:11.0) like Gecko"
82.135.5.126 - - [22/Feb/2019:10:52:03 +0100] "GET /reload?ser=1550829123002 HTTP/1.1" 200 28 "http://renault.activities.at/10201634?dir=DESC&mode=grid&order=name&limit=50&page=1" "Mozilla/5.0 (Windows NT 10.0; WOW64; Trident/7.0; rv:11.0) like Gecko"
213.153.47.173 - - [22/Feb/2019:10:52:14 +0100] "GET /reload?ser=1550829134217 HTTP/1.1" 200 28 "http://renault.activities.at/login?required=true" "Mozilla/5.0 (Windows NT 10.0; Win64; x64; rv:65.0) Gecko/20100101 Firefox/65.0"
80.123.225.36 - - [22/Feb/2019:10:52:39 +0100] "GET /reload?ser=1550829177043 HTTP/1.1" 200 28 "http://renault.activities.at/10201442?dir=DESC&mode=grid&order=name&limit=50&page=5" "Mozilla/5.0 (Windows NT 6.1; Win64; x64; rv:65.0) Gecko/20100101 Firefox/65.0"
138.21.12.25 - - [22/Feb/2019:10:52:58 +0100] "GET /reload?ser=1550829178570 HTTP/1.1" 200 28 "http://renault.2web.at/result?searchterm=true&search=give" "Mozilla/5.0 (Windows NT 10.0; WOW64; Trident/7.0; Touch; rv:11.0) like Gecko"
82.135.5.126 - - [22/Feb/2019:10:53:04 +0100] "GET /reload?ser=1550829184016 HTTP/1.1" 200 28 "http://renault.activities.at/10201634?dir=DESC&mode=grid&order=name&limit=50&page=1" "Mozilla/5.0 (Windows NT 10.0; WOW64; Trident/7.0; rv:11.0) like Gecko"
213.153.47.173 - - [22/Feb/2019:10:53:14 +0100] "GET /reload?ser=1550829194887 HTTP/1.1" 200 28 "http://renault.activities.at/login?required=true" "Mozilla/5.0 (Windows NT 10.0; Win64; x64; rv:65.0) Gecko/20100101 Firefox/65.0"
80.123.225.36 - - [22/Feb/2019:10:53:40 +0100] "GET /reload?ser=1550829238059 HTTP/1.1" 200 28 "http://renault.activities.at/10201442?dir=DESC&mode=grid&order=name&limit=50&page=5" "Mozilla/5.0 (Windows NT 6.1; Win64; x64; rv:65.0) Gecko/20100101 Firefox/65.0"
138.21.12.25 - - [22/Feb/2019:10:53:59 +0100] "GET /reload?ser=1550829239630 HTTP/1.1" 200 28 "http://renault.2web.at/result?searchterm=true&search=give" "Mozilla/5.0 (Windows NT 10.0; WOW64; Trident/7.0; Touch; rv:11.0) like Gecko"
82.135.5.126 - - [22/Feb/2019:10:54:05 +0100] "GET /reload?ser=1550829245063 HTTP/1.1" 200 28 "http://renault.activities.at/10201634?dir=DESC&mode=grid&order=name&limit=50&page=1" "Mozilla/5.0 (Windows NT 10.0; WOW64; Trident/7.0; rv:11.0) like Gecko"
213.153.47.173 - - [22/Feb/2019:10:54:15 +0100] "GET /reload?ser=1550829255537 HTTP/1.1" 200 28 "http://renault.activities.at/login?required=true" "Mozilla/5.0 (Windows NT 10.0; Win64; x64; rv:65.0) Gecko/20100101 Firefox/65.0"
80.123.225.36 - - [22/Feb/2019:10:54:41 +0100] "GET /reload?ser=1550829299052 HTTP/1.1" 200 28 "http://renault.activities.at/10201442?dir=DESC&mode=grid&order=name&limit=50&page=5" "Mozilla/5.0 (Windows NT 6.1; Win64; x64; rv:65.0) Gecko/20100101 Firefox/65.0"
138.21.12.25 - - [22/Feb/2019:10:55:00 +0100] "GET /reload?ser=1550829300691 HTTP/1.1" 200 28 "http://renault.2web.at/result?searchterm=true&search=give" "Mozilla/5.0 (Windows NT 10.0; WOW64; Trident/7.0; Touch; rv:11.0) like Gecko"
82.135.5.126 - - [22/Feb/2019:10:55:06 +0100] "GET /reload?ser=1550829306056 HTTP/1.1" 200 28 "http://renault.activities.at/10201634?dir=DESC&mode=grid&order=name&limit=50&page=1" "Mozilla/5.0 (Windows NT 10.0; WOW64; Trident/7.0; rv:11.0) like Gecko"
213.153.47.173 - - [22/Feb/2019:10:55:16 +0100] "GET /reload?ser=1550829316187 HTTP/1.1" 200 28 "http://renault.activities.at/login?required=true" "Mozilla/5.0 (Windows NT 10.0; Win64; x64; rv:65.0) Gecko/20100101 Firefox/65.0"
80.123.225.36 - - [22/Feb/2019:10:55:42 +0100] "GET /reload?ser=1550829360038 HTTP/1.1" 200 28 "http://renault.activities.at/10201442?dir=DESC&mode=grid&order=name&limit=50&page=5" "Mozilla/5.0 (Windows NT 6.1; Win64; x64; rv:65.0) Gecko/20100101 Firefox/65.0"
138.21.12.25 - - [22/Feb/2019:10:56:01 +0100] "GET /reload?ser=1550829361778 HTTP/1.1" 200 28 "http://renault.2web.at/result?searchterm=true&search=give" "Mozilla/5.0 (Windows NT 10.0; WOW64; Trident/7.0; Touch; rv:11.0) like Gecko"
82.135.5.126 - - [22/Feb/2019:10:56:07 +0100] "GET /reload?ser=1550829367009 HTTP/1.1" 200 28 "http://renault.activities.at/10201634?dir=DESC&mode=grid&order=name&limit=50&page=1" "Mozilla/5.0 (Windows NT 10.0; WOW64; Trident/7.0; rv:11.0) like Gecko"
213.153.47.173 - - [22/Feb/2019:10:56:16 +0100] "GET /reload?ser=1550829376832 HTTP/1.1" 200 28 "http://renault.activities.at/login?required=true" "Mozilla/5.0 (Windows NT 10.0; Win64; x64; rv:65.0) Gecko/20100101 Firefox/65.0"
80.123.225.36 - - [22/Feb/2019:10:56:43 +0100] "GET /reload?ser=1550829420978 HTTP/1.1" 200 28 "http://renault.activities.at/10201442?dir=DESC&mode=grid&order=name&limit=50&page=5" "Mozilla/5.0 (Windows NT 6.1; Win64; x64; rv:65.0) Gecko/20100101 Firefox/65.0"
138.21.12.25 - - [22/Feb/2019:10:57:02 +0100] "GET /reload?ser=1550829422835 HTTP/1.1" 200 28 "http://renault.2web.at/result?searchterm=true&search=give" "Mozilla/5.0 (Windows NT 10.0; WOW64; Trident/7.0; Touch; rv:11.0) like Gecko"
82.135.5.126 - - [22/Feb/2019:10:57:07 +0100] "GET /reload?ser=1550829427950 HTTP/1.1" 200 28 "http://renault.activities.at/10201634?dir=DESC&mode=grid&order=name&limit=50&page=1" "Mozilla/5.0 (Windows NT 10.0; WOW64; Trident/7.0; rv:11.0) like Gecko"
213.153.47.173 - - [22/Feb/2019:10:57:17 +0100] "GET /reload?ser=1550829437497 HTTP/1.1" 200 28 "http://renault.activities.at/login?required=true" "Mozilla/5.0 (Windows NT 10.0; Win64; x64; rv:65.0) Gecko/20100101 Firefox/65.0"
80.123.225.36 - - [22/Feb/2019:10:57:44 +0100] "GET /reload?ser=1550829481975 HTTP/1.1" 200 28 "http://renault.activities.at/10201442?dir=DESC&mode=grid&order=name&limit=50&page=5" "Mozilla/5.0 (Windows NT 6.1; Win64; x64; rv:65.0) Gecko/20100101 Firefox/65.0"
138.21.12.25 - - [22/Feb/2019:10:58:04 +0100] "GET /reload?ser=1550829483877 HTTP/1.1" 200 28 "http://renault.2web.at/result?searchterm=true&search=give" "Mozilla/5.0 (Windows NT 10.0; WOW64; Trident/7.0; Touch; rv:11.0) like Gecko"
82.135.5.126 - - [22/Feb/2019:10:58:09 +0100] "GET /reload?ser=1550829488920 HTTP/1.1" 200 28 "http://renault.activities.at/10201634?dir=DESC&mode=grid&order=name&limit=50&page=1" "Mozilla/5.0 (Windows NT 10.0; WOW64; Trident/7.0; rv:11.0) like Gecko"
213.153.47.173 - - [22/Feb/2019:10:58:18 +0100] "GET /reload?ser=1550829498177 HTTP/1.1" 200 28 "http://renault.activities.at/login?required=true" "Mozilla/5.0 (Windows NT 10.0; Win64; x64; rv:65.0) Gecko/20100101 Firefox/65.0"
80.123.225.36 - - [22/Feb/2019:10:58:45 +0100] "GET /reload?ser=1550829542967 HTTP/1.1" 200 28 "http://renault.activities.at/10201442?dir=DESC&mode=grid&order=name&limit=50&page=5" "Mozilla/5.0 (Windows NT 6.1; Win64; x64; rv:65.0) Gecko/20100101 Firefox/65.0"
138.21.12.25 - - [22/Feb/2019:10:59:05 +0100] "GET /reload?ser=1550829544960 HTTP/1.1" 200 28 "http://renault.2web.at/result?searchterm=true&search=give" "Mozilla/5.0 (Windows NT 10.0; WOW64; Trident/7.0; Touch; rv:11.0) like Gecko"
82.135.5.126 - - [22/Feb/2019:10:59:10 +0100] "GET /reload?ser=1550829549987 HTTP/1.1" 200 28 "http://renault.activities.at/10201634?dir=DESC&mode=grid&order=name&limit=50&page=1" "Mozilla/5.0 (Windows NT 10.0; WOW64; Trident/7.0; rv:11.0) like Gecko"
213.153.47.173 - - [22/Feb/2019:10:59:18 +0100] "GET /reload?ser=1550829558847 HTTP/1.1" 200 28 "http://renault.activities.at/login?required=true" "Mozilla/5.0 (Windows NT 10.0; Win64; x64; rv:65.0) Gecko/20100101 Firefox/65.0"
80.123.225.36 - - [22/Feb/2019:10:59:46 +0100] "GET /reload?ser=1550829603967 HTTP/1.1" 200 28 "http://renault.activities.at/10201442?dir=DESC&mode=grid&order=name&limit=50&page=5" "Mozilla/5.0 (Windows NT 6.1; Win64; x64; rv:65.0) Gecko/20100101 Firefox/65.0"
138.21.12.25 - - [22/Feb/2019:11:00:06 +0100] "GET /reload?ser=1550829606012 HTTP/1.1" 200 28 "http://renault.2web.at/result?searchterm=true&search=give" "Mozilla/5.0 (Windows NT 10.0; WOW64; Trident/7.0; Touch; rv:11.0) like Gecko"
82.135.5.126 - - [22/Feb/2019:11:00:11 +0100] "GET /reload?ser=1550829610944 HTTP/1.1" 200 28 "http://renault.activities.at/10201634?dir=DESC&mode=grid&order=name&limit=50&page=1" "Mozilla/5.0 (Windows NT 10.0; WOW64; Trident/7.0; rv:11.0) like Gecko"
213.153.47.173 - - [22/Feb/2019:11:00:19 +0100] "GET /reload?ser=1550829619502 HTTP/1.1" 200 28 "http://renault.activities.at/login?required=true" "Mozilla/5.0 (Windows NT 10.0; Win64; x64; rv:65.0) Gecko/20100101 Firefox/65.0"
80.123.225.36 - - [22/Feb/2019:11:00:47 +0100] "GET /reload?ser=1550829664938 HTTP/1.1" 200 28 "http://renault.activities.at/10201442?dir=DESC&mode=grid&order=name&limit=50&page=5" "Mozilla/5.0 (Windows NT 6.1; Win64; x64; rv:65.0) Gecko/20100101 Firefox/65.0"
138.21.12.25 - - [22/Feb/2019:11:01:07 +0100] "GET /reload?ser=1550829667067 HTTP/1.1" 200 28 "http://renault.2web.at/result?searchterm=true&search=give" "Mozilla/5.0 (Windows NT 10.0; WOW64; Trident/7.0; Touch; rv:11.0) like Gecko"
82.135.5.126 - - [22/Feb/2019:11:01:11 +0100] "GET /reload?ser=1550829671938 HTTP/1.1" 200 28 "http://renault.activities.at/10201634?dir=DESC&mode=grid&order=name&limit=50&page=1" "Mozilla/5.0 (Windows NT 10.0; WOW64; Trident/7.0; rv:11.0) like Gecko"
213.153.47.173 - - [22/Feb/2019:11:01:20 +0100] "GET /reload?ser=1550829680177 HTTP/1.1" 200 28 "http://renault.activities.at/login?required=true" "Mozilla/5.0 (Windows NT 10.0; Win64; x64; rv:65.0) Gecko/20100101 Firefox/65.0"
80.123.225.36 - - [22/Feb/2019:11:01:48 +0100] "GET /reload?ser=1550829725914 HTTP/1.1" 200 28 "http://renault.activities.at/10201442?dir=DESC&mode=grid&order=name&limit=50&page=5" "Mozilla/5.0 (Windows NT 6.1; Win64; x64; rv:65.0) Gecko/20100101 Firefox/65.0"
138.21.12.25 - - [22/Feb/2019:11:02:08 +0100] "GET /reload?ser=1550829728159 HTTP/1.1" 200 28 "http://renault.2web.at/result?searchterm=true&search=give" "Mozilla/5.0 (Windows NT 10.0; WOW64; Trident/7.0; Touch; rv:11.0) like Gecko"
82.135.5.126 - - [22/Feb/2019:11:02:12 +0100] "GET /reload?ser=1550829732911 HTTP/1.1" 200 28 "http://renault.activities.at/10201634?dir=DESC&mode=grid&order=name&limit=50&page=1" "Mozilla/5.0 (Windows NT 10.0; WOW64; Trident/7.0; rv:11.0) like Gecko"
213.153.47.173 - - [22/Feb/2019:11:02:20 +0100] "GET /reload?ser=1550829740837 HTTP/1.1" 200 28 "http://renault.activities.at/login?required=true" "Mozilla/5.0 (Windows NT 10.0; Win64; x64; rv:65.0) Gecko/20100101 Firefox/65.0"
80.123.225.36 - - [22/Feb/2019:11:02:49 +0100] "GET /reload?ser=1550829786923 HTTP/1.1" 200 28 "http://renault.activities.at/10201442?dir=DESC&mode=grid&order=name&limit=50&page=5" "Mozilla/5.0 (Windows NT 6.1; Win64; x64; rv:65.0) Gecko/20100101 Firefox/65.0"
138.21.12.25 - - [22/Feb/2019:11:03:09 +0100] "GET /reload?ser=1550829789197 HTTP/1.1" 200 28 "http://renault.2web.at/result?searchterm=true&search=give" "Mozilla/5.0 (Windows NT 10.0; WOW64; Trident/7.0; Touch; rv:11.0) like Gecko"
82.135.5.126 - - [22/Feb/2019:11:03:13 +0100] "GET /reload?ser=1550829793888 HTTP/1.1" 200 28 "http://renault.activities.at/10201634?dir=DESC&mode=grid&order=name&limit=50&page=1" "Mozilla/5.0 (Windows NT 10.0; WOW64; Trident/7.0; rv:11.0) like Gecko"
213.153.47.173 - - [22/Feb/2019:11:03:21 +0100] "GET /reload?ser=1550829801487 HTTP/1.1" 200 28 "http://renault.activities.at/login?required=true" "Mozilla/5.0 (Windows NT 10.0; Win64; x64; rv:65.0) Gecko/20100101 Firefox/65.0"
80.123.225.36 - - [22/Feb/2019:11:03:50 +0100] "GET /reload?ser=1550829847888 HTTP/1.1" 200 28 "http://renault.activities.at/10201442?dir=DESC&mode=grid&order=name&limit=50&page=5" "Mozilla/5.0 (Windows NT 6.1; Win64; x64; rv:65.0) Gecko/20100101 Firefox/65.0"
138.21.12.25 - - [22/Feb/2019:11:04:10 +0100] "GET /reload?ser=1550829850272 HTTP/1.1" 200 28 "http://renault.2web.at/result?searchterm=true&search=give" "Mozilla/5.0 (Windows NT 10.0; WOW64; Trident/7.0; Touch; rv:11.0) like Gecko"
82.135.5.126 - - [22/Feb/2019:11:04:14 +0100] "GET /reload?ser=1550829854871 HTTP/1.1" 200 28 "http://renault.activities.at/10201634?dir=DESC&mode=grid&order=name&limit=50&page=1" "Mozilla/5.0 (Windows NT 10.0; WOW64; Trident/7.0; rv:11.0) like Gecko"
213.153.47.173 - - [22/Feb/2019:11:04:22 +0100] "GET /reload?ser=1550829862146 HTTP/1.1" 200 28 "http://renault.activities.at/login?required=true" "Mozilla/5.0 (Windows NT 10.0; Win64; x64; rv:65.0) Gecko/20100101 Firefox/65.0"
80.123.225.36 - - [22/Feb/2019:11:04:51 +0100] "GET /reload?ser=1550829908858 HTTP/1.1" 200 28 "http://renault.activities.at/10201442?dir=DESC&mode=grid&order=name&limit=50&page=5" "Mozilla/5.0 (Windows NT 6.1; Win64; x64; rv:65.0) Gecko/20100101 Firefox/65.0"
138.21.12.25 - - [22/Feb/2019:11:05:11 +0100] "GET /reload?ser=1550829911355 HTTP/1.1" 200 28 "http://renault.2web.at/result?searchterm=true&search=give" "Mozilla/5.0 (Windows NT 10.0; WOW64; Trident/7.0; Touch; rv:11.0) like Gecko"
82.135.5.126 - - [22/Feb/2019:11:05:15 +0100] "GET /reload?ser=1550829915851 HTTP/1.1" 200 28 "http://renault.activities.at/10201634?dir=DESC&mode=grid&order=name&limit=50&page=1" "Mozilla/5.0 (Windows NT 10.0; WOW64; Trident/7.0; rv:11.0) like Gecko"
213.153.47.173 - - [22/Feb/2019:11:05:22 +0100] "GET /reload?ser=1550829922857 HTTP/1.1" 200 28 "http://renault.activities.at/login?required=true" "Mozilla/5.0 (Windows NT 10.0; Win64; x64; rv:65.0) Gecko/20100101 Firefox/65.0"
80.123.225.36 - - [22/Feb/2019:11:05:52 +0100] "GET /reload?ser=1550829969852 HTTP/1.1" 200 28 "http://renault.activities.at/10201442?dir=DESC&mode=grid&order=name&limit=50&page=5" "Mozilla/5.0 (Windows NT 6.1; Win64; x64; rv:65.0) Gecko/20100101 Firefox/65.0"
138.21.12.25 - - [22/Feb/2019:11:06:12 +0100] "GET /reload?ser=1550829972460 HTTP/1.1" 200 28 "http://renault.2web.at/result?searchterm=true&search=give" "Mozilla/5.0 (Windows NT 10.0; WOW64; Trident/7.0; Touch; rv:11.0) like Gecko"
82.135.5.126 - - [22/Feb/2019:11:06:16 +0100] "GET /reload?ser=1550829976867 HTTP/1.1" 200 28 "http://renault.activities.at/10201634?dir=DESC&mode=grid&order=name&limit=50&page=1" "Mozilla/5.0 (Windows NT 10.0; WOW64; Trident/7.0; rv:11.0) like Gecko"
213.153.47.173 - - [22/Feb/2019:11:06:23 +0100] "GET /reload?ser=1550829983507 HTTP/1.1" 200 28 "http://renault.activities.at/login?required=true" "Mozilla/5.0 (Windows NT 10.0; Win64; x64; rv:65.0) Gecko/20100101 Firefox/65.0"
80.123.225.36 - - [22/Feb/2019:11:06:53 +0100] "GET /reload?ser=1550830030824 HTTP/1.1" 200 28 "http://renault.activities.at/10201442?dir=DESC&mode=grid&order=name&limit=50&page=5" "Mozilla/5.0 (Windows NT 6.1; Win64; x64; rv:65.0) Gecko/20100101 Firefox/65.0"
138.21.12.25 - - [22/Feb/2019:11:07:13 +0100] "GET /reload?ser=1550830033551 HTTP/1.1" 200 28 "http://renault.2web.at/result?searchterm=true&search=give" "Mozilla/5.0 (Windows NT 10.0; WOW64; Trident/7.0; Touch; rv:11.0) like Gecko"
82.135.5.126 - - [22/Feb/2019:11:07:17 +0100] "GET /reload?ser=1550830037871 HTTP/1.1" 200 28 "http://renault.activities.at/10201634?dir=DESC&mode=grid&order=name&limit=50&page=1" "Mozilla/5.0 (Windows NT 10.0; WOW64; Trident/7.0; rv:11.0) like Gecko"
213.153.47.173 - - [22/Feb/2019:11:07:24 +0100] "GET /reload?ser=1550830044166 HTTP/1.1" 200 28 "http://renault.activities.at/login?required=true" "Mozilla/5.0 (Windows NT 10.0; Win64; x64; rv:65.0) Gecko/20100101 Firefox/65.0"
80.123.225.36 - - [22/Feb/2019:11:07:54 +0100] "GET /reload?ser=1550830091760 HTTP/1.1" 200 28 "http://renault.activities.at/10201442?dir=DESC&mode=grid&order=name&limit=50&page=5" "Mozilla/5.0 (Windows NT 6.1; Win64; x64; rv:65.0) Gecko/20100101 Firefox/65.0"
138.21.12.25 - - [22/Feb/2019:11:08:14 +0100] "GET /reload?ser=1550830094593 HTTP/1.1" 200 28 "http://renault.2web.at/result?searchterm=true&search=give" "Mozilla/5.0 (Windows NT 10.0; WOW64; Trident/7.0; Touch; rv:11.0) like Gecko"
82.135.5.126 - - [22/Feb/2019:11:08:18 +0100] "GET /reload?ser=1550830098833 HTTP/1.1" 200 28 "http://renault.activities.at/10201634?dir=DESC&mode=grid&order=name&limit=50&page=1" "Mozilla/5.0 (Windows NT 10.0; WOW64; Trident/7.0; rv:11.0) like Gecko"
213.153.47.173 - - [22/Feb/2019:11:08:24 +0100] "GET /reload?ser=1550830104816 HTTP/1.1" 200 28 "http://renault.activities.at/login?required=true" "Mozilla/5.0 (Windows NT 10.0; Win64; x64; rv:65.0) Gecko/20100101 Firefox/65.0"
80.123.225.36 - - [22/Feb/2019:11:08:55 +0100] "GET /reload?ser=1550830152711 HTTP/1.1" 200 28 "http://renault.activities.at/10201442?dir=DESC&mode=grid&order=name&limit=50&page=5" "Mozilla/5.0 (Windows NT 6.1; Win64; x64; rv:65.0) Gecko/20100101 Firefox/65.0"
138.21.12.25 - - [22/Feb/2019:11:09:15 +0100] "GET /reload?ser=1550830155673 HTTP/1.1" 200 28 "http://renault.2web.at/result?searchterm=true&search=give" "Mozilla/5.0 (Windows NT 10.0; WOW64; Trident/7.0; Touch; rv:11.0) like Gecko"
82.135.5.126 - - [22/Feb/2019:11:09:19 +0100] "GET /reload?ser=1550830159844 HTTP/1.1" 200 28 "http://renault.activities.at/10201634?dir=DESC&mode=grid&order=name&limit=50&page=1" "Mozilla/5.0 (Windows NT 10.0; WOW64; Trident/7.0; rv:11.0) like Gecko"
213.153.47.173 - - [22/Feb/2019:11:09:25 +0100] "GET /reload?ser=1550830165477 HTTP/1.1" 200 28 "http://renault.activities.at/login?required=true" "Mozilla/5.0 (Windows NT 10.0; Win64; x64; rv:65.0) Gecko/20100101 Firefox/65.0"
80.123.225.36 - - [22/Feb/2019:11:09:56 +0100] "GET /reload?ser=1550830213700 HTTP/1.1" 200 28 "http://renault.activities.at/10201442?dir=DESC&mode=grid&order=name&limit=50&page=5" "Mozilla/5.0 (Windows NT 6.1; Win64; x64; rv:65.0) Gecko/20100101 Firefox/65.0"
138.21.12.25 - - [22/Feb/2019:11:10:16 +0100] "GET /reload?ser=1550830216754 HTTP/1.1" 200 28 "http://renault.2web.at/result?searchterm=true&search=give" "Mozilla/5.0 (Windows NT 10.0; WOW64; Trident/7.0; Touch; rv:11.0) like Gecko"
82.135.5.126 - - [22/Feb/2019:11:10:20 +0100] "GET /reload?ser=1550830220813 HTTP/1.1" 200 28 "http://renault.activities.at/10201634?dir=DESC&mode=grid&order=name&limit=50&page=1" "Mozilla/5.0 (Windows NT 10.0; WOW64; Trident/7.0; rv:11.0) like Gecko"
213.153.47.173 - - [22/Feb/2019:11:10:26 +0100] "GET /reload?ser=1550830226157 HTTP/1.1" 200 28 "http://renault.activities.at/login?required=true" "Mozilla/5.0 (Windows NT 10.0; Win64; x64; rv:65.0) Gecko/20100101 Firefox/65.0"
80.123.225.36 - - [22/Feb/2019:11:10:57 +0100] "GET /reload?ser=1550830274638 HTTP/1.1" 200 28 "http://renault.activities.at/10201442?dir=DESC&mode=grid&order=name&limit=50&page=5" "Mozilla/5.0 (Windows NT 6.1; Win64; x64; rv:65.0) Gecko/20100101 Firefox/65.0"
138.21.12.25 - - [22/Feb/2019:11:11:17 +0100] "GET /reload?ser=1550830277803 HTTP/1.1" 200 28 "http://renault.2web.at/result?searchterm=true&search=give" "Mozilla/5.0 (Windows NT 10.0; WOW64; Trident/7.0; Touch; rv:11.0) like Gecko"
82.135.5.126 - - [22/Feb/2019:11:11:21 +0100] "GET /reload?ser=1550830281817 HTTP/1.1" 200 28 "http://renault.activities.at/10201634?dir=DESC&mode=grid&order=name&limit=50&page=1" "Mozilla/5.0 (Windows NT 10.0; WOW64; Trident/7.0; rv:11.0) like Gecko"
213.153.47.173 - - [22/Feb/2019:11:11:26 +0100] "GET /reload?ser=1550830286846 HTTP/1.1" 200 28 "http://renault.activities.at/login?required=true" "Mozilla/5.0 (Windows NT 10.0; Win64; x64; rv:65.0) Gecko/20100101 Firefox/65.0"
80.123.225.36 - - [22/Feb/2019:11:11:58 +0100] "GET /reload?ser=1550830335624 HTTP/1.1" 200 28 "http://renault.activities.at/10201442?dir=DESC&mode=grid&order=name&limit=50&page=5" "Mozilla/5.0 (Windows NT 6.1; Win64; x64; rv:65.0) Gecko/20100101 Firefox/65.0"
138.21.12.25 - - [22/Feb/2019:11:12:18 +0100] "GET /reload?ser=1550830338845 HTTP/1.1" 200 28 "http://renault.2web.at/result?searchterm=true&search=give" "Mozilla/5.0 (Windows NT 10.0; WOW64; Trident/7.0; Touch; rv:11.0) like Gecko"
82.135.5.126 - - [22/Feb/2019:11:12:22 +0100] "GET /reload?ser=1550830342819 HTTP/1.1" 200 28 "http://renault.activities.at/10201634?dir=DESC&mode=grid&order=name&limit=50&page=1" "Mozilla/5.0 (Windows NT 10.0; WOW64; Trident/7.0; rv:11.0) like Gecko"
213.153.47.173 - - [22/Feb/2019:11:12:27 +0100] "GET /reload?ser=1550830347496 HTTP/1.1" 200 28 "http://renault.activities.at/login?required=true" "Mozilla/5.0 (Windows NT 10.0; Win64; x64; rv:65.0) Gecko/20100101 Firefox/65.0"
80.123.225.36 - - [22/Feb/2019:11:12:59 +0100] "GET /reload?ser=1550830396621 HTTP/1.1" 200 28 "http://renault.activities.at/10201442?dir=DESC&mode=grid&order=name&limit=50&page=5" "Mozilla/5.0 (Windows NT 6.1; Win64; x64; rv:65.0) Gecko/20100101 Firefox/65.0"
138.21.12.25 - - [22/Feb/2019:11:13:20 +0100] "GET /reload?ser=1550830399904 HTTP/1.1" 200 28 "http://renault.2web.at/result?searchterm=true&search=give" "Mozilla/5.0 (Windows NT 10.0; WOW64; Trident/7.0; Touch; rv:11.0) like Gecko"
82.135.5.126 - - [22/Feb/2019:11:13:23 +0100] "GET /reload?ser=1550830403832 HTTP/1.1" 200 28 "http://renault.activities.at/10201634?dir=DESC&mode=grid&order=name&limit=50&page=1" "Mozilla/5.0 (Windows NT 10.0; WOW64; Trident/7.0; rv:11.0) like Gecko"
213.153.47.173 - - [22/Feb/2019:11:13:28 +0100] "GET /reload?ser=1550830408156 HTTP/1.1" 200 28 "http://renault.activities.at/login?required=true" "Mozilla/5.0 (Windows NT 10.0; Win64; x64; rv:65.0) Gecko/20100101 Firefox/65.0"
80.123.225.36 - - [22/Feb/2019:11:14:00 +0100] "GET /reload?ser=1550830457576 HTTP/1.1" 200 28 "http://renault.activities.at/10201442?dir=DESC&mode=grid&order=name&limit=50&page=5" "Mozilla/5.0 (Windows NT 6.1; Win64; x64; rv:65.0) Gecko/20100101 Firefox/65.0"
138.21.12.25 - - [22/Feb/2019:11:14:21 +0100] "GET /reload?ser=1550830460915 HTTP/1.1" 200 28 "http://renault.2web.at/result?searchterm=true&search=give" "Mozilla/5.0 (Windows NT 10.0; WOW64; Trident/7.0; Touch; rv:11.0) like Gecko"
82.135.5.126 - - [22/Feb/2019:11:14:24 +0100] "GET /reload?ser=1550830464867 HTTP/1.1" 200 28 "http://renault.activities.at/10201634?dir=DESC&mode=grid&order=name&limit=50&page=1" "Mozilla/5.0 (Windows NT 10.0; WOW64; Trident/7.0; rv:11.0) like Gecko"
213.153.47.173 - - [22/Feb/2019:11:14:28 +0100] "GET /reload?ser=1550830468816 HTTP/1.1" 200 28 "http://renault.activities.at/login?required=true" "Mozilla/5.0 (Windows NT 10.0; Win64; x64; rv:65.0) Gecko/20100101 Firefox/65.0"
80.123.225.36 - - [22/Feb/2019:11:15:01 +0100] "GET /reload?ser=1550830518546 HTTP/1.1" 200 28 "http://renault.activities.at/10201442?dir=DESC&mode=grid&order=name&limit=50&page=5" "Mozilla/5.0 (Windows NT 6.1; Win64; x64; rv:65.0) Gecko/20100101 Firefox/65.0"
138.21.12.25 - - [22/Feb/2019:11:15:22 +0100] "GET /reload?ser=1550830521983 HTTP/1.1" 200 28 "http://renault.2web.at/result?searchterm=true&search=give" "Mozilla/5.0 (Windows NT 10.0; WOW64; Trident/7.0; Touch; rv:11.0) like Gecko"
82.135.5.126 - - [22/Feb/2019:11:15:25 +0100] "GET /reload?ser=1550830525817 HTTP/1.1" 200 28 "http://renault.activities.at/10201634?dir=DESC&mode=grid&order=name&limit=50&page=1" "Mozilla/5.0 (Windows NT 10.0; WOW64; Trident/7.0; rv:11.0) like Gecko"
213.153.47.173 - - [22/Feb/2019:11:15:29 +0100] "GET /reload?ser=1550830529486 HTTP/1.1" 200 28 "http://renault.activities.at/login?required=true" "Mozilla/5.0 (Windows NT 10.0; Win64; x64; rv:65.0) Gecko/20100101 Firefox/65.0"
80.123.225.36 - - [22/Feb/2019:11:16:02 +0100] "GET /reload?ser=1550830579549 HTTP/1.1" 200 28 "http://renault.activities.at/10201442?dir=DESC&mode=grid&order=name&limit=50&page=5" "Mozilla/5.0 (Windows NT 6.1; Win64; x64; rv:65.0) Gecko/20100101 Firefox/65.0"
138.21.12.25 - - [22/Feb/2019:11:16:23 +0100] "GET /reload?ser=1550830583056 HTTP/1.1" 200 28 "http://renault.2web.at/result?searchterm=true&search=give" "Mozilla/5.0 (Windows NT 10.0; WOW64; Trident/7.0; Touch; rv:11.0) like Gecko"
82.135.5.126 - - [22/Feb/2019:11:16:26 +0100] "GET /reload?ser=1550830586772 HTTP/1.1" 200 28 "http://renault.activities.at/10201634?dir=DESC&mode=grid&order=name&limit=50&page=1" "Mozilla/5.0 (Windows NT 10.0; WOW64; Trident/7.0; rv:11.0) like Gecko"
213.153.47.173 - - [22/Feb/2019:11:16:30 +0100] "GET /reload?ser=1550830590146 HTTP/1.1" 200 28 "http://renault.activities.at/login?required=true" "Mozilla/5.0 (Windows NT 10.0; Win64; x64; rv:65.0) Gecko/20100101 Firefox/65.0"
80.123.225.36 - - [22/Feb/2019:11:17:03 +0100] "GET /reload?ser=1550830640513 HTTP/1.1" 200 28 "http://renault.activities.at/10201442?dir=DESC&mode=grid&order=name&limit=50&page=5" "Mozilla/5.0 (Windows NT 6.1; Win64; x64; rv:65.0) Gecko/20100101 Firefox/65.0"
138.21.12.25 - - [22/Feb/2019:11:17:24 +0100] "GET /reload?ser=1550830644118 HTTP/1.1" 200 28 "http://renault.2web.at/result?searchterm=true&search=give" "Mozilla/5.0 (Windows NT 10.0; WOW64; Trident/7.0; Touch; rv:11.0) like Gecko"
82.135.5.126 - - [22/Feb/2019:11:17:27 +0100] "GET /reload?ser=1550830647749 HTTP/1.1" 200 28 "http://renault.activities.at/10201634?dir=DESC&mode=grid&order=name&limit=50&page=1" "Mozilla/5.0 (Windows NT 10.0; WOW64; Trident/7.0; rv:11.0) like Gecko"
213.153.47.173 - - [22/Feb/2019:11:17:30 +0100] "GET /reload?ser=1550830650805 HTTP/1.1" 200 28 "http://renault.activities.at/login?required=true" "Mozilla/5.0 (Windows NT 10.0; Win64; x64; rv:65.0) Gecko/20100101 Firefox/65.0"
80.123.225.36 - - [22/Feb/2019:11:18:05 +0100] "GET /reload?ser=1550830702709 HTTP/1.1" 200 28 "http://renault.activities.at/10201442?dir=DESC&mode=grid&order=name&limit=50&page=5" "Mozilla/5.0 (Windows NT 6.1; Win64; x64; rv:65.0) Gecko/20100101 Firefox/65.0"
138.21.12.25 - - [22/Feb/2019:11:18:25 +0100] "GET /reload?ser=1550830705175 HTTP/1.1" 200 28 "http://renault.2web.at/result?searchterm=true&search=give" "Mozilla/5.0 (Windows NT 10.0; WOW64; Trident/7.0; Touch; rv:11.0) like Gecko"
82.135.5.126 - - [22/Feb/2019:11:18:28 +0100] "GET /reload?ser=1550830708728 HTTP/1.1" 200 28 "http://renault.activities.at/10201634?dir=DESC&mode=grid&order=name&limit=50&page=1" "Mozilla/5.0 (Windows NT 10.0; WOW64; Trident/7.0; rv:11.0) like Gecko"
213.153.47.173 - - [22/Feb/2019:11:18:31 +0100] "GET /reload?ser=1550830711452 HTTP/1.1" 200 28 "http://renault.activities.at/login?required=true" "Mozilla/5.0 (Windows NT 10.0; Win64; x64; rv:65.0) Gecko/20100101 Firefox/65.0"
80.123.225.36 - - [22/Feb/2019:11:19:06 +0100] "GET /reload?ser=1550830763668 HTTP/1.1" 200 28 "http://renault.activities.at/10201442?dir=DESC&mode=grid&order=name&limit=50&page=5" "Mozilla/5.0 (Windows NT 6.1; Win64; x64; rv:65.0) Gecko/20100101 Firefox/65.0"
138.21.12.25 - - [22/Feb/2019:11:19:26 +0100] "GET /reload?ser=1550830766224 HTTP/1.1" 200 28 "http://renault.2web.at/result?searchterm=true&search=give" "Mozilla/5.0 (Windows NT 10.0; WOW64; Trident/7.0; Touch; rv:11.0) like Gecko"
82.135.5.126 - - [22/Feb/2019:11:19:29 +0100] "GET /reload?ser=1550830769710 HTTP/1.1" 200 28 "http://renault.activities.at/10201634?dir=DESC&mode=grid&order=name&limit=50&page=1" "Mozilla/5.0 (Windows NT 10.0; WOW64; Trident/7.0; rv:11.0) like Gecko"
213.153.47.173 - - [22/Feb/2019:11:19:32 +0100] "GET /reload?ser=1550830772126 HTTP/1.1" 200 28 "http://renault.activities.at/login?required=true" "Mozilla/5.0 (Windows NT 10.0; Win64; x64; rv:65.0) Gecko/20100101 Firefox/65.0"
80.123.225.36 - - [22/Feb/2019:11:20:07 +0100] "GET /reload?ser=1550830824665 HTTP/1.1" 200 28 "http://renault.activities.at/10201442?dir=DESC&mode=grid&order=name&limit=50&page=5" "Mozilla/5.0 (Windows NT 6.1; Win64; x64; rv:65.0) Gecko/20100101 Firefox/65.0"
138.21.12.25 - - [22/Feb/2019:11:20:27 +0100] "GET /reload?ser=1550830827270 HTTP/1.1" 200 28 "http://renault.2web.at/result?searchterm=true&search=give" "Mozilla/5.0 (Windows NT 10.0; WOW64; Trident/7.0; Touch; rv:11.0) like Gecko"
82.135.5.126 - - [22/Feb/2019:11:20:30 +0100] "GET /reload?ser=1550830830714 HTTP/1.1" 200 28 "http://renault.activities.at/10201634?dir=DESC&mode=grid&order=name&limit=50&page=1" "Mozilla/5.0 (Windows NT 10.0; WOW64; Trident/7.0; rv:11.0) like Gecko"
213.153.47.173 - - [22/Feb/2019:11:20:32 +0100] "GET /reload?ser=1550830832805 HTTP/1.1" 200 28 "http://renault.activities.at/login?required=true" "Mozilla/5.0 (Windows NT 10.0; Win64; x64; rv:65.0) Gecko/20100101 Firefox/65.0"
80.123.225.36 - - [22/Feb/2019:11:21:08 +0100] "GET /reload?ser=1550830885688 HTTP/1.1" 200 28 "http://renault.activities.at/10201442?dir=DESC&mode=grid&order=name&limit=50&page=5" "Mozilla/5.0 (Windows NT 6.1; Win64; x64; rv:65.0) Gecko/20100101 Firefox/65.0"
138.21.12.25 - - [22/Feb/2019:11:21:28 +0100] "GET /reload?ser=1550830888281 HTTP/1.1" 200 28 "http://renault.2web.at/result?searchterm=true&search=give" "Mozilla/5.0 (Windows NT 10.0; WOW64; Trident/7.0; Touch; rv:11.0) like Gecko"
82.135.5.126 - - [22/Feb/2019:11:21:31 +0100] "GET /reload?ser=1550830891670 HTTP/1.1" 200 28 "http://renault.activities.at/10201634?dir=DESC&mode=grid&order=name&limit=50&page=1" "Mozilla/5.0 (Windows NT 10.0; WOW64; Trident/7.0; rv:11.0) like Gecko"
213.153.47.173 - - [22/Feb/2019:11:21:33 +0100] "GET /reload?ser=1550830893475 HTTP/1.1" 200 28 "http://renault.activities.at/login?required=true" "Mozilla/5.0 (Windows NT 10.0; Win64; x64; rv:65.0) Gecko/20100101 Firefox/65.0"
80.123.225.36 - - [22/Feb/2019:11:22:09 +0100] "GET /reload?ser=1550830946685 HTTP/1.1" 200 28 "http://renault.activities.at/10201442?dir=DESC&mode=grid&order=name&limit=50&page=5" "Mozilla/5.0 (Windows NT 6.1; Win64; x64; rv:65.0) Gecko/20100101 Firefox/65.0"
138.21.12.25 - - [22/Feb/2019:11:22:29 +0100] "GET /reload?ser=1550830949376 HTTP/1.1" 200 28 "http://renault.2web.at/result?searchterm=true&search=give" "Mozilla/5.0 (Windows NT 10.0; WOW64; Trident/7.0; Touch; rv:11.0) like Gecko"
82.135.5.126 - - [22/Feb/2019:11:22:32 +0100] "GET /reload?ser=1550830952638 HTTP/1.1" 200 28 "http://renault.activities.at/10201634?dir=DESC&mode=grid&order=name&limit=50&page=1" "Mozilla/5.0 (Windows NT 10.0; WOW64; Trident/7.0; rv:11.0) like Gecko"
213.153.47.173 - - [22/Feb/2019:11:22:34 +0100] "GET /reload?ser=1550830954135 HTTP/1.1" 200 28 "http://renault.activities.at/login?required=true" "Mozilla/5.0 (Windows NT 10.0; Win64; x64; rv:65.0) Gecko/20100101 Firefox/65.0"
80.123.225.36 - - [22/Feb/2019:11:23:10 +0100] "GET /reload?ser=1550831007657 HTTP/1.1" 200 28 "http://renault.activities.at/10201442?dir=DESC&mode=grid&order=name&limit=50&page=5" "Mozilla/5.0 (Windows NT 6.1; Win64; x64; rv:65.0) Gecko/20100101 Firefox/65.0"
138.21.12.25 - - [22/Feb/2019:11:23:30 +0100] "GET /reload?ser=1550831010400 HTTP/1.1" 200 28 "http://renault.2web.at/result?searchterm=true&search=give" "Mozilla/5.0 (Windows NT 10.0; WOW64; Trident/7.0; Touch; rv:11.0) like Gecko"
82.135.5.126 - - [22/Feb/2019:11:23:33 +0100] "GET /reload?ser=1550831013642 HTTP/1.1" 200 28 "http://renault.activities.at/10201634?dir=DESC&mode=grid&order=name&limit=50&page=1" "Mozilla/5.0 (Windows NT 10.0; WOW64; Trident/7.0; rv:11.0) like Gecko"
213.153.47.173 - - [22/Feb/2019:11:23:34 +0100] "GET /reload?ser=1550831014806 HTTP/1.1" 200 28 "http://renault.activities.at/login?required=true" "Mozilla/5.0 (Windows NT 10.0; Win64; x64; rv:65.0) Gecko/20100101 Firefox/65.0"
80.123.225.36 - - [22/Feb/2019:11:24:11 +0100] "GET /reload?ser=1550831068665 HTTP/1.1" 200 28 "http://renault.activities.at/10201442?dir=DESC&mode=grid&order=name&limit=50&page=5" "Mozilla/5.0 (Windows NT 6.1; Win64; x64; rv:65.0) Gecko/20100101 Firefox/65.0"
138.21.12.25 - - [22/Feb/2019:11:24:31 +0100] "GET /reload?ser=1550831071452 HTTP/1.1" 200 28 "http://renault.2web.at/result?searchterm=true&search=give" "Mozilla/5.0 (Windows NT 10.0; WOW64; Trident/7.0; Touch; rv:11.0) like Gecko"
82.135.5.126 - - [22/Feb/2019:11:24:34 +0100] "GET /reload?ser=1550831074598 HTTP/1.1" 200 28 "http://renault.activities.at/10201634?dir=DESC&mode=grid&order=name&limit=50&page=1" "Mozilla/5.0 (Windows NT 10.0; WOW64; Trident/7.0; rv:11.0) like Gecko"
213.153.47.173 - - [22/Feb/2019:11:24:35 +0100] "GET /reload?ser=1550831075475 HTTP/1.1" 200 28 "http://renault.activities.at/login?required=true" "Mozilla/5.0 (Windows NT 10.0; Win64; x64; rv:65.0) Gecko/20100101 Firefox/65.0"
80.123.225.36 - - [22/Feb/2019:11:25:12 +0100] "GET /reload?ser=1550831129619 HTTP/1.1" 200 28 "http://renault.activities.at/10201442?dir=DESC&mode=grid&order=name&limit=50&page=5" "Mozilla/5.0 (Windows NT 6.1; Win64; x64; rv:65.0) Gecko/20100101 Firefox/65.0"
138.21.12.25 - - [22/Feb/2019:11:25:32 +0100] "GET /reload?ser=1550831132466 HTTP/1.1" 200 28 "http://renault.2web.at/result?searchterm=true&search=give" "Mozilla/5.0 (Windows NT 10.0; WOW64; Trident/7.0; Touch; rv:11.0) like Gecko"
82.135.5.126 - - [22/Feb/2019:11:25:35 +0100] "GET /reload?ser=1550831135573 HTTP/1.1" 200 28 "http://renault.activities.at/10201634?dir=DESC&mode=grid&order=name&limit=50&page=1" "Mozilla/5.0 (Windows NT 10.0; WOW64; Trident/7.0; rv:11.0) like Gecko"
213.153.47.173 - - [22/Feb/2019:11:25:36 +0100] "GET /reload?ser=1550831136145 HTTP/1.1" 200 28 "http://renault.activities.at/login?required=true" "Mozilla/5.0 (Windows NT 10.0; Win64; x64; rv:65.0) Gecko/20100101 Firefox/65.0"
80.123.225.36 - - [22/Feb/2019:11:26:13 +0100] "GET /reload?ser=1550831190643 HTTP/1.1" 200 28 "http://renault.activities.at/10201442?dir=DESC&mode=grid&order=name&limit=50&page=5" "Mozilla/5.0 (Windows NT 6.1; Win64; x64; rv:65.0) Gecko/20100101 Firefox/65.0"
80.123.80.158 - - [22/Feb/2019:11:26:21 +0100] "GET / HTTP/1.1" 200 3664 "-" "Mozilla/5.0 (Windows NT 10.0; WOW64; Trident/7.0; rv:11.0) like Gecko"
80.123.80.158 - - [22/Feb/2019:11:26:22 +0100] "GET /css/reset.css HTTP/1.1" 200 1356 "http://renault.activities.at/" "Mozilla/5.0 (Windows NT 10.0; WOW64; Trident/7.0; rv:11.0) like Gecko"
80.123.80.158 - - [22/Feb/2019:11:26:22 +0100] "GET /css/clears.css HTTP/1.1" 200 851 "http://renault.activities.at/" "Mozilla/5.0 (Windows NT 10.0; WOW64; Trident/7.0; rv:11.0) like Gecko"
80.123.80.158 - - [22/Feb/2019:11:26:22 +0100] "GET /js/flashdetection.js HTTP/1.1" 200 1059 "http://renault.activities.at/" "Mozilla/5.0 (Windows NT 10.0; WOW64; Trident/7.0; rv:11.0) like Gecko"
80.123.80.158 - - [22/Feb/2019:11:26:22 +0100] "GET /css/styles.css HTTP/1.1" 200 14664 "http://renault.activities.at/" "Mozilla/5.0 (Windows NT 10.0; WOW64; Trident/7.0; rv:11.0) like Gecko"
80.123.80.158 - - [22/Feb/2019:11:26:22 +0100] "GET /js/default.js HTTP/1.1" 200 14698 "http://renault.activities.at/" "Mozilla/5.0 (Windows NT 10.0; WOW64; Trident/7.0; rv:11.0) like Gecko"
80.123.80.158 - - [22/Feb/2019:11:26:22 +0100] "GET /css/prototip.css HTTP/1.1" 200 968 "http://renault.activities.at/" "Mozilla/5.0 (Windows NT 10.0; WOW64; Trident/7.0; rv:11.0) like Gecko"
80.123.80.158 - - [22/Feb/2019:11:26:22 +0100] "GET /js/checkout.css HTTP/1.1" 200 359 "http://renault.activities.at/" "Mozilla/5.0 (Windows NT 10.0; WOW64; Trident/7.0; rv:11.0) like Gecko"
80.123.80.158 - - [22/Feb/2019:11:26:22 +0100] "GET /css/print.css HTTP/1.1" 200 543 "http://renault.activities.at/" "Mozilla/5.0 (Windows NT 10.0; WOW64; Trident/7.0; rv:11.0) like Gecko"
80.123.80.158 - - [22/Feb/2019:11:26:22 +0100] "GET /css/themes/alphacube.css HTTP/1.1" 200 743 "http://renault.activities.at/" "Mozilla/5.0 (Windows NT 10.0; WOW64; Trident/7.0; rv:11.0) like Gecko"
80.123.80.158 - - [22/Feb/2019:11:26:22 +0100] "GET /css/themes/default.css HTTP/1.1" 200 769 "http://renault.activities.at/" "Mozilla/5.0 (Windows NT 10.0; WOW64; Trident/7.0; rv:11.0) like Gecko"
80.123.80.158 - - [22/Feb/2019:11:26:22 +0100] "GET /js/index.php?c=auto&f=,prototype/prototype.js,prototype/validation.js,scriptaculous/builder.js,scriptaculous/effects.js,scriptaculous/dragdrop.js,scriptaculous/controls.js,scriptaculous/slider.js,varien/js.js,varien/form.js,varien/menu.js,mage/translate.js,mage/cookies.js,varien/product.js,spinner/SpinnerControl.jsmin.js,prototype/window.js,prototype/window_ext.js HTTP/1.1" 200 94182 "http://renault.activities.at/" "Mozilla/5.0 (Windows NT 10.0; WOW64; Trident/7.0; rv:11.0) like Gecko"
80.123.80.158 - - [22/Feb/2019:11:26:22 +0100] "GET /images/main_block_border.gif HTTP/1.1" 200 43 "http://renault.activities.at/" "Mozilla/5.0 (Windows NT 10.0; WOW64; Trident/7.0; rv:11.0) like Gecko"
80.123.80.158 - - [22/Feb/2019:11:26:22 +0100] "GET /images/main_block_corner_right_bot.gif HTTP/1.1" 200 158 "http://renault.activities.at/" "Mozilla/5.0 (Windows NT 10.0; WOW64; Trident/7.0; rv:11.0) like Gecko"
80.123.80.158 - - [22/Feb/2019:11:26:22 +0100] "GET /images/header_block_corner_left_top.gif HTTP/1.1" 200 160 "http://renault.activities.at/" "Mozilla/5.0 (Windows NT 10.0; WOW64; Trident/7.0; rv:11.0) like Gecko"
80.123.80.158 - - [22/Feb/2019:11:26:22 +0100] "GET /images/header_block_corner_right_top.gif HTTP/1.1" 200 160 "http://renault.activities.at/" "Mozilla/5.0 (Windows NT 10.0; WOW64; Trident/7.0; rv:11.0) like Gecko"
80.123.80.158 - - [22/Feb/2019:11:26:22 +0100] "GET /images/main_block_corner_left_bot.gif HTTP/1.1" 200 159 "http://renault.activities.at/" "Mozilla/5.0 (Windows NT 10.0; WOW64; Trident/7.0; rv:11.0) like Gecko"
80.123.80.158 - - [22/Feb/2019:11:26:22 +0100] "GET /images/header_block_border.gif HTTP/1.1" 200 43 "http://renault.activities.at/" "Mozilla/5.0 (Windows NT 10.0; WOW64; Trident/7.0; rv:11.0) like Gecko"
80.123.80.158 - - [22/Feb/2019:11:26:22 +0100] "GET /images/main_block_corner_left_top.gif HTTP/1.1" 200 159 "http://renault.activities.at/" "Mozilla/5.0 (Windows NT 10.0; WOW64; Trident/7.0; rv:11.0) like Gecko"
80.123.80.158 - - [22/Feb/2019:11:26:22 +0100] "GET /images/main_block_corner_right_top.gif HTTP/1.1" 200 159 "http://renault.activities.at/" "Mozilla/5.0 (Windows NT 10.0; WOW64; Trident/7.0; rv:11.0) like Gecko"
80.123.80.158 - - [22/Feb/2019:11:26:23 +0100] "GET /images/title_border_top.jpg HTTP/1.1" 200 336 "http://renault.activities.at/" "Mozilla/5.0 (Windows NT 10.0; WOW64; Trident/7.0; rv:11.0) like Gecko"
80.123.80.158 - - [22/Feb/2019:11:26:23 +0100] "GET /images/title_border.jpg HTTP/1.1" 200 304 "http://renault.activities.at/" "Mozilla/5.0 (Windows NT 10.0; WOW64; Trident/7.0; rv:11.0) like Gecko"
80.123.80.158 - - [22/Feb/2019:11:26:23 +0100] "GET /images/title_corner_left_top.jpg HTTP/1.1" 200 372 "http://renault.activities.at/" "Mozilla/5.0 (Windows NT 10.0; WOW64; Trident/7.0; rv:11.0) like Gecko"
80.123.80.158 - - [22/Feb/2019:11:26:23 +0100] "GET /images/title_corner_right_top.jpg HTTP/1.1" 200 389 "http://renault.activities.at/" "Mozilla/5.0 (Windows NT 10.0; WOW64; Trident/7.0; rv:11.0) like Gecko"
80.123.80.158 - - [22/Feb/2019:11:26:22 +0100] "GET /loadthumbnail.php?id=11127982 HTTP/1.1" 200 399614 "http://renault.activities.at/" "Mozilla/5.0 (Windows NT 10.0; WOW64; Trident/7.0; rv:11.0) like Gecko"
138.21.12.25 - - [22/Feb/2019:11:26:33 +0100] "GET /reload?ser=1550831193545 HTTP/1.1" 200 28 "http://renault.2web.at/result?searchterm=true&search=give" "Mozilla/5.0 (Windows NT 10.0; WOW64; Trident/7.0; Touch; rv:11.0) like Gecko"
213.153.47.173 - - [22/Feb/2019:11:26:36 +0100] "GET /reload?ser=1550831196806 HTTP/1.1" 200 28 "http://renault.activities.at/login?required=true" "Mozilla/5.0 (Windows NT 10.0; Win64; x64; rv:65.0) Gecko/20100101 Firefox/65.0"
