80.123.225.36 - - [22/Feb/2019:15:52:55 +0100] "GET /images/title_border.jpg HTTP/1.1" 304 - "http://renault.activities.at/logout" "Mozilla/5.0 (Windows NT 6.1; WOW64; Trident/7.0; rv:11.0) like Gecko"
80.123.225.36 - - [22/Feb/2019:15:52:55 +0100] "GET /images/header_block_border.gif HTTP/1.1" 304 - "http://renault.activities.at/logout" "Mozilla/5.0 (Windows NT 6.1; WOW64; Trident/7.0; rv:11.0) like Gecko"
80.123.225.36 - - [22/Feb/2019:15:52:55 +0100] "GET /images/header_block_corner_right_top.gif HTTP/1.1" 304 - "http://renault.activities.at/logout" "Mozilla/5.0 (Windows NT 6.1; WOW64; Trident/7.0; rv:11.0) like Gecko"
80.123.225.36 - - [22/Feb/2019:15:52:55 +0100] "GET /images/title_border_top.jpg HTTP/1.1" 304 - "http://renault.activities.at/logout" "Mozilla/5.0 (Windows NT 6.1; WOW64; Trident/7.0; rv:11.0) like Gecko"
80.123.225.36 - - [22/Feb/2019:15:52:55 +0100] "GET /images/title_corner_left_top.jpg HTTP/1.1" 304 - "http://renault.activities.at/logout" "Mozilla/5.0 (Windows NT 6.1; WOW64; Trident/7.0; rv:11.0) like Gecko"
80.123.225.36 - - [22/Feb/2019:15:52:55 +0100] "GET /images/title_corner_right_top.jpg HTTP/1.1" 304 - "http://renault.activities.at/logout" "Mozilla/5.0 (Windows NT 6.1; WOW64; Trident/7.0; rv:11.0) like Gecko"
80.123.225.36 - - [22/Feb/2019:15:53:00 +0100] "GET / HTTP/1.1" 200 3664 "http://renault.activities.at/logout" "Mozilla/5.0 (Windows NT 6.1; WOW64; Trident/7.0; rv:11.0) like Gecko"
80.123.225.36 - - [22/Feb/2019:15:53:01 +0100] "GET /js/default.js HTTP/1.1" 304 - "http://renault.activities.at/" "Mozilla/5.0 (Windows NT 6.1; WOW64; Trident/7.0; rv:11.0) like Gecko"
80.123.225.36 - - [22/Feb/2019:15:53:01 +0100] "GET /js/flashdetection.js HTTP/1.1" 304 - "http://renault.activities.at/" "Mozilla/5.0 (Windows NT 6.1; WOW64; Trident/7.0; rv:11.0) like Gecko"
80.123.225.36 - - [22/Feb/2019:15:53:01 +0100] "GET /css/reset.css HTTP/1.1" 304 - "http://renault.activities.at/" "Mozilla/5.0 (Windows NT 6.1; WOW64; Trident/7.0; rv:11.0) like Gecko"
80.123.225.36 - - [22/Feb/2019:15:53:01 +0100] "GET /css/styles.css HTTP/1.1" 304 - "http://renault.activities.at/" "Mozilla/5.0 (Windows NT 6.1; WOW64; Trident/7.0; rv:11.0) like Gecko"
80.123.225.36 - - [22/Feb/2019:15:53:01 +0100] "GET /css/clears.css HTTP/1.1" 304 - "http://renault.activities.at/" "Mozilla/5.0 (Windows NT 6.1; WOW64; Trident/7.0; rv:11.0) like Gecko"
80.123.225.36 - - [22/Feb/2019:15:53:01 +0100] "GET /css/print.css HTTP/1.1" 304 - "http://renault.activities.at/" "Mozilla/5.0 (Windows NT 6.1; WOW64; Trident/7.0; rv:11.0) like Gecko"
80.123.225.36 - - [22/Feb/2019:15:53:01 +0100] "GET /js/checkout.css HTTP/1.1" 304 - "http://renault.activities.at/" "Mozilla/5.0 (Windows NT 6.1; WOW64; Trident/7.0; rv:11.0) like Gecko"
80.123.225.36 - - [22/Feb/2019:15:53:01 +0100] "GET /css/prototip.css HTTP/1.1" 304 - "http://renault.activities.at/" "Mozilla/5.0 (Windows NT 6.1; WOW64; Trident/7.0; rv:11.0) like Gecko"
80.123.225.36 - - [22/Feb/2019:15:53:01 +0100] "GET /css/themes/alphacube.css HTTP/1.1" 304 - "http://renault.activities.at/" "Mozilla/5.0 (Windows NT 6.1; WOW64; Trident/7.0; rv:11.0) like Gecko"
80.123.225.36 - - [22/Feb/2019:15:53:01 +0100] "GET /css/themes/default.css HTTP/1.1" 304 - "http://renault.activities.at/" "Mozilla/5.0 (Windows NT 6.1; WOW64; Trident/7.0; rv:11.0) like Gecko"
80.123.225.36 - - [22/Feb/2019:15:53:02 +0100] "GET /images/title_corner_right_top.jpg HTTP/1.1" 304 - "http://renault.activities.at/" "Mozilla/5.0 (Windows NT 6.1; WOW64; Trident/7.0; rv:11.0) like Gecko"
80.123.225.36 - - [22/Feb/2019:15:53:02 +0100] "GET /images/main_block_corner_right_top.gif HTTP/1.1" 304 - "http://renault.activities.at/" "Mozilla/5.0 (Windows NT 6.1; WOW64; Trident/7.0; rv:11.0) like Gecko"
80.123.225.36 - - [22/Feb/2019:15:53:02 +0100] "GET /images/header_block_corner_right_top.gif HTTP/1.1" 304 - "http://renault.activities.at/" "Mozilla/5.0 (Windows NT 6.1; WOW64; Trident/7.0; rv:11.0) like Gecko"
80.123.225.36 - - [22/Feb/2019:15:53:02 +0100] "GET /images/main_block_corner_right_bot.gif HTTP/1.1" 304 - "http://renault.activities.at/" "Mozilla/5.0 (Windows NT 6.1; WOW64; Trident/7.0; rv:11.0) like Gecko"
80.123.225.36 - - [22/Feb/2019:15:53:02 +0100] "GET /images/main_block_corner_left_bot.gif HTTP/1.1" 304 - "http://renault.activities.at/" "Mozilla/5.0 (Windows NT 6.1; WOW64; Trident/7.0; rv:11.0) like Gecko"
80.123.225.36 - - [22/Feb/2019:15:53:02 +0100] "GET /images/header_block_corner_left_top.gif HTTP/1.1" 304 - "http://renault.activities.at/" "Mozilla/5.0 (Windows NT 6.1; WOW64; Trident/7.0; rv:11.0) like Gecko"
80.123.225.36 - - [22/Feb/2019:15:53:02 +0100] "GET /images/main_block_border.gif HTTP/1.1" 304 - "http://renault.activities.at/" "Mozilla/5.0 (Windows NT 6.1; WOW64; Trident/7.0; rv:11.0) like Gecko"
80.123.225.36 - - [22/Feb/2019:15:53:02 +0100] "GET /images/main_block_corner_left_top.gif HTTP/1.1" 304 - "http://renault.activities.at/" "Mozilla/5.0 (Windows NT 6.1; WOW64; Trident/7.0; rv:11.0) like Gecko"
80.123.225.36 - - [22/Feb/2019:15:53:02 +0100] "GET /images/title_border.jpg HTTP/1.1" 304 - "http://renault.activities.at/" "Mozilla/5.0 (Windows NT 6.1; WOW64; Trident/7.0; rv:11.0) like Gecko"
80.123.225.36 - - [22/Feb/2019:15:53:02 +0100] "GET /images/header_block_border.gif HTTP/1.1" 304 - "http://renault.activities.at/" "Mozilla/5.0 (Windows NT 6.1; WOW64; Trident/7.0; rv:11.0) like Gecko"
80.123.225.36 - - [22/Feb/2019:15:53:02 +0100] "GET /images/title_border_top.jpg HTTP/1.1" 304 - "http://renault.activities.at/" "Mozilla/5.0 (Windows NT 6.1; WOW64; Trident/7.0; rv:11.0) like Gecko"
80.123.225.36 - - [22/Feb/2019:15:53:02 +0100] "GET /images/title_corner_left_top.jpg HTTP/1.1" 304 - "http://renault.activities.at/" "Mozilla/5.0 (Windows NT 6.1; WOW64; Trident/7.0; rv:11.0) like Gecko"
80.123.225.36 - - [22/Feb/2019:15:53:29 +0100] "GET /reload?ser=1550847227210 HTTP/1.1" 200 28 "http://renault.activities.at/10201442?dir=DESC&mode=grid&order=name&limit=50&page=5" "Mozilla/5.0 (Windows NT 6.1; Win64; x64; rv:65.0) Gecko/20100101 Firefox/65.0"
213.153.47.173 - - [22/Feb/2019:15:53:33 +0100] "GET /reload?ser=1550847213013 HTTP/1.1" 200 28 "http://renault.activities.at/login?required=true" "Mozilla/5.0 (Windows NT 10.0; Win64; x64; rv:65.0) Gecko/20100101 Firefox/65.0"
82.135.5.126 - - [22/Feb/2019:15:53:34 +0100] "GET /reload?ser=1550847214622 HTTP/1.1" 200 28 "http://renault.activities.at/result?searchterm=true&search=rechnung" "Mozilla/5.0 (Windows NT 10.0; WOW64; Trident/7.0; rv:11.0) like Gecko"
80.123.225.36 - - [22/Feb/2019:15:54:30 +0100] "GET /reload?ser=1550847288187 HTTP/1.1" 200 28 "http://renault.activities.at/10201442?dir=DESC&mode=grid&order=name&limit=50&page=5" "Mozilla/5.0 (Windows NT 6.1; Win64; x64; rv:65.0) Gecko/20100101 Firefox/65.0"
213.153.47.173 - - [22/Feb/2019:15:54:33 +0100] "GET /reload?ser=1550847273663 HTTP/1.1" 200 28 "http://renault.activities.at/login?required=true" "Mozilla/5.0 (Windows NT 10.0; Win64; x64; rv:65.0) Gecko/20100101 Firefox/65.0"
82.135.5.126 - - [22/Feb/2019:15:54:35 +0100] "GET /reload?ser=1550847275773 HTTP/1.1" 200 28 "http://renault.activities.at/result?searchterm=true&search=rechnung" "Mozilla/5.0 (Windows NT 10.0; WOW64; Trident/7.0; rv:11.0) like Gecko"
80.123.225.36 - - [22/Feb/2019:15:55:31 +0100] "GET /reload?ser=1550847349148 HTTP/1.1" 200 28 "http://renault.activities.at/10201442?dir=DESC&mode=grid&order=name&limit=50&page=5" "Mozilla/5.0 (Windows NT 6.1; Win64; x64; rv:65.0) Gecko/20100101 Firefox/65.0"
213.153.47.173 - - [22/Feb/2019:15:55:34 +0100] "GET /reload?ser=1550847334343 HTTP/1.1" 200 28 "http://renault.activities.at/login?required=true" "Mozilla/5.0 (Windows NT 10.0; Win64; x64; rv:65.0) Gecko/20100101 Firefox/65.0"
82.135.5.126 - - [22/Feb/2019:15:55:36 +0100] "GET /reload?ser=1550847336769 HTTP/1.1" 200 28 "http://renault.activities.at/result?searchterm=true&search=rechnung" "Mozilla/5.0 (Windows NT 10.0; WOW64; Trident/7.0; rv:11.0) like Gecko"
80.123.225.36 - - [22/Feb/2019:15:56:32 +0100] "GET /reload?ser=1550847410109 HTTP/1.1" 200 28 "http://renault.activities.at/10201442?dir=DESC&mode=grid&order=name&limit=50&page=5" "Mozilla/5.0 (Windows NT 6.1; Win64; x64; rv:65.0) Gecko/20100101 Firefox/65.0"
213.153.47.173 - - [22/Feb/2019:15:56:35 +0100] "GET /reload?ser=1550847395003 HTTP/1.1" 200 28 "http://renault.activities.at/login?required=true" "Mozilla/5.0 (Windows NT 10.0; Win64; x64; rv:65.0) Gecko/20100101 Firefox/65.0"
82.135.5.126 - - [22/Feb/2019:15:56:37 +0100] "GET /reload?ser=1550847397859 HTTP/1.1" 200 28 "http://renault.activities.at/result?searchterm=true&search=rechnung" "Mozilla/5.0 (Windows NT 10.0; WOW64; Trident/7.0; rv:11.0) like Gecko"
80.123.225.36 - - [22/Feb/2019:15:57:33 +0100] "GET /reload?ser=1550847471095 HTTP/1.1" 200 28 "http://renault.activities.at/10201442?dir=DESC&mode=grid&order=name&limit=50&page=5" "Mozilla/5.0 (Windows NT 6.1; Win64; x64; rv:65.0) Gecko/20100101 Firefox/65.0"
213.153.47.173 - - [22/Feb/2019:15:57:35 +0100] "GET /reload?ser=1550847455683 HTTP/1.1" 200 28 "http://renault.activities.at/login?required=true" "Mozilla/5.0 (Windows NT 10.0; Win64; x64; rv:65.0) Gecko/20100101 Firefox/65.0"
82.135.5.126 - - [22/Feb/2019:15:57:38 +0100] "GET /reload?ser=1550847458851 HTTP/1.1" 200 28 "http://renault.activities.at/result?searchterm=true&search=rechnung" "Mozilla/5.0 (Windows NT 10.0; WOW64; Trident/7.0; rv:11.0) like Gecko"
80.123.225.36 - - [22/Feb/2019:15:58:34 +0100] "GET /reload?ser=1550847532049 HTTP/1.1" 200 28 "http://renault.activities.at/10201442?dir=DESC&mode=grid&order=name&limit=50&page=5" "Mozilla/5.0 (Windows NT 6.1; Win64; x64; rv:65.0) Gecko/20100101 Firefox/65.0"
213.153.47.173 - - [22/Feb/2019:15:58:36 +0100] "GET /reload?ser=1550847516359 HTTP/1.1" 200 28 "http://renault.activities.at/login?required=true" "Mozilla/5.0 (Windows NT 10.0; Win64; x64; rv:65.0) Gecko/20100101 Firefox/65.0"
82.135.5.126 - - [22/Feb/2019:15:58:39 +0100] "GET /reload?ser=1550847519879 HTTP/1.1" 200 28 "http://renault.activities.at/result?searchterm=true&search=rechnung" "Mozilla/5.0 (Windows NT 10.0; WOW64; Trident/7.0; rv:11.0) like Gecko"
80.123.225.36 - - [22/Feb/2019:15:59:35 +0100] "GET /reload?ser=1550847593023 HTTP/1.1" 200 28 "http://renault.activities.at/10201442?dir=DESC&mode=grid&order=name&limit=50&page=5" "Mozilla/5.0 (Windows NT 6.1; Win64; x64; rv:65.0) Gecko/20100101 Firefox/65.0"
213.153.47.173 - - [22/Feb/2019:15:59:37 +0100] "GET /reload?ser=1550847577044 HTTP/1.1" 200 28 "http://renault.activities.at/login?required=true" "Mozilla/5.0 (Windows NT 10.0; Win64; x64; rv:65.0) Gecko/20100101 Firefox/65.0"
82.135.5.126 - - [22/Feb/2019:15:59:40 +0100] "GET /reload?ser=1550847580875 HTTP/1.1" 200 28 "http://renault.activities.at/result?searchterm=true&search=rechnung" "Mozilla/5.0 (Windows NT 10.0; WOW64; Trident/7.0; rv:11.0) like Gecko"
82.135.5.126 - - [22/Feb/2019:16:00:07 +0100] "GET /account HTTP/1.1" 200 5998 "http://renault.activities.at/result?searchterm=true&search=rechnung" "Mozilla/5.0 (Windows NT 10.0; WOW64; Trident/7.0; rv:11.0) like Gecko"
82.135.5.126 - - [22/Feb/2019:16:00:17 +0100] "GET /11997145 HTTP/1.1" 200 5715 "http://renault.activities.at/account" "Mozilla/5.0 (Windows NT 10.0; WOW64; Trident/7.0; rv:11.0) like Gecko"
80.123.225.36 - - [22/Feb/2019:16:00:36 +0100] "GET /reload?ser=1550847654015 HTTP/1.1" 200 28 "http://renault.activities.at/10201442?dir=DESC&mode=grid&order=name&limit=50&page=5" "Mozilla/5.0 (Windows NT 6.1; Win64; x64; rv:65.0) Gecko/20100101 Firefox/65.0"
213.153.47.173 - - [22/Feb/2019:16:00:37 +0100] "GET /reload?ser=1550847637704 HTTP/1.1" 200 28 "http://renault.activities.at/login?required=true" "Mozilla/5.0 (Windows NT 10.0; Win64; x64; rv:65.0) Gecko/20100101 Firefox/65.0"
82.135.5.126 - - [22/Feb/2019:16:00:47 +0100] "GET /imprints HTTP/1.1" 200 6001 "http://renault.activities.at/11997145" "Mozilla/5.0 (Windows NT 10.0; WOW64; Trident/7.0; rv:11.0) like Gecko"
82.135.5.126 - - [22/Feb/2019:16:00:49 +0100] "GET /js/ImprintEdit.js HTTP/1.1" 304 - "http://renault.activities.at/imprints" "Mozilla/5.0 (Windows NT 10.0; WOW64; Trident/7.0; rv:11.0) like Gecko"
82.135.5.126 - - [22/Feb/2019:16:00:49 +0100] "GET /images/icons/page_key.gif HTTP/1.1" 200 1074 "http://renault.activities.at/imprints" "Mozilla/5.0 (Windows NT 10.0; WOW64; Trident/7.0; rv:11.0) like Gecko"
82.135.5.126 - - [22/Feb/2019:16:00:49 +0100] "GET /images/icons/page_green.gif HTTP/1.1" 200 1048 "http://renault.activities.at/imprints" "Mozilla/5.0 (Windows NT 10.0; WOW64; Trident/7.0; rv:11.0) like Gecko"
82.135.5.126 - - [22/Feb/2019:16:00:49 +0100] "GET /images/icons/page_red.gif HTTP/1.1" 304 - "http://renault.activities.at/imprints" "Mozilla/5.0 (Windows NT 10.0; WOW64; Trident/7.0; rv:11.0) like Gecko"
82.135.5.126 - - [22/Feb/2019:16:00:49 +0100] "GET /images/icons/group.gif HTTP/1.1" 304 - "http://renault.activities.at/imprints" "Mozilla/5.0 (Windows NT 10.0; WOW64; Trident/7.0; rv:11.0) like Gecko"
82.135.5.126 - - [22/Feb/2019:16:00:49 +0100] "GET /images/icons/page_edit.gif HTTP/1.1" 304 - "http://renault.activities.at/imprints" "Mozilla/5.0 (Windows NT 10.0; WOW64; Trident/7.0; rv:11.0) like Gecko"
82.135.5.126 - - [22/Feb/2019:16:00:49 +0100] "GET /images/icons/page_lupe.gif HTTP/1.1" 200 1070 "http://renault.activities.at/imprints" "Mozilla/5.0 (Windows NT 10.0; WOW64; Trident/7.0; rv:11.0) like Gecko"
82.135.5.126 - - [22/Feb/2019:16:00:49 +0100] "GET /images/icons/page_go.gif HTTP/1.1" 304 - "http://renault.activities.at/imprints" "Mozilla/5.0 (Windows NT 10.0; WOW64; Trident/7.0; rv:11.0) like Gecko"
82.135.5.126 - - [22/Feb/2019:16:00:49 +0100] "GET /images/icons/user.gif HTTP/1.1" 200 1001 "http://renault.activities.at/imprints" "Mozilla/5.0 (Windows NT 10.0; WOW64; Trident/7.0; rv:11.0) like Gecko"
82.135.5.126 - - [22/Feb/2019:16:00:49 +0100] "GET /images/icons/page_delete.gif HTTP/1.1" 200 1072 "http://renault.activities.at/imprints" "Mozilla/5.0 (Windows NT 10.0; WOW64; Trident/7.0; rv:11.0) like Gecko"
82.135.5.126 - - [22/Feb/2019:16:00:54 +0100] "GET /imprintaddress HTTP/1.1" 200 6848 "http://renault.activities.at/imprints" "Mozilla/5.0 (Windows NT 10.0; WOW64; Trident/7.0; rv:11.0) like Gecko"
82.135.5.126 - - [22/Feb/2019:16:00:57 +0100] "GET /images/information.gif HTTP/1.1" 200 1025 "http://renault.activities.at/imprintaddress" "Mozilla/5.0 (Windows NT 10.0; WOW64; Trident/7.0; rv:11.0) like Gecko"
82.135.5.126 - - [22/Feb/2019:16:00:57 +0100] "GET /js/CompanyImprint.js HTTP/1.1" 200 1197 "http://renault.activities.at/imprintaddress" "Mozilla/5.0 (Windows NT 10.0; WOW64; Trident/7.0; rv:11.0) like Gecko"
82.135.5.126 - - [22/Feb/2019:16:01:18 +0100] "GET /address HTTP/1.1" 200 5278 "http://renault.activities.at/imprintaddress" "Mozilla/5.0 (Windows NT 10.0; WOW64; Trident/7.0; rv:11.0) like Gecko"
82.135.5.126 - - [22/Feb/2019:16:01:26 +0100] "GET /account HTTP/1.1" 200 5998 "http://renault.activities.at/address" "Mozilla/5.0 (Windows NT 10.0; WOW64; Trident/7.0; rv:11.0) like Gecko"
80.123.225.36 - - [22/Feb/2019:16:01:37 +0100] "GET /reload?ser=1550847715026 HTTP/1.1" 200 28 "http://renault.activities.at/10201442?dir=DESC&mode=grid&order=name&limit=50&page=5" "Mozilla/5.0 (Windows NT 6.1; Win64; x64; rv:65.0) Gecko/20100101 Firefox/65.0"
213.153.47.173 - - [22/Feb/2019:16:01:38 +0100] "GET /reload?ser=1550847698365 HTTP/1.1" 200 28 "http://renault.activities.at/login?required=true" "Mozilla/5.0 (Windows NT 10.0; Win64; x64; rv:65.0) Gecko/20100101 Firefox/65.0"
82.135.5.126 - - [22/Feb/2019:16:01:48 +0100] "GET /orders HTTP/1.1" 200 5257 "http://renault.activities.at/account" "Mozilla/5.0 (Windows NT 10.0; WOW64; Trident/7.0; rv:11.0) like Gecko"
82.135.5.126 - - [22/Feb/2019:16:01:55 +0100] "GET /11764307 HTTP/1.1" 200 5932 "http://renault.activities.at/orders" "Mozilla/5.0 (Windows NT 10.0; WOW64; Trident/7.0; rv:11.0) like Gecko"
82.135.5.126 - - [22/Feb/2019:16:01:58 +0100] "GET /images/icons/lupe.gif HTTP/1.1" 200 324 "http://renault.activities.at/11764307" "Mozilla/5.0 (Windows NT 10.0; WOW64; Trident/7.0; rv:11.0) like Gecko"
82.135.5.126 - - [22/Feb/2019:16:02:33 +0100] "GET /orders HTTP/1.1" 200 5257 "http://renault.activities.at/account" "Mozilla/5.0 (Windows NT 10.0; WOW64; Trident/7.0; rv:11.0) like Gecko"
80.123.225.36 - - [22/Feb/2019:16:02:38 +0100] "GET /reload?ser=1550847776024 HTTP/1.1" 200 28 "http://renault.activities.at/10201442?dir=DESC&mode=grid&order=name&limit=50&page=5" "Mozilla/5.0 (Windows NT 6.1; Win64; x64; rv:65.0) Gecko/20100101 Firefox/65.0"
213.153.47.173 - - [22/Feb/2019:16:02:39 +0100] "GET /reload?ser=1550847759025 HTTP/1.1" 200 28 "http://renault.activities.at/login?required=true" "Mozilla/5.0 (Windows NT 10.0; Win64; x64; rv:65.0) Gecko/20100101 Firefox/65.0"
82.135.5.126 - - [22/Feb/2019:16:02:38 +0100] "GET /11997145 HTTP/1.1" 200 5713 "http://renault.activities.at/orders" "Mozilla/5.0 (Windows NT 10.0; WOW64; Trident/7.0; rv:11.0) like Gecko"
213.153.47.173 - - [22/Feb/2019:16:03:39 +0100] "GET /reload?ser=1550847819686 HTTP/1.1" 200 28 "http://renault.activities.at/login?required=true" "Mozilla/5.0 (Windows NT 10.0; Win64; x64; rv:65.0) Gecko/20100101 Firefox/65.0"
80.123.225.36 - - [22/Feb/2019:16:03:39 +0100] "GET /reload?ser=1550847836983 HTTP/1.1" 200 28 "http://renault.activities.at/10201442?dir=DESC&mode=grid&order=name&limit=50&page=5" "Mozilla/5.0 (Windows NT 6.1; Win64; x64; rv:65.0) Gecko/20100101 Firefox/65.0"
213.153.47.173 - - [22/Feb/2019:16:04:40 +0100] "GET /reload?ser=1550847880354 HTTP/1.1" 200 28 "http://renault.activities.at/login?required=true" "Mozilla/5.0 (Windows NT 10.0; Win64; x64; rv:65.0) Gecko/20100101 Firefox/65.0"
80.123.225.36 - - [22/Feb/2019:16:04:40 +0100] "GET /reload?ser=1550847898036 HTTP/1.1" 200 28 "http://renault.activities.at/10201442?dir=DESC&mode=grid&order=name&limit=50&page=5" "Mozilla/5.0 (Windows NT 6.1; Win64; x64; rv:65.0) Gecko/20100101 Firefox/65.0"
213.153.47.173 - - [22/Feb/2019:16:05:41 +0100] "GET /reload?ser=1550847941006 HTTP/1.1" 200 28 "http://renault.activities.at/login?required=true" "Mozilla/5.0 (Windows NT 10.0; Win64; x64; rv:65.0) Gecko/20100101 Firefox/65.0"
80.123.225.36 - - [22/Feb/2019:16:05:41 +0100] "GET /reload?ser=1550847959033 HTTP/1.1" 200 28 "http://renault.activities.at/10201442?dir=DESC&mode=grid&order=name&limit=50&page=5" "Mozilla/5.0 (Windows NT 6.1; Win64; x64; rv:65.0) Gecko/20100101 Firefox/65.0"
213.153.47.173 - - [22/Feb/2019:16:06:41 +0100] "GET /reload?ser=1550848001667 HTTP/1.1" 200 28 "http://renault.activities.at/login?required=true" "Mozilla/5.0 (Windows NT 10.0; Win64; x64; rv:65.0) Gecko/20100101 Firefox/65.0"
80.123.225.36 - - [22/Feb/2019:16:06:42 +0100] "GET /reload?ser=1550848020014 HTTP/1.1" 200 28 "http://renault.activities.at/10201442?dir=DESC&mode=grid&order=name&limit=50&page=5" "Mozilla/5.0 (Windows NT 6.1; Win64; x64; rv:65.0) Gecko/20100101 Firefox/65.0"
213.153.47.173 - - [22/Feb/2019:16:07:42 +0100] "GET /reload?ser=1550848062327 HTTP/1.1" 200 28 "http://renault.activities.at/login?required=true" "Mozilla/5.0 (Windows NT 10.0; Win64; x64; rv:65.0) Gecko/20100101 Firefox/65.0"
80.123.225.36 - - [22/Feb/2019:16:07:43 +0100] "GET /reload?ser=1550848081010 HTTP/1.1" 200 28 "http://renault.activities.at/10201442?dir=DESC&mode=grid&order=name&limit=50&page=5" "Mozilla/5.0 (Windows NT 6.1; Win64; x64; rv:65.0) Gecko/20100101 Firefox/65.0"
213.153.47.173 - - [22/Feb/2019:16:08:43 +0100] "GET /reload?ser=1550848123007 HTTP/1.1" 200 28 "http://renault.activities.at/login?required=true" "Mozilla/5.0 (Windows NT 10.0; Win64; x64; rv:65.0) Gecko/20100101 Firefox/65.0"
80.123.225.36 - - [22/Feb/2019:16:08:44 +0100] "GET /reload?ser=1550848141994 HTTP/1.1" 200 28 "http://renault.activities.at/10201442?dir=DESC&mode=grid&order=name&limit=50&page=5" "Mozilla/5.0 (Windows NT 6.1; Win64; x64; rv:65.0) Gecko/20100101 Firefox/65.0"
213.153.47.173 - - [22/Feb/2019:16:09:43 +0100] "GET /reload?ser=1550848183658 HTTP/1.1" 200 28 "http://renault.activities.at/login?required=true" "Mozilla/5.0 (Windows NT 10.0; Win64; x64; rv:65.0) Gecko/20100101 Firefox/65.0"
80.123.225.36 - - [22/Feb/2019:16:09:45 +0100] "GET /reload?ser=1550848202981 HTTP/1.1" 200 28 "http://renault.activities.at/10201442?dir=DESC&mode=grid&order=name&limit=50&page=5" "Mozilla/5.0 (Windows NT 6.1; Win64; x64; rv:65.0) Gecko/20100101 Firefox/65.0"
213.153.47.173 - - [22/Feb/2019:16:10:44 +0100] "GET /reload?ser=1550848244308 HTTP/1.1" 200 28 "http://renault.activities.at/login?required=true" "Mozilla/5.0 (Windows NT 10.0; Win64; x64; rv:65.0) Gecko/20100101 Firefox/65.0"
80.123.225.36 - - [22/Feb/2019:16:10:46 +0100] "GET /reload?ser=1550848263968 HTTP/1.1" 200 28 "http://renault.activities.at/10201442?dir=DESC&mode=grid&order=name&limit=50&page=5" "Mozilla/5.0 (Windows NT 6.1; Win64; x64; rv:65.0) Gecko/20100101 Firefox/65.0"
213.153.47.173 - - [22/Feb/2019:16:11:45 +0100] "GET /reload?ser=1550848304978 HTTP/1.1" 200 28 "http://renault.activities.at/login?required=true" "Mozilla/5.0 (Windows NT 10.0; Win64; x64; rv:65.0) Gecko/20100101 Firefox/65.0"
80.123.225.36 - - [22/Feb/2019:16:11:47 +0100] "GET /reload?ser=1550848324948 HTTP/1.1" 200 28 "http://renault.activities.at/10201442?dir=DESC&mode=grid&order=name&limit=50&page=5" "Mozilla/5.0 (Windows NT 6.1; Win64; x64; rv:65.0) Gecko/20100101 Firefox/65.0"
213.153.47.173 - - [22/Feb/2019:16:12:45 +0100] "GET /reload?ser=1550848365629 HTTP/1.1" 200 28 "http://renault.activities.at/login?required=true" "Mozilla/5.0 (Windows NT 10.0; Win64; x64; rv:65.0) Gecko/20100101 Firefox/65.0"
80.123.225.36 - - [22/Feb/2019:16:12:48 +0100] "GET /reload?ser=1550848385944 HTTP/1.1" 200 28 "http://renault.activities.at/10201442?dir=DESC&mode=grid&order=name&limit=50&page=5" "Mozilla/5.0 (Windows NT 6.1; Win64; x64; rv:65.0) Gecko/20100101 Firefox/65.0"
213.153.47.173 - - [22/Feb/2019:16:13:46 +0100] "GET /reload?ser=1550848426290 HTTP/1.1" 200 28 "http://renault.activities.at/login?required=true" "Mozilla/5.0 (Windows NT 10.0; Win64; x64; rv:65.0) Gecko/20100101 Firefox/65.0"
80.123.225.36 - - [22/Feb/2019:16:13:49 +0100] "GET /reload?ser=1550848446918 HTTP/1.1" 200 28 "http://renault.activities.at/10201442?dir=DESC&mode=grid&order=name&limit=50&page=5" "Mozilla/5.0 (Windows NT 6.1; Win64; x64; rv:65.0) Gecko/20100101 Firefox/65.0"
213.153.47.173 - - [22/Feb/2019:16:14:47 +0100] "GET /reload?ser=1550848486980 HTTP/1.1" 200 28 "http://renault.activities.at/login?required=true" "Mozilla/5.0 (Windows NT 10.0; Win64; x64; rv:65.0) Gecko/20100101 Firefox/65.0"
80.123.225.36 - - [22/Feb/2019:16:14:50 +0100] "GET /reload?ser=1550848507870 HTTP/1.1" 200 28 "http://renault.activities.at/10201442?dir=DESC&mode=grid&order=name&limit=50&page=5" "Mozilla/5.0 (Windows NT 6.1; Win64; x64; rv:65.0) Gecko/20100101 Firefox/65.0"
213.153.47.173 - - [22/Feb/2019:16:15:47 +0100] "GET /reload?ser=1550848547638 HTTP/1.1" 200 28 "http://renault.activities.at/login?required=true" "Mozilla/5.0 (Windows NT 10.0; Win64; x64; rv:65.0) Gecko/20100101 Firefox/65.0"
80.123.225.36 - - [22/Feb/2019:16:15:51 +0100] "GET /reload?ser=1550848568854 HTTP/1.1" 200 28 "http://renault.activities.at/10201442?dir=DESC&mode=grid&order=name&limit=50&page=5" "Mozilla/5.0 (Windows NT 6.1; Win64; x64; rv:65.0) Gecko/20100101 Firefox/65.0"
213.153.47.173 - - [22/Feb/2019:16:16:48 +0100] "GET /reload?ser=1550848608290 HTTP/1.1" 200 28 "http://renault.activities.at/login?required=true" "Mozilla/5.0 (Windows NT 10.0; Win64; x64; rv:65.0) Gecko/20100101 Firefox/65.0"
80.123.225.36 - - [22/Feb/2019:16:16:52 +0100] "GET /reload?ser=1550848629839 HTTP/1.1" 200 28 "http://renault.activities.at/10201442?dir=DESC&mode=grid&order=name&limit=50&page=5" "Mozilla/5.0 (Windows NT 6.1; Win64; x64; rv:65.0) Gecko/20100101 Firefox/65.0"
213.153.47.173 - - [22/Feb/2019:16:17:49 +0100] "GET /reload?ser=1550848668941 HTTP/1.1" 200 28 "http://renault.activities.at/login?required=true" "Mozilla/5.0 (Windows NT 10.0; Win64; x64; rv:65.0) Gecko/20100101 Firefox/65.0"
80.123.225.36 - - [22/Feb/2019:16:17:53 +0100] "GET /reload?ser=1550848690803 HTTP/1.1" 200 28 "http://renault.activities.at/10201442?dir=DESC&mode=grid&order=name&limit=50&page=5" "Mozilla/5.0 (Windows NT 6.1; Win64; x64; rv:65.0) Gecko/20100101 Firefox/65.0"
213.153.47.173 - - [22/Feb/2019:16:18:49 +0100] "GET /reload?ser=1550848729611 HTTP/1.1" 200 28 "http://renault.activities.at/login?required=true" "Mozilla/5.0 (Windows NT 10.0; Win64; x64; rv:65.0) Gecko/20100101 Firefox/65.0"
80.123.225.36 - - [22/Feb/2019:16:18:54 +0100] "GET /reload?ser=1550848751796 HTTP/1.1" 200 28 "http://renault.activities.at/10201442?dir=DESC&mode=grid&order=name&limit=50&page=5" "Mozilla/5.0 (Windows NT 6.1; Win64; x64; rv:65.0) Gecko/20100101 Firefox/65.0"
213.153.47.173 - - [22/Feb/2019:16:19:50 +0100] "GET /reload?ser=1550848790291 HTTP/1.1" 200 28 "http://renault.activities.at/login?required=true" "Mozilla/5.0 (Windows NT 10.0; Win64; x64; rv:65.0) Gecko/20100101 Firefox/65.0"
80.123.225.36 - - [22/Feb/2019:16:19:55 +0100] "GET /reload?ser=1550848812754 HTTP/1.1" 200 28 "http://renault.activities.at/10201442?dir=DESC&mode=grid&order=name&limit=50&page=5" "Mozilla/5.0 (Windows NT 6.1; Win64; x64; rv:65.0) Gecko/20100101 Firefox/65.0"
213.153.47.173 - - [22/Feb/2019:16:20:51 +0100] "GET /reload?ser=1550848850952 HTTP/1.1" 200 28 "http://renault.activities.at/login?required=true" "Mozilla/5.0 (Windows NT 10.0; Win64; x64; rv:65.0) Gecko/20100101 Firefox/65.0"
80.123.225.36 - - [22/Feb/2019:16:20:56 +0100] "GET /reload?ser=1550848873734 HTTP/1.1" 200 28 "http://renault.activities.at/10201442?dir=DESC&mode=grid&order=name&limit=50&page=5" "Mozilla/5.0 (Windows NT 6.1; Win64; x64; rv:65.0) Gecko/20100101 Firefox/65.0"
213.153.47.173 - - [22/Feb/2019:16:21:51 +0100] "GET /reload?ser=1550848911622 HTTP/1.1" 200 28 "http://renault.activities.at/login?required=true" "Mozilla/5.0 (Windows NT 10.0; Win64; x64; rv:65.0) Gecko/20100101 Firefox/65.0"
80.123.225.36 - - [22/Feb/2019:16:21:57 +0100] "GET /reload?ser=1550848934732 HTTP/1.1" 200 28 "http://renault.activities.at/10201442?dir=DESC&mode=grid&order=name&limit=50&page=5" "Mozilla/5.0 (Windows NT 6.1; Win64; x64; rv:65.0) Gecko/20100101 Firefox/65.0"
213.153.47.173 - - [22/Feb/2019:16:22:52 +0100] "GET /reload?ser=1550848972282 HTTP/1.1" 200 28 "http://renault.activities.at/login?required=true" "Mozilla/5.0 (Windows NT 10.0; Win64; x64; rv:65.0) Gecko/20100101 Firefox/65.0"
80.123.225.36 - - [22/Feb/2019:16:22:58 +0100] "GET /reload?ser=1550848995726 HTTP/1.1" 200 28 "http://renault.activities.at/10201442?dir=DESC&mode=grid&order=name&limit=50&page=5" "Mozilla/5.0 (Windows NT 6.1; Win64; x64; rv:65.0) Gecko/20100101 Firefox/65.0"
213.153.47.173 - - [22/Feb/2019:16:23:53 +0100] "GET /reload?ser=1550849032940 HTTP/1.1" 200 28 "http://renault.activities.at/login?required=true" "Mozilla/5.0 (Windows NT 10.0; Win64; x64; rv:65.0) Gecko/20100101 Firefox/65.0"
80.123.225.36 - - [22/Feb/2019:16:23:59 +0100] "GET /reload?ser=1550849056743 HTTP/1.1" 200 28 "http://renault.activities.at/10201442?dir=DESC&mode=grid&order=name&limit=50&page=5" "Mozilla/5.0 (Windows NT 6.1; Win64; x64; rv:65.0) Gecko/20100101 Firefox/65.0"
213.153.47.173 - - [22/Feb/2019:16:24:53 +0100] "GET /reload?ser=1550849093613 HTTP/1.1" 200 28 "http://renault.activities.at/login?required=true" "Mozilla/5.0 (Windows NT 10.0; Win64; x64; rv:65.0) Gecko/20100101 Firefox/65.0"
80.123.225.36 - - [22/Feb/2019:16:25:00 +0100] "GET /reload?ser=1550849117739 HTTP/1.1" 200 28 "http://renault.activities.at/10201442?dir=DESC&mode=grid&order=name&limit=50&page=5" "Mozilla/5.0 (Windows NT 6.1; Win64; x64; rv:65.0) Gecko/20100101 Firefox/65.0"
207.46.13.168 - - [22/Feb/2019:16:25:36 +0100] "GET /10260273 HTTP/1.1" 302 150 "-" "Mozilla/5.0 (compatible; bingbot/2.0; +http://www.bing.com/bingbot.htm)"
207.46.13.168 - - [22/Feb/2019:16:25:40 +0100] "GET /login?required=true HTTP/1.1" 200 2086 "-" "Mozilla/5.0 (compatible; bingbot/2.0; +http://www.bing.com/bingbot.htm)"
213.153.47.173 - - [22/Feb/2019:16:25:54 +0100] "GET /reload?ser=1550849154272 HTTP/1.1" 200 28 "http://renault.activities.at/login?required=true" "Mozilla/5.0 (Windows NT 10.0; Win64; x64; rv:65.0) Gecko/20100101 Firefox/65.0"
80.123.225.36 - - [22/Feb/2019:16:26:01 +0100] "GET /reload?ser=1550849178711 HTTP/1.1" 200 28 "http://renault.activities.at/10201442?dir=DESC&mode=grid&order=name&limit=50&page=5" "Mozilla/5.0 (Windows NT 6.1; Win64; x64; rv:65.0) Gecko/20100101 Firefox/65.0"
213.153.47.173 - - [22/Feb/2019:16:26:54 +0100] "GET /reload?ser=1550849214933 HTTP/1.1" 200 28 "http://renault.activities.at/login?required=true" "Mozilla/5.0 (Windows NT 10.0; Win64; x64; rv:65.0) Gecko/20100101 Firefox/65.0"
80.123.225.36 - - [22/Feb/2019:16:27:02 +0100] "GET /reload?ser=1550849239705 HTTP/1.1" 200 28 "http://renault.activities.at/10201442?dir=DESC&mode=grid&order=name&limit=50&page=5" "Mozilla/5.0 (Windows NT 6.1; Win64; x64; rv:65.0) Gecko/20100101 Firefox/65.0"
213.153.47.173 - - [22/Feb/2019:16:27:55 +0100] "GET /reload?ser=1550849275592 HTTP/1.1" 200 28 "http://renault.activities.at/login?required=true" "Mozilla/5.0 (Windows NT 10.0; Win64; x64; rv:65.0) Gecko/20100101 Firefox/65.0"
80.123.225.36 - - [22/Feb/2019:16:28:03 +0100] "GET /reload?ser=1550849300710 HTTP/1.1" 200 28 "http://renault.activities.at/10201442?dir=DESC&mode=grid&order=name&limit=50&page=5" "Mozilla/5.0 (Windows NT 6.1; Win64; x64; rv:65.0) Gecko/20100101 Firefox/65.0"
213.153.47.173 - - [22/Feb/2019:16:28:56 +0100] "GET /reload?ser=1550849336263 HTTP/1.1" 200 28 "http://renault.activities.at/login?required=true" "Mozilla/5.0 (Windows NT 10.0; Win64; x64; rv:65.0) Gecko/20100101 Firefox/65.0"
80.123.225.36 - - [22/Feb/2019:16:29:04 +0100] "GET /reload?ser=1550849361698 HTTP/1.1" 200 28 "http://renault.activities.at/10201442?dir=DESC&mode=grid&order=name&limit=50&page=5" "Mozilla/5.0 (Windows NT 6.1; Win64; x64; rv:65.0) Gecko/20100101 Firefox/65.0"
213.153.47.173 - - [22/Feb/2019:16:29:56 +0100] "GET /reload?ser=1550849396933 HTTP/1.1" 200 28 "http://renault.activities.at/login?required=true" "Mozilla/5.0 (Windows NT 10.0; Win64; x64; rv:65.0) Gecko/20100101 Firefox/65.0"
80.123.225.36 - - [22/Feb/2019:16:30:05 +0100] "GET /reload?ser=1550849422687 HTTP/1.1" 200 28 "http://renault.activities.at/10201442?dir=DESC&mode=grid&order=name&limit=50&page=5" "Mozilla/5.0 (Windows NT 6.1; Win64; x64; rv:65.0) Gecko/20100101 Firefox/65.0"
213.153.47.173 - - [22/Feb/2019:16:30:57 +0100] "GET /reload?ser=1550849457583 HTTP/1.1" 200 28 "http://renault.activities.at/login?required=true" "Mozilla/5.0 (Windows NT 10.0; Win64; x64; rv:65.0) Gecko/20100101 Firefox/65.0"
80.123.225.36 - - [22/Feb/2019:16:31:06 +0100] "GET /reload?ser=1550849483644 HTTP/1.1" 200 28 "http://renault.activities.at/10201442?dir=DESC&mode=grid&order=name&limit=50&page=5" "Mozilla/5.0 (Windows NT 6.1; Win64; x64; rv:65.0) Gecko/20100101 Firefox/65.0"
213.153.47.173 - - [22/Feb/2019:16:31:58 +0100] "GET /reload?ser=1550849518253 HTTP/1.1" 200 28 "http://renault.activities.at/login?required=true" "Mozilla/5.0 (Windows NT 10.0; Win64; x64; rv:65.0) Gecko/20100101 Firefox/65.0"
80.123.225.36 - - [22/Feb/2019:16:32:07 +0100] "GET /reload?ser=1550849544649 HTTP/1.1" 200 28 "http://renault.activities.at/10201442?dir=DESC&mode=grid&order=name&limit=50&page=5" "Mozilla/5.0 (Windows NT 6.1; Win64; x64; rv:65.0) Gecko/20100101 Firefox/65.0"
213.153.47.173 - - [22/Feb/2019:16:32:58 +0100] "GET /reload?ser=1550849578913 HTTP/1.1" 200 28 "http://renault.activities.at/login?required=true" "Mozilla/5.0 (Windows NT 10.0; Win64; x64; rv:65.0) Gecko/20100101 Firefox/65.0"
80.123.225.36 - - [22/Feb/2019:16:33:08 +0100] "GET /reload?ser=1550849605630 HTTP/1.1" 200 28 "http://renault.activities.at/10201442?dir=DESC&mode=grid&order=name&limit=50&page=5" "Mozilla/5.0 (Windows NT 6.1; Win64; x64; rv:65.0) Gecko/20100101 Firefox/65.0"
213.153.47.173 - - [22/Feb/2019:16:33:59 +0100] "GET /reload?ser=1550849639553 HTTP/1.1" 200 28 "http://renault.activities.at/login?required=true" "Mozilla/5.0 (Windows NT 10.0; Win64; x64; rv:65.0) Gecko/20100101 Firefox/65.0"
80.123.225.36 - - [22/Feb/2019:16:34:09 +0100] "GET /reload?ser=1550849666590 HTTP/1.1" 200 28 "http://renault.activities.at/10201442?dir=DESC&mode=grid&order=name&limit=50&page=5" "Mozilla/5.0 (Windows NT 6.1; Win64; x64; rv:65.0) Gecko/20100101 Firefox/65.0"
213.153.47.173 - - [22/Feb/2019:16:35:00 +0100] "GET /reload?ser=1550849700204 HTTP/1.1" 200 28 "http://renault.activities.at/login?required=true" "Mozilla/5.0 (Windows NT 10.0; Win64; x64; rv:65.0) Gecko/20100101 Firefox/65.0"
80.123.225.36 - - [22/Feb/2019:16:35:10 +0100] "GET /reload?ser=1550849727579 HTTP/1.1" 200 28 "http://renault.activities.at/10201442?dir=DESC&mode=grid&order=name&limit=50&page=5" "Mozilla/5.0 (Windows NT 6.1; Win64; x64; rv:65.0) Gecko/20100101 Firefox/65.0"
213.153.47.173 - - [22/Feb/2019:16:36:00 +0100] "GET /reload?ser=1550849760874 HTTP/1.1" 200 28 "http://renault.activities.at/login?required=true" "Mozilla/5.0 (Windows NT 10.0; Win64; x64; rv:65.0) Gecko/20100101 Firefox/65.0"
80.123.225.36 - - [22/Feb/2019:16:36:11 +0100] "GET /reload?ser=1550849788571 HTTP/1.1" 200 28 "http://renault.activities.at/10201442?dir=DESC&mode=grid&order=name&limit=50&page=5" "Mozilla/5.0 (Windows NT 6.1; Win64; x64; rv:65.0) Gecko/20100101 Firefox/65.0"
213.153.47.173 - - [22/Feb/2019:16:37:01 +0100] "GET /reload?ser=1550849821524 HTTP/1.1" 200 28 "http://renault.activities.at/login?required=true" "Mozilla/5.0 (Windows NT 10.0; Win64; x64; rv:65.0) Gecko/20100101 Firefox/65.0"
80.123.225.36 - - [22/Feb/2019:16:37:12 +0100] "GET /reload?ser=1550849849555 HTTP/1.1" 200 28 "http://renault.activities.at/10201442?dir=DESC&mode=grid&order=name&limit=50&page=5" "Mozilla/5.0 (Windows NT 6.1; Win64; x64; rv:65.0) Gecko/20100101 Firefox/65.0"
213.153.47.173 - - [22/Feb/2019:16:38:02 +0100] "GET /reload?ser=1550849882193 HTTP/1.1" 200 28 "http://renault.activities.at/login?required=true" "Mozilla/5.0 (Windows NT 10.0; Win64; x64; rv:65.0) Gecko/20100101 Firefox/65.0"
80.123.225.36 - - [22/Feb/2019:16:38:13 +0100] "GET /reload?ser=1550849910541 HTTP/1.1" 200 28 "http://renault.activities.at/10201442?dir=DESC&mode=grid&order=name&limit=50&page=5" "Mozilla/5.0 (Windows NT 6.1; Win64; x64; rv:65.0) Gecko/20100101 Firefox/65.0"
213.153.47.173 - - [22/Feb/2019:16:39:02 +0100] "GET /reload?ser=1550849942844 HTTP/1.1" 200 28 "http://renault.activities.at/login?required=true" "Mozilla/5.0 (Windows NT 10.0; Win64; x64; rv:65.0) Gecko/20100101 Firefox/65.0"
80.123.225.36 - - [22/Feb/2019:16:39:14 +0100] "GET /reload?ser=1550849971528 HTTP/1.1" 200 28 "http://renault.activities.at/10201442?dir=DESC&mode=grid&order=name&limit=50&page=5" "Mozilla/5.0 (Windows NT 6.1; Win64; x64; rv:65.0) Gecko/20100101 Firefox/65.0"
213.153.47.173 - - [22/Feb/2019:16:40:03 +0100] "GET /reload?ser=1550850003509 HTTP/1.1" 200 28 "http://renault.activities.at/login?required=true" "Mozilla/5.0 (Windows NT 10.0; Win64; x64; rv:65.0) Gecko/20100101 Firefox/65.0"
80.123.225.36 - - [22/Feb/2019:16:40:15 +0100] "GET /reload?ser=1550850032515 HTTP/1.1" 200 28 "http://renault.activities.at/10201442?dir=DESC&mode=grid&order=name&limit=50&page=5" "Mozilla/5.0 (Windows NT 6.1; Win64; x64; rv:65.0) Gecko/20100101 Firefox/65.0"
213.153.47.173 - - [22/Feb/2019:16:41:04 +0100] "GET /reload?ser=1550850064164 HTTP/1.1" 200 28 "http://renault.activities.at/login?required=true" "Mozilla/5.0 (Windows NT 10.0; Win64; x64; rv:65.0) Gecko/20100101 Firefox/65.0"
80.123.225.36 - - [22/Feb/2019:16:41:16 +0100] "GET /reload?ser=1550850093494 HTTP/1.1" 200 28 "http://renault.activities.at/10201442?dir=DESC&mode=grid&order=name&limit=50&page=5" "Mozilla/5.0 (Windows NT 6.1; Win64; x64; rv:65.0) Gecko/20100101 Firefox/65.0"
213.153.47.173 - - [22/Feb/2019:16:42:04 +0100] "GET /reload?ser=1550850124814 HTTP/1.1" 200 28 "http://renault.activities.at/login?required=true" "Mozilla/5.0 (Windows NT 10.0; Win64; x64; rv:65.0) Gecko/20100101 Firefox/65.0"
80.123.225.36 - - [22/Feb/2019:16:42:17 +0100] "GET /reload?ser=1550850154476 HTTP/1.1" 200 28 "http://renault.activities.at/10201442?dir=DESC&mode=grid&order=name&limit=50&page=5" "Mozilla/5.0 (Windows NT 6.1; Win64; x64; rv:65.0) Gecko/20100101 Firefox/65.0"
213.153.47.173 - - [22/Feb/2019:16:43:05 +0100] "GET /reload?ser=1550850185474 HTTP/1.1" 200 28 "http://renault.activities.at/login?required=true" "Mozilla/5.0 (Windows NT 10.0; Win64; x64; rv:65.0) Gecko/20100101 Firefox/65.0"
80.123.225.36 - - [22/Feb/2019:16:43:18 +0100] "GET /reload?ser=1550850215485 HTTP/1.1" 200 28 "http://renault.activities.at/10201442?dir=DESC&mode=grid&order=name&limit=50&page=5" "Mozilla/5.0 (Windows NT 6.1; Win64; x64; rv:65.0) Gecko/20100101 Firefox/65.0"
213.153.47.173 - - [22/Feb/2019:16:44:06 +0100] "GET /reload?ser=1550850246134 HTTP/1.1" 200 28 "http://renault.activities.at/login?required=true" "Mozilla/5.0 (Windows NT 10.0; Win64; x64; rv:65.0) Gecko/20100101 Firefox/65.0"
80.123.225.36 - - [22/Feb/2019:16:44:19 +0100] "GET /reload?ser=1550850276505 HTTP/1.1" 200 28 "http://renault.activities.at/10201442?dir=DESC&mode=grid&order=name&limit=50&page=5" "Mozilla/5.0 (Windows NT 6.1; Win64; x64; rv:65.0) Gecko/20100101 Firefox/65.0"
213.153.47.173 - - [22/Feb/2019:16:45:06 +0100] "GET /reload?ser=1550850306805 HTTP/1.1" 200 28 "http://renault.activities.at/login?required=true" "Mozilla/5.0 (Windows NT 10.0; Win64; x64; rv:65.0) Gecko/20100101 Firefox/65.0"
80.123.225.36 - - [22/Feb/2019:16:45:20 +0100] "GET /reload?ser=1550850337490 HTTP/1.1" 200 28 "http://renault.activities.at/10201442?dir=DESC&mode=grid&order=name&limit=50&page=5" "Mozilla/5.0 (Windows NT 6.1; Win64; x64; rv:65.0) Gecko/20100101 Firefox/65.0"
213.153.47.173 - - [22/Feb/2019:16:46:07 +0100] "GET /reload?ser=1550850367475 HTTP/1.1" 200 28 "http://renault.activities.at/login?required=true" "Mozilla/5.0 (Windows NT 10.0; Win64; x64; rv:65.0) Gecko/20100101 Firefox/65.0"
80.123.225.36 - - [22/Feb/2019:16:46:21 +0100] "GET /reload?ser=1550850398467 HTTP/1.1" 200 28 "http://renault.activities.at/10201442?dir=DESC&mode=grid&order=name&limit=50&page=5" "Mozilla/5.0 (Windows NT 6.1; Win64; x64; rv:65.0) Gecko/20100101 Firefox/65.0"
213.153.47.173 - - [22/Feb/2019:16:47:08 +0100] "GET /reload?ser=1550850428154 HTTP/1.1" 200 28 "http://renault.activities.at/login?required=true" "Mozilla/5.0 (Windows NT 10.0; Win64; x64; rv:65.0) Gecko/20100101 Firefox/65.0"
80.123.225.36 - - [22/Feb/2019:16:47:22 +0100] "GET /reload?ser=1550850459467 HTTP/1.1" 200 28 "http://renault.activities.at/10201442?dir=DESC&mode=grid&order=name&limit=50&page=5" "Mozilla/5.0 (Windows NT 6.1; Win64; x64; rv:65.0) Gecko/20100101 Firefox/65.0"
213.153.47.173 - - [22/Feb/2019:16:48:08 +0100] "GET /reload?ser=1550850488804 HTTP/1.1" 200 28 "http://renault.activities.at/login?required=true" "Mozilla/5.0 (Windows NT 10.0; Win64; x64; rv:65.0) Gecko/20100101 Firefox/65.0"
80.123.225.36 - - [22/Feb/2019:16:48:23 +0100] "GET /reload?ser=1550850520449 HTTP/1.1" 200 28 "http://renault.activities.at/10201442?dir=DESC&mode=grid&order=name&limit=50&page=5" "Mozilla/5.0 (Windows NT 6.1; Win64; x64; rv:65.0) Gecko/20100101 Firefox/65.0"
213.153.47.173 - - [22/Feb/2019:16:49:09 +0100] "GET /reload?ser=1550850549471 HTTP/1.1" 200 28 "http://renault.activities.at/login?required=true" "Mozilla/5.0 (Windows NT 10.0; Win64; x64; rv:65.0) Gecko/20100101 Firefox/65.0"
80.123.225.36 - - [22/Feb/2019:16:49:24 +0100] "GET /reload?ser=1550850581450 HTTP/1.1" 200 28 "http://renault.activities.at/10201442?dir=DESC&mode=grid&order=name&limit=50&page=5" "Mozilla/5.0 (Windows NT 6.1; Win64; x64; rv:65.0) Gecko/20100101 Firefox/65.0"
213.153.47.173 - - [22/Feb/2019:16:50:10 +0100] "GET /reload?ser=1550850610125 HTTP/1.1" 200 28 "http://renault.activities.at/login?required=true" "Mozilla/5.0 (Windows NT 10.0; Win64; x64; rv:65.0) Gecko/20100101 Firefox/65.0"
80.123.225.36 - - [22/Feb/2019:16:50:25 +0100] "GET /reload?ser=1550850642436 HTTP/1.1" 200 28 "http://renault.activities.at/10201442?dir=DESC&mode=grid&order=name&limit=50&page=5" "Mozilla/5.0 (Windows NT 6.1; Win64; x64; rv:65.0) Gecko/20100101 Firefox/65.0"
213.153.47.173 - - [22/Feb/2019:16:51:10 +0100] "GET /reload?ser=1550850670785 HTTP/1.1" 200 28 "http://renault.activities.at/login?required=true" "Mozilla/5.0 (Windows NT 10.0; Win64; x64; rv:65.0) Gecko/20100101 Firefox/65.0"
80.123.225.36 - - [22/Feb/2019:16:51:26 +0100] "GET /reload?ser=1550850703396 HTTP/1.1" 200 28 "http://renault.activities.at/10201442?dir=DESC&mode=grid&order=name&limit=50&page=5" "Mozilla/5.0 (Windows NT 6.1; Win64; x64; rv:65.0) Gecko/20100101 Firefox/65.0"
213.153.47.173 - - [22/Feb/2019:16:52:11 +0100] "GET /reload?ser=1550850731445 HTTP/1.1" 200 28 "http://renault.activities.at/login?required=true" "Mozilla/5.0 (Windows NT 10.0; Win64; x64; rv:65.0) Gecko/20100101 Firefox/65.0"
80.123.225.36 - - [22/Feb/2019:16:52:27 +0100] "GET /reload?ser=1550850764378 HTTP/1.1" 200 28 "http://renault.activities.at/10201442?dir=DESC&mode=grid&order=name&limit=50&page=5" "Mozilla/5.0 (Windows NT 6.1; Win64; x64; rv:65.0) Gecko/20100101 Firefox/65.0"
213.153.47.173 - - [22/Feb/2019:16:53:12 +0100] "GET /reload?ser=1550850792105 HTTP/1.1" 200 28 "http://renault.activities.at/login?required=true" "Mozilla/5.0 (Windows NT 10.0; Win64; x64; rv:65.0) Gecko/20100101 Firefox/65.0"
80.123.225.36 - - [22/Feb/2019:16:53:28 +0100] "GET /reload?ser=1550850825386 HTTP/1.1" 200 28 "http://renault.activities.at/10201442?dir=DESC&mode=grid&order=name&limit=50&page=5" "Mozilla/5.0 (Windows NT 6.1; Win64; x64; rv:65.0) Gecko/20100101 Firefox/65.0"
213.153.47.173 - - [22/Feb/2019:16:54:12 +0100] "GET /reload?ser=1550850852775 HTTP/1.1" 200 28 "http://renault.activities.at/login?required=true" "Mozilla/5.0 (Windows NT 10.0; Win64; x64; rv:65.0) Gecko/20100101 Firefox/65.0"
80.123.225.36 - - [22/Feb/2019:16:54:29 +0100] "GET /reload?ser=1550850886372 HTTP/1.1" 200 28 "http://renault.activities.at/10201442?dir=DESC&mode=grid&order=name&limit=50&page=5" "Mozilla/5.0 (Windows NT 6.1; Win64; x64; rv:65.0) Gecko/20100101 Firefox/65.0"
213.153.47.173 - - [22/Feb/2019:16:55:13 +0100] "GET /reload?ser=1550850913445 HTTP/1.1" 200 28 "http://renault.activities.at/login?required=true" "Mozilla/5.0 (Windows NT 10.0; Win64; x64; rv:65.0) Gecko/20100101 Firefox/65.0"
80.123.225.36 - - [22/Feb/2019:16:55:30 +0100] "GET /reload?ser=1550850947354 HTTP/1.1" 200 28 "http://renault.activities.at/10201442?dir=DESC&mode=grid&order=name&limit=50&page=5" "Mozilla/5.0 (Windows NT 6.1; Win64; x64; rv:65.0) Gecko/20100101 Firefox/65.0"
213.153.47.173 - - [22/Feb/2019:16:56:14 +0100] "GET /reload?ser=1550850974094 HTTP/1.1" 200 28 "http://renault.activities.at/login?required=true" "Mozilla/5.0 (Windows NT 10.0; Win64; x64; rv:65.0) Gecko/20100101 Firefox/65.0"
80.123.225.36 - - [22/Feb/2019:16:56:31 +0100] "GET /reload?ser=1550851008349 HTTP/1.1" 200 28 "http://renault.activities.at/10201442?dir=DESC&mode=grid&order=name&limit=50&page=5" "Mozilla/5.0 (Windows NT 6.1; Win64; x64; rv:65.0) Gecko/20100101 Firefox/65.0"
213.153.47.173 - - [22/Feb/2019:16:57:14 +0100] "GET /reload?ser=1550851034765 HTTP/1.1" 200 28 "http://renault.activities.at/login?required=true" "Mozilla/5.0 (Windows NT 10.0; Win64; x64; rv:65.0) Gecko/20100101 Firefox/65.0"
80.123.225.36 - - [22/Feb/2019:16:57:32 +0100] "GET /reload?ser=1550851069306 HTTP/1.1" 200 28 "http://renault.activities.at/10201442?dir=DESC&mode=grid&order=name&limit=50&page=5" "Mozilla/5.0 (Windows NT 6.1; Win64; x64; rv:65.0) Gecko/20100101 Firefox/65.0"
213.153.47.173 - - [22/Feb/2019:16:58:15 +0100] "GET /reload?ser=1550851095425 HTTP/1.1" 200 28 "http://renault.activities.at/login?required=true" "Mozilla/5.0 (Windows NT 10.0; Win64; x64; rv:65.0) Gecko/20100101 Firefox/65.0"
80.123.225.36 - - [22/Feb/2019:16:58:33 +0100] "GET /reload?ser=1550851130312 HTTP/1.1" 200 28 "http://renault.activities.at/10201442?dir=DESC&mode=grid&order=name&limit=50&page=5" "Mozilla/5.0 (Windows NT 6.1; Win64; x64; rv:65.0) Gecko/20100101 Firefox/65.0"
213.153.47.173 - - [22/Feb/2019:16:59:16 +0100] "GET /reload?ser=1550851156095 HTTP/1.1" 200 28 "http://renault.activities.at/login?required=true" "Mozilla/5.0 (Windows NT 10.0; Win64; x64; rv:65.0) Gecko/20100101 Firefox/65.0"
80.123.225.36 - - [22/Feb/2019:16:59:34 +0100] "GET /reload?ser=1550851191300 HTTP/1.1" 200 28 "http://renault.activities.at/10201442?dir=DESC&mode=grid&order=name&limit=50&page=5" "Mozilla/5.0 (Windows NT 6.1; Win64; x64; rv:65.0) Gecko/20100101 Firefox/65.0"
213.153.47.173 - - [22/Feb/2019:17:00:16 +0100] "GET /reload?ser=1550851216765 HTTP/1.1" 200 28 "http://renault.activities.at/login?required=true" "Mozilla/5.0 (Windows NT 10.0; Win64; x64; rv:65.0) Gecko/20100101 Firefox/65.0"
80.123.225.36 - - [22/Feb/2019:17:00:35 +0100] "GET /reload?ser=1550851252331 HTTP/1.1" 200 28 "http://renault.activities.at/10201442?dir=DESC&mode=grid&order=name&limit=50&page=5" "Mozilla/5.0 (Windows NT 6.1; Win64; x64; rv:65.0) Gecko/20100101 Firefox/65.0"
213.153.47.173 - - [22/Feb/2019:17:01:17 +0100] "GET /reload?ser=1550851277415 HTTP/1.1" 200 28 "http://renault.activities.at/login?required=true" "Mozilla/5.0 (Windows NT 10.0; Win64; x64; rv:65.0) Gecko/20100101 Firefox/65.0"
80.123.225.36 - - [22/Feb/2019:17:01:36 +0100] "GET /reload?ser=1550851313292 HTTP/1.1" 200 28 "http://renault.activities.at/10201442?dir=DESC&mode=grid&order=name&limit=50&page=5" "Mozilla/5.0 (Windows NT 6.1; Win64; x64; rv:65.0) Gecko/20100101 Firefox/65.0"
213.153.47.173 - - [22/Feb/2019:17:02:18 +0100] "GET /reload?ser=1550851338075 HTTP/1.1" 200 28 "http://renault.activities.at/login?required=true" "Mozilla/5.0 (Windows NT 10.0; Win64; x64; rv:65.0) Gecko/20100101 Firefox/65.0"
80.123.225.36 - - [22/Feb/2019:17:02:37 +0100] "GET /reload?ser=1550851374290 HTTP/1.1" 200 28 "http://renault.activities.at/10201442?dir=DESC&mode=grid&order=name&limit=50&page=5" "Mozilla/5.0 (Windows NT 6.1; Win64; x64; rv:65.0) Gecko/20100101 Firefox/65.0"
213.153.47.173 - - [22/Feb/2019:17:03:18 +0100] "GET /reload?ser=1550851398735 HTTP/1.1" 200 28 "http://renault.activities.at/login?required=true" "Mozilla/5.0 (Windows NT 10.0; Win64; x64; rv:65.0) Gecko/20100101 Firefox/65.0"
80.123.225.36 - - [22/Feb/2019:17:03:37 +0100] "GET /reload?ser=1550851435245 HTTP/1.1" 200 28 "http://renault.activities.at/10201442?dir=DESC&mode=grid&order=name&limit=50&page=5" "Mozilla/5.0 (Windows NT 6.1; Win64; x64; rv:65.0) Gecko/20100101 Firefox/65.0"
213.153.47.173 - - [22/Feb/2019:17:04:19 +0100] "GET /reload?ser=1550851459384 HTTP/1.1" 200 28 "http://renault.activities.at/login?required=true" "Mozilla/5.0 (Windows NT 10.0; Win64; x64; rv:65.0) Gecko/20100101 Firefox/65.0"
80.123.225.36 - - [22/Feb/2019:17:04:38 +0100] "GET /reload?ser=1550851496208 HTTP/1.1" 200 28 "http://renault.activities.at/10201442?dir=DESC&mode=grid&order=name&limit=50&page=5" "Mozilla/5.0 (Windows NT 6.1; Win64; x64; rv:65.0) Gecko/20100101 Firefox/65.0"
213.153.47.173 - - [22/Feb/2019:17:05:20 +0100] "GET /reload?ser=1550851520035 HTTP/1.1" 200 28 "http://renault.activities.at/login?required=true" "Mozilla/5.0 (Windows NT 10.0; Win64; x64; rv:65.0) Gecko/20100101 Firefox/65.0"
80.123.225.36 - - [22/Feb/2019:17:05:39 +0100] "GET /reload?ser=1550851557190 HTTP/1.1" 200 28 "http://renault.activities.at/10201442?dir=DESC&mode=grid&order=name&limit=50&page=5" "Mozilla/5.0 (Windows NT 6.1; Win64; x64; rv:65.0) Gecko/20100101 Firefox/65.0"
213.153.47.173 - - [22/Feb/2019:17:06:20 +0100] "GET /reload?ser=1550851580694 HTTP/1.1" 200 28 "http://renault.activities.at/login?required=true" "Mozilla/5.0 (Windows NT 10.0; Win64; x64; rv:65.0) Gecko/20100101 Firefox/65.0"
80.123.225.36 - - [22/Feb/2019:17:06:40 +0100] "GET /reload?ser=1550851618178 HTTP/1.1" 200 28 "http://renault.activities.at/10201442?dir=DESC&mode=grid&order=name&limit=50&page=5" "Mozilla/5.0 (Windows NT 6.1; Win64; x64; rv:65.0) Gecko/20100101 Firefox/65.0"
213.153.47.173 - - [22/Feb/2019:17:07:21 +0100] "GET /reload?ser=1550851641356 HTTP/1.1" 200 28 "http://renault.activities.at/login?required=true" "Mozilla/5.0 (Windows NT 10.0; Win64; x64; rv:65.0) Gecko/20100101 Firefox/65.0"
80.123.225.36 - - [22/Feb/2019:17:07:41 +0100] "GET /reload?ser=1550851679168 HTTP/1.1" 200 28 "http://renault.activities.at/10201442?dir=DESC&mode=grid&order=name&limit=50&page=5" "Mozilla/5.0 (Windows NT 6.1; Win64; x64; rv:65.0) Gecko/20100101 Firefox/65.0"
213.153.47.173 - - [22/Feb/2019:17:08:22 +0100] "GET /reload?ser=1550851702006 HTTP/1.1" 200 28 "http://renault.activities.at/login?required=true" "Mozilla/5.0 (Windows NT 10.0; Win64; x64; rv:65.0) Gecko/20100101 Firefox/65.0"
80.123.225.36 - - [22/Feb/2019:17:08:42 +0100] "GET /reload?ser=1550851740148 HTTP/1.1" 200 28 "http://renault.activities.at/10201442?dir=DESC&mode=grid&order=name&limit=50&page=5" "Mozilla/5.0 (Windows NT 6.1; Win64; x64; rv:65.0) Gecko/20100101 Firefox/65.0"
213.153.47.173 - - [22/Feb/2019:17:09:22 +0100] "GET /reload?ser=1550851762698 HTTP/1.1" 200 28 "http://renault.activities.at/login?required=true" "Mozilla/5.0 (Windows NT 10.0; Win64; x64; rv:65.0) Gecko/20100101 Firefox/65.0"
80.123.225.36 - - [22/Feb/2019:17:09:43 +0100] "GET /reload?ser=1550851801108 HTTP/1.1" 200 28 "http://renault.activities.at/10201442?dir=DESC&mode=grid&order=name&limit=50&page=5" "Mozilla/5.0 (Windows NT 6.1; Win64; x64; rv:65.0) Gecko/20100101 Firefox/65.0"
213.153.47.173 - - [22/Feb/2019:17:10:23 +0100] "GET /reload?ser=1550851823359 HTTP/1.1" 200 28 "http://renault.activities.at/login?required=true" "Mozilla/5.0 (Windows NT 10.0; Win64; x64; rv:65.0) Gecko/20100101 Firefox/65.0"
