62.212.182.124 - - [22/Feb/2019:10:18:12 +0100] "GET /images/button_left_bg.gif HTTP/1.1" 200 564 "http://renault.activities.at/login" "Mozilla/5.0 (Windows NT 10.0; WOW64; Trident/7.0; rv:11.0) like Gecko"
62.212.182.124 - - [22/Feb/2019:10:18:12 +0100] "GET /images/button_right_bg.gif HTTP/1.1" 200 561 "http://renault.activities.at/login" "Mozilla/5.0 (Windows NT 10.0; WOW64; Trident/7.0; rv:11.0) like Gecko"
62.212.182.124 - - [22/Feb/2019:10:18:12 +0100] "GET /images/button_bg.gif HTTP/1.1" 200 151 "http://renault.activities.at/login" "Mozilla/5.0 (Windows NT 10.0; WOW64; Trident/7.0; rv:11.0) like Gecko"
62.212.182.124 - - [22/Feb/2019:10:18:12 +0100] "GET /loadthumbnail.php?id=11127982 HTTP/1.1" 200 399614 "http://renault.activities.at/login" "Mozilla/5.0 (Windows NT 10.0; WOW64; Trident/7.0; rv:11.0) like Gecko"
62.212.182.124 - - [22/Feb/2019:10:18:12 +0100] "GET /images/favicon.ico HTTP/1.1" 404 305 "-" "Mozilla/5.0 (Windows NT 10.0; Win64; x64; Trident/7.0; rv:11.0) like Gecko"
138.21.12.24 - - [22/Feb/2019:10:18:22 +0100] "GET /reload?ser=1550827102830 HTTP/1.1" 200 28 "http://renault.2web.at/result?searchterm=true&search=give" "Mozilla/5.0 (Windows NT 10.0; WOW64; Trident/7.0; Touch; rv:11.0) like Gecko"
62.212.182.124 - - [22/Feb/2019:10:18:34 +0100] "POST /login HTTP/1.1" 302 140 "http://renault.activities.at/login" "Mozilla/5.0 (Windows NT 10.0; WOW64; Trident/7.0; rv:11.0) like Gecko"
62.212.182.124 - - [22/Feb/2019:10:18:36 +0100] "GET /account HTTP/1.1" 200 6344 "http://renault.activities.at/login" "Mozilla/5.0 (Windows NT 10.0; WOW64; Trident/7.0; rv:11.0) like Gecko"
62.212.182.124 - - [22/Feb/2019:10:18:41 +0100] "GET /js/account.js HTTP/1.1" 200 953 "http://renault.activities.at/account" "Mozilla/5.0 (Windows NT 10.0; WOW64; Trident/7.0; rv:11.0) like Gecko"
62.212.182.124 - - [22/Feb/2019:10:18:41 +0100] "GET /loadthumbnail.php?id=10460287&width=50&height=50 HTTP/1.1" 200 936 "http://renault.activities.at/account" "Mozilla/5.0 (Windows NT 10.0; WOW64; Trident/7.0; rv:11.0) like Gecko"
62.212.182.124 - - [22/Feb/2019:10:18:41 +0100] "GET /loadthumbnail.php?id=11730248&width=50&height=50 HTTP/1.1" 200 1012 "http://renault.activities.at/account" "Mozilla/5.0 (Windows NT 10.0; WOW64; Trident/7.0; rv:11.0) like Gecko"
62.212.182.124 - - [22/Feb/2019:10:18:41 +0100] "GET /loadthumbnail.php?id=11776453&width=50&height=50 HTTP/1.1" 200 767 "http://renault.activities.at/account" "Mozilla/5.0 (Windows NT 10.0; WOW64; Trident/7.0; rv:11.0) like Gecko"
62.212.182.124 - - [22/Feb/2019:10:18:41 +0100] "GET /loadthumbnail.php?id=11431080&width=50&height=50 HTTP/1.1" 200 866 "http://renault.activities.at/account" "Mozilla/5.0 (Windows NT 10.0; WOW64; Trident/7.0; rv:11.0) like Gecko"
62.212.182.124 - - [22/Feb/2019:10:18:41 +0100] "GET /loadthumbnail.php?id=11146700&width=50&height=50 HTTP/1.1" 200 717 "http://renault.activities.at/account" "Mozilla/5.0 (Windows NT 10.0; WOW64; Trident/7.0; rv:11.0) like Gecko"
62.212.182.124 - - [22/Feb/2019:10:18:41 +0100] "GET /images/search_bg.gif HTTP/1.1" 200 1726 "http://renault.activities.at/account" "Mozilla/5.0 (Windows NT 10.0; WOW64; Trident/7.0; rv:11.0) like Gecko"
62.212.182.124 - - [22/Feb/2019:10:18:41 +0100] "GET /loadthumbnail.php?id=10260174&width=50&height=50 HTTP/1.1" 200 1024 "http://renault.activities.at/account" "Mozilla/5.0 (Windows NT 10.0; WOW64; Trident/7.0; rv:11.0) like Gecko"
62.212.182.124 - - [22/Feb/2019:10:18:41 +0100] "GET /images/menu_divider.gif HTTP/1.1" 200 176 "http://renault.activities.at/account" "Mozilla/5.0 (Windows NT 10.0; WOW64; Trident/7.0; rv:11.0) like Gecko"
62.212.182.124 - - [22/Feb/2019:10:18:41 +0100] "GET /images/sidebar_title_border.gif HTTP/1.1" 200 43 "http://renault.activities.at/account" "Mozilla/5.0 (Windows NT 10.0; WOW64; Trident/7.0; rv:11.0) like Gecko"
62.212.182.124 - - [22/Feb/2019:10:18:41 +0100] "GET /images/top_links_divider.gif HTTP/1.1" 200 44 "http://renault.activities.at/account" "Mozilla/5.0 (Windows NT 10.0; WOW64; Trident/7.0; rv:11.0) like Gecko"
62.212.182.124 - - [22/Feb/2019:10:18:41 +0100] "GET /images/menu_button_bg.jpg HTTP/1.1" 200 322 "http://renault.activities.at/account" "Mozilla/5.0 (Windows NT 10.0; WOW64; Trident/7.0; rv:11.0) like Gecko"
62.212.182.124 - - [22/Feb/2019:10:18:41 +0100] "GET /images/nav_divider.gif HTTP/1.1" 200 43 "http://renault.activities.at/account" "Mozilla/5.0 (Windows NT 10.0; WOW64; Trident/7.0; rv:11.0) like Gecko"
62.212.182.124 - - [22/Feb/2019:10:18:41 +0100] "GET /images/sidebar_title_border_top.gif HTTP/1.1" 200 155 "http://renault.activities.at/account" "Mozilla/5.0 (Windows NT 10.0; WOW64; Trident/7.0; rv:11.0) like Gecko"
62.212.182.124 - - [22/Feb/2019:10:18:41 +0100] "GET /images/sidebar_title_corner_left_top.gif HTTP/1.1" 200 1124 "http://renault.activities.at/account" "Mozilla/5.0 (Windows NT 10.0; WOW64; Trident/7.0; rv:11.0) like Gecko"
62.212.182.124 - - [22/Feb/2019:10:18:41 +0100] "GET /images/sidebar_title_corner_right_top.gif HTTP/1.1" 200 383 "http://renault.activities.at/account" "Mozilla/5.0 (Windows NT 10.0; WOW64; Trident/7.0; rv:11.0) like Gecko"
62.212.182.124 - - [22/Feb/2019:10:18:41 +0100] "GET /images/footer_divider.gif HTTP/1.1" 200 44 "http://renault.activities.at/account" "Mozilla/5.0 (Windows NT 10.0; WOW64; Trident/7.0; rv:11.0) like Gecko"
62.212.182.124 - - [22/Feb/2019:10:18:41 +0100] "GET /loadthumbnail.php?id=11798477&width=50&height=50 HTTP/1.1" 200 1229 "http://renault.activities.at/account" "Mozilla/5.0 (Windows NT 10.0; WOW64; Trident/7.0; rv:11.0) like Gecko"
62.212.182.124 - - [22/Feb/2019:10:18:42 +0100] "GET /images/favicon.ico HTTP/1.1" 404 305 "-" "Mozilla/5.0 (Windows NT 10.0; Win64; x64; Trident/7.0; rv:11.0) like Gecko"
62.212.182.124 - - [22/Feb/2019:10:18:42 +0100] "GET /favicon.ico HTTP/1.1" 200 3250 "-" "Mozilla/5.0 (Windows NT 10.0; Win64; x64; Trident/7.0; rv:11.0) like Gecko"
213.153.47.173 - - [22/Feb/2019:10:18:52 +0100] "GET /reload?ser=1550827132300 HTTP/1.1" 200 28 "http://renault.activities.at/login?required=true" "Mozilla/5.0 (Windows NT 10.0; Win64; x64; rv:65.0) Gecko/20100101 Firefox/65.0"
80.123.225.36 - - [22/Feb/2019:10:19:07 +0100] "GET /reload?ser=1550827164867 HTTP/1.1" 200 28 "http://renault.activities.at/10201442?dir=DESC&mode=grid&order=name&limit=50&page=5" "Mozilla/5.0 (Windows NT 6.1; Win64; x64; rv:65.0) Gecko/20100101 Firefox/65.0"
82.135.5.126 - - [22/Feb/2019:10:19:11 +0100] "GET /reload?ser=1550827151257 HTTP/1.1" 200 28 "http://renault.activities.at/" "Mozilla/5.0 (Windows NT 10.0; WOW64; Trident/7.0; rv:11.0) like Gecko"
138.21.12.24 - - [22/Feb/2019:10:19:23 +0100] "GET /reload?ser=1550827163858 HTTP/1.1" 200 28 "http://renault.2web.at/result?searchterm=true&search=give" "Mozilla/5.0 (Windows NT 10.0; WOW64; Trident/7.0; Touch; rv:11.0) like Gecko"
62.212.182.124 - - [22/Feb/2019:10:19:37 +0100] "POST /axjaxrequest?mode=suggest HTTP/1.1" 200 132 "http://renault.activities.at/account" "Mozilla/5.0 (Windows NT 10.0; WOW64; Trident/7.0; rv:11.0) like Gecko"
62.212.182.124 - - [22/Feb/2019:10:19:39 +0100] "POST /axjaxrequest?mode=suggest HTTP/1.1" 200 21 "http://renault.activities.at/account" "Mozilla/5.0 (Windows NT 10.0; WOW64; Trident/7.0; rv:11.0) like Gecko"
62.212.182.124 - - [22/Feb/2019:10:19:40 +0100] "GET /result?searchterm=true&search=Wartungsheft HTTP/1.1" 200 4995 "http://renault.activities.at/account" "Mozilla/5.0 (Windows NT 10.0; WOW64; Trident/7.0; rv:11.0) like Gecko"
62.212.182.124 - - [22/Feb/2019:10:19:42 +0100] "GET /js/prototip.js HTTP/1.1" 200 4588 "http://renault.activities.at/result?searchterm=true&search=Wartungsheft" "Mozilla/5.0 (Windows NT 10.0; WOW64; Trident/7.0; rv:11.0) like Gecko"
62.212.182.124 - - [22/Feb/2019:10:19:42 +0100] "GET /js/ProduktGrp.js HTTP/1.1" 200 1569 "http://renault.activities.at/result?searchterm=true&search=Wartungsheft" "Mozilla/5.0 (Windows NT 10.0; WOW64; Trident/7.0; rv:11.0) like Gecko"
62.212.182.124 - - [22/Feb/2019:10:19:42 +0100] "GET /images/loading.gif HTTP/1.1" 200 3208 "http://renault.activities.at/result?searchterm=true&search=Wartungsheft" "Mozilla/5.0 (Windows NT 10.0; WOW64; Trident/7.0; rv:11.0) like Gecko"
62.212.182.124 - - [22/Feb/2019:10:19:42 +0100] "GET /images/note_msg_icon.gif HTTP/1.1" 200 1022 "http://renault.activities.at/result?searchterm=true&search=Wartungsheft" "Mozilla/5.0 (Windows NT 10.0; WOW64; Trident/7.0; rv:11.0) like Gecko"
62.212.182.124 - - [22/Feb/2019:10:19:42 +0100] "GET /favicon.ico HTTP/1.1" 200 3250 "-" "Mozilla/5.0 (Windows NT 10.0; Win64; x64; Trident/7.0; rv:11.0) like Gecko"
62.212.182.124 - - [22/Feb/2019:10:19:42 +0100] "GET /reload?ser=1550827182025 HTTP/1.1" 200 28 "http://renault.activities.at/account" "Mozilla/5.0 (Windows NT 10.0; WOW64; Trident/7.0; rv:11.0) like Gecko"
213.153.47.173 - - [22/Feb/2019:10:19:53 +0100] "GET /reload?ser=1550827192968 HTTP/1.1" 200 28 "http://renault.activities.at/login?required=true" "Mozilla/5.0 (Windows NT 10.0; Win64; x64; rv:65.0) Gecko/20100101 Firefox/65.0"
62.212.182.124 - - [22/Feb/2019:10:20:01 +0100] "GET /result?searchterm=true&search=Wartung HTTP/1.1" 200 6563 "http://renault.activities.at/result?searchterm=true&search=Wartungsheft" "Mozilla/5.0 (Windows NT 10.0; WOW64; Trident/7.0; rv:11.0) like Gecko"
62.212.182.124 - - [22/Feb/2019:10:20:03 +0100] "GET /images/pager_bg.gif HTTP/1.1" 200 150 "http://renault.activities.at/result?searchterm=true&search=Wartung" "Mozilla/5.0 (Windows NT 10.0; WOW64; Trident/7.0; rv:11.0) like Gecko"
62.212.182.124 - - [22/Feb/2019:10:20:03 +0100] "GET /images/vista-up.gif HTTP/1.1" 200 131 "http://renault.activities.at/result?searchterm=true&search=Wartung" "Mozilla/5.0 (Windows NT 10.0; WOW64; Trident/7.0; rv:11.0) like Gecko"
62.212.182.124 - - [22/Feb/2019:10:20:03 +0100] "GET /loadthumbnail.php?id=10203255 HTTP/1.1" 200 137 "http://renault.activities.at/result?searchterm=true&search=Wartung" "Mozilla/5.0 (Windows NT 10.0; WOW64; Trident/7.0; rv:11.0) like Gecko"
62.212.182.124 - - [22/Feb/2019:10:20:03 +0100] "GET /loadthumbnail.php?id=11423691&width=113 HTTP/1.1" 200 6071 "http://renault.activities.at/result?searchterm=true&search=Wartung" "Mozilla/5.0 (Windows NT 10.0; WOW64; Trident/7.0; rv:11.0) like Gecko"
62.212.182.124 - - [22/Feb/2019:10:20:03 +0100] "GET /loadthumbnail.php?id=10272696&width=113 HTTP/1.1" 200 6494 "http://renault.activities.at/result?searchterm=true&search=Wartung" "Mozilla/5.0 (Windows NT 10.0; WOW64; Trident/7.0; rv:11.0) like Gecko"
62.212.182.124 - - [22/Feb/2019:10:20:03 +0100] "GET /loadthumbnail.php?id=11730248&width=113 HTTP/1.1" 200 4910 "http://renault.activities.at/result?searchterm=true&search=Wartung" "Mozilla/5.0 (Windows NT 10.0; WOW64; Trident/7.0; rv:11.0) like Gecko"
62.212.182.124 - - [22/Feb/2019:10:20:03 +0100] "GET /images/vista-dn.gif HTTP/1.1" 200 128 "http://renault.activities.at/result?searchterm=true&search=Wartung" "Mozilla/5.0 (Windows NT 10.0; WOW64; Trident/7.0; rv:11.0) like Gecko"
62.212.182.124 - - [22/Feb/2019:10:20:03 +0100] "GET /images/validation_advice_bg.gif HTTP/1.1" 200 134 "http://renault.activities.at/result?searchterm=true&search=Wartung" "Mozilla/5.0 (Windows NT 10.0; WOW64; Trident/7.0; rv:11.0) like Gecko"
80.123.225.36 - - [22/Feb/2019:10:20:08 +0100] "GET /reload?ser=1550827225893 HTTP/1.1" 200 28 "http://renault.activities.at/10201442?dir=DESC&mode=grid&order=name&limit=50&page=5" "Mozilla/5.0 (Windows NT 6.1; Win64; x64; rv:65.0) Gecko/20100101 Firefox/65.0"
82.135.5.126 - - [22/Feb/2019:10:20:11 +0100] "GET /reload?ser=1550827211928 HTTP/1.1" 200 28 "http://renault.activities.at/" "Mozilla/5.0 (Windows NT 10.0; WOW64; Trident/7.0; rv:11.0) like Gecko"
138.21.12.24 - - [22/Feb/2019:10:20:25 +0100] "GET /reload?ser=1550827224926 HTTP/1.1" 200 28 "http://renault.2web.at/result?searchterm=true&search=give" "Mozilla/5.0 (Windows NT 10.0; WOW64; Trident/7.0; Touch; rv:11.0) like Gecko"
62.212.182.124 - - [22/Feb/2019:10:20:42 +0100] "GET /10260249 HTTP/1.1" 200 9203 "http://renault.activities.at/result?searchterm=true&search=Wartung" "Mozilla/5.0 (Windows NT 10.0; WOW64; Trident/7.0; rv:11.0) like Gecko"
62.212.182.124 - - [22/Feb/2019:10:20:46 +0100] "GET /loadthumbnail.php?id=10203276 HTTP/1.1" 200 75 "http://renault.activities.at/10260249" "Mozilla/5.0 (Windows NT 10.0; WOW64; Trident/7.0; rv:11.0) like Gecko"
62.212.182.124 - - [22/Feb/2019:10:20:46 +0100] "GET /loadthumbnail.php?id=11194750&width=113 HTTP/1.1" 200 2347 "http://renault.activities.at/10260249" "Mozilla/5.0 (Windows NT 10.0; WOW64; Trident/7.0; rv:11.0) like Gecko"
62.212.182.124 - - [22/Feb/2019:10:20:46 +0100] "GET /loadthumbnail.php?id=11117056&width=113 HTTP/1.1" 200 2184 "http://renault.activities.at/10260249" "Mozilla/5.0 (Windows NT 10.0; WOW64; Trident/7.0; rv:11.0) like Gecko"
62.212.182.124 - - [22/Feb/2019:10:20:46 +0100] "GET /loadthumbnail.php?id=11146700&width=113 HTTP/1.1" 200 1415 "http://renault.activities.at/10260249" "Mozilla/5.0 (Windows NT 10.0; WOW64; Trident/7.0; rv:11.0) like Gecko"
62.212.182.124 - - [22/Feb/2019:10:20:46 +0100] "GET /loadthumbnail.php?id=10203650&width=113 HTTP/1.1" 200 2741 "http://renault.activities.at/10260249" "Mozilla/5.0 (Windows NT 10.0; WOW64; Trident/7.0; rv:11.0) like Gecko"
62.212.182.124 - - [22/Feb/2019:10:20:46 +0100] "GET /loadthumbnail.php?id=11573493&width=113 HTTP/1.1" 200 8256 "http://renault.activities.at/10260249" "Mozilla/5.0 (Windows NT 10.0; WOW64; Trident/7.0; rv:11.0) like Gecko"
62.212.182.124 - - [22/Feb/2019:10:20:46 +0100] "GET /loadthumbnail.php?id=11108158&width=113 HTTP/1.1" 200 1545 "http://renault.activities.at/10260249" "Mozilla/5.0 (Windows NT 10.0; WOW64; Trident/7.0; rv:11.0) like Gecko"
62.212.182.124 - - [22/Feb/2019:10:20:46 +0100] "GET /loadthumbnail.php?id=11721290&width=113 HTTP/1.1" 200 1179 "http://renault.activities.at/10260249" "Mozilla/5.0 (Windows NT 10.0; WOW64; Trident/7.0; rv:11.0) like Gecko"
62.212.182.124 - - [22/Feb/2019:10:20:46 +0100] "GET /loadthumbnail.php?id=11226381&width=113 HTTP/1.1" 200 2887 "http://renault.activities.at/10260249" "Mozilla/5.0 (Windows NT 10.0; WOW64; Trident/7.0; rv:11.0) like Gecko"
62.212.182.124 - - [22/Feb/2019:10:20:46 +0100] "GET /loadthumbnail.php?id=11270805&width=113 HTTP/1.1" 200 5169 "http://renault.activities.at/10260249" "Mozilla/5.0 (Windows NT 10.0; WOW64; Trident/7.0; rv:11.0) like Gecko"
62.212.182.124 - - [22/Feb/2019:10:20:46 +0100] "GET /loadthumbnail.php?id=10269567&width=113 HTTP/1.1" 200 1590 "http://renault.activities.at/10260249" "Mozilla/5.0 (Windows NT 10.0; WOW64; Trident/7.0; rv:11.0) like Gecko"
62.212.182.124 - - [22/Feb/2019:10:20:46 +0100] "GET /loadthumbnail.php?id=11776453&width=113 HTTP/1.1" 200 1248 "http://renault.activities.at/10260249" "Mozilla/5.0 (Windows NT 10.0; WOW64; Trident/7.0; rv:11.0) like Gecko"
62.212.182.124 - - [22/Feb/2019:10:20:46 +0100] "GET /loadthumbnail.php?id=10413489&width=113 HTTP/1.1" 200 3213 "http://renault.activities.at/10260249" "Mozilla/5.0 (Windows NT 10.0; WOW64; Trident/7.0; rv:11.0) like Gecko"
62.212.182.124 - - [22/Feb/2019:10:20:46 +0100] "GET /loadthumbnail.php?id=11538169&width=113 HTTP/1.1" 200 20088 "http://renault.activities.at/10260249" "Mozilla/5.0 (Windows NT 10.0; WOW64; Trident/7.0; rv:11.0) like Gecko"
62.212.182.124 - - [22/Feb/2019:10:20:49 +0100] "GET /images/vista-up-hover.gif HTTP/1.1" 200 130 "http://renault.activities.at/10260249" "Mozilla/5.0 (Windows NT 10.0; WOW64; Trident/7.0; rv:11.0) like Gecko"
213.153.47.173 - - [22/Feb/2019:10:20:53 +0100] "GET /reload?ser=1550827253618 HTTP/1.1" 200 28 "http://renault.activities.at/login?required=true" "Mozilla/5.0 (Windows NT 10.0; Win64; x64; rv:65.0) Gecko/20100101 Firefox/65.0"
80.123.225.36 - - [22/Feb/2019:10:21:09 +0100] "GET /reload?ser=1550827286918 HTTP/1.1" 200 28 "http://renault.activities.at/10201442?dir=DESC&mode=grid&order=name&limit=50&page=5" "Mozilla/5.0 (Windows NT 6.1; Win64; x64; rv:65.0) Gecko/20100101 Firefox/65.0"
82.135.5.126 - - [22/Feb/2019:10:21:12 +0100] "GET /reload?ser=1550827272592 HTTP/1.1" 200 28 "http://renault.activities.at/" "Mozilla/5.0 (Windows NT 10.0; WOW64; Trident/7.0; rv:11.0) like Gecko"
62.212.182.124 - - [22/Feb/2019:10:21:18 +0100] "GET /10260249?dir=DESC&mode=grid&order=name&limit=15&page=2 HTTP/1.1" 200 9132 "http://renault.activities.at/10260249" "Mozilla/5.0 (Windows NT 10.0; WOW64; Trident/7.0; rv:11.0) like Gecko"
62.212.182.124 - - [22/Feb/2019:10:21:21 +0100] "GET /loadthumbnail.php?id=10203275 HTTP/1.1" 200 85 "http://renault.activities.at/10260249?dir=DESC&mode=grid&order=name&limit=15&page=2" "Mozilla/5.0 (Windows NT 10.0; WOW64; Trident/7.0; rv:11.0) like Gecko"
62.212.182.124 - - [22/Feb/2019:10:21:21 +0100] "GET /loadthumbnail.php?id=11165054&width=113 HTTP/1.1" 200 34777 "http://renault.activities.at/10260249?dir=DESC&mode=grid&order=name&limit=15&page=2" "Mozilla/5.0 (Windows NT 10.0; WOW64; Trident/7.0; rv:11.0) like Gecko"
62.212.182.124 - - [22/Feb/2019:10:21:21 +0100] "GET /loadthumbnail.php?id=11314432&width=113 HTTP/1.1" 200 36566 "http://renault.activities.at/10260249?dir=DESC&mode=grid&order=name&limit=15&page=2" "Mozilla/5.0 (Windows NT 10.0; WOW64; Trident/7.0; rv:11.0) like Gecko"
62.212.182.124 - - [22/Feb/2019:10:21:21 +0100] "GET /loadthumbnail.php?id=11715013&width=113 HTTP/1.1" 200 33856 "http://renault.activities.at/10260249?dir=DESC&mode=grid&order=name&limit=15&page=2" "Mozilla/5.0 (Windows NT 10.0; WOW64; Trident/7.0; rv:11.0) like Gecko"
62.212.182.124 - - [22/Feb/2019:10:21:21 +0100] "GET /loadthumbnail.php?id=11031880&width=113 HTTP/1.1" 200 39263 "http://renault.activities.at/10260249?dir=DESC&mode=grid&order=name&limit=15&page=2" "Mozilla/5.0 (Windows NT 10.0; WOW64; Trident/7.0; rv:11.0) like Gecko"
62.212.182.124 - - [22/Feb/2019:10:21:21 +0100] "GET /loadthumbnail.php?id=11715017&width=113 HTTP/1.1" 200 37395 "http://renault.activities.at/10260249?dir=DESC&mode=grid&order=name&limit=15&page=2" "Mozilla/5.0 (Windows NT 10.0; WOW64; Trident/7.0; rv:11.0) like Gecko"
62.212.182.124 - - [22/Feb/2019:10:21:22 +0100] "GET /loadthumbnail.php?id=11877757&width=113 HTTP/1.1" 200 32396 "http://renault.activities.at/10260249?dir=DESC&mode=grid&order=name&limit=15&page=2" "Mozilla/5.0 (Windows NT 10.0; WOW64; Trident/7.0; rv:11.0) like Gecko"
62.212.182.124 - - [22/Feb/2019:10:21:22 +0100] "GET /loadthumbnail.php?id=11342067&width=113 HTTP/1.1" 200 21913 "http://renault.activities.at/10260249?dir=DESC&mode=grid&order=name&limit=15&page=2" "Mozilla/5.0 (Windows NT 10.0; WOW64; Trident/7.0; rv:11.0) like Gecko"
62.212.182.124 - - [22/Feb/2019:10:21:22 +0100] "GET /loadthumbnail.php?id=11342066&width=113 HTTP/1.1" 200 28015 "http://renault.activities.at/10260249?dir=DESC&mode=grid&order=name&limit=15&page=2" "Mozilla/5.0 (Windows NT 10.0; WOW64; Trident/7.0; rv:11.0) like Gecko"
62.212.182.124 - - [22/Feb/2019:10:21:22 +0100] "GET /loadthumbnail.php?id=11164747&width=113 HTTP/1.1" 200 26121 "http://renault.activities.at/10260249?dir=DESC&mode=grid&order=name&limit=15&page=2" "Mozilla/5.0 (Windows NT 10.0; WOW64; Trident/7.0; rv:11.0) like Gecko"
62.212.182.124 - - [22/Feb/2019:10:21:22 +0100] "GET /loadthumbnail.php?id=11319961&width=113 HTTP/1.1" 200 27077 "http://renault.activities.at/10260249?dir=DESC&mode=grid&order=name&limit=15&page=2" "Mozilla/5.0 (Windows NT 10.0; WOW64; Trident/7.0; rv:11.0) like Gecko"
62.212.182.124 - - [22/Feb/2019:10:21:22 +0100] "GET /loadthumbnail.php?id=11577924&width=113 HTTP/1.1" 200 28282 "http://renault.activities.at/10260249?dir=DESC&mode=grid&order=name&limit=15&page=2" "Mozilla/5.0 (Windows NT 10.0; WOW64; Trident/7.0; rv:11.0) like Gecko"
62.212.182.124 - - [22/Feb/2019:10:21:22 +0100] "GET /loadthumbnail.php?id=11031873&width=113 HTTP/1.1" 200 24451 "http://renault.activities.at/10260249?dir=DESC&mode=grid&order=name&limit=15&page=2" "Mozilla/5.0 (Windows NT 10.0; WOW64; Trident/7.0; rv:11.0) like Gecko"
62.212.182.124 - - [22/Feb/2019:10:21:22 +0100] "GET /loadthumbnail.php?id=11715005&width=113 HTTP/1.1" 200 30128 "http://renault.activities.at/10260249?dir=DESC&mode=grid&order=name&limit=15&page=2" "Mozilla/5.0 (Windows NT 10.0; WOW64; Trident/7.0; rv:11.0) like Gecko"
62.212.182.124 - - [22/Feb/2019:10:21:22 +0100] "GET /loadthumbnail.php?id=11715009&width=113 HTTP/1.1" 200 22295 "http://renault.activities.at/10260249?dir=DESC&mode=grid&order=name&limit=15&page=2" "Mozilla/5.0 (Windows NT 10.0; WOW64; Trident/7.0; rv:11.0) like Gecko"
62.212.182.124 - - [22/Feb/2019:10:21:22 +0100] "GET /loadthumbnail.php?id=11877811&width=113 HTTP/1.1" 200 27053 "http://renault.activities.at/10260249?dir=DESC&mode=grid&order=name&limit=15&page=2" "Mozilla/5.0 (Windows NT 10.0; WOW64; Trident/7.0; rv:11.0) like Gecko"
62.212.182.124 - - [22/Feb/2019:10:21:26 +0100] "GET /images/vista-dn-hover.gif HTTP/1.1" 200 127 "http://renault.activities.at/10260249?dir=DESC&mode=grid&order=name&limit=15&page=2" "Mozilla/5.0 (Windows NT 10.0; WOW64; Trident/7.0; rv:11.0) like Gecko"
138.21.12.24 - - [22/Feb/2019:10:21:26 +0100] "GET /reload?ser=1550827285993 HTTP/1.1" 200 28 "http://renault.2web.at/result?searchterm=true&search=give" "Mozilla/5.0 (Windows NT 10.0; WOW64; Trident/7.0; Touch; rv:11.0) like Gecko"
213.153.47.173 - - [22/Feb/2019:10:21:54 +0100] "GET /reload?ser=1550827314267 HTTP/1.1" 200 28 "http://renault.activities.at/login?required=true" "Mozilla/5.0 (Windows NT 10.0; Win64; x64; rv:65.0) Gecko/20100101 Firefox/65.0"
80.123.225.36 - - [22/Feb/2019:10:22:10 +0100] "GET /reload?ser=1550827347849 HTTP/1.1" 200 28 "http://renault.activities.at/10201442?dir=DESC&mode=grid&order=name&limit=50&page=5" "Mozilla/5.0 (Windows NT 6.1; Win64; x64; rv:65.0) Gecko/20100101 Firefox/65.0"
82.135.5.126 - - [22/Feb/2019:10:22:13 +0100] "GET /reload?ser=1550827333302 HTTP/1.1" 200 28 "http://renault.activities.at/" "Mozilla/5.0 (Windows NT 10.0; WOW64; Trident/7.0; rv:11.0) like Gecko"
62.212.182.124 - - [22/Feb/2019:10:22:15 +0100] "GET /10260260 HTTP/1.1" 200 9135 "http://renault.activities.at/10260249?dir=DESC&mode=grid&order=name&limit=15&page=2" "Mozilla/5.0 (Windows NT 10.0; WOW64; Trident/7.0; rv:11.0) like Gecko"
62.212.182.124 - - [22/Feb/2019:10:22:19 +0100] "GET /loadthumbnail.php?id=11491560&width=113 HTTP/1.1" 200 9826 "http://renault.activities.at/10260260" "Mozilla/5.0 (Windows NT 10.0; WOW64; Trident/7.0; rv:11.0) like Gecko"
62.212.182.124 - - [22/Feb/2019:10:22:19 +0100] "GET /loadthumbnail.php?id=11423690&width=113 HTTP/1.1" 200 1470 "http://renault.activities.at/10260260" "Mozilla/5.0 (Windows NT 10.0; WOW64; Trident/7.0; rv:11.0) like Gecko"
62.212.182.124 - - [22/Feb/2019:10:22:19 +0100] "GET /loadthumbnail.php?id=11831340&width=113 HTTP/1.1" 200 4684 "http://renault.activities.at/10260260" "Mozilla/5.0 (Windows NT 10.0; WOW64; Trident/7.0; rv:11.0) like Gecko"
62.212.182.124 - - [22/Feb/2019:10:22:19 +0100] "GET /loadthumbnail.php?id=11592489&width=113 HTTP/1.1" 200 16712 "http://renault.activities.at/10260260" "Mozilla/5.0 (Windows NT 10.0; WOW64; Trident/7.0; rv:11.0) like Gecko"
62.212.182.124 - - [22/Feb/2019:10:22:19 +0100] "GET /loadthumbnail.php?id=11592511&width=113 HTTP/1.1" 200 21270 "http://renault.activities.at/10260260" "Mozilla/5.0 (Windows NT 10.0; WOW64; Trident/7.0; rv:11.0) like Gecko"
62.212.182.124 - - [22/Feb/2019:10:22:19 +0100] "GET /loadthumbnail.php?id=11592506&width=113 HTTP/1.1" 200 18179 "http://renault.activities.at/10260260" "Mozilla/5.0 (Windows NT 10.0; WOW64; Trident/7.0; rv:11.0) like Gecko"
62.212.182.124 - - [22/Feb/2019:10:22:20 +0100] "GET /loadthumbnail.php?id=10614830&width=113 HTTP/1.1" 200 2000 "http://renault.activities.at/10260260" "Mozilla/5.0 (Windows NT 10.0; WOW64; Trident/7.0; rv:11.0) like Gecko"
62.212.182.124 - - [22/Feb/2019:10:22:20 +0100] "GET /loadthumbnail.php?id=10260174&width=113 HTTP/1.1" 200 3715 "http://renault.activities.at/10260260" "Mozilla/5.0 (Windows NT 10.0; WOW64; Trident/7.0; rv:11.0) like Gecko"
62.212.182.124 - - [22/Feb/2019:10:22:20 +0100] "GET /loadthumbnail.php?id=11211825&width=113 HTTP/1.1" 200 1953 "http://renault.activities.at/10260260" "Mozilla/5.0 (Windows NT 10.0; WOW64; Trident/7.0; rv:11.0) like Gecko"
62.212.182.124 - - [22/Feb/2019:10:22:20 +0100] "GET /loadthumbnail.php?id=10260190&width=113 HTTP/1.1" 200 4509 "http://renault.activities.at/10260260" "Mozilla/5.0 (Windows NT 10.0; WOW64; Trident/7.0; rv:11.0) like Gecko"
62.212.182.124 - - [22/Feb/2019:10:22:20 +0100] "GET /loadthumbnail.php?id=11730239&width=113 HTTP/1.1" 200 4665 "http://renault.activities.at/10260260" "Mozilla/5.0 (Windows NT 10.0; WOW64; Trident/7.0; rv:11.0) like Gecko"
62.212.182.124 - - [22/Feb/2019:10:22:20 +0100] "GET /loadthumbnail.php?id=11340118&width=113 HTTP/1.1" 200 5862 "http://renault.activities.at/10260260" "Mozilla/5.0 (Windows NT 10.0; WOW64; Trident/7.0; rv:11.0) like Gecko"
138.21.12.24 - - [22/Feb/2019:10:22:27 +0100] "GET /reload?ser=1550827347062 HTTP/1.1" 200 28 "http://renault.2web.at/result?searchterm=true&search=give" "Mozilla/5.0 (Windows NT 10.0; WOW64; Trident/7.0; Touch; rv:11.0) like Gecko"
62.212.182.124 - - [22/Feb/2019:10:22:35 +0100] "GET /10260260?dir=DESC&mode=grid&order=name&limit=15&page=2 HTTP/1.1" 200 7169 "http://renault.activities.at/10260260" "Mozilla/5.0 (Windows NT 10.0; WOW64; Trident/7.0; rv:11.0) like Gecko"
62.212.182.124 - - [22/Feb/2019:10:22:37 +0100] "GET /loadthumbnail.php?id=11340119&width=113 HTTP/1.1" 200 5321 "http://renault.activities.at/10260260?dir=DESC&mode=grid&order=name&limit=15&page=2" "Mozilla/5.0 (Windows NT 10.0; WOW64; Trident/7.0; rv:11.0) like Gecko"
62.212.182.124 - - [22/Feb/2019:10:22:38 +0100] "GET /loadthumbnail.php?id=11340120&width=113 HTTP/1.1" 200 2962 "http://renault.activities.at/10260260?dir=DESC&mode=grid&order=name&limit=15&page=2" "Mozilla/5.0 (Windows NT 10.0; WOW64; Trident/7.0; rv:11.0) like Gecko"
62.212.182.124 - - [22/Feb/2019:10:22:38 +0100] "GET /loadthumbnail.php?id=11351226&width=113 HTTP/1.1" 200 16210 "http://renault.activities.at/10260260?dir=DESC&mode=grid&order=name&limit=15&page=2" "Mozilla/5.0 (Windows NT 10.0; WOW64; Trident/7.0; rv:11.0) like Gecko"
62.212.182.124 - - [22/Feb/2019:10:22:38 +0100] "GET /loadthumbnail.php?id=11351222&width=113 HTTP/1.1" 200 17851 "http://renault.activities.at/10260260?dir=DESC&mode=grid&order=name&limit=15&page=2" "Mozilla/5.0 (Windows NT 10.0; WOW64; Trident/7.0; rv:11.0) like Gecko"
62.212.182.124 - - [22/Feb/2019:10:22:43 +0100] "GET /10260260?dir=DESC&mode=grid&order=name&limit=30 HTTP/1.1" 200 9719 "http://renault.activities.at/10260260?dir=DESC&mode=grid&order=name&limit=15&page=2" "Mozilla/5.0 (Windows NT 10.0; WOW64; Trident/7.0; rv:11.0) like Gecko"
213.153.47.173 - - [22/Feb/2019:10:22:54 +0100] "GET /reload?ser=1550827374937 HTTP/1.1" 200 28 "http://renault.activities.at/login?required=true" "Mozilla/5.0 (Windows NT 10.0; Win64; x64; rv:65.0) Gecko/20100101 Firefox/65.0"
62.212.182.124 - - [22/Feb/2019:10:22:57 +0100] "GET /action HTTP/1.1" 200 3911 "http://renault.activities.at/10260260?dir=DESC&mode=grid&order=name&limit=30" "Mozilla/5.0 (Windows NT 10.0; WOW64; Trident/7.0; rv:11.0) like Gecko"
62.212.182.124 - - [22/Feb/2019:10:23:05 +0100] "GET /10201442 HTTP/1.1" 200 8939 "http://renault.activities.at/action" "Mozilla/5.0 (Windows NT 10.0; WOW64; Trident/7.0; rv:11.0) like Gecko"
62.212.182.124 - - [22/Feb/2019:10:23:09 +0100] "GET /loadthumbnail.php?id=11926565&width=113 HTTP/1.1" 200 28904 "http://renault.activities.at/10201442" "Mozilla/5.0 (Windows NT 10.0; WOW64; Trident/7.0; rv:11.0) like Gecko"
62.212.182.124 - - [22/Feb/2019:10:23:09 +0100] "GET /loadthumbnail.php?id=11926561&width=113 HTTP/1.1" 200 34510 "http://renault.activities.at/10201442" "Mozilla/5.0 (Windows NT 10.0; WOW64; Trident/7.0; rv:11.0) like Gecko"
62.212.182.124 - - [22/Feb/2019:10:23:09 +0100] "GET /loadthumbnail.php?id=11926581&width=113 HTTP/1.1" 200 35255 "http://renault.activities.at/10201442" "Mozilla/5.0 (Windows NT 10.0; WOW64; Trident/7.0; rv:11.0) like Gecko"
62.212.182.124 - - [22/Feb/2019:10:23:09 +0100] "GET /loadthumbnail.php?id=11926648&width=113 HTTP/1.1" 200 35142 "http://renault.activities.at/10201442" "Mozilla/5.0 (Windows NT 10.0; WOW64; Trident/7.0; rv:11.0) like Gecko"
62.212.182.124 - - [22/Feb/2019:10:23:09 +0100] "GET /loadthumbnail.php?id=11926557&width=113 HTTP/1.1" 200 36925 "http://renault.activities.at/10201442" "Mozilla/5.0 (Windows NT 10.0; WOW64; Trident/7.0; rv:11.0) like Gecko"
62.212.182.124 - - [22/Feb/2019:10:23:09 +0100] "GET /loadthumbnail.php?id=11926585&width=113 HTTP/1.1" 200 37549 "http://renault.activities.at/10201442" "Mozilla/5.0 (Windows NT 10.0; WOW64; Trident/7.0; rv:11.0) like Gecko"
62.212.182.124 - - [22/Feb/2019:10:23:10 +0100] "GET /images/sub_title_bg.jpg HTTP/1.1" 200 314 "http://renault.activities.at/10201442" "Mozilla/5.0 (Windows NT 10.0; WOW64; Trident/7.0; rv:11.0) like Gecko"
62.212.182.124 - - [22/Feb/2019:10:23:10 +0100] "GET /loadthumbnail.php?id=11926666&width=113 HTTP/1.1" 200 36655 "http://renault.activities.at/10201442" "Mozilla/5.0 (Windows NT 10.0; WOW64; Trident/7.0; rv:11.0) like Gecko"
62.212.182.124 - - [22/Feb/2019:10:23:10 +0100] "GET /loadthumbnail.php?id=11926644&width=113 HTTP/1.1" 200 35735 "http://renault.activities.at/10201442" "Mozilla/5.0 (Windows NT 10.0; WOW64; Trident/7.0; rv:11.0) like Gecko"
62.212.182.124 - - [22/Feb/2019:10:23:10 +0100] "GET /loadthumbnail.php?id=11926679&width=113 HTTP/1.1" 200 33362 "http://renault.activities.at/10201442" "Mozilla/5.0 (Windows NT 10.0; WOW64; Trident/7.0; rv:11.0) like Gecko"
62.212.182.124 - - [22/Feb/2019:10:23:10 +0100] "GET /loadthumbnail.php?id=11926591&width=113 HTTP/1.1" 200 34469 "http://renault.activities.at/10201442" "Mozilla/5.0 (Windows NT 10.0; WOW64; Trident/7.0; rv:11.0) like Gecko"
62.212.182.124 - - [22/Feb/2019:10:23:10 +0100] "GET /loadthumbnail.php?id=11926552&width=113 HTTP/1.1" 200 35098 "http://renault.activities.at/10201442" "Mozilla/5.0 (Windows NT 10.0; WOW64; Trident/7.0; rv:11.0) like Gecko"
62.212.182.124 - - [22/Feb/2019:10:23:10 +0100] "GET /loadthumbnail.php?id=11926687&width=113 HTTP/1.1" 200 36764 "http://renault.activities.at/10201442" "Mozilla/5.0 (Windows NT 10.0; WOW64; Trident/7.0; rv:11.0) like Gecko"
62.212.182.124 - - [22/Feb/2019:10:23:10 +0100] "GET /loadthumbnail.php?id=11926640&width=113 HTTP/1.1" 200 36074 "http://renault.activities.at/10201442" "Mozilla/5.0 (Windows NT 10.0; WOW64; Trident/7.0; rv:11.0) like Gecko"
62.212.182.124 - - [22/Feb/2019:10:23:10 +0100] "GET /loadthumbnail.php?id=11926683&width=113 HTTP/1.1" 200 34706 "http://renault.activities.at/10201442" "Mozilla/5.0 (Windows NT 10.0; WOW64; Trident/7.0; rv:11.0) like Gecko"
62.212.182.124 - - [22/Feb/2019:10:23:10 +0100] "GET /loadthumbnail.php?id=11926595&width=113 HTTP/1.1" 200 34271 "http://renault.activities.at/10201442" "Mozilla/5.0 (Windows NT 10.0; WOW64; Trident/7.0; rv:11.0) like Gecko"
80.123.225.36 - - [22/Feb/2019:10:23:11 +0100] "GET /reload?ser=1550827408830 HTTP/1.1" 200 28 "http://renault.activities.at/10201442?dir=DESC&mode=grid&order=name&limit=50&page=5" "Mozilla/5.0 (Windows NT 6.1; Win64; x64; rv:65.0) Gecko/20100101 Firefox/65.0"
82.135.5.126 - - [22/Feb/2019:10:23:14 +0100] "GET /reload?ser=1550827393974 HTTP/1.1" 200 28 "http://renault.activities.at/" "Mozilla/5.0 (Windows NT 10.0; WOW64; Trident/7.0; rv:11.0) like Gecko"
62.212.182.124 - - [22/Feb/2019:10:23:19 +0100] "GET /10201442?dir=DESC&mode=grid&order=name&limit=50 HTTP/1.1" 200 13916 "http://renault.activities.at/10201442" "Mozilla/5.0 (Windows NT 10.0; WOW64; Trident/7.0; rv:11.0) like Gecko"
62.212.182.124 - - [22/Feb/2019:10:23:25 +0100] "GET /loadthumbnail.php?id=11926636&width=113 HTTP/1.1" 200 36118 "http://renault.activities.at/10201442?dir=DESC&mode=grid&order=name&limit=50" "Mozilla/5.0 (Windows NT 10.0; WOW64; Trident/7.0; rv:11.0) like Gecko"
62.212.182.124 - - [22/Feb/2019:10:23:25 +0100] "GET /loadthumbnail.php?id=11926537&width=113 HTTP/1.1" 200 32860 "http://renault.activities.at/10201442?dir=DESC&mode=grid&order=name&limit=50" "Mozilla/5.0 (Windows NT 10.0; WOW64; Trident/7.0; rv:11.0) like Gecko"
62.212.182.124 - - [22/Feb/2019:10:23:25 +0100] "GET /loadthumbnail.php?id=11926519&width=113 HTTP/1.1" 200 33217 "http://renault.activities.at/10201442?dir=DESC&mode=grid&order=name&limit=50" "Mozilla/5.0 (Windows NT 10.0; WOW64; Trident/7.0; rv:11.0) like Gecko"
62.212.182.124 - - [22/Feb/2019:10:23:25 +0100] "GET /loadthumbnail.php?id=11342686&width=113 HTTP/1.1" 200 21940 "http://renault.activities.at/10201442?dir=DESC&mode=grid&order=name&limit=50" "Mozilla/5.0 (Windows NT 10.0; WOW64; Trident/7.0; rv:11.0) like Gecko"
62.212.182.124 - - [22/Feb/2019:10:23:25 +0100] "GET /loadthumbnail.php?id=11976076&width=113 HTTP/1.1" 200 17152 "http://renault.activities.at/10201442?dir=DESC&mode=grid&order=name&limit=50" "Mozilla/5.0 (Windows NT 10.0; WOW64; Trident/7.0; rv:11.0) like Gecko"
62.212.182.124 - - [22/Feb/2019:10:23:25 +0100] "GET /loadthumbnail.php?id=11361071&width=113 HTTP/1.1" 200 17044 "http://renault.activities.at/10201442?dir=DESC&mode=grid&order=name&limit=50" "Mozilla/5.0 (Windows NT 10.0; WOW64; Trident/7.0; rv:11.0) like Gecko"
62.212.182.124 - - [22/Feb/2019:10:23:26 +0100] "GET /loadthumbnail.php?id=11383873&width=113 HTTP/1.1" 200 23267 "http://renault.activities.at/10201442?dir=DESC&mode=grid&order=name&limit=50" "Mozilla/5.0 (Windows NT 10.0; WOW64; Trident/7.0; rv:11.0) like Gecko"
62.212.182.124 - - [22/Feb/2019:10:23:26 +0100] "GET /loadthumbnail.php?id=11793250&width=113 HTTP/1.1" 200 23647 "http://renault.activities.at/10201442?dir=DESC&mode=grid&order=name&limit=50" "Mozilla/5.0 (Windows NT 10.0; WOW64; Trident/7.0; rv:11.0) like Gecko"
62.212.182.124 - - [22/Feb/2019:10:23:26 +0100] "GET /loadthumbnail.php?id=11361093&width=113 HTTP/1.1" 200 21857 "http://renault.activities.at/10201442?dir=DESC&mode=grid&order=name&limit=50" "Mozilla/5.0 (Windows NT 10.0; WOW64; Trident/7.0; rv:11.0) like Gecko"
62.212.182.124 - - [22/Feb/2019:10:23:26 +0100] "GET /loadthumbnail.php?id=11645083&width=113 HTTP/1.1" 200 20489 "http://renault.activities.at/10201442?dir=DESC&mode=grid&order=name&limit=50" "Mozilla/5.0 (Windows NT 10.0; WOW64; Trident/7.0; rv:11.0) like Gecko"
62.212.182.124 - - [22/Feb/2019:10:23:26 +0100] "GET /loadthumbnail.php?id=11518629&width=113 HTTP/1.1" 200 19415 "http://renault.activities.at/10201442?dir=DESC&mode=grid&order=name&limit=50" "Mozilla/5.0 (Windows NT 10.0; WOW64; Trident/7.0; rv:11.0) like Gecko"
62.212.182.124 - - [22/Feb/2019:10:23:26 +0100] "GET /loadthumbnail.php?id=11976088&width=113 HTTP/1.1" 200 23388 "http://renault.activities.at/10201442?dir=DESC&mode=grid&order=name&limit=50" "Mozilla/5.0 (Windows NT 10.0; WOW64; Trident/7.0; rv:11.0) like Gecko"
62.212.182.124 - - [22/Feb/2019:10:23:26 +0100] "GET /loadthumbnail.php?id=11564187&width=113 HTTP/1.1" 200 22491 "http://renault.activities.at/10201442?dir=DESC&mode=grid&order=name&limit=50" "Mozilla/5.0 (Windows NT 10.0; WOW64; Trident/7.0; rv:11.0) like Gecko"
62.212.182.124 - - [22/Feb/2019:10:23:26 +0100] "GET /loadthumbnail.php?id=11976092&width=113 HTTP/1.1" 200 22943 "http://renault.activities.at/10201442?dir=DESC&mode=grid&order=name&limit=50" "Mozilla/5.0 (Windows NT 10.0; WOW64; Trident/7.0; rv:11.0) like Gecko"
62.212.182.124 - - [22/Feb/2019:10:23:26 +0100] "GET /loadthumbnail.php?id=11679165&width=113 HTTP/1.1" 200 19398 "http://renault.activities.at/10201442?dir=DESC&mode=grid&order=name&limit=50" "Mozilla/5.0 (Windows NT 10.0; WOW64; Trident/7.0; rv:11.0) like Gecko"
62.212.182.124 - - [22/Feb/2019:10:23:26 +0100] "GET /loadthumbnail.php?id=11878139&width=113 HTTP/1.1" 200 19930 "http://renault.activities.at/10201442?dir=DESC&mode=grid&order=name&limit=50" "Mozilla/5.0 (Windows NT 10.0; WOW64; Trident/7.0; rv:11.0) like Gecko"
62.212.182.124 - - [22/Feb/2019:10:23:26 +0100] "GET /loadthumbnail.php?id=11475295&width=113 HTTP/1.1" 200 17922 "http://renault.activities.at/10201442?dir=DESC&mode=grid&order=name&limit=50" "Mozilla/5.0 (Windows NT 10.0; WOW64; Trident/7.0; rv:11.0) like Gecko"
62.212.182.124 - - [22/Feb/2019:10:23:26 +0100] "GET /loadthumbnail.php?id=11760072&width=113 HTTP/1.1" 200 22371 "http://renault.activities.at/10201442?dir=DESC&mode=grid&order=name&limit=50" "Mozilla/5.0 (Windows NT 10.0; WOW64; Trident/7.0; rv:11.0) like Gecko"
62.212.182.124 - - [22/Feb/2019:10:23:26 +0100] "GET /loadthumbnail.php?id=11648825&width=113 HTTP/1.1" 200 18493 "http://renault.activities.at/10201442?dir=DESC&mode=grid&order=name&limit=50" "Mozilla/5.0 (Windows NT 10.0; WOW64; Trident/7.0; rv:11.0) like Gecko"
62.212.182.124 - - [22/Feb/2019:10:23:26 +0100] "GET /loadthumbnail.php?id=11886054&width=113 HTTP/1.1" 200 19015 "http://renault.activities.at/10201442?dir=DESC&mode=grid&order=name&limit=50" "Mozilla/5.0 (Windows NT 10.0; WOW64; Trident/7.0; rv:11.0) like Gecko"
62.212.182.124 - - [22/Feb/2019:10:23:26 +0100] "GET /loadthumbnail.php?id=11121996&width=113 HTTP/1.1" 200 2215 "http://renault.activities.at/10201442?dir=DESC&mode=grid&order=name&limit=50" "Mozilla/5.0 (Windows NT 10.0; WOW64; Trident/7.0; rv:11.0) like Gecko"
62.212.182.124 - - [22/Feb/2019:10:23:26 +0100] "GET /loadthumbnail.php?id=11883942&width=113 HTTP/1.1" 200 2806 "http://renault.activities.at/10201442?dir=DESC&mode=grid&order=name&limit=50" "Mozilla/5.0 (Windows NT 10.0; WOW64; Trident/7.0; rv:11.0) like Gecko"
62.212.182.124 - - [22/Feb/2019:10:23:26 +0100] "GET /loadthumbnail.php?id=11543815&width=113 HTTP/1.1" 200 1975 "http://renault.activities.at/10201442?dir=DESC&mode=grid&order=name&limit=50" "Mozilla/5.0 (Windows NT 10.0; WOW64; Trident/7.0; rv:11.0) like Gecko"
62.212.182.124 - - [22/Feb/2019:10:23:26 +0100] "GET /loadthumbnail.php?id=11991160&width=113 HTTP/1.1" 200 16959 "http://renault.activities.at/10201442?dir=DESC&mode=grid&order=name&limit=50" "Mozilla/5.0 (Windows NT 10.0; WOW64; Trident/7.0; rv:11.0) like Gecko"
62.212.182.124 - - [22/Feb/2019:10:23:26 +0100] "GET /loadthumbnail.php?id=11910255&width=113 HTTP/1.1" 200 18465 "http://renault.activities.at/10201442?dir=DESC&mode=grid&order=name&limit=50" "Mozilla/5.0 (Windows NT 10.0; WOW64; Trident/7.0; rv:11.0) like Gecko"
62.212.182.124 - - [22/Feb/2019:10:23:26 +0100] "GET /loadthumbnail.php?id=11910262&width=113 HTTP/1.1" 200 18465 "http://renault.activities.at/10201442?dir=DESC&mode=grid&order=name&limit=50" "Mozilla/5.0 (Windows NT 10.0; WOW64; Trident/7.0; rv:11.0) like Gecko"
62.212.182.124 - - [22/Feb/2019:10:23:27 +0100] "GET /loadthumbnail.php?id=11910272&width=113 HTTP/1.1" 200 16417 "http://renault.activities.at/10201442?dir=DESC&mode=grid&order=name&limit=50" "Mozilla/5.0 (Windows NT 10.0; WOW64; Trident/7.0; rv:11.0) like Gecko"
62.212.182.124 - - [22/Feb/2019:10:23:27 +0100] "GET /loadthumbnail.php?id=11910267&width=113 HTTP/1.1" 200 16417 "http://renault.activities.at/10201442?dir=DESC&mode=grid&order=name&limit=50" "Mozilla/5.0 (Windows NT 10.0; WOW64; Trident/7.0; rv:11.0) like Gecko"
62.212.182.124 - - [22/Feb/2019:10:23:27 +0100] "GET /loadthumbnail.php?id=11615284&width=113 HTTP/1.1" 200 18014 "http://renault.activities.at/10201442?dir=DESC&mode=grid&order=name&limit=50" "Mozilla/5.0 (Windows NT 10.0; WOW64; Trident/7.0; rv:11.0) like Gecko"
62.212.182.124 - - [22/Feb/2019:10:23:27 +0100] "GET /loadthumbnail.php?id=11487305&width=113 HTTP/1.1" 200 39775 "http://renault.activities.at/10201442?dir=DESC&mode=grid&order=name&limit=50" "Mozilla/5.0 (Windows NT 10.0; WOW64; Trident/7.0; rv:11.0) like Gecko"
62.212.182.124 - - [22/Feb/2019:10:23:27 +0100] "GET /loadthumbnail.php?id=11487313&width=113 HTTP/1.1" 200 54495 "http://renault.activities.at/10201442?dir=DESC&mode=grid&order=name&limit=50" "Mozilla/5.0 (Windows NT 10.0; WOW64; Trident/7.0; rv:11.0) like Gecko"
138.21.12.24 - - [22/Feb/2019:10:23:28 +0100] "GET /reload?ser=1550827408136 HTTP/1.1" 200 28 "http://renault.2web.at/result?searchterm=true&search=give" "Mozilla/5.0 (Windows NT 10.0; WOW64; Trident/7.0; Touch; rv:11.0) like Gecko"
62.212.182.124 - - [22/Feb/2019:10:23:35 +0100] "GET /10201442?dir=DESC&mode=grid&order=name&limit=50&page=2 HTTP/1.1" 200 13676 "http://renault.activities.at/10201442?dir=DESC&mode=grid&order=name&limit=50" "Mozilla/5.0 (Windows NT 10.0; WOW64; Trident/7.0; rv:11.0) like Gecko"
62.212.182.124 - - [22/Feb/2019:10:23:41 +0100] "GET /loadthumbnail.php?id=11436258&width=113 HTTP/1.1" 200 3321 "http://renault.activities.at/10201442?dir=DESC&mode=grid&order=name&limit=50&page=2" "Mozilla/5.0 (Windows NT 10.0; WOW64; Trident/7.0; rv:11.0) like Gecko"
62.212.182.124 - - [22/Feb/2019:10:23:41 +0100] "GET /loadthumbnail.php?id=11760052&width=113 HTTP/1.1" 200 1991 "http://renault.activities.at/10201442?dir=DESC&mode=grid&order=name&limit=50&page=2" "Mozilla/5.0 (Windows NT 10.0; WOW64; Trident/7.0; rv:11.0) like Gecko"
62.212.182.124 - - [22/Feb/2019:10:23:41 +0100] "GET /loadthumbnail.php?id=11760048&width=113 HTTP/1.1" 200 1991 "http://renault.activities.at/10201442?dir=DESC&mode=grid&order=name&limit=50&page=2" "Mozilla/5.0 (Windows NT 10.0; WOW64; Trident/7.0; rv:11.0) like Gecko"
62.212.182.124 - - [22/Feb/2019:10:23:41 +0100] "GET /loadthumbnail.php?id=10259978&width=113 HTTP/1.1" 200 1347 "http://renault.activities.at/10201442?dir=DESC&mode=grid&order=name&limit=50&page=2" "Mozilla/5.0 (Windows NT 10.0; WOW64; Trident/7.0; rv:11.0) like Gecko"
62.212.182.124 - - [22/Feb/2019:10:23:41 +0100] "GET /loadthumbnail.php?id=11181189&width=113 HTTP/1.1" 200 1888 "http://renault.activities.at/10201442?dir=DESC&mode=grid&order=name&limit=50&page=2" "Mozilla/5.0 (Windows NT 10.0; WOW64; Trident/7.0; rv:11.0) like Gecko"
62.212.182.124 - - [22/Feb/2019:10:23:41 +0100] "GET /loadthumbnail.php?id=11181191&width=113 HTTP/1.1" 200 1888 "http://renault.activities.at/10201442?dir=DESC&mode=grid&order=name&limit=50&page=2" "Mozilla/5.0 (Windows NT 10.0; WOW64; Trident/7.0; rv:11.0) like Gecko"
62.212.182.124 - - [22/Feb/2019:10:23:41 +0100] "GET /loadthumbnail.php?id=11181187&width=113 HTTP/1.1" 200 1532 "http://renault.activities.at/10201442?dir=DESC&mode=grid&order=name&limit=50&page=2" "Mozilla/5.0 (Windows NT 10.0; WOW64; Trident/7.0; rv:11.0) like Gecko"
62.212.182.124 - - [22/Feb/2019:10:23:41 +0100] "GET /loadthumbnail.php?id=11181185&width=113 HTTP/1.1" 200 1532 "http://renault.activities.at/10201442?dir=DESC&mode=grid&order=name&limit=50&page=2" "Mozilla/5.0 (Windows NT 10.0; WOW64; Trident/7.0; rv:11.0) like Gecko"
62.212.182.124 - - [22/Feb/2019:10:23:42 +0100] "GET /loadthumbnail.php?id=11181180&width=113 HTTP/1.1" 200 1834 "http://renault.activities.at/10201442?dir=DESC&mode=grid&order=name&limit=50&page=2" "Mozilla/5.0 (Windows NT 10.0; WOW64; Trident/7.0; rv:11.0) like Gecko"
62.212.182.124 - - [22/Feb/2019:10:23:42 +0100] "GET /loadthumbnail.php?id=11186502&width=113 HTTP/1.1" 200 2016 "http://renault.activities.at/10201442?dir=DESC&mode=grid&order=name&limit=50&page=2" "Mozilla/5.0 (Windows NT 10.0; WOW64; Trident/7.0; rv:11.0) like Gecko"
62.212.182.124 - - [22/Feb/2019:10:23:42 +0100] "GET /loadthumbnail.php?id=11195848&width=113 HTTP/1.1" 200 2016 "http://renault.activities.at/10201442?dir=DESC&mode=grid&order=name&limit=50&page=2" "Mozilla/5.0 (Windows NT 10.0; WOW64; Trident/7.0; rv:11.0) like Gecko"
62.212.182.124 - - [22/Feb/2019:10:23:42 +0100] "GET /loadthumbnail.php?id=11181178&width=113 HTTP/1.1" 200 1834 "http://renault.activities.at/10201442?dir=DESC&mode=grid&order=name&limit=50&page=2" "Mozilla/5.0 (Windows NT 10.0; WOW64; Trident/7.0; rv:11.0) like Gecko"
62.212.182.124 - - [22/Feb/2019:10:23:42 +0100] "GET /loadthumbnail.php?id=11186498&width=113 HTTP/1.1" 200 2016 "http://renault.activities.at/10201442?dir=DESC&mode=grid&order=name&limit=50&page=2" "Mozilla/5.0 (Windows NT 10.0; WOW64; Trident/7.0; rv:11.0) like Gecko"
62.212.182.124 - - [22/Feb/2019:10:23:42 +0100] "GET /loadthumbnail.php?id=11186518&width=113 HTTP/1.1" 200 1516 "http://renault.activities.at/10201442?dir=DESC&mode=grid&order=name&limit=50&page=2" "Mozilla/5.0 (Windows NT 10.0; WOW64; Trident/7.0; rv:11.0) like Gecko"
62.212.182.124 - - [22/Feb/2019:10:23:42 +0100] "GET /loadthumbnail.php?id=11186505&width=113 HTTP/1.1" 200 1516 "http://renault.activities.at/10201442?dir=DESC&mode=grid&order=name&limit=50&page=2" "Mozilla/5.0 (Windows NT 10.0; WOW64; Trident/7.0; rv:11.0) like Gecko"
62.212.182.124 - - [22/Feb/2019:10:23:42 +0100] "GET /loadthumbnail.php?id=11137061&width=113 HTTP/1.1" 200 2095 "http://renault.activities.at/10201442?dir=DESC&mode=grid&order=name&limit=50&page=2" "Mozilla/5.0 (Windows NT 10.0; WOW64; Trident/7.0; rv:11.0) like Gecko"
62.212.182.124 - - [22/Feb/2019:10:23:42 +0100] "GET /loadthumbnail.php?id=11183285&width=113 HTTP/1.1" 200 1898 "http://renault.activities.at/10201442?dir=DESC&mode=grid&order=name&limit=50&page=2" "Mozilla/5.0 (Windows NT 10.0; WOW64; Trident/7.0; rv:11.0) like Gecko"
62.212.182.124 - - [22/Feb/2019:10:23:42 +0100] "GET /loadthumbnail.php?id=11339764&width=113 HTTP/1.1" 200 2128 "http://renault.activities.at/10201442?dir=DESC&mode=grid&order=name&limit=50&page=2" "Mozilla/5.0 (Windows NT 10.0; WOW64; Trident/7.0; rv:11.0) like Gecko"
62.212.182.124 - - [22/Feb/2019:10:23:42 +0100] "GET /loadthumbnail.php?id=11339768&width=113 HTTP/1.1" 200 2128 "http://renault.activities.at/10201442?dir=DESC&mode=grid&order=name&limit=50&page=2" "Mozilla/5.0 (Windows NT 10.0; WOW64; Trident/7.0; rv:11.0) like Gecko"
62.212.182.124 - - [22/Feb/2019:10:23:42 +0100] "GET /loadthumbnail.php?id=11195908&width=113 HTTP/1.1" 200 1279 "http://renault.activities.at/10201442?dir=DESC&mode=grid&order=name&limit=50&page=2" "Mozilla/5.0 (Windows NT 10.0; WOW64; Trident/7.0; rv:11.0) like Gecko"
62.212.182.124 - - [22/Feb/2019:10:23:42 +0100] "GET /loadthumbnail.php?id=11181207&width=113 HTTP/1.1" 200 1279 "http://renault.activities.at/10201442?dir=DESC&mode=grid&order=name&limit=50&page=2" "Mozilla/5.0 (Windows NT 10.0; WOW64; Trident/7.0; rv:11.0) like Gecko"
62.212.182.124 - - [22/Feb/2019:10:23:42 +0100] "GET /loadthumbnail.php?id=11181201&width=113 HTTP/1.1" 200 1279 "http://renault.activities.at/10201442?dir=DESC&mode=grid&order=name&limit=50&page=2" "Mozilla/5.0 (Windows NT 10.0; WOW64; Trident/7.0; rv:11.0) like Gecko"
62.212.182.124 - - [22/Feb/2019:10:23:42 +0100] "GET /loadthumbnail.php?id=11181227&width=113 HTTP/1.1" 200 1322 "http://renault.activities.at/10201442?dir=DESC&mode=grid&order=name&limit=50&page=2" "Mozilla/5.0 (Windows NT 10.0; WOW64; Trident/7.0; rv:11.0) like Gecko"
62.212.182.124 - - [22/Feb/2019:10:23:42 +0100] "GET /loadthumbnail.php?id=11194725&width=113 HTTP/1.1" 200 1322 "http://renault.activities.at/10201442?dir=DESC&mode=grid&order=name&limit=50&page=2" "Mozilla/5.0 (Windows NT 10.0; WOW64; Trident/7.0; rv:11.0) like Gecko"
62.212.182.124 - - [22/Feb/2019:10:23:42 +0100] "GET /loadthumbnail.php?id=11181225&width=113 HTTP/1.1" 200 1322 "http://renault.activities.at/10201442?dir=DESC&mode=grid&order=name&limit=50&page=2" "Mozilla/5.0 (Windows NT 10.0; WOW64; Trident/7.0; rv:11.0) like Gecko"
62.212.182.124 - - [22/Feb/2019:10:23:42 +0100] "GET /loadthumbnail.php?id=11308367&width=113 HTTP/1.1" 200 1939 "http://renault.activities.at/10201442?dir=DESC&mode=grid&order=name&limit=50&page=2" "Mozilla/5.0 (Windows NT 10.0; WOW64; Trident/7.0; rv:11.0) like Gecko"
62.212.182.124 - - [22/Feb/2019:10:23:42 +0100] "GET /loadthumbnail.php?id=11308371&width=113 HTTP/1.1" 200 1939 "http://renault.activities.at/10201442?dir=DESC&mode=grid&order=name&limit=50&page=2" "Mozilla/5.0 (Windows NT 10.0; WOW64; Trident/7.0; rv:11.0) like Gecko"
62.212.182.124 - - [22/Feb/2019:10:23:42 +0100] "GET /loadthumbnail.php?id=11181199&width=113 HTTP/1.1" 200 1829 "http://renault.activities.at/10201442?dir=DESC&mode=grid&order=name&limit=50&page=2" "Mozilla/5.0 (Windows NT 10.0; WOW64; Trident/7.0; rv:11.0) like Gecko"
62.212.182.124 - - [22/Feb/2019:10:23:42 +0100] "GET /loadthumbnail.php?id=11194700&width=113 HTTP/1.1" 200 1829 "http://renault.activities.at/10201442?dir=DESC&mode=grid&order=name&limit=50&page=2" "Mozilla/5.0 (Windows NT 10.0; WOW64; Trident/7.0; rv:11.0) like Gecko"
62.212.182.124 - - [22/Feb/2019:10:23:42 +0100] "GET /loadthumbnail.php?id=11181197&width=113 HTTP/1.1" 200 1829 "http://renault.activities.at/10201442?dir=DESC&mode=grid&order=name&limit=50&page=2" "Mozilla/5.0 (Windows NT 10.0; WOW64; Trident/7.0; rv:11.0) like Gecko"
62.212.182.124 - - [22/Feb/2019:10:23:42 +0100] "GET /loadthumbnail.php?id=11186469&width=113 HTTP/1.1" 200 1278 "http://renault.activities.at/10201442?dir=DESC&mode=grid&order=name&limit=50&page=2" "Mozilla/5.0 (Windows NT 10.0; WOW64; Trident/7.0; rv:11.0) like Gecko"
62.212.182.124 - - [22/Feb/2019:10:23:43 +0100] "GET /loadthumbnail.php?id=11194717&width=113 HTTP/1.1" 200 1278 "http://renault.activities.at/10201442?dir=DESC&mode=grid&order=name&limit=50&page=2" "Mozilla/5.0 (Windows NT 10.0; WOW64; Trident/7.0; rv:11.0) like Gecko"
62.212.182.124 - - [22/Feb/2019:10:23:43 +0100] "GET /loadthumbnail.php?id=11186457&width=113 HTTP/1.1" 200 1278 "http://renault.activities.at/10201442?dir=DESC&mode=grid&order=name&limit=50&page=2" "Mozilla/5.0 (Windows NT 10.0; WOW64; Trident/7.0; rv:11.0) like Gecko"
62.212.182.124 - - [22/Feb/2019:10:23:43 +0100] "GET /loadthumbnail.php?id=11181237&width=113 HTTP/1.1" 200 1156 "http://renault.activities.at/10201442?dir=DESC&mode=grid&order=name&limit=50&page=2" "Mozilla/5.0 (Windows NT 10.0; WOW64; Trident/7.0; rv:11.0) like Gecko"
62.212.182.124 - - [22/Feb/2019:10:23:43 +0100] "GET /loadthumbnail.php?id=11195851&width=113 HTTP/1.1" 200 1156 "http://renault.activities.at/10201442?dir=DESC&mode=grid&order=name&limit=50&page=2" "Mozilla/5.0 (Windows NT 10.0; WOW64; Trident/7.0; rv:11.0) like Gecko"
