193.194.132.23 - - [22/Mar/2019:10:26:11 +0100] "GET /reload?ser=1553246771670 HTTP/1.1" 200 28 "http://renault.2web.at/account?loadrequest=true" "Mozilla/5.0 (Windows NT 10.0; WOW64; Trident/7.0; Touch; rv:11.0) like Gecko"
213.153.47.173 - - [22/Mar/2019:10:26:43 +0100] "GET /reload?ser=1553246803326 HTTP/1.1" 200 28 "http://renault.activities.at/login?required=true" "Mozilla/5.0 (Windows NT 10.0; Win64; x64; rv:65.0) Gecko/20100101 Firefox/65.0"
213.153.47.173 - - [22/Mar/2019:10:26:59 +0100] "GET /reload?ser=1553246819315 HTTP/1.1" 200 28 "http://renault.activities.at/login?required=true" "Mozilla/5.0 (Windows NT 10.0; Win64; x64; rv:65.0) Gecko/20100101 Firefox/65.0"
193.194.132.23 - - [22/Mar/2019:10:27:12 +0100] "GET /reload?ser=1553246832724 HTTP/1.1" 200 28 "http://renault.2web.at/account?loadrequest=true" "Mozilla/5.0 (Windows NT 10.0; WOW64; Trident/7.0; Touch; rv:11.0) like Gecko"
213.153.47.173 - - [22/Mar/2019:10:27:44 +0100] "GET /reload?ser=1553246863975 HTTP/1.1" 200 28 "http://renault.activities.at/login?required=true" "Mozilla/5.0 (Windows NT 10.0; Win64; x64; rv:65.0) Gecko/20100101 Firefox/65.0"
213.153.47.173 - - [22/Mar/2019:10:28:00 +0100] "GET /reload?ser=1553246879985 HTTP/1.1" 200 28 "http://renault.activities.at/login?required=true" "Mozilla/5.0 (Windows NT 10.0; Win64; x64; rv:65.0) Gecko/20100101 Firefox/65.0"
193.194.132.23 - - [22/Mar/2019:10:28:14 +0100] "GET /reload?ser=1553246893813 HTTP/1.1" 200 28 "http://renault.2web.at/account?loadrequest=true" "Mozilla/5.0 (Windows NT 10.0; WOW64; Trident/7.0; Touch; rv:11.0) like Gecko"
213.153.47.173 - - [22/Mar/2019:10:28:44 +0100] "GET /reload?ser=1553246924635 HTTP/1.1" 200 28 "http://renault.activities.at/login?required=true" "Mozilla/5.0 (Windows NT 10.0; Win64; x64; rv:65.0) Gecko/20100101 Firefox/65.0"
213.153.47.173 - - [22/Mar/2019:10:29:00 +0100] "GET /reload?ser=1553246940642 HTTP/1.1" 200 28 "http://renault.activities.at/login?required=true" "Mozilla/5.0 (Windows NT 10.0; Win64; x64; rv:65.0) Gecko/20100101 Firefox/65.0"
193.194.132.23 - - [22/Mar/2019:10:29:15 +0100] "GET /reload?ser=1553246954920 HTTP/1.1" 200 28 "http://renault.2web.at/account?loadrequest=true" "Mozilla/5.0 (Windows NT 10.0; WOW64; Trident/7.0; Touch; rv:11.0) like Gecko"
213.153.47.173 - - [22/Mar/2019:10:29:45 +0100] "GET /reload?ser=1553246985305 HTTP/1.1" 200 28 "http://renault.activities.at/login?required=true" "Mozilla/5.0 (Windows NT 10.0; Win64; x64; rv:65.0) Gecko/20100101 Firefox/65.0"
213.153.47.173 - - [22/Mar/2019:10:30:01 +0100] "GET /reload?ser=1553247001307 HTTP/1.1" 200 28 "http://renault.activities.at/login?required=true" "Mozilla/5.0 (Windows NT 10.0; Win64; x64; rv:65.0) Gecko/20100101 Firefox/65.0"
193.194.132.23 - - [22/Mar/2019:10:30:16 +0100] "GET /reload?ser=1553247015940 HTTP/1.1" 200 28 "http://renault.2web.at/account?loadrequest=true" "Mozilla/5.0 (Windows NT 10.0; WOW64; Trident/7.0; Touch; rv:11.0) like Gecko"
213.153.47.173 - - [22/Mar/2019:10:30:45 +0100] "GET /reload?ser=1553247045955 HTTP/1.1" 200 28 "http://renault.activities.at/login?required=true" "Mozilla/5.0 (Windows NT 10.0; Win64; x64; rv:65.0) Gecko/20100101 Firefox/65.0"
213.153.47.173 - - [22/Mar/2019:10:31:02 +0100] "GET /reload?ser=1553247061975 HTTP/1.1" 200 28 "http://renault.activities.at/login?required=true" "Mozilla/5.0 (Windows NT 10.0; Win64; x64; rv:65.0) Gecko/20100101 Firefox/65.0"
193.194.132.23 - - [22/Mar/2019:10:31:17 +0100] "GET /reload?ser=1553247076990 HTTP/1.1" 200 28 "http://renault.2web.at/account?loadrequest=true" "Mozilla/5.0 (Windows NT 10.0; WOW64; Trident/7.0; Touch; rv:11.0) like Gecko"
213.153.47.173 - - [22/Mar/2019:10:31:46 +0100] "GET /reload?ser=1553247106625 HTTP/1.1" 200 28 "http://renault.activities.at/login?required=true" "Mozilla/5.0 (Windows NT 10.0; Win64; x64; rv:65.0) Gecko/20100101 Firefox/65.0"
213.153.47.173 - - [22/Mar/2019:10:32:02 +0100] "GET /reload?ser=1553247122665 HTTP/1.1" 200 28 "http://renault.activities.at/login?required=true" "Mozilla/5.0 (Windows NT 10.0; Win64; x64; rv:65.0) Gecko/20100101 Firefox/65.0"
193.194.132.23 - - [22/Mar/2019:10:32:18 +0100] "GET /reload?ser=1553247138052 HTTP/1.1" 200 28 "http://renault.2web.at/account?loadrequest=true" "Mozilla/5.0 (Windows NT 10.0; WOW64; Trident/7.0; Touch; rv:11.0) like Gecko"
213.153.47.173 - - [22/Mar/2019:10:32:47 +0100] "GET /reload?ser=1553247167297 HTTP/1.1" 200 28 "http://renault.activities.at/login?required=true" "Mozilla/5.0 (Windows NT 10.0; Win64; x64; rv:65.0) Gecko/20100101 Firefox/65.0"
213.153.47.173 - - [22/Mar/2019:10:33:03 +0100] "GET /reload?ser=1553247183336 HTTP/1.1" 200 28 "http://renault.activities.at/login?required=true" "Mozilla/5.0 (Windows NT 10.0; Win64; x64; rv:65.0) Gecko/20100101 Firefox/65.0"
193.194.132.23 - - [22/Mar/2019:10:33:19 +0100] "GET /reload?ser=1553247199193 HTTP/1.1" 200 28 "http://renault.2web.at/account?loadrequest=true" "Mozilla/5.0 (Windows NT 10.0; WOW64; Trident/7.0; Touch; rv:11.0) like Gecko"
213.153.47.173 - - [22/Mar/2019:10:33:48 +0100] "GET /reload?ser=1553247227967 HTTP/1.1" 200 28 "http://renault.activities.at/login?required=true" "Mozilla/5.0 (Windows NT 10.0; Win64; x64; rv:65.0) Gecko/20100101 Firefox/65.0"
213.153.47.173 - - [22/Mar/2019:10:34:04 +0100] "GET /reload?ser=1553247244108 HTTP/1.1" 200 28 "http://renault.activities.at/login?required=true" "Mozilla/5.0 (Windows NT 10.0; Win64; x64; rv:65.0) Gecko/20100101 Firefox/65.0"
193.194.132.23 - - [22/Mar/2019:10:34:20 +0100] "GET /reload?ser=1553247260243 HTTP/1.1" 200 28 "http://renault.2web.at/account?loadrequest=true" "Mozilla/5.0 (Windows NT 10.0; WOW64; Trident/7.0; Touch; rv:11.0) like Gecko"
213.153.47.173 - - [22/Mar/2019:10:34:48 +0100] "GET /reload?ser=1553247288638 HTTP/1.1" 200 28 "http://renault.activities.at/login?required=true" "Mozilla/5.0 (Windows NT 10.0; Win64; x64; rv:65.0) Gecko/20100101 Firefox/65.0"
213.153.47.173 - - [22/Mar/2019:10:35:04 +0100] "GET /reload?ser=1553247304758 HTTP/1.1" 200 28 "http://renault.activities.at/login?required=true" "Mozilla/5.0 (Windows NT 10.0; Win64; x64; rv:65.0) Gecko/20100101 Firefox/65.0"
193.194.132.23 - - [22/Mar/2019:10:35:21 +0100] "GET /reload?ser=1553247321270 HTTP/1.1" 200 28 "http://renault.2web.at/account?loadrequest=true" "Mozilla/5.0 (Windows NT 10.0; WOW64; Trident/7.0; Touch; rv:11.0) like Gecko"
213.153.47.173 - - [22/Mar/2019:10:35:49 +0100] "GET /reload?ser=1553247349298 HTTP/1.1" 200 28 "http://renault.activities.at/login?required=true" "Mozilla/5.0 (Windows NT 10.0; Win64; x64; rv:65.0) Gecko/20100101 Firefox/65.0"
213.153.47.173 - - [22/Mar/2019:10:36:05 +0100] "GET /reload?ser=1553247365430 HTTP/1.1" 200 28 "http://renault.activities.at/login?required=true" "Mozilla/5.0 (Windows NT 10.0; Win64; x64; rv:65.0) Gecko/20100101 Firefox/65.0"
193.194.132.23 - - [22/Mar/2019:10:36:22 +0100] "GET /reload?ser=1553247382363 HTTP/1.1" 200 28 "http://renault.2web.at/account?loadrequest=true" "Mozilla/5.0 (Windows NT 10.0; WOW64; Trident/7.0; Touch; rv:11.0) like Gecko"
213.153.47.173 - - [22/Mar/2019:10:36:50 +0100] "GET /reload?ser=1553247409958 HTTP/1.1" 200 28 "http://renault.activities.at/login?required=true" "Mozilla/5.0 (Windows NT 10.0; Win64; x64; rv:65.0) Gecko/20100101 Firefox/65.0"
213.153.47.173 - - [22/Mar/2019:10:37:06 +0100] "GET /reload?ser=1553247426100 HTTP/1.1" 200 28 "http://renault.activities.at/login?required=true" "Mozilla/5.0 (Windows NT 10.0; Win64; x64; rv:65.0) Gecko/20100101 Firefox/65.0"
193.194.132.23 - - [22/Mar/2019:10:37:23 +0100] "GET /reload?ser=1553247443411 HTTP/1.1" 200 28 "http://renault.2web.at/account?loadrequest=true" "Mozilla/5.0 (Windows NT 10.0; WOW64; Trident/7.0; Touch; rv:11.0) like Gecko"
213.153.47.173 - - [22/Mar/2019:10:37:50 +0100] "GET /reload?ser=1553247470629 HTTP/1.1" 200 28 "http://renault.activities.at/login?required=true" "Mozilla/5.0 (Windows NT 10.0; Win64; x64; rv:65.0) Gecko/20100101 Firefox/65.0"
213.153.47.173 - - [22/Mar/2019:10:38:06 +0100] "GET /reload?ser=1553247486759 HTTP/1.1" 200 28 "http://renault.activities.at/login?required=true" "Mozilla/5.0 (Windows NT 10.0; Win64; x64; rv:65.0) Gecko/20100101 Firefox/65.0"
193.194.132.23 - - [22/Mar/2019:10:38:24 +0100] "GET /reload?ser=1553247504498 HTTP/1.1" 200 28 "http://renault.2web.at/account?loadrequest=true" "Mozilla/5.0 (Windows NT 10.0; WOW64; Trident/7.0; Touch; rv:11.0) like Gecko"
213.153.47.173 - - [22/Mar/2019:10:38:51 +0100] "GET /reload?ser=1553247531298 HTTP/1.1" 200 28 "http://renault.activities.at/login?required=true" "Mozilla/5.0 (Windows NT 10.0; Win64; x64; rv:65.0) Gecko/20100101 Firefox/65.0"
213.153.47.173 - - [22/Mar/2019:10:39:07 +0100] "GET /reload?ser=1553247547419 HTTP/1.1" 200 28 "http://renault.activities.at/login?required=true" "Mozilla/5.0 (Windows NT 10.0; Win64; x64; rv:65.0) Gecko/20100101 Firefox/65.0"
193.194.132.23 - - [22/Mar/2019:10:39:25 +0100] "GET /reload?ser=1553247565543 HTTP/1.1" 200 28 "http://renault.2web.at/account?loadrequest=true" "Mozilla/5.0 (Windows NT 10.0; WOW64; Trident/7.0; Touch; rv:11.0) like Gecko"
213.153.47.173 - - [22/Mar/2019:10:39:52 +0100] "GET /reload?ser=1553247591958 HTTP/1.1" 200 28 "http://renault.activities.at/login?required=true" "Mozilla/5.0 (Windows NT 10.0; Win64; x64; rv:65.0) Gecko/20100101 Firefox/65.0"
213.153.47.173 - - [22/Mar/2019:10:40:08 +0100] "GET /reload?ser=1553247608069 HTTP/1.1" 200 28 "http://renault.activities.at/login?required=true" "Mozilla/5.0 (Windows NT 10.0; Win64; x64; rv:65.0) Gecko/20100101 Firefox/65.0"
193.194.132.23 - - [22/Mar/2019:10:40:26 +0100] "GET /reload?ser=1553247626662 HTTP/1.1" 200 28 "http://renault.2web.at/account?loadrequest=true" "Mozilla/5.0 (Windows NT 10.0; WOW64; Trident/7.0; Touch; rv:11.0) like Gecko"
213.153.47.173 - - [22/Mar/2019:10:40:52 +0100] "GET /reload?ser=1553247652619 HTTP/1.1" 200 28 "http://renault.activities.at/login?required=true" "Mozilla/5.0 (Windows NT 10.0; Win64; x64; rv:65.0) Gecko/20100101 Firefox/65.0"
213.153.47.173 - - [22/Mar/2019:10:41:08 +0100] "GET /reload?ser=1553247668716 HTTP/1.1" 200 28 "http://renault.activities.at/login?required=true" "Mozilla/5.0 (Windows NT 10.0; Win64; x64; rv:65.0) Gecko/20100101 Firefox/65.0"
193.194.132.23 - - [22/Mar/2019:10:41:27 +0100] "GET /reload?ser=1553247687775 HTTP/1.1" 200 28 "http://renault.2web.at/account?loadrequest=true" "Mozilla/5.0 (Windows NT 10.0; WOW64; Trident/7.0; Touch; rv:11.0) like Gecko"
213.153.47.173 - - [22/Mar/2019:10:41:53 +0100] "GET /reload?ser=1553247713269 HTTP/1.1" 200 28 "http://renault.activities.at/login?required=true" "Mozilla/5.0 (Windows NT 10.0; Win64; x64; rv:65.0) Gecko/20100101 Firefox/65.0"
213.153.47.173 - - [22/Mar/2019:10:42:09 +0100] "GET /reload?ser=1553247729404 HTTP/1.1" 200 28 "http://renault.activities.at/login?required=true" "Mozilla/5.0 (Windows NT 10.0; Win64; x64; rv:65.0) Gecko/20100101 Firefox/65.0"
193.194.132.23 - - [22/Mar/2019:10:42:29 +0100] "GET /reload?ser=1553247748868 HTTP/1.1" 200 28 "http://renault.2web.at/account?loadrequest=true" "Mozilla/5.0 (Windows NT 10.0; WOW64; Trident/7.0; Touch; rv:11.0) like Gecko"
213.153.47.173 - - [22/Mar/2019:10:42:53 +0100] "GET /reload?ser=1553247773919 HTTP/1.1" 200 28 "http://renault.activities.at/login?required=true" "Mozilla/5.0 (Windows NT 10.0; Win64; x64; rv:65.0) Gecko/20100101 Firefox/65.0"
213.153.47.173 - - [22/Mar/2019:10:43:10 +0100] "GET /reload?ser=1553247790070 HTTP/1.1" 200 28 "http://renault.activities.at/login?required=true" "Mozilla/5.0 (Windows NT 10.0; Win64; x64; rv:65.0) Gecko/20100101 Firefox/65.0"
193.194.132.23 - - [22/Mar/2019:10:43:30 +0100] "GET /reload?ser=1553247809944 HTTP/1.1" 200 28 "http://renault.2web.at/account?loadrequest=true" "Mozilla/5.0 (Windows NT 10.0; WOW64; Trident/7.0; Touch; rv:11.0) like Gecko"
213.153.47.173 - - [22/Mar/2019:10:43:54 +0100] "GET /reload?ser=1553247834589 HTTP/1.1" 200 28 "http://renault.activities.at/login?required=true" "Mozilla/5.0 (Windows NT 10.0; Win64; x64; rv:65.0) Gecko/20100101 Firefox/65.0"
213.153.47.173 - - [22/Mar/2019:10:44:10 +0100] "GET /reload?ser=1553247850733 HTTP/1.1" 200 28 "http://renault.activities.at/login?required=true" "Mozilla/5.0 (Windows NT 10.0; Win64; x64; rv:65.0) Gecko/20100101 Firefox/65.0"
193.194.132.23 - - [22/Mar/2019:10:44:31 +0100] "GET /reload?ser=1553247870999 HTTP/1.1" 200 28 "http://renault.2web.at/account?loadrequest=true" "Mozilla/5.0 (Windows NT 10.0; WOW64; Trident/7.0; Touch; rv:11.0) like Gecko"
213.153.47.173 - - [22/Mar/2019:10:44:55 +0100] "GET /reload?ser=1553247895259 HTTP/1.1" 200 28 "http://renault.activities.at/login?required=true" "Mozilla/5.0 (Windows NT 10.0; Win64; x64; rv:65.0) Gecko/20100101 Firefox/65.0"
213.153.47.173 - - [22/Mar/2019:10:45:11 +0100] "GET /reload?ser=1553247911379 HTTP/1.1" 200 28 "http://renault.activities.at/login?required=true" "Mozilla/5.0 (Windows NT 10.0; Win64; x64; rv:65.0) Gecko/20100101 Firefox/65.0"
193.194.132.23 - - [22/Mar/2019:10:45:32 +0100] "GET /reload?ser=1553247932105 HTTP/1.1" 200 28 "http://renault.2web.at/account?loadrequest=true" "Mozilla/5.0 (Windows NT 10.0; WOW64; Trident/7.0; Touch; rv:11.0) like Gecko"
213.153.47.173 - - [22/Mar/2019:10:45:55 +0100] "GET /reload?ser=1553247955939 HTTP/1.1" 200 28 "http://renault.activities.at/login?required=true" "Mozilla/5.0 (Windows NT 10.0; Win64; x64; rv:65.0) Gecko/20100101 Firefox/65.0"
213.153.47.173 - - [22/Mar/2019:10:46:12 +0100] "GET /reload?ser=1553247972029 HTTP/1.1" 200 28 "http://renault.activities.at/login?required=true" "Mozilla/5.0 (Windows NT 10.0; Win64; x64; rv:65.0) Gecko/20100101 Firefox/65.0"
193.194.132.23 - - [22/Mar/2019:10:46:33 +0100] "GET /reload?ser=1553247993177 HTTP/1.1" 200 28 "http://renault.2web.at/account?loadrequest=true" "Mozilla/5.0 (Windows NT 10.0; WOW64; Trident/7.0; Touch; rv:11.0) like Gecko"
213.153.47.173 - - [22/Mar/2019:10:46:56 +0100] "GET /reload?ser=1553248016600 HTTP/1.1" 200 28 "http://renault.activities.at/login?required=true" "Mozilla/5.0 (Windows NT 10.0; Win64; x64; rv:65.0) Gecko/20100101 Firefox/65.0"
213.153.47.173 - - [22/Mar/2019:10:47:12 +0100] "GET /reload?ser=1553248032709 HTTP/1.1" 200 28 "http://renault.activities.at/login?required=true" "Mozilla/5.0 (Windows NT 10.0; Win64; x64; rv:65.0) Gecko/20100101 Firefox/65.0"
193.194.132.23 - - [22/Mar/2019:10:47:34 +0100] "GET /reload?ser=1553248054228 HTTP/1.1" 200 28 "http://renault.2web.at/account?loadrequest=true" "Mozilla/5.0 (Windows NT 10.0; WOW64; Trident/7.0; Touch; rv:11.0) like Gecko"
213.153.47.173 - - [22/Mar/2019:10:47:57 +0100] "GET /reload?ser=1553248077269 HTTP/1.1" 200 28 "http://renault.activities.at/login?required=true" "Mozilla/5.0 (Windows NT 10.0; Win64; x64; rv:65.0) Gecko/20100101 Firefox/65.0"
213.153.47.173 - - [22/Mar/2019:10:48:13 +0100] "GET /reload?ser=1553248093373 HTTP/1.1" 200 28 "http://renault.activities.at/login?required=true" "Mozilla/5.0 (Windows NT 10.0; Win64; x64; rv:65.0) Gecko/20100101 Firefox/65.0"
193.194.132.23 - - [22/Mar/2019:10:48:35 +0100] "GET /reload?ser=1553248115320 HTTP/1.1" 200 28 "http://renault.2web.at/account?loadrequest=true" "Mozilla/5.0 (Windows NT 10.0; WOW64; Trident/7.0; Touch; rv:11.0) like Gecko"
213.153.47.173 - - [22/Mar/2019:10:48:58 +0100] "GET /reload?ser=1553248137949 HTTP/1.1" 200 28 "http://renault.activities.at/login?required=true" "Mozilla/5.0 (Windows NT 10.0; Win64; x64; rv:65.0) Gecko/20100101 Firefox/65.0"
213.153.47.173 - - [22/Mar/2019:10:49:14 +0100] "GET /reload?ser=1553248154049 HTTP/1.1" 200 28 "http://renault.activities.at/login?required=true" "Mozilla/5.0 (Windows NT 10.0; Win64; x64; rv:65.0) Gecko/20100101 Firefox/65.0"
193.194.132.23 - - [22/Mar/2019:10:49:36 +0100] "GET /reload?ser=1553248176383 HTTP/1.1" 200 28 "http://renault.2web.at/account?loadrequest=true" "Mozilla/5.0 (Windows NT 10.0; WOW64; Trident/7.0; Touch; rv:11.0) like Gecko"
213.153.47.173 - - [22/Mar/2019:10:49:58 +0100] "GET /reload?ser=1553248198619 HTTP/1.1" 200 28 "http://renault.activities.at/login?required=true" "Mozilla/5.0 (Windows NT 10.0; Win64; x64; rv:65.0) Gecko/20100101 Firefox/65.0"
213.153.47.173 - - [22/Mar/2019:10:50:14 +0100] "GET /reload?ser=1553248214718 HTTP/1.1" 200 28 "http://renault.activities.at/login?required=true" "Mozilla/5.0 (Windows NT 10.0; Win64; x64; rv:65.0) Gecko/20100101 Firefox/65.0"
193.194.132.23 - - [22/Mar/2019:10:50:37 +0100] "GET /reload?ser=1553248237486 HTTP/1.1" 200 28 "http://renault.2web.at/account?loadrequest=true" "Mozilla/5.0 (Windows NT 10.0; WOW64; Trident/7.0; Touch; rv:11.0) like Gecko"
213.153.47.173 - - [22/Mar/2019:10:50:59 +0100] "GET /reload?ser=1553248259279 HTTP/1.1" 200 28 "http://renault.activities.at/login?required=true" "Mozilla/5.0 (Windows NT 10.0; Win64; x64; rv:65.0) Gecko/20100101 Firefox/65.0"
212.152.246.131 - - [22/Mar/2019:10:51:01 +0100] "GET /login HTTP/1.1" 200 2086 "-" "Mozilla/5.0 (Windows NT 10.0; Win64; x64) AppleWebKit/537.36 (KHTML, like Gecko) Chrome/73.0.3683.86 Safari/537.36"
212.152.246.131 - - [22/Mar/2019:10:51:02 +0100] "GET /loadthumbnail.php?id=11127982 HTTP/1.1" 200 399614 "http://renault.activities.at/login" "Mozilla/5.0 (Windows NT 10.0; Win64; x64) AppleWebKit/537.36 (KHTML, like Gecko) Chrome/73.0.3683.86 Safari/537.36"
212.152.246.131 - - [22/Mar/2019:10:51:06 +0100] "GET /images/favicon.ico HTTP/1.1" 404 305 "http://renault.activities.at/login" "Mozilla/5.0 (Windows NT 10.0; Win64; x64) AppleWebKit/537.36 (KHTML, like Gecko) Chrome/73.0.3683.86 Safari/537.36"
212.152.246.131 - - [22/Mar/2019:10:51:12 +0100] "POST /login HTTP/1.1" 302 140 "http://renault.activities.at/login" "Mozilla/5.0 (Windows NT 10.0; Win64; x64) AppleWebKit/537.36 (KHTML, like Gecko) Chrome/73.0.3683.86 Safari/537.36"
213.153.47.173 - - [22/Mar/2019:10:51:15 +0100] "GET /reload?ser=1553248275379 HTTP/1.1" 200 28 "http://renault.activities.at/login?required=true" "Mozilla/5.0 (Windows NT 10.0; Win64; x64; rv:65.0) Gecko/20100101 Firefox/65.0"
212.152.246.131 - - [22/Mar/2019:10:51:13 +0100] "GET /account HTTP/1.1" 200 5885 "http://renault.activities.at/login" "Mozilla/5.0 (Windows NT 10.0; Win64; x64) AppleWebKit/537.36 (KHTML, like Gecko) Chrome/73.0.3683.86 Safari/537.36"
212.152.246.131 - - [22/Mar/2019:10:51:16 +0100] "GET /loadthumbnail.php?id=11431080&width=50&height=50 HTTP/1.1" 200 866 "http://renault.activities.at/account" "Mozilla/5.0 (Windows NT 10.0; Win64; x64) AppleWebKit/537.36 (KHTML, like Gecko) Chrome/73.0.3683.86 Safari/537.36"
193.194.132.23 - - [22/Mar/2019:10:51:38 +0100] "GET /reload?ser=1553248298552 HTTP/1.1" 200 28 "http://renault.2web.at/account?loadrequest=true" "Mozilla/5.0 (Windows NT 10.0; WOW64; Trident/7.0; Touch; rv:11.0) like Gecko"
213.153.47.173 - - [22/Mar/2019:10:51:59 +0100] "GET /reload?ser=1553248319949 HTTP/1.1" 200 28 "http://renault.activities.at/login?required=true" "Mozilla/5.0 (Windows NT 10.0; Win64; x64; rv:65.0) Gecko/20100101 Firefox/65.0"
213.153.47.173 - - [22/Mar/2019:10:52:16 +0100] "GET /reload?ser=1553248336125 HTTP/1.1" 200 28 "http://renault.activities.at/login?required=true" "Mozilla/5.0 (Windows NT 10.0; Win64; x64; rv:65.0) Gecko/20100101 Firefox/65.0"
212.152.246.131 - - [22/Mar/2019:10:52:16 +0100] "GET /reload?ser=1553248337607 HTTP/1.1" 200 28 "http://renault.activities.at/account" "Mozilla/5.0 (Windows NT 10.0; Win64; x64) AppleWebKit/537.36 (KHTML, like Gecko) Chrome/73.0.3683.86 Safari/537.36"
193.194.132.23 - - [22/Mar/2019:10:52:39 +0100] "GET /reload?ser=1553248359586 HTTP/1.1" 200 28 "http://renault.2web.at/account?loadrequest=true" "Mozilla/5.0 (Windows NT 10.0; WOW64; Trident/7.0; Touch; rv:11.0) like Gecko"
213.153.47.173 - - [22/Mar/2019:10:53:00 +0100] "GET /reload?ser=1553248380598 HTTP/1.1" 200 28 "http://renault.activities.at/login?required=true" "Mozilla/5.0 (Windows NT 10.0; Win64; x64; rv:65.0) Gecko/20100101 Firefox/65.0"
213.153.47.173 - - [22/Mar/2019:10:53:16 +0100] "GET /reload?ser=1553248396787 HTTP/1.1" 200 28 "http://renault.activities.at/login?required=true" "Mozilla/5.0 (Windows NT 10.0; Win64; x64; rv:65.0) Gecko/20100101 Firefox/65.0"
212.152.246.131 - - [22/Mar/2019:10:53:17 +0100] "GET /reload?ser=1553248398610 HTTP/1.1" 200 28 "http://renault.activities.at/account" "Mozilla/5.0 (Windows NT 10.0; Win64; x64) AppleWebKit/537.36 (KHTML, like Gecko) Chrome/73.0.3683.86 Safari/537.36"
193.194.132.23 - - [22/Mar/2019:10:53:40 +0100] "GET /reload?ser=1553248420646 HTTP/1.1" 200 28 "http://renault.2web.at/account?loadrequest=true" "Mozilla/5.0 (Windows NT 10.0; WOW64; Trident/7.0; Touch; rv:11.0) like Gecko"
213.162.73.97 - - [22/Mar/2019:10:53:51 +0100] "GET / HTTP/1.1" 200 3510 "-" "Mozilla/5.0 (iPhone; CPU iPhone OS 12_1_3 like Mac OS X) AppleWebKit/605.1.15 (KHTML, like Gecko) Version/12.0 Mobile/15E148 Safari/604.1"
213.162.73.97 - - [22/Mar/2019:10:53:52 +0100] "GET /apple-touch-icon-120x120-precomposed.png HTTP/1.1" 200 1559 "-" "MobileSafari/604.1 CFNetwork/976 Darwin/18.2.0"
213.162.73.97 - - [22/Mar/2019:10:53:53 +0100] "GET /apple-touch-icon-120x120.png HTTP/1.1" 200 1559 "-" "MobileSafari/604.1 CFNetwork/976 Darwin/18.2.0"
213.162.73.97 - - [22/Mar/2019:10:53:54 +0100] "GET /apple-touch-icon-precomposed.png HTTP/1.1" 200 1559 "-" "MobileSafari/604.1 CFNetwork/976 Darwin/18.2.0"
213.162.73.97 - - [22/Mar/2019:10:53:56 +0100] "GET /apple-touch-icon.png HTTP/1.1" 200 1559 "-" "MobileSafari/604.1 CFNetwork/976 Darwin/18.2.0"
213.162.73.97 - - [22/Mar/2019:10:53:57 +0100] "GET /images/favicon.ico HTTP/1.1" 404 305 "-" "MobileSafari/604.1 CFNetwork/976 Darwin/18.2.0"
213.162.73.97 - - [22/Mar/2019:10:53:57 +0100] "GET /images/favicon.ico HTTP/1.1" 404 305 "-" "MobileSafari/604.1 CFNetwork/976 Darwin/18.2.0"
213.162.73.97 - - [22/Mar/2019:10:53:57 +0100] "GET /favicon.ico HTTP/1.1" 200 3250 "-" "MobileSafari/604.1 CFNetwork/976 Darwin/18.2.0"
213.162.73.97 - - [22/Mar/2019:10:53:57 +0100] "GET /apple-touch-icon-120x120-precomposed.png HTTP/1.1" 200 1559 "-" "MobileSafari/604.1 CFNetwork/976 Darwin/18.2.0"
213.162.73.97 - - [22/Mar/2019:10:53:58 +0100] "GET /apple-touch-icon-120x120.png HTTP/1.1" 200 1559 "-" "MobileSafari/604.1 CFNetwork/976 Darwin/18.2.0"
213.162.73.97 - - [22/Mar/2019:10:53:59 +0100] "GET /apple-touch-icon-precomposed.png HTTP/1.1" 200 1559 "-" "MobileSafari/604.1 CFNetwork/976 Darwin/18.2.0"
213.153.47.173 - - [22/Mar/2019:10:54:01 +0100] "GET /reload?ser=1553248441263 HTTP/1.1" 200 28 "http://renault.activities.at/login?required=true" "Mozilla/5.0 (Windows NT 10.0; Win64; x64; rv:65.0) Gecko/20100101 Firefox/65.0"
213.162.73.97 - - [22/Mar/2019:10:54:01 +0100] "GET /apple-touch-icon.png HTTP/1.1" 200 1559 "-" "MobileSafari/604.1 CFNetwork/976 Darwin/18.2.0"
213.162.73.97 - - [22/Mar/2019:10:54:02 +0100] "GET /images/favicon.ico HTTP/1.1" 404 305 "-" "MobileSafari/604.1 CFNetwork/976 Darwin/18.2.0"
213.162.73.97 - - [22/Mar/2019:10:54:02 +0100] "GET /images/favicon.ico HTTP/1.1" 404 305 "-" "MobileSafari/604.1 CFNetwork/976 Darwin/18.2.0"
213.162.73.97 - - [22/Mar/2019:10:54:02 +0100] "GET /favicon.ico HTTP/1.1" 200 3250 "-" "MobileSafari/604.1 CFNetwork/976 Darwin/18.2.0"
213.153.47.173 - - [22/Mar/2019:10:54:17 +0100] "GET /reload?ser=1553248457527 HTTP/1.1" 200 28 "http://renault.activities.at/login?required=true" "Mozilla/5.0 (Windows NT 10.0; Win64; x64; rv:65.0) Gecko/20100101 Firefox/65.0"
212.152.246.131 - - [22/Mar/2019:10:54:18 +0100] "GET /reload?ser=1553248459609 HTTP/1.1" 200 28 "http://renault.activities.at/account" "Mozilla/5.0 (Windows NT 10.0; Win64; x64) AppleWebKit/537.36 (KHTML, like Gecko) Chrome/73.0.3683.86 Safari/537.36"
212.152.246.131 - - [22/Mar/2019:10:54:22 +0100] "GET /10260249 HTTP/1.1" 200 8781 "http://renault.activities.at/account" "Mozilla/5.0 (Windows NT 10.0; Win64; x64) AppleWebKit/537.36 (KHTML, like Gecko) Chrome/73.0.3683.86 Safari/537.36"
212.152.246.131 - - [22/Mar/2019:10:54:25 +0100] "GET /loadthumbnail.php?id=10203276 HTTP/1.1" 200 75 "http://renault.activities.at/10260249" "Mozilla/5.0 (Windows NT 10.0; Win64; x64) AppleWebKit/537.36 (KHTML, like Gecko) Chrome/73.0.3683.86 Safari/537.36"
212.152.246.131 - - [22/Mar/2019:10:54:25 +0100] "GET /loadthumbnail.php?id=11226381&width=113 HTTP/1.1" 200 2887 "http://renault.activities.at/10260249" "Mozilla/5.0 (Windows NT 10.0; Win64; x64) AppleWebKit/537.36 (KHTML, like Gecko) Chrome/73.0.3683.86 Safari/537.36"
212.152.246.131 - - [22/Mar/2019:10:54:25 +0100] "GET /loadthumbnail.php?id=11108158&width=113 HTTP/1.1" 200 1545 "http://renault.activities.at/10260249" "Mozilla/5.0 (Windows NT 10.0; Win64; x64) AppleWebKit/537.36 (KHTML, like Gecko) Chrome/73.0.3683.86 Safari/537.36"
212.152.246.131 - - [22/Mar/2019:10:54:25 +0100] "GET /loadthumbnail.php?id=11573493&width=113 HTTP/1.1" 200 8256 "http://renault.activities.at/10260249" "Mozilla/5.0 (Windows NT 10.0; Win64; x64) AppleWebKit/537.36 (KHTML, like Gecko) Chrome/73.0.3683.86 Safari/537.36"
212.152.246.131 - - [22/Mar/2019:10:54:25 +0100] "GET /loadthumbnail.php?id=11721290&width=113 HTTP/1.1" 200 1179 "http://renault.activities.at/10260249" "Mozilla/5.0 (Windows NT 10.0; Win64; x64) AppleWebKit/537.36 (KHTML, like Gecko) Chrome/73.0.3683.86 Safari/537.36"
212.152.246.131 - - [22/Mar/2019:10:54:25 +0100] "GET /loadthumbnail.php?id=10203255 HTTP/1.1" 200 137 "http://renault.activities.at/10260249" "Mozilla/5.0 (Windows NT 10.0; Win64; x64) AppleWebKit/537.36 (KHTML, like Gecko) Chrome/73.0.3683.86 Safari/537.36"
212.152.246.131 - - [22/Mar/2019:10:54:25 +0100] "GET /loadthumbnail.php?id=11194750&width=113 HTTP/1.1" 200 2347 "http://renault.activities.at/10260249" "Mozilla/5.0 (Windows NT 10.0; Win64; x64) AppleWebKit/537.36 (KHTML, like Gecko) Chrome/73.0.3683.86 Safari/537.36"
212.152.246.131 - - [22/Mar/2019:10:54:25 +0100] "GET /loadthumbnail.php?id=11146700&width=113 HTTP/1.1" 200 1415 "http://renault.activities.at/10260249" "Mozilla/5.0 (Windows NT 10.0; Win64; x64) AppleWebKit/537.36 (KHTML, like Gecko) Chrome/73.0.3683.86 Safari/537.36"
212.152.246.131 - - [22/Mar/2019:10:54:25 +0100] "GET /loadthumbnail.php?id=10203650&width=113 HTTP/1.1" 200 2741 "http://renault.activities.at/10260249" "Mozilla/5.0 (Windows NT 10.0; Win64; x64) AppleWebKit/537.36 (KHTML, like Gecko) Chrome/73.0.3683.86 Safari/537.36"
212.152.246.131 - - [22/Mar/2019:10:54:25 +0100] "GET /loadthumbnail.php?id=11117056&width=113 HTTP/1.1" 200 2184 "http://renault.activities.at/10260249" "Mozilla/5.0 (Windows NT 10.0; Win64; x64) AppleWebKit/537.36 (KHTML, like Gecko) Chrome/73.0.3683.86 Safari/537.36"
212.152.246.131 - - [22/Mar/2019:10:54:25 +0100] "GET /loadthumbnail.php?id=11270805&width=113 HTTP/1.1" 200 5169 "http://renault.activities.at/10260249" "Mozilla/5.0 (Windows NT 10.0; Win64; x64) AppleWebKit/537.36 (KHTML, like Gecko) Chrome/73.0.3683.86 Safari/537.36"
212.152.246.131 - - [22/Mar/2019:10:54:25 +0100] "GET /loadthumbnail.php?id=10269567&width=113 HTTP/1.1" 200 1590 "http://renault.activities.at/10260249" "Mozilla/5.0 (Windows NT 10.0; Win64; x64) AppleWebKit/537.36 (KHTML, like Gecko) Chrome/73.0.3683.86 Safari/537.36"
212.152.246.131 - - [22/Mar/2019:10:54:25 +0100] "GET /loadthumbnail.php?id=11776453&width=113 HTTP/1.1" 200 1248 "http://renault.activities.at/10260249" "Mozilla/5.0 (Windows NT 10.0; Win64; x64) AppleWebKit/537.36 (KHTML, like Gecko) Chrome/73.0.3683.86 Safari/537.36"
212.152.246.131 - - [22/Mar/2019:10:54:25 +0100] "GET /loadthumbnail.php?id=10413489&width=113 HTTP/1.1" 200 3213 "http://renault.activities.at/10260249" "Mozilla/5.0 (Windows NT 10.0; Win64; x64) AppleWebKit/537.36 (KHTML, like Gecko) Chrome/73.0.3683.86 Safari/537.36"
212.152.246.131 - - [22/Mar/2019:10:54:25 +0100] "GET /loadthumbnail.php?id=11538169&width=113 HTTP/1.1" 200 20088 "http://renault.activities.at/10260249" "Mozilla/5.0 (Windows NT 10.0; Win64; x64) AppleWebKit/537.36 (KHTML, like Gecko) Chrome/73.0.3683.86 Safari/537.36"
193.194.132.23 - - [22/Mar/2019:10:54:41 +0100] "GET /reload?ser=1553248481732 HTTP/1.1" 200 28 "http://renault.2web.at/account?loadrequest=true" "Mozilla/5.0 (Windows NT 10.0; WOW64; Trident/7.0; Touch; rv:11.0) like Gecko"
213.153.47.173 - - [22/Mar/2019:10:55:01 +0100] "GET /reload?ser=1553248501928 HTTP/1.1" 200 28 "http://renault.activities.at/login?required=true" "Mozilla/5.0 (Windows NT 10.0; Win64; x64; rv:65.0) Gecko/20100101 Firefox/65.0"
213.153.47.173 - - [22/Mar/2019:10:55:18 +0100] "GET /reload?ser=1553248518187 HTTP/1.1" 200 28 "http://renault.activities.at/login?required=true" "Mozilla/5.0 (Windows NT 10.0; Win64; x64; rv:65.0) Gecko/20100101 Firefox/65.0"
212.152.246.131 - - [22/Mar/2019:10:55:26 +0100] "GET /reload?ser=1553248527129 HTTP/1.1" 200 28 "http://renault.activities.at/10260249" "Mozilla/5.0 (Windows NT 10.0; Win64; x64) AppleWebKit/537.36 (KHTML, like Gecko) Chrome/73.0.3683.86 Safari/537.36"
193.194.132.23 - - [22/Mar/2019:10:55:42 +0100] "GET /reload?ser=1553248542748 HTTP/1.1" 200 28 "http://renault.2web.at/account?loadrequest=true" "Mozilla/5.0 (Windows NT 10.0; WOW64; Trident/7.0; Touch; rv:11.0) like Gecko"
213.153.47.173 - - [22/Mar/2019:10:56:02 +0100] "GET /reload?ser=1553248562587 HTTP/1.1" 200 28 "http://renault.activities.at/login?required=true" "Mozilla/5.0 (Windows NT 10.0; Win64; x64; rv:65.0) Gecko/20100101 Firefox/65.0"
213.153.47.173 - - [22/Mar/2019:10:56:18 +0100] "GET /reload?ser=1553248578868 HTTP/1.1" 200 28 "http://renault.activities.at/login?required=true" "Mozilla/5.0 (Windows NT 10.0; Win64; x64; rv:65.0) Gecko/20100101 Firefox/65.0"
212.152.246.131 - - [22/Mar/2019:10:56:27 +0100] "GET /reload?ser=1553248588143 HTTP/1.1" 200 28 "http://renault.activities.at/10260249" "Mozilla/5.0 (Windows NT 10.0; Win64; x64) AppleWebKit/537.36 (KHTML, like Gecko) Chrome/73.0.3683.86 Safari/537.36"
193.194.132.23 - - [22/Mar/2019:10:56:44 +0100] "GET /reload?ser=1553248603885 HTTP/1.1" 200 28 "http://renault.2web.at/account?loadrequest=true" "Mozilla/5.0 (Windows NT 10.0; WOW64; Trident/7.0; Touch; rv:11.0) like Gecko"
213.153.47.173 - - [22/Mar/2019:10:57:03 +0100] "GET /reload?ser=1553248623248 HTTP/1.1" 200 28 "http://renault.activities.at/login?required=true" "Mozilla/5.0 (Windows NT 10.0; Win64; x64; rv:65.0) Gecko/20100101 Firefox/65.0"
213.153.47.173 - - [22/Mar/2019:10:57:19 +0100] "GET /reload?ser=1553248639527 HTTP/1.1" 200 28 "http://renault.activities.at/login?required=true" "Mozilla/5.0 (Windows NT 10.0; Win64; x64; rv:65.0) Gecko/20100101 Firefox/65.0"
212.152.246.131 - - [22/Mar/2019:10:57:28 +0100] "GET /reload?ser=1553248649200 HTTP/1.1" 200 28 "http://renault.activities.at/10260249" "Mozilla/5.0 (Windows NT 10.0; Win64; x64) AppleWebKit/537.36 (KHTML, like Gecko) Chrome/73.0.3683.86 Safari/537.36"
193.194.132.23 - - [22/Mar/2019:10:57:45 +0100] "GET /reload?ser=1553248664897 HTTP/1.1" 200 28 "http://renault.2web.at/account?loadrequest=true" "Mozilla/5.0 (Windows NT 10.0; WOW64; Trident/7.0; Touch; rv:11.0) like Gecko"
213.153.47.173 - - [22/Mar/2019:10:58:03 +0100] "GET /reload?ser=1553248683908 HTTP/1.1" 200 28 "http://renault.activities.at/login?required=true" "Mozilla/5.0 (Windows NT 10.0; Win64; x64; rv:65.0) Gecko/20100101 Firefox/65.0"
213.153.47.173 - - [22/Mar/2019:10:58:20 +0100] "GET /reload?ser=1553248700198 HTTP/1.1" 200 28 "http://renault.activities.at/login?required=true" "Mozilla/5.0 (Windows NT 10.0; Win64; x64; rv:65.0) Gecko/20100101 Firefox/65.0"
212.152.246.131 - - [22/Mar/2019:10:58:29 +0100] "GET /reload?ser=1553248710297 HTTP/1.1" 200 28 "http://renault.activities.at/10260249" "Mozilla/5.0 (Windows NT 10.0; Win64; x64) AppleWebKit/537.36 (KHTML, like Gecko) Chrome/73.0.3683.86 Safari/537.36"
193.194.132.23 - - [22/Mar/2019:10:58:46 +0100] "GET /reload?ser=1553248725898 HTTP/1.1" 200 28 "http://renault.2web.at/account?loadrequest=true" "Mozilla/5.0 (Windows NT 10.0; WOW64; Trident/7.0; Touch; rv:11.0) like Gecko"
213.153.47.173 - - [22/Mar/2019:10:59:04 +0100] "GET /reload?ser=1553248744577 HTTP/1.1" 200 28 "http://renault.activities.at/login?required=true" "Mozilla/5.0 (Windows NT 10.0; Win64; x64; rv:65.0) Gecko/20100101 Firefox/65.0"
213.153.47.173 - - [22/Mar/2019:10:59:20 +0100] "GET /reload?ser=1553248760877 HTTP/1.1" 200 28 "http://renault.activities.at/login?required=true" "Mozilla/5.0 (Windows NT 10.0; Win64; x64; rv:65.0) Gecko/20100101 Firefox/65.0"
212.152.246.131 - - [22/Mar/2019:10:59:30 +0100] "GET /reload?ser=1553248771304 HTTP/1.1" 200 28 "http://renault.activities.at/10260249" "Mozilla/5.0 (Windows NT 10.0; Win64; x64) AppleWebKit/537.36 (KHTML, like Gecko) Chrome/73.0.3683.86 Safari/537.36"
193.194.132.23 - - [22/Mar/2019:10:59:47 +0100] "GET /reload?ser=1553248786904 HTTP/1.1" 200 28 "http://renault.2web.at/account?loadrequest=true" "Mozilla/5.0 (Windows NT 10.0; WOW64; Trident/7.0; Touch; rv:11.0) like Gecko"
213.153.47.173 - - [22/Mar/2019:11:00:05 +0100] "GET /reload?ser=1553248805246 HTTP/1.1" 200 28 "http://renault.activities.at/login?required=true" "Mozilla/5.0 (Windows NT 10.0; Win64; x64; rv:65.0) Gecko/20100101 Firefox/65.0"
213.153.47.173 - - [22/Mar/2019:11:00:21 +0100] "GET /reload?ser=1553248821537 HTTP/1.1" 200 28 "http://renault.activities.at/login?required=true" "Mozilla/5.0 (Windows NT 10.0; Win64; x64; rv:65.0) Gecko/20100101 Firefox/65.0"
212.152.246.131 - - [22/Mar/2019:11:00:31 +0100] "GET /reload?ser=1553248832340 HTTP/1.1" 200 28 "http://renault.activities.at/10260249" "Mozilla/5.0 (Windows NT 10.0; Win64; x64) AppleWebKit/537.36 (KHTML, like Gecko) Chrome/73.0.3683.86 Safari/537.36"
193.194.132.23 - - [22/Mar/2019:11:00:48 +0100] "GET /reload?ser=1553248847986 HTTP/1.1" 200 28 "http://renault.2web.at/account?loadrequest=true" "Mozilla/5.0 (Windows NT 10.0; WOW64; Trident/7.0; Touch; rv:11.0) like Gecko"
213.153.47.173 - - [22/Mar/2019:11:01:05 +0100] "GET /reload?ser=1553248865907 HTTP/1.1" 200 28 "http://renault.activities.at/login?required=true" "Mozilla/5.0 (Windows NT 10.0; Win64; x64; rv:65.0) Gecko/20100101 Firefox/65.0"
213.153.47.173 - - [22/Mar/2019:11:01:22 +0100] "GET /reload?ser=1553248882207 HTTP/1.1" 200 28 "http://renault.activities.at/login?required=true" "Mozilla/5.0 (Windows NT 10.0; Win64; x64; rv:65.0) Gecko/20100101 Firefox/65.0"
212.152.246.131 - - [22/Mar/2019:11:01:32 +0100] "GET /reload?ser=1553248893389 HTTP/1.1" 200 28 "http://renault.activities.at/10260249" "Mozilla/5.0 (Windows NT 10.0; Win64; x64) AppleWebKit/537.36 (KHTML, like Gecko) Chrome/73.0.3683.86 Safari/537.36"
193.194.132.23 - - [22/Mar/2019:11:01:49 +0100] "GET /reload?ser=1553248909073 HTTP/1.1" 200 28 "http://renault.2web.at/account?loadrequest=true" "Mozilla/5.0 (Windows NT 10.0; WOW64; Trident/7.0; Touch; rv:11.0) like Gecko"
213.153.47.173 - - [22/Mar/2019:11:02:06 +0100] "GET /reload?ser=1553248926567 HTTP/1.1" 200 28 "http://renault.activities.at/login?required=true" "Mozilla/5.0 (Windows NT 10.0; Win64; x64; rv:65.0) Gecko/20100101 Firefox/65.0"
212.152.246.131 - - [22/Mar/2019:11:02:14 +0100] "GET /10260249?dir=DESC&mode=grid&order=name&limit=50 HTTP/1.1" 200 11349 "http://renault.activities.at/10260249" "Mozilla/5.0 (Windows NT 10.0; Win64; x64) AppleWebKit/537.36 (KHTML, like Gecko) Chrome/73.0.3683.86 Safari/537.36"
212.152.246.131 - - [22/Mar/2019:11:02:19 +0100] "GET /loadthumbnail.php?id=11165054&width=113 HTTP/1.1" 200 34777 "http://renault.activities.at/10260249?dir=DESC&mode=grid&order=name&limit=50" "Mozilla/5.0 (Windows NT 10.0; Win64; x64) AppleWebKit/537.36 (KHTML, like Gecko) Chrome/73.0.3683.86 Safari/537.36"
212.152.246.131 - - [22/Mar/2019:11:02:19 +0100] "GET /loadthumbnail.php?id=11031880&width=113 HTTP/1.1" 200 39263 "http://renault.activities.at/10260249?dir=DESC&mode=grid&order=name&limit=50" "Mozilla/5.0 (Windows NT 10.0; Win64; x64) AppleWebKit/537.36 (KHTML, like Gecko) Chrome/73.0.3683.86 Safari/537.36"
212.152.246.131 - - [22/Mar/2019:11:02:19 +0100] "GET /loadthumbnail.php?id=11877757&width=113 HTTP/1.1" 200 32396 "http://renault.activities.at/10260249?dir=DESC&mode=grid&order=name&limit=50" "Mozilla/5.0 (Windows NT 10.0; Win64; x64) AppleWebKit/537.36 (KHTML, like Gecko) Chrome/73.0.3683.86 Safari/537.36"
212.152.246.131 - - [22/Mar/2019:11:02:19 +0100] "GET /loadthumbnail.php?id=11715013&width=113 HTTP/1.1" 200 33856 "http://renault.activities.at/10260249?dir=DESC&mode=grid&order=name&limit=50" "Mozilla/5.0 (Windows NT 10.0; Win64; x64) AppleWebKit/537.36 (KHTML, like Gecko) Chrome/73.0.3683.86 Safari/537.36"
212.152.246.131 - - [22/Mar/2019:11:02:19 +0100] "GET /loadthumbnail.php?id=11314432&width=113 HTTP/1.1" 200 36566 "http://renault.activities.at/10260249?dir=DESC&mode=grid&order=name&limit=50" "Mozilla/5.0 (Windows NT 10.0; Win64; x64) AppleWebKit/537.36 (KHTML, like Gecko) Chrome/73.0.3683.86 Safari/537.36"
212.152.246.131 - - [22/Mar/2019:11:02:19 +0100] "GET /loadthumbnail.php?id=11715017&width=113 HTTP/1.1" 200 37395 "http://renault.activities.at/10260249?dir=DESC&mode=grid&order=name&limit=50" "Mozilla/5.0 (Windows NT 10.0; Win64; x64) AppleWebKit/537.36 (KHTML, like Gecko) Chrome/73.0.3683.86 Safari/537.36"
212.152.246.131 - - [22/Mar/2019:11:02:20 +0100] "GET /loadthumbnail.php?id=11342067&width=113 HTTP/1.1" 200 21913 "http://renault.activities.at/10260249?dir=DESC&mode=grid&order=name&limit=50" "Mozilla/5.0 (Windows NT 10.0; Win64; x64) AppleWebKit/537.36 (KHTML, like Gecko) Chrome/73.0.3683.86 Safari/537.36"
212.152.246.131 - - [22/Mar/2019:11:02:20 +0100] "GET /loadthumbnail.php?id=11164747&width=113 HTTP/1.1" 200 26121 "http://renault.activities.at/10260249?dir=DESC&mode=grid&order=name&limit=50" "Mozilla/5.0 (Windows NT 10.0; Win64; x64) AppleWebKit/537.36 (KHTML, like Gecko) Chrome/73.0.3683.86 Safari/537.36"
212.152.246.131 - - [22/Mar/2019:11:02:20 +0100] "GET /loadthumbnail.php?id=11319961&width=113 HTTP/1.1" 200 27077 "http://renault.activities.at/10260249?dir=DESC&mode=grid&order=name&limit=50" "Mozilla/5.0 (Windows NT 10.0; Win64; x64) AppleWebKit/537.36 (KHTML, like Gecko) Chrome/73.0.3683.86 Safari/537.36"
212.152.246.131 - - [22/Mar/2019:11:02:20 +0100] "GET /loadthumbnail.php?id=11342066&width=113 HTTP/1.1" 200 28015 "http://renault.activities.at/10260249?dir=DESC&mode=grid&order=name&limit=50" "Mozilla/5.0 (Windows NT 10.0; Win64; x64) AppleWebKit/537.36 (KHTML, like Gecko) Chrome/73.0.3683.86 Safari/537.36"
212.152.246.131 - - [22/Mar/2019:11:02:20 +0100] "GET /loadthumbnail.php?id=11031873&width=113 HTTP/1.1" 200 24451 "http://renault.activities.at/10260249?dir=DESC&mode=grid&order=name&limit=50" "Mozilla/5.0 (Windows NT 10.0; Win64; x64) AppleWebKit/537.36 (KHTML, like Gecko) Chrome/73.0.3683.86 Safari/537.36"
212.152.246.131 - - [22/Mar/2019:11:02:20 +0100] "GET /loadthumbnail.php?id=11577924&width=113 HTTP/1.1" 200 28282 "http://renault.activities.at/10260249?dir=DESC&mode=grid&order=name&limit=50" "Mozilla/5.0 (Windows NT 10.0; Win64; x64) AppleWebKit/537.36 (KHTML, like Gecko) Chrome/73.0.3683.86 Safari/537.36"
212.152.246.131 - - [22/Mar/2019:11:02:20 +0100] "GET /loadthumbnail.php?id=11715005&width=113 HTTP/1.1" 200 30128 "http://renault.activities.at/10260249?dir=DESC&mode=grid&order=name&limit=50" "Mozilla/5.0 (Windows NT 10.0; Win64; x64) AppleWebKit/537.36 (KHTML, like Gecko) Chrome/73.0.3683.86 Safari/537.36"
212.152.246.131 - - [22/Mar/2019:11:02:20 +0100] "GET /loadthumbnail.php?id=11877811&width=113 HTTP/1.1" 200 27053 "http://renault.activities.at/10260249?dir=DESC&mode=grid&order=name&limit=50" "Mozilla/5.0 (Windows NT 10.0; Win64; x64) AppleWebKit/537.36 (KHTML, like Gecko) Chrome/73.0.3683.86 Safari/537.36"
212.152.246.131 - - [22/Mar/2019:11:02:20 +0100] "GET /loadthumbnail.php?id=11715009&width=113 HTTP/1.1" 200 22295 "http://renault.activities.at/10260249?dir=DESC&mode=grid&order=name&limit=50" "Mozilla/5.0 (Windows NT 10.0; Win64; x64) AppleWebKit/537.36 (KHTML, like Gecko) Chrome/73.0.3683.86 Safari/537.36"
212.152.246.131 - - [22/Mar/2019:11:02:20 +0100] "GET /loadthumbnail.php?id=11197547&width=113 HTTP/1.1" 200 9073 "http://renault.activities.at/10260249?dir=DESC&mode=grid&order=name&limit=50" "Mozilla/5.0 (Windows NT 10.0; Win64; x64) AppleWebKit/537.36 (KHTML, like Gecko) Chrome/73.0.3683.86 Safari/537.36"
212.152.246.131 - - [22/Mar/2019:11:02:20 +0100] "GET /loadthumbnail.php?id=10633817&width=113 HTTP/1.1" 200 2614 "http://renault.activities.at/10260249?dir=DESC&mode=grid&order=name&limit=50" "Mozilla/5.0 (Windows NT 10.0; Win64; x64) AppleWebKit/537.36 (KHTML, like Gecko) Chrome/73.0.3683.86 Safari/537.36"
212.152.246.131 - - [22/Mar/2019:11:02:20 +0100] "GET /loadthumbnail.php?id=11351226&width=113 HTTP/1.1" 200 16210 "http://renault.activities.at/10260249?dir=DESC&mode=grid&order=name&limit=50" "Mozilla/5.0 (Windows NT 10.0; Win64; x64) AppleWebKit/537.36 (KHTML, like Gecko) Chrome/73.0.3683.86 Safari/537.36"
212.152.246.131 - - [22/Mar/2019:11:02:21 +0100] "GET /loadthumbnail.php?id=11351222&width=113 HTTP/1.1" 200 17851 "http://renault.activities.at/10260249?dir=DESC&mode=grid&order=name&limit=50" "Mozilla/5.0 (Windows NT 10.0; Win64; x64) AppleWebKit/537.36 (KHTML, like Gecko) Chrome/73.0.3683.86 Safari/537.36"
213.153.47.173 - - [22/Mar/2019:11:02:22 +0100] "GET /reload?ser=1553248942887 HTTP/1.1" 200 28 "http://renault.activities.at/login?required=true" "Mozilla/5.0 (Windows NT 10.0; Win64; x64; rv:65.0) Gecko/20100101 Firefox/65.0"
193.194.132.23 - - [22/Mar/2019:11:02:50 +0100] "GET /reload?ser=1553248970127 HTTP/1.1" 200 28 "http://renault.2web.at/account?loadrequest=true" "Mozilla/5.0 (Windows NT 10.0; WOW64; Trident/7.0; Touch; rv:11.0) like Gecko"
212.152.246.131 - - [22/Mar/2019:11:02:56 +0100] "POST /10260249?dir=DESC&mode=grid&order=name&limit=50 HTTP/1.1" 200 11559 "http://renault.activities.at/10260249?dir=DESC&mode=grid&order=name&limit=50" "Mozilla/5.0 (Windows NT 10.0; Win64; x64) AppleWebKit/537.36 (KHTML, like Gecko) Chrome/73.0.3683.86 Safari/537.36"
212.152.246.131 - - [22/Mar/2019:11:02:58 +0100] "GET /images/success_msg_icon.gif HTTP/1.1" 200 1024 "http://renault.activities.at/css/styles.css" "Mozilla/5.0 (Windows NT 10.0; Win64; x64) AppleWebKit/537.36 (KHTML, like Gecko) Chrome/73.0.3683.86 Safari/537.36"
212.152.246.131 - - [22/Mar/2019:11:03:04 +0100] "POST /10260249?dir=DESC&mode=grid&order=name&limit=50 HTTP/1.1" 200 11555 "http://renault.activities.at/10260249?dir=DESC&mode=grid&order=name&limit=50" "Mozilla/5.0 (Windows NT 10.0; Win64; x64) AppleWebKit/537.36 (KHTML, like Gecko) Chrome/73.0.3683.86 Safari/537.36"
213.153.47.173 - - [22/Mar/2019:11:03:07 +0100] "GET /reload?ser=1553248987227 HTTP/1.1" 200 28 "http://renault.activities.at/login?required=true" "Mozilla/5.0 (Windows NT 10.0; Win64; x64; rv:65.0) Gecko/20100101 Firefox/65.0"
213.153.47.173 - - [22/Mar/2019:11:03:23 +0100] "GET /reload?ser=1553249003567 HTTP/1.1" 200 28 "http://renault.activities.at/login?required=true" "Mozilla/5.0 (Windows NT 10.0; Win64; x64; rv:65.0) Gecko/20100101 Firefox/65.0"
193.194.132.23 - - [22/Mar/2019:11:03:51 +0100] "GET /reload?ser=1553249031164 HTTP/1.1" 200 28 "http://renault.2web.at/account?loadrequest=true" "Mozilla/5.0 (Windows NT 10.0; WOW64; Trident/7.0; Touch; rv:11.0) like Gecko"
212.152.246.131 - - [22/Mar/2019:11:04:06 +0100] "GET /10260286 HTTP/1.1" 200 6041 "http://renault.activities.at/10260249?dir=DESC&mode=grid&order=name&limit=50" "Mozilla/5.0 (Windows NT 10.0; Win64; x64) AppleWebKit/537.36 (KHTML, like Gecko) Chrome/73.0.3683.86 Safari/537.36"
213.153.47.173 - - [22/Mar/2019:11:04:07 +0100] "GET /reload?ser=1553249047897 HTTP/1.1" 200 28 "http://renault.activities.at/login?required=true" "Mozilla/5.0 (Windows NT 10.0; Win64; x64; rv:65.0) Gecko/20100101 Firefox/65.0"
212.152.246.131 - - [22/Mar/2019:11:04:08 +0100] "GET /loadthumbnail.php?id=11423838&width=113 HTTP/1.1" 200 2865 "http://renault.activities.at/10260286" "Mozilla/5.0 (Windows NT 10.0; Win64; x64) AppleWebKit/537.36 (KHTML, like Gecko) Chrome/73.0.3683.86 Safari/537.36"
212.152.246.131 - - [22/Mar/2019:11:04:06 +0100] "GET /reload?ser=1553249047487 HTTP/1.1" 200 28 "http://renault.activities.at/10260249?dir=DESC&mode=grid&order=name&limit=50" "Mozilla/5.0 (Windows NT 10.0; Win64; x64) AppleWebKit/537.36 (KHTML, like Gecko) Chrome/73.0.3683.86 Safari/537.36"
212.152.246.131 - - [22/Mar/2019:11:04:20 +0100] "GET /10260016 HTTP/1.1" 200 6590 "http://renault.activities.at/10260286" "Mozilla/5.0 (Windows NT 10.0; Win64; x64) AppleWebKit/537.36 (KHTML, like Gecko) Chrome/73.0.3683.86 Safari/537.36"
212.152.246.131 - - [22/Mar/2019:11:04:22 +0100] "GET /loadthumbnail.php?id=10562347&width=113 HTTP/1.1" 200 4993 "http://renault.activities.at/10260016" "Mozilla/5.0 (Windows NT 10.0; Win64; x64) AppleWebKit/537.36 (KHTML, like Gecko) Chrome/73.0.3683.86 Safari/537.36"
212.152.246.131 - - [22/Mar/2019:11:04:22 +0100] "GET /loadthumbnail.php?id=10562346&width=113 HTTP/1.1" 200 5314 "http://renault.activities.at/10260016" "Mozilla/5.0 (Windows NT 10.0; Win64; x64) AppleWebKit/537.36 (KHTML, like Gecko) Chrome/73.0.3683.86 Safari/537.36"
213.153.47.173 - - [22/Mar/2019:11:04:24 +0100] "GET /reload?ser=1553249064348 HTTP/1.1" 200 28 "http://renault.activities.at/login?required=true" "Mozilla/5.0 (Windows NT 10.0; Win64; x64; rv:65.0) Gecko/20100101 Firefox/65.0"
212.152.246.131 - - [22/Mar/2019:11:04:44 +0100] "GET /10260008 HTTP/1.1" 200 8754 "http://renault.activities.at/10260016" "Mozilla/5.0 (Windows NT 10.0; Win64; x64) AppleWebKit/537.36 (KHTML, like Gecko) Chrome/73.0.3683.86 Safari/537.36"
212.152.246.131 - - [22/Mar/2019:11:04:47 +0100] "GET /loadthumbnail.php?id=11319988&width=113 HTTP/1.1" 200 44228 "http://renault.activities.at/10260008" "Mozilla/5.0 (Windows NT 10.0; Win64; x64) AppleWebKit/537.36 (KHTML, like Gecko) Chrome/73.0.3683.86 Safari/537.36"
212.152.246.131 - - [22/Mar/2019:11:04:47 +0100] "GET /loadthumbnail.php?id=11658180&width=113 HTTP/1.1" 200 29422 "http://renault.activities.at/10260008" "Mozilla/5.0 (Windows NT 10.0; Win64; x64) AppleWebKit/537.36 (KHTML, like Gecko) Chrome/73.0.3683.86 Safari/537.36"
212.152.246.131 - - [22/Mar/2019:11:04:47 +0100] "GET /loadthumbnail.php?id=11319984&width=113 HTTP/1.1" 200 28924 "http://renault.activities.at/10260008" "Mozilla/5.0 (Windows NT 10.0; Win64; x64) AppleWebKit/537.36 (KHTML, like Gecko) Chrome/73.0.3683.86 Safari/537.36"
212.152.246.131 - - [22/Mar/2019:11:04:47 +0100] "GET /loadthumbnail.php?id=11334756&width=113 HTTP/1.1" 200 24626 "http://renault.activities.at/10260008" "Mozilla/5.0 (Windows NT 10.0; Win64; x64) AppleWebKit/537.36 (KHTML, like Gecko) Chrome/73.0.3683.86 Safari/537.36"
193.194.132.23 - - [22/Mar/2019:11:04:52 +0100] "GET /reload?ser=1553249092172 HTTP/1.1" 200 28 "http://renault.2web.at/account?loadrequest=true" "Mozilla/5.0 (Windows NT 10.0; WOW64; Trident/7.0; Touch; rv:11.0) like Gecko"
212.152.246.131 - - [22/Mar/2019:11:05:03 +0100] "GET /10260250 HTTP/1.1" 200 8761 "http://renault.activities.at/10260008" "Mozilla/5.0 (Windows NT 10.0; Win64; x64) AppleWebKit/537.36 (KHTML, like Gecko) Chrome/73.0.3683.86 Safari/537.36"
212.152.246.131 - - [22/Mar/2019:11:05:06 +0100] "GET /loadthumbnail.php?id=11342686&width=113 HTTP/1.1" 200 21940 "http://renault.activities.at/10260250" "Mozilla/5.0 (Windows NT 10.0; Win64; x64) AppleWebKit/537.36 (KHTML, like Gecko) Chrome/73.0.3683.86 Safari/537.36"
212.152.246.131 - - [22/Mar/2019:11:05:06 +0100] "GET /loadthumbnail.php?id=11645083&width=113 HTTP/1.1" 200 20489 "http://renault.activities.at/10260250" "Mozilla/5.0 (Windows NT 10.0; Win64; x64) AppleWebKit/537.36 (KHTML, like Gecko) Chrome/73.0.3683.86 Safari/537.36"
212.152.246.131 - - [22/Mar/2019:11:05:06 +0100] "GET /loadthumbnail.php?id=11518629&width=113 HTTP/1.1" 200 19415 "http://renault.activities.at/10260250" "Mozilla/5.0 (Windows NT 10.0; Win64; x64) AppleWebKit/537.36 (KHTML, like Gecko) Chrome/73.0.3683.86 Safari/537.36"
212.152.246.131 - - [22/Mar/2019:11:05:06 +0100] "GET /loadthumbnail.php?id=11564187&width=113 HTTP/1.1" 200 22491 "http://renault.activities.at/10260250" "Mozilla/5.0 (Windows NT 10.0; Win64; x64) AppleWebKit/537.36 (KHTML, like Gecko) Chrome/73.0.3683.86 Safari/537.36"
212.152.246.131 - - [22/Mar/2019:11:05:06 +0100] "GET /loadthumbnail.php?id=11976076&width=113 HTTP/1.1" 200 17152 "http://renault.activities.at/10260250" "Mozilla/5.0 (Windows NT 10.0; Win64; x64) AppleWebKit/537.36 (KHTML, like Gecko) Chrome/73.0.3683.86 Safari/537.36"
212.152.246.131 - - [22/Mar/2019:11:05:06 +0100] "GET /loadthumbnail.php?id=11383873&width=113 HTTP/1.1" 200 23267 "http://renault.activities.at/10260250" "Mozilla/5.0 (Windows NT 10.0; Win64; x64) AppleWebKit/537.36 (KHTML, like Gecko) Chrome/73.0.3683.86 Safari/537.36"
212.152.246.131 - - [22/Mar/2019:11:05:07 +0100] "GET /loadthumbnail.php?id=11361093&width=113 HTTP/1.1" 200 21857 "http://renault.activities.at/10260250" "Mozilla/5.0 (Windows NT 10.0; Win64; x64) AppleWebKit/537.36 (KHTML, like Gecko) Chrome/73.0.3683.86 Safari/537.36"
212.152.246.131 - - [22/Mar/2019:11:05:07 +0100] "GET /loadthumbnail.php?id=11793250&width=113 HTTP/1.1" 200 23647 "http://renault.activities.at/10260250" "Mozilla/5.0 (Windows NT 10.0; Win64; x64) AppleWebKit/537.36 (KHTML, like Gecko) Chrome/73.0.3683.86 Safari/537.36"
212.152.246.131 - - [22/Mar/2019:11:05:07 +0100] "GET /loadthumbnail.php?id=11976088&width=113 HTTP/1.1" 200 23388 "http://renault.activities.at/10260250" "Mozilla/5.0 (Windows NT 10.0; Win64; x64) AppleWebKit/537.36 (KHTML, like Gecko) Chrome/73.0.3683.86 Safari/537.36"
212.152.246.131 - - [22/Mar/2019:11:05:07 +0100] "GET /loadthumbnail.php?id=11976092&width=113 HTTP/1.1" 200 22943 "http://renault.activities.at/10260250" "Mozilla/5.0 (Windows NT 10.0; Win64; x64) AppleWebKit/537.36 (KHTML, like Gecko) Chrome/73.0.3683.86 Safari/537.36"
212.152.246.131 - - [22/Mar/2019:11:05:07 +0100] "GET /loadthumbnail.php?id=11679165&width=113 HTTP/1.1" 200 19398 "http://renault.activities.at/10260250" "Mozilla/5.0 (Windows NT 10.0; Win64; x64) AppleWebKit/537.36 (KHTML, like Gecko) Chrome/73.0.3683.86 Safari/537.36"
