80.123.225.36 - - [27/Mar/2019:14:33:19 +0100] "GET /graphics/zoomin.cur HTTP/1.1" 200 3633 "http://renault.activities.at/717264?print=true" "Mozilla/5.0 (compatible; MSIE 9.0; Windows NT 6.1; WOW64; Trident/5.0)"
80.123.225.36 - - [27/Mar/2019:14:33:25 +0100] "POST /result?searchterm=true&search=kontroll HTTP/1.1" 200 6511 "http://renault.activities.at/result?searchterm=true&search=kontroll" "Mozilla/5.0 (compatible; MSIE 9.0; Windows NT 6.1; WOW64; Trident/5.0)"
80.123.225.36 - - [27/Mar/2019:14:33:42 +0100] "GET /js/index.php?c=auto&f=,prototype/prototype.js,prototype/validation.js,scriptaculous/builder.js,scriptaculous/effects.js,scriptaculous/dragdrop.js,scriptaculous/controls.js,scriptaculous/slider.js,varien/js.js,varien/form.js,varien/menu.js,mage/translate.js,mage/cookies.js,varien/product.js,spinner/SpinnerControl.jsmin.js,prototype/window.js,prototype/window_ext.js HTTP/1.1" 304 - "http://renault.activities.at/result?searchterm=true&search=kontroll" "Mozilla/5.0 (compatible; MSIE 9.0; Windows NT 6.1; WOW64; Trident/5.0)"
80.123.225.36 - - [27/Mar/2019:14:33:43 +0100] "GET /images/success_msg_icon.gif HTTP/1.1" 200 1024 "http://renault.activities.at/result?searchterm=true&search=kontroll" "Mozilla/5.0 (compatible; MSIE 9.0; Windows NT 6.1; WOW64; Trident/5.0)"
80.123.225.36 - - [27/Mar/2019:14:33:21 +0100] "GET /null HTTP/1.1" 200 3633 "http://renault.activities.at/result?searchterm=true&search=kontroll" "Mozilla/5.0 (compatible; MSIE 9.0; Windows NT 6.1; WOW64; Trident/5.0)"
80.123.225.36 - - [27/Mar/2019:14:33:20 +0100] "GET /graphics/zoomin.cur HTTP/1.1" 200 3633 "http://renault.activities.at/717264?print=true" "Mozilla/5.0 (compatible; MSIE 9.0; Windows NT 6.1; WOW64; Trident/5.0)"
80.123.225.36 - - [27/Mar/2019:14:33:21 +0100] "GET /graphics/zoomin.cur HTTP/1.1" 200 3633 "http://renault.activities.at/717264?print=true" "Mozilla/5.0 (compatible; MSIE 9.0; Windows NT 6.1; WOW64; Trident/5.0)"
80.123.225.36 - - [27/Mar/2019:14:33:17 +0100] "GET /graphics/zoomin.cur HTTP/1.1" 200 3633 "http://renault.activities.at/717264?print=true" "Mozilla/5.0 (compatible; MSIE 9.0; Windows NT 6.1; WOW64; Trident/5.0)"
80.123.225.36 - - [27/Mar/2019:14:33:17 +0100] "GET /graphics/zoomin.cur HTTP/1.1" 200 3633 "http://renault.activities.at/717264?print=true" "Mozilla/5.0 (compatible; MSIE 9.0; Windows NT 6.1; WOW64; Trident/5.0)"
80.123.225.36 - - [27/Mar/2019:14:33:21 +0100] "GET /graphics/zoomin.cur HTTP/1.1" 200 3633 "http://renault.activities.at/717264?print=true" "Mozilla/5.0 (compatible; MSIE 9.0; Windows NT 6.1; WOW64; Trident/5.0)"
91.113.165.162 - - [27/Mar/2019:14:33:48 +0100] "GET /reload?ser=1553693628865 HTTP/1.1" 200 28 "http://renault.activities.at/success" "Mozilla/5.0 (Windows NT 10.0; WOW64; Trident/7.0; rv:11.0) like Gecko"
80.123.225.36 - - [27/Mar/2019:14:33:45 +0100] "GET /717548?print=true HTTP/1.1" 200 2672 "http://renault.activities.at/result?searchterm=true&search=kontroll" "Mozilla/5.0 (compatible; MSIE 9.0; Windows NT 6.1; WOW64; Trident/5.0)"
80.123.225.36 - - [27/Mar/2019:14:33:21 +0100] "GET /graphics/zoomin.cur HTTP/1.1" 200 3633 "http://renault.activities.at/717264?print=true" "Mozilla/5.0 (compatible; MSIE 9.0; Windows NT 6.1; WOW64; Trident/5.0)"
80.123.225.36 - - [27/Mar/2019:14:33:52 +0100] "GET /null HTTP/1.1" 200 3633 "http://renault.activities.at/result?searchterm=true&search=kontroll" "Mozilla/5.0 (compatible; MSIE 9.0; Windows NT 6.1; WOW64; Trident/5.0)"
80.123.225.36 - - [27/Mar/2019:14:33:55 +0100] "GET /js/index.php?c=auto&f=,prototype/prototype.js,prototype/validation.js,scriptaculous/builder.js,scriptaculous/effects.js,scriptaculous/dragdrop.js,scriptaculous/controls.js,scriptaculous/slider.js,varien/js.js,varien/form.js,varien/menu.js,mage/translate.js,mage/cookies.js,varien/product.js,spinner/SpinnerControl.jsmin.js,prototype/window.js,prototype/window_ext.js HTTP/1.1" 304 - "http://renault.activities.at/null" "Mozilla/5.0 (compatible; MSIE 9.0; Windows NT 6.1; WOW64; Trident/5.0)"
80.120.148.242 - - [27/Mar/2019:14:33:57 +0100] "GET /reload?ser=1553693637872 HTTP/1.1" 200 28 "http://renault.activities.at/success" "Mozilla/5.0 (Windows NT 6.1; Win64; x64) AppleWebKit/537.36 (KHTML, like Gecko) Chrome/72.0.3626.121 Safari/537.36"
80.123.225.36 - - [27/Mar/2019:14:33:59 +0100] "GET /717548?print=true HTTP/1.1" 200 2672 "http://renault.activities.at/result?searchterm=true&search=kontroll" "Mozilla/5.0 (compatible; MSIE 9.0; Windows NT 6.1; WOW64; Trident/5.0)"
80.123.225.36 - - [27/Mar/2019:14:34:00 +0100] "GET /js/index.php?c=auto&f=,prototype/prototype.js,prototype/validation.js,scriptaculous/builder.js,scriptaculous/effects.js,scriptaculous/dragdrop.js,scriptaculous/controls.js,scriptaculous/slider.js,varien/js.js,varien/form.js,varien/menu.js,mage/translate.js,mage/cookies.js,varien/product.js,spinner/SpinnerControl.jsmin.js,prototype/window.js,prototype/window_ext.js HTTP/1.1" 304 - "http://renault.activities.at/717548?print=true" "Mozilla/5.0 (compatible; MSIE 9.0; Windows NT 6.1; WOW64; Trident/5.0)"
80.123.225.36 - - [27/Mar/2019:14:34:00 +0100] "GET /loadthumbnail.php?id=11423691&width=250 HTTP/1.1" 200 20954 "http://renault.activities.at/717548?print=true" "Mozilla/5.0 (compatible; MSIE 9.0; Windows NT 6.1; WOW64; Trident/5.0)"
80.123.225.36 - - [27/Mar/2019:14:34:00 +0100] "GET /loadthumbnail.php?id=11423691&width=900&height=900 HTTP/1.1" 200 35596 "http://renault.activities.at/717548?print=true" "Mozilla/5.0 (compatible; MSIE 9.0; Windows NT 6.1; WOW64; Trident/5.0)"
80.123.225.36 - - [27/Mar/2019:14:34:00 +0100] "GET /graphics/zoomin.cur HTTP/1.1" 200 3633 "http://renault.activities.at/717548?print=true" "Mozilla/5.0 (compatible; MSIE 9.0; Windows NT 6.1; WOW64; Trident/5.0)"
80.123.225.36 - - [27/Mar/2019:14:34:03 +0100] "GET /graphics/zoomin.cur HTTP/1.1" 200 3633 "http://renault.activities.at/717548?print=true" "Mozilla/5.0 (compatible; MSIE 9.0; Windows NT 6.1; WOW64; Trident/5.0)"
80.123.225.36 - - [27/Mar/2019:14:34:03 +0100] "GET /graphics/zoomin.cur HTTP/1.1" 200 3633 "http://renault.activities.at/717548?print=true" "Mozilla/5.0 (compatible; MSIE 9.0; Windows NT 6.1; WOW64; Trident/5.0)"
80.123.225.36 - - [27/Mar/2019:14:34:03 +0100] "GET /graphics/zoomin.cur HTTP/1.1" 200 3633 "http://renault.activities.at/717548?print=true" "Mozilla/5.0 (compatible; MSIE 9.0; Windows NT 6.1; WOW64; Trident/5.0)"
80.123.225.36 - - [27/Mar/2019:14:34:04 +0100] "GET /graphics/zoomin.cur HTTP/1.1" 200 3633 "http://renault.activities.at/717548?print=true" "Mozilla/5.0 (compatible; MSIE 9.0; Windows NT 6.1; WOW64; Trident/5.0)"
80.123.225.36 - - [27/Mar/2019:14:34:04 +0100] "POST /717548?print=true HTTP/1.1" 200 2780 "http://renault.activities.at/717548?print=true" "Mozilla/5.0 (compatible; MSIE 9.0; Windows NT 6.1; WOW64; Trident/5.0)"
80.123.225.36 - - [27/Mar/2019:14:34:09 +0100] "GET /js/index.php?c=auto&f=,prototype/prototype.js,prototype/validation.js,scriptaculous/builder.js,scriptaculous/effects.js,scriptaculous/dragdrop.js,scriptaculous/controls.js,scriptaculous/slider.js,varien/js.js,varien/form.js,varien/menu.js,mage/translate.js,mage/cookies.js,varien/product.js,spinner/SpinnerControl.jsmin.js,prototype/window.js,prototype/window_ext.js HTTP/1.1" 304 - "http://renault.activities.at/717548?print=true" "Mozilla/5.0 (compatible; MSIE 9.0; Windows NT 6.1; WOW64; Trident/5.0)"
80.123.225.36 - - [27/Mar/2019:14:34:05 +0100] "GET /graphics/zoomin.cur HTTP/1.1" 200 3633 "http://renault.activities.at/717548?print=true" "Mozilla/5.0 (compatible; MSIE 9.0; Windows NT 6.1; WOW64; Trident/5.0)"
80.123.225.36 - - [27/Mar/2019:14:34:05 +0100] "GET /graphics/zoomin.cur HTTP/1.1" 200 3633 "http://renault.activities.at/717548?print=true" "Mozilla/5.0 (compatible; MSIE 9.0; Windows NT 6.1; WOW64; Trident/5.0)"
80.123.225.36 - - [27/Mar/2019:14:34:05 +0100] "GET /graphics/zoomin.cur HTTP/1.1" 200 3633 "http://renault.activities.at/717548?print=true" "Mozilla/5.0 (compatible; MSIE 9.0; Windows NT 6.1; WOW64; Trident/5.0)"
80.123.225.36 - - [27/Mar/2019:14:34:05 +0100] "GET /graphics/zoomin.cur HTTP/1.1" 200 3633 "http://renault.activities.at/717548?print=true" "Mozilla/5.0 (compatible; MSIE 9.0; Windows NT 6.1; WOW64; Trident/5.0)"
80.123.225.36 - - [27/Mar/2019:14:34:04 +0100] "GET /graphics/zoomin.cur HTTP/1.1" 200 3633 "http://renault.activities.at/717548?print=true" "Mozilla/5.0 (compatible; MSIE 9.0; Windows NT 6.1; WOW64; Trident/5.0)"
80.123.225.36 - - [27/Mar/2019:14:34:03 +0100] "GET /graphics/zoomin.cur HTTP/1.1" 200 3633 "http://renault.activities.at/717548?print=true" "Mozilla/5.0 (compatible; MSIE 9.0; Windows NT 6.1; WOW64; Trident/5.0)"
80.123.225.36 - - [27/Mar/2019:14:34:05 +0100] "GET /graphics/zoomin.cur HTTP/1.1" 200 3633 "http://renault.activities.at/717548?print=true" "Mozilla/5.0 (compatible; MSIE 9.0; Windows NT 6.1; WOW64; Trident/5.0)"
80.123.225.36 - - [27/Mar/2019:14:34:05 +0100] "GET /graphics/zoomin.cur HTTP/1.1" 200 3633 "http://renault.activities.at/717548?print=true" "Mozilla/5.0 (compatible; MSIE 9.0; Windows NT 6.1; WOW64; Trident/5.0)"
80.123.225.36 - - [27/Mar/2019:14:34:11 +0100] "GET /graphics/zoomin.cur HTTP/1.1" 200 3633 "http://renault.activities.at/717548?print=true" "Mozilla/5.0 (compatible; MSIE 9.0; Windows NT 6.1; WOW64; Trident/5.0)"
80.123.225.36 - - [27/Mar/2019:14:34:10 +0100] "GET /graphics/zoomin.cur HTTP/1.1" 200 3633 "http://renault.activities.at/717548?print=true" "Mozilla/5.0 (compatible; MSIE 9.0; Windows NT 6.1; WOW64; Trident/5.0)"
80.123.225.36 - - [27/Mar/2019:14:34:11 +0100] "GET /graphics/zoomin.cur HTTP/1.1" 200 3633 "http://renault.activities.at/717548?print=true" "Mozilla/5.0 (compatible; MSIE 9.0; Windows NT 6.1; WOW64; Trident/5.0)"
80.123.225.36 - - [27/Mar/2019:14:34:12 +0100] "GET /graphics/zoomin.cur HTTP/1.1" 200 3633 "http://renault.activities.at/717548?print=true" "Mozilla/5.0 (compatible; MSIE 9.0; Windows NT 6.1; WOW64; Trident/5.0)"
80.123.225.36 - - [27/Mar/2019:14:34:12 +0100] "GET /graphics/zoomin.cur HTTP/1.1" 200 3633 "http://renault.activities.at/717548?print=true" "Mozilla/5.0 (compatible; MSIE 9.0; Windows NT 6.1; WOW64; Trident/5.0)"
80.123.225.36 - - [27/Mar/2019:14:34:13 +0100] "GET /graphics/zoomin.cur HTTP/1.1" 200 3633 "http://renault.activities.at/717548?print=true" "Mozilla/5.0 (compatible; MSIE 9.0; Windows NT 6.1; WOW64; Trident/5.0)"
80.123.225.36 - - [27/Mar/2019:14:34:11 +0100] "GET /graphics/zoomin.cur HTTP/1.1" 200 3633 "http://renault.activities.at/717548?print=true" "Mozilla/5.0 (compatible; MSIE 9.0; Windows NT 6.1; WOW64; Trident/5.0)"
213.153.47.173 - - [27/Mar/2019:14:34:27 +0100] "GET /reload?ser=1553693667432 HTTP/1.1" 200 28 "http://renault.activities.at/login?required=true" "Mozilla/5.0 (Windows NT 10.0; Win64; x64; rv:66.0) Gecko/20100101 Firefox/66.0"
80.123.225.36 - - [27/Mar/2019:14:34:12 +0100] "GET /graphics/zoomin.cur HTTP/1.1" 200 3633 "http://renault.activities.at/717548?print=true" "Mozilla/5.0 (compatible; MSIE 9.0; Windows NT 6.1; WOW64; Trident/5.0)"
80.123.225.36 - - [27/Mar/2019:14:34:12 +0100] "GET /graphics/zoomin.cur HTTP/1.1" 200 3633 "http://renault.activities.at/717548?print=true" "Mozilla/5.0 (compatible; MSIE 9.0; Windows NT 6.1; WOW64; Trident/5.0)"
80.123.225.36 - - [27/Mar/2019:14:34:13 +0100] "GET /graphics/zoomin.cur HTTP/1.1" 200 3633 "http://renault.activities.at/717548?print=true" "Mozilla/5.0 (compatible; MSIE 9.0; Windows NT 6.1; WOW64; Trident/5.0)"
80.123.225.36 - - [27/Mar/2019:14:34:13 +0100] "GET /graphics/zoomin.cur HTTP/1.1" 200 3633 "http://renault.activities.at/717548?print=true" "Mozilla/5.0 (compatible; MSIE 9.0; Windows NT 6.1; WOW64; Trident/5.0)"
80.123.225.36 - - [27/Mar/2019:14:34:20 +0100] "POST /axjaxrequest?mode=suggest HTTP/1.1" 200 21 "http://renault.activities.at/result?searchterm=true&search=kontroll" "Mozilla/5.0 (compatible; MSIE 9.0; Windows NT 6.1; WOW64; Trident/5.0)"
80.123.225.36 - - [27/Mar/2019:14:34:06 +0100] "GET /graphics/zoomin.cur HTTP/1.1" 200 3633 "http://renault.activities.at/717548?print=true" "Mozilla/5.0 (compatible; MSIE 9.0; Windows NT 6.1; WOW64; Trident/5.0)"
80.123.225.36 - - [27/Mar/2019:14:34:11 +0100] "GET /graphics/zoomin.cur HTTP/1.1" 200 3633 "http://renault.activities.at/717548?print=true" "Mozilla/5.0 (compatible; MSIE 9.0; Windows NT 6.1; WOW64; Trident/5.0)"
80.123.225.36 - - [27/Mar/2019:14:34:12 +0100] "GET /graphics/zoomin.cur HTTP/1.1" 200 3633 "http://renault.activities.at/717548?print=true" "Mozilla/5.0 (compatible; MSIE 9.0; Windows NT 6.1; WOW64; Trident/5.0)"
80.123.225.36 - - [27/Mar/2019:14:34:13 +0100] "GET /graphics/zoomin.cur HTTP/1.1" 200 3633 "http://renault.activities.at/717548?print=true" "Mozilla/5.0 (compatible; MSIE 9.0; Windows NT 6.1; WOW64; Trident/5.0)"
80.123.225.36 - - [27/Mar/2019:14:34:12 +0100] "GET /graphics/zoomin.cur HTTP/1.1" 200 3633 "http://renault.activities.at/717548?print=true" "Mozilla/5.0 (compatible; MSIE 9.0; Windows NT 6.1; WOW64; Trident/5.0)"
80.123.225.36 - - [27/Mar/2019:14:34:09 +0100] "GET /graphics/zoomin.cur HTTP/1.1" 200 3633 "http://renault.activities.at/717548?print=true" "Mozilla/5.0 (compatible; MSIE 9.0; Windows NT 6.1; WOW64; Trident/5.0)"
80.123.225.36 - - [27/Mar/2019:14:34:12 +0100] "GET /graphics/zoomin.cur HTTP/1.1" 200 3633 "http://renault.activities.at/717548?print=true" "Mozilla/5.0 (compatible; MSIE 9.0; Windows NT 6.1; WOW64; Trident/5.0)"
80.123.225.36 - - [27/Mar/2019:14:34:12 +0100] "GET /graphics/zoomin.cur HTTP/1.1" 200 3633 "http://renault.activities.at/717548?print=true" "Mozilla/5.0 (compatible; MSIE 9.0; Windows NT 6.1; WOW64; Trident/5.0)"
80.123.225.36 - - [27/Mar/2019:14:34:13 +0100] "GET /graphics/zoomin.cur HTTP/1.1" 200 3633 "http://renault.activities.at/717548?print=true" "Mozilla/5.0 (compatible; MSIE 9.0; Windows NT 6.1; WOW64; Trident/5.0)"
80.123.225.36 - - [27/Mar/2019:14:34:13 +0100] "GET /graphics/zoomin.cur HTTP/1.1" 200 3633 "http://renault.activities.at/717548?print=true" "Mozilla/5.0 (compatible; MSIE 9.0; Windows NT 6.1; WOW64; Trident/5.0)"
80.123.225.36 - - [27/Mar/2019:14:34:13 +0100] "GET /graphics/zoomin.cur HTTP/1.1" 200 3633 "http://renault.activities.at/717548?print=true" "Mozilla/5.0 (compatible; MSIE 9.0; Windows NT 6.1; WOW64; Trident/5.0)"
80.123.225.36 - - [27/Mar/2019:14:34:13 +0100] "GET /graphics/zoomin.cur HTTP/1.1" 200 3633 "http://renault.activities.at/717548?print=true" "Mozilla/5.0 (compatible; MSIE 9.0; Windows NT 6.1; WOW64; Trident/5.0)"
80.123.225.36 - - [27/Mar/2019:14:34:13 +0100] "GET /graphics/zoomin.cur HTTP/1.1" 200 3633 "http://renault.activities.at/717548?print=true" "Mozilla/5.0 (compatible; MSIE 9.0; Windows NT 6.1; WOW64; Trident/5.0)"
80.123.225.36 - - [27/Mar/2019:14:34:12 +0100] "GET /graphics/zoomin.cur HTTP/1.1" 200 3633 "http://renault.activities.at/717548?print=true" "Mozilla/5.0 (compatible; MSIE 9.0; Windows NT 6.1; WOW64; Trident/5.0)"
80.123.225.36 - - [27/Mar/2019:14:34:09 +0100] "GET /graphics/zoomin.cur HTTP/1.1" 200 3633 "http://renault.activities.at/717548?print=true" "Mozilla/5.0 (compatible; MSIE 9.0; Windows NT 6.1; WOW64; Trident/5.0)"
91.113.165.162 - - [27/Mar/2019:14:34:49 +0100] "GET /reload?ser=1553693689834 HTTP/1.1" 200 28 "http://renault.activities.at/success" "Mozilla/5.0 (Windows NT 10.0; WOW64; Trident/7.0; rv:11.0) like Gecko"
80.123.225.36 - - [27/Mar/2019:14:34:13 +0100] "GET /graphics/zoomin.cur HTTP/1.1" 200 3633 "http://renault.activities.at/717548?print=true" "Mozilla/5.0 (compatible; MSIE 9.0; Windows NT 6.1; WOW64; Trident/5.0)"
80.123.225.36 - - [27/Mar/2019:14:34:22 +0100] "GET /result?searchterm=true&search=preisschild HTTP/1.1" 200 4670 "http://renault.activities.at/result?searchterm=true&search=kontroll" "Mozilla/5.0 (compatible; MSIE 9.0; Windows NT 6.1; WOW64; Trident/5.0)"
80.123.225.36 - - [27/Mar/2019:14:34:29 +0100] "GET /result?searchterm=true&search=preisschild HTTP/1.1" 200 4670 "http://renault.activities.at/result?searchterm=true&search=kontroll" "Mozilla/5.0 (compatible; MSIE 9.0; Windows NT 6.1; WOW64; Trident/5.0)"
80.123.225.36 - - [27/Mar/2019:14:34:53 +0100] "GET /js/index.php?c=auto&f=,prototype/prototype.js,prototype/validation.js,scriptaculous/builder.js,scriptaculous/effects.js,scriptaculous/dragdrop.js,scriptaculous/controls.js,scriptaculous/slider.js,varien/js.js,varien/form.js,varien/menu.js,mage/translate.js,mage/cookies.js,varien/product.js,spinner/SpinnerControl.jsmin.js,prototype/window.js,prototype/window_ext.js HTTP/1.1" 304 - "http://renault.activities.at/result?searchterm=true&search=preisschild" "Mozilla/5.0 (compatible; MSIE 9.0; Windows NT 6.1; WOW64; Trident/5.0)"
80.123.225.36 - - [27/Mar/2019:14:34:54 +0100] "GET /images/note_msg_icon.gif HTTP/1.1" 200 1022 "http://renault.activities.at/result?searchterm=true&search=preisschild" "Mozilla/5.0 (compatible; MSIE 9.0; Windows NT 6.1; WOW64; Trident/5.0)"
80.123.225.36 - - [27/Mar/2019:14:34:13 +0100] "GET /null HTTP/1.1" 200 3633 "http://renault.activities.at/result?searchterm=true&search=kontroll" "Mozilla/5.0 (compatible; MSIE 9.0; Windows NT 6.1; WOW64; Trident/5.0)"
80.123.225.36 - - [27/Mar/2019:14:34:19 +0100] "POST /axjaxrequest?mode=suggest HTTP/1.1" 200 193 "http://renault.activities.at/result?searchterm=true&search=kontroll" "Mozilla/5.0 (compatible; MSIE 9.0; Windows NT 6.1; WOW64; Trident/5.0)"
80.123.225.36 - - [27/Mar/2019:14:34:11 +0100] "GET /graphics/zoomin.cur HTTP/1.1" 200 3633 "http://renault.activities.at/717548?print=true" "Mozilla/5.0 (compatible; MSIE 9.0; Windows NT 6.1; WOW64; Trident/5.0)"
80.123.225.36 - - [27/Mar/2019:14:34:13 +0100] "GET /graphics/zoomin.cur HTTP/1.1" 200 3633 "http://renault.activities.at/717548?print=true" "Mozilla/5.0 (compatible; MSIE 9.0; Windows NT 6.1; WOW64; Trident/5.0)"
80.123.225.36 - - [27/Mar/2019:14:34:05 +0100] "GET /graphics/zoomin.cur HTTP/1.1" 200 3633 "http://renault.activities.at/717548?print=true" "Mozilla/5.0 (compatible; MSIE 9.0; Windows NT 6.1; WOW64; Trident/5.0)"
80.120.148.242 - - [27/Mar/2019:14:34:58 +0100] "GET /reload?ser=1553693698878 HTTP/1.1" 200 28 "http://renault.activities.at/success" "Mozilla/5.0 (Windows NT 6.1; Win64; x64) AppleWebKit/537.36 (KHTML, like Gecko) Chrome/72.0.3626.121 Safari/537.36"
80.123.225.36 - - [27/Mar/2019:14:34:09 +0100] "GET /graphics/zoomin.cur HTTP/1.1" 200 3633 "http://renault.activities.at/717548?print=true" "Mozilla/5.0 (compatible; MSIE 9.0; Windows NT 6.1; WOW64; Trident/5.0)"
80.123.225.36 - - [27/Mar/2019:14:34:12 +0100] "GET /graphics/zoomin.cur HTTP/1.1" 200 3633 "http://renault.activities.at/717548?print=true" "Mozilla/5.0 (compatible; MSIE 9.0; Windows NT 6.1; WOW64; Trident/5.0)"
80.123.225.36 - - [27/Mar/2019:14:34:13 +0100] "GET /graphics/zoomin.cur HTTP/1.1" 200 3633 "http://renault.activities.at/717548?print=true" "Mozilla/5.0 (compatible; MSIE 9.0; Windows NT 6.1; WOW64; Trident/5.0)"
80.123.225.36 - - [27/Mar/2019:14:34:43 +0100] "GET /reload?ser=1553693684103 HTTP/1.1" 200 28 "http://renault.activities.at/result?searchterm=true&search=kontroll" "Mozilla/5.0 (compatible; MSIE 9.0; Windows NT 6.1; WOW64; Trident/5.0)"
80.123.225.36 - - [27/Mar/2019:14:34:13 +0100] "GET /graphics/zoomin.cur HTTP/1.1" 200 3633 "http://renault.activities.at/717548?print=true" "Mozilla/5.0 (compatible; MSIE 9.0; Windows NT 6.1; WOW64; Trident/5.0)"
213.153.47.173 - - [27/Mar/2019:14:35:28 +0100] "GET /reload?ser=1553693728092 HTTP/1.1" 200 28 "http://renault.activities.at/login?required=true" "Mozilla/5.0 (Windows NT 10.0; Win64; x64; rv:66.0) Gecko/20100101 Firefox/66.0"
91.113.165.162 - - [27/Mar/2019:14:35:50 +0100] "GET /reload?ser=1553693750751 HTTP/1.1" 200 28 "http://renault.activities.at/success" "Mozilla/5.0 (Windows NT 10.0; WOW64; Trident/7.0; rv:11.0) like Gecko"
80.123.225.36 - - [27/Mar/2019:14:35:54 +0100] "GET /reload?ser=1553693755100 HTTP/1.1" 200 28 "http://renault.activities.at/result?searchterm=true&search=preisschild" "Mozilla/5.0 (compatible; MSIE 9.0; Windows NT 6.1; WOW64; Trident/5.0)"
80.120.148.242 - - [27/Mar/2019:14:35:59 +0100] "GET /reload?ser=1553693759886 HTTP/1.1" 200 28 "http://renault.activities.at/success" "Mozilla/5.0 (Windows NT 6.1; Win64; x64) AppleWebKit/537.36 (KHTML, like Gecko) Chrome/72.0.3626.121 Safari/537.36"
213.153.47.173 - - [27/Mar/2019:14:36:28 +0100] "GET /reload?ser=1553693788752 HTTP/1.1" 200 28 "http://renault.activities.at/login?required=true" "Mozilla/5.0 (Windows NT 10.0; Win64; x64; rv:66.0) Gecko/20100101 Firefox/66.0"
91.113.165.162 - - [27/Mar/2019:14:36:51 +0100] "GET /reload?ser=1553693811699 HTTP/1.1" 200 28 "http://renault.activities.at/success" "Mozilla/5.0 (Windows NT 10.0; WOW64; Trident/7.0; rv:11.0) like Gecko"
80.123.225.36 - - [27/Mar/2019:14:36:55 +0100] "GET /reload?ser=1553693816053 HTTP/1.1" 200 28 "http://renault.activities.at/result?searchterm=true&search=preisschild" "Mozilla/5.0 (compatible; MSIE 9.0; Windows NT 6.1; WOW64; Trident/5.0)"
80.120.148.242 - - [27/Mar/2019:14:37:00 +0100] "GET /reload?ser=1553693820893 HTTP/1.1" 200 28 "http://renault.activities.at/success" "Mozilla/5.0 (Windows NT 6.1; Win64; x64) AppleWebKit/537.36 (KHTML, like Gecko) Chrome/72.0.3626.121 Safari/537.36"
213.153.47.173 - - [27/Mar/2019:14:37:29 +0100] "GET /reload?ser=1553693849411 HTTP/1.1" 200 28 "http://renault.activities.at/login?required=true" "Mozilla/5.0 (Windows NT 10.0; Win64; x64; rv:66.0) Gecko/20100101 Firefox/66.0"
91.113.165.162 - - [27/Mar/2019:14:37:52 +0100] "GET /reload?ser=1553693872635 HTTP/1.1" 200 28 "http://renault.activities.at/success" "Mozilla/5.0 (Windows NT 10.0; WOW64; Trident/7.0; rv:11.0) like Gecko"
80.123.225.36 - - [27/Mar/2019:14:37:56 +0100] "GET /reload?ser=1553693877029 HTTP/1.1" 200 28 "http://renault.activities.at/result?searchterm=true&search=preisschild" "Mozilla/5.0 (compatible; MSIE 9.0; Windows NT 6.1; WOW64; Trident/5.0)"
80.120.148.242 - - [27/Mar/2019:14:38:01 +0100] "GET /reload?ser=1553693881900 HTTP/1.1" 200 28 "http://renault.activities.at/success" "Mozilla/5.0 (Windows NT 6.1; Win64; x64) AppleWebKit/537.36 (KHTML, like Gecko) Chrome/72.0.3626.121 Safari/537.36"
213.153.47.173 - - [27/Mar/2019:14:38:30 +0100] "GET /reload?ser=1553693910082 HTTP/1.1" 200 28 "http://renault.activities.at/login?required=true" "Mozilla/5.0 (Windows NT 10.0; Win64; x64; rv:66.0) Gecko/20100101 Firefox/66.0"
91.113.165.162 - - [27/Mar/2019:14:38:53 +0100] "GET /reload?ser=1553693933566 HTTP/1.1" 200 28 "http://renault.activities.at/success" "Mozilla/5.0 (Windows NT 10.0; WOW64; Trident/7.0; rv:11.0) like Gecko"
80.123.225.36 - - [27/Mar/2019:14:38:57 +0100] "GET /reload?ser=1553693937975 HTTP/1.1" 200 28 "http://renault.activities.at/result?searchterm=true&search=preisschild" "Mozilla/5.0 (compatible; MSIE 9.0; Windows NT 6.1; WOW64; Trident/5.0)"
80.120.148.242 - - [27/Mar/2019:14:39:02 +0100] "GET /reload?ser=1553693942907 HTTP/1.1" 200 28 "http://renault.activities.at/success" "Mozilla/5.0 (Windows NT 6.1; Win64; x64) AppleWebKit/537.36 (KHTML, like Gecko) Chrome/72.0.3626.121 Safari/537.36"
213.153.47.173 - - [27/Mar/2019:14:39:30 +0100] "GET /reload?ser=1553693970751 HTTP/1.1" 200 28 "http://renault.activities.at/login?required=true" "Mozilla/5.0 (Windows NT 10.0; Win64; x64; rv:66.0) Gecko/20100101 Firefox/66.0"
91.113.165.162 - - [27/Mar/2019:14:39:54 +0100] "GET /reload?ser=1553693994520 HTTP/1.1" 200 28 "http://renault.activities.at/success" "Mozilla/5.0 (Windows NT 10.0; WOW64; Trident/7.0; rv:11.0) like Gecko"
80.123.225.36 - - [27/Mar/2019:14:39:58 +0100] "GET /reload?ser=1553693998967 HTTP/1.1" 200 28 "http://renault.activities.at/result?searchterm=true&search=preisschild" "Mozilla/5.0 (compatible; MSIE 9.0; Windows NT 6.1; WOW64; Trident/5.0)"
80.120.148.242 - - [27/Mar/2019:14:40:03 +0100] "GET /reload?ser=1553694003914 HTTP/1.1" 200 28 "http://renault.activities.at/success" "Mozilla/5.0 (Windows NT 6.1; Win64; x64) AppleWebKit/537.36 (KHTML, like Gecko) Chrome/72.0.3626.121 Safari/537.36"
213.153.47.173 - - [27/Mar/2019:14:40:31 +0100] "GET /reload?ser=1553694031422 HTTP/1.1" 200 28 "http://renault.activities.at/login?required=true" "Mozilla/5.0 (Windows NT 10.0; Win64; x64; rv:66.0) Gecko/20100101 Firefox/66.0"
91.113.165.162 - - [27/Mar/2019:14:40:55 +0100] "GET /reload?ser=1553694055490 HTTP/1.1" 200 28 "http://renault.activities.at/success" "Mozilla/5.0 (Windows NT 10.0; WOW64; Trident/7.0; rv:11.0) like Gecko"
80.123.225.36 - - [27/Mar/2019:14:40:59 +0100] "GET /reload?ser=1553694059946 HTTP/1.1" 200 28 "http://renault.activities.at/result?searchterm=true&search=preisschild" "Mozilla/5.0 (compatible; MSIE 9.0; Windows NT 6.1; WOW64; Trident/5.0)"
80.120.148.242 - - [27/Mar/2019:14:41:04 +0100] "GET /reload?ser=1553694064922 HTTP/1.1" 200 28 "http://renault.activities.at/success" "Mozilla/5.0 (Windows NT 6.1; Win64; x64) AppleWebKit/537.36 (KHTML, like Gecko) Chrome/72.0.3626.121 Safari/537.36"
213.153.47.173 - - [27/Mar/2019:14:41:32 +0100] "GET /reload?ser=1553694092090 HTTP/1.1" 200 28 "http://renault.activities.at/login?required=true" "Mozilla/5.0 (Windows NT 10.0; Win64; x64; rv:66.0) Gecko/20100101 Firefox/66.0"
91.113.165.162 - - [27/Mar/2019:14:41:56 +0100] "GET /reload?ser=1553694116405 HTTP/1.1" 200 28 "http://renault.activities.at/success" "Mozilla/5.0 (Windows NT 10.0; WOW64; Trident/7.0; rv:11.0) like Gecko"
80.123.225.36 - - [27/Mar/2019:14:41:59 +0100] "GET /reload?ser=1553694120921 HTTP/1.1" 200 28 "http://renault.activities.at/result?searchterm=true&search=preisschild" "Mozilla/5.0 (compatible; MSIE 9.0; Windows NT 6.1; WOW64; Trident/5.0)"
80.120.148.242 - - [27/Mar/2019:14:42:05 +0100] "GET /reload?ser=1553694125928 HTTP/1.1" 200 28 "http://renault.activities.at/success" "Mozilla/5.0 (Windows NT 6.1; Win64; x64) AppleWebKit/537.36 (KHTML, like Gecko) Chrome/72.0.3626.121 Safari/537.36"
213.153.47.173 - - [27/Mar/2019:14:42:32 +0100] "GET /reload?ser=1553694152772 HTTP/1.1" 200 28 "http://renault.activities.at/login?required=true" "Mozilla/5.0 (Windows NT 10.0; Win64; x64; rv:66.0) Gecko/20100101 Firefox/66.0"
91.113.165.162 - - [27/Mar/2019:14:42:57 +0100] "GET /reload?ser=1553694177351 HTTP/1.1" 200 28 "http://renault.activities.at/success" "Mozilla/5.0 (Windows NT 10.0; WOW64; Trident/7.0; rv:11.0) like Gecko"
80.123.225.36 - - [27/Mar/2019:14:43:00 +0100] "GET /reload?ser=1553694181895 HTTP/1.1" 200 28 "http://renault.activities.at/result?searchterm=true&search=preisschild" "Mozilla/5.0 (compatible; MSIE 9.0; Windows NT 6.1; WOW64; Trident/5.0)"
80.120.148.242 - - [27/Mar/2019:14:43:06 +0100] "GET /reload?ser=1553694186936 HTTP/1.1" 200 28 "http://renault.activities.at/success" "Mozilla/5.0 (Windows NT 6.1; Win64; x64) AppleWebKit/537.36 (KHTML, like Gecko) Chrome/72.0.3626.121 Safari/537.36"
213.153.47.173 - - [27/Mar/2019:14:43:33 +0100] "GET /reload?ser=1553694213432 HTTP/1.1" 200 28 "http://renault.activities.at/login?required=true" "Mozilla/5.0 (Windows NT 10.0; Win64; x64; rv:66.0) Gecko/20100101 Firefox/66.0"
91.113.165.162 - - [27/Mar/2019:14:43:58 +0100] "GET /reload?ser=1553694238290 HTTP/1.1" 200 28 "http://renault.activities.at/success" "Mozilla/5.0 (Windows NT 10.0; WOW64; Trident/7.0; rv:11.0) like Gecko"
80.123.225.36 - - [27/Mar/2019:14:44:01 +0100] "GET /reload?ser=1553694242886 HTTP/1.1" 200 28 "http://renault.activities.at/result?searchterm=true&search=preisschild" "Mozilla/5.0 (compatible; MSIE 9.0; Windows NT 6.1; WOW64; Trident/5.0)"
80.120.148.242 - - [27/Mar/2019:14:44:07 +0100] "GET /reload?ser=1553694247942 HTTP/1.1" 200 28 "http://renault.activities.at/success" "Mozilla/5.0 (Windows NT 6.1; Win64; x64) AppleWebKit/537.36 (KHTML, like Gecko) Chrome/72.0.3626.121 Safari/537.36"
213.153.47.173 - - [27/Mar/2019:14:44:34 +0100] "GET /reload?ser=1553694274092 HTTP/1.1" 200 28 "http://renault.activities.at/login?required=true" "Mozilla/5.0 (Windows NT 10.0; Win64; x64; rv:66.0) Gecko/20100101 Firefox/66.0"
91.113.165.162 - - [27/Mar/2019:14:44:59 +0100] "GET /reload?ser=1553694299273 HTTP/1.1" 200 28 "http://renault.activities.at/success" "Mozilla/5.0 (Windows NT 10.0; WOW64; Trident/7.0; rv:11.0) like Gecko"
80.123.225.36 - - [27/Mar/2019:14:45:02 +0100] "GET /reload?ser=1553694303903 HTTP/1.1" 200 28 "http://renault.activities.at/result?searchterm=true&search=preisschild" "Mozilla/5.0 (compatible; MSIE 9.0; Windows NT 6.1; WOW64; Trident/5.0)"
80.120.148.242 - - [27/Mar/2019:14:45:09 +0100] "GET /reload?ser=1553694309950 HTTP/1.1" 200 28 "http://renault.activities.at/success" "Mozilla/5.0 (Windows NT 6.1; Win64; x64) AppleWebKit/537.36 (KHTML, like Gecko) Chrome/72.0.3626.121 Safari/537.36"
213.153.47.173 - - [27/Mar/2019:14:45:34 +0100] "GET /reload?ser=1553694334752 HTTP/1.1" 200 28 "http://renault.activities.at/login?required=true" "Mozilla/5.0 (Windows NT 10.0; Win64; x64; rv:66.0) Gecko/20100101 Firefox/66.0"
91.113.165.162 - - [27/Mar/2019:14:46:00 +0100] "GET /reload?ser=1553694360185 HTTP/1.1" 200 28 "http://renault.activities.at/success" "Mozilla/5.0 (Windows NT 10.0; WOW64; Trident/7.0; rv:11.0) like Gecko"
80.123.225.36 - - [27/Mar/2019:14:46:03 +0100] "GET /reload?ser=1553694364879 HTTP/1.1" 200 28 "http://renault.activities.at/result?searchterm=true&search=preisschild" "Mozilla/5.0 (compatible; MSIE 9.0; Windows NT 6.1; WOW64; Trident/5.0)"
80.120.148.242 - - [27/Mar/2019:14:46:10 +0100] "GET /reload?ser=1553694370957 HTTP/1.1" 200 28 "http://renault.activities.at/success" "Mozilla/5.0 (Windows NT 6.1; Win64; x64) AppleWebKit/537.36 (KHTML, like Gecko) Chrome/72.0.3626.121 Safari/537.36"
213.153.47.173 - - [27/Mar/2019:14:46:35 +0100] "GET /reload?ser=1553694395422 HTTP/1.1" 200 28 "http://renault.activities.at/login?required=true" "Mozilla/5.0 (Windows NT 10.0; Win64; x64; rv:66.0) Gecko/20100101 Firefox/66.0"
91.113.165.162 - - [27/Mar/2019:14:47:01 +0100] "GET /reload?ser=1553694421179 HTTP/1.1" 200 28 "http://renault.activities.at/success" "Mozilla/5.0 (Windows NT 10.0; WOW64; Trident/7.0; rv:11.0) like Gecko"
80.123.225.36 - - [27/Mar/2019:14:47:04 +0100] "GET /reload?ser=1553694425882 HTTP/1.1" 200 28 "http://renault.activities.at/result?searchterm=true&search=preisschild" "Mozilla/5.0 (compatible; MSIE 9.0; Windows NT 6.1; WOW64; Trident/5.0)"
80.120.148.242 - - [27/Mar/2019:14:47:11 +0100] "GET /reload?ser=1553694431964 HTTP/1.1" 200 28 "http://renault.activities.at/success" "Mozilla/5.0 (Windows NT 6.1; Win64; x64) AppleWebKit/537.36 (KHTML, like Gecko) Chrome/72.0.3626.121 Safari/537.36"
213.153.47.173 - - [27/Mar/2019:14:47:36 +0100] "GET /reload?ser=1553694456071 HTTP/1.1" 200 28 "http://renault.activities.at/login?required=true" "Mozilla/5.0 (Windows NT 10.0; Win64; x64; rv:66.0) Gecko/20100101 Firefox/66.0"
91.113.165.162 - - [27/Mar/2019:14:48:02 +0100] "GET /reload?ser=1553694482122 HTTP/1.1" 200 28 "http://renault.activities.at/success" "Mozilla/5.0 (Windows NT 10.0; WOW64; Trident/7.0; rv:11.0) like Gecko"
80.123.225.36 - - [27/Mar/2019:14:48:05 +0100] "GET /reload?ser=1553694486894 HTTP/1.1" 200 28 "http://renault.activities.at/result?searchterm=true&search=preisschild" "Mozilla/5.0 (compatible; MSIE 9.0; Windows NT 6.1; WOW64; Trident/5.0)"
80.120.148.242 - - [27/Mar/2019:14:48:12 +0100] "GET /reload?ser=1553694492972 HTTP/1.1" 200 28 "http://renault.activities.at/success" "Mozilla/5.0 (Windows NT 6.1; Win64; x64) AppleWebKit/537.36 (KHTML, like Gecko) Chrome/72.0.3626.121 Safari/537.36"
213.153.47.173 - - [27/Mar/2019:14:48:36 +0100] "GET /reload?ser=1553694516751 HTTP/1.1" 200 28 "http://renault.activities.at/login?required=true" "Mozilla/5.0 (Windows NT 10.0; Win64; x64; rv:66.0) Gecko/20100101 Firefox/66.0"
91.113.165.162 - - [27/Mar/2019:14:49:03 +0100] "GET /reload?ser=1553694543090 HTTP/1.1" 200 28 "http://renault.activities.at/success" "Mozilla/5.0 (Windows NT 10.0; WOW64; Trident/7.0; rv:11.0) like Gecko"
80.123.225.36 - - [27/Mar/2019:14:49:06 +0100] "GET /reload?ser=1553694547896 HTTP/1.1" 200 28 "http://renault.activities.at/result?searchterm=true&search=preisschild" "Mozilla/5.0 (compatible; MSIE 9.0; Windows NT 6.1; WOW64; Trident/5.0)"
80.120.148.242 - - [27/Mar/2019:14:49:15 +0100] "GET /reload?ser=1553694554978 HTTP/1.1" 200 28 "http://renault.activities.at/success" "Mozilla/5.0 (Windows NT 6.1; Win64; x64) AppleWebKit/537.36 (KHTML, like Gecko) Chrome/72.0.3626.121 Safari/537.36"
213.153.47.173 - - [27/Mar/2019:14:49:37 +0100] "GET /reload?ser=1553694577421 HTTP/1.1" 200 28 "http://renault.activities.at/login?required=true" "Mozilla/5.0 (Windows NT 10.0; Win64; x64; rv:66.0) Gecko/20100101 Firefox/66.0"
91.113.165.162 - - [27/Mar/2019:14:50:04 +0100] "GET /reload?ser=1553694604048 HTTP/1.1" 200 28 "http://renault.activities.at/success" "Mozilla/5.0 (Windows NT 10.0; WOW64; Trident/7.0; rv:11.0) like Gecko"
80.123.225.36 - - [27/Mar/2019:14:50:07 +0100] "GET /reload?ser=1553694608889 HTTP/1.1" 200 28 "http://renault.activities.at/result?searchterm=true&search=preisschild" "Mozilla/5.0 (compatible; MSIE 9.0; Windows NT 6.1; WOW64; Trident/5.0)"
80.120.148.242 - - [27/Mar/2019:14:50:16 +0100] "GET /reload?ser=1553694616985 HTTP/1.1" 200 28 "http://renault.activities.at/success" "Mozilla/5.0 (Windows NT 6.1; Win64; x64) AppleWebKit/537.36 (KHTML, like Gecko) Chrome/72.0.3626.121 Safari/537.36"
213.153.47.173 - - [27/Mar/2019:14:50:38 +0100] "GET /reload?ser=1553694638072 HTTP/1.1" 200 28 "http://renault.activities.at/login?required=true" "Mozilla/5.0 (Windows NT 10.0; Win64; x64; rv:66.0) Gecko/20100101 Firefox/66.0"
91.113.165.162 - - [27/Mar/2019:14:51:05 +0100] "GET /reload?ser=1553694665010 HTTP/1.1" 200 28 "http://renault.activities.at/success" "Mozilla/5.0 (Windows NT 10.0; WOW64; Trident/7.0; rv:11.0) like Gecko"
80.123.225.36 - - [27/Mar/2019:14:51:08 +0100] "GET /reload?ser=1553694669892 HTTP/1.1" 200 28 "http://renault.activities.at/result?searchterm=true&search=preisschild" "Mozilla/5.0 (compatible; MSIE 9.0; Windows NT 6.1; WOW64; Trident/5.0)"
80.120.148.242 - - [27/Mar/2019:14:51:17 +0100] "GET /reload?ser=1553694677993 HTTP/1.1" 200 28 "http://renault.activities.at/success" "Mozilla/5.0 (Windows NT 6.1; Win64; x64) AppleWebKit/537.36 (KHTML, like Gecko) Chrome/72.0.3626.121 Safari/537.36"
213.153.47.173 - - [27/Mar/2019:14:51:38 +0100] "GET /reload?ser=1553694698727 HTTP/1.1" 200 28 "http://renault.activities.at/login?required=true" "Mozilla/5.0 (Windows NT 10.0; Win64; x64; rv:66.0) Gecko/20100101 Firefox/66.0"
91.113.165.162 - - [27/Mar/2019:14:52:06 +0100] "GET /reload?ser=1553694725948 HTTP/1.1" 200 28 "http://renault.activities.at/success" "Mozilla/5.0 (Windows NT 10.0; WOW64; Trident/7.0; rv:11.0) like Gecko"
80.123.225.36 - - [27/Mar/2019:14:52:09 +0100] "GET /reload?ser=1553694730868 HTTP/1.1" 200 28 "http://renault.activities.at/result?searchterm=true&search=preisschild" "Mozilla/5.0 (compatible; MSIE 9.0; Windows NT 6.1; WOW64; Trident/5.0)"
80.120.148.242 - - [27/Mar/2019:14:52:19 +0100] "GET /reload?ser=1553694738999 HTTP/1.1" 200 28 "http://renault.activities.at/success" "Mozilla/5.0 (Windows NT 6.1; Win64; x64) AppleWebKit/537.36 (KHTML, like Gecko) Chrome/72.0.3626.121 Safari/537.36"
213.153.47.173 - - [27/Mar/2019:14:52:39 +0100] "GET /reload?ser=1553694759373 HTTP/1.1" 200 28 "http://renault.activities.at/login?required=true" "Mozilla/5.0 (Windows NT 10.0; Win64; x64; rv:66.0) Gecko/20100101 Firefox/66.0"
91.113.165.162 - - [27/Mar/2019:14:53:07 +0100] "GET /reload?ser=1553694786901 HTTP/1.1" 200 28 "http://renault.activities.at/success" "Mozilla/5.0 (Windows NT 10.0; WOW64; Trident/7.0; rv:11.0) like Gecko"
80.123.225.36 - - [27/Mar/2019:14:53:10 +0100] "GET /reload?ser=1553694791837 HTTP/1.1" 200 28 "http://renault.activities.at/result?searchterm=true&search=preisschild" "Mozilla/5.0 (compatible; MSIE 9.0; Windows NT 6.1; WOW64; Trident/5.0)"
80.120.148.242 - - [27/Mar/2019:14:53:21 +0100] "GET /reload?ser=1553694801006 HTTP/1.1" 200 28 "http://renault.activities.at/success" "Mozilla/5.0 (Windows NT 6.1; Win64; x64) AppleWebKit/537.36 (KHTML, like Gecko) Chrome/72.0.3626.121 Safari/537.36"
213.153.47.173 - - [27/Mar/2019:14:53:40 +0100] "GET /reload?ser=1553694820053 HTTP/1.1" 200 28 "http://renault.activities.at/login?required=true" "Mozilla/5.0 (Windows NT 10.0; Win64; x64; rv:66.0) Gecko/20100101 Firefox/66.0"
91.113.165.162 - - [27/Mar/2019:14:54:07 +0100] "GET /reload?ser=1553694847850 HTTP/1.1" 200 28 "http://renault.activities.at/success" "Mozilla/5.0 (Windows NT 10.0; WOW64; Trident/7.0; rv:11.0) like Gecko"
80.123.225.36 - - [27/Mar/2019:14:54:11 +0100] "GET /reload?ser=1553694852835 HTTP/1.1" 200 28 "http://renault.activities.at/result?searchterm=true&search=preisschild" "Mozilla/5.0 (compatible; MSIE 9.0; Windows NT 6.1; WOW64; Trident/5.0)"
80.120.148.242 - - [27/Mar/2019:14:54:22 +0100] "GET /reload?ser=1553694862014 HTTP/1.1" 200 28 "http://renault.activities.at/success" "Mozilla/5.0 (Windows NT 6.1; Win64; x64) AppleWebKit/537.36 (KHTML, like Gecko) Chrome/72.0.3626.121 Safari/537.36"
213.153.47.173 - - [27/Mar/2019:14:54:40 +0100] "GET /reload?ser=1553694880718 HTTP/1.1" 200 28 "http://renault.activities.at/login?required=true" "Mozilla/5.0 (Windows NT 10.0; Win64; x64; rv:66.0) Gecko/20100101 Firefox/66.0"
91.113.165.162 - - [27/Mar/2019:14:55:08 +0100] "GET /reload?ser=1553694908793 HTTP/1.1" 200 28 "http://renault.activities.at/success" "Mozilla/5.0 (Windows NT 10.0; WOW64; Trident/7.0; rv:11.0) like Gecko"
80.123.225.36 - - [27/Mar/2019:14:55:12 +0100] "GET /reload?ser=1553694913794 HTTP/1.1" 200 28 "http://renault.activities.at/result?searchterm=true&search=preisschild" "Mozilla/5.0 (compatible; MSIE 9.0; Windows NT 6.1; WOW64; Trident/5.0)"
80.120.148.242 - - [27/Mar/2019:14:55:23 +0100] "GET /reload?ser=1553694923020 HTTP/1.1" 200 28 "http://renault.activities.at/success" "Mozilla/5.0 (Windows NT 6.1; Win64; x64) AppleWebKit/537.36 (KHTML, like Gecko) Chrome/72.0.3626.121 Safari/537.36"
83.219.165.34 - - [27/Mar/2019:14:55:33 +0100] "GET / HTTP/1.1" 200 3510 "-" "Mozilla/5.0 (Windows NT 10.0; WOW64; Trident/7.0; rv:11.0) like Gecko"
83.219.165.34 - - [27/Mar/2019:14:55:34 +0100] "GET /js/flashdetection.js HTTP/1.1" 200 1059 "http://renault.activities.at/" "Mozilla/5.0 (Windows NT 10.0; WOW64; Trident/7.0; rv:11.0) like Gecko"
83.219.165.34 - - [27/Mar/2019:14:55:34 +0100] "GET /css/reset.css HTTP/1.1" 200 1356 "http://renault.activities.at/" "Mozilla/5.0 (Windows NT 10.0; WOW64; Trident/7.0; rv:11.0) like Gecko"
83.219.165.34 - - [27/Mar/2019:14:55:34 +0100] "GET /css/clears.css HTTP/1.1" 200 851 "http://renault.activities.at/" "Mozilla/5.0 (Windows NT 10.0; WOW64; Trident/7.0; rv:11.0) like Gecko"
83.219.165.34 - - [27/Mar/2019:14:55:34 +0100] "GET /css/styles.css HTTP/1.1" 200 14664 "http://renault.activities.at/" "Mozilla/5.0 (Windows NT 10.0; WOW64; Trident/7.0; rv:11.0) like Gecko"
83.219.165.34 - - [27/Mar/2019:14:55:34 +0100] "GET /js/default.js HTTP/1.1" 200 14698 "http://renault.activities.at/" "Mozilla/5.0 (Windows NT 10.0; WOW64; Trident/7.0; rv:11.0) like Gecko"
83.219.165.34 - - [27/Mar/2019:14:55:34 +0100] "GET /js/index.php?c=auto&f=,prototype/prototype.js,prototype/validation.js,scriptaculous/builder.js,scriptaculous/effects.js,scriptaculous/dragdrop.js,scriptaculous/controls.js,scriptaculous/slider.js,varien/js.js,varien/form.js,varien/menu.js,mage/translate.js,mage/cookies.js,varien/product.js,spinner/SpinnerControl.jsmin.js,prototype/window.js,prototype/window_ext.js HTTP/1.1" 200 94182 "http://renault.activities.at/" "Mozilla/5.0 (Windows NT 10.0; WOW64; Trident/7.0; rv:11.0) like Gecko"
83.219.165.34 - - [27/Mar/2019:14:55:34 +0100] "GET /css/print.css HTTP/1.1" 200 543 "http://renault.activities.at/" "Mozilla/5.0 (Windows NT 10.0; WOW64; Trident/7.0; rv:11.0) like Gecko"
83.219.165.34 - - [27/Mar/2019:14:55:34 +0100] "GET /js/checkout.css HTTP/1.1" 200 359 "http://renault.activities.at/" "Mozilla/5.0 (Windows NT 10.0; WOW64; Trident/7.0; rv:11.0) like Gecko"
83.219.165.34 - - [27/Mar/2019:14:55:34 +0100] "GET /css/prototip.css HTTP/1.1" 200 968 "http://renault.activities.at/" "Mozilla/5.0 (Windows NT 10.0; WOW64; Trident/7.0; rv:11.0) like Gecko"
83.219.165.34 - - [27/Mar/2019:14:55:34 +0100] "GET /css/themes/default.css HTTP/1.1" 200 769 "http://renault.activities.at/" "Mozilla/5.0 (Windows NT 10.0; WOW64; Trident/7.0; rv:11.0) like Gecko"
83.219.165.34 - - [27/Mar/2019:14:55:34 +0100] "GET /css/themes/alphacube.css HTTP/1.1" 200 743 "http://renault.activities.at/" "Mozilla/5.0 (Windows NT 10.0; WOW64; Trident/7.0; rv:11.0) like Gecko"
83.219.165.34 - - [27/Mar/2019:14:55:34 +0100] "GET /images/main_block_corner_left_bot.gif HTTP/1.1" 200 159 "http://renault.activities.at/" "Mozilla/5.0 (Windows NT 10.0; WOW64; Trident/7.0; rv:11.0) like Gecko"
83.219.165.34 - - [27/Mar/2019:14:55:34 +0100] "GET /images/main_block_border.gif HTTP/1.1" 200 43 "http://renault.activities.at/" "Mozilla/5.0 (Windows NT 10.0; WOW64; Trident/7.0; rv:11.0) like Gecko"
83.219.165.34 - - [27/Mar/2019:14:55:34 +0100] "GET /images/main_block_corner_right_bot.gif HTTP/1.1" 200 158 "http://renault.activities.at/" "Mozilla/5.0 (Windows NT 10.0; WOW64; Trident/7.0; rv:11.0) like Gecko"
83.219.165.34 - - [27/Mar/2019:14:55:34 +0100] "GET /images/header_block_corner_right_top.gif HTTP/1.1" 200 160 "http://renault.activities.at/" "Mozilla/5.0 (Windows NT 10.0; WOW64; Trident/7.0; rv:11.0) like Gecko"
83.219.165.34 - - [27/Mar/2019:14:55:34 +0100] "GET /images/header_block_corner_left_top.gif HTTP/1.1" 200 160 "http://renault.activities.at/" "Mozilla/5.0 (Windows NT 10.0; WOW64; Trident/7.0; rv:11.0) like Gecko"
83.219.165.34 - - [27/Mar/2019:14:55:34 +0100] "GET /images/header_block_border.gif HTTP/1.1" 200 43 "http://renault.activities.at/" "Mozilla/5.0 (Windows NT 10.0; WOW64; Trident/7.0; rv:11.0) like Gecko"
83.219.165.34 - - [27/Mar/2019:14:55:34 +0100] "GET /images/main_block_corner_left_top.gif HTTP/1.1" 200 159 "http://renault.activities.at/" "Mozilla/5.0 (Windows NT 10.0; WOW64; Trident/7.0; rv:11.0) like Gecko"
83.219.165.34 - - [27/Mar/2019:14:55:34 +0100] "GET /images/main_block_corner_right_top.gif HTTP/1.1" 200 159 "http://renault.activities.at/" "Mozilla/5.0 (Windows NT 10.0; WOW64; Trident/7.0; rv:11.0) like Gecko"
83.219.165.34 - - [27/Mar/2019:14:55:34 +0100] "GET /images/title_border.jpg HTTP/1.1" 200 304 "http://renault.activities.at/" "Mozilla/5.0 (Windows NT 10.0; WOW64; Trident/7.0; rv:11.0) like Gecko"
83.219.165.34 - - [27/Mar/2019:14:55:34 +0100] "GET /images/title_border_top.jpg HTTP/1.1" 200 336 "http://renault.activities.at/" "Mozilla/5.0 (Windows NT 10.0; WOW64; Trident/7.0; rv:11.0) like Gecko"
83.219.165.34 - - [27/Mar/2019:14:55:34 +0100] "GET /images/favicon.ico HTTP/1.1" 404 305 "-" "Mozilla/5.0 (Windows NT 10.0; Win64; x64; Trident/7.0; rv:11.0) like Gecko"
83.219.165.34 - - [27/Mar/2019:14:55:34 +0100] "GET /images/title_corner_left_top.jpg HTTP/1.1" 200 372 "http://renault.activities.at/" "Mozilla/5.0 (Windows NT 10.0; WOW64; Trident/7.0; rv:11.0) like Gecko"
83.219.165.34 - - [27/Mar/2019:14:55:34 +0100] "GET /images/title_corner_right_top.jpg HTTP/1.1" 200 389 "http://renault.activities.at/" "Mozilla/5.0 (Windows NT 10.0; WOW64; Trident/7.0; rv:11.0) like Gecko"
83.219.165.34 - - [27/Mar/2019:14:55:34 +0100] "GET /loadthumbnail.php?id=11127982 HTTP/1.1" 200 399614 "http://renault.activities.at/" "Mozilla/5.0 (Windows NT 10.0; WOW64; Trident/7.0; rv:11.0) like Gecko"
83.219.165.34 - - [27/Mar/2019:14:55:36 +0100] "GET /login HTTP/1.1" 200 2086 "http://renault.activities.at/" "Mozilla/5.0 (Windows NT 10.0; WOW64; Trident/7.0; rv:11.0) like Gecko"
83.219.165.34 - - [27/Mar/2019:14:55:37 +0100] "GET /images/button_right_bg.gif HTTP/1.1" 200 561 "http://renault.activities.at/login" "Mozilla/5.0 (Windows NT 10.0; WOW64; Trident/7.0; rv:11.0) like Gecko"
83.219.165.34 - - [27/Mar/2019:14:55:37 +0100] "GET /images/button_left_bg.gif HTTP/1.1" 200 564 "http://renault.activities.at/login" "Mozilla/5.0 (Windows NT 10.0; WOW64; Trident/7.0; rv:11.0) like Gecko"
83.219.165.34 - - [27/Mar/2019:14:55:37 +0100] "GET /images/button_bg.gif HTTP/1.1" 200 151 "http://renault.activities.at/login" "Mozilla/5.0 (Windows NT 10.0; WOW64; Trident/7.0; rv:11.0) like Gecko"
83.219.165.34 - - [27/Mar/2019:14:55:37 +0100] "GET /images/favicon.ico HTTP/1.1" 404 305 "-" "Mozilla/5.0 (Windows NT 10.0; Win64; x64; Trident/7.0; rv:11.0) like Gecko"
83.219.165.34 - - [27/Mar/2019:14:55:37 +0100] "GET /favicon.ico HTTP/1.1" 304 - "-" "Mozilla/5.0 (Windows NT 10.0; Win64; x64; Trident/7.0; rv:11.0) like Gecko"
213.153.47.173 - - [27/Mar/2019:14:55:41 +0100] "GET /reload?ser=1553694941391 HTTP/1.1" 200 28 "http://renault.activities.at/login?required=true" "Mozilla/5.0 (Windows NT 10.0; Win64; x64; rv:66.0) Gecko/20100101 Firefox/66.0"
83.219.165.34 - - [27/Mar/2019:14:55:44 +0100] "POST /login HTTP/1.1" 302 140 "http://renault.activities.at/login" "Mozilla/5.0 (Windows NT 10.0; WOW64; Trident/7.0; rv:11.0) like Gecko"
83.219.165.34 - - [27/Mar/2019:14:55:45 +0100] "GET /account HTTP/1.1" 200 6037 "http://renault.activities.at/login" "Mozilla/5.0 (Windows NT 10.0; WOW64; Trident/7.0; rv:11.0) like Gecko"
83.219.165.34 - - [27/Mar/2019:14:55:49 +0100] "GET /js/account.js HTTP/1.1" 200 953 "http://renault.activities.at/account" "Mozilla/5.0 (Windows NT 10.0; WOW64; Trident/7.0; rv:11.0) like Gecko"
83.219.165.34 - - [27/Mar/2019:14:55:49 +0100] "GET /images/sidebar_title_corner_right_top.gif HTTP/1.1" 200 383 "http://renault.activities.at/account" "Mozilla/5.0 (Windows NT 10.0; WOW64; Trident/7.0; rv:11.0) like Gecko"
83.219.165.34 - - [27/Mar/2019:14:55:49 +0100] "GET /images/sidebar_title_border_top.gif HTTP/1.1" 200 155 "http://renault.activities.at/account" "Mozilla/5.0 (Windows NT 10.0; WOW64; Trident/7.0; rv:11.0) like Gecko"
83.219.165.34 - - [27/Mar/2019:14:55:49 +0100] "GET /images/sidebar_title_corner_left_top.gif HTTP/1.1" 304 - "http://renault.activities.at/account" "Mozilla/5.0 (Windows NT 10.0; WOW64; Trident/7.0; rv:11.0) like Gecko"
83.219.165.34 - - [27/Mar/2019:14:55:49 +0100] "GET /images/search_bg.gif HTTP/1.1" 304 - "http://renault.activities.at/account" "Mozilla/5.0 (Windows NT 10.0; WOW64; Trident/7.0; rv:11.0) like Gecko"
83.219.165.34 - - [27/Mar/2019:14:55:49 +0100] "GET /loadthumbnail.php?id=11075492&width=50&height=50 HTTP/1.1" 200 1114 "http://renault.activities.at/account" "Mozilla/5.0 (Windows NT 10.0; WOW64; Trident/7.0; rv:11.0) like Gecko"
83.219.165.34 - - [27/Mar/2019:14:55:49 +0100] "GET /loadthumbnail.php?id=11075482&width=50&height=50 HTTP/1.1" 200 1114 "http://renault.activities.at/account" "Mozilla/5.0 (Windows NT 10.0; WOW64; Trident/7.0; rv:11.0) like Gecko"
83.219.165.34 - - [27/Mar/2019:14:55:49 +0100] "GET /images/menu_divider.gif HTTP/1.1" 200 176 "http://renault.activities.at/account" "Mozilla/5.0 (Windows NT 10.0; WOW64; Trident/7.0; rv:11.0) like Gecko"
83.219.165.34 - - [27/Mar/2019:14:55:49 +0100] "GET /images/sidebar_title_border.gif HTTP/1.1" 200 43 "http://renault.activities.at/account" "Mozilla/5.0 (Windows NT 10.0; WOW64; Trident/7.0; rv:11.0) like Gecko"
83.219.165.34 - - [27/Mar/2019:14:55:49 +0100] "GET /images/footer_divider.gif HTTP/1.1" 200 44 "http://renault.activities.at/account" "Mozilla/5.0 (Windows NT 10.0; WOW64; Trident/7.0; rv:11.0) like Gecko"
83.219.165.34 - - [27/Mar/2019:14:55:49 +0100] "GET /images/top_links_divider.gif HTTP/1.1" 200 44 "http://renault.activities.at/account" "Mozilla/5.0 (Windows NT 10.0; WOW64; Trident/7.0; rv:11.0) like Gecko"
83.219.165.34 - - [27/Mar/2019:14:55:49 +0100] "GET /images/menu_button_bg.jpg HTTP/1.1" 200 322 "http://renault.activities.at/account" "Mozilla/5.0 (Windows NT 10.0; WOW64; Trident/7.0; rv:11.0) like Gecko"
83.219.165.34 - - [27/Mar/2019:14:55:49 +0100] "GET /images/nav_divider.gif HTTP/1.1" 200 43 "http://renault.activities.at/account" "Mozilla/5.0 (Windows NT 10.0; WOW64; Trident/7.0; rv:11.0) like Gecko"
83.219.165.34 - - [27/Mar/2019:14:55:49 +0100] "GET /favicon.ico HTTP/1.1" 304 - "-" "Mozilla/5.0 (Windows NT 10.0; Win64; x64; Trident/7.0; rv:11.0) like Gecko"
83.219.165.34 - - [27/Mar/2019:14:55:51 +0100] "GET /logout HTTP/1.1" 302 140 "http://renault.activities.at/account" "Mozilla/5.0 (Windows NT 10.0; WOW64; Trident/7.0; rv:11.0) like Gecko"
83.219.165.34 - - [27/Mar/2019:14:55:52 +0100] "GET /logout HTTP/1.1" 200 1583 "http://renault.activities.at/account" "Mozilla/5.0 (Windows NT 10.0; WOW64; Trident/7.0; rv:11.0) like Gecko"
91.113.165.162 - - [27/Mar/2019:14:56:09 +0100] "GET /reload?ser=1553694969756 HTTP/1.1" 200 28 "http://renault.activities.at/success" "Mozilla/5.0 (Windows NT 10.0; WOW64; Trident/7.0; rv:11.0) like Gecko"
80.123.225.36 - - [27/Mar/2019:14:56:13 +0100] "GET /reload?ser=1553694974763 HTTP/1.1" 200 28 "http://renault.activities.at/result?searchterm=true&search=preisschild" "Mozilla/5.0 (compatible; MSIE 9.0; Windows NT 6.1; WOW64; Trident/5.0)"
80.120.148.242 - - [27/Mar/2019:14:56:24 +0100] "GET /reload?ser=1553694984028 HTTP/1.1" 200 28 "http://renault.activities.at/success" "Mozilla/5.0 (Windows NT 6.1; Win64; x64) AppleWebKit/537.36 (KHTML, like Gecko) Chrome/72.0.3626.121 Safari/537.36"
213.153.47.173 - - [27/Mar/2019:14:56:42 +0100] "GET /reload?ser=1553695002054 HTTP/1.1" 200 28 "http://renault.activities.at/login?required=true" "Mozilla/5.0 (Windows NT 10.0; Win64; x64; rv:66.0) Gecko/20100101 Firefox/66.0"
91.113.165.162 - - [27/Mar/2019:14:57:10 +0100] "GET /reload?ser=1553695030733 HTTP/1.1" 200 28 "http://renault.activities.at/success" "Mozilla/5.0 (Windows NT 10.0; WOW64; Trident/7.0; rv:11.0) like Gecko"
80.123.225.36 - - [27/Mar/2019:14:57:14 +0100] "GET /reload?ser=1553695035778 HTTP/1.1" 200 28 "http://renault.activities.at/result?searchterm=true&search=preisschild" "Mozilla/5.0 (compatible; MSIE 9.0; Windows NT 6.1; WOW64; Trident/5.0)"
