91.112.99.126 - - [01/Apr/2019:15:43:18 +0200] "GET /loadthumbnail.php?id=11819633&width=100 HTTP/1.1" 200 2765 "http://renault.activities.at/cart" "Mozilla/5.0 (Windows NT 6.1; Win64; x64) AppleWebKit/537.36 (KHTML, like Gecko) Chrome/73.0.3683.86 Safari/537.36"
91.112.99.126 - - [01/Apr/2019:15:43:18 +0200] "GET /loadthumbnail.php?id=11926636&width=100 HTTP/1.1" 200 27935 "http://renault.activities.at/cart" "Mozilla/5.0 (Windows NT 6.1; Win64; x64) AppleWebKit/537.36 (KHTML, like Gecko) Chrome/73.0.3683.86 Safari/537.36"
91.112.99.126 - - [01/Apr/2019:15:43:18 +0200] "GET /loadthumbnail.php?id=11342686&width=100 HTTP/1.1" 200 17785 "http://renault.activities.at/cart" "Mozilla/5.0 (Windows NT 6.1; Win64; x64) AppleWebKit/537.36 (KHTML, like Gecko) Chrome/73.0.3683.86 Safari/537.36"
91.112.99.126 - - [01/Apr/2019:15:43:18 +0200] "GET /loadthumbnail.php?id=11990631&width=100 HTTP/1.1" 200 2634 "http://renault.activities.at/cart" "Mozilla/5.0 (Windows NT 6.1; Win64; x64) AppleWebKit/537.36 (KHTML, like Gecko) Chrome/73.0.3683.86 Safari/537.36"
91.112.99.126 - - [01/Apr/2019:15:43:18 +0200] "GET /loadthumbnail.php?id=11760072&width=100 HTTP/1.1" 200 17860 "http://renault.activities.at/cart" "Mozilla/5.0 (Windows NT 6.1; Win64; x64) AppleWebKit/537.36 (KHTML, like Gecko) Chrome/73.0.3683.86 Safari/537.36"
91.112.99.126 - - [01/Apr/2019:15:43:18 +0200] "GET /loadthumbnail.php?id=12010039&width=100 HTTP/1.1" 200 15416 "http://renault.activities.at/cart" "Mozilla/5.0 (Windows NT 6.1; Win64; x64) AppleWebKit/537.36 (KHTML, like Gecko) Chrome/73.0.3683.86 Safari/537.36"
91.112.99.126 - - [01/Apr/2019:15:43:18 +0200] "GET /loadthumbnail.php?id=11926537&width=100 HTTP/1.1" 200 26017 "http://renault.activities.at/cart" "Mozilla/5.0 (Windows NT 6.1; Win64; x64) AppleWebKit/537.36 (KHTML, like Gecko) Chrome/73.0.3683.86 Safari/537.36"
212.152.246.135 - - [01/Apr/2019:15:43:21 +0200] "GET /reload?ser=1554126201038 HTTP/1.1" 200 28 "http://renault.activities.at/result?searchterm=true&search=Aufsteller" "Mozilla/5.0 (Windows NT 10.0; WOW64; Trident/7.0; rv:11.0) like Gecko"
91.112.99.126 - - [01/Apr/2019:15:43:33 +0200] "POST /cart HTTP/1.1" 200 6187 "http://renault.activities.at/cart" "Mozilla/5.0 (Windows NT 6.1; Win64; x64) AppleWebKit/537.36 (KHTML, like Gecko) Chrome/73.0.3683.86 Safari/537.36"
91.112.99.126 - - [01/Apr/2019:15:43:37 +0200] "GET /10201442 HTTP/1.1" 200 8689 "http://renault.activities.at/cart" "Mozilla/5.0 (Windows NT 6.1; Win64; x64) AppleWebKit/537.36 (KHTML, like Gecko) Chrome/73.0.3683.86 Safari/537.36"
91.112.99.126 - - [01/Apr/2019:15:43:41 +0200] "GET /loadthumbnail.php?id=11926648&width=113 HTTP/1.1" 200 35142 "http://renault.activities.at/10201442" "Mozilla/5.0 (Windows NT 6.1; Win64; x64) AppleWebKit/537.36 (KHTML, like Gecko) Chrome/73.0.3683.86 Safari/537.36"
91.112.99.126 - - [01/Apr/2019:15:43:41 +0200] "GET /loadthumbnail.php?id=11926565&width=113 HTTP/1.1" 200 28904 "http://renault.activities.at/10201442" "Mozilla/5.0 (Windows NT 6.1; Win64; x64) AppleWebKit/537.36 (KHTML, like Gecko) Chrome/73.0.3683.86 Safari/537.36"
91.112.99.126 - - [01/Apr/2019:15:43:41 +0200] "GET /loadthumbnail.php?id=11926581&width=113 HTTP/1.1" 200 35255 "http://renault.activities.at/10201442" "Mozilla/5.0 (Windows NT 6.1; Win64; x64) AppleWebKit/537.36 (KHTML, like Gecko) Chrome/73.0.3683.86 Safari/537.36"
91.112.99.126 - - [01/Apr/2019:15:43:41 +0200] "GET /loadthumbnail.php?id=11926557&width=113 HTTP/1.1" 200 36925 "http://renault.activities.at/10201442" "Mozilla/5.0 (Windows NT 6.1; Win64; x64) AppleWebKit/537.36 (KHTML, like Gecko) Chrome/73.0.3683.86 Safari/537.36"
91.112.99.126 - - [01/Apr/2019:15:43:41 +0200] "GET /images/sub_title_bg.jpg HTTP/1.1" 200 314 "http://renault.activities.at/css/styles.css" "Mozilla/5.0 (Windows NT 6.1; Win64; x64) AppleWebKit/537.36 (KHTML, like Gecko) Chrome/73.0.3683.86 Safari/537.36"
91.112.99.126 - - [01/Apr/2019:15:43:41 +0200] "GET /loadthumbnail.php?id=11926585&width=113 HTTP/1.1" 200 37549 "http://renault.activities.at/10201442" "Mozilla/5.0 (Windows NT 6.1; Win64; x64) AppleWebKit/537.36 (KHTML, like Gecko) Chrome/73.0.3683.86 Safari/537.36"
91.112.99.126 - - [01/Apr/2019:15:43:41 +0200] "GET /loadthumbnail.php?id=11926666&width=113 HTTP/1.1" 200 36655 "http://renault.activities.at/10201442" "Mozilla/5.0 (Windows NT 6.1; Win64; x64) AppleWebKit/537.36 (KHTML, like Gecko) Chrome/73.0.3683.86 Safari/537.36"
91.112.99.126 - - [01/Apr/2019:15:43:41 +0200] "GET /loadthumbnail.php?id=11926679&width=113 HTTP/1.1" 200 33362 "http://renault.activities.at/10201442" "Mozilla/5.0 (Windows NT 6.1; Win64; x64) AppleWebKit/537.36 (KHTML, like Gecko) Chrome/73.0.3683.86 Safari/537.36"
91.112.99.126 - - [01/Apr/2019:15:43:41 +0200] "GET /loadthumbnail.php?id=11926644&width=113 HTTP/1.1" 200 35735 "http://renault.activities.at/10201442" "Mozilla/5.0 (Windows NT 6.1; Win64; x64) AppleWebKit/537.36 (KHTML, like Gecko) Chrome/73.0.3683.86 Safari/537.36"
91.112.99.126 - - [01/Apr/2019:15:43:41 +0200] "GET /loadthumbnail.php?id=11926552&width=113 HTTP/1.1" 200 35098 "http://renault.activities.at/10201442" "Mozilla/5.0 (Windows NT 6.1; Win64; x64) AppleWebKit/537.36 (KHTML, like Gecko) Chrome/73.0.3683.86 Safari/537.36"
91.112.99.126 - - [01/Apr/2019:15:43:41 +0200] "GET /loadthumbnail.php?id=11926591&width=113 HTTP/1.1" 200 34469 "http://renault.activities.at/10201442" "Mozilla/5.0 (Windows NT 6.1; Win64; x64) AppleWebKit/537.36 (KHTML, like Gecko) Chrome/73.0.3683.86 Safari/537.36"
91.112.99.126 - - [01/Apr/2019:15:43:41 +0200] "GET /loadthumbnail.php?id=11926595&width=113 HTTP/1.1" 200 34271 "http://renault.activities.at/10201442" "Mozilla/5.0 (Windows NT 6.1; Win64; x64) AppleWebKit/537.36 (KHTML, like Gecko) Chrome/73.0.3683.86 Safari/537.36"
91.112.99.126 - - [01/Apr/2019:15:43:41 +0200] "GET /loadthumbnail.php?id=11926687&width=113 HTTP/1.1" 200 36764 "http://renault.activities.at/10201442" "Mozilla/5.0 (Windows NT 6.1; Win64; x64) AppleWebKit/537.36 (KHTML, like Gecko) Chrome/73.0.3683.86 Safari/537.36"
91.112.99.126 - - [01/Apr/2019:15:43:41 +0200] "GET /loadthumbnail.php?id=11926683&width=113 HTTP/1.1" 200 34706 "http://renault.activities.at/10201442" "Mozilla/5.0 (Windows NT 6.1; Win64; x64) AppleWebKit/537.36 (KHTML, like Gecko) Chrome/73.0.3683.86 Safari/537.36"
91.112.99.126 - - [01/Apr/2019:15:43:41 +0200] "GET /loadthumbnail.php?id=11926640&width=113 HTTP/1.1" 200 36074 "http://renault.activities.at/10201442" "Mozilla/5.0 (Windows NT 6.1; Win64; x64) AppleWebKit/537.36 (KHTML, like Gecko) Chrome/73.0.3683.86 Safari/537.36"
91.112.99.126 - - [01/Apr/2019:15:43:45 +0200] "GET /result?searchterm=true&search=megane HTTP/1.1" 200 8460 "http://renault.activities.at/10201442" "Mozilla/5.0 (Windows NT 6.1; Win64; x64) AppleWebKit/537.36 (KHTML, like Gecko) Chrome/73.0.3683.86 Safari/537.36"
91.112.99.126 - - [01/Apr/2019:15:43:48 +0200] "GET /loadthumbnail.php?id=11181197&width=113 HTTP/1.1" 200 1829 "http://renault.activities.at/result?searchterm=true&search=megane" "Mozilla/5.0 (Windows NT 6.1; Win64; x64) AppleWebKit/537.36 (KHTML, like Gecko) Chrome/73.0.3683.86 Safari/537.36"
91.112.99.126 - - [01/Apr/2019:15:43:48 +0200] "GET /loadthumbnail.php?id=11181199&width=113 HTTP/1.1" 200 1829 "http://renault.activities.at/result?searchterm=true&search=megane" "Mozilla/5.0 (Windows NT 6.1; Win64; x64) AppleWebKit/537.36 (KHTML, like Gecko) Chrome/73.0.3683.86 Safari/537.36"
91.112.99.126 - - [01/Apr/2019:15:43:48 +0200] "GET /loadthumbnail.php?id=11194700&width=113 HTTP/1.1" 200 1829 "http://renault.activities.at/result?searchterm=true&search=megane" "Mozilla/5.0 (Windows NT 6.1; Win64; x64) AppleWebKit/537.36 (KHTML, like Gecko) Chrome/73.0.3683.86 Safari/537.36"
91.112.99.126 - - [01/Apr/2019:15:43:48 +0200] "GET /loadthumbnail.php?id=11209585&width=113 HTTP/1.1" 200 1909 "http://renault.activities.at/result?searchterm=true&search=megane" "Mozilla/5.0 (Windows NT 6.1; Win64; x64) AppleWebKit/537.36 (KHTML, like Gecko) Chrome/73.0.3683.86 Safari/537.36"
91.112.99.126 - - [01/Apr/2019:15:43:45 +0200] "POST /axjaxrequest?mode=suggest HTTP/1.1" 200 111 "http://renault.activities.at/10201442" "Mozilla/5.0 (Windows NT 6.1; Win64; x64) AppleWebKit/537.36 (KHTML, like Gecko) Chrome/73.0.3683.86 Safari/537.36"
91.112.99.126 - - [01/Apr/2019:15:43:52 +0200] "GET /result?dir=DESC&mode=grid&order=name&limit=15&page=2&search=megane HTTP/1.1" 200 6839 "http://renault.activities.at/result?searchterm=true&search=megane" "Mozilla/5.0 (Windows NT 6.1; Win64; x64) AppleWebKit/537.36 (KHTML, like Gecko) Chrome/73.0.3683.86 Safari/537.36"
91.112.99.126 - - [01/Apr/2019:15:43:55 +0200] "GET /loadthumbnail.php?id=11036124&width=113 HTTP/1.1" 200 1328 "http://renault.activities.at/result?dir=DESC&mode=grid&order=name&limit=15&page=2&search=megane" "Mozilla/5.0 (Windows NT 6.1; Win64; x64) AppleWebKit/537.36 (KHTML, like Gecko) Chrome/73.0.3683.86 Safari/537.36"
91.112.99.126 - - [01/Apr/2019:15:43:55 +0200] "GET /loadthumbnail.php?id=11986826&width=113 HTTP/1.1" 200 2162 "http://renault.activities.at/result?dir=DESC&mode=grid&order=name&limit=15&page=2&search=megane" "Mozilla/5.0 (Windows NT 6.1; Win64; x64) AppleWebKit/537.36 (KHTML, like Gecko) Chrome/73.0.3683.86 Safari/537.36"
91.112.99.126 - - [01/Apr/2019:15:43:55 +0200] "GET /loadthumbnail.php?id=11967701&width=113 HTTP/1.1" 200 3379 "http://renault.activities.at/result?dir=DESC&mode=grid&order=name&limit=15&page=2&search=megane" "Mozilla/5.0 (Windows NT 6.1; Win64; x64) AppleWebKit/537.36 (KHTML, like Gecko) Chrome/73.0.3683.86 Safari/537.36"
91.112.99.126 - - [01/Apr/2019:15:43:55 +0200] "GET /loadthumbnail.php?id=11181176&width=113 HTTP/1.1" 200 1860 "http://renault.activities.at/result?dir=DESC&mode=grid&order=name&limit=15&page=2&search=megane" "Mozilla/5.0 (Windows NT 6.1; Win64; x64) AppleWebKit/537.36 (KHTML, like Gecko) Chrome/73.0.3683.86 Safari/537.36"
91.112.99.126 - - [01/Apr/2019:15:43:55 +0200] "GET /loadthumbnail.php?id=11181174&width=113 HTTP/1.1" 200 1860 "http://renault.activities.at/result?dir=DESC&mode=grid&order=name&limit=15&page=2&search=megane" "Mozilla/5.0 (Windows NT 6.1; Win64; x64) AppleWebKit/537.36 (KHTML, like Gecko) Chrome/73.0.3683.86 Safari/537.36"
91.112.99.126 - - [01/Apr/2019:15:43:55 +0200] "GET /loadthumbnail.php?id=11314432&width=113 HTTP/1.1" 200 36566 "http://renault.activities.at/result?dir=DESC&mode=grid&order=name&limit=15&page=2&search=megane" "Mozilla/5.0 (Windows NT 6.1; Win64; x64) AppleWebKit/537.36 (KHTML, like Gecko) Chrome/73.0.3683.86 Safari/537.36"
138.21.12.23 - - [01/Apr/2019:15:43:55 +0200] "GET /reload?ser=1554126235158 HTTP/1.1" 200 28 "http://renault.2web.at/result?dir=DESC&mode=grid&order=name&limit=15&page=6&search=dacia" "Mozilla/5.0 (Windows NT 10.0; WOW64; Trident/7.0; rv:11.0) like Gecko"
91.113.144.26 - - [01/Apr/2019:15:44:06 +0200] "GET /reload?ser=1554126246766 HTTP/1.1" 200 28 "http://renault.activities.at/action" "Mozilla/5.0 (Windows NT 6.3; WOW64; Trident/7.0; rv:11.0) like Gecko"
91.112.99.126 - - [01/Apr/2019:15:44:06 +0200] "POST /result?dir=DESC&mode=grid&order=name&limit=15&page=2&search=megane HTTP/1.1" 200 6939 "http://renault.activities.at/result?dir=DESC&mode=grid&order=name&limit=15&page=2&search=megane" "Mozilla/5.0 (Windows NT 6.1; Win64; x64) AppleWebKit/537.36 (KHTML, like Gecko) Chrome/73.0.3683.86 Safari/537.36"
91.112.99.126 - - [01/Apr/2019:15:44:11 +0200] "GET /result?dir=DESC&mode=grid&order=name&limit=15&page=1&search=megane HTTP/1.1" 200 8462 "http://renault.activities.at/result?dir=DESC&mode=grid&order=name&limit=15&page=2&search=megane" "Mozilla/5.0 (Windows NT 6.1; Win64; x64) AppleWebKit/537.36 (KHTML, like Gecko) Chrome/73.0.3683.86 Safari/537.36"
212.152.246.135 - - [01/Apr/2019:15:44:22 +0200] "GET /reload?ser=1554126262088 HTTP/1.1" 200 28 "http://renault.activities.at/result?searchterm=true&search=Aufsteller" "Mozilla/5.0 (Windows NT 10.0; WOW64; Trident/7.0; rv:11.0) like Gecko"
91.112.99.126 - - [01/Apr/2019:15:44:21 +0200] "GET /result?searchterm=true&search=zubeh%F6r HTTP/1.1" 200 8416 "http://renault.activities.at/result?dir=DESC&mode=grid&order=name&limit=15&page=1&search=megane" "Mozilla/5.0 (Windows NT 6.1; Win64; x64) AppleWebKit/537.36 (KHTML, like Gecko) Chrome/73.0.3683.86 Safari/537.36"
91.112.99.126 - - [01/Apr/2019:15:44:21 +0200] "POST /axjaxrequest?mode=suggest HTTP/1.1" 200 170 "http://renault.activities.at/result?dir=DESC&mode=grid&order=name&limit=15&page=1&search=megane" "Mozilla/5.0 (Windows NT 6.1; Win64; x64) AppleWebKit/537.36 (KHTML, like Gecko) Chrome/73.0.3683.86 Safari/537.36"
91.112.99.126 - - [01/Apr/2019:15:44:35 +0200] "POST /result?searchterm=true&search=zubeh%F6r HTTP/1.1" 200 8519 "http://renault.activities.at/result?searchterm=true&search=zubeh%F6r" "Mozilla/5.0 (Windows NT 6.1; Win64; x64) AppleWebKit/537.36 (KHTML, like Gecko) Chrome/73.0.3683.86 Safari/537.36"
91.112.99.126 - - [01/Apr/2019:15:44:42 +0200] "GET /result?dir=DESC&mode=grid&order=name&limit=15&page=2&search=zubeh%C3%B6r HTTP/1.1" 200 8665 "http://renault.activities.at/result?searchterm=true&search=zubeh%F6r" "Mozilla/5.0 (Windows NT 6.1; Win64; x64) AppleWebKit/537.36 (KHTML, like Gecko) Chrome/73.0.3683.86 Safari/537.36"
91.112.99.126 - - [01/Apr/2019:15:44:45 +0200] "GET /loadthumbnail.php?id=11976076&width=113 HTTP/1.1" 200 17152 "http://renault.activities.at/result?dir=DESC&mode=grid&order=name&limit=15&page=2&search=zubeh%C3%B6r" "Mozilla/5.0 (Windows NT 6.1; Win64; x64) AppleWebKit/537.36 (KHTML, like Gecko) Chrome/73.0.3683.86 Safari/537.36"
91.112.99.126 - - [01/Apr/2019:15:44:45 +0200] "GET /loadthumbnail.php?id=11926519&width=113 HTTP/1.1" 200 33217 "http://renault.activities.at/result?dir=DESC&mode=grid&order=name&limit=15&page=2&search=zubeh%C3%B6r" "Mozilla/5.0 (Windows NT 6.1; Win64; x64) AppleWebKit/537.36 (KHTML, like Gecko) Chrome/73.0.3683.86 Safari/537.36"
91.112.99.126 - - [01/Apr/2019:15:44:45 +0200] "GET /loadthumbnail.php?id=11361093&width=113 HTTP/1.1" 200 21857 "http://renault.activities.at/result?dir=DESC&mode=grid&order=name&limit=15&page=2&search=zubeh%C3%B6r" "Mozilla/5.0 (Windows NT 6.1; Win64; x64) AppleWebKit/537.36 (KHTML, like Gecko) Chrome/73.0.3683.86 Safari/537.36"
91.112.99.126 - - [01/Apr/2019:15:44:45 +0200] "GET /loadthumbnail.php?id=11976088&width=113 HTTP/1.1" 200 23388 "http://renault.activities.at/result?dir=DESC&mode=grid&order=name&limit=15&page=2&search=zubeh%C3%B6r" "Mozilla/5.0 (Windows NT 6.1; Win64; x64) AppleWebKit/537.36 (KHTML, like Gecko) Chrome/73.0.3683.86 Safari/537.36"
91.112.99.126 - - [01/Apr/2019:15:44:45 +0200] "GET /loadthumbnail.php?id=11383873&width=113 HTTP/1.1" 200 23267 "http://renault.activities.at/result?dir=DESC&mode=grid&order=name&limit=15&page=2&search=zubeh%C3%B6r" "Mozilla/5.0 (Windows NT 6.1; Win64; x64) AppleWebKit/537.36 (KHTML, like Gecko) Chrome/73.0.3683.86 Safari/537.36"
91.112.99.126 - - [01/Apr/2019:15:44:45 +0200] "GET /loadthumbnail.php?id=11793250&width=113 HTTP/1.1" 200 23647 "http://renault.activities.at/result?dir=DESC&mode=grid&order=name&limit=15&page=2&search=zubeh%C3%B6r" "Mozilla/5.0 (Windows NT 6.1; Win64; x64) AppleWebKit/537.36 (KHTML, like Gecko) Chrome/73.0.3683.86 Safari/537.36"
91.112.99.126 - - [01/Apr/2019:15:44:45 +0200] "GET /loadthumbnail.php?id=11645083&width=113 HTTP/1.1" 200 20489 "http://renault.activities.at/result?dir=DESC&mode=grid&order=name&limit=15&page=2&search=zubeh%C3%B6r" "Mozilla/5.0 (Windows NT 6.1; Win64; x64) AppleWebKit/537.36 (KHTML, like Gecko) Chrome/73.0.3683.86 Safari/537.36"
91.112.99.126 - - [01/Apr/2019:15:44:45 +0200] "GET /loadthumbnail.php?id=11518629&width=113 HTTP/1.1" 200 19415 "http://renault.activities.at/result?dir=DESC&mode=grid&order=name&limit=15&page=2&search=zubeh%C3%B6r" "Mozilla/5.0 (Windows NT 6.1; Win64; x64) AppleWebKit/537.36 (KHTML, like Gecko) Chrome/73.0.3683.86 Safari/537.36"
91.112.99.126 - - [01/Apr/2019:15:44:46 +0200] "GET /loadthumbnail.php?id=11564187&width=113 HTTP/1.1" 200 22491 "http://renault.activities.at/result?dir=DESC&mode=grid&order=name&limit=15&page=2&search=zubeh%C3%B6r" "Mozilla/5.0 (Windows NT 6.1; Win64; x64) AppleWebKit/537.36 (KHTML, like Gecko) Chrome/73.0.3683.86 Safari/537.36"
91.112.99.126 - - [01/Apr/2019:15:44:46 +0200] "GET /loadthumbnail.php?id=11679165&width=113 HTTP/1.1" 200 19398 "http://renault.activities.at/result?dir=DESC&mode=grid&order=name&limit=15&page=2&search=zubeh%C3%B6r" "Mozilla/5.0 (Windows NT 6.1; Win64; x64) AppleWebKit/537.36 (KHTML, like Gecko) Chrome/73.0.3683.86 Safari/537.36"
91.112.99.126 - - [01/Apr/2019:15:44:46 +0200] "GET /loadthumbnail.php?id=11475295&width=113 HTTP/1.1" 200 17922 "http://renault.activities.at/result?dir=DESC&mode=grid&order=name&limit=15&page=2&search=zubeh%C3%B6r" "Mozilla/5.0 (Windows NT 6.1; Win64; x64) AppleWebKit/537.36 (KHTML, like Gecko) Chrome/73.0.3683.86 Safari/537.36"
91.112.99.126 - - [01/Apr/2019:15:44:46 +0200] "GET /loadthumbnail.php?id=11976092&width=113 HTTP/1.1" 200 22943 "http://renault.activities.at/result?dir=DESC&mode=grid&order=name&limit=15&page=2&search=zubeh%C3%B6r" "Mozilla/5.0 (Windows NT 6.1; Win64; x64) AppleWebKit/537.36 (KHTML, like Gecko) Chrome/73.0.3683.86 Safari/537.36"
138.21.12.23 - - [01/Apr/2019:15:44:56 +0200] "GET /reload?ser=1554126296211 HTTP/1.1" 200 28 "http://renault.2web.at/result?dir=DESC&mode=grid&order=name&limit=15&page=6&search=dacia" "Mozilla/5.0 (Windows NT 10.0; WOW64; Trident/7.0; rv:11.0) like Gecko"
91.112.99.126 - - [01/Apr/2019:15:44:58 +0200] "POST /result?dir=DESC&mode=grid&order=name&limit=15&page=2&search=zubeh%C3%B6r HTTP/1.1" 200 8773 "http://renault.activities.at/result?dir=DESC&mode=grid&order=name&limit=15&page=2&search=zubeh%C3%B6r" "Mozilla/5.0 (Windows NT 6.1; Win64; x64) AppleWebKit/537.36 (KHTML, like Gecko) Chrome/73.0.3683.86 Safari/537.36"
91.112.99.126 - - [01/Apr/2019:15:45:06 +0200] "POST /axjaxrequest?mode=suggest HTTP/1.1" 200 470 "http://renault.activities.at/result?dir=DESC&mode=grid&order=name&limit=15&page=2&search=zubeh%C3%B6r" "Mozilla/5.0 (Windows NT 6.1; Win64; x64) AppleWebKit/537.36 (KHTML, like Gecko) Chrome/73.0.3683.86 Safari/537.36"
91.113.144.26 - - [01/Apr/2019:15:45:07 +0200] "GET /reload?ser=1554126307744 HTTP/1.1" 200 28 "http://renault.activities.at/action" "Mozilla/5.0 (Windows NT 6.3; WOW64; Trident/7.0; rv:11.0) like Gecko"
91.112.99.126 - - [01/Apr/2019:15:45:07 +0200] "GET /result?searchterm=true&search=talisman HTTP/1.1" 200 8525 "http://renault.activities.at/result?dir=DESC&mode=grid&order=name&limit=15&page=2&search=zubeh%C3%B6r" "Mozilla/5.0 (Windows NT 6.1; Win64; x64) AppleWebKit/537.36 (KHTML, like Gecko) Chrome/73.0.3683.86 Safari/537.36"
91.112.99.126 - - [01/Apr/2019:15:45:10 +0200] "GET /loadthumbnail.php?id=11194750&width=113 HTTP/1.1" 200 2347 "http://renault.activities.at/result?searchterm=true&search=talisman" "Mozilla/5.0 (Windows NT 6.1; Win64; x64) AppleWebKit/537.36 (KHTML, like Gecko) Chrome/73.0.3683.86 Safari/537.36"
91.112.99.126 - - [01/Apr/2019:15:45:10 +0200] "GET /loadthumbnail.php?id=11195908&width=113 HTTP/1.1" 200 1279 "http://renault.activities.at/result?searchterm=true&search=talisman" "Mozilla/5.0 (Windows NT 6.1; Win64; x64) AppleWebKit/537.36 (KHTML, like Gecko) Chrome/73.0.3683.86 Safari/537.36"
91.112.99.126 - - [01/Apr/2019:15:45:10 +0200] "GET /loadthumbnail.php?id=11181207&width=113 HTTP/1.1" 200 1279 "http://renault.activities.at/result?searchterm=true&search=talisman" "Mozilla/5.0 (Windows NT 6.1; Win64; x64) AppleWebKit/537.36 (KHTML, like Gecko) Chrome/73.0.3683.86 Safari/537.36"
91.112.99.126 - - [01/Apr/2019:15:45:10 +0200] "GET /loadthumbnail.php?id=11181201&width=113 HTTP/1.1" 200 1279 "http://renault.activities.at/result?searchterm=true&search=talisman" "Mozilla/5.0 (Windows NT 6.1; Win64; x64) AppleWebKit/537.36 (KHTML, like Gecko) Chrome/73.0.3683.86 Safari/537.36"
91.112.99.126 - - [01/Apr/2019:15:45:07 +0200] "POST /axjaxrequest?mode=suggest HTTP/1.1" 200 111 "http://renault.activities.at/result?dir=DESC&mode=grid&order=name&limit=15&page=2&search=zubeh%C3%B6r" "Mozilla/5.0 (Windows NT 6.1; Win64; x64) AppleWebKit/537.36 (KHTML, like Gecko) Chrome/73.0.3683.86 Safari/537.36"
91.112.99.126 - - [01/Apr/2019:15:45:19 +0200] "GET /result?dir=DESC&mode=grid&order=name&limit=15&page=2&search=talisman HTTP/1.1" 200 7577 "http://renault.activities.at/result?searchterm=true&search=talisman" "Mozilla/5.0 (Windows NT 6.1; Win64; x64) AppleWebKit/537.36 (KHTML, like Gecko) Chrome/73.0.3683.86 Safari/537.36"
91.112.99.126 - - [01/Apr/2019:15:45:21 +0200] "GET /loadthumbnail.php?id=11847426&width=113 HTTP/1.1" 200 2727 "http://renault.activities.at/result?dir=DESC&mode=grid&order=name&limit=15&page=2&search=talisman" "Mozilla/5.0 (Windows NT 6.1; Win64; x64) AppleWebKit/537.36 (KHTML, like Gecko) Chrome/73.0.3683.86 Safari/537.36"
91.112.99.126 - - [01/Apr/2019:15:45:21 +0200] "GET /loadthumbnail.php?id=11036339&width=113 HTTP/1.1" 200 1330 "http://renault.activities.at/result?dir=DESC&mode=grid&order=name&limit=15&page=2&search=talisman" "Mozilla/5.0 (Windows NT 6.1; Win64; x64) AppleWebKit/537.36 (KHTML, like Gecko) Chrome/73.0.3683.86 Safari/537.36"
91.112.99.126 - - [01/Apr/2019:15:45:21 +0200] "GET /loadthumbnail.php?id=11165054&width=113 HTTP/1.1" 200 34777 "http://renault.activities.at/result?dir=DESC&mode=grid&order=name&limit=15&page=2&search=talisman" "Mozilla/5.0 (Windows NT 6.1; Win64; x64) AppleWebKit/537.36 (KHTML, like Gecko) Chrome/73.0.3683.86 Safari/537.36"
91.112.99.126 - - [01/Apr/2019:15:45:21 +0200] "GET /loadthumbnail.php?id=11128108&width=113 HTTP/1.1" 200 2522 "http://renault.activities.at/result?dir=DESC&mode=grid&order=name&limit=15&page=2&search=talisman" "Mozilla/5.0 (Windows NT 6.1; Win64; x64) AppleWebKit/537.36 (KHTML, like Gecko) Chrome/73.0.3683.86 Safari/537.36"
91.112.99.126 - - [01/Apr/2019:15:45:21 +0200] "GET /loadthumbnail.php?id=11164747&width=113 HTTP/1.1" 200 26121 "http://renault.activities.at/result?dir=DESC&mode=grid&order=name&limit=15&page=2&search=talisman" "Mozilla/5.0 (Windows NT 6.1; Win64; x64) AppleWebKit/537.36 (KHTML, like Gecko) Chrome/73.0.3683.86 Safari/537.36"
91.112.99.126 - - [01/Apr/2019:15:45:21 +0200] "GET /loadthumbnail.php?id=11293735&width=113 HTTP/1.1" 200 3795 "http://renault.activities.at/result?dir=DESC&mode=grid&order=name&limit=15&page=2&search=talisman" "Mozilla/5.0 (Windows NT 6.1; Win64; x64) AppleWebKit/537.36 (KHTML, like Gecko) Chrome/73.0.3683.86 Safari/537.36"
91.112.99.126 - - [01/Apr/2019:15:45:21 +0200] "GET /loadthumbnail.php?id=11197547&width=113 HTTP/1.1" 200 9073 "http://renault.activities.at/result?dir=DESC&mode=grid&order=name&limit=15&page=2&search=talisman" "Mozilla/5.0 (Windows NT 6.1; Win64; x64) AppleWebKit/537.36 (KHTML, like Gecko) Chrome/73.0.3683.86 Safari/537.36"
212.152.246.135 - - [01/Apr/2019:15:45:23 +0200] "GET /reload?ser=1554126323129 HTTP/1.1" 200 28 "http://renault.activities.at/result?searchterm=true&search=Aufsteller" "Mozilla/5.0 (Windows NT 10.0; WOW64; Trident/7.0; rv:11.0) like Gecko"
91.112.99.126 - - [01/Apr/2019:15:45:29 +0200] "POST /result?dir=DESC&mode=grid&order=name&limit=15&page=2&search=talisman HTTP/1.1" 200 7676 "http://renault.activities.at/result?dir=DESC&mode=grid&order=name&limit=15&page=2&search=talisman" "Mozilla/5.0 (Windows NT 6.1; Win64; x64) AppleWebKit/537.36 (KHTML, like Gecko) Chrome/73.0.3683.86 Safari/537.36"
91.112.99.126 - - [01/Apr/2019:15:45:36 +0200] "GET /result?dir=DESC&mode=grid&order=name&limit=15&page=1&search=talisman HTTP/1.1" 200 8526 "http://renault.activities.at/result?dir=DESC&mode=grid&order=name&limit=15&page=2&search=talisman" "Mozilla/5.0 (Windows NT 6.1; Win64; x64) AppleWebKit/537.36 (KHTML, like Gecko) Chrome/73.0.3683.86 Safari/537.36"
91.112.99.126 - - [01/Apr/2019:15:45:44 +0200] "POST /result?dir=DESC&mode=grid&order=name&limit=15&page=1&search=talisman HTTP/1.1" 200 8626 "http://renault.activities.at/result?dir=DESC&mode=grid&order=name&limit=15&page=1&search=talisman" "Mozilla/5.0 (Windows NT 6.1; Win64; x64) AppleWebKit/537.36 (KHTML, like Gecko) Chrome/73.0.3683.86 Safari/537.36"
91.112.99.126 - - [01/Apr/2019:15:45:51 +0200] "POST /result?dir=DESC&mode=grid&order=name&limit=15&page=1&search=talisman HTTP/1.1" 200 8634 "http://renault.activities.at/result?dir=DESC&mode=grid&order=name&limit=15&page=1&search=talisman" "Mozilla/5.0 (Windows NT 6.1; Win64; x64) AppleWebKit/537.36 (KHTML, like Gecko) Chrome/73.0.3683.86 Safari/537.36"
138.21.12.23 - - [01/Apr/2019:15:45:57 +0200] "GET /reload?ser=1554126357218 HTTP/1.1" 200 28 "http://renault.2web.at/result?dir=DESC&mode=grid&order=name&limit=15&page=6&search=dacia" "Mozilla/5.0 (Windows NT 10.0; WOW64; Trident/7.0; rv:11.0) like Gecko"
91.112.99.126 - - [01/Apr/2019:15:45:57 +0200] "GET /result?searchterm=true&search=kangoo HTTP/1.1" 200 8494 "http://renault.activities.at/result?dir=DESC&mode=grid&order=name&limit=15&page=1&search=talisman" "Mozilla/5.0 (Windows NT 6.1; Win64; x64) AppleWebKit/537.36 (KHTML, like Gecko) Chrome/73.0.3683.86 Safari/537.36"
91.112.99.126 - - [01/Apr/2019:15:46:01 +0200] "GET /loadthumbnail.php?id=11194721&width=113 HTTP/1.1" 200 1083 "http://renault.activities.at/result?searchterm=true&search=kangoo" "Mozilla/5.0 (Windows NT 6.1; Win64; x64) AppleWebKit/537.36 (KHTML, like Gecko) Chrome/73.0.3683.86 Safari/537.36"
91.112.99.126 - - [01/Apr/2019:15:46:01 +0200] "GET /loadthumbnail.php?id=11186469&width=113 HTTP/1.1" 200 1278 "http://renault.activities.at/result?searchterm=true&search=kangoo" "Mozilla/5.0 (Windows NT 6.1; Win64; x64) AppleWebKit/537.36 (KHTML, like Gecko) Chrome/73.0.3683.86 Safari/537.36"
91.112.99.126 - - [01/Apr/2019:15:46:01 +0200] "GET /loadthumbnail.php?id=11194717&width=113 HTTP/1.1" 200 1278 "http://renault.activities.at/result?searchterm=true&search=kangoo" "Mozilla/5.0 (Windows NT 6.1; Win64; x64) AppleWebKit/537.36 (KHTML, like Gecko) Chrome/73.0.3683.86 Safari/537.36"
91.112.99.126 - - [01/Apr/2019:15:46:01 +0200] "GET /loadthumbnail.php?id=11186457&width=113 HTTP/1.1" 200 1278 "http://renault.activities.at/result?searchterm=true&search=kangoo" "Mozilla/5.0 (Windows NT 6.1; Win64; x64) AppleWebKit/537.36 (KHTML, like Gecko) Chrome/73.0.3683.86 Safari/537.36"
91.112.99.126 - - [01/Apr/2019:15:46:01 +0200] "GET /loadthumbnail.php?id=11186475&width=113 HTTP/1.1" 200 1083 "http://renault.activities.at/result?searchterm=true&search=kangoo" "Mozilla/5.0 (Windows NT 6.1; Win64; x64) AppleWebKit/537.36 (KHTML, like Gecko) Chrome/73.0.3683.86 Safari/537.36"
91.112.99.126 - - [01/Apr/2019:15:46:01 +0200] "GET /loadthumbnail.php?id=11186479&width=113 HTTP/1.1" 200 1083 "http://renault.activities.at/result?searchterm=true&search=kangoo" "Mozilla/5.0 (Windows NT 6.1; Win64; x64) AppleWebKit/537.36 (KHTML, like Gecko) Chrome/73.0.3683.86 Safari/537.36"
91.112.99.126 - - [01/Apr/2019:15:45:58 +0200] "POST /axjaxrequest?mode=suggest HTTP/1.1" 200 111 "http://renault.activities.at/result?dir=DESC&mode=grid&order=name&limit=15&page=1&search=talisman" "Mozilla/5.0 (Windows NT 6.1; Win64; x64) AppleWebKit/537.36 (KHTML, like Gecko) Chrome/73.0.3683.86 Safari/537.36"
91.112.99.126 - - [01/Apr/2019:15:46:04 +0200] "POST /result?searchterm=true&search=kangoo HTTP/1.1" 200 8594 "http://renault.activities.at/result?searchterm=true&search=kangoo" "Mozilla/5.0 (Windows NT 6.1; Win64; x64) AppleWebKit/537.36 (KHTML, like Gecko) Chrome/73.0.3683.86 Safari/537.36"
91.113.144.26 - - [01/Apr/2019:15:46:08 +0200] "GET /reload?ser=1554126368759 HTTP/1.1" 200 28 "http://renault.activities.at/action" "Mozilla/5.0 (Windows NT 6.3; WOW64; Trident/7.0; rv:11.0) like Gecko"
91.112.99.126 - - [01/Apr/2019:15:46:13 +0200] "POST /result?searchterm=true&search=kangoo HTTP/1.1" 200 8597 "http://renault.activities.at/result?searchterm=true&search=kangoo" "Mozilla/5.0 (Windows NT 6.1; Win64; x64) AppleWebKit/537.36 (KHTML, like Gecko) Chrome/73.0.3683.86 Safari/537.36"
91.112.99.126 - - [01/Apr/2019:15:46:19 +0200] "GET /result?dir=DESC&mode=grid&order=name&limit=15&page=2&search=kangoo HTTP/1.1" 200 8074 "http://renault.activities.at/result?searchterm=true&search=kangoo" "Mozilla/5.0 (Windows NT 6.1; Win64; x64) AppleWebKit/537.36 (KHTML, like Gecko) Chrome/73.0.3683.86 Safari/537.36"
91.112.99.126 - - [01/Apr/2019:15:46:22 +0200] "GET /loadthumbnail.php?id=11213910&width=113 HTTP/1.1" 200 2091 "http://renault.activities.at/result?dir=DESC&mode=grid&order=name&limit=15&page=2&search=kangoo" "Mozilla/5.0 (Windows NT 6.1; Win64; x64) AppleWebKit/537.36 (KHTML, like Gecko) Chrome/73.0.3683.86 Safari/537.36"
91.112.99.126 - - [01/Apr/2019:15:46:22 +0200] "GET /loadthumbnail.php?id=11590243&width=113 HTTP/1.1" 200 3639 "http://renault.activities.at/result?dir=DESC&mode=grid&order=name&limit=15&page=2&search=kangoo" "Mozilla/5.0 (Windows NT 6.1; Win64; x64) AppleWebKit/537.36 (KHTML, like Gecko) Chrome/73.0.3683.86 Safari/537.36"
91.112.99.126 - - [01/Apr/2019:15:46:22 +0200] "GET /loadthumbnail.php?id=11334756&width=113 HTTP/1.1" 200 24626 "http://renault.activities.at/result?dir=DESC&mode=grid&order=name&limit=15&page=2&search=kangoo" "Mozilla/5.0 (Windows NT 6.1; Win64; x64) AppleWebKit/537.36 (KHTML, like Gecko) Chrome/73.0.3683.86 Safari/537.36"
91.112.99.126 - - [01/Apr/2019:15:46:22 +0200] "GET /loadthumbnail.php?id=11590242&width=113 HTTP/1.1" 200 3202 "http://renault.activities.at/result?dir=DESC&mode=grid&order=name&limit=15&page=2&search=kangoo" "Mozilla/5.0 (Windows NT 6.1; Win64; x64) AppleWebKit/537.36 (KHTML, like Gecko) Chrome/73.0.3683.86 Safari/537.36"
91.112.99.126 - - [01/Apr/2019:15:46:22 +0200] "GET /loadthumbnail.php?id=11036126&width=113 HTTP/1.1" 200 1377 "http://renault.activities.at/result?dir=DESC&mode=grid&order=name&limit=15&page=2&search=kangoo" "Mozilla/5.0 (Windows NT 6.1; Win64; x64) AppleWebKit/537.36 (KHTML, like Gecko) Chrome/73.0.3683.86 Safari/537.36"
91.112.99.126 - - [01/Apr/2019:15:46:22 +0200] "GET /loadthumbnail.php?id=11885851&width=113 HTTP/1.1" 200 1576 "http://renault.activities.at/result?dir=DESC&mode=grid&order=name&limit=15&page=2&search=kangoo" "Mozilla/5.0 (Windows NT 6.1; Win64; x64) AppleWebKit/537.36 (KHTML, like Gecko) Chrome/73.0.3683.86 Safari/537.36"
212.152.246.135 - - [01/Apr/2019:15:46:24 +0200] "GET /reload?ser=1554126384178 HTTP/1.1" 200 28 "http://renault.activities.at/result?searchterm=true&search=Aufsteller" "Mozilla/5.0 (Windows NT 10.0; WOW64; Trident/7.0; rv:11.0) like Gecko"
91.112.99.126 - - [01/Apr/2019:15:46:31 +0200] "POST /result?dir=DESC&mode=grid&order=name&limit=15&page=2&search=kangoo HTTP/1.1" 200 8174 "http://renault.activities.at/result?dir=DESC&mode=grid&order=name&limit=15&page=2&search=kangoo" "Mozilla/5.0 (Windows NT 6.1; Win64; x64) AppleWebKit/537.36 (KHTML, like Gecko) Chrome/73.0.3683.86 Safari/537.36"
91.112.99.126 - - [01/Apr/2019:15:46:38 +0200] "GET /result?searchterm=true&search=scenic HTTP/1.1" 200 8421 "http://renault.activities.at/result?dir=DESC&mode=grid&order=name&limit=15&page=2&search=kangoo" "Mozilla/5.0 (Windows NT 6.1; Win64; x64) AppleWebKit/537.36 (KHTML, like Gecko) Chrome/73.0.3683.86 Safari/537.36"
91.112.99.126 - - [01/Apr/2019:15:46:41 +0200] "GET /loadthumbnail.php?id=11181227&width=113 HTTP/1.1" 200 1322 "http://renault.activities.at/result?searchterm=true&search=scenic" "Mozilla/5.0 (Windows NT 6.1; Win64; x64) AppleWebKit/537.36 (KHTML, like Gecko) Chrome/73.0.3683.86 Safari/537.36"
91.112.99.126 - - [01/Apr/2019:15:46:41 +0200] "GET /loadthumbnail.php?id=11194725&width=113 HTTP/1.1" 200 1322 "http://renault.activities.at/result?searchterm=true&search=scenic" "Mozilla/5.0 (Windows NT 6.1; Win64; x64) AppleWebKit/537.36 (KHTML, like Gecko) Chrome/73.0.3683.86 Safari/537.36"
91.112.99.126 - - [01/Apr/2019:15:46:41 +0200] "GET /loadthumbnail.php?id=11181225&width=113 HTTP/1.1" 200 1322 "http://renault.activities.at/result?searchterm=true&search=scenic" "Mozilla/5.0 (Windows NT 6.1; Win64; x64) AppleWebKit/537.36 (KHTML, like Gecko) Chrome/73.0.3683.86 Safari/537.36"
91.112.99.126 - - [01/Apr/2019:15:46:41 +0200] "GET /loadthumbnail.php?id=11186483&width=113 HTTP/1.1" 200 1974 "http://renault.activities.at/result?searchterm=true&search=scenic" "Mozilla/5.0 (Windows NT 6.1; Win64; x64) AppleWebKit/537.36 (KHTML, like Gecko) Chrome/73.0.3683.86 Safari/537.36"
91.112.99.126 - - [01/Apr/2019:15:46:41 +0200] "GET /loadthumbnail.php?id=11186495&width=113 HTTP/1.1" 200 1974 "http://renault.activities.at/result?searchterm=true&search=scenic" "Mozilla/5.0 (Windows NT 6.1; Win64; x64) AppleWebKit/537.36 (KHTML, like Gecko) Chrome/73.0.3683.86 Safari/537.36"
91.112.99.126 - - [01/Apr/2019:15:46:38 +0200] "POST /axjaxrequest?mode=suggest HTTP/1.1" 200 111 "http://renault.activities.at/result?dir=DESC&mode=grid&order=name&limit=15&page=2&search=kangoo" "Mozilla/5.0 (Windows NT 6.1; Win64; x64) AppleWebKit/537.36 (KHTML, like Gecko) Chrome/73.0.3683.86 Safari/537.36"
91.112.99.126 - - [01/Apr/2019:15:46:45 +0200] "GET /result?dir=DESC&mode=grid&order=name&limit=15&page=2&search=scenic HTTP/1.1" 200 7547 "http://renault.activities.at/result?searchterm=true&search=scenic" "Mozilla/5.0 (Windows NT 6.1; Win64; x64) AppleWebKit/537.36 (KHTML, like Gecko) Chrome/73.0.3683.86 Safari/537.36"
91.112.99.126 - - [01/Apr/2019:15:46:48 +0200] "GET /loadthumbnail.php?id=11314589&width=113 HTTP/1.1" 200 3055 "http://renault.activities.at/result?dir=DESC&mode=grid&order=name&limit=15&page=2&search=scenic" "Mozilla/5.0 (Windows NT 6.1; Win64; x64) AppleWebKit/537.36 (KHTML, like Gecko) Chrome/73.0.3683.86 Safari/537.36"
91.112.99.126 - - [01/Apr/2019:15:46:48 +0200] "GET /loadthumbnail.php?id=11418135&width=113 HTTP/1.1" 200 4142 "http://renault.activities.at/result?dir=DESC&mode=grid&order=name&limit=15&page=2&search=scenic" "Mozilla/5.0 (Windows NT 6.1; Win64; x64) AppleWebKit/537.36 (KHTML, like Gecko) Chrome/73.0.3683.86 Safari/537.36"
91.112.99.126 - - [01/Apr/2019:15:46:48 +0200] "GET /loadthumbnail.php?id=11255648&width=113 HTTP/1.1" 200 1285 "http://renault.activities.at/result?dir=DESC&mode=grid&order=name&limit=15&page=2&search=scenic" "Mozilla/5.0 (Windows NT 6.1; Win64; x64) AppleWebKit/537.36 (KHTML, like Gecko) Chrome/73.0.3683.86 Safari/537.36"
91.112.99.126 - - [01/Apr/2019:15:46:48 +0200] "GET /loadthumbnail.php?id=11470095&width=113 HTTP/1.1" 200 5019 "http://renault.activities.at/result?dir=DESC&mode=grid&order=name&limit=15&page=2&search=scenic" "Mozilla/5.0 (Windows NT 6.1; Win64; x64) AppleWebKit/537.36 (KHTML, like Gecko) Chrome/73.0.3683.86 Safari/537.36"
91.112.99.126 - - [01/Apr/2019:15:46:48 +0200] "GET /loadthumbnail.php?id=11349155&width=113 HTTP/1.1" 200 2814 "http://renault.activities.at/result?dir=DESC&mode=grid&order=name&limit=15&page=2&search=scenic" "Mozilla/5.0 (Windows NT 6.1; Win64; x64) AppleWebKit/537.36 (KHTML, like Gecko) Chrome/73.0.3683.86 Safari/537.36"
138.21.12.23 - - [01/Apr/2019:15:46:58 +0200] "GET /reload?ser=1554126418231 HTTP/1.1" 200 28 "http://renault.2web.at/result?dir=DESC&mode=grid&order=name&limit=15&page=6&search=dacia" "Mozilla/5.0 (Windows NT 10.0; WOW64; Trident/7.0; rv:11.0) like Gecko"
91.112.99.126 - - [01/Apr/2019:15:47:05 +0200] "POST /result?dir=DESC&mode=grid&order=name&limit=15&page=2&search=scenic HTTP/1.1" 200 7650 "http://renault.activities.at/result?dir=DESC&mode=grid&order=name&limit=15&page=2&search=scenic" "Mozilla/5.0 (Windows NT 6.1; Win64; x64) AppleWebKit/537.36 (KHTML, like Gecko) Chrome/73.0.3683.86 Safari/537.36"
91.113.144.26 - - [01/Apr/2019:15:47:09 +0200] "GET /reload?ser=1554126429713 HTTP/1.1" 200 28 "http://renault.activities.at/action" "Mozilla/5.0 (Windows NT 6.3; WOW64; Trident/7.0; rv:11.0) like Gecko"
91.112.99.126 - - [01/Apr/2019:15:47:14 +0200] "GET /result?searchterm=true&search=zubeh%F6r HTTP/1.1" 200 8416 "http://renault.activities.at/result?dir=DESC&mode=grid&order=name&limit=15&page=2&search=scenic" "Mozilla/5.0 (Windows NT 6.1; Win64; x64) AppleWebKit/537.36 (KHTML, like Gecko) Chrome/73.0.3683.86 Safari/537.36"
91.112.99.126 - - [01/Apr/2019:15:47:14 +0200] "POST /axjaxrequest?mode=suggest HTTP/1.1" 200 170 "http://renault.activities.at/result?dir=DESC&mode=grid&order=name&limit=15&page=2&search=scenic" "Mozilla/5.0 (Windows NT 6.1; Win64; x64) AppleWebKit/537.36 (KHTML, like Gecko) Chrome/73.0.3683.86 Safari/537.36"
212.152.246.135 - - [01/Apr/2019:15:47:25 +0200] "GET /reload?ser=1554126445237 HTTP/1.1" 200 28 "http://renault.activities.at/result?searchterm=true&search=Aufsteller" "Mozilla/5.0 (Windows NT 10.0; WOW64; Trident/7.0; rv:11.0) like Gecko"
91.112.99.126 - - [01/Apr/2019:15:47:24 +0200] "POST /result?searchterm=true&search=zubeh%F6r HTTP/1.1" 200 8519 "http://renault.activities.at/result?searchterm=true&search=zubeh%F6r" "Mozilla/5.0 (Windows NT 6.1; Win64; x64) AppleWebKit/537.36 (KHTML, like Gecko) Chrome/73.0.3683.86 Safari/537.36"
91.112.99.126 - - [01/Apr/2019:15:47:33 +0200] "GET /result?dir=DESC&mode=grid&order=name&limit=15&page=2&search=zubeh%C3%B6r HTTP/1.1" 200 8666 "http://renault.activities.at/result?searchterm=true&search=zubeh%F6r" "Mozilla/5.0 (Windows NT 6.1; Win64; x64) AppleWebKit/537.36 (KHTML, like Gecko) Chrome/73.0.3683.86 Safari/537.36"
91.112.99.126 - - [01/Apr/2019:15:47:48 +0200] "POST /result?dir=DESC&mode=grid&order=name&limit=15&page=2&search=zubeh%C3%B6r HTTP/1.1" 200 8772 "http://renault.activities.at/result?dir=DESC&mode=grid&order=name&limit=15&page=2&search=zubeh%C3%B6r" "Mozilla/5.0 (Windows NT 6.1; Win64; x64) AppleWebKit/537.36 (KHTML, like Gecko) Chrome/73.0.3683.86 Safari/537.36"
91.112.99.126 - - [01/Apr/2019:15:47:56 +0200] "POST /axjaxrequest?mode=suggest HTTP/1.1" 200 111 "http://renault.activities.at/result?dir=DESC&mode=grid&order=name&limit=15&page=2&search=zubeh%C3%B6r" "Mozilla/5.0 (Windows NT 6.1; Win64; x64) AppleWebKit/537.36 (KHTML, like Gecko) Chrome/73.0.3683.86 Safari/537.36"
91.112.99.126 - - [01/Apr/2019:15:47:56 +0200] "GET /result?searchterm=true&search=koleos HTTP/1.1" 200 7252 "http://renault.activities.at/result?dir=DESC&mode=grid&order=name&limit=15&page=2&search=zubeh%C3%B6r" "Mozilla/5.0 (Windows NT 6.1; Win64; x64) AppleWebKit/537.36 (KHTML, like Gecko) Chrome/73.0.3683.86 Safari/537.36"
91.112.99.126 - - [01/Apr/2019:15:47:59 +0200] "GET /loadthumbnail.php?id=11658180&width=113 HTTP/1.1" 200 29422 "http://renault.activities.at/result?searchterm=true&search=koleos" "Mozilla/5.0 (Windows NT 6.1; Win64; x64) AppleWebKit/537.36 (KHTML, like Gecko) Chrome/73.0.3683.86 Safari/537.36"
91.112.99.126 - - [01/Apr/2019:15:47:59 +0200] "GET /loadthumbnail.php?id=11555219&width=113 HTTP/1.1" 200 2237 "http://renault.activities.at/result?searchterm=true&search=koleos" "Mozilla/5.0 (Windows NT 6.1; Win64; x64) AppleWebKit/537.36 (KHTML, like Gecko) Chrome/73.0.3683.86 Safari/537.36"
91.112.99.126 - - [01/Apr/2019:15:47:59 +0200] "GET /loadthumbnail.php?id=11532185&width=113 HTTP/1.1" 200 2800 "http://renault.activities.at/result?searchterm=true&search=koleos" "Mozilla/5.0 (Windows NT 6.1; Win64; x64) AppleWebKit/537.36 (KHTML, like Gecko) Chrome/73.0.3683.86 Safari/537.36"
91.112.99.126 - - [01/Apr/2019:15:47:59 +0200] "GET /loadthumbnail.php?id=11555218&width=113 HTTP/1.1" 200 2237 "http://renault.activities.at/result?searchterm=true&search=koleos" "Mozilla/5.0 (Windows NT 6.1; Win64; x64) AppleWebKit/537.36 (KHTML, like Gecko) Chrome/73.0.3683.86 Safari/537.36"
91.112.99.126 - - [01/Apr/2019:15:47:59 +0200] "GET /loadthumbnail.php?id=10260861&width=113 HTTP/1.1" 200 1170 "http://renault.activities.at/result?searchterm=true&search=koleos" "Mozilla/5.0 (Windows NT 6.1; Win64; x64) AppleWebKit/537.36 (KHTML, like Gecko) Chrome/73.0.3683.86 Safari/537.36"
91.112.99.126 - - [01/Apr/2019:15:47:59 +0200] "GET /loadthumbnail.php?id=11986825&width=113 HTTP/1.1" 200 2837 "http://renault.activities.at/result?searchterm=true&search=koleos" "Mozilla/5.0 (Windows NT 6.1; Win64; x64) AppleWebKit/537.36 (KHTML, like Gecko) Chrome/73.0.3683.86 Safari/537.36"
91.112.99.126 - - [01/Apr/2019:15:48:00 +0200] "GET /loadthumbnail.php?id=11577924&width=113 HTTP/1.1" 200 28282 "http://renault.activities.at/result?searchterm=true&search=koleos" "Mozilla/5.0 (Windows NT 6.1; Win64; x64) AppleWebKit/537.36 (KHTML, like Gecko) Chrome/73.0.3683.86 Safari/537.36"
138.21.12.23 - - [01/Apr/2019:15:47:59 +0200] "GET /reload?ser=1554126479207 HTTP/1.1" 200 28 "http://renault.2web.at/result?dir=DESC&mode=grid&order=name&limit=15&page=6&search=dacia" "Mozilla/5.0 (Windows NT 10.0; WOW64; Trident/7.0; rv:11.0) like Gecko"
91.112.99.126 - - [01/Apr/2019:15:47:56 +0200] "POST /axjaxrequest?mode=suggest HTTP/1.1" 200 111 "http://renault.activities.at/result?dir=DESC&mode=grid&order=name&limit=15&page=2&search=zubeh%C3%B6r" "Mozilla/5.0 (Windows NT 6.1; Win64; x64) AppleWebKit/537.36 (KHTML, like Gecko) Chrome/73.0.3683.86 Safari/537.36"
91.112.99.126 - - [01/Apr/2019:15:48:05 +0200] "POST /result?searchterm=true&search=koleos HTTP/1.1" 200 7358 "http://renault.activities.at/result?searchterm=true&search=koleos" "Mozilla/5.0 (Windows NT 6.1; Win64; x64) AppleWebKit/537.36 (KHTML, like Gecko) Chrome/73.0.3683.86 Safari/537.36"
91.113.144.26 - - [01/Apr/2019:15:48:10 +0200] "GET /reload?ser=1554126490681 HTTP/1.1" 200 28 "http://renault.activities.at/action" "Mozilla/5.0 (Windows NT 6.3; WOW64; Trident/7.0; rv:11.0) like Gecko"
91.112.99.126 - - [01/Apr/2019:15:48:11 +0200] "POST /result?searchterm=true&search=koleos HTTP/1.1" 200 7353 "http://renault.activities.at/result?searchterm=true&search=koleos" "Mozilla/5.0 (Windows NT 6.1; Win64; x64) AppleWebKit/537.36 (KHTML, like Gecko) Chrome/73.0.3683.86 Safari/537.36"
91.112.99.126 - - [01/Apr/2019:15:48:18 +0200] "POST /result?searchterm=true&search=koleos HTTP/1.1" 200 7351 "http://renault.activities.at/result?searchterm=true&search=koleos" "Mozilla/5.0 (Windows NT 6.1; Win64; x64) AppleWebKit/537.36 (KHTML, like Gecko) Chrome/73.0.3683.86 Safari/537.36"
212.152.246.135 - - [01/Apr/2019:15:48:26 +0200] "GET /reload?ser=1554126506316 HTTP/1.1" 200 28 "http://renault.activities.at/result?searchterm=true&search=Aufsteller" "Mozilla/5.0 (Windows NT 10.0; WOW64; Trident/7.0; rv:11.0) like Gecko"
91.112.99.126 - - [01/Apr/2019:15:48:30 +0200] "POST /axjaxrequest?mode=suggest HTTP/1.1" 200 112 "http://renault.activities.at/result?searchterm=true&search=koleos" "Mozilla/5.0 (Windows NT 6.1; Win64; x64) AppleWebKit/537.36 (KHTML, like Gecko) Chrome/73.0.3683.86 Safari/537.36"
91.112.99.126 - - [01/Apr/2019:15:48:31 +0200] "GET /result?searchterm=true&search=kadjar HTTP/1.1" 200 8492 "http://renault.activities.at/result?searchterm=true&search=koleos" "Mozilla/5.0 (Windows NT 6.1; Win64; x64) AppleWebKit/537.36 (KHTML, like Gecko) Chrome/73.0.3683.86 Safari/537.36"
91.112.99.126 - - [01/Apr/2019:15:48:34 +0200] "GET /loadthumbnail.php?id=11195851&width=113 HTTP/1.1" 200 1156 "http://renault.activities.at/result?searchterm=true&search=kadjar" "Mozilla/5.0 (Windows NT 6.1; Win64; x64) AppleWebKit/537.36 (KHTML, like Gecko) Chrome/73.0.3683.86 Safari/537.36"
91.112.99.126 - - [01/Apr/2019:15:48:34 +0200] "GET /loadthumbnail.php?id=11181237&width=113 HTTP/1.1" 200 1156 "http://renault.activities.at/result?searchterm=true&search=kadjar" "Mozilla/5.0 (Windows NT 6.1; Win64; x64) AppleWebKit/537.36 (KHTML, like Gecko) Chrome/73.0.3683.86 Safari/537.36"
91.112.99.126 - - [01/Apr/2019:15:48:34 +0200] "GET /loadthumbnail.php?id=11181235&width=113 HTTP/1.1" 200 1156 "http://renault.activities.at/result?searchterm=true&search=kadjar" "Mozilla/5.0 (Windows NT 6.1; Win64; x64) AppleWebKit/537.36 (KHTML, like Gecko) Chrome/73.0.3683.86 Safari/537.36"
91.112.99.126 - - [01/Apr/2019:15:48:31 +0200] "POST /axjaxrequest?mode=suggest HTTP/1.1" 200 112 "http://renault.activities.at/result?searchterm=true&search=koleos" "Mozilla/5.0 (Windows NT 6.1; Win64; x64) AppleWebKit/537.36 (KHTML, like Gecko) Chrome/73.0.3683.86 Safari/537.36"
91.112.99.126 - - [01/Apr/2019:15:48:41 +0200] "POST /result?searchterm=true&search=kadjar HTTP/1.1" 200 8591 "http://renault.activities.at/result?searchterm=true&search=kadjar" "Mozilla/5.0 (Windows NT 6.1; Win64; x64) AppleWebKit/537.36 (KHTML, like Gecko) Chrome/73.0.3683.86 Safari/537.36"
91.112.99.126 - - [01/Apr/2019:15:48:50 +0200] "POST /result?searchterm=true&search=kadjar HTTP/1.1" 200 8601 "http://renault.activities.at/result?searchterm=true&search=kadjar" "Mozilla/5.0 (Windows NT 6.1; Win64; x64) AppleWebKit/537.36 (KHTML, like Gecko) Chrome/73.0.3683.86 Safari/537.36"
91.112.99.126 - - [01/Apr/2019:15:48:57 +0200] "GET /result?dir=DESC&mode=grid&order=name&limit=15&page=2&search=kadjar HTTP/1.1" 200 6763 "http://renault.activities.at/result?searchterm=true&search=kadjar" "Mozilla/5.0 (Windows NT 6.1; Win64; x64) AppleWebKit/537.36 (KHTML, like Gecko) Chrome/73.0.3683.86 Safari/537.36"
91.112.99.126 - - [01/Apr/2019:15:48:59 +0200] "GET /loadthumbnail.php?id=11927086&width=113 HTTP/1.1" 200 2978 "http://renault.activities.at/result?dir=DESC&mode=grid&order=name&limit=15&page=2&search=kadjar" "Mozilla/5.0 (Windows NT 6.1; Win64; x64) AppleWebKit/537.36 (KHTML, like Gecko) Chrome/73.0.3683.86 Safari/537.36"
91.112.99.126 - - [01/Apr/2019:15:48:59 +0200] "GET /loadthumbnail.php?id=11967700&width=113 HTTP/1.1" 200 3470 "http://renault.activities.at/result?dir=DESC&mode=grid&order=name&limit=15&page=2&search=kadjar" "Mozilla/5.0 (Windows NT 6.1; Win64; x64) AppleWebKit/537.36 (KHTML, like Gecko) Chrome/73.0.3683.86 Safari/537.36"
91.112.99.126 - - [01/Apr/2019:15:48:59 +0200] "GET /loadthumbnail.php?id=11031873&width=113 HTTP/1.1" 200 24451 "http://renault.activities.at/result?dir=DESC&mode=grid&order=name&limit=15&page=2&search=kadjar" "Mozilla/5.0 (Windows NT 6.1; Win64; x64) AppleWebKit/537.36 (KHTML, like Gecko) Chrome/73.0.3683.86 Safari/537.36"
91.112.99.126 - - [01/Apr/2019:15:48:59 +0200] "GET /loadthumbnail.php?id=10915652&width=113 HTTP/1.1" 200 1387 "http://renault.activities.at/result?dir=DESC&mode=grid&order=name&limit=15&page=2&search=kadjar" "Mozilla/5.0 (Windows NT 6.1; Win64; x64) AppleWebKit/537.36 (KHTML, like Gecko) Chrome/73.0.3683.86 Safari/537.36"
91.112.99.126 - - [01/Apr/2019:15:48:59 +0200] "GET /loadthumbnail.php?id=11031880&width=113 HTTP/1.1" 200 39263 "http://renault.activities.at/result?dir=DESC&mode=grid&order=name&limit=15&page=2&search=kadjar" "Mozilla/5.0 (Windows NT 6.1; Win64; x64) AppleWebKit/537.36 (KHTML, like Gecko) Chrome/73.0.3683.86 Safari/537.36"
193.194.132.28 - - [01/Apr/2019:15:49:00 +0200] "GET /reload?ser=1554126540264 HTTP/1.1" 200 28 "http://renault.2web.at/result?dir=DESC&mode=grid&order=name&limit=15&page=6&search=dacia" "Mozilla/5.0 (Windows NT 10.0; WOW64; Trident/7.0; rv:11.0) like Gecko"
91.112.99.126 - - [01/Apr/2019:15:49:05 +0200] "POST /result?dir=DESC&mode=grid&order=name&limit=15&page=2&search=kadjar HTTP/1.1" 200 6861 "http://renault.activities.at/result?dir=DESC&mode=grid&order=name&limit=15&page=2&search=kadjar" "Mozilla/5.0 (Windows NT 6.1; Win64; x64) AppleWebKit/537.36 (KHTML, like Gecko) Chrome/73.0.3683.86 Safari/537.36"
91.113.144.26 - - [01/Apr/2019:15:49:11 +0200] "GET /reload?ser=1554126551661 HTTP/1.1" 200 28 "http://renault.activities.at/action" "Mozilla/5.0 (Windows NT 6.3; WOW64; Trident/7.0; rv:11.0) like Gecko"
91.112.99.126 - - [01/Apr/2019:15:49:15 +0200] "GET /result?searchterm=true&search=espace HTTP/1.1" 200 8552 "http://renault.activities.at/result?dir=DESC&mode=grid&order=name&limit=15&page=2&search=kadjar" "Mozilla/5.0 (Windows NT 6.1; Win64; x64) AppleWebKit/537.36 (KHTML, like Gecko) Chrome/73.0.3683.86 Safari/537.36"
91.112.99.126 - - [01/Apr/2019:15:49:18 +0200] "GET /loadthumbnail.php?id=11117056&width=113 HTTP/1.1" 200 2184 "http://renault.activities.at/result?searchterm=true&search=espace" "Mozilla/5.0 (Windows NT 6.1; Win64; x64) AppleWebKit/537.36 (KHTML, like Gecko) Chrome/73.0.3683.86 Safari/537.36"
91.112.99.126 - - [01/Apr/2019:15:49:18 +0200] "GET /loadthumbnail.php?id=11181233&width=113 HTTP/1.1" 200 1353 "http://renault.activities.at/result?searchterm=true&search=espace" "Mozilla/5.0 (Windows NT 6.1; Win64; x64) AppleWebKit/537.36 (KHTML, like Gecko) Chrome/73.0.3683.86 Safari/537.36"
91.112.99.126 - - [01/Apr/2019:15:49:18 +0200] "GET /loadthumbnail.php?id=11181230&width=113 HTTP/1.1" 200 1353 "http://renault.activities.at/result?searchterm=true&search=espace" "Mozilla/5.0 (Windows NT 6.1; Win64; x64) AppleWebKit/537.36 (KHTML, like Gecko) Chrome/73.0.3683.86 Safari/537.36"
91.112.99.126 - - [01/Apr/2019:15:49:18 +0200] "GET /loadthumbnail.php?id=11194732&width=113 HTTP/1.1" 200 1353 "http://renault.activities.at/result?searchterm=true&search=espace" "Mozilla/5.0 (Windows NT 6.1; Win64; x64) AppleWebKit/537.36 (KHTML, like Gecko) Chrome/73.0.3683.86 Safari/537.36"
91.112.99.126 - - [01/Apr/2019:15:49:15 +0200] "POST /axjaxrequest?mode=suggest HTTP/1.1" 200 126 "http://renault.activities.at/result?dir=DESC&mode=grid&order=name&limit=15&page=2&search=kadjar" "Mozilla/5.0 (Windows NT 6.1; Win64; x64) AppleWebKit/537.36 (KHTML, like Gecko) Chrome/73.0.3683.86 Safari/537.36"
91.112.99.126 - - [01/Apr/2019:15:49:22 +0200] "POST /result?searchterm=true&search=espace HTTP/1.1" 200 8650 "http://renault.activities.at/result?searchterm=true&search=espace" "Mozilla/5.0 (Windows NT 6.1; Win64; x64) AppleWebKit/537.36 (KHTML, like Gecko) Chrome/73.0.3683.86 Safari/537.36"
212.152.246.135 - - [01/Apr/2019:15:49:27 +0200] "GET /reload?ser=1554126567355 HTTP/1.1" 200 28 "http://renault.activities.at/result?searchterm=true&search=Aufsteller" "Mozilla/5.0 (Windows NT 10.0; WOW64; Trident/7.0; rv:11.0) like Gecko"
91.112.99.126 - - [01/Apr/2019:15:49:29 +0200] "POST /result?searchterm=true&search=espace HTTP/1.1" 200 8656 "http://renault.activities.at/result?searchterm=true&search=espace" "Mozilla/5.0 (Windows NT 6.1; Win64; x64) AppleWebKit/537.36 (KHTML, like Gecko) Chrome/73.0.3683.86 Safari/537.36"
