193.194.132.23 - - [18/Apr/2019:11:08:42 +0200] "GET /reload?ser=1555578522167 HTTP/1.1" 200 28 "http://renault.2web.at/result?searchterm=true&search=give+away" "Mozilla/5.0 (Windows NT 10.0; WOW64; Trident/7.0; Touch; rv:11.0) like Gecko"
80.123.225.36 - - [18/Apr/2019:11:09:24 +0200] "GET /reload?ser=1555578565236 HTTP/1.1" 200 28 "http://renault.activities.at/" "Mozilla/5.0 (compatible; MSIE 9.0; Windows NT 6.1; WOW64; Trident/5.0)"
213.153.47.173 - - [18/Apr/2019:11:09:42 +0200] "GET /reload?ser=1555578582137 HTTP/1.1" 200 28 "http://renault.activities.at/login?required=true" "Mozilla/5.0 (Windows NT 10.0; Win64; x64; rv:66.0) Gecko/20100101 Firefox/66.0"
193.194.132.23 - - [18/Apr/2019:11:09:43 +0200] "GET /reload?ser=1555578583304 HTTP/1.1" 200 28 "http://renault.2web.at/result?searchterm=true&search=give+away" "Mozilla/5.0 (Windows NT 10.0; WOW64; Trident/7.0; Touch; rv:11.0) like Gecko"
80.123.225.36 - - [18/Apr/2019:11:10:25 +0200] "GET /reload?ser=1555578625907 HTTP/1.1" 200 28 "http://renault.activities.at/" "Mozilla/5.0 (compatible; MSIE 9.0; Windows NT 6.1; WOW64; Trident/5.0)"
213.153.47.173 - - [18/Apr/2019:11:10:42 +0200] "GET /reload?ser=1555578642787 HTTP/1.1" 200 28 "http://renault.activities.at/login?required=true" "Mozilla/5.0 (Windows NT 10.0; Win64; x64; rv:66.0) Gecko/20100101 Firefox/66.0"
193.194.132.23 - - [18/Apr/2019:11:10:44 +0200] "GET /reload?ser=1555578644369 HTTP/1.1" 200 28 "http://renault.2web.at/result?searchterm=true&search=give+away" "Mozilla/5.0 (Windows NT 10.0; WOW64; Trident/7.0; Touch; rv:11.0) like Gecko"
80.123.225.36 - - [18/Apr/2019:11:11:25 +0200] "GET /reload?ser=1555578686593 HTTP/1.1" 200 28 "http://renault.activities.at/" "Mozilla/5.0 (compatible; MSIE 9.0; Windows NT 6.1; WOW64; Trident/5.0)"
213.153.47.173 - - [18/Apr/2019:11:11:43 +0200] "GET /reload?ser=1555578703438 HTTP/1.1" 200 28 "http://renault.activities.at/login?required=true" "Mozilla/5.0 (Windows NT 10.0; Win64; x64; rv:66.0) Gecko/20100101 Firefox/66.0"
193.194.132.23 - - [18/Apr/2019:11:11:45 +0200] "GET /reload?ser=1555578705498 HTTP/1.1" 200 28 "http://renault.2web.at/result?searchterm=true&search=give+away" "Mozilla/5.0 (Windows NT 10.0; WOW64; Trident/7.0; Touch; rv:11.0) like Gecko"
80.123.225.36 - - [18/Apr/2019:11:12:26 +0200] "GET /reload?ser=1555578747264 HTTP/1.1" 200 28 "http://renault.activities.at/" "Mozilla/5.0 (compatible; MSIE 9.0; Windows NT 6.1; WOW64; Trident/5.0)"
213.153.47.173 - - [18/Apr/2019:11:12:44 +0200] "GET /reload?ser=1555578764138 HTTP/1.1" 200 28 "http://renault.activities.at/login?required=true" "Mozilla/5.0 (Windows NT 10.0; Win64; x64; rv:66.0) Gecko/20100101 Firefox/66.0"
193.194.132.23 - - [18/Apr/2019:11:12:46 +0200] "GET /reload?ser=1555578766557 HTTP/1.1" 200 28 "http://renault.2web.at/result?searchterm=true&search=give+away" "Mozilla/5.0 (Windows NT 10.0; WOW64; Trident/7.0; Touch; rv:11.0) like Gecko"
80.123.225.36 - - [18/Apr/2019:11:13:27 +0200] "GET /reload?ser=1555578807926 HTTP/1.1" 200 28 "http://renault.activities.at/" "Mozilla/5.0 (compatible; MSIE 9.0; Windows NT 6.1; WOW64; Trident/5.0)"
213.153.47.173 - - [18/Apr/2019:11:13:44 +0200] "GET /reload?ser=1555578824797 HTTP/1.1" 200 28 "http://renault.activities.at/login?required=true" "Mozilla/5.0 (Windows NT 10.0; Win64; x64; rv:66.0) Gecko/20100101 Firefox/66.0"
193.194.132.23 - - [18/Apr/2019:11:13:47 +0200] "GET /reload?ser=1555578827677 HTTP/1.1" 200 28 "http://renault.2web.at/result?searchterm=true&search=give+away" "Mozilla/5.0 (Windows NT 10.0; WOW64; Trident/7.0; Touch; rv:11.0) like Gecko"
80.123.225.36 - - [18/Apr/2019:11:14:27 +0200] "GET /reload?ser=1555578868592 HTTP/1.1" 200 28 "http://renault.activities.at/" "Mozilla/5.0 (compatible; MSIE 9.0; Windows NT 6.1; WOW64; Trident/5.0)"
213.153.47.173 - - [18/Apr/2019:11:14:45 +0200] "GET /reload?ser=1555578885447 HTTP/1.1" 200 28 "http://renault.activities.at/login?required=true" "Mozilla/5.0 (Windows NT 10.0; Win64; x64; rv:66.0) Gecko/20100101 Firefox/66.0"
193.194.132.23 - - [18/Apr/2019:11:14:48 +0200] "GET /reload?ser=1555578888728 HTTP/1.1" 200 28 "http://renault.2web.at/result?searchterm=true&search=give+away" "Mozilla/5.0 (Windows NT 10.0; WOW64; Trident/7.0; Touch; rv:11.0) like Gecko"
80.123.225.36 - - [18/Apr/2019:11:15:28 +0200] "GET /reload?ser=1555578929243 HTTP/1.1" 200 28 "http://renault.activities.at/" "Mozilla/5.0 (compatible; MSIE 9.0; Windows NT 6.1; WOW64; Trident/5.0)"
213.153.47.173 - - [18/Apr/2019:11:15:46 +0200] "GET /reload?ser=1555578946118 HTTP/1.1" 200 28 "http://renault.activities.at/login?required=true" "Mozilla/5.0 (Windows NT 10.0; Win64; x64; rv:66.0) Gecko/20100101 Firefox/66.0"
193.194.132.23 - - [18/Apr/2019:11:15:49 +0200] "GET /reload?ser=1555578949844 HTTP/1.1" 200 28 "http://renault.2web.at/result?searchterm=true&search=give+away" "Mozilla/5.0 (Windows NT 10.0; WOW64; Trident/7.0; Touch; rv:11.0) like Gecko"
80.123.225.36 - - [18/Apr/2019:11:16:29 +0200] "GET /reload?ser=1555578989906 HTTP/1.1" 200 28 "http://renault.activities.at/" "Mozilla/5.0 (compatible; MSIE 9.0; Windows NT 6.1; WOW64; Trident/5.0)"
213.153.47.173 - - [18/Apr/2019:11:16:46 +0200] "GET /reload?ser=1555579006767 HTTP/1.1" 200 28 "http://renault.activities.at/login?required=true" "Mozilla/5.0 (Windows NT 10.0; Win64; x64; rv:66.0) Gecko/20100101 Firefox/66.0"
193.194.132.23 - - [18/Apr/2019:11:16:51 +0200] "GET /reload?ser=1555579010915 HTTP/1.1" 200 28 "http://renault.2web.at/result?searchterm=true&search=give+away" "Mozilla/5.0 (Windows NT 10.0; WOW64; Trident/7.0; Touch; rv:11.0) like Gecko"
80.123.225.36 - - [18/Apr/2019:11:17:29 +0200] "GET /reload?ser=1555579050582 HTTP/1.1" 200 28 "http://renault.activities.at/" "Mozilla/5.0 (compatible; MSIE 9.0; Windows NT 6.1; WOW64; Trident/5.0)"
213.153.47.173 - - [18/Apr/2019:11:17:47 +0200] "GET /reload?ser=1555579067427 HTTP/1.1" 200 28 "http://renault.activities.at/login?required=true" "Mozilla/5.0 (Windows NT 10.0; Win64; x64; rv:66.0) Gecko/20100101 Firefox/66.0"
193.194.132.23 - - [18/Apr/2019:11:17:52 +0200] "GET /reload?ser=1555579071985 HTTP/1.1" 200 28 "http://renault.2web.at/result?searchterm=true&search=give+away" "Mozilla/5.0 (Windows NT 10.0; WOW64; Trident/7.0; Touch; rv:11.0) like Gecko"
80.123.225.36 - - [18/Apr/2019:11:18:30 +0200] "GET /reload?ser=1555579111241 HTTP/1.1" 200 28 "http://renault.activities.at/" "Mozilla/5.0 (compatible; MSIE 9.0; Windows NT 6.1; WOW64; Trident/5.0)"
213.153.47.173 - - [18/Apr/2019:11:18:48 +0200] "GET /reload?ser=1555579128098 HTTP/1.1" 200 28 "http://renault.activities.at/login?required=true" "Mozilla/5.0 (Windows NT 10.0; Win64; x64; rv:66.0) Gecko/20100101 Firefox/66.0"
193.194.132.23 - - [18/Apr/2019:11:18:53 +0200] "GET /reload?ser=1555579133124 HTTP/1.1" 200 28 "http://renault.2web.at/result?searchterm=true&search=give+away" "Mozilla/5.0 (Windows NT 10.0; WOW64; Trident/7.0; Touch; rv:11.0) like Gecko"
80.123.225.36 - - [18/Apr/2019:11:19:31 +0200] "GET /reload?ser=1555579171894 HTTP/1.1" 200 28 "http://renault.activities.at/" "Mozilla/5.0 (compatible; MSIE 9.0; Windows NT 6.1; WOW64; Trident/5.0)"
213.153.47.173 - - [18/Apr/2019:11:19:48 +0200] "GET /reload?ser=1555579188766 HTTP/1.1" 200 28 "http://renault.activities.at/login?required=true" "Mozilla/5.0 (Windows NT 10.0; Win64; x64; rv:66.0) Gecko/20100101 Firefox/66.0"
193.194.132.23 - - [18/Apr/2019:11:19:54 +0200] "GET /reload?ser=1555579194278 HTTP/1.1" 200 28 "http://renault.2web.at/result?searchterm=true&search=give+away" "Mozilla/5.0 (Windows NT 10.0; WOW64; Trident/7.0; Touch; rv:11.0) like Gecko"
80.123.225.36 - - [18/Apr/2019:11:20:31 +0200] "GET /reload?ser=1555579232561 HTTP/1.1" 200 28 "http://renault.activities.at/" "Mozilla/5.0 (compatible; MSIE 9.0; Windows NT 6.1; WOW64; Trident/5.0)"
213.153.47.173 - - [18/Apr/2019:11:20:49 +0200] "GET /reload?ser=1555579249447 HTTP/1.1" 200 28 "http://renault.activities.at/login?required=true" "Mozilla/5.0 (Windows NT 10.0; Win64; x64; rv:66.0) Gecko/20100101 Firefox/66.0"
193.194.132.23 - - [18/Apr/2019:11:20:55 +0200] "GET /reload?ser=1555579255410 HTTP/1.1" 200 28 "http://renault.2web.at/result?searchterm=true&search=give+away" "Mozilla/5.0 (Windows NT 10.0; WOW64; Trident/7.0; Touch; rv:11.0) like Gecko"
157.55.39.226 - - [18/Apr/2019:11:21:12 +0200] "GET /images/header_block_corner_right_top.gif HTTP/1.1" 200 160 "-" "Mozilla/5.0 (iPhone; CPU iPhone OS 7_0 like Mac OS X) AppleWebKit/537.51.1 (KHTML, like Gecko) Version/7.0 Mobile/11A465 Safari/9537.53 (compatible; bingbot/2.0; +http://www.bing.com/bingbot.htm)"
157.55.39.226 - - [18/Apr/2019:11:21:13 +0200] "GET /images/main_block_corner_right_top.gif HTTP/1.1" 200 159 "-" "Mozilla/5.0 (iPhone; CPU iPhone OS 7_0 like Mac OS X) AppleWebKit/537.51.1 (KHTML, like Gecko) Version/7.0 Mobile/11A465 Safari/9537.53 (compatible; bingbot/2.0; +http://www.bing.com/bingbot.htm)"
157.55.39.226 - - [18/Apr/2019:11:21:13 +0200] "GET /images/title_border.jpg HTTP/1.1" 200 304 "-" "Mozilla/5.0 (iPhone; CPU iPhone OS 7_0 like Mac OS X) AppleWebKit/537.51.1 (KHTML, like Gecko) Version/7.0 Mobile/11A465 Safari/9537.53 (compatible; bingbot/2.0; +http://www.bing.com/bingbot.htm)"
157.55.39.226 - - [18/Apr/2019:11:21:13 +0200] "GET /images/title_border_top.jpg HTTP/1.1" 200 336 "-" "Mozilla/5.0 (iPhone; CPU iPhone OS 7_0 like Mac OS X) AppleWebKit/537.51.1 (KHTML, like Gecko) Version/7.0 Mobile/11A465 Safari/9537.53 (compatible; bingbot/2.0; +http://www.bing.com/bingbot.htm)"
157.55.39.226 - - [18/Apr/2019:11:21:14 +0200] "GET /images/title_corner_left_top.jpg HTTP/1.1" 200 372 "-" "Mozilla/5.0 (iPhone; CPU iPhone OS 7_0 like Mac OS X) AppleWebKit/537.51.1 (KHTML, like Gecko) Version/7.0 Mobile/11A465 Safari/9537.53 (compatible; bingbot/2.0; +http://www.bing.com/bingbot.htm)"
157.55.39.55 - - [18/Apr/2019:11:21:17 +0200] "GET / HTTP/1.1" 200 3510 "-" "Mozilla/5.0 (iPhone; CPU iPhone OS 7_0 like Mac OS X) AppleWebKit/537.51.1 (KHTML, like Gecko) Version/7.0 Mobile/11A465 Safari/9537.53 (compatible; bingbot/2.0; +http://www.bing.com/bingbot.htm)"
157.55.39.55 - - [18/Apr/2019:11:21:18 +0200] "GET /images/header_block_border.gif HTTP/1.1" 200 43 "-" "Mozilla/5.0 (iPhone; CPU iPhone OS 7_0 like Mac OS X) AppleWebKit/537.51.1 (KHTML, like Gecko) Version/7.0 Mobile/11A465 Safari/9537.53 (compatible; bingbot/2.0; +http://www.bing.com/bingbot.htm)"
157.55.39.55 - - [18/Apr/2019:11:21:18 +0200] "GET /images/header_block_corner_left_top.gif HTTP/1.1" 200 160 "-" "Mozilla/5.0 (iPhone; CPU iPhone OS 7_0 like Mac OS X) AppleWebKit/537.51.1 (KHTML, like Gecko) Version/7.0 Mobile/11A465 Safari/9537.53 (compatible; bingbot/2.0; +http://www.bing.com/bingbot.htm)"
157.55.39.55 - - [18/Apr/2019:11:21:19 +0200] "GET /images/main_block_corner_left_bot.gif HTTP/1.1" 200 159 "-" "Mozilla/5.0 (iPhone; CPU iPhone OS 7_0 like Mac OS X) AppleWebKit/537.51.1 (KHTML, like Gecko) Version/7.0 Mobile/11A465 Safari/9537.53 (compatible; bingbot/2.0; +http://www.bing.com/bingbot.htm)"
157.55.39.90 - - [18/Apr/2019:11:21:22 +0200] "GET /images/main_block_corner_left_top.gif HTTP/1.1" 200 159 "-" "Mozilla/5.0 (iPhone; CPU iPhone OS 7_0 like Mac OS X) AppleWebKit/537.51.1 (KHTML, like Gecko) Version/7.0 Mobile/11A465 Safari/9537.53 (compatible; bingbot/2.0; +http://www.bing.com/bingbot.htm)"
80.123.225.36 - - [18/Apr/2019:11:21:32 +0200] "GET /reload?ser=1555579293216 HTTP/1.1" 200 28 "http://renault.activities.at/" "Mozilla/5.0 (compatible; MSIE 9.0; Windows NT 6.1; WOW64; Trident/5.0)"
213.153.47.173 - - [18/Apr/2019:11:21:50 +0200] "GET /reload?ser=1555579310107 HTTP/1.1" 200 28 "http://renault.activities.at/login?required=true" "Mozilla/5.0 (Windows NT 10.0; Win64; x64; rv:66.0) Gecko/20100101 Firefox/66.0"
193.194.132.23 - - [18/Apr/2019:11:21:56 +0200] "GET /reload?ser=1555579316477 HTTP/1.1" 200 28 "http://renault.2web.at/result?searchterm=true&search=give+away" "Mozilla/5.0 (Windows NT 10.0; WOW64; Trident/7.0; Touch; rv:11.0) like Gecko"
80.123.225.36 - - [18/Apr/2019:11:22:33 +0200] "GET /reload?ser=1555579353887 HTTP/1.1" 200 28 "http://renault.activities.at/" "Mozilla/5.0 (compatible; MSIE 9.0; Windows NT 6.1; WOW64; Trident/5.0)"
213.153.47.173 - - [18/Apr/2019:11:22:50 +0200] "GET /reload?ser=1555579370766 HTTP/1.1" 200 28 "http://renault.activities.at/login?required=true" "Mozilla/5.0 (Windows NT 10.0; Win64; x64; rv:66.0) Gecko/20100101 Firefox/66.0"
193.194.132.23 - - [18/Apr/2019:11:22:57 +0200] "GET /reload?ser=1555579377559 HTTP/1.1" 200 28 "http://renault.2web.at/result?searchterm=true&search=give+away" "Mozilla/5.0 (Windows NT 10.0; WOW64; Trident/7.0; Touch; rv:11.0) like Gecko"
80.123.225.36 - - [18/Apr/2019:11:23:33 +0200] "GET /reload?ser=1555579414554 HTTP/1.1" 200 28 "http://renault.activities.at/" "Mozilla/5.0 (compatible; MSIE 9.0; Windows NT 6.1; WOW64; Trident/5.0)"
213.153.47.173 - - [18/Apr/2019:11:23:51 +0200] "GET /reload?ser=1555579431416 HTTP/1.1" 200 28 "http://renault.activities.at/login?required=true" "Mozilla/5.0 (Windows NT 10.0; Win64; x64; rv:66.0) Gecko/20100101 Firefox/66.0"
193.194.132.23 - - [18/Apr/2019:11:23:58 +0200] "GET /reload?ser=1555579438647 HTTP/1.1" 200 28 "http://renault.2web.at/result?searchterm=true&search=give+away" "Mozilla/5.0 (Windows NT 10.0; WOW64; Trident/7.0; Touch; rv:11.0) like Gecko"
80.123.225.36 - - [18/Apr/2019:11:24:34 +0200] "GET /reload?ser=1555579475225 HTTP/1.1" 200 28 "http://renault.activities.at/" "Mozilla/5.0 (compatible; MSIE 9.0; Windows NT 6.1; WOW64; Trident/5.0)"
213.153.47.173 - - [18/Apr/2019:11:24:52 +0200] "GET /reload?ser=1555579492084 HTTP/1.1" 200 28 "http://renault.activities.at/login?required=true" "Mozilla/5.0 (Windows NT 10.0; Win64; x64; rv:66.0) Gecko/20100101 Firefox/66.0"
193.194.132.23 - - [18/Apr/2019:11:24:59 +0200] "GET /reload?ser=1555579499785 HTTP/1.1" 200 28 "http://renault.2web.at/result?searchterm=true&search=give+away" "Mozilla/5.0 (Windows NT 10.0; WOW64; Trident/7.0; Touch; rv:11.0) like Gecko"
80.123.225.36 - - [18/Apr/2019:11:25:35 +0200] "GET /reload?ser=1555579535879 HTTP/1.1" 200 28 "http://renault.activities.at/" "Mozilla/5.0 (compatible; MSIE 9.0; Windows NT 6.1; WOW64; Trident/5.0)"
213.153.47.173 - - [18/Apr/2019:11:25:52 +0200] "GET /reload?ser=1555579552737 HTTP/1.1" 200 28 "http://renault.activities.at/login?required=true" "Mozilla/5.0 (Windows NT 10.0; Win64; x64; rv:66.0) Gecko/20100101 Firefox/66.0"
193.194.132.23 - - [18/Apr/2019:11:26:01 +0200] "GET /reload?ser=1555579560861 HTTP/1.1" 200 28 "http://renault.2web.at/result?searchterm=true&search=give+away" "Mozilla/5.0 (Windows NT 10.0; WOW64; Trident/7.0; Touch; rv:11.0) like Gecko"
80.123.225.36 - - [18/Apr/2019:11:26:35 +0200] "GET /reload?ser=1555579596544 HTTP/1.1" 200 28 "http://renault.activities.at/" "Mozilla/5.0 (compatible; MSIE 9.0; Windows NT 6.1; WOW64; Trident/5.0)"
213.153.47.173 - - [18/Apr/2019:11:26:53 +0200] "GET /reload?ser=1555579613397 HTTP/1.1" 200 28 "http://renault.activities.at/login?required=true" "Mozilla/5.0 (Windows NT 10.0; Win64; x64; rv:66.0) Gecko/20100101 Firefox/66.0"
193.194.132.23 - - [18/Apr/2019:11:27:02 +0200] "GET /reload?ser=1555579621931 HTTP/1.1" 200 28 "http://renault.2web.at/result?searchterm=true&search=give+away" "Mozilla/5.0 (Windows NT 10.0; WOW64; Trident/7.0; Touch; rv:11.0) like Gecko"
80.123.225.36 - - [18/Apr/2019:11:27:36 +0200] "GET /reload?ser=1555579657239 HTTP/1.1" 200 28 "http://renault.activities.at/" "Mozilla/5.0 (compatible; MSIE 9.0; Windows NT 6.1; WOW64; Trident/5.0)"
213.153.47.173 - - [18/Apr/2019:11:27:54 +0200] "GET /reload?ser=1555579674076 HTTP/1.1" 200 28 "http://renault.activities.at/login?required=true" "Mozilla/5.0 (Windows NT 10.0; Win64; x64; rv:66.0) Gecko/20100101 Firefox/66.0"
193.194.132.23 - - [18/Apr/2019:11:28:03 +0200] "GET /reload?ser=1555579682994 HTTP/1.1" 200 28 "http://renault.2web.at/result?searchterm=true&search=give+away" "Mozilla/5.0 (Windows NT 10.0; WOW64; Trident/7.0; Touch; rv:11.0) like Gecko"
80.123.225.36 - - [18/Apr/2019:11:28:37 +0200] "GET /reload?ser=1555579717897 HTTP/1.1" 200 28 "http://renault.activities.at/" "Mozilla/5.0 (compatible; MSIE 9.0; Windows NT 6.1; WOW64; Trident/5.0)"
213.153.47.173 - - [18/Apr/2019:11:28:54 +0200] "GET /reload?ser=1555579734736 HTTP/1.1" 200 28 "http://renault.activities.at/login?required=true" "Mozilla/5.0 (Windows NT 10.0; Win64; x64; rv:66.0) Gecko/20100101 Firefox/66.0"
193.194.132.23 - - [18/Apr/2019:11:29:04 +0200] "GET /reload?ser=1555579744183 HTTP/1.1" 200 28 "http://renault.2web.at/result?searchterm=true&search=give+away" "Mozilla/5.0 (Windows NT 10.0; WOW64; Trident/7.0; Touch; rv:11.0) like Gecko"
80.123.225.36 - - [18/Apr/2019:11:29:37 +0200] "GET /reload?ser=1555579778560 HTTP/1.1" 200 28 "http://renault.activities.at/" "Mozilla/5.0 (compatible; MSIE 9.0; Windows NT 6.1; WOW64; Trident/5.0)"
213.153.47.173 - - [18/Apr/2019:11:29:55 +0200] "GET /reload?ser=1555579795396 HTTP/1.1" 200 28 "http://renault.activities.at/login?required=true" "Mozilla/5.0 (Windows NT 10.0; Win64; x64; rv:66.0) Gecko/20100101 Firefox/66.0"
40.77.167.168 - - [18/Apr/2019:11:29:59 +0200] "GET /images/main_block_border.gif HTTP/1.1" 200 43 "-" "Mozilla/5.0 (iPhone; CPU iPhone OS 7_0 like Mac OS X) AppleWebKit/537.51.1 (KHTML, like Gecko) Version/7.0 Mobile/11A465 Safari/9537.53 (compatible; bingbot/2.0; +http://www.bing.com/bingbot.htm)"
40.77.167.168 - - [18/Apr/2019:11:30:01 +0200] "GET /images/main_block_corner_right_bot.gif HTTP/1.1" 200 158 "-" "Mozilla/5.0 (iPhone; CPU iPhone OS 7_0 like Mac OS X) AppleWebKit/537.51.1 (KHTML, like Gecko) Version/7.0 Mobile/11A465 Safari/9537.53 (compatible; bingbot/2.0; +http://www.bing.com/bingbot.htm)"
40.77.167.168 - - [18/Apr/2019:11:30:02 +0200] "GET /images/title_corner_right_top.jpg HTTP/1.1" 200 389 "-" "Mozilla/5.0 (iPhone; CPU iPhone OS 7_0 like Mac OS X) AppleWebKit/537.51.1 (KHTML, like Gecko) Version/7.0 Mobile/11A465 Safari/9537.53 (compatible; bingbot/2.0; +http://www.bing.com/bingbot.htm)"
193.194.132.23 - - [18/Apr/2019:11:30:05 +0200] "GET /reload?ser=1555579805264 HTTP/1.1" 200 28 "http://renault.2web.at/result?searchterm=true&search=give+away" "Mozilla/5.0 (Windows NT 10.0; WOW64; Trident/7.0; Touch; rv:11.0) like Gecko"
80.123.225.36 - - [18/Apr/2019:11:30:38 +0200] "GET /reload?ser=1555579839222 HTTP/1.1" 200 28 "http://renault.activities.at/" "Mozilla/5.0 (compatible; MSIE 9.0; Windows NT 6.1; WOW64; Trident/5.0)"
213.153.47.173 - - [18/Apr/2019:11:30:56 +0200] "GET /reload?ser=1555579856046 HTTP/1.1" 200 28 "http://renault.activities.at/login?required=true" "Mozilla/5.0 (Windows NT 10.0; Win64; x64; rv:66.0) Gecko/20100101 Firefox/66.0"
193.194.132.23 - - [18/Apr/2019:11:31:06 +0200] "GET /reload?ser=1555579866407 HTTP/1.1" 200 28 "http://renault.2web.at/result?searchterm=true&search=give+away" "Mozilla/5.0 (Windows NT 10.0; WOW64; Trident/7.0; Touch; rv:11.0) like Gecko"
80.123.225.36 - - [18/Apr/2019:11:31:38 +0200] "GET /reload?ser=1555579899879 HTTP/1.1" 200 28 "http://renault.activities.at/" "Mozilla/5.0 (compatible; MSIE 9.0; Windows NT 6.1; WOW64; Trident/5.0)"
213.153.47.173 - - [18/Apr/2019:11:31:56 +0200] "GET /reload?ser=1555579916706 HTTP/1.1" 200 28 "http://renault.activities.at/login?required=true" "Mozilla/5.0 (Windows NT 10.0; Win64; x64; rv:66.0) Gecko/20100101 Firefox/66.0"
193.194.132.23 - - [18/Apr/2019:11:32:07 +0200] "GET /reload?ser=1555579927562 HTTP/1.1" 200 28 "http://renault.2web.at/result?searchterm=true&search=give+away" "Mozilla/5.0 (Windows NT 10.0; WOW64; Trident/7.0; Touch; rv:11.0) like Gecko"
80.123.225.36 - - [18/Apr/2019:11:32:39 +0200] "GET /reload?ser=1555579960546 HTTP/1.1" 200 28 "http://renault.activities.at/" "Mozilla/5.0 (compatible; MSIE 9.0; Windows NT 6.1; WOW64; Trident/5.0)"
213.153.47.173 - - [18/Apr/2019:11:32:57 +0200] "GET /reload?ser=1555579977376 HTTP/1.1" 200 28 "http://renault.activities.at/login?required=true" "Mozilla/5.0 (Windows NT 10.0; Win64; x64; rv:66.0) Gecko/20100101 Firefox/66.0"
193.194.132.23 - - [18/Apr/2019:11:33:08 +0200] "GET /reload?ser=1555579988716 HTTP/1.1" 200 28 "http://renault.2web.at/result?searchterm=true&search=give+away" "Mozilla/5.0 (Windows NT 10.0; WOW64; Trident/7.0; Touch; rv:11.0) like Gecko"
80.123.225.36 - - [18/Apr/2019:11:33:40 +0200] "GET /reload?ser=1555580021201 HTTP/1.1" 200 28 "http://renault.activities.at/" "Mozilla/5.0 (compatible; MSIE 9.0; Windows NT 6.1; WOW64; Trident/5.0)"
213.153.47.173 - - [18/Apr/2019:11:33:58 +0200] "GET /reload?ser=1555580038056 HTTP/1.1" 200 28 "http://renault.activities.at/login?required=true" "Mozilla/5.0 (Windows NT 10.0; Win64; x64; rv:66.0) Gecko/20100101 Firefox/66.0"
193.194.132.23 - - [18/Apr/2019:11:34:10 +0200] "GET /reload?ser=1555580049818 HTTP/1.1" 200 28 "http://renault.2web.at/result?searchterm=true&search=give+away" "Mozilla/5.0 (Windows NT 10.0; WOW64; Trident/7.0; Touch; rv:11.0) like Gecko"
80.123.225.36 - - [18/Apr/2019:11:34:40 +0200] "GET /reload?ser=1555580081861 HTTP/1.1" 200 28 "http://renault.activities.at/" "Mozilla/5.0 (compatible; MSIE 9.0; Windows NT 6.1; WOW64; Trident/5.0)"
213.153.47.173 - - [18/Apr/2019:11:34:58 +0200] "GET /reload?ser=1555580098726 HTTP/1.1" 200 28 "http://renault.activities.at/login?required=true" "Mozilla/5.0 (Windows NT 10.0; Win64; x64; rv:66.0) Gecko/20100101 Firefox/66.0"
193.194.132.23 - - [18/Apr/2019:11:35:11 +0200] "GET /reload?ser=1555580111023 HTTP/1.1" 200 28 "http://renault.2web.at/result?searchterm=true&search=give+away" "Mozilla/5.0 (Windows NT 10.0; WOW64; Trident/7.0; Touch; rv:11.0) like Gecko"
80.123.225.36 - - [18/Apr/2019:11:35:41 +0200] "GET /reload?ser=1555580142530 HTTP/1.1" 200 28 "http://renault.activities.at/" "Mozilla/5.0 (compatible; MSIE 9.0; Windows NT 6.1; WOW64; Trident/5.0)"
213.153.47.173 - - [18/Apr/2019:11:35:59 +0200] "GET /reload?ser=1555580159377 HTTP/1.1" 200 28 "http://renault.activities.at/login?required=true" "Mozilla/5.0 (Windows NT 10.0; Win64; x64; rv:66.0) Gecko/20100101 Firefox/66.0"
193.194.132.23 - - [18/Apr/2019:11:36:12 +0200] "GET /reload?ser=1555580172137 HTTP/1.1" 200 28 "http://renault.2web.at/result?searchterm=true&search=give+away" "Mozilla/5.0 (Windows NT 10.0; WOW64; Trident/7.0; Touch; rv:11.0) like Gecko"
80.123.225.36 - - [18/Apr/2019:11:36:42 +0200] "GET /reload?ser=1555580203190 HTTP/1.1" 200 28 "http://renault.activities.at/" "Mozilla/5.0 (compatible; MSIE 9.0; Windows NT 6.1; WOW64; Trident/5.0)"
213.153.47.173 - - [18/Apr/2019:11:37:00 +0200] "GET /reload?ser=1555580220026 HTTP/1.1" 200 28 "http://renault.activities.at/login?required=true" "Mozilla/5.0 (Windows NT 10.0; Win64; x64; rv:66.0) Gecko/20100101 Firefox/66.0"
193.194.132.23 - - [18/Apr/2019:11:37:13 +0200] "GET /reload?ser=1555580233209 HTTP/1.1" 200 28 "http://renault.2web.at/result?searchterm=true&search=give+away" "Mozilla/5.0 (Windows NT 10.0; WOW64; Trident/7.0; Touch; rv:11.0) like Gecko"
80.123.225.36 - - [18/Apr/2019:11:37:42 +0200] "GET /reload?ser=1555580263852 HTTP/1.1" 200 28 "http://renault.activities.at/" "Mozilla/5.0 (compatible; MSIE 9.0; Windows NT 6.1; WOW64; Trident/5.0)"
213.153.47.173 - - [18/Apr/2019:11:38:00 +0200] "GET /reload?ser=1555580280686 HTTP/1.1" 200 28 "http://renault.activities.at/login?required=true" "Mozilla/5.0 (Windows NT 10.0; Win64; x64; rv:66.0) Gecko/20100101 Firefox/66.0"
193.194.132.23 - - [18/Apr/2019:11:38:14 +0200] "GET /reload?ser=1555580294249 HTTP/1.1" 200 28 "http://renault.2web.at/result?searchterm=true&search=give+away" "Mozilla/5.0 (Windows NT 10.0; WOW64; Trident/7.0; Touch; rv:11.0) like Gecko"
80.123.225.36 - - [18/Apr/2019:11:38:43 +0200] "GET /reload?ser=1555580324516 HTTP/1.1" 200 28 "http://renault.activities.at/" "Mozilla/5.0 (compatible; MSIE 9.0; Windows NT 6.1; WOW64; Trident/5.0)"
213.153.47.173 - - [18/Apr/2019:11:39:01 +0200] "GET /reload?ser=1555580341337 HTTP/1.1" 200 28 "http://renault.activities.at/login?required=true" "Mozilla/5.0 (Windows NT 10.0; Win64; x64; rv:66.0) Gecko/20100101 Firefox/66.0"
193.194.132.23 - - [18/Apr/2019:11:39:15 +0200] "GET /reload?ser=1555580355425 HTTP/1.1" 200 28 "http://renault.2web.at/result?searchterm=true&search=give+away" "Mozilla/5.0 (Windows NT 10.0; WOW64; Trident/7.0; Touch; rv:11.0) like Gecko"
80.123.225.36 - - [18/Apr/2019:11:39:44 +0200] "GET /reload?ser=1555580385173 HTTP/1.1" 200 28 "http://renault.activities.at/" "Mozilla/5.0 (compatible; MSIE 9.0; Windows NT 6.1; WOW64; Trident/5.0)"
213.153.47.173 - - [18/Apr/2019:11:40:02 +0200] "GET /reload?ser=1555580402006 HTTP/1.1" 200 28 "http://renault.activities.at/login?required=true" "Mozilla/5.0 (Windows NT 10.0; Win64; x64; rv:66.0) Gecko/20100101 Firefox/66.0"
193.194.132.23 - - [18/Apr/2019:11:40:16 +0200] "GET /reload?ser=1555580416711 HTTP/1.1" 200 28 "http://renault.2web.at/result?searchterm=true&search=give+away" "Mozilla/5.0 (Windows NT 10.0; WOW64; Trident/7.0; Touch; rv:11.0) like Gecko"
80.123.225.36 - - [18/Apr/2019:11:40:44 +0200] "GET /reload?ser=1555580445833 HTTP/1.1" 200 28 "http://renault.activities.at/" "Mozilla/5.0 (compatible; MSIE 9.0; Windows NT 6.1; WOW64; Trident/5.0)"
213.153.47.173 - - [18/Apr/2019:11:41:02 +0200] "GET /reload?ser=1555580462656 HTTP/1.1" 200 28 "http://renault.activities.at/login?required=true" "Mozilla/5.0 (Windows NT 10.0; Win64; x64; rv:66.0) Gecko/20100101 Firefox/66.0"
193.194.132.23 - - [18/Apr/2019:11:41:17 +0200] "GET /reload?ser=1555580477774 HTTP/1.1" 200 28 "http://renault.2web.at/result?searchterm=true&search=give+away" "Mozilla/5.0 (Windows NT 10.0; WOW64; Trident/7.0; Touch; rv:11.0) like Gecko"
80.123.225.36 - - [18/Apr/2019:11:41:45 +0200] "GET /reload?ser=1555580506493 HTTP/1.1" 200 28 "http://renault.activities.at/" "Mozilla/5.0 (compatible; MSIE 9.0; Windows NT 6.1; WOW64; Trident/5.0)"
213.153.47.173 - - [18/Apr/2019:11:42:03 +0200] "GET /reload?ser=1555580523326 HTTP/1.1" 200 28 "http://renault.activities.at/login?required=true" "Mozilla/5.0 (Windows NT 10.0; Win64; x64; rv:66.0) Gecko/20100101 Firefox/66.0"
193.194.132.23 - - [18/Apr/2019:11:42:19 +0200] "GET /reload?ser=1555580538950 HTTP/1.1" 200 28 "http://renault.2web.at/result?searchterm=true&search=give+away" "Mozilla/5.0 (Windows NT 10.0; WOW64; Trident/7.0; Touch; rv:11.0) like Gecko"
80.123.225.36 - - [18/Apr/2019:11:42:46 +0200] "GET /reload?ser=1555580567156 HTTP/1.1" 200 28 "http://renault.activities.at/" "Mozilla/5.0 (compatible; MSIE 9.0; Windows NT 6.1; WOW64; Trident/5.0)"
213.153.47.173 - - [18/Apr/2019:11:43:04 +0200] "GET /reload?ser=1555580583985 HTTP/1.1" 200 28 "http://renault.activities.at/login?required=true" "Mozilla/5.0 (Windows NT 10.0; Win64; x64; rv:66.0) Gecko/20100101 Firefox/66.0"
193.194.132.23 - - [18/Apr/2019:11:43:20 +0200] "GET /reload?ser=1555580600071 HTTP/1.1" 500 739 "http://renault.2web.at/result?searchterm=true&search=give+away" "Mozilla/5.0 (Windows NT 10.0; WOW64; Trident/7.0; Touch; rv:11.0) like Gecko"
80.123.225.36 - - [18/Apr/2019:11:43:46 +0200] "GET /reload?ser=1555580627820 HTTP/1.1" 200 28 "http://renault.activities.at/" "Mozilla/5.0 (compatible; MSIE 9.0; Windows NT 6.1; WOW64; Trident/5.0)"
213.153.47.173 - - [18/Apr/2019:11:44:04 +0200] "GET /reload?ser=1555580644655 HTTP/1.1" 200 28 "http://renault.activities.at/login?required=true" "Mozilla/5.0 (Windows NT 10.0; Win64; x64; rv:66.0) Gecko/20100101 Firefox/66.0"
80.123.225.36 - - [18/Apr/2019:11:44:47 +0200] "GET /reload?ser=1555580688491 HTTP/1.1" 200 28 "http://renault.activities.at/" "Mozilla/5.0 (compatible; MSIE 9.0; Windows NT 6.1; WOW64; Trident/5.0)"
213.153.47.173 - - [18/Apr/2019:11:45:05 +0200] "GET /reload?ser=1555580705326 HTTP/1.1" 200 28 "http://renault.activities.at/login?required=true" "Mozilla/5.0 (Windows NT 10.0; Win64; x64; rv:66.0) Gecko/20100101 Firefox/66.0"
80.123.225.36 - - [18/Apr/2019:11:45:48 +0200] "GET /reload?ser=1555580749161 HTTP/1.1" 200 28 "http://renault.activities.at/" "Mozilla/5.0 (compatible; MSIE 9.0; Windows NT 6.1; WOW64; Trident/5.0)"
213.153.47.173 - - [18/Apr/2019:11:46:06 +0200] "GET /reload?ser=1555580765996 HTTP/1.1" 200 28 "http://renault.activities.at/login?required=true" "Mozilla/5.0 (Windows NT 10.0; Win64; x64; rv:66.0) Gecko/20100101 Firefox/66.0"
80.123.225.36 - - [18/Apr/2019:11:46:48 +0200] "GET /reload?ser=1555580809831 HTTP/1.1" 200 28 "http://renault.activities.at/" "Mozilla/5.0 (compatible; MSIE 9.0; Windows NT 6.1; WOW64; Trident/5.0)"
213.153.47.173 - - [18/Apr/2019:11:47:06 +0200] "GET /reload?ser=1555580826656 HTTP/1.1" 200 28 "http://renault.activities.at/login?required=true" "Mozilla/5.0 (Windows NT 10.0; Win64; x64; rv:66.0) Gecko/20100101 Firefox/66.0"
80.123.225.36 - - [18/Apr/2019:11:47:49 +0200] "GET /reload?ser=1555580870497 HTTP/1.1" 200 28 "http://renault.activities.at/" "Mozilla/5.0 (compatible; MSIE 9.0; Windows NT 6.1; WOW64; Trident/5.0)"
213.153.47.173 - - [18/Apr/2019:11:48:07 +0200] "GET /reload?ser=1555580887335 HTTP/1.1" 200 28 "http://renault.activities.at/login?required=true" "Mozilla/5.0 (Windows NT 10.0; Win64; x64; rv:66.0) Gecko/20100101 Firefox/66.0"
80.123.225.36 - - [18/Apr/2019:11:48:50 +0200] "GET /reload?ser=1555580931159 HTTP/1.1" 200 28 "http://renault.activities.at/" "Mozilla/5.0 (compatible; MSIE 9.0; Windows NT 6.1; WOW64; Trident/5.0)"
213.153.47.173 - - [18/Apr/2019:11:49:08 +0200] "GET /reload?ser=1555580947992 HTTP/1.1" 200 28 "http://renault.activities.at/login?required=true" "Mozilla/5.0 (Windows NT 10.0; Win64; x64; rv:66.0) Gecko/20100101 Firefox/66.0"
80.123.225.36 - - [18/Apr/2019:11:49:50 +0200] "GET /reload?ser=1555580991814 HTTP/1.1" 200 28 "http://renault.activities.at/" "Mozilla/5.0 (compatible; MSIE 9.0; Windows NT 6.1; WOW64; Trident/5.0)"
213.153.47.173 - - [18/Apr/2019:11:50:08 +0200] "GET /reload?ser=1555581008675 HTTP/1.1" 200 28 "http://renault.activities.at/login?required=true" "Mozilla/5.0 (Windows NT 10.0; Win64; x64; rv:66.0) Gecko/20100101 Firefox/66.0"
80.123.225.36 - - [18/Apr/2019:11:50:51 +0200] "GET /reload?ser=1555581052480 HTTP/1.1" 200 28 "http://renault.activities.at/" "Mozilla/5.0 (compatible; MSIE 9.0; Windows NT 6.1; WOW64; Trident/5.0)"
213.153.47.173 - - [18/Apr/2019:11:51:09 +0200] "GET /reload?ser=1555581069325 HTTP/1.1" 200 28 "http://renault.activities.at/login?required=true" "Mozilla/5.0 (Windows NT 10.0; Win64; x64; rv:66.0) Gecko/20100101 Firefox/66.0"
80.123.225.36 - - [18/Apr/2019:11:51:52 +0200] "GET /reload?ser=1555581113151 HTTP/1.1" 200 28 "http://renault.activities.at/" "Mozilla/5.0 (compatible; MSIE 9.0; Windows NT 6.1; WOW64; Trident/5.0)"
213.153.47.173 - - [18/Apr/2019:11:52:10 +0200] "GET /reload?ser=1555581129985 HTTP/1.1" 200 28 "http://renault.activities.at/login?required=true" "Mozilla/5.0 (Windows NT 10.0; Win64; x64; rv:66.0) Gecko/20100101 Firefox/66.0"
80.123.225.36 - - [18/Apr/2019:11:52:52 +0200] "GET /reload?ser=1555581173813 HTTP/1.1" 200 28 "http://renault.activities.at/" "Mozilla/5.0 (compatible; MSIE 9.0; Windows NT 6.1; WOW64; Trident/5.0)"
213.153.47.173 - - [18/Apr/2019:11:53:10 +0200] "GET /reload?ser=1555581190645 HTTP/1.1" 200 28 "http://renault.activities.at/login?required=true" "Mozilla/5.0 (Windows NT 10.0; Win64; x64; rv:66.0) Gecko/20100101 Firefox/66.0"
80.123.225.36 - - [18/Apr/2019:11:53:53 +0200] "GET /reload?ser=1555581234476 HTTP/1.1" 200 28 "http://renault.activities.at/" "Mozilla/5.0 (compatible; MSIE 9.0; Windows NT 6.1; WOW64; Trident/5.0)"
213.153.47.173 - - [18/Apr/2019:11:54:11 +0200] "GET /reload?ser=1555581251306 HTTP/1.1" 200 28 "http://renault.activities.at/login?required=true" "Mozilla/5.0 (Windows NT 10.0; Win64; x64; rv:66.0) Gecko/20100101 Firefox/66.0"
80.123.225.36 - - [18/Apr/2019:11:54:54 +0200] "GET /reload?ser=1555581295147 HTTP/1.1" 200 28 "http://renault.activities.at/" "Mozilla/5.0 (compatible; MSIE 9.0; Windows NT 6.1; WOW64; Trident/5.0)"
213.153.47.173 - - [18/Apr/2019:11:55:12 +0200] "GET /reload?ser=1555581311996 HTTP/1.1" 200 28 "http://renault.activities.at/login?required=true" "Mozilla/5.0 (Windows NT 10.0; Win64; x64; rv:66.0) Gecko/20100101 Firefox/66.0"
80.123.225.36 - - [18/Apr/2019:11:55:54 +0200] "GET /reload?ser=1555581355810 HTTP/1.1" 200 28 "http://renault.activities.at/" "Mozilla/5.0 (compatible; MSIE 9.0; Windows NT 6.1; WOW64; Trident/5.0)"
213.153.47.173 - - [18/Apr/2019:11:56:12 +0200] "GET /reload?ser=1555581372665 HTTP/1.1" 200 28 "http://renault.activities.at/login?required=true" "Mozilla/5.0 (Windows NT 10.0; Win64; x64; rv:66.0) Gecko/20100101 Firefox/66.0"
80.123.225.36 - - [18/Apr/2019:11:56:55 +0200] "GET /reload?ser=1555581416470 HTTP/1.1" 200 28 "http://renault.activities.at/" "Mozilla/5.0 (compatible; MSIE 9.0; Windows NT 6.1; WOW64; Trident/5.0)"
213.153.47.173 - - [18/Apr/2019:11:57:13 +0200] "GET /reload?ser=1555581433315 HTTP/1.1" 200 28 "http://renault.activities.at/login?required=true" "Mozilla/5.0 (Windows NT 10.0; Win64; x64; rv:66.0) Gecko/20100101 Firefox/66.0"
80.123.225.36 - - [18/Apr/2019:11:57:56 +0200] "GET /reload?ser=1555581477124 HTTP/1.1" 200 28 "http://renault.activities.at/" "Mozilla/5.0 (compatible; MSIE 9.0; Windows NT 6.1; WOW64; Trident/5.0)"
213.153.47.173 - - [18/Apr/2019:11:58:14 +0200] "GET /reload?ser=1555581493985 HTTP/1.1" 200 28 "http://renault.activities.at/login?required=true" "Mozilla/5.0 (Windows NT 10.0; Win64; x64; rv:66.0) Gecko/20100101 Firefox/66.0"
80.123.225.36 - - [18/Apr/2019:11:58:56 +0200] "GET /reload?ser=1555581537786 HTTP/1.1" 200 28 "http://renault.activities.at/" "Mozilla/5.0 (compatible; MSIE 9.0; Windows NT 6.1; WOW64; Trident/5.0)"
213.153.47.173 - - [18/Apr/2019:11:59:14 +0200] "GET /reload?ser=1555581554656 HTTP/1.1" 200 28 "http://renault.activities.at/login?required=true" "Mozilla/5.0 (Windows NT 10.0; Win64; x64; rv:66.0) Gecko/20100101 Firefox/66.0"
80.123.225.36 - - [18/Apr/2019:11:59:57 +0200] "GET /reload?ser=1555581598457 HTTP/1.1" 200 28 "http://renault.activities.at/" "Mozilla/5.0 (compatible; MSIE 9.0; Windows NT 6.1; WOW64; Trident/5.0)"
213.153.47.173 - - [18/Apr/2019:12:00:15 +0200] "GET /reload?ser=1555581615327 HTTP/1.1" 200 28 "http://renault.activities.at/login?required=true" "Mozilla/5.0 (Windows NT 10.0; Win64; x64; rv:66.0) Gecko/20100101 Firefox/66.0"
80.123.225.36 - - [18/Apr/2019:12:00:58 +0200] "GET /reload?ser=1555581659120 HTTP/1.1" 200 28 "http://renault.activities.at/" "Mozilla/5.0 (compatible; MSIE 9.0; Windows NT 6.1; WOW64; Trident/5.0)"
213.153.47.173 - - [18/Apr/2019:12:01:16 +0200] "GET /reload?ser=1555581675978 HTTP/1.1" 200 28 "http://renault.activities.at/login?required=true" "Mozilla/5.0 (Windows NT 10.0; Win64; x64; rv:66.0) Gecko/20100101 Firefox/66.0"
91.141.0.39 - - [18/Apr/2019:12:01:18 +0200] "GET /account HTTP/1.1" 302 150 "-" "Mozilla/5.0 (iPhone; CPU iPhone OS 12_2 like Mac OS X) AppleWebKit/605.1.15 (KHTML, like Gecko) Version/12.1 Mobile/15E148 Safari/604.1"
91.141.0.39 - - [18/Apr/2019:12:01:19 +0200] "GET /login?required=true HTTP/1.1" 200 2086 "-" "Mozilla/5.0 (iPhone; CPU iPhone OS 12_2 like Mac OS X) AppleWebKit/605.1.15 (KHTML, like Gecko) Version/12.1 Mobile/15E148 Safari/604.1"
91.141.0.39 - - [18/Apr/2019:12:01:20 +0200] "GET /apple-touch-icon-120x120-precomposed.png HTTP/1.1" 200 1559 "-" "MobileSafari/604.1 CFNetwork/978.0.7 Darwin/18.5.0"
91.141.0.39 - - [18/Apr/2019:12:01:21 +0200] "GET /apple-touch-icon-120x120.png HTTP/1.1" 200 1559 "-" "MobileSafari/604.1 CFNetwork/978.0.7 Darwin/18.5.0"
91.141.0.39 - - [18/Apr/2019:12:01:22 +0200] "GET /apple-touch-icon-precomposed.png HTTP/1.1" 200 1559 "-" "MobileSafari/604.1 CFNetwork/978.0.7 Darwin/18.5.0"
91.141.0.39 - - [18/Apr/2019:12:01:23 +0200] "GET /apple-touch-icon.png HTTP/1.1" 200 1559 "-" "MobileSafari/604.1 CFNetwork/978.0.7 Darwin/18.5.0"
91.141.0.39 - - [18/Apr/2019:12:01:24 +0200] "GET /images/favicon.ico HTTP/1.1" 404 305 "-" "MobileSafari/604.1 CFNetwork/978.0.7 Darwin/18.5.0"
91.141.0.39 - - [18/Apr/2019:12:01:25 +0200] "GET /images/favicon.ico HTTP/1.1" 404 305 "-" "MobileSafari/604.1 CFNetwork/978.0.7 Darwin/18.5.0"
91.141.0.39 - - [18/Apr/2019:12:01:25 +0200] "GET /favicon.ico HTTP/1.1" 200 3250 "-" "MobileSafari/604.1 CFNetwork/978.0.7 Darwin/18.5.0"
91.141.0.39 - - [18/Apr/2019:12:01:25 +0200] "GET /apple-touch-icon-120x120-precomposed.png HTTP/1.1" 200 1559 "-" "MobileSafari/604.1 CFNetwork/978.0.7 Darwin/18.5.0"
91.141.0.39 - - [18/Apr/2019:12:01:26 +0200] "GET /apple-touch-icon-120x120.png HTTP/1.1" 200 1559 "-" "MobileSafari/604.1 CFNetwork/978.0.7 Darwin/18.5.0"
91.141.0.39 - - [18/Apr/2019:12:01:27 +0200] "GET /apple-touch-icon-precomposed.png HTTP/1.1" 200 1559 "-" "MobileSafari/604.1 CFNetwork/978.0.7 Darwin/18.5.0"
91.141.0.39 - - [18/Apr/2019:12:01:28 +0200] "GET /apple-touch-icon.png HTTP/1.1" 200 1559 "-" "MobileSafari/604.1 CFNetwork/978.0.7 Darwin/18.5.0"
91.141.0.39 - - [18/Apr/2019:12:01:29 +0200] "GET /images/favicon.ico HTTP/1.1" 404 305 "-" "MobileSafari/604.1 CFNetwork/978.0.7 Darwin/18.5.0"
91.141.0.39 - - [18/Apr/2019:12:01:29 +0200] "GET /images/favicon.ico HTTP/1.1" 404 305 "-" "MobileSafari/604.1 CFNetwork/978.0.7 Darwin/18.5.0"
91.141.0.39 - - [18/Apr/2019:12:01:30 +0200] "GET /favicon.ico HTTP/1.1" 200 3250 "-" "MobileSafari/604.1 CFNetwork/978.0.7 Darwin/18.5.0"
80.123.225.36 - - [18/Apr/2019:12:01:58 +0200] "GET /reload?ser=1555581719792 HTTP/1.1" 200 28 "http://renault.activities.at/" "Mozilla/5.0 (compatible; MSIE 9.0; Windows NT 6.1; WOW64; Trident/5.0)"
213.153.47.173 - - [18/Apr/2019:12:02:16 +0200] "GET /reload?ser=1555581736650 HTTP/1.1" 200 28 "http://renault.activities.at/login?required=true" "Mozilla/5.0 (Windows NT 10.0; Win64; x64; rv:66.0) Gecko/20100101 Firefox/66.0"
80.123.225.36 - - [18/Apr/2019:12:02:59 +0200] "GET /reload?ser=1555581780453 HTTP/1.1" 200 28 "http://renault.activities.at/" "Mozilla/5.0 (compatible; MSIE 9.0; Windows NT 6.1; WOW64; Trident/5.0)"
213.153.47.173 - - [18/Apr/2019:12:03:17 +0200] "GET /reload?ser=1555581797321 HTTP/1.1" 200 28 "http://renault.activities.at/login?required=true" "Mozilla/5.0 (Windows NT 10.0; Win64; x64; rv:66.0) Gecko/20100101 Firefox/66.0"
80.123.225.36 - - [18/Apr/2019:12:04:00 +0200] "GET /reload?ser=1555581841113 HTTP/1.1" 200 28 "http://renault.activities.at/" "Mozilla/5.0 (compatible; MSIE 9.0; Windows NT 6.1; WOW64; Trident/5.0)"
213.153.47.173 - - [18/Apr/2019:12:04:18 +0200] "GET /reload?ser=1555581857983 HTTP/1.1" 200 28 "http://renault.activities.at/login?required=true" "Mozilla/5.0 (Windows NT 10.0; Win64; x64; rv:66.0) Gecko/20100101 Firefox/66.0"
80.123.225.36 - - [18/Apr/2019:12:05:00 +0200] "GET /reload?ser=1555581901768 HTTP/1.1" 200 28 "http://renault.activities.at/" "Mozilla/5.0 (compatible; MSIE 9.0; Windows NT 6.1; WOW64; Trident/5.0)"
213.153.47.173 - - [18/Apr/2019:12:05:18 +0200] "GET /reload?ser=1555581918643 HTTP/1.1" 200 28 "http://renault.activities.at/login?required=true" "Mozilla/5.0 (Windows NT 10.0; Win64; x64; rv:66.0) Gecko/20100101 Firefox/66.0"
80.123.225.36 - - [18/Apr/2019:12:06:01 +0200] "GET /reload?ser=1555581962423 HTTP/1.1" 200 28 "http://renault.activities.at/" "Mozilla/5.0 (compatible; MSIE 9.0; Windows NT 6.1; WOW64; Trident/5.0)"
213.153.47.173 - - [18/Apr/2019:12:06:19 +0200] "GET /reload?ser=1555581979315 HTTP/1.1" 200 28 "http://renault.activities.at/login?required=true" "Mozilla/5.0 (Windows NT 10.0; Win64; x64; rv:66.0) Gecko/20100101 Firefox/66.0"
80.123.225.36 - - [18/Apr/2019:12:07:02 +0200] "GET /reload?ser=1555582023083 HTTP/1.1" 200 28 "http://renault.activities.at/" "Mozilla/5.0 (compatible; MSIE 9.0; Windows NT 6.1; WOW64; Trident/5.0)"
213.153.47.173 - - [18/Apr/2019:12:07:20 +0200] "GET /reload?ser=1555582039966 HTTP/1.1" 200 28 "http://renault.activities.at/login?required=true" "Mozilla/5.0 (Windows NT 10.0; Win64; x64; rv:66.0) Gecko/20100101 Firefox/66.0"
80.123.225.36 - - [18/Apr/2019:12:08:02 +0200] "GET /reload?ser=1555582083738 HTTP/1.1" 200 28 "http://renault.activities.at/" "Mozilla/5.0 (compatible; MSIE 9.0; Windows NT 6.1; WOW64; Trident/5.0)"
213.153.47.173 - - [18/Apr/2019:12:08:20 +0200] "GET /reload?ser=1555582100617 HTTP/1.1" 200 28 "http://renault.activities.at/login?required=true" "Mozilla/5.0 (Windows NT 10.0; Win64; x64; rv:66.0) Gecko/20100101 Firefox/66.0"
80.123.225.36 - - [18/Apr/2019:12:09:03 +0200] "GET /reload?ser=1555582144391 HTTP/1.1" 200 28 "http://renault.activities.at/" "Mozilla/5.0 (compatible; MSIE 9.0; Windows NT 6.1; WOW64; Trident/5.0)"
213.153.47.173 - - [18/Apr/2019:12:09:21 +0200] "GET /reload?ser=1555582161288 HTTP/1.1" 200 28 "http://renault.activities.at/login?required=true" "Mozilla/5.0 (Windows NT 10.0; Win64; x64; rv:66.0) Gecko/20100101 Firefox/66.0"
157.55.39.226 - - [18/Apr/2019:12:09:24 +0200] "GET /10260003?dir=DESC&mode=grid&order=name&limit=15&page=3&cat=10260300 HTTP/1.1" 200 4555 "-" "Mozilla/5.0 (compatible; bingbot/2.0; +http://www.bing.com/bingbot.htm)"
80.123.225.36 - - [18/Apr/2019:12:10:04 +0200] "GET /reload?ser=1555582205046 HTTP/1.1" 200 28 "http://renault.activities.at/" "Mozilla/5.0 (compatible; MSIE 9.0; Windows NT 6.1; WOW64; Trident/5.0)"
213.153.47.173 - - [18/Apr/2019:12:10:22 +0200] "GET /reload?ser=1555582221959 HTTP/1.1" 200 28 "http://renault.activities.at/login?required=true" "Mozilla/5.0 (Windows NT 10.0; Win64; x64; rv:66.0) Gecko/20100101 Firefox/66.0"
80.123.225.36 - - [18/Apr/2019:12:11:04 +0200] "GET /reload?ser=1555582265718 HTTP/1.1" 200 28 "http://renault.activities.at/" "Mozilla/5.0 (compatible; MSIE 9.0; Windows NT 6.1; WOW64; Trident/5.0)"
213.153.47.173 - - [18/Apr/2019:12:11:22 +0200] "GET /reload?ser=1555582282629 HTTP/1.1" 200 28 "http://renault.activities.at/login?required=true" "Mozilla/5.0 (Windows NT 10.0; Win64; x64; rv:66.0) Gecko/20100101 Firefox/66.0"
80.123.225.36 - - [18/Apr/2019:12:12:05 +0200] "GET /reload?ser=1555582326390 HTTP/1.1" 200 28 "http://renault.activities.at/" "Mozilla/5.0 (compatible; MSIE 9.0; Windows NT 6.1; WOW64; Trident/5.0)"
213.153.47.173 - - [18/Apr/2019:12:12:23 +0200] "GET /reload?ser=1555582343310 HTTP/1.1" 200 28 "http://renault.activities.at/login?required=true" "Mozilla/5.0 (Windows NT 10.0; Win64; x64; rv:66.0) Gecko/20100101 Firefox/66.0"
80.123.225.36 - - [18/Apr/2019:12:13:06 +0200] "GET /reload?ser=1555582387085 HTTP/1.1" 200 28 "http://renault.activities.at/" "Mozilla/5.0 (compatible; MSIE 9.0; Windows NT 6.1; WOW64; Trident/5.0)"
213.153.47.173 - - [18/Apr/2019:12:13:24 +0200] "GET /reload?ser=1555582404011 HTTP/1.1" 200 28 "http://renault.activities.at/login?required=true" "Mozilla/5.0 (Windows NT 10.0; Win64; x64; rv:66.0) Gecko/20100101 Firefox/66.0"
80.123.225.36 - - [18/Apr/2019:12:14:06 +0200] "GET /reload?ser=1555582447738 HTTP/1.1" 200 28 "http://renault.activities.at/" "Mozilla/5.0 (compatible; MSIE 9.0; Windows NT 6.1; WOW64; Trident/5.0)"
213.153.47.173 - - [18/Apr/2019:12:14:24 +0200] "GET /reload?ser=1555582464662 HTTP/1.1" 200 28 "http://renault.activities.at/login?required=true" "Mozilla/5.0 (Windows NT 10.0; Win64; x64; rv:66.0) Gecko/20100101 Firefox/66.0"
80.123.225.36 - - [18/Apr/2019:12:15:07 +0200] "GET /reload?ser=1555582508394 HTTP/1.1" 200 28 "http://renault.activities.at/" "Mozilla/5.0 (compatible; MSIE 9.0; Windows NT 6.1; WOW64; Trident/5.0)"
213.153.47.173 - - [18/Apr/2019:12:15:25 +0200] "GET /reload?ser=1555582525312 HTTP/1.1" 200 28 "http://renault.activities.at/login?required=true" "Mozilla/5.0 (Windows NT 10.0; Win64; x64; rv:66.0) Gecko/20100101 Firefox/66.0"
80.123.225.36 - - [18/Apr/2019:12:16:08 +0200] "GET /reload?ser=1555582569049 HTTP/1.1" 200 28 "http://renault.activities.at/" "Mozilla/5.0 (compatible; MSIE 9.0; Windows NT 6.1; WOW64; Trident/5.0)"
213.153.47.173 - - [18/Apr/2019:12:16:26 +0200] "GET /reload?ser=1555582585977 HTTP/1.1" 200 28 "http://renault.activities.at/login?required=true" "Mozilla/5.0 (Windows NT 10.0; Win64; x64; rv:66.0) Gecko/20100101 Firefox/66.0"
80.123.225.36 - - [18/Apr/2019:12:17:08 +0200] "GET /reload?ser=1555582629720 HTTP/1.1" 200 28 "http://renault.activities.at/" "Mozilla/5.0 (compatible; MSIE 9.0; Windows NT 6.1; WOW64; Trident/5.0)"
213.153.47.173 - - [18/Apr/2019:12:17:26 +0200] "GET /reload?ser=1555582646629 HTTP/1.1" 200 28 "http://renault.activities.at/login?required=true" "Mozilla/5.0 (Windows NT 10.0; Win64; x64; rv:66.0) Gecko/20100101 Firefox/66.0"
80.123.225.36 - - [18/Apr/2019:12:18:09 +0200] "GET /reload?ser=1555582690390 HTTP/1.1" 200 28 "http://renault.activities.at/" "Mozilla/5.0 (compatible; MSIE 9.0; Windows NT 6.1; WOW64; Trident/5.0)"
213.153.47.173 - - [18/Apr/2019:12:18:27 +0200] "GET /reload?ser=1555582707284 HTTP/1.1" 200 28 "http://renault.activities.at/login?required=true" "Mozilla/5.0 (Windows NT 10.0; Win64; x64; rv:66.0) Gecko/20100101 Firefox/66.0"
80.123.225.36 - - [18/Apr/2019:12:19:10 +0200] "GET /reload?ser=1555582751043 HTTP/1.1" 200 28 "http://renault.activities.at/" "Mozilla/5.0 (compatible; MSIE 9.0; Windows NT 6.1; WOW64; Trident/5.0)"
213.153.47.173 - - [18/Apr/2019:12:19:28 +0200] "GET /reload?ser=1555582767944 HTTP/1.1" 200 28 "http://renault.activities.at/login?required=true" "Mozilla/5.0 (Windows NT 10.0; Win64; x64; rv:66.0) Gecko/20100101 Firefox/66.0"
80.123.225.36 - - [18/Apr/2019:12:20:10 +0200] "GET /reload?ser=1555582811706 HTTP/1.1" 200 28 "http://renault.activities.at/" "Mozilla/5.0 (compatible; MSIE 9.0; Windows NT 6.1; WOW64; Trident/5.0)"
213.153.47.173 - - [18/Apr/2019:12:20:28 +0200] "GET /reload?ser=1555582828614 HTTP/1.1" 200 28 "http://renault.activities.at/login?required=true" "Mozilla/5.0 (Windows NT 10.0; Win64; x64; rv:66.0) Gecko/20100101 Firefox/66.0"
80.123.225.36 - - [18/Apr/2019:12:21:11 +0200] "GET /reload?ser=1555582872378 HTTP/1.1" 200 28 "http://renault.activities.at/" "Mozilla/5.0 (compatible; MSIE 9.0; Windows NT 6.1; WOW64; Trident/5.0)"
213.153.47.173 - - [18/Apr/2019:12:21:29 +0200] "GET /reload?ser=1555582889275 HTTP/1.1" 200 28 "http://renault.activities.at/login?required=true" "Mozilla/5.0 (Windows NT 10.0; Win64; x64; rv:66.0) Gecko/20100101 Firefox/66.0"
80.123.225.36 - - [18/Apr/2019:12:22:12 +0200] "GET /reload?ser=1555582933039 HTTP/1.1" 200 28 "http://renault.activities.at/" "Mozilla/5.0 (compatible; MSIE 9.0; Windows NT 6.1; WOW64; Trident/5.0)"
213.153.47.173 - - [18/Apr/2019:12:22:29 +0200] "GET /reload?ser=1555582949935 HTTP/1.1" 200 28 "http://renault.activities.at/login?required=true" "Mozilla/5.0 (Windows NT 10.0; Win64; x64; rv:66.0) Gecko/20100101 Firefox/66.0"
207.46.13.117 - - [18/Apr/2019:12:22:50 +0200] "GET /js/flashdetection.js HTTP/1.1" 200 1059 "-" "Mozilla/5.0 (iPhone; CPU iPhone OS 7_0 like Mac OS X) AppleWebKit/537.51.1 (KHTML, like Gecko) Version/7.0 Mobile/11A465 Safari/9537.53 (compatible; bingbot/2.0; +http://www.bing.com/bingbot.htm)"
80.123.225.36 - - [18/Apr/2019:12:23:12 +0200] "GET /reload?ser=1555582993701 HTTP/1.1" 200 28 "http://renault.activities.at/" "Mozilla/5.0 (compatible; MSIE 9.0; Windows NT 6.1; WOW64; Trident/5.0)"
213.153.47.173 - - [18/Apr/2019:12:23:30 +0200] "GET /reload?ser=1555583010600 HTTP/1.1" 200 28 "http://renault.activities.at/login?required=true" "Mozilla/5.0 (Windows NT 10.0; Win64; x64; rv:66.0) Gecko/20100101 Firefox/66.0"
80.123.225.36 - - [18/Apr/2019:12:23:32 +0200] "GET / HTTP/1.1" 200 3510 "-" "Mozilla/5.0 (Windows NT 6.1; WOW64; Trident/7.0; rv:11.0) like Gecko"
80.123.225.36 - - [18/Apr/2019:12:23:33 +0200] "GET /js/default.js HTTP/1.1" 200 14698 "http://renault.activities.at/" "Mozilla/5.0 (Windows NT 6.1; WOW64; Trident/7.0; rv:11.0) like Gecko"
80.123.225.36 - - [18/Apr/2019:12:23:33 +0200] "GET /js/flashdetection.js HTTP/1.1" 200 1059 "http://renault.activities.at/" "Mozilla/5.0 (Windows NT 6.1; WOW64; Trident/7.0; rv:11.0) like Gecko"
80.123.225.36 - - [18/Apr/2019:12:23:33 +0200] "GET /css/reset.css HTTP/1.1" 200 1356 "http://renault.activities.at/" "Mozilla/5.0 (Windows NT 6.1; WOW64; Trident/7.0; rv:11.0) like Gecko"
80.123.225.36 - - [18/Apr/2019:12:23:33 +0200] "GET /css/styles.css HTTP/1.1" 200 14664 "http://renault.activities.at/" "Mozilla/5.0 (Windows NT 6.1; WOW64; Trident/7.0; rv:11.0) like Gecko"
80.123.225.36 - - [18/Apr/2019:12:23:33 +0200] "GET /css/clears.css HTTP/1.1" 200 851 "http://renault.activities.at/" "Mozilla/5.0 (Windows NT 6.1; WOW64; Trident/7.0; rv:11.0) like Gecko"
80.123.225.36 - - [18/Apr/2019:12:23:33 +0200] "GET /css/print.css HTTP/1.1" 200 543 "http://renault.activities.at/" "Mozilla/5.0 (Windows NT 6.1; WOW64; Trident/7.0; rv:11.0) like Gecko"
80.123.225.36 - - [18/Apr/2019:12:23:33 +0200] "GET /js/checkout.css HTTP/1.1" 200 359 "http://renault.activities.at/" "Mozilla/5.0 (Windows NT 6.1; WOW64; Trident/7.0; rv:11.0) like Gecko"
80.123.225.36 - - [18/Apr/2019:12:23:33 +0200] "GET /css/prototip.css HTTP/1.1" 200 968 "http://renault.activities.at/" "Mozilla/5.0 (Windows NT 6.1; WOW64; Trident/7.0; rv:11.0) like Gecko"
80.123.225.36 - - [18/Apr/2019:12:23:33 +0200] "GET /css/themes/default.css HTTP/1.1" 200 769 "http://renault.activities.at/" "Mozilla/5.0 (Windows NT 6.1; WOW64; Trident/7.0; rv:11.0) like Gecko"
80.123.225.36 - - [18/Apr/2019:12:23:33 +0200] "GET /css/themes/alphacube.css HTTP/1.1" 200 743 "http://renault.activities.at/" "Mozilla/5.0 (Windows NT 6.1; WOW64; Trident/7.0; rv:11.0) like Gecko"
80.123.225.36 - - [18/Apr/2019:12:23:33 +0200] "GET /js/index.php?c=auto&f=,prototype/prototype.js,prototype/validation.js,scriptaculous/builder.js,scriptaculous/effects.js,scriptaculous/dragdrop.js,scriptaculous/controls.js,scriptaculous/slider.js,varien/js.js,varien/form.js,varien/menu.js,mage/translate.js,mage/cookies.js,varien/product.js,spinner/SpinnerControl.jsmin.js,prototype/window.js,prototype/window_ext.js HTTP/1.1" 200 94182 "http://renault.activities.at/" "Mozilla/5.0 (Windows NT 6.1; WOW64; Trident/7.0; rv:11.0) like Gecko"
80.123.225.36 - - [18/Apr/2019:12:23:33 +0200] "GET /images/main_block_corner_left_bot.gif HTTP/1.1" 200 159 "http://renault.activities.at/" "Mozilla/5.0 (Windows NT 6.1; WOW64; Trident/7.0; rv:11.0) like Gecko"
