80.123.225.36 - - [18/Apr/2019:17:07:33 +0200] "GET /loadthumbnail.php?id=11186475&width=113 HTTP/1.1" 200 1083 "http://renault.activities.at/result?dir=DESC&mode=grid&order=name&limit=15&page=4&search=kleber" "Mozilla/5.0 (Windows NT 6.1; WOW64; Trident/7.0; rv:11.0) like Gecko"
80.123.225.36 - - [18/Apr/2019:17:07:33 +0200] "GET /loadthumbnail.php?id=11181233&width=113 HTTP/1.1" 200 1353 "http://renault.activities.at/result?dir=DESC&mode=grid&order=name&limit=15&page=4&search=kleber" "Mozilla/5.0 (Windows NT 6.1; WOW64; Trident/7.0; rv:11.0) like Gecko"
80.123.225.36 - - [18/Apr/2019:17:07:33 +0200] "GET /loadthumbnail.php?id=11194732&width=113 HTTP/1.1" 200 1353 "http://renault.activities.at/result?dir=DESC&mode=grid&order=name&limit=15&page=4&search=kleber" "Mozilla/5.0 (Windows NT 6.1; WOW64; Trident/7.0; rv:11.0) like Gecko"
80.123.225.36 - - [18/Apr/2019:17:07:33 +0200] "GET /loadthumbnail.php?id=11181230&width=113 HTTP/1.1" 200 1353 "http://renault.activities.at/result?dir=DESC&mode=grid&order=name&limit=15&page=4&search=kleber" "Mozilla/5.0 (Windows NT 6.1; WOW64; Trident/7.0; rv:11.0) like Gecko"
82.135.5.126 - - [18/Apr/2019:17:08:06 +0200] "GET /reload?ser=1555600086041 HTTP/1.1" 200 28 "http://renault.activities.at/account" "Mozilla/5.0 (Windows NT 10.0; WOW64; Trident/7.0; rv:11.0) like Gecko"
80.123.225.36 - - [18/Apr/2019:17:08:17 +0200] "GET /result?dir=DESC&mode=grid&order=name&limit=15&page=5&search=kleber HTTP/1.1" 200 8667 "http://renault.activities.at/result?dir=DESC&mode=grid&order=name&limit=15&page=4&search=kleber" "Mozilla/5.0 (Windows NT 6.1; WOW64; Trident/7.0; rv:11.0) like Gecko"
80.123.225.36 - - [18/Apr/2019:17:08:20 +0200] "GET /loadthumbnail.php?id=11209585&width=113 HTTP/1.1" 200 1909 "http://renault.activities.at/result?dir=DESC&mode=grid&order=name&limit=15&page=5&search=kleber" "Mozilla/5.0 (Windows NT 6.1; WOW64; Trident/7.0; rv:11.0) like Gecko"
66.249.66.89 - - [18/Apr/2019:17:08:26 +0200] "GET / HTTP/1.1" 200 3510 "-" "Mozilla/5.0 (Linux; Android 6.0.1; Nexus 5X Build/MMB29P) AppleWebKit/537.36 (KHTML, like Gecko) Chrome/41.0.2272.96 Mobile Safari/537.36 (compatible; Googlebot/2.1; +http://www.google.com/bot.html)"
66.249.66.89 - - [18/Apr/2019:17:08:36 +0200] "GET /images/favicon.ico HTTP/1.1" 404 305 "-" "Googlebot-Image/1.0"
80.123.225.36 - - [18/Apr/2019:17:08:50 +0200] "GET /result?dir=DESC&mode=grid&order=name&limit=15&page=6&search=kleber HTTP/1.1" 200 8711 "http://renault.activities.at/result?dir=DESC&mode=grid&order=name&limit=15&page=5&search=kleber" "Mozilla/5.0 (Windows NT 6.1; WOW64; Trident/7.0; rv:11.0) like Gecko"
80.123.225.36 - - [18/Apr/2019:17:08:53 +0200] "GET /loadthumbnail.php?id=11555219&width=113 HTTP/1.1" 200 2237 "http://renault.activities.at/result?dir=DESC&mode=grid&order=name&limit=15&page=6&search=kleber" "Mozilla/5.0 (Windows NT 6.1; WOW64; Trident/7.0; rv:11.0) like Gecko"
80.123.225.36 - - [18/Apr/2019:17:08:54 +0200] "GET /loadthumbnail.php?id=11555218&width=113 HTTP/1.1" 200 2237 "http://renault.activities.at/result?dir=DESC&mode=grid&order=name&limit=15&page=6&search=kleber" "Mozilla/5.0 (Windows NT 6.1; WOW64; Trident/7.0; rv:11.0) like Gecko"
82.135.5.126 - - [18/Apr/2019:17:09:07 +0200] "GET /reload?ser=1555600147066 HTTP/1.1" 200 28 "http://renault.activities.at/account" "Mozilla/5.0 (Windows NT 10.0; WOW64; Trident/7.0; rv:11.0) like Gecko"
95.215.0.145 - - [18/Apr/2019:17:09:27 +0200] "GET /binaries/10019519.pdf HTTP/1.0" 200 1474703 "http://renault.activities.at/binaries/10019519.pdf" "Mozilla/5.0 (Windows NT 10.0; Win64; x64) AppleWebKit/537.36 (KHTML, like Gecko) Chrome/67.0.3396.87 Safari/537.36 OPR/54.0.2952.51"
95.215.0.145 - - [18/Apr/2019:17:09:27 +0200] "GET / HTTP/1.0" 200 14997 "http://renault.activities.at/" "Mozilla/5.0 (Windows NT 10.0; Win64; x64) AppleWebKit/537.36 (KHTML, like Gecko) Chrome/67.0.3396.87 Safari/537.36 OPR/54.0.2952.51"
80.123.225.36 - - [18/Apr/2019:17:09:35 +0200] "GET /result?dir=DESC&mode=grid&order=name&limit=15&page=7&search=kleber HTTP/1.1" 200 8804 "http://renault.activities.at/result?dir=DESC&mode=grid&order=name&limit=15&page=6&search=kleber" "Mozilla/5.0 (Windows NT 6.1; WOW64; Trident/7.0; rv:11.0) like Gecko"
80.123.225.36 - - [18/Apr/2019:17:09:38 +0200] "GET /loadthumbnail.php?id=11181176&width=113 HTTP/1.1" 200 1860 "http://renault.activities.at/result?dir=DESC&mode=grid&order=name&limit=15&page=7&search=kleber" "Mozilla/5.0 (Windows NT 6.1; WOW64; Trident/7.0; rv:11.0) like Gecko"
80.123.225.36 - - [18/Apr/2019:17:09:38 +0200] "GET /loadthumbnail.php?id=11181174&width=113 HTTP/1.1" 200 1860 "http://renault.activities.at/result?dir=DESC&mode=grid&order=name&limit=15&page=7&search=kleber" "Mozilla/5.0 (Windows NT 6.1; WOW64; Trident/7.0; rv:11.0) like Gecko"
80.123.225.36 - - [18/Apr/2019:17:09:38 +0200] "GET /loadthumbnail.php?id=11648009&width=113 HTTP/1.1" 200 2417 "http://renault.activities.at/result?dir=DESC&mode=grid&order=name&limit=15&page=7&search=kleber" "Mozilla/5.0 (Windows NT 6.1; WOW64; Trident/7.0; rv:11.0) like Gecko"
80.123.225.36 - - [18/Apr/2019:17:09:38 +0200] "GET /loadthumbnail.php?id=11648005&width=113 HTTP/1.1" 200 2417 "http://renault.activities.at/result?dir=DESC&mode=grid&order=name&limit=15&page=7&search=kleber" "Mozilla/5.0 (Windows NT 6.1; WOW64; Trident/7.0; rv:11.0) like Gecko"
80.123.225.36 - - [18/Apr/2019:17:09:38 +0200] "GET /loadthumbnail.php?id=11228492&width=113 HTTP/1.1" 200 1071 "http://renault.activities.at/result?dir=DESC&mode=grid&order=name&limit=15&page=7&search=kleber" "Mozilla/5.0 (Windows NT 6.1; WOW64; Trident/7.0; rv:11.0) like Gecko"
80.123.225.36 - - [18/Apr/2019:17:09:38 +0200] "GET /loadthumbnail.php?id=11228493&width=113 HTTP/1.1" 200 1094 "http://renault.activities.at/result?dir=DESC&mode=grid&order=name&limit=15&page=7&search=kleber" "Mozilla/5.0 (Windows NT 6.1; WOW64; Trident/7.0; rv:11.0) like Gecko"
80.123.225.36 - - [18/Apr/2019:17:09:38 +0200] "GET /loadthumbnail.php?id=11228494&width=113 HTTP/1.1" 200 1149 "http://renault.activities.at/result?dir=DESC&mode=grid&order=name&limit=15&page=7&search=kleber" "Mozilla/5.0 (Windows NT 6.1; WOW64; Trident/7.0; rv:11.0) like Gecko"
80.123.225.36 - - [18/Apr/2019:17:09:38 +0200] "GET /loadthumbnail.php?id=11825624&width=113 HTTP/1.1" 200 1820 "http://renault.activities.at/result?dir=DESC&mode=grid&order=name&limit=15&page=7&search=kleber" "Mozilla/5.0 (Windows NT 6.1; WOW64; Trident/7.0; rv:11.0) like Gecko"
80.123.225.36 - - [18/Apr/2019:17:09:38 +0200] "GET /loadthumbnail.php?id=11825622&width=113 HTTP/1.1" 200 1953 "http://renault.activities.at/result?dir=DESC&mode=grid&order=name&limit=15&page=7&search=kleber" "Mozilla/5.0 (Windows NT 6.1; WOW64; Trident/7.0; rv:11.0) like Gecko"
80.123.225.36 - - [18/Apr/2019:17:09:38 +0200] "GET /loadthumbnail.php?id=11825623&width=113 HTTP/1.1" 200 1820 "http://renault.activities.at/result?dir=DESC&mode=grid&order=name&limit=15&page=7&search=kleber" "Mozilla/5.0 (Windows NT 6.1; WOW64; Trident/7.0; rv:11.0) like Gecko"
82.135.5.126 - - [18/Apr/2019:17:10:08 +0200] "GET /reload?ser=1555600208086 HTTP/1.1" 200 28 "http://renault.activities.at/account" "Mozilla/5.0 (Windows NT 10.0; WOW64; Trident/7.0; rv:11.0) like Gecko"
80.123.225.36 - - [18/Apr/2019:17:10:10 +0200] "GET /result?dir=DESC&mode=grid&order=name&limit=15&page=8&search=kleber HTTP/1.1" 200 8931 "http://renault.activities.at/result?dir=DESC&mode=grid&order=name&limit=15&page=7&search=kleber" "Mozilla/5.0 (Windows NT 6.1; WOW64; Trident/7.0; rv:11.0) like Gecko"
80.123.225.36 - - [18/Apr/2019:17:10:13 +0200] "GET /loadthumbnail.php?id=11825621&width=113 HTTP/1.1" 200 1953 "http://renault.activities.at/result?dir=DESC&mode=grid&order=name&limit=15&page=8&search=kleber" "Mozilla/5.0 (Windows NT 6.1; WOW64; Trident/7.0; rv:11.0) like Gecko"
80.123.225.36 - - [18/Apr/2019:17:10:13 +0200] "GET /loadthumbnail.php?id=11825620&width=113 HTTP/1.1" 200 2089 "http://renault.activities.at/result?dir=DESC&mode=grid&order=name&limit=15&page=8&search=kleber" "Mozilla/5.0 (Windows NT 6.1; WOW64; Trident/7.0; rv:11.0) like Gecko"
80.123.225.36 - - [18/Apr/2019:17:10:13 +0200] "GET /loadthumbnail.php?id=11722648&width=113 HTTP/1.1" 200 1687 "http://renault.activities.at/result?dir=DESC&mode=grid&order=name&limit=15&page=8&search=kleber" "Mozilla/5.0 (Windows NT 6.1; WOW64; Trident/7.0; rv:11.0) like Gecko"
80.123.225.36 - - [18/Apr/2019:17:10:13 +0200] "GET /loadthumbnail.php?id=11825619&width=113 HTTP/1.1" 200 2089 "http://renault.activities.at/result?dir=DESC&mode=grid&order=name&limit=15&page=8&search=kleber" "Mozilla/5.0 (Windows NT 6.1; WOW64; Trident/7.0; rv:11.0) like Gecko"
80.123.225.36 - - [18/Apr/2019:17:10:13 +0200] "GET /loadthumbnail.php?id=11825618&width=113 HTTP/1.1" 200 2042 "http://renault.activities.at/result?dir=DESC&mode=grid&order=name&limit=15&page=8&search=kleber" "Mozilla/5.0 (Windows NT 6.1; WOW64; Trident/7.0; rv:11.0) like Gecko"
80.123.225.36 - - [18/Apr/2019:17:10:13 +0200] "GET /loadthumbnail.php?id=11722649&width=113 HTTP/1.1" 200 1687 "http://renault.activities.at/result?dir=DESC&mode=grid&order=name&limit=15&page=8&search=kleber" "Mozilla/5.0 (Windows NT 6.1; WOW64; Trident/7.0; rv:11.0) like Gecko"
80.123.225.36 - - [18/Apr/2019:17:10:13 +0200] "GET /loadthumbnail.php?id=11825617&width=113 HTTP/1.1" 200 2042 "http://renault.activities.at/result?dir=DESC&mode=grid&order=name&limit=15&page=8&search=kleber" "Mozilla/5.0 (Windows NT 6.1; WOW64; Trident/7.0; rv:11.0) like Gecko"
80.123.225.36 - - [18/Apr/2019:17:10:13 +0200] "GET /loadthumbnail.php?id=11825626&width=113 HTTP/1.1" 200 2138 "http://renault.activities.at/result?dir=DESC&mode=grid&order=name&limit=15&page=8&search=kleber" "Mozilla/5.0 (Windows NT 6.1; WOW64; Trident/7.0; rv:11.0) like Gecko"
80.123.225.36 - - [18/Apr/2019:17:10:13 +0200] "GET /loadthumbnail.php?id=11825625&width=113 HTTP/1.1" 200 2138 "http://renault.activities.at/result?dir=DESC&mode=grid&order=name&limit=15&page=8&search=kleber" "Mozilla/5.0 (Windows NT 6.1; WOW64; Trident/7.0; rv:11.0) like Gecko"
80.123.225.36 - - [18/Apr/2019:17:10:13 +0200] "GET /loadthumbnail.php?id=10460287&width=113 HTTP/1.1" 200 2135 "http://renault.activities.at/result?dir=DESC&mode=grid&order=name&limit=15&page=8&search=kleber" "Mozilla/5.0 (Windows NT 6.1; WOW64; Trident/7.0; rv:11.0) like Gecko"
80.123.225.36 - - [18/Apr/2019:17:10:13 +0200] "GET /loadthumbnail.php?id=11431080&width=113 HTTP/1.1" 200 3991 "http://renault.activities.at/result?dir=DESC&mode=grid&order=name&limit=15&page=8&search=kleber" "Mozilla/5.0 (Windows NT 6.1; WOW64; Trident/7.0; rv:11.0) like Gecko"
80.123.225.36 - - [18/Apr/2019:17:10:13 +0200] "GET /loadthumbnail.php?id=10768339&width=113 HTTP/1.1" 200 2677 "http://renault.activities.at/result?dir=DESC&mode=grid&order=name&limit=15&page=8&search=kleber" "Mozilla/5.0 (Windows NT 6.1; WOW64; Trident/7.0; rv:11.0) like Gecko"
80.123.225.36 - - [18/Apr/2019:17:11:03 +0200] "POST /result?dir=DESC&mode=grid&order=name&limit=15&page=8&search=kleber HTTP/1.1" 200 9035 "http://renault.activities.at/result?dir=DESC&mode=grid&order=name&limit=15&page=8&search=kleber" "Mozilla/5.0 (Windows NT 6.1; WOW64; Trident/7.0; rv:11.0) like Gecko"
82.135.5.126 - - [18/Apr/2019:17:11:09 +0200] "GET /reload?ser=1555600269065 HTTP/1.1" 200 28 "http://renault.activities.at/account" "Mozilla/5.0 (Windows NT 10.0; WOW64; Trident/7.0; rv:11.0) like Gecko"
80.123.225.36 - - [18/Apr/2019:17:12:07 +0200] "GET /reload?ser=1555600336494 HTTP/1.1" 200 28 "http://renault.activities.at/result?dir=DESC&mode=grid&order=name&limit=15&page=8&search=kleber" "Mozilla/5.0 (Windows NT 6.1; WOW64; Trident/7.0; rv:11.0) like Gecko"
82.135.5.126 - - [18/Apr/2019:17:12:10 +0200] "GET /reload?ser=1555600330294 HTTP/1.1" 200 28 "http://renault.activities.at/account" "Mozilla/5.0 (Windows NT 10.0; WOW64; Trident/7.0; rv:11.0) like Gecko"
80.123.225.36 - - [18/Apr/2019:17:13:08 +0200] "GET /reload?ser=1555600397503 HTTP/1.1" 200 28 "http://renault.activities.at/result?dir=DESC&mode=grid&order=name&limit=15&page=8&search=kleber" "Mozilla/5.0 (Windows NT 6.1; WOW64; Trident/7.0; rv:11.0) like Gecko"
82.135.5.126 - - [18/Apr/2019:17:13:11 +0200] "GET /reload?ser=1555600391293 HTTP/1.1" 200 28 "http://renault.activities.at/account" "Mozilla/5.0 (Windows NT 10.0; WOW64; Trident/7.0; rv:11.0) like Gecko"
80.123.225.36 - - [18/Apr/2019:17:14:04 +0200] "GET /result?dir=DESC&mode=grid&order=name&limit=15&page=9&search=kleber HTTP/1.1" 200 8977 "http://renault.activities.at/result?dir=DESC&mode=grid&order=name&limit=15&page=8&search=kleber" "Mozilla/5.0 (Windows NT 6.1; WOW64; Trident/7.0; rv:11.0) like Gecko"
80.123.225.36 - - [18/Apr/2019:17:14:08 +0200] "GET /loadthumbnail.php?id=10930552&width=113 HTTP/1.1" 200 2035 "http://renault.activities.at/result?dir=DESC&mode=grid&order=name&limit=15&page=9&search=kleber" "Mozilla/5.0 (Windows NT 6.1; WOW64; Trident/7.0; rv:11.0) like Gecko"
80.123.225.36 - - [18/Apr/2019:17:14:08 +0200] "GET /loadthumbnail.php?id=11825616&width=113 HTTP/1.1" 200 2367 "http://renault.activities.at/result?dir=DESC&mode=grid&order=name&limit=15&page=9&search=kleber" "Mozilla/5.0 (Windows NT 6.1; WOW64; Trident/7.0; rv:11.0) like Gecko"
80.123.225.36 - - [18/Apr/2019:17:14:08 +0200] "GET /loadthumbnail.php?id=11228497&width=113 HTTP/1.1" 200 3267 "http://renault.activities.at/result?dir=DESC&mode=grid&order=name&limit=15&page=9&search=kleber" "Mozilla/5.0 (Windows NT 6.1; WOW64; Trident/7.0; rv:11.0) like Gecko"
80.123.225.36 - - [18/Apr/2019:17:14:08 +0200] "GET /loadthumbnail.php?id=11213910&width=113 HTTP/1.1" 200 2091 "http://renault.activities.at/result?dir=DESC&mode=grid&order=name&limit=15&page=9&search=kleber" "Mozilla/5.0 (Windows NT 6.1; WOW64; Trident/7.0; rv:11.0) like Gecko"
80.123.225.36 - - [18/Apr/2019:17:14:08 +0200] "GET /loadthumbnail.php?id=11310683&width=113 HTTP/1.1" 200 1776 "http://renault.activities.at/result?dir=DESC&mode=grid&order=name&limit=15&page=9&search=kleber" "Mozilla/5.0 (Windows NT 6.1; WOW64; Trident/7.0; rv:11.0) like Gecko"
80.123.225.36 - - [18/Apr/2019:17:14:08 +0200] "GET /loadthumbnail.php?id=11213903&width=113 HTTP/1.1" 200 2398 "http://renault.activities.at/result?dir=DESC&mode=grid&order=name&limit=15&page=9&search=kleber" "Mozilla/5.0 (Windows NT 6.1; WOW64; Trident/7.0; rv:11.0) like Gecko"
80.123.225.36 - - [18/Apr/2019:17:14:08 +0200] "GET /loadthumbnail.php?id=10986339&width=113 HTTP/1.1" 200 3068 "http://renault.activities.at/result?dir=DESC&mode=grid&order=name&limit=15&page=9&search=kleber" "Mozilla/5.0 (Windows NT 6.1; WOW64; Trident/7.0; rv:11.0) like Gecko"
80.123.225.36 - - [18/Apr/2019:17:14:08 +0200] "GET /loadthumbnail.php?id=11228502&width=113 HTTP/1.1" 200 1524 "http://renault.activities.at/result?dir=DESC&mode=grid&order=name&limit=15&page=9&search=kleber" "Mozilla/5.0 (Windows NT 6.1; WOW64; Trident/7.0; rv:11.0) like Gecko"
80.123.225.36 - - [18/Apr/2019:17:14:08 +0200] "GET /loadthumbnail.php?id=11304858&width=113 HTTP/1.1" 200 1289 "http://renault.activities.at/result?dir=DESC&mode=grid&order=name&limit=15&page=9&search=kleber" "Mozilla/5.0 (Windows NT 6.1; WOW64; Trident/7.0; rv:11.0) like Gecko"
80.123.225.36 - - [18/Apr/2019:17:14:08 +0200] "GET /loadthumbnail.php?id=11351226&width=113 HTTP/1.1" 200 16210 "http://renault.activities.at/result?dir=DESC&mode=grid&order=name&limit=15&page=9&search=kleber" "Mozilla/5.0 (Windows NT 6.1; WOW64; Trident/7.0; rv:11.0) like Gecko"
80.123.225.36 - - [18/Apr/2019:17:14:08 +0200] "GET /loadthumbnail.php?id=10729892&width=113 HTTP/1.1" 200 4176 "http://renault.activities.at/result?dir=DESC&mode=grid&order=name&limit=15&page=9&search=kleber" "Mozilla/5.0 (Windows NT 6.1; WOW64; Trident/7.0; rv:11.0) like Gecko"
80.123.225.36 - - [18/Apr/2019:17:14:08 +0200] "GET /loadthumbnail.php?id=11351222&width=113 HTTP/1.1" 200 17851 "http://renault.activities.at/result?dir=DESC&mode=grid&order=name&limit=15&page=9&search=kleber" "Mozilla/5.0 (Windows NT 6.1; WOW64; Trident/7.0; rv:11.0) like Gecko"
80.123.225.36 - - [18/Apr/2019:17:14:08 +0200] "GET /loadthumbnail.php?id=11089820&width=113 HTTP/1.1" 200 2212 "http://renault.activities.at/result?dir=DESC&mode=grid&order=name&limit=15&page=9&search=kleber" "Mozilla/5.0 (Windows NT 6.1; WOW64; Trident/7.0; rv:11.0) like Gecko"
82.135.5.126 - - [18/Apr/2019:17:14:12 +0200] "GET /reload?ser=1555600452295 HTTP/1.1" 200 28 "http://renault.activities.at/account" "Mozilla/5.0 (Windows NT 10.0; WOW64; Trident/7.0; rv:11.0) like Gecko"
80.123.225.36 - - [18/Apr/2019:17:14:13 +0200] "POST /result?dir=DESC&mode=grid&order=name&limit=15&page=9&search=kleber HTTP/1.1" 200 9078 "http://renault.activities.at/result?dir=DESC&mode=grid&order=name&limit=15&page=9&search=kleber" "Mozilla/5.0 (Windows NT 6.1; WOW64; Trident/7.0; rv:11.0) like Gecko"
80.123.225.36 - - [18/Apr/2019:17:14:42 +0200] "GET /cart HTTP/1.1" 200 6007 "http://renault.activities.at/result?dir=DESC&mode=grid&order=name&limit=15&page=9&search=kleber" "Mozilla/5.0 (Windows NT 6.1; WOW64; Trident/7.0; rv:11.0) like Gecko"
80.123.225.36 - - [18/Apr/2019:17:14:46 +0200] "GET /loadthumbnail.php?id=10232009&width=16&height=16 HTTP/1.1" 200 700 "http://renault.activities.at/cart" "Mozilla/5.0 (Windows NT 6.1; WOW64; Trident/7.0; rv:11.0) like Gecko"
80.123.225.36 - - [18/Apr/2019:17:14:46 +0200] "GET /loadthumbnail.php?id=11819633&width=100 HTTP/1.1" 200 2765 "http://renault.activities.at/cart" "Mozilla/5.0 (Windows NT 6.1; WOW64; Trident/7.0; rv:11.0) like Gecko"
80.123.225.36 - - [18/Apr/2019:17:14:46 +0200] "GET /loadthumbnail.php?id=10203650&width=100 HTTP/1.1" 200 2545 "http://renault.activities.at/cart" "Mozilla/5.0 (Windows NT 6.1; WOW64; Trident/7.0; rv:11.0) like Gecko"
80.123.225.36 - - [18/Apr/2019:17:14:46 +0200] "GET /loadthumbnail.php?id=11990631&width=100 HTTP/1.1" 200 2634 "http://renault.activities.at/cart" "Mozilla/5.0 (Windows NT 6.1; WOW64; Trident/7.0; rv:11.0) like Gecko"
80.123.225.36 - - [18/Apr/2019:17:14:46 +0200] "GET /loadthumbnail.php?id=11819630&width=100 HTTP/1.1" 200 2445 "http://renault.activities.at/cart" "Mozilla/5.0 (Windows NT 6.1; WOW64; Trident/7.0; rv:11.0) like Gecko"
80.123.225.36 - - [18/Apr/2019:17:14:46 +0200] "GET /loadthumbnail.php?id=11181187&width=100 HTTP/1.1" 200 1408 "http://renault.activities.at/cart" "Mozilla/5.0 (Windows NT 6.1; WOW64; Trident/7.0; rv:11.0) like Gecko"
80.123.225.36 - - [18/Apr/2019:17:14:46 +0200] "GET /loadthumbnail.php?id=11181211&width=100 HTTP/1.1" 200 1614 "http://renault.activities.at/cart" "Mozilla/5.0 (Windows NT 6.1; WOW64; Trident/7.0; rv:11.0) like Gecko"
80.123.225.36 - - [18/Apr/2019:17:14:46 +0200] "GET /loadthumbnail.php?id=10930520&width=100 HTTP/1.1" 200 1615 "http://renault.activities.at/cart" "Mozilla/5.0 (Windows NT 6.1; WOW64; Trident/7.0; rv:11.0) like Gecko"
80.123.225.36 - - [18/Apr/2019:17:14:46 +0200] "GET /loadthumbnail.php?id=10930552&width=100 HTTP/1.1" 200 1631 "http://renault.activities.at/cart" "Mozilla/5.0 (Windows NT 6.1; WOW64; Trident/7.0; rv:11.0) like Gecko"
82.135.5.126 - - [18/Apr/2019:17:15:13 +0200] "GET /reload?ser=1555600513276 HTTP/1.1" 200 28 "http://renault.activities.at/account" "Mozilla/5.0 (Windows NT 10.0; WOW64; Trident/7.0; rv:11.0) like Gecko"
80.123.225.36 - - [18/Apr/2019:17:15:47 +0200] "GET /reload?ser=1555600556293 HTTP/1.1" 200 28 "http://renault.activities.at/cart" "Mozilla/5.0 (Windows NT 6.1; WOW64; Trident/7.0; rv:11.0) like Gecko"
82.135.5.126 - - [18/Apr/2019:17:16:14 +0200] "GET /reload?ser=1555600574205 HTTP/1.1" 200 28 "http://renault.activities.at/account" "Mozilla/5.0 (Windows NT 10.0; WOW64; Trident/7.0; rv:11.0) like Gecko"
80.123.225.36 - - [18/Apr/2019:17:16:48 +0200] "GET /reload?ser=1555600617245 HTTP/1.1" 200 28 "http://renault.activities.at/cart" "Mozilla/5.0 (Windows NT 6.1; WOW64; Trident/7.0; rv:11.0) like Gecko"
82.135.5.126 - - [18/Apr/2019:17:17:15 +0200] "GET /reload?ser=1555600635348 HTTP/1.1" 200 28 "http://renault.activities.at/account" "Mozilla/5.0 (Windows NT 10.0; WOW64; Trident/7.0; rv:11.0) like Gecko"
80.123.225.36 - - [18/Apr/2019:17:17:49 +0200] "GET /reload?ser=1555600678268 HTTP/1.1" 200 28 "http://renault.activities.at/cart" "Mozilla/5.0 (Windows NT 6.1; WOW64; Trident/7.0; rv:11.0) like Gecko"
82.135.5.126 - - [18/Apr/2019:17:18:16 +0200] "GET /reload?ser=1555600696322 HTTP/1.1" 200 28 "http://renault.activities.at/account" "Mozilla/5.0 (Windows NT 10.0; WOW64; Trident/7.0; rv:11.0) like Gecko"
80.123.225.36 - - [18/Apr/2019:17:18:50 +0200] "GET /reload?ser=1555600739308 HTTP/1.1" 200 28 "http://renault.activities.at/cart" "Mozilla/5.0 (Windows NT 6.1; WOW64; Trident/7.0; rv:11.0) like Gecko"
82.135.5.126 - - [18/Apr/2019:17:19:17 +0200] "GET /reload?ser=1555600757278 HTTP/1.1" 200 28 "http://renault.activities.at/account" "Mozilla/5.0 (Windows NT 10.0; WOW64; Trident/7.0; rv:11.0) like Gecko"
80.123.225.36 - - [18/Apr/2019:17:19:51 +0200] "GET /reload?ser=1555600800293 HTTP/1.1" 200 28 "http://renault.activities.at/cart" "Mozilla/5.0 (Windows NT 6.1; WOW64; Trident/7.0; rv:11.0) like Gecko"
82.135.5.126 - - [18/Apr/2019:17:20:18 +0200] "GET /reload?ser=1555600818265 HTTP/1.1" 200 28 "http://renault.activities.at/account" "Mozilla/5.0 (Windows NT 10.0; WOW64; Trident/7.0; rv:11.0) like Gecko"
80.123.225.36 - - [18/Apr/2019:17:20:52 +0200] "GET /reload?ser=1555600861315 HTTP/1.1" 200 28 "http://renault.activities.at/cart" "Mozilla/5.0 (Windows NT 6.1; WOW64; Trident/7.0; rv:11.0) like Gecko"
82.135.5.126 - - [18/Apr/2019:17:21:19 +0200] "GET /reload?ser=1555600879283 HTTP/1.1" 200 28 "http://renault.activities.at/account" "Mozilla/5.0 (Windows NT 10.0; WOW64; Trident/7.0; rv:11.0) like Gecko"
80.123.225.36 - - [18/Apr/2019:17:21:53 +0200] "GET /reload?ser=1555600922299 HTTP/1.1" 200 28 "http://renault.activities.at/cart" "Mozilla/5.0 (Windows NT 6.1; WOW64; Trident/7.0; rv:11.0) like Gecko"
82.135.5.126 - - [18/Apr/2019:17:22:20 +0200] "GET /reload?ser=1555600940344 HTTP/1.1" 200 28 "http://renault.activities.at/account" "Mozilla/5.0 (Windows NT 10.0; WOW64; Trident/7.0; rv:11.0) like Gecko"
80.123.225.36 - - [18/Apr/2019:17:22:54 +0200] "GET /reload?ser=1555600983345 HTTP/1.1" 200 28 "http://renault.activities.at/cart" "Mozilla/5.0 (Windows NT 6.1; WOW64; Trident/7.0; rv:11.0) like Gecko"
82.135.5.126 - - [18/Apr/2019:17:23:21 +0200] "GET /reload?ser=1555601001363 HTTP/1.1" 200 28 "http://renault.activities.at/account" "Mozilla/5.0 (Windows NT 10.0; WOW64; Trident/7.0; rv:11.0) like Gecko"
80.123.225.36 - - [18/Apr/2019:17:23:55 +0200] "GET /reload?ser=1555601044361 HTTP/1.1" 200 28 "http://renault.activities.at/cart" "Mozilla/5.0 (Windows NT 6.1; WOW64; Trident/7.0; rv:11.0) like Gecko"
82.135.5.126 - - [18/Apr/2019:17:24:22 +0200] "GET /reload?ser=1555601062380 HTTP/1.1" 200 28 "http://renault.activities.at/account" "Mozilla/5.0 (Windows NT 10.0; WOW64; Trident/7.0; rv:11.0) like Gecko"
80.123.225.36 - - [18/Apr/2019:17:24:56 +0200] "GET /reload?ser=1555601105385 HTTP/1.1" 200 28 "http://renault.activities.at/cart" "Mozilla/5.0 (Windows NT 6.1; WOW64; Trident/7.0; rv:11.0) like Gecko"
82.135.5.126 - - [18/Apr/2019:17:25:23 +0200] "GET /reload?ser=1555601123398 HTTP/1.1" 200 28 "http://renault.activities.at/account" "Mozilla/5.0 (Windows NT 10.0; WOW64; Trident/7.0; rv:11.0) like Gecko"
80.123.225.36 - - [18/Apr/2019:17:25:57 +0200] "GET /reload?ser=1555601166410 HTTP/1.1" 200 28 "http://renault.activities.at/cart" "Mozilla/5.0 (Windows NT 6.1; WOW64; Trident/7.0; rv:11.0) like Gecko"
82.135.5.126 - - [18/Apr/2019:17:26:24 +0200] "GET /reload?ser=1555601184353 HTTP/1.1" 200 28 "http://renault.activities.at/account" "Mozilla/5.0 (Windows NT 10.0; WOW64; Trident/7.0; rv:11.0) like Gecko"
80.123.225.36 - - [18/Apr/2019:17:26:58 +0200] "GET /reload?ser=1555601227442 HTTP/1.1" 200 28 "http://renault.activities.at/cart" "Mozilla/5.0 (Windows NT 6.1; WOW64; Trident/7.0; rv:11.0) like Gecko"
82.135.5.126 - - [18/Apr/2019:17:27:25 +0200] "GET /reload?ser=1555601245402 HTTP/1.1" 200 28 "http://renault.activities.at/account" "Mozilla/5.0 (Windows NT 10.0; WOW64; Trident/7.0; rv:11.0) like Gecko"
80.123.225.36 - - [18/Apr/2019:17:27:59 +0200] "GET /reload?ser=1555601288435 HTTP/1.1" 200 28 "http://renault.activities.at/cart" "Mozilla/5.0 (Windows NT 6.1; WOW64; Trident/7.0; rv:11.0) like Gecko"
82.135.5.126 - - [18/Apr/2019:17:28:26 +0200] "GET /reload?ser=1555601306389 HTTP/1.1" 200 28 "http://renault.activities.at/account" "Mozilla/5.0 (Windows NT 10.0; WOW64; Trident/7.0; rv:11.0) like Gecko"
80.123.225.36 - - [18/Apr/2019:17:29:00 +0200] "GET /reload?ser=1555601349452 HTTP/1.1" 200 28 "http://renault.activities.at/cart" "Mozilla/5.0 (Windows NT 6.1; WOW64; Trident/7.0; rv:11.0) like Gecko"
82.135.5.126 - - [18/Apr/2019:17:29:27 +0200] "GET /reload?ser=1555601367391 HTTP/1.1" 200 28 "http://renault.activities.at/account" "Mozilla/5.0 (Windows NT 10.0; WOW64; Trident/7.0; rv:11.0) like Gecko"
80.123.225.36 - - [18/Apr/2019:17:30:01 +0200] "GET /reload?ser=1555601410462 HTTP/1.1" 200 28 "http://renault.activities.at/cart" "Mozilla/5.0 (Windows NT 6.1; WOW64; Trident/7.0; rv:11.0) like Gecko"
82.135.5.126 - - [18/Apr/2019:17:30:28 +0200] "GET /reload?ser=1555601428393 HTTP/1.1" 200 28 "http://renault.activities.at/account" "Mozilla/5.0 (Windows NT 10.0; WOW64; Trident/7.0; rv:11.0) like Gecko"
80.123.225.36 - - [18/Apr/2019:17:31:02 +0200] "GET /reload?ser=1555601471488 HTTP/1.1" 200 28 "http://renault.activities.at/cart" "Mozilla/5.0 (Windows NT 6.1; WOW64; Trident/7.0; rv:11.0) like Gecko"
82.135.5.126 - - [18/Apr/2019:17:31:29 +0200] "GET /reload?ser=1555601489411 HTTP/1.1" 200 28 "http://renault.activities.at/account" "Mozilla/5.0 (Windows NT 10.0; WOW64; Trident/7.0; rv:11.0) like Gecko"
80.123.225.36 - - [18/Apr/2019:17:32:03 +0200] "GET /reload?ser=1555601532488 HTTP/1.1" 200 28 "http://renault.activities.at/cart" "Mozilla/5.0 (Windows NT 6.1; WOW64; Trident/7.0; rv:11.0) like Gecko"
82.135.5.126 - - [18/Apr/2019:17:32:30 +0200] "GET /reload?ser=1555601550381 HTTP/1.1" 200 28 "http://renault.activities.at/account" "Mozilla/5.0 (Windows NT 10.0; WOW64; Trident/7.0; rv:11.0) like Gecko"
80.123.225.36 - - [18/Apr/2019:17:33:04 +0200] "GET /reload?ser=1555601593478 HTTP/1.1" 200 28 "http://renault.activities.at/cart" "Mozilla/5.0 (Windows NT 6.1; WOW64; Trident/7.0; rv:11.0) like Gecko"
82.135.5.126 - - [18/Apr/2019:17:33:31 +0200] "GET /reload?ser=1555601611354 HTTP/1.1" 200 28 "http://renault.activities.at/account" "Mozilla/5.0 (Windows NT 10.0; WOW64; Trident/7.0; rv:11.0) like Gecko"
80.123.225.36 - - [18/Apr/2019:17:34:05 +0200] "GET /reload?ser=1555601654513 HTTP/1.1" 200 28 "http://renault.activities.at/cart" "Mozilla/5.0 (Windows NT 6.1; WOW64; Trident/7.0; rv:11.0) like Gecko"
82.135.5.126 - - [18/Apr/2019:17:34:32 +0200] "GET /reload?ser=1555601672357 HTTP/1.1" 200 28 "http://renault.activities.at/account" "Mozilla/5.0 (Windows NT 10.0; WOW64; Trident/7.0; rv:11.0) like Gecko"
80.123.225.36 - - [18/Apr/2019:17:35:06 +0200] "GET /reload?ser=1555601715532 HTTP/1.1" 200 28 "http://renault.activities.at/cart" "Mozilla/5.0 (Windows NT 6.1; WOW64; Trident/7.0; rv:11.0) like Gecko"
82.135.5.126 - - [18/Apr/2019:17:35:33 +0200] "GET /reload?ser=1555601733344 HTTP/1.1" 200 28 "http://renault.activities.at/account" "Mozilla/5.0 (Windows NT 10.0; WOW64; Trident/7.0; rv:11.0) like Gecko"
80.123.225.36 - - [18/Apr/2019:17:36:07 +0200] "GET /reload?ser=1555601776552 HTTP/1.1" 200 28 "http://renault.activities.at/cart" "Mozilla/5.0 (Windows NT 6.1; WOW64; Trident/7.0; rv:11.0) like Gecko"
82.135.5.126 - - [18/Apr/2019:17:36:34 +0200] "GET /reload?ser=1555601794439 HTTP/1.1" 200 28 "http://renault.activities.at/account" "Mozilla/5.0 (Windows NT 10.0; WOW64; Trident/7.0; rv:11.0) like Gecko"
80.123.225.36 - - [18/Apr/2019:17:37:08 +0200] "GET /reload?ser=1555601837553 HTTP/1.1" 200 28 "http://renault.activities.at/cart" "Mozilla/5.0 (Windows NT 6.1; WOW64; Trident/7.0; rv:11.0) like Gecko"
82.135.5.126 - - [18/Apr/2019:17:37:35 +0200] "GET /reload?ser=1555601855449 HTTP/1.1" 200 28 "http://renault.activities.at/account" "Mozilla/5.0 (Windows NT 10.0; WOW64; Trident/7.0; rv:11.0) like Gecko"
80.123.225.36 - - [18/Apr/2019:17:38:09 +0200] "GET /reload?ser=1555601898580 HTTP/1.1" 200 28 "http://renault.activities.at/cart" "Mozilla/5.0 (Windows NT 6.1; WOW64; Trident/7.0; rv:11.0) like Gecko"
82.135.5.126 - - [18/Apr/2019:17:38:36 +0200] "GET /reload?ser=1555601916468 HTTP/1.1" 200 28 "http://renault.activities.at/account" "Mozilla/5.0 (Windows NT 10.0; WOW64; Trident/7.0; rv:11.0) like Gecko"
80.123.225.36 - - [18/Apr/2019:17:39:10 +0200] "GET /reload?ser=1555601959607 HTTP/1.1" 200 28 "http://renault.activities.at/cart" "Mozilla/5.0 (Windows NT 6.1; WOW64; Trident/7.0; rv:11.0) like Gecko"
82.135.5.126 - - [18/Apr/2019:17:39:37 +0200] "GET /reload?ser=1555601977471 HTTP/1.1" 200 28 "http://renault.activities.at/account" "Mozilla/5.0 (Windows NT 10.0; WOW64; Trident/7.0; rv:11.0) like Gecko"
80.123.225.36 - - [18/Apr/2019:17:40:11 +0200] "GET /reload?ser=1555602020611 HTTP/1.1" 200 28 "http://renault.activities.at/cart" "Mozilla/5.0 (Windows NT 6.1; WOW64; Trident/7.0; rv:11.0) like Gecko"
82.135.5.126 - - [18/Apr/2019:17:40:38 +0200] "GET /reload?ser=1555602038471 HTTP/1.1" 200 28 "http://renault.activities.at/account" "Mozilla/5.0 (Windows NT 10.0; WOW64; Trident/7.0; rv:11.0) like Gecko"
80.123.225.36 - - [18/Apr/2019:17:41:12 +0200] "GET /reload?ser=1555602081618 HTTP/1.1" 200 28 "http://renault.activities.at/cart" "Mozilla/5.0 (Windows NT 6.1; WOW64; Trident/7.0; rv:11.0) like Gecko"
82.135.5.126 - - [18/Apr/2019:17:41:39 +0200] "GET /reload?ser=1555602099500 HTTP/1.1" 200 28 "http://renault.activities.at/account" "Mozilla/5.0 (Windows NT 10.0; WOW64; Trident/7.0; rv:11.0) like Gecko"
80.123.225.36 - - [18/Apr/2019:17:42:13 +0200] "GET /reload?ser=1555602142630 HTTP/1.1" 200 28 "http://renault.activities.at/cart" "Mozilla/5.0 (Windows NT 6.1; WOW64; Trident/7.0; rv:11.0) like Gecko"
82.135.5.126 - - [18/Apr/2019:17:42:40 +0200] "GET /reload?ser=1555602160486 HTTP/1.1" 200 28 "http://renault.activities.at/account" "Mozilla/5.0 (Windows NT 10.0; WOW64; Trident/7.0; rv:11.0) like Gecko"
80.123.225.36 - - [18/Apr/2019:17:43:14 +0200] "GET /reload?ser=1555602203607 HTTP/1.1" 200 28 "http://renault.activities.at/cart" "Mozilla/5.0 (Windows NT 6.1; WOW64; Trident/7.0; rv:11.0) like Gecko"
82.135.5.126 - - [18/Apr/2019:17:43:41 +0200] "GET /reload?ser=1555602221505 HTTP/1.1" 200 28 "http://renault.activities.at/account" "Mozilla/5.0 (Windows NT 10.0; WOW64; Trident/7.0; rv:11.0) like Gecko"
80.123.225.36 - - [18/Apr/2019:17:44:15 +0200] "GET /reload?ser=1555602265051 HTTP/1.1" 200 28 "http://renault.activities.at/cart" "Mozilla/5.0 (Windows NT 6.1; WOW64; Trident/7.0; rv:11.0) like Gecko"
82.135.5.126 - - [18/Apr/2019:17:44:42 +0200] "GET /reload?ser=1555602282523 HTTP/1.1" 200 28 "http://renault.activities.at/account" "Mozilla/5.0 (Windows NT 10.0; WOW64; Trident/7.0; rv:11.0) like Gecko"
80.123.225.36 - - [18/Apr/2019:17:45:16 +0200] "GET /reload?ser=1555602326024 HTTP/1.1" 200 28 "http://renault.activities.at/cart" "Mozilla/5.0 (Windows NT 6.1; WOW64; Trident/7.0; rv:11.0) like Gecko"
82.135.5.126 - - [18/Apr/2019:17:45:43 +0200] "GET /reload?ser=1555602343494 HTTP/1.1" 200 28 "http://renault.activities.at/account" "Mozilla/5.0 (Windows NT 10.0; WOW64; Trident/7.0; rv:11.0) like Gecko"
80.123.225.36 - - [18/Apr/2019:17:46:17 +0200] "GET /reload?ser=1555602387029 HTTP/1.1" 200 28 "http://renault.activities.at/cart" "Mozilla/5.0 (Windows NT 6.1; WOW64; Trident/7.0; rv:11.0) like Gecko"
82.135.5.126 - - [18/Apr/2019:17:46:44 +0200] "GET /reload?ser=1555602404466 HTTP/1.1" 200 28 "http://renault.activities.at/account" "Mozilla/5.0 (Windows NT 10.0; WOW64; Trident/7.0; rv:11.0) like Gecko"
80.123.225.36 - - [18/Apr/2019:17:47:18 +0200] "GET /reload?ser=1555602448031 HTTP/1.1" 200 28 "http://renault.activities.at/cart" "Mozilla/5.0 (Windows NT 6.1; WOW64; Trident/7.0; rv:11.0) like Gecko"
82.135.5.126 - - [18/Apr/2019:17:47:45 +0200] "GET /reload?ser=1555602465483 HTTP/1.1" 200 28 "http://renault.activities.at/account" "Mozilla/5.0 (Windows NT 10.0; WOW64; Trident/7.0; rv:11.0) like Gecko"
80.123.225.36 - - [18/Apr/2019:17:48:19 +0200] "GET /reload?ser=1555602509013 HTTP/1.1" 200 28 "http://renault.activities.at/cart" "Mozilla/5.0 (Windows NT 6.1; WOW64; Trident/7.0; rv:11.0) like Gecko"
82.135.5.126 - - [18/Apr/2019:17:48:46 +0200] "GET /reload?ser=1555602526485 HTTP/1.1" 200 28 "http://renault.activities.at/account" "Mozilla/5.0 (Windows NT 10.0; WOW64; Trident/7.0; rv:11.0) like Gecko"
80.123.225.36 - - [18/Apr/2019:17:49:20 +0200] "GET /reload?ser=1555602569998 HTTP/1.1" 200 28 "http://renault.activities.at/cart" "Mozilla/5.0 (Windows NT 6.1; WOW64; Trident/7.0; rv:11.0) like Gecko"
82.135.5.126 - - [18/Apr/2019:17:49:47 +0200] "GET /reload?ser=1555602587471 HTTP/1.1" 200 28 "http://renault.activities.at/account" "Mozilla/5.0 (Windows NT 10.0; WOW64; Trident/7.0; rv:11.0) like Gecko"
80.123.225.36 - - [18/Apr/2019:17:50:21 +0200] "GET /reload?ser=1555602631028 HTTP/1.1" 200 28 "http://renault.activities.at/cart" "Mozilla/5.0 (Windows NT 6.1; WOW64; Trident/7.0; rv:11.0) like Gecko"
82.135.5.126 - - [18/Apr/2019:17:50:48 +0200] "GET /reload?ser=1555602648474 HTTP/1.1" 200 28 "http://renault.activities.at/account" "Mozilla/5.0 (Windows NT 10.0; WOW64; Trident/7.0; rv:11.0) like Gecko"
80.123.225.36 - - [18/Apr/2019:17:51:22 +0200] "GET /reload?ser=1555602692010 HTTP/1.1" 200 28 "http://renault.activities.at/cart" "Mozilla/5.0 (Windows NT 6.1; WOW64; Trident/7.0; rv:11.0) like Gecko"
82.135.5.126 - - [18/Apr/2019:17:51:49 +0200] "GET /reload?ser=1555602709477 HTTP/1.1" 200 28 "http://renault.activities.at/account" "Mozilla/5.0 (Windows NT 10.0; WOW64; Trident/7.0; rv:11.0) like Gecko"
80.123.225.36 - - [18/Apr/2019:17:52:23 +0200] "GET /reload?ser=1555602753056 HTTP/1.1" 200 28 "http://renault.activities.at/cart" "Mozilla/5.0 (Windows NT 6.1; WOW64; Trident/7.0; rv:11.0) like Gecko"
82.135.5.126 - - [18/Apr/2019:17:52:50 +0200] "GET /reload?ser=1555602770479 HTTP/1.1" 200 28 "http://renault.activities.at/account" "Mozilla/5.0 (Windows NT 10.0; WOW64; Trident/7.0; rv:11.0) like Gecko"
80.123.225.36 - - [18/Apr/2019:17:53:24 +0200] "GET /reload?ser=1555602814037 HTTP/1.1" 200 28 "http://renault.activities.at/cart" "Mozilla/5.0 (Windows NT 6.1; WOW64; Trident/7.0; rv:11.0) like Gecko"
82.135.5.126 - - [18/Apr/2019:17:53:51 +0200] "GET /reload?ser=1555602831512 HTTP/1.1" 200 28 "http://renault.activities.at/account" "Mozilla/5.0 (Windows NT 10.0; WOW64; Trident/7.0; rv:11.0) like Gecko"
80.123.225.36 - - [18/Apr/2019:17:54:25 +0200] "GET /reload?ser=1555602875042 HTTP/1.1" 200 28 "http://renault.activities.at/cart" "Mozilla/5.0 (Windows NT 6.1; WOW64; Trident/7.0; rv:11.0) like Gecko"
82.135.5.126 - - [18/Apr/2019:17:54:52 +0200] "GET /reload?ser=1555602892498 HTTP/1.1" 200 28 "http://renault.activities.at/account" "Mozilla/5.0 (Windows NT 10.0; WOW64; Trident/7.0; rv:11.0) like Gecko"
80.123.225.36 - - [18/Apr/2019:17:55:26 +0200] "GET /reload?ser=1555602936022 HTTP/1.1" 200 28 "http://renault.activities.at/cart" "Mozilla/5.0 (Windows NT 6.1; WOW64; Trident/7.0; rv:11.0) like Gecko"
82.135.5.126 - - [18/Apr/2019:17:55:53 +0200] "GET /reload?ser=1555602953484 HTTP/1.1" 200 28 "http://renault.activities.at/account" "Mozilla/5.0 (Windows NT 10.0; WOW64; Trident/7.0; rv:11.0) like Gecko"
80.123.225.36 - - [18/Apr/2019:17:56:27 +0200] "GET /reload?ser=1555602997035 HTTP/1.1" 200 28 "http://renault.activities.at/cart" "Mozilla/5.0 (Windows NT 6.1; WOW64; Trident/7.0; rv:11.0) like Gecko"
82.135.5.126 - - [18/Apr/2019:17:56:54 +0200] "GET /reload?ser=1555603014471 HTTP/1.1" 200 28 "http://renault.activities.at/account" "Mozilla/5.0 (Windows NT 10.0; WOW64; Trident/7.0; rv:11.0) like Gecko"
80.123.225.36 - - [18/Apr/2019:17:57:28 +0200] "GET /reload?ser=1555603058023 HTTP/1.1" 200 28 "http://renault.activities.at/cart" "Mozilla/5.0 (Windows NT 6.1; WOW64; Trident/7.0; rv:11.0) like Gecko"
82.135.5.126 - - [18/Apr/2019:17:57:55 +0200] "GET /reload?ser=1555603075442 HTTP/1.1" 200 28 "http://renault.activities.at/account" "Mozilla/5.0 (Windows NT 10.0; WOW64; Trident/7.0; rv:11.0) like Gecko"
80.123.225.36 - - [18/Apr/2019:17:58:29 +0200] "GET /reload?ser=1555603119006 HTTP/1.1" 200 28 "http://renault.activities.at/cart" "Mozilla/5.0 (Windows NT 6.1; WOW64; Trident/7.0; rv:11.0) like Gecko"
82.135.5.126 - - [18/Apr/2019:17:58:56 +0200] "GET /reload?ser=1555603136444 HTTP/1.1" 200 28 "http://renault.activities.at/account" "Mozilla/5.0 (Windows NT 10.0; WOW64; Trident/7.0; rv:11.0) like Gecko"
80.123.225.36 - - [18/Apr/2019:17:59:30 +0200] "GET /reload?ser=1555603179984 HTTP/1.1" 200 28 "http://renault.activities.at/cart" "Mozilla/5.0 (Windows NT 6.1; WOW64; Trident/7.0; rv:11.0) like Gecko"
82.135.5.126 - - [18/Apr/2019:17:59:57 +0200] "GET /reload?ser=1555603197434 HTTP/1.1" 200 28 "http://renault.activities.at/account" "Mozilla/5.0 (Windows NT 10.0; WOW64; Trident/7.0; rv:11.0) like Gecko"
80.123.225.36 - - [18/Apr/2019:18:00:31 +0200] "GET /reload?ser=1555603241040 HTTP/1.1" 200 28 "http://renault.activities.at/cart" "Mozilla/5.0 (Windows NT 6.1; WOW64; Trident/7.0; rv:11.0) like Gecko"
82.135.5.126 - - [18/Apr/2019:18:00:58 +0200] "GET /reload?ser=1555603258404 HTTP/1.1" 200 28 "http://renault.activities.at/account" "Mozilla/5.0 (Windows NT 10.0; WOW64; Trident/7.0; rv:11.0) like Gecko"
80.123.225.36 - - [18/Apr/2019:18:01:32 +0200] "GET /reload?ser=1555603302052 HTTP/1.1" 200 28 "http://renault.activities.at/cart" "Mozilla/5.0 (Windows NT 6.1; WOW64; Trident/7.0; rv:11.0) like Gecko"
82.135.5.126 - - [18/Apr/2019:18:01:59 +0200] "GET /reload?ser=1555603319423 HTTP/1.1" 200 28 "http://renault.activities.at/account" "Mozilla/5.0 (Windows NT 10.0; WOW64; Trident/7.0; rv:11.0) like Gecko"
80.123.225.36 - - [18/Apr/2019:18:02:33 +0200] "GET /reload?ser=1555603363040 HTTP/1.1" 200 28 "http://renault.activities.at/cart" "Mozilla/5.0 (Windows NT 6.1; WOW64; Trident/7.0; rv:11.0) like Gecko"
82.135.5.126 - - [18/Apr/2019:18:03:00 +0200] "GET /reload?ser=1555603380656 HTTP/1.1" 200 28 "http://renault.activities.at/account" "Mozilla/5.0 (Windows NT 10.0; WOW64; Trident/7.0; rv:11.0) like Gecko"
80.123.225.36 - - [18/Apr/2019:18:03:34 +0200] "GET /reload?ser=1555603424020 HTTP/1.1" 200 28 "http://renault.activities.at/cart" "Mozilla/5.0 (Windows NT 6.1; WOW64; Trident/7.0; rv:11.0) like Gecko"
82.135.5.126 - - [18/Apr/2019:18:04:01 +0200] "GET /reload?ser=1555603441674 HTTP/1.1" 200 28 "http://renault.activities.at/account" "Mozilla/5.0 (Windows NT 10.0; WOW64; Trident/7.0; rv:11.0) like Gecko"
80.123.225.36 - - [18/Apr/2019:18:04:35 +0200] "GET /reload?ser=1555603484998 HTTP/1.1" 200 28 "http://renault.activities.at/cart" "Mozilla/5.0 (Windows NT 6.1; WOW64; Trident/7.0; rv:11.0) like Gecko"
82.135.5.126 - - [18/Apr/2019:18:05:02 +0200] "GET /reload?ser=1555603502660 HTTP/1.1" 200 28 "http://renault.activities.at/account" "Mozilla/5.0 (Windows NT 10.0; WOW64; Trident/7.0; rv:11.0) like Gecko"
80.123.225.36 - - [18/Apr/2019:18:05:36 +0200] "GET /reload?ser=1555603545978 HTTP/1.1" 200 28 "http://renault.activities.at/cart" "Mozilla/5.0 (Windows NT 6.1; WOW64; Trident/7.0; rv:11.0) like Gecko"
82.135.5.126 - - [18/Apr/2019:18:06:03 +0200] "GET /reload?ser=1555603563679 HTTP/1.1" 200 28 "http://renault.activities.at/account" "Mozilla/5.0 (Windows NT 10.0; WOW64; Trident/7.0; rv:11.0) like Gecko"
80.123.225.36 - - [18/Apr/2019:18:06:37 +0200] "GET /reload?ser=1555603606952 HTTP/1.1" 200 28 "http://renault.activities.at/cart" "Mozilla/5.0 (Windows NT 6.1; WOW64; Trident/7.0; rv:11.0) like Gecko"
82.135.5.126 - - [18/Apr/2019:18:07:04 +0200] "GET /reload?ser=1555603624681 HTTP/1.1" 200 28 "http://renault.activities.at/account" "Mozilla/5.0 (Windows NT 10.0; WOW64; Trident/7.0; rv:11.0) like Gecko"
80.123.225.36 - - [18/Apr/2019:18:07:38 +0200] "GET /reload?ser=1555603667936 HTTP/1.1" 200 28 "http://renault.activities.at/cart" "Mozilla/5.0 (Windows NT 6.1; WOW64; Trident/7.0; rv:11.0) like Gecko"
82.135.5.126 - - [18/Apr/2019:18:08:05 +0200] "GET /reload?ser=1555603685699 HTTP/1.1" 200 28 "http://renault.activities.at/account" "Mozilla/5.0 (Windows NT 10.0; WOW64; Trident/7.0; rv:11.0) like Gecko"
80.123.225.36 - - [18/Apr/2019:18:08:39 +0200] "GET /reload?ser=1555603728967 HTTP/1.1" 200 28 "http://renault.activities.at/cart" "Mozilla/5.0 (Windows NT 6.1; WOW64; Trident/7.0; rv:11.0) like Gecko"
82.135.5.126 - - [18/Apr/2019:18:09:06 +0200] "GET /reload?ser=1555603746703 HTTP/1.1" 200 28 "http://renault.activities.at/account" "Mozilla/5.0 (Windows NT 10.0; WOW64; Trident/7.0; rv:11.0) like Gecko"
80.123.225.36 - - [18/Apr/2019:18:09:40 +0200] "GET /reload?ser=1555603789964 HTTP/1.1" 200 28 "http://renault.activities.at/cart" "Mozilla/5.0 (Windows NT 6.1; WOW64; Trident/7.0; rv:11.0) like Gecko"
82.135.5.126 - - [18/Apr/2019:18:10:07 +0200] "GET /reload?ser=1555603807690 HTTP/1.1" 200 28 "http://renault.activities.at/account" "Mozilla/5.0 (Windows NT 10.0; WOW64; Trident/7.0; rv:11.0) like Gecko"
80.123.225.36 - - [18/Apr/2019:18:10:41 +0200] "GET /reload?ser=1555603850996 HTTP/1.1" 200 28 "http://renault.activities.at/cart" "Mozilla/5.0 (Windows NT 6.1; WOW64; Trident/7.0; rv:11.0) like Gecko"
82.135.5.126 - - [18/Apr/2019:18:11:08 +0200] "GET /reload?ser=1555603868661 HTTP/1.1" 200 28 "http://renault.activities.at/account" "Mozilla/5.0 (Windows NT 10.0; WOW64; Trident/7.0; rv:11.0) like Gecko"
80.123.225.36 - - [18/Apr/2019:18:11:42 +0200] "GET /reload?ser=1555603912021 HTTP/1.1" 200 28 "http://renault.activities.at/cart" "Mozilla/5.0 (Windows NT 6.1; WOW64; Trident/7.0; rv:11.0) like Gecko"
82.135.5.126 - - [18/Apr/2019:18:12:09 +0200] "GET /reload?ser=1555603929680 HTTP/1.1" 200 28 "http://renault.activities.at/account" "Mozilla/5.0 (Windows NT 10.0; WOW64; Trident/7.0; rv:11.0) like Gecko"
80.123.225.36 - - [18/Apr/2019:18:12:43 +0200] "GET /reload?ser=1555603973021 HTTP/1.1" 200 28 "http://renault.activities.at/cart" "Mozilla/5.0 (Windows NT 6.1; WOW64; Trident/7.0; rv:11.0) like Gecko"
82.135.5.126 - - [18/Apr/2019:18:13:10 +0200] "GET /reload?ser=1555603990932 HTTP/1.1" 200 28 "http://renault.activities.at/account" "Mozilla/5.0 (Windows NT 10.0; WOW64; Trident/7.0; rv:11.0) like Gecko"
80.123.225.36 - - [18/Apr/2019:18:13:44 +0200] "GET /reload?ser=1555604034002 HTTP/1.1" 200 28 "http://renault.activities.at/cart" "Mozilla/5.0 (Windows NT 6.1; WOW64; Trident/7.0; rv:11.0) like Gecko"
82.135.5.126 - - [18/Apr/2019:18:14:11 +0200] "GET /reload?ser=1555604051950 HTTP/1.1" 200 28 "http://renault.activities.at/account" "Mozilla/5.0 (Windows NT 10.0; WOW64; Trident/7.0; rv:11.0) like Gecko"
80.123.225.36 - - [18/Apr/2019:18:14:45 +0200] "GET /reload?ser=1555604095015 HTTP/1.1" 200 28 "http://renault.activities.at/cart" "Mozilla/5.0 (Windows NT 6.1; WOW64; Trident/7.0; rv:11.0) like Gecko"
82.135.5.126 - - [18/Apr/2019:18:15:12 +0200] "GET /reload?ser=1555604112923 HTTP/1.1" 200 28 "http://renault.activities.at/account" "Mozilla/5.0 (Windows NT 10.0; WOW64; Trident/7.0; rv:11.0) like Gecko"
80.123.225.36 - - [18/Apr/2019:18:15:46 +0200] "GET /reload?ser=1555604156283 HTTP/1.1" 200 28 "http://renault.activities.at/cart" "Mozilla/5.0 (Windows NT 6.1; WOW64; Trident/7.0; rv:11.0) like Gecko"
82.135.5.126 - - [18/Apr/2019:18:16:13 +0200] "GET /reload?ser=1555604173925 HTTP/1.1" 200 28 "http://renault.activities.at/account" "Mozilla/5.0 (Windows NT 10.0; WOW64; Trident/7.0; rv:11.0) like Gecko"
80.123.225.36 - - [18/Apr/2019:18:16:47 +0200] "GET /reload?ser=1555604217309 HTTP/1.1" 200 28 "http://renault.activities.at/cart" "Mozilla/5.0 (Windows NT 6.1; WOW64; Trident/7.0; rv:11.0) like Gecko"
82.135.5.126 - - [18/Apr/2019:18:17:15 +0200] "GET /reload?ser=1555604234929 HTTP/1.1" 200 28 "http://renault.activities.at/account" "Mozilla/5.0 (Windows NT 10.0; WOW64; Trident/7.0; rv:11.0) like Gecko"
80.123.225.36 - - [18/Apr/2019:18:17:48 +0200] "GET /reload?ser=1555604278321 HTTP/1.1" 200 28 "http://renault.activities.at/cart" "Mozilla/5.0 (Windows NT 6.1; WOW64; Trident/7.0; rv:11.0) like Gecko"
82.135.5.126 - - [18/Apr/2019:18:18:16 +0200] "GET /reload?ser=1555604296245 HTTP/1.1" 200 28 "http://renault.activities.at/account" "Mozilla/5.0 (Windows NT 10.0; WOW64; Trident/7.0; rv:11.0) like Gecko"
80.123.225.36 - - [18/Apr/2019:18:18:49 +0200] "GET /reload?ser=1555604339301 HTTP/1.1" 200 28 "http://renault.activities.at/cart" "Mozilla/5.0 (Windows NT 6.1; WOW64; Trident/7.0; rv:11.0) like Gecko"
82.135.5.126 - - [18/Apr/2019:18:19:17 +0200] "GET /reload?ser=1555604357248 HTTP/1.1" 200 28 "http://renault.activities.at/account" "Mozilla/5.0 (Windows NT 10.0; WOW64; Trident/7.0; rv:11.0) like Gecko"
80.123.225.36 - - [18/Apr/2019:18:19:50 +0200] "GET /reload?ser=1555604400321 HTTP/1.1" 200 28 "http://renault.activities.at/cart" "Mozilla/5.0 (Windows NT 6.1; WOW64; Trident/7.0; rv:11.0) like Gecko"
82.135.5.126 - - [18/Apr/2019:18:20:18 +0200] "GET /reload?ser=1555604418265 HTTP/1.1" 200 28 "http://renault.activities.at/account" "Mozilla/5.0 (Windows NT 10.0; WOW64; Trident/7.0; rv:11.0) like Gecko"
80.123.225.36 - - [18/Apr/2019:18:20:51 +0200] "GET /reload?ser=1555604461301 HTTP/1.1" 200 28 "http://renault.activities.at/cart" "Mozilla/5.0 (Windows NT 6.1; WOW64; Trident/7.0; rv:11.0) like Gecko"
82.135.5.126 - - [18/Apr/2019:18:21:19 +0200] "GET /reload?ser=1555604479270 HTTP/1.1" 200 28 "http://renault.activities.at/account" "Mozilla/5.0 (Windows NT 10.0; WOW64; Trident/7.0; rv:11.0) like Gecko"
80.123.225.36 - - [18/Apr/2019:18:21:52 +0200] "GET /reload?ser=1555604522285 HTTP/1.1" 200 28 "http://renault.activities.at/cart" "Mozilla/5.0 (Windows NT 6.1; WOW64; Trident/7.0; rv:11.0) like Gecko"
82.135.5.126 - - [18/Apr/2019:18:22:20 +0200] "GET /reload?ser=1555604540304 HTTP/1.1" 200 28 "http://renault.activities.at/account" "Mozilla/5.0 (Windows NT 10.0; WOW64; Trident/7.0; rv:11.0) like Gecko"
80.123.225.36 - - [18/Apr/2019:18:22:53 +0200] "GET /reload?ser=1555604583326 HTTP/1.1" 200 28 "http://renault.activities.at/cart" "Mozilla/5.0 (Windows NT 6.1; WOW64; Trident/7.0; rv:11.0) like Gecko"
82.135.5.126 - - [18/Apr/2019:18:23:21 +0200] "GET /reload?ser=1555604601368 HTTP/1.1" 200 28 "http://renault.activities.at/account" "Mozilla/5.0 (Windows NT 10.0; WOW64; Trident/7.0; rv:11.0) like Gecko"
80.123.225.36 - - [18/Apr/2019:18:23:54 +0200] "GET /reload?ser=1555604644350 HTTP/1.1" 200 28 "http://renault.activities.at/cart" "Mozilla/5.0 (Windows NT 6.1; WOW64; Trident/7.0; rv:11.0) like Gecko"
82.135.5.126 - - [18/Apr/2019:18:24:22 +0200] "GET /reload?ser=1555604662403 HTTP/1.1" 200 28 "http://renault.activities.at/account" "Mozilla/5.0 (Windows NT 10.0; WOW64; Trident/7.0; rv:11.0) like Gecko"
80.123.225.36 - - [18/Apr/2019:18:24:55 +0200] "GET /reload?ser=1555604705366 HTTP/1.1" 200 28 "http://renault.activities.at/cart" "Mozilla/5.0 (Windows NT 6.1; WOW64; Trident/7.0; rv:11.0) like Gecko"
80.123.225.36 - - [18/Apr/2019:18:25:13 +0200] "POST /axjaxrequest?mode=suggest HTTP/1.1" 200 109 "http://renault.activities.at/cart" "Mozilla/5.0 (Windows NT 6.1; WOW64; Trident/7.0; rv:11.0) like Gecko"
80.123.225.36 - - [18/Apr/2019:18:25:14 +0200] "GET /result?searchterm=true&search=testwagen HTTP/1.1" 200 6627 "http://renault.activities.at/cart" "Mozilla/5.0 (Windows NT 6.1; WOW64; Trident/7.0; rv:11.0) like Gecko"
80.123.225.36 - - [18/Apr/2019:18:25:14 +0200] "POST /axjaxrequest?mode=suggest HTTP/1.1" 200 136 "http://renault.activities.at/cart" "Mozilla/5.0 (Windows NT 6.1; WOW64; Trident/7.0; rv:11.0) like Gecko"
82.135.5.126 - - [18/Apr/2019:18:25:23 +0200] "GET /reload?ser=1555604723405 HTTP/1.1" 200 28 "http://renault.activities.at/account" "Mozilla/5.0 (Windows NT 10.0; WOW64; Trident/7.0; rv:11.0) like Gecko"
80.123.225.36 - - [18/Apr/2019:18:25:30 +0200] "POST /result?searchterm=true&search=testwagen HTTP/1.1" 200 6727 "http://renault.activities.at/result?searchterm=true&search=testwagen" "Mozilla/5.0 (Windows NT 6.1; WOW64; Trident/7.0; rv:11.0) like Gecko"
80.123.225.36 - - [18/Apr/2019:18:25:36 +0200] "POST /result?searchterm=true&search=testwagen HTTP/1.1" 200 6728 "http://renault.activities.at/result?searchterm=true&search=testwagen" "Mozilla/5.0 (Windows NT 6.1; WOW64; Trident/7.0; rv:11.0) like Gecko"
82.135.5.126 - - [18/Apr/2019:18:26:24 +0200] "GET /reload?ser=1555604784362 HTTP/1.1" 200 28 "http://renault.activities.at/account" "Mozilla/5.0 (Windows NT 10.0; WOW64; Trident/7.0; rv:11.0) like Gecko"
80.123.225.36 - - [18/Apr/2019:18:26:39 +0200] "GET /reload?ser=1555604809683 HTTP/1.1" 200 28 "http://renault.activities.at/result?searchterm=true&search=testwagen" "Mozilla/5.0 (Windows NT 6.1; WOW64; Trident/7.0; rv:11.0) like Gecko"
80.123.225.36 - - [18/Apr/2019:18:27:05 +0200] "POST /result?searchterm=true&search=testwagen HTTP/1.1" 200 6727 "http://renault.activities.at/result?searchterm=true&search=testwagen" "Mozilla/5.0 (Windows NT 6.1; WOW64; Trident/7.0; rv:11.0) like Gecko"
80.123.225.36 - - [18/Apr/2019:18:27:11 +0200] "POST /result?searchterm=true&search=testwagen HTTP/1.1" 200 6727 "http://renault.activities.at/result?searchterm=true&search=testwagen" "Mozilla/5.0 (Windows NT 6.1; WOW64; Trident/7.0; rv:11.0) like Gecko"
80.123.225.36 - - [18/Apr/2019:18:27:17 +0200] "GET /cart HTTP/1.1" 200 6103 "http://renault.activities.at/result?searchterm=true&search=testwagen" "Mozilla/5.0 (Windows NT 6.1; WOW64; Trident/7.0; rv:11.0) like Gecko"
80.123.225.36 - - [18/Apr/2019:18:27:19 +0200] "GET /loadthumbnail.php?id=11181185&width=100 HTTP/1.1" 200 1408 "http://renault.activities.at/cart" "Mozilla/5.0 (Windows NT 6.1; WOW64; Trident/7.0; rv:11.0) like Gecko"
