213.153.47.173 - - [19/Apr/2019:12:15:04 +0200] "GET /reload?ser=1555668904103 HTTP/1.1" 200 28 "http://renault.activities.at/login?required=true" "Mozilla/5.0 (Windows NT 10.0; Win64; x64; rv:66.0) Gecko/20100101 Firefox/66.0"
193.194.132.28 - - [19/Apr/2019:12:15:11 +0200] "GET /reload?ser=1555668911825 HTTP/1.1" 200 28 "http://renault.2web.at/result?searchterm=true&search=charisma" "Mozilla/5.0 (Windows NT 10.0; WOW64; Trident/7.0; Touch; rv:11.0) like Gecko"
88.116.50.238 - - [19/Apr/2019:12:15:37 +0200] "GET /reload?ser=1555668936225 HTTP/1.1" 200 28 "http://renault.activities.at/10260280?dir=DESC&mode=grid&order=name&limit=15&page=2" "Mozilla/5.0 (Windows NT 10.0; WOW64; Trident/7.0; rv:11.0) like Gecko"
213.153.47.173 - - [19/Apr/2019:12:16:04 +0200] "GET /reload?ser=1555668964783 HTTP/1.1" 200 28 "http://renault.activities.at/login?required=true" "Mozilla/5.0 (Windows NT 10.0; Win64; x64; rv:66.0) Gecko/20100101 Firefox/66.0"
193.194.132.28 - - [19/Apr/2019:12:16:13 +0200] "GET /reload?ser=1555668972864 HTTP/1.1" 200 28 "http://renault.2web.at/result?searchterm=true&search=charisma" "Mozilla/5.0 (Windows NT 10.0; WOW64; Trident/7.0; Touch; rv:11.0) like Gecko"
88.116.50.238 - - [19/Apr/2019:12:16:38 +0200] "GET /reload?ser=1555668997222 HTTP/1.1" 200 28 "http://renault.activities.at/10260280?dir=DESC&mode=grid&order=name&limit=15&page=2" "Mozilla/5.0 (Windows NT 10.0; WOW64; Trident/7.0; rv:11.0) like Gecko"
213.153.47.173 - - [19/Apr/2019:12:17:05 +0200] "GET /reload?ser=1555669025463 HTTP/1.1" 200 28 "http://renault.activities.at/login?required=true" "Mozilla/5.0 (Windows NT 10.0; Win64; x64; rv:66.0) Gecko/20100101 Firefox/66.0"
193.194.132.28 - - [19/Apr/2019:12:17:14 +0200] "GET /reload?ser=1555669033905 HTTP/1.1" 200 28 "http://renault.2web.at/result?searchterm=true&search=charisma" "Mozilla/5.0 (Windows NT 10.0; WOW64; Trident/7.0; Touch; rv:11.0) like Gecko"
88.116.50.238 - - [19/Apr/2019:12:17:39 +0200] "GET /reload?ser=1555669058201 HTTP/1.1" 200 28 "http://renault.activities.at/10260280?dir=DESC&mode=grid&order=name&limit=15&page=2" "Mozilla/5.0 (Windows NT 10.0; WOW64; Trident/7.0; rv:11.0) like Gecko"
213.153.47.173 - - [19/Apr/2019:12:18:06 +0200] "GET /reload?ser=1555669086123 HTTP/1.1" 200 28 "http://renault.activities.at/login?required=true" "Mozilla/5.0 (Windows NT 10.0; Win64; x64; rv:66.0) Gecko/20100101 Firefox/66.0"
193.194.132.28 - - [19/Apr/2019:12:18:15 +0200] "GET /reload?ser=1555669094962 HTTP/1.1" 200 28 "http://renault.2web.at/result?searchterm=true&search=charisma" "Mozilla/5.0 (Windows NT 10.0; WOW64; Trident/7.0; Touch; rv:11.0) like Gecko"
88.116.50.238 - - [19/Apr/2019:12:18:40 +0200] "GET /reload?ser=1555669119468 HTTP/1.1" 200 28 "http://renault.activities.at/10260280?dir=DESC&mode=grid&order=name&limit=15&page=2" "Mozilla/5.0 (Windows NT 10.0; WOW64; Trident/7.0; rv:11.0) like Gecko"
54.201.200.187 - - [19/Apr/2019:12:18:44 +0200] "GET /reload?ser=1555669058201 HTTP/1.1" 200 10166 "-" "Mozilla/5.0 (Windows NT 6.1; Win64; x64) AppleWebKit/537.36 (KHTML, like Gecko) Chrome/72.0.3626.109 Safari/537.36"
213.153.47.173 - - [19/Apr/2019:12:19:06 +0200] "GET /reload?ser=1555669146782 HTTP/1.1" 200 28 "http://renault.activities.at/login?required=true" "Mozilla/5.0 (Windows NT 10.0; Win64; x64; rv:66.0) Gecko/20100101 Firefox/66.0"
193.194.132.28 - - [19/Apr/2019:12:19:16 +0200] "GET /reload?ser=1555669156035 HTTP/1.1" 200 28 "http://renault.2web.at/result?searchterm=true&search=charisma" "Mozilla/5.0 (Windows NT 10.0; WOW64; Trident/7.0; Touch; rv:11.0) like Gecko"
88.116.50.238 - - [19/Apr/2019:12:19:41 +0200] "GET /reload?ser=1555669180487 HTTP/1.1" 200 28 "http://renault.activities.at/10260280?dir=DESC&mode=grid&order=name&limit=15&page=2" "Mozilla/5.0 (Windows NT 10.0; WOW64; Trident/7.0; rv:11.0) like Gecko"
213.153.47.173 - - [19/Apr/2019:12:20:07 +0200] "GET /reload?ser=1555669207448 HTTP/1.1" 200 28 "http://renault.activities.at/login?required=true" "Mozilla/5.0 (Windows NT 10.0; Win64; x64; rv:66.0) Gecko/20100101 Firefox/66.0"
193.194.132.28 - - [19/Apr/2019:12:20:17 +0200] "GET /reload?ser=1555669217084 HTTP/1.1" 200 28 "http://renault.2web.at/result?searchterm=true&search=charisma" "Mozilla/5.0 (Windows NT 10.0; WOW64; Trident/7.0; Touch; rv:11.0) like Gecko"
88.116.50.238 - - [19/Apr/2019:12:20:42 +0200] "GET /reload?ser=1555669241498 HTTP/1.1" 200 28 "http://renault.activities.at/10260280?dir=DESC&mode=grid&order=name&limit=15&page=2" "Mozilla/5.0 (Windows NT 10.0; WOW64; Trident/7.0; rv:11.0) like Gecko"
213.153.47.173 - - [19/Apr/2019:12:21:08 +0200] "GET /reload?ser=1555669268123 HTTP/1.1" 200 28 "http://renault.activities.at/login?required=true" "Mozilla/5.0 (Windows NT 10.0; Win64; x64; rv:66.0) Gecko/20100101 Firefox/66.0"
193.194.132.28 - - [19/Apr/2019:12:21:18 +0200] "GET /reload?ser=1555669278162 HTTP/1.1" 200 28 "http://renault.2web.at/result?searchterm=true&search=charisma" "Mozilla/5.0 (Windows NT 10.0; WOW64; Trident/7.0; Touch; rv:11.0) like Gecko"
88.116.50.238 - - [19/Apr/2019:12:21:43 +0200] "GET /reload?ser=1555669302490 HTTP/1.1" 200 28 "http://renault.activities.at/10260280?dir=DESC&mode=grid&order=name&limit=15&page=2" "Mozilla/5.0 (Windows NT 10.0; WOW64; Trident/7.0; rv:11.0) like Gecko"
213.153.47.173 - - [19/Apr/2019:12:22:08 +0200] "GET /reload?ser=1555669328793 HTTP/1.1" 200 28 "http://renault.activities.at/login?required=true" "Mozilla/5.0 (Windows NT 10.0; Win64; x64; rv:66.0) Gecko/20100101 Firefox/66.0"
193.194.132.28 - - [19/Apr/2019:12:22:19 +0200] "GET /reload?ser=1555669339195 HTTP/1.1" 200 28 "http://renault.2web.at/result?searchterm=true&search=charisma" "Mozilla/5.0 (Windows NT 10.0; WOW64; Trident/7.0; Touch; rv:11.0) like Gecko"
88.116.50.238 - - [19/Apr/2019:12:22:44 +0200] "GET /reload?ser=1555669363527 HTTP/1.1" 200 28 "http://renault.activities.at/10260280?dir=DESC&mode=grid&order=name&limit=15&page=2" "Mozilla/5.0 (Windows NT 10.0; WOW64; Trident/7.0; rv:11.0) like Gecko"
213.153.47.173 - - [19/Apr/2019:12:23:09 +0200] "GET /reload?ser=1555669389452 HTTP/1.1" 200 28 "http://renault.activities.at/login?required=true" "Mozilla/5.0 (Windows NT 10.0; Win64; x64; rv:66.0) Gecko/20100101 Firefox/66.0"
193.194.132.28 - - [19/Apr/2019:12:23:20 +0200] "GET /reload?ser=1555669400252 HTTP/1.1" 200 28 "http://renault.2web.at/result?searchterm=true&search=charisma" "Mozilla/5.0 (Windows NT 10.0; WOW64; Trident/7.0; Touch; rv:11.0) like Gecko"
88.116.50.238 - - [19/Apr/2019:12:23:45 +0200] "GET /reload?ser=1555669424496 HTTP/1.1" 200 28 "http://renault.activities.at/10260280?dir=DESC&mode=grid&order=name&limit=15&page=2" "Mozilla/5.0 (Windows NT 10.0; WOW64; Trident/7.0; rv:11.0) like Gecko"
213.153.47.173 - - [19/Apr/2019:12:24:10 +0200] "GET /reload?ser=1555669450123 HTTP/1.1" 200 28 "http://renault.activities.at/login?required=true" "Mozilla/5.0 (Windows NT 10.0; Win64; x64; rv:66.0) Gecko/20100101 Firefox/66.0"
193.194.132.28 - - [19/Apr/2019:12:24:21 +0200] "GET /reload?ser=1555669461318 HTTP/1.1" 200 28 "http://renault.2web.at/result?searchterm=true&search=charisma" "Mozilla/5.0 (Windows NT 10.0; WOW64; Trident/7.0; Touch; rv:11.0) like Gecko"
88.116.50.238 - - [19/Apr/2019:12:24:46 +0200] "GET /reload?ser=1555669485475 HTTP/1.1" 200 28 "http://renault.activities.at/10260280?dir=DESC&mode=grid&order=name&limit=15&page=2" "Mozilla/5.0 (Windows NT 10.0; WOW64; Trident/7.0; rv:11.0) like Gecko"
213.153.47.173 - - [19/Apr/2019:12:25:10 +0200] "GET /reload?ser=1555669510782 HTTP/1.1" 200 28 "http://renault.activities.at/login?required=true" "Mozilla/5.0 (Windows NT 10.0; Win64; x64; rv:66.0) Gecko/20100101 Firefox/66.0"
193.194.132.28 - - [19/Apr/2019:12:25:22 +0200] "GET /reload?ser=1555669522392 HTTP/1.1" 200 28 "http://renault.2web.at/result?searchterm=true&search=charisma" "Mozilla/5.0 (Windows NT 10.0; WOW64; Trident/7.0; Touch; rv:11.0) like Gecko"
88.116.50.238 - - [19/Apr/2019:12:25:47 +0200] "GET /reload?ser=1555669546479 HTTP/1.1" 200 28 "http://renault.activities.at/10260280?dir=DESC&mode=grid&order=name&limit=15&page=2" "Mozilla/5.0 (Windows NT 10.0; WOW64; Trident/7.0; rv:11.0) like Gecko"
213.153.47.173 - - [19/Apr/2019:12:26:11 +0200] "GET /reload?ser=1555669571453 HTTP/1.1" 200 28 "http://renault.activities.at/login?required=true" "Mozilla/5.0 (Windows NT 10.0; Win64; x64; rv:66.0) Gecko/20100101 Firefox/66.0"
193.194.132.28 - - [19/Apr/2019:12:26:23 +0200] "GET /reload?ser=1555669583469 HTTP/1.1" 200 28 "http://renault.2web.at/result?searchterm=true&search=charisma" "Mozilla/5.0 (Windows NT 10.0; WOW64; Trident/7.0; Touch; rv:11.0) like Gecko"
88.116.50.238 - - [19/Apr/2019:12:26:48 +0200] "GET /reload?ser=1555669607467 HTTP/1.1" 200 28 "http://renault.activities.at/10260280?dir=DESC&mode=grid&order=name&limit=15&page=2" "Mozilla/5.0 (Windows NT 10.0; WOW64; Trident/7.0; rv:11.0) like Gecko"
207.46.13.182 - - [19/Apr/2019:12:27:12 +0200] "GET /css/print.css HTTP/1.1" 200 543 "-" "Mozilla/5.0 (iPhone; CPU iPhone OS 7_0 like Mac OS X) AppleWebKit/537.51.1 (KHTML, like Gecko) Version/7.0 Mobile/11A465 Safari/9537.53 (compatible; bingbot/2.0; +http://www.bing.com/bingbot.htm)"
207.46.13.182 - - [19/Apr/2019:12:27:12 +0200] "GET /css/themes/default.css HTTP/1.1" 200 769 "-" "Mozilla/5.0 (iPhone; CPU iPhone OS 7_0 like Mac OS X) AppleWebKit/537.51.1 (KHTML, like Gecko) Version/7.0 Mobile/11A465 Safari/9537.53 (compatible; bingbot/2.0; +http://www.bing.com/bingbot.htm)"
213.153.47.173 - - [19/Apr/2019:12:27:12 +0200] "GET /reload?ser=1555669632131 HTTP/1.1" 200 28 "http://renault.activities.at/login?required=true" "Mozilla/5.0 (Windows NT 10.0; Win64; x64; rv:66.0) Gecko/20100101 Firefox/66.0"
207.46.13.182 - - [19/Apr/2019:12:27:12 +0200] "GET /js/default.js HTTP/1.1" 200 14698 "-" "Mozilla/5.0 (iPhone; CPU iPhone OS 7_0 like Mac OS X) AppleWebKit/537.51.1 (KHTML, like Gecko) Version/7.0 Mobile/11A465 Safari/9537.53 (compatible; bingbot/2.0; +http://www.bing.com/bingbot.htm)"
207.46.13.182 - - [19/Apr/2019:12:27:13 +0200] "GET /loadthumbnail.php?id=11127982 HTTP/1.1" 200 399614 "-" "Mozilla/5.0 (iPhone; CPU iPhone OS 7_0 like Mac OS X) AppleWebKit/537.51.1 (KHTML, like Gecko) Version/7.0 Mobile/11A465 Safari/9537.53 (compatible; bingbot/2.0; +http://www.bing.com/bingbot.htm)"
207.46.13.154 - - [19/Apr/2019:12:27:16 +0200] "GET /css/clears.css HTTP/1.1" 200 851 "-" "Mozilla/5.0 (iPhone; CPU iPhone OS 7_0 like Mac OS X) AppleWebKit/537.51.1 (KHTML, like Gecko) Version/7.0 Mobile/11A465 Safari/9537.53 (compatible; bingbot/2.0; +http://www.bing.com/bingbot.htm)"
207.46.13.154 - - [19/Apr/2019:12:27:16 +0200] "GET /css/prototip.css HTTP/1.1" 200 968 "-" "Mozilla/5.0 (iPhone; CPU iPhone OS 7_0 like Mac OS X) AppleWebKit/537.51.1 (KHTML, like Gecko) Version/7.0 Mobile/11A465 Safari/9537.53 (compatible; bingbot/2.0; +http://www.bing.com/bingbot.htm)"
207.46.13.154 - - [19/Apr/2019:12:27:16 +0200] "GET /css/reset.css HTTP/1.1" 200 1356 "-" "Mozilla/5.0 (iPhone; CPU iPhone OS 7_0 like Mac OS X) AppleWebKit/537.51.1 (KHTML, like Gecko) Version/7.0 Mobile/11A465 Safari/9537.53 (compatible; bingbot/2.0; +http://www.bing.com/bingbot.htm)"
207.46.13.154 - - [19/Apr/2019:12:27:17 +0200] "GET /css/themes/alphacube.css HTTP/1.1" 200 743 "-" "Mozilla/5.0 (iPhone; CPU iPhone OS 7_0 like Mac OS X) AppleWebKit/537.51.1 (KHTML, like Gecko) Version/7.0 Mobile/11A465 Safari/9537.53 (compatible; bingbot/2.0; +http://www.bing.com/bingbot.htm)"
207.46.13.154 - - [19/Apr/2019:12:27:17 +0200] "GET /js/checkout.css HTTP/1.1" 200 359 "-" "Mozilla/5.0 (iPhone; CPU iPhone OS 7_0 like Mac OS X) AppleWebKit/537.51.1 (KHTML, like Gecko) Version/7.0 Mobile/11A465 Safari/9537.53 (compatible; bingbot/2.0; +http://www.bing.com/bingbot.htm)"
207.46.13.154 - - [19/Apr/2019:12:27:17 +0200] "GET /js/index.php?c=auto&f=,prototype/prototype.js,prototype/validation.js,scriptaculous/builder.js,scriptaculous/effects.js,scriptaculous/dragdrop.js,scriptaculous/controls.js,scriptaculous/slider.js,varien/js.js,varien/form.js,varien/menu.js,mage/translate.js,mage/cookies.js,varien/product.js,spinner/SpinnerControl.jsmin.js,prototype/window.js,prototype/window_ext.js HTTP/1.1" 200 94182 "-" "Mozilla/5.0 (iPhone; CPU iPhone OS 7_0 like Mac OS X) AppleWebKit/537.51.1 (KHTML, like Gecko) Version/7.0 Mobile/11A465 Safari/9537.53 (compatible; bingbot/2.0; +http://www.bing.com/bingbot.htm)"
193.194.132.28 - - [19/Apr/2019:12:27:24 +0200] "GET /reload?ser=1555669644533 HTTP/1.1" 200 28 "http://renault.2web.at/result?searchterm=true&search=charisma" "Mozilla/5.0 (Windows NT 10.0; WOW64; Trident/7.0; Touch; rv:11.0) like Gecko"
88.116.50.238 - - [19/Apr/2019:12:27:49 +0200] "GET /reload?ser=1555669668457 HTTP/1.1" 200 28 "http://renault.activities.at/10260280?dir=DESC&mode=grid&order=name&limit=15&page=2" "Mozilla/5.0 (Windows NT 10.0; WOW64; Trident/7.0; rv:11.0) like Gecko"
213.153.47.173 - - [19/Apr/2019:12:28:12 +0200] "GET /reload?ser=1555669692791 HTTP/1.1" 200 28 "http://renault.activities.at/login?required=true" "Mozilla/5.0 (Windows NT 10.0; Win64; x64; rv:66.0) Gecko/20100101 Firefox/66.0"
193.194.132.28 - - [19/Apr/2019:12:28:25 +0200] "GET /reload?ser=1555669705585 HTTP/1.1" 200 28 "http://renault.2web.at/result?searchterm=true&search=charisma" "Mozilla/5.0 (Windows NT 10.0; WOW64; Trident/7.0; Touch; rv:11.0) like Gecko"
88.116.50.238 - - [19/Apr/2019:12:28:50 +0200] "GET /reload?ser=1555669729469 HTTP/1.1" 200 28 "http://renault.activities.at/10260280?dir=DESC&mode=grid&order=name&limit=15&page=2" "Mozilla/5.0 (Windows NT 10.0; WOW64; Trident/7.0; rv:11.0) like Gecko"
207.46.13.159 - - [19/Apr/2019:12:29:01 +0200] "GET /robots.txt HTTP/1.1" 404 300 "-" "Mozilla/5.0 (compatible; bingbot/2.0; +http://www.bing.com/bingbot.htm)"
207.46.13.159 - - [19/Apr/2019:12:29:02 +0200] "GET /css/styles.css HTTP/1.1" 200 14664 "-" "Mozilla/5.0 (iPhone; CPU iPhone OS 7_0 like Mac OS X) AppleWebKit/537.51.1 (KHTML, like Gecko) Version/7.0 Mobile/11A465 Safari/9537.53 (compatible; bingbot/2.0; +http://www.bing.com/bingbot.htm)"
213.153.47.173 - - [19/Apr/2019:12:29:13 +0200] "GET /reload?ser=1555669753461 HTTP/1.1" 200 28 "http://renault.activities.at/login?required=true" "Mozilla/5.0 (Windows NT 10.0; Win64; x64; rv:66.0) Gecko/20100101 Firefox/66.0"
193.194.132.28 - - [19/Apr/2019:12:29:26 +0200] "GET /reload?ser=1555669766682 HTTP/1.1" 200 28 "http://renault.2web.at/result?searchterm=true&search=charisma" "Mozilla/5.0 (Windows NT 10.0; WOW64; Trident/7.0; Touch; rv:11.0) like Gecko"
88.116.50.238 - - [19/Apr/2019:12:29:51 +0200] "GET /reload?ser=1555669790469 HTTP/1.1" 200 28 "http://renault.activities.at/10260280?dir=DESC&mode=grid&order=name&limit=15&page=2" "Mozilla/5.0 (Windows NT 10.0; WOW64; Trident/7.0; rv:11.0) like Gecko"
213.153.47.173 - - [19/Apr/2019:12:30:14 +0200] "GET /reload?ser=1555669814132 HTTP/1.1" 200 28 "http://renault.activities.at/login?required=true" "Mozilla/5.0 (Windows NT 10.0; Win64; x64; rv:66.0) Gecko/20100101 Firefox/66.0"
193.194.132.28 - - [19/Apr/2019:12:30:27 +0200] "GET /reload?ser=1555669827734 HTTP/1.1" 200 28 "http://renault.2web.at/result?searchterm=true&search=charisma" "Mozilla/5.0 (Windows NT 10.0; WOW64; Trident/7.0; Touch; rv:11.0) like Gecko"
88.116.50.238 - - [19/Apr/2019:12:30:52 +0200] "GET /reload?ser=1555669851468 HTTP/1.1" 200 28 "http://renault.activities.at/10260280?dir=DESC&mode=grid&order=name&limit=15&page=2" "Mozilla/5.0 (Windows NT 10.0; WOW64; Trident/7.0; rv:11.0) like Gecko"
213.153.47.173 - - [19/Apr/2019:12:31:14 +0200] "GET /reload?ser=1555669874811 HTTP/1.1" 200 28 "http://renault.activities.at/login?required=true" "Mozilla/5.0 (Windows NT 10.0; Win64; x64; rv:66.0) Gecko/20100101 Firefox/66.0"
193.194.132.28 - - [19/Apr/2019:12:31:28 +0200] "GET /reload?ser=1555669888809 HTTP/1.1" 200 28 "http://renault.2web.at/result?searchterm=true&search=charisma" "Mozilla/5.0 (Windows NT 10.0; WOW64; Trident/7.0; Touch; rv:11.0) like Gecko"
88.116.50.238 - - [19/Apr/2019:12:31:53 +0200] "GET /reload?ser=1555669912476 HTTP/1.1" 200 28 "http://renault.activities.at/10260280?dir=DESC&mode=grid&order=name&limit=15&page=2" "Mozilla/5.0 (Windows NT 10.0; WOW64; Trident/7.0; rv:11.0) like Gecko"
213.153.47.173 - - [19/Apr/2019:12:32:15 +0200] "GET /reload?ser=1555669935467 HTTP/1.1" 200 28 "http://renault.activities.at/login?required=true" "Mozilla/5.0 (Windows NT 10.0; Win64; x64; rv:66.0) Gecko/20100101 Firefox/66.0"
193.194.132.28 - - [19/Apr/2019:12:32:30 +0200] "GET /reload?ser=1555669949900 HTTP/1.1" 200 28 "http://renault.2web.at/result?searchterm=true&search=charisma" "Mozilla/5.0 (Windows NT 10.0; WOW64; Trident/7.0; Touch; rv:11.0) like Gecko"
88.116.50.238 - - [19/Apr/2019:12:32:54 +0200] "GET /reload?ser=1555669973452 HTTP/1.1" 200 28 "http://renault.activities.at/10260280?dir=DESC&mode=grid&order=name&limit=15&page=2" "Mozilla/5.0 (Windows NT 10.0; WOW64; Trident/7.0; rv:11.0) like Gecko"
18.212.42.148 - - [19/Apr/2019:12:33:15 +0200] "GET /reload?ser=1555669973452 HTTP/1.1" 200 10166 "-" "Mozilla/5.0 (Windows NT 6.1; Win64; x64) AppleWebKit/537.36 (KHTML, like Gecko) Chrome/72.0.3626.109 Safari/537.36"
213.153.47.173 - - [19/Apr/2019:12:33:16 +0200] "GET /reload?ser=1555669996121 HTTP/1.1" 200 28 "http://renault.activities.at/login?required=true" "Mozilla/5.0 (Windows NT 10.0; Win64; x64; rv:66.0) Gecko/20100101 Firefox/66.0"
193.194.132.28 - - [19/Apr/2019:12:33:31 +0200] "GET /reload?ser=1555670010939 HTTP/1.1" 200 28 "http://renault.2web.at/result?searchterm=true&search=charisma" "Mozilla/5.0 (Windows NT 10.0; WOW64; Trident/7.0; Touch; rv:11.0) like Gecko"
88.116.50.238 - - [19/Apr/2019:12:33:55 +0200] "GET /reload?ser=1555670034590 HTTP/1.1" 200 28 "http://renault.activities.at/10260280?dir=DESC&mode=grid&order=name&limit=15&page=2" "Mozilla/5.0 (Windows NT 10.0; WOW64; Trident/7.0; rv:11.0) like Gecko"
213.153.47.173 - - [19/Apr/2019:12:34:16 +0200] "GET /reload?ser=1555670056781 HTTP/1.1" 200 28 "http://renault.activities.at/login?required=true" "Mozilla/5.0 (Windows NT 10.0; Win64; x64; rv:66.0) Gecko/20100101 Firefox/66.0"
193.194.132.28 - - [19/Apr/2019:12:34:33 +0200] "GET /reload?ser=1555670073016 HTTP/1.1" 200 28 "http://renault.2web.at/result?searchterm=true&search=charisma" "Mozilla/5.0 (Windows NT 10.0; WOW64; Trident/7.0; Touch; rv:11.0) like Gecko"
88.116.50.238 - - [19/Apr/2019:12:34:56 +0200] "GET /reload?ser=1555670095592 HTTP/1.1" 200 28 "http://renault.activities.at/10260280?dir=DESC&mode=grid&order=name&limit=15&page=2" "Mozilla/5.0 (Windows NT 10.0; WOW64; Trident/7.0; rv:11.0) like Gecko"
213.153.47.173 - - [19/Apr/2019:12:35:17 +0200] "GET /reload?ser=1555670117451 HTTP/1.1" 200 28 "http://renault.activities.at/login?required=true" "Mozilla/5.0 (Windows NT 10.0; Win64; x64; rv:66.0) Gecko/20100101 Firefox/66.0"
193.194.132.28 - - [19/Apr/2019:12:35:34 +0200] "GET /reload?ser=1555670134078 HTTP/1.1" 200 28 "http://renault.2web.at/result?searchterm=true&search=charisma" "Mozilla/5.0 (Windows NT 10.0; WOW64; Trident/7.0; Touch; rv:11.0) like Gecko"
88.116.50.238 - - [19/Apr/2019:12:35:57 +0200] "GET /reload?ser=1555670156608 HTTP/1.1" 200 28 "http://renault.activities.at/10260280?dir=DESC&mode=grid&order=name&limit=15&page=2" "Mozilla/5.0 (Windows NT 10.0; WOW64; Trident/7.0; rv:11.0) like Gecko"
213.153.47.173 - - [19/Apr/2019:12:36:18 +0200] "GET /reload?ser=1555670178101 HTTP/1.1" 200 28 "http://renault.activities.at/login?required=true" "Mozilla/5.0 (Windows NT 10.0; Win64; x64; rv:66.0) Gecko/20100101 Firefox/66.0"
193.194.132.28 - - [19/Apr/2019:12:36:35 +0200] "GET /reload?ser=1555670195134 HTTP/1.1" 200 28 "http://renault.2web.at/result?searchterm=true&search=charisma" "Mozilla/5.0 (Windows NT 10.0; WOW64; Trident/7.0; Touch; rv:11.0) like Gecko"
88.116.50.238 - - [19/Apr/2019:12:36:58 +0200] "GET /reload?ser=1555670217611 HTTP/1.1" 200 28 "http://renault.activities.at/10260280?dir=DESC&mode=grid&order=name&limit=15&page=2" "Mozilla/5.0 (Windows NT 10.0; WOW64; Trident/7.0; rv:11.0) like Gecko"
213.153.47.173 - - [19/Apr/2019:12:37:18 +0200] "GET /reload?ser=1555670238781 HTTP/1.1" 200 28 "http://renault.activities.at/login?required=true" "Mozilla/5.0 (Windows NT 10.0; Win64; x64; rv:66.0) Gecko/20100101 Firefox/66.0"
193.194.132.28 - - [19/Apr/2019:12:37:36 +0200] "GET /reload?ser=1555670256185 HTTP/1.1" 200 28 "http://renault.2web.at/result?searchterm=true&search=charisma" "Mozilla/5.0 (Windows NT 10.0; WOW64; Trident/7.0; Touch; rv:11.0) like Gecko"
88.116.50.238 - - [19/Apr/2019:12:37:59 +0200] "GET /reload?ser=1555670278619 HTTP/1.1" 200 28 "http://renault.activities.at/10260280?dir=DESC&mode=grid&order=name&limit=15&page=2" "Mozilla/5.0 (Windows NT 10.0; WOW64; Trident/7.0; rv:11.0) like Gecko"
213.153.47.173 - - [19/Apr/2019:12:38:19 +0200] "GET /reload?ser=1555670299453 HTTP/1.1" 200 28 "http://renault.activities.at/login?required=true" "Mozilla/5.0 (Windows NT 10.0; Win64; x64; rv:66.0) Gecko/20100101 Firefox/66.0"
193.194.132.28 - - [19/Apr/2019:12:38:37 +0200] "GET /reload?ser=1555670317252 HTTP/1.1" 200 28 "http://renault.2web.at/result?searchterm=true&search=charisma" "Mozilla/5.0 (Windows NT 10.0; WOW64; Trident/7.0; Touch; rv:11.0) like Gecko"
88.116.50.238 - - [19/Apr/2019:12:39:00 +0200] "GET /reload?ser=1555670339577 HTTP/1.1" 200 28 "http://renault.activities.at/10260280?dir=DESC&mode=grid&order=name&limit=15&page=2" "Mozilla/5.0 (Windows NT 10.0; WOW64; Trident/7.0; rv:11.0) like Gecko"
213.153.47.173 - - [19/Apr/2019:12:39:20 +0200] "GET /reload?ser=1555670360121 HTTP/1.1" 200 28 "http://renault.activities.at/login?required=true" "Mozilla/5.0 (Windows NT 10.0; Win64; x64; rv:66.0) Gecko/20100101 Firefox/66.0"
193.194.132.30 - - [19/Apr/2019:12:39:38 +0200] "GET /reload?ser=1555670378306 HTTP/1.1" 200 28 "http://renault.2web.at/result?searchterm=true&search=charisma" "Mozilla/5.0 (Windows NT 10.0; WOW64; Trident/7.0; Touch; rv:11.0) like Gecko"
88.116.50.238 - - [19/Apr/2019:12:40:01 +0200] "GET /reload?ser=1555670400557 HTTP/1.1" 200 28 "http://renault.activities.at/10260280?dir=DESC&mode=grid&order=name&limit=15&page=2" "Mozilla/5.0 (Windows NT 10.0; WOW64; Trident/7.0; rv:11.0) like Gecko"
213.153.47.173 - - [19/Apr/2019:12:40:20 +0200] "GET /reload?ser=1555670420787 HTTP/1.1" 200 28 "http://renault.activities.at/login?required=true" "Mozilla/5.0 (Windows NT 10.0; Win64; x64; rv:66.0) Gecko/20100101 Firefox/66.0"
193.194.132.30 - - [19/Apr/2019:12:40:39 +0200] "GET /reload?ser=1555670439359 HTTP/1.1" 200 28 "http://renault.2web.at/result?searchterm=true&search=charisma" "Mozilla/5.0 (Windows NT 10.0; WOW64; Trident/7.0; Touch; rv:11.0) like Gecko"
88.116.50.238 - - [19/Apr/2019:12:41:02 +0200] "GET /reload?ser=1555670461547 HTTP/1.1" 200 28 "http://renault.activities.at/10260280?dir=DESC&mode=grid&order=name&limit=15&page=2" "Mozilla/5.0 (Windows NT 10.0; WOW64; Trident/7.0; rv:11.0) like Gecko"
213.153.47.173 - - [19/Apr/2019:12:41:21 +0200] "GET /reload?ser=1555670481433 HTTP/1.1" 200 28 "http://renault.activities.at/login?required=true" "Mozilla/5.0 (Windows NT 10.0; Win64; x64; rv:66.0) Gecko/20100101 Firefox/66.0"
193.194.132.30 - - [19/Apr/2019:12:41:40 +0200] "GET /reload?ser=1555670500513 HTTP/1.1" 200 28 "http://renault.2web.at/result?searchterm=true&search=charisma" "Mozilla/5.0 (Windows NT 10.0; WOW64; Trident/7.0; Touch; rv:11.0) like Gecko"
88.116.50.238 - - [19/Apr/2019:12:42:03 +0200] "GET /reload?ser=1555670522534 HTTP/1.1" 200 28 "http://renault.activities.at/10260280?dir=DESC&mode=grid&order=name&limit=15&page=2" "Mozilla/5.0 (Windows NT 10.0; WOW64; Trident/7.0; rv:11.0) like Gecko"
213.153.47.173 - - [19/Apr/2019:12:42:22 +0200] "GET /reload?ser=1555670542092 HTTP/1.1" 200 28 "http://renault.activities.at/login?required=true" "Mozilla/5.0 (Windows NT 10.0; Win64; x64; rv:66.0) Gecko/20100101 Firefox/66.0"
193.194.132.30 - - [19/Apr/2019:12:42:41 +0200] "GET /reload?ser=1555670561611 HTTP/1.1" 200 28 "http://renault.2web.at/result?searchterm=true&search=charisma" "Mozilla/5.0 (Windows NT 10.0; WOW64; Trident/7.0; Touch; rv:11.0) like Gecko"
88.116.50.238 - - [19/Apr/2019:12:43:04 +0200] "GET /reload?ser=1555670583476 HTTP/1.1" 200 28 "http://renault.activities.at/10260280?dir=DESC&mode=grid&order=name&limit=15&page=2" "Mozilla/5.0 (Windows NT 10.0; WOW64; Trident/7.0; rv:11.0) like Gecko"
213.153.47.173 - - [19/Apr/2019:12:43:22 +0200] "GET /reload?ser=1555670602762 HTTP/1.1" 200 28 "http://renault.activities.at/login?required=true" "Mozilla/5.0 (Windows NT 10.0; Win64; x64; rv:66.0) Gecko/20100101 Firefox/66.0"
193.194.132.30 - - [19/Apr/2019:12:43:42 +0200] "GET /reload?ser=1555670622704 HTTP/1.1" 200 28 "http://renault.2web.at/result?searchterm=true&search=charisma" "Mozilla/5.0 (Windows NT 10.0; WOW64; Trident/7.0; Touch; rv:11.0) like Gecko"
88.116.50.238 - - [19/Apr/2019:12:44:05 +0200] "GET /reload?ser=1555670644445 HTTP/1.1" 200 28 "http://renault.activities.at/10260280?dir=DESC&mode=grid&order=name&limit=15&page=2" "Mozilla/5.0 (Windows NT 10.0; WOW64; Trident/7.0; rv:11.0) like Gecko"
213.153.47.173 - - [19/Apr/2019:12:44:23 +0200] "GET /reload?ser=1555670663432 HTTP/1.1" 200 28 "http://renault.activities.at/login?required=true" "Mozilla/5.0 (Windows NT 10.0; Win64; x64; rv:66.0) Gecko/20100101 Firefox/66.0"
193.194.132.30 - - [19/Apr/2019:12:44:43 +0200] "GET /reload?ser=1555670683761 HTTP/1.1" 200 28 "http://renault.2web.at/result?searchterm=true&search=charisma" "Mozilla/5.0 (Windows NT 10.0; WOW64; Trident/7.0; Touch; rv:11.0) like Gecko"
88.116.50.238 - - [19/Apr/2019:12:45:06 +0200] "GET /reload?ser=1555670705450 HTTP/1.1" 200 28 "http://renault.activities.at/10260280?dir=DESC&mode=grid&order=name&limit=15&page=2" "Mozilla/5.0 (Windows NT 10.0; WOW64; Trident/7.0; rv:11.0) like Gecko"
213.153.47.173 - - [19/Apr/2019:12:45:24 +0200] "GET /reload?ser=1555670724093 HTTP/1.1" 200 28 "http://renault.activities.at/login?required=true" "Mozilla/5.0 (Windows NT 10.0; Win64; x64; rv:66.0) Gecko/20100101 Firefox/66.0"
193.194.132.30 - - [19/Apr/2019:12:45:44 +0200] "GET /reload?ser=1555670744855 HTTP/1.1" 200 28 "http://renault.2web.at/result?searchterm=true&search=charisma" "Mozilla/5.0 (Windows NT 10.0; WOW64; Trident/7.0; Touch; rv:11.0) like Gecko"
88.116.50.238 - - [19/Apr/2019:12:46:07 +0200] "GET /reload?ser=1555670766422 HTTP/1.1" 200 28 "http://renault.activities.at/10260280?dir=DESC&mode=grid&order=name&limit=15&page=2" "Mozilla/5.0 (Windows NT 10.0; WOW64; Trident/7.0; rv:11.0) like Gecko"
213.153.47.173 - - [19/Apr/2019:12:46:24 +0200] "GET /reload?ser=1555670784753 HTTP/1.1" 200 28 "http://renault.activities.at/login?required=true" "Mozilla/5.0 (Windows NT 10.0; Win64; x64; rv:66.0) Gecko/20100101 Firefox/66.0"
193.194.132.30 - - [19/Apr/2019:12:46:46 +0200] "GET /reload?ser=1555670805915 HTTP/1.1" 200 28 "http://renault.2web.at/result?searchterm=true&search=charisma" "Mozilla/5.0 (Windows NT 10.0; WOW64; Trident/7.0; Touch; rv:11.0) like Gecko"
88.116.50.238 - - [19/Apr/2019:12:47:08 +0200] "GET /reload?ser=1555670827428 HTTP/1.1" 200 28 "http://renault.activities.at/10260280?dir=DESC&mode=grid&order=name&limit=15&page=2" "Mozilla/5.0 (Windows NT 10.0; WOW64; Trident/7.0; rv:11.0) like Gecko"
213.153.47.173 - - [19/Apr/2019:12:47:25 +0200] "GET /reload?ser=1555670845413 HTTP/1.1" 200 28 "http://renault.activities.at/login?required=true" "Mozilla/5.0 (Windows NT 10.0; Win64; x64; rv:66.0) Gecko/20100101 Firefox/66.0"
193.194.132.30 - - [19/Apr/2019:12:47:47 +0200] "GET /reload?ser=1555670866982 HTTP/1.1" 200 28 "http://renault.2web.at/result?searchterm=true&search=charisma" "Mozilla/5.0 (Windows NT 10.0; WOW64; Trident/7.0; Touch; rv:11.0) like Gecko"
88.116.50.238 - - [19/Apr/2019:12:48:09 +0200] "GET /reload?ser=1555670888441 HTTP/1.1" 200 28 "http://renault.activities.at/10260280?dir=DESC&mode=grid&order=name&limit=15&page=2" "Mozilla/5.0 (Windows NT 10.0; WOW64; Trident/7.0; rv:11.0) like Gecko"
213.153.47.173 - - [19/Apr/2019:12:48:26 +0200] "GET /reload?ser=1555670906093 HTTP/1.1" 200 28 "http://renault.activities.at/login?required=true" "Mozilla/5.0 (Windows NT 10.0; Win64; x64; rv:66.0) Gecko/20100101 Firefox/66.0"
193.194.132.30 - - [19/Apr/2019:12:48:48 +0200] "GET /reload?ser=1555670928039 HTTP/1.1" 200 28 "http://renault.2web.at/result?searchterm=true&search=charisma" "Mozilla/5.0 (Windows NT 10.0; WOW64; Trident/7.0; Touch; rv:11.0) like Gecko"
88.116.50.238 - - [19/Apr/2019:12:49:10 +0200] "GET /reload?ser=1555670949474 HTTP/1.1" 200 28 "http://renault.activities.at/10260280?dir=DESC&mode=grid&order=name&limit=15&page=2" "Mozilla/5.0 (Windows NT 10.0; WOW64; Trident/7.0; rv:11.0) like Gecko"
213.153.47.173 - - [19/Apr/2019:12:49:26 +0200] "GET /reload?ser=1555670966763 HTTP/1.1" 200 28 "http://renault.activities.at/login?required=true" "Mozilla/5.0 (Windows NT 10.0; Win64; x64; rv:66.0) Gecko/20100101 Firefox/66.0"
193.194.132.30 - - [19/Apr/2019:12:49:49 +0200] "GET /reload?ser=1555670989129 HTTP/1.1" 200 28 "http://renault.2web.at/result?searchterm=true&search=charisma" "Mozilla/5.0 (Windows NT 10.0; WOW64; Trident/7.0; Touch; rv:11.0) like Gecko"
88.116.50.238 - - [19/Apr/2019:12:50:11 +0200] "GET /reload?ser=1555671010690 HTTP/1.1" 200 28 "http://renault.activities.at/10260280?dir=DESC&mode=grid&order=name&limit=15&page=2" "Mozilla/5.0 (Windows NT 10.0; WOW64; Trident/7.0; rv:11.0) like Gecko"
213.153.47.173 - - [19/Apr/2019:12:50:27 +0200] "GET /reload?ser=1555671027433 HTTP/1.1" 200 28 "http://renault.activities.at/login?required=true" "Mozilla/5.0 (Windows NT 10.0; Win64; x64; rv:66.0) Gecko/20100101 Firefox/66.0"
193.194.132.30 - - [19/Apr/2019:12:50:51 +0200] "GET /reload?ser=1555671051213 HTTP/1.1" 200 28 "http://renault.2web.at/result?searchterm=true&search=charisma" "Mozilla/5.0 (Windows NT 10.0; WOW64; Trident/7.0; Touch; rv:11.0) like Gecko"
54.149.93.58 - - [19/Apr/2019:12:51:09 +0200] "GET /reload?ser=1555670949474 HTTP/1.1" 200 10166 "-" "Mozilla/5.0 (Windows NT 6.1; Win64; x64) AppleWebKit/537.36 (KHTML, like Gecko) Chrome/72.0.3626.109 Safari/537.36"
88.116.50.238 - - [19/Apr/2019:12:51:12 +0200] "GET /reload?ser=1555671071637 HTTP/1.1" 200 28 "http://renault.activities.at/10260280?dir=DESC&mode=grid&order=name&limit=15&page=2" "Mozilla/5.0 (Windows NT 10.0; WOW64; Trident/7.0; rv:11.0) like Gecko"
213.153.47.173 - - [19/Apr/2019:12:51:28 +0200] "GET /reload?ser=1555671088093 HTTP/1.1" 200 28 "http://renault.activities.at/login?required=true" "Mozilla/5.0 (Windows NT 10.0; Win64; x64; rv:66.0) Gecko/20100101 Firefox/66.0"
193.194.132.30 - - [19/Apr/2019:12:51:52 +0200] "GET /reload?ser=1555671112270 HTTP/1.1" 200 28 "http://renault.2web.at/result?searchterm=true&search=charisma" "Mozilla/5.0 (Windows NT 10.0; WOW64; Trident/7.0; Touch; rv:11.0) like Gecko"
88.116.50.238 - - [19/Apr/2019:12:52:13 +0200] "GET /reload?ser=1555671132610 HTTP/1.1" 200 28 "http://renault.activities.at/10260280?dir=DESC&mode=grid&order=name&limit=15&page=2" "Mozilla/5.0 (Windows NT 10.0; WOW64; Trident/7.0; rv:11.0) like Gecko"
213.153.47.173 - - [19/Apr/2019:12:52:28 +0200] "GET /reload?ser=1555671148764 HTTP/1.1" 200 28 "http://renault.activities.at/login?required=true" "Mozilla/5.0 (Windows NT 10.0; Win64; x64; rv:66.0) Gecko/20100101 Firefox/66.0"
193.194.132.30 - - [19/Apr/2019:12:52:53 +0200] "GET /reload?ser=1555671173345 HTTP/1.1" 200 28 "http://renault.2web.at/result?searchterm=true&search=charisma" "Mozilla/5.0 (Windows NT 10.0; WOW64; Trident/7.0; Touch; rv:11.0) like Gecko"
88.116.50.238 - - [19/Apr/2019:12:53:14 +0200] "GET /reload?ser=1555671193606 HTTP/1.1" 200 28 "http://renault.activities.at/10260280?dir=DESC&mode=grid&order=name&limit=15&page=2" "Mozilla/5.0 (Windows NT 10.0; WOW64; Trident/7.0; rv:11.0) like Gecko"
213.153.47.173 - - [19/Apr/2019:12:53:29 +0200] "GET /reload?ser=1555671209453 HTTP/1.1" 200 28 "http://renault.activities.at/login?required=true" "Mozilla/5.0 (Windows NT 10.0; Win64; x64; rv:66.0) Gecko/20100101 Firefox/66.0"
193.194.132.30 - - [19/Apr/2019:12:53:54 +0200] "GET /reload?ser=1555671234420 HTTP/1.1" 200 28 "http://renault.2web.at/result?searchterm=true&search=charisma" "Mozilla/5.0 (Windows NT 10.0; WOW64; Trident/7.0; Touch; rv:11.0) like Gecko"
88.116.50.238 - - [19/Apr/2019:12:54:15 +0200] "GET /reload?ser=1555671254577 HTTP/1.1" 200 28 "http://renault.activities.at/10260280?dir=DESC&mode=grid&order=name&limit=15&page=2" "Mozilla/5.0 (Windows NT 10.0; WOW64; Trident/7.0; rv:11.0) like Gecko"
213.153.47.173 - - [19/Apr/2019:12:54:30 +0200] "GET /reload?ser=1555671270114 HTTP/1.1" 200 28 "http://renault.activities.at/login?required=true" "Mozilla/5.0 (Windows NT 10.0; Win64; x64; rv:66.0) Gecko/20100101 Firefox/66.0"
193.194.132.30 - - [19/Apr/2019:12:54:55 +0200] "GET /reload?ser=1555671295505 HTTP/1.1" 200 28 "http://renault.2web.at/result?searchterm=true&search=charisma" "Mozilla/5.0 (Windows NT 10.0; WOW64; Trident/7.0; Touch; rv:11.0) like Gecko"
88.116.50.238 - - [19/Apr/2019:12:55:16 +0200] "GET /reload?ser=1555671315555 HTTP/1.1" 200 28 "http://renault.activities.at/10260280?dir=DESC&mode=grid&order=name&limit=15&page=2" "Mozilla/5.0 (Windows NT 10.0; WOW64; Trident/7.0; rv:11.0) like Gecko"
213.153.47.173 - - [19/Apr/2019:12:55:30 +0200] "GET /reload?ser=1555671330774 HTTP/1.1" 200 28 "http://renault.activities.at/login?required=true" "Mozilla/5.0 (Windows NT 10.0; Win64; x64; rv:66.0) Gecko/20100101 Firefox/66.0"
193.194.132.30 - - [19/Apr/2019:12:55:56 +0200] "GET /reload?ser=1555671356581 HTTP/1.1" 200 28 "http://renault.2web.at/result?searchterm=true&search=charisma" "Mozilla/5.0 (Windows NT 10.0; WOW64; Trident/7.0; Touch; rv:11.0) like Gecko"
88.116.50.238 - - [19/Apr/2019:12:56:17 +0200] "GET /reload?ser=1555671376544 HTTP/1.1" 200 28 "http://renault.activities.at/10260280?dir=DESC&mode=grid&order=name&limit=15&page=2" "Mozilla/5.0 (Windows NT 10.0; WOW64; Trident/7.0; rv:11.0) like Gecko"
213.153.47.173 - - [19/Apr/2019:12:56:31 +0200] "GET /reload?ser=1555671391453 HTTP/1.1" 200 28 "http://renault.activities.at/login?required=true" "Mozilla/5.0 (Windows NT 10.0; Win64; x64; rv:66.0) Gecko/20100101 Firefox/66.0"
193.194.132.30 - - [19/Apr/2019:12:56:57 +0200] "GET /reload?ser=1555671417611 HTTP/1.1" 200 28 "http://renault.2web.at/result?searchterm=true&search=charisma" "Mozilla/5.0 (Windows NT 10.0; WOW64; Trident/7.0; Touch; rv:11.0) like Gecko"
88.116.50.238 - - [19/Apr/2019:12:57:18 +0200] "GET /reload?ser=1555671437547 HTTP/1.1" 200 28 "http://renault.activities.at/10260280?dir=DESC&mode=grid&order=name&limit=15&page=2" "Mozilla/5.0 (Windows NT 10.0; WOW64; Trident/7.0; rv:11.0) like Gecko"
213.153.47.173 - - [19/Apr/2019:12:57:32 +0200] "GET /reload?ser=1555671452123 HTTP/1.1" 200 28 "http://renault.activities.at/login?required=true" "Mozilla/5.0 (Windows NT 10.0; Win64; x64; rv:66.0) Gecko/20100101 Firefox/66.0"
193.194.132.30 - - [19/Apr/2019:12:57:58 +0200] "GET /reload?ser=1555671478643 HTTP/1.1" 200 28 "http://renault.2web.at/result?searchterm=true&search=charisma" "Mozilla/5.0 (Windows NT 10.0; WOW64; Trident/7.0; Touch; rv:11.0) like Gecko"
88.116.50.238 - - [19/Apr/2019:12:58:19 +0200] "GET /reload?ser=1555671498504 HTTP/1.1" 200 28 "http://renault.activities.at/10260280?dir=DESC&mode=grid&order=name&limit=15&page=2" "Mozilla/5.0 (Windows NT 10.0; WOW64; Trident/7.0; rv:11.0) like Gecko"
213.153.47.173 - - [19/Apr/2019:12:58:32 +0200] "GET /reload?ser=1555671512793 HTTP/1.1" 200 28 "http://renault.activities.at/login?required=true" "Mozilla/5.0 (Windows NT 10.0; Win64; x64; rv:66.0) Gecko/20100101 Firefox/66.0"
193.194.132.30 - - [19/Apr/2019:12:58:59 +0200] "GET /reload?ser=1555671539693 HTTP/1.1" 200 28 "http://renault.2web.at/result?searchterm=true&search=charisma" "Mozilla/5.0 (Windows NT 10.0; WOW64; Trident/7.0; Touch; rv:11.0) like Gecko"
88.116.50.238 - - [19/Apr/2019:12:59:20 +0200] "GET /reload?ser=1555671559459 HTTP/1.1" 200 28 "http://renault.activities.at/10260280?dir=DESC&mode=grid&order=name&limit=15&page=2" "Mozilla/5.0 (Windows NT 10.0; WOW64; Trident/7.0; rv:11.0) like Gecko"
213.153.47.173 - - [19/Apr/2019:12:59:33 +0200] "GET /reload?ser=1555671573463 HTTP/1.1" 200 28 "http://renault.activities.at/login?required=true" "Mozilla/5.0 (Windows NT 10.0; Win64; x64; rv:66.0) Gecko/20100101 Firefox/66.0"
193.194.132.30 - - [19/Apr/2019:13:00:00 +0200] "GET /reload?ser=1555671600792 HTTP/1.1" 200 28 "http://renault.2web.at/result?searchterm=true&search=charisma" "Mozilla/5.0 (Windows NT 10.0; WOW64; Trident/7.0; Touch; rv:11.0) like Gecko"
88.116.50.238 - - [19/Apr/2019:13:00:21 +0200] "GET /reload?ser=1555671620440 HTTP/1.1" 200 28 "http://renault.activities.at/10260280?dir=DESC&mode=grid&order=name&limit=15&page=2" "Mozilla/5.0 (Windows NT 10.0; WOW64; Trident/7.0; rv:11.0) like Gecko"
213.153.47.173 - - [19/Apr/2019:13:00:34 +0200] "GET /reload?ser=1555671634143 HTTP/1.1" 200 28 "http://renault.activities.at/login?required=true" "Mozilla/5.0 (Windows NT 10.0; Win64; x64; rv:66.0) Gecko/20100101 Firefox/66.0"
193.194.132.30 - - [19/Apr/2019:13:01:01 +0200] "GET /reload?ser=1555671661843 HTTP/1.1" 200 28 "http://renault.2web.at/result?searchterm=true&search=charisma" "Mozilla/5.0 (Windows NT 10.0; WOW64; Trident/7.0; Touch; rv:11.0) like Gecko"
88.116.50.238 - - [19/Apr/2019:13:01:22 +0200] "GET /reload?ser=1555671681430 HTTP/1.1" 200 28 "http://renault.activities.at/10260280?dir=DESC&mode=grid&order=name&limit=15&page=2" "Mozilla/5.0 (Windows NT 10.0; WOW64; Trident/7.0; rv:11.0) like Gecko"
213.153.47.173 - - [19/Apr/2019:13:01:34 +0200] "GET /reload?ser=1555671694814 HTTP/1.1" 200 28 "http://renault.activities.at/login?required=true" "Mozilla/5.0 (Windows NT 10.0; Win64; x64; rv:66.0) Gecko/20100101 Firefox/66.0"
193.194.132.30 - - [19/Apr/2019:13:02:03 +0200] "GET /reload?ser=1555671722932 HTTP/1.1" 200 28 "http://renault.2web.at/result?searchterm=true&search=charisma" "Mozilla/5.0 (Windows NT 10.0; WOW64; Trident/7.0; Touch; rv:11.0) like Gecko"
88.116.50.238 - - [19/Apr/2019:13:02:24 +0200] "GET /reload?ser=1555671743450 HTTP/1.1" 200 28 "http://renault.activities.at/10260280?dir=DESC&mode=grid&order=name&limit=15&page=2" "Mozilla/5.0 (Windows NT 10.0; WOW64; Trident/7.0; rv:11.0) like Gecko"
213.153.47.173 - - [19/Apr/2019:13:02:35 +0200] "GET /reload?ser=1555671755473 HTTP/1.1" 200 28 "http://renault.activities.at/login?required=true" "Mozilla/5.0 (Windows NT 10.0; Win64; x64; rv:66.0) Gecko/20100101 Firefox/66.0"
193.194.132.30 - - [19/Apr/2019:13:03:04 +0200] "GET /reload?ser=1555671784012 HTTP/1.1" 200 28 "http://renault.2web.at/result?searchterm=true&search=charisma" "Mozilla/5.0 (Windows NT 10.0; WOW64; Trident/7.0; Touch; rv:11.0) like Gecko"
88.116.50.238 - - [19/Apr/2019:13:03:25 +0200] "GET /reload?ser=1555671804450 HTTP/1.1" 200 28 "http://renault.activities.at/10260280?dir=DESC&mode=grid&order=name&limit=15&page=2" "Mozilla/5.0 (Windows NT 10.0; WOW64; Trident/7.0; rv:11.0) like Gecko"
213.153.47.173 - - [19/Apr/2019:13:03:36 +0200] "GET /reload?ser=1555671816153 HTTP/1.1" 200 28 "http://renault.activities.at/login?required=true" "Mozilla/5.0 (Windows NT 10.0; Win64; x64; rv:66.0) Gecko/20100101 Firefox/66.0"
193.194.132.30 - - [19/Apr/2019:13:04:05 +0200] "GET /reload?ser=1555671845087 HTTP/1.1" 200 28 "http://renault.2web.at/result?searchterm=true&search=charisma" "Mozilla/5.0 (Windows NT 10.0; WOW64; Trident/7.0; Touch; rv:11.0) like Gecko"
88.116.50.238 - - [19/Apr/2019:13:04:26 +0200] "GET /reload?ser=1555671865423 HTTP/1.1" 200 28 "http://renault.activities.at/10260280?dir=DESC&mode=grid&order=name&limit=15&page=2" "Mozilla/5.0 (Windows NT 10.0; WOW64; Trident/7.0; rv:11.0) like Gecko"
213.153.47.173 - - [19/Apr/2019:13:04:36 +0200] "GET /reload?ser=1555671876833 HTTP/1.1" 200 28 "http://renault.activities.at/login?required=true" "Mozilla/5.0 (Windows NT 10.0; Win64; x64; rv:66.0) Gecko/20100101 Firefox/66.0"
193.194.132.30 - - [19/Apr/2019:13:05:06 +0200] "GET /reload?ser=1555671906113 HTTP/1.1" 200 28 "http://renault.2web.at/result?searchterm=true&search=charisma" "Mozilla/5.0 (Windows NT 10.0; WOW64; Trident/7.0; Touch; rv:11.0) like Gecko"
52.12.196.134 - - [19/Apr/2019:13:05:23 +0200] "GET /reload?ser=1555671865423 HTTP/1.1" 200 10166 "-" "Mozilla/5.0 (Windows NT 6.1; Win64; x64) AppleWebKit/537.36 (KHTML, like Gecko) Chrome/72.0.3626.109 Safari/537.36"
88.116.50.238 - - [19/Apr/2019:13:05:27 +0200] "GET /reload?ser=1555671926648 HTTP/1.1" 200 28 "http://renault.activities.at/10260280?dir=DESC&mode=grid&order=name&limit=15&page=2" "Mozilla/5.0 (Windows NT 10.0; WOW64; Trident/7.0; rv:11.0) like Gecko"
213.153.47.173 - - [19/Apr/2019:13:05:37 +0200] "GET /reload?ser=1555671937524 HTTP/1.1" 200 28 "http://renault.activities.at/login?required=true" "Mozilla/5.0 (Windows NT 10.0; Win64; x64; rv:66.0) Gecko/20100101 Firefox/66.0"
193.194.132.30 - - [19/Apr/2019:13:06:07 +0200] "GET /reload?ser=1555671967202 HTTP/1.1" 200 28 "http://renault.2web.at/result?searchterm=true&search=charisma" "Mozilla/5.0 (Windows NT 10.0; WOW64; Trident/7.0; Touch; rv:11.0) like Gecko"
88.116.50.238 - - [19/Apr/2019:13:06:28 +0200] "GET /reload?ser=1555671987654 HTTP/1.1" 200 28 "http://renault.activities.at/10260280?dir=DESC&mode=grid&order=name&limit=15&page=2" "Mozilla/5.0 (Windows NT 10.0; WOW64; Trident/7.0; rv:11.0) like Gecko"
213.153.47.173 - - [19/Apr/2019:13:06:38 +0200] "GET /reload?ser=1555671998194 HTTP/1.1" 200 28 "http://renault.activities.at/login?required=true" "Mozilla/5.0 (Windows NT 10.0; Win64; x64; rv:66.0) Gecko/20100101 Firefox/66.0"
88.116.50.238 - - [19/Apr/2019:13:07:29 +0200] "GET /reload?ser=1555672048622 HTTP/1.1" 200 28 "http://renault.activities.at/10260280?dir=DESC&mode=grid&order=name&limit=15&page=2" "Mozilla/5.0 (Windows NT 10.0; WOW64; Trident/7.0; rv:11.0) like Gecko"
213.153.47.173 - - [19/Apr/2019:13:07:38 +0200] "GET /reload?ser=1555672058853 HTTP/1.1" 200 28 "http://renault.activities.at/login?required=true" "Mozilla/5.0 (Windows NT 10.0; Win64; x64; rv:66.0) Gecko/20100101 Firefox/66.0"
88.116.50.238 - - [19/Apr/2019:13:08:30 +0200] "GET /reload?ser=1555672109644 HTTP/1.1" 200 28 "http://renault.activities.at/10260280?dir=DESC&mode=grid&order=name&limit=15&page=2" "Mozilla/5.0 (Windows NT 10.0; WOW64; Trident/7.0; rv:11.0) like Gecko"
213.153.47.173 - - [19/Apr/2019:13:08:39 +0200] "GET /reload?ser=1555672119534 HTTP/1.1" 200 28 "http://renault.activities.at/login?required=true" "Mozilla/5.0 (Windows NT 10.0; Win64; x64; rv:66.0) Gecko/20100101 Firefox/66.0"
88.116.50.238 - - [19/Apr/2019:13:09:31 +0200] "GET /reload?ser=1555672170593 HTTP/1.1" 200 28 "http://renault.activities.at/10260280?dir=DESC&mode=grid&order=name&limit=15&page=2" "Mozilla/5.0 (Windows NT 10.0; WOW64; Trident/7.0; rv:11.0) like Gecko"
213.153.47.173 - - [19/Apr/2019:13:09:40 +0200] "GET /reload?ser=1555672180193 HTTP/1.1" 200 28 "http://renault.activities.at/login?required=true" "Mozilla/5.0 (Windows NT 10.0; Win64; x64; rv:66.0) Gecko/20100101 Firefox/66.0"
88.116.50.238 - - [19/Apr/2019:13:10:32 +0200] "GET /reload?ser=1555672231562 HTTP/1.1" 200 28 "http://renault.activities.at/10260280?dir=DESC&mode=grid&order=name&limit=15&page=2" "Mozilla/5.0 (Windows NT 10.0; WOW64; Trident/7.0; rv:11.0) like Gecko"
213.153.47.173 - - [19/Apr/2019:13:10:40 +0200] "GET /reload?ser=1555672240863 HTTP/1.1" 200 28 "http://renault.activities.at/login?required=true" "Mozilla/5.0 (Windows NT 10.0; Win64; x64; rv:66.0) Gecko/20100101 Firefox/66.0"
88.116.50.238 - - [19/Apr/2019:13:11:33 +0200] "GET /reload?ser=1555672292498 HTTP/1.1" 200 28 "http://renault.activities.at/10260280?dir=DESC&mode=grid&order=name&limit=15&page=2" "Mozilla/5.0 (Windows NT 10.0; WOW64; Trident/7.0; rv:11.0) like Gecko"
213.153.47.173 - - [19/Apr/2019:13:11:41 +0200] "GET /reload?ser=1555672301544 HTTP/1.1" 200 28 "http://renault.activities.at/login?required=true" "Mozilla/5.0 (Windows NT 10.0; Win64; x64; rv:66.0) Gecko/20100101 Firefox/66.0"
88.116.50.238 - - [19/Apr/2019:13:12:34 +0200] "GET /reload?ser=1555672353511 HTTP/1.1" 200 28 "http://renault.activities.at/10260280?dir=DESC&mode=grid&order=name&limit=15&page=2" "Mozilla/5.0 (Windows NT 10.0; WOW64; Trident/7.0; rv:11.0) like Gecko"
213.153.47.173 - - [19/Apr/2019:13:12:42 +0200] "GET /reload?ser=1555672362213 HTTP/1.1" 200 28 "http://renault.activities.at/login?required=true" "Mozilla/5.0 (Windows NT 10.0; Win64; x64; rv:66.0) Gecko/20100101 Firefox/66.0"
88.116.50.238 - - [19/Apr/2019:13:13:35 +0200] "GET /reload?ser=1555672414499 HTTP/1.1" 200 28 "http://renault.activities.at/10260280?dir=DESC&mode=grid&order=name&limit=15&page=2" "Mozilla/5.0 (Windows NT 10.0; WOW64; Trident/7.0; rv:11.0) like Gecko"
213.153.47.173 - - [19/Apr/2019:13:13:42 +0200] "GET /reload?ser=1555672422876 HTTP/1.1" 200 28 "http://renault.activities.at/login?required=true" "Mozilla/5.0 (Windows NT 10.0; Win64; x64; rv:66.0) Gecko/20100101 Firefox/66.0"
88.116.50.238 - - [19/Apr/2019:13:14:36 +0200] "GET /reload?ser=1555672475496 HTTP/1.1" 200 28 "http://renault.activities.at/10260280?dir=DESC&mode=grid&order=name&limit=15&page=2" "Mozilla/5.0 (Windows NT 10.0; WOW64; Trident/7.0; rv:11.0) like Gecko"
213.153.47.173 - - [19/Apr/2019:13:14:43 +0200] "GET /reload?ser=1555672483557 HTTP/1.1" 200 28 "http://renault.activities.at/login?required=true" "Mozilla/5.0 (Windows NT 10.0; Win64; x64; rv:66.0) Gecko/20100101 Firefox/66.0"
212.186.92.126 - - [19/Apr/2019:13:15:19 +0200] "GET / HTTP/1.1" 200 3510 "-" "Mozilla/5.0 (Windows NT 6.1; WOW64; Trident/7.0; rv:11.0) like Gecko"
212.186.92.126 - - [19/Apr/2019:13:15:20 +0200] "GET /js/default.js HTTP/1.1" 304 - "http://renault.activities.at/" "Mozilla/5.0 (Windows NT 6.1; WOW64; Trident/7.0; rv:11.0) like Gecko"
212.186.92.126 - - [19/Apr/2019:13:15:20 +0200] "GET /js/flashdetection.js HTTP/1.1" 304 - "http://renault.activities.at/" "Mozilla/5.0 (Windows NT 6.1; WOW64; Trident/7.0; rv:11.0) like Gecko"
212.186.92.126 - - [19/Apr/2019:13:15:20 +0200] "GET /js/index.php?c=auto&f=,prototype/prototype.js,prototype/validation.js,scriptaculous/builder.js,scriptaculous/effects.js,scriptaculous/dragdrop.js,scriptaculous/controls.js,scriptaculous/slider.js,varien/js.js,varien/form.js,varien/menu.js,mage/translate.js,mage/cookies.js,varien/product.js,spinner/SpinnerControl.jsmin.js,prototype/window.js,prototype/window_ext.js HTTP/1.1" 304 - "http://renault.activities.at/" "Mozilla/5.0 (Windows NT 6.1; WOW64; Trident/7.0; rv:11.0) like Gecko"
212.186.92.126 - - [19/Apr/2019:13:15:20 +0200] "GET /css/reset.css HTTP/1.1" 304 - "http://renault.activities.at/" "Mozilla/5.0 (Windows NT 6.1; WOW64; Trident/7.0; rv:11.0) like Gecko"
212.186.92.126 - - [19/Apr/2019:13:15:20 +0200] "GET /css/styles.css HTTP/1.1" 304 - "http://renault.activities.at/" "Mozilla/5.0 (Windows NT 6.1; WOW64; Trident/7.0; rv:11.0) like Gecko"
212.186.92.126 - - [19/Apr/2019:13:15:20 +0200] "GET /css/clears.css HTTP/1.1" 304 - "http://renault.activities.at/" "Mozilla/5.0 (Windows NT 6.1; WOW64; Trident/7.0; rv:11.0) like Gecko"
212.186.92.126 - - [19/Apr/2019:13:15:20 +0200] "GET /css/print.css HTTP/1.1" 304 - "http://renault.activities.at/" "Mozilla/5.0 (Windows NT 6.1; WOW64; Trident/7.0; rv:11.0) like Gecko"
212.186.92.126 - - [19/Apr/2019:13:15:20 +0200] "GET /js/checkout.css HTTP/1.1" 304 - "http://renault.activities.at/" "Mozilla/5.0 (Windows NT 6.1; WOW64; Trident/7.0; rv:11.0) like Gecko"
212.186.92.126 - - [19/Apr/2019:13:15:20 +0200] "GET /css/prototip.css HTTP/1.1" 304 - "http://renault.activities.at/" "Mozilla/5.0 (Windows NT 6.1; WOW64; Trident/7.0; rv:11.0) like Gecko"
212.186.92.126 - - [19/Apr/2019:13:15:20 +0200] "GET /css/themes/default.css HTTP/1.1" 304 - "http://renault.activities.at/" "Mozilla/5.0 (Windows NT 6.1; WOW64; Trident/7.0; rv:11.0) like Gecko"
212.186.92.126 - - [19/Apr/2019:13:15:20 +0200] "GET /css/themes/alphacube.css HTTP/1.1" 304 - "http://renault.activities.at/" "Mozilla/5.0 (Windows NT 6.1; WOW64; Trident/7.0; rv:11.0) like Gecko"
212.186.92.126 - - [19/Apr/2019:13:15:21 +0200] "GET /images/main_block_border.gif HTTP/1.1" 200 43 "http://renault.activities.at/" "Mozilla/5.0 (Windows NT 6.1; WOW64; Trident/7.0; rv:11.0) like Gecko"
212.186.92.126 - - [19/Apr/2019:13:15:21 +0200] "GET /images/header_block_corner_left_top.gif HTTP/1.1" 200 160 "http://renault.activities.at/" "Mozilla/5.0 (Windows NT 6.1; WOW64; Trident/7.0; rv:11.0) like Gecko"
212.186.92.126 - - [19/Apr/2019:13:15:21 +0200] "GET /images/main_block_corner_right_bot.gif HTTP/1.1" 200 158 "http://renault.activities.at/" "Mozilla/5.0 (Windows NT 6.1; WOW64; Trident/7.0; rv:11.0) like Gecko"
212.186.92.126 - - [19/Apr/2019:13:15:21 +0200] "GET /images/header_block_border.gif HTTP/1.1" 200 43 "http://renault.activities.at/" "Mozilla/5.0 (Windows NT 6.1; WOW64; Trident/7.0; rv:11.0) like Gecko"
212.186.92.126 - - [19/Apr/2019:13:15:21 +0200] "GET /images/main_block_corner_left_bot.gif HTTP/1.1" 200 159 "http://renault.activities.at/" "Mozilla/5.0 (Windows NT 6.1; WOW64; Trident/7.0; rv:11.0) like Gecko"
212.186.92.126 - - [19/Apr/2019:13:15:21 +0200] "GET /images/favicon.ico HTTP/1.1" 404 305 "-" "Mozilla/5.0 (Windows NT 6.1; WOW64; Trident/7.0; rv:11.0) like Gecko"
212.186.92.126 - - [19/Apr/2019:13:15:21 +0200] "GET /images/header_block_corner_right_top.gif HTTP/1.1" 200 160 "http://renault.activities.at/" "Mozilla/5.0 (Windows NT 6.1; WOW64; Trident/7.0; rv:11.0) like Gecko"
212.186.92.126 - - [19/Apr/2019:13:15:21 +0200] "GET /images/main_block_corner_left_top.gif HTTP/1.1" 200 159 "http://renault.activities.at/" "Mozilla/5.0 (Windows NT 6.1; WOW64; Trident/7.0; rv:11.0) like Gecko"
212.186.92.126 - - [19/Apr/2019:13:15:21 +0200] "GET /images/title_border.jpg HTTP/1.1" 200 304 "http://renault.activities.at/" "Mozilla/5.0 (Windows NT 6.1; WOW64; Trident/7.0; rv:11.0) like Gecko"
