88.116.50.238 - - [19/Apr/2019:07:30:53 +0200] "GET /images/header_block_corner_left_top.gif HTTP/1.1" 304 - "http://renault.activities.at/result?searchterm=true&search=fruchtgummi" "Mozilla/5.0 (Windows NT 10.0; WOW64; Trident/7.0; rv:11.0) like Gecko"
88.116.50.238 - - [19/Apr/2019:07:30:53 +0200] "GET /images/main_block_corner_right_bot.gif HTTP/1.1" 304 - "http://renault.activities.at/result?searchterm=true&search=fruchtgummi" "Mozilla/5.0 (Windows NT 10.0; WOW64; Trident/7.0; rv:11.0) like Gecko"
88.116.50.238 - - [19/Apr/2019:07:30:53 +0200] "GET /images/header_block_corner_right_top.gif HTTP/1.1" 304 - "http://renault.activities.at/result?searchterm=true&search=fruchtgummi" "Mozilla/5.0 (Windows NT 10.0; WOW64; Trident/7.0; rv:11.0) like Gecko"
88.116.50.238 - - [19/Apr/2019:07:30:53 +0200] "GET /images/header_block_border.gif HTTP/1.1" 304 - "http://renault.activities.at/result?searchterm=true&search=fruchtgummi" "Mozilla/5.0 (Windows NT 10.0; WOW64; Trident/7.0; rv:11.0) like Gecko"
88.116.50.238 - - [19/Apr/2019:07:30:53 +0200] "GET /images/title_corner_right_top.jpg HTTP/1.1" 304 - "http://renault.activities.at/result?searchterm=true&search=fruchtgummi" "Mozilla/5.0 (Windows NT 10.0; WOW64; Trident/7.0; rv:11.0) like Gecko"
88.116.50.238 - - [19/Apr/2019:07:30:53 +0200] "GET /images/pager_bg.gif HTTP/1.1" 304 - "http://renault.activities.at/result?searchterm=true&search=fruchtgummi" "Mozilla/5.0 (Windows NT 10.0; WOW64; Trident/7.0; rv:11.0) like Gecko"
88.116.50.238 - - [19/Apr/2019:07:30:53 +0200] "GET /images/vista-up.gif HTTP/1.1" 304 - "http://renault.activities.at/result?searchterm=true&search=fruchtgummi" "Mozilla/5.0 (Windows NT 10.0; WOW64; Trident/7.0; rv:11.0) like Gecko"
88.116.50.238 - - [19/Apr/2019:07:30:53 +0200] "GET /images/button_right_bg.gif HTTP/1.1" 304 - "http://renault.activities.at/result?searchterm=true&search=fruchtgummi" "Mozilla/5.0 (Windows NT 10.0; WOW64; Trident/7.0; rv:11.0) like Gecko"
88.116.50.238 - - [19/Apr/2019:07:30:53 +0200] "GET /images/title_corner_left_top.jpg HTTP/1.1" 304 - "http://renault.activities.at/result?searchterm=true&search=fruchtgummi" "Mozilla/5.0 (Windows NT 10.0; WOW64; Trident/7.0; rv:11.0) like Gecko"
88.116.50.238 - - [19/Apr/2019:07:30:53 +0200] "GET /images/title_border_top.jpg HTTP/1.1" 304 - "http://renault.activities.at/result?searchterm=true&search=fruchtgummi" "Mozilla/5.0 (Windows NT 10.0; WOW64; Trident/7.0; rv:11.0) like Gecko"
88.116.50.238 - - [19/Apr/2019:07:30:53 +0200] "GET /images/button_bg.gif HTTP/1.1" 304 - "http://renault.activities.at/result?searchterm=true&search=fruchtgummi" "Mozilla/5.0 (Windows NT 10.0; WOW64; Trident/7.0; rv:11.0) like Gecko"
88.116.50.238 - - [19/Apr/2019:07:30:54 +0200] "GET /images/title_border.jpg HTTP/1.1" 304 - "http://renault.activities.at/result?searchterm=true&search=fruchtgummi" "Mozilla/5.0 (Windows NT 10.0; WOW64; Trident/7.0; rv:11.0) like Gecko"
88.116.50.238 - - [19/Apr/2019:07:30:54 +0200] "GET /images/nav_divider.gif HTTP/1.1" 304 - "http://renault.activities.at/result?searchterm=true&search=fruchtgummi" "Mozilla/5.0 (Windows NT 10.0; WOW64; Trident/7.0; rv:11.0) like Gecko"
88.116.50.238 - - [19/Apr/2019:07:30:53 +0200] "GET /loadthumbnail.php?id=11967852&width=113 HTTP/1.1" 200 2244 "http://renault.activities.at/result?searchterm=true&search=fruchtgummi" "Mozilla/5.0 (Windows NT 10.0; WOW64; Trident/7.0; rv:11.0) like Gecko"
88.116.50.238 - - [19/Apr/2019:07:30:54 +0200] "GET /images/sidebar_title_border.gif HTTP/1.1" 304 - "http://renault.activities.at/result?searchterm=true&search=fruchtgummi" "Mozilla/5.0 (Windows NT 10.0; WOW64; Trident/7.0; rv:11.0) like Gecko"
88.116.50.238 - - [19/Apr/2019:07:30:54 +0200] "GET /images/sidebar_title_border_top.gif HTTP/1.1" 304 - "http://renault.activities.at/result?searchterm=true&search=fruchtgummi" "Mozilla/5.0 (Windows NT 10.0; WOW64; Trident/7.0; rv:11.0) like Gecko"
88.116.50.238 - - [19/Apr/2019:07:30:53 +0200] "GET /loadthumbnail.php?id=11967853&width=113 HTTP/1.1" 200 2639 "http://renault.activities.at/result?searchterm=true&search=fruchtgummi" "Mozilla/5.0 (Windows NT 10.0; WOW64; Trident/7.0; rv:11.0) like Gecko"
88.116.50.238 - - [19/Apr/2019:07:30:54 +0200] "GET /images/sidebar_title_corner_left_top.gif HTTP/1.1" 304 - "http://renault.activities.at/result?searchterm=true&search=fruchtgummi" "Mozilla/5.0 (Windows NT 10.0; WOW64; Trident/7.0; rv:11.0) like Gecko"
88.116.50.238 - - [19/Apr/2019:07:30:54 +0200] "GET /images/sidebar_title_corner_right_top.gif HTTP/1.1" 304 - "http://renault.activities.at/result?searchterm=true&search=fruchtgummi" "Mozilla/5.0 (Windows NT 10.0; WOW64; Trident/7.0; rv:11.0) like Gecko"
88.116.50.238 - - [19/Apr/2019:07:30:54 +0200] "GET /images/button_left_bg.gif HTTP/1.1" 304 - "http://renault.activities.at/result?searchterm=true&search=fruchtgummi" "Mozilla/5.0 (Windows NT 10.0; WOW64; Trident/7.0; rv:11.0) like Gecko"
88.116.50.238 - - [19/Apr/2019:07:30:54 +0200] "GET /images/menu_divider.gif HTTP/1.1" 304 - "http://renault.activities.at/result?searchterm=true&search=fruchtgummi" "Mozilla/5.0 (Windows NT 10.0; WOW64; Trident/7.0; rv:11.0) like Gecko"
88.116.50.238 - - [19/Apr/2019:07:30:54 +0200] "GET /images/top_links_divider.gif HTTP/1.1" 304 - "http://renault.activities.at/result?searchterm=true&search=fruchtgummi" "Mozilla/5.0 (Windows NT 10.0; WOW64; Trident/7.0; rv:11.0) like Gecko"
88.116.50.238 - - [19/Apr/2019:07:30:54 +0200] "GET /images/menu_button_bg.jpg HTTP/1.1" 304 - "http://renault.activities.at/result?searchterm=true&search=fruchtgummi" "Mozilla/5.0 (Windows NT 10.0; WOW64; Trident/7.0; rv:11.0) like Gecko"
88.116.50.238 - - [19/Apr/2019:07:30:54 +0200] "GET /images/vista-dn.gif HTTP/1.1" 304 - "http://renault.activities.at/result?searchterm=true&search=fruchtgummi" "Mozilla/5.0 (Windows NT 10.0; WOW64; Trident/7.0; rv:11.0) like Gecko"
88.116.50.238 - - [19/Apr/2019:07:30:54 +0200] "GET /images/validation_advice_bg.gif HTTP/1.1" 304 - "http://renault.activities.at/result?searchterm=true&search=fruchtgummi" "Mozilla/5.0 (Windows NT 10.0; WOW64; Trident/7.0; rv:11.0) like Gecko"
88.116.50.238 - - [19/Apr/2019:07:30:54 +0200] "GET /images/footer_divider.gif HTTP/1.1" 304 - "http://renault.activities.at/result?searchterm=true&search=fruchtgummi" "Mozilla/5.0 (Windows NT 10.0; WOW64; Trident/7.0; rv:11.0) like Gecko"
88.116.50.238 - - [19/Apr/2019:07:30:51 +0200] "POST /axjaxrequest?mode=suggest HTTP/1.1" 200 113 "http://renault.activities.at/10260272" "Mozilla/5.0 (Windows NT 10.0; WOW64; Trident/7.0; rv:11.0) like Gecko"
88.116.50.238 - - [19/Apr/2019:07:30:56 +0200] "GET /images/vista-up-hover.gif HTTP/1.1" 200 130 "http://renault.activities.at/result?searchterm=true&search=fruchtgummi" "Mozilla/5.0 (Windows NT 10.0; WOW64; Trident/7.0; rv:11.0) like Gecko"
88.116.50.238 - - [19/Apr/2019:07:30:59 +0200] "GET /images/vista-dn-hover.gif HTTP/1.1" 200 127 "http://renault.activities.at/result?searchterm=true&search=fruchtgummi" "Mozilla/5.0 (Windows NT 10.0; WOW64; Trident/7.0; rv:11.0) like Gecko"
18.206.250.72 - - [19/Apr/2019:07:31:11 +0200] "GET /login HTTP/1.1" 200 7269 "-" "Mozilla/5.0 (Windows NT 6.1; Win64; x64) AppleWebKit/537.36 (KHTML, like Gecko) Chrome/72.0.3626.109 Safari/537.36"
193.194.132.21 - - [19/Apr/2019:07:31:29 +0200] "GET /reload?ser=1555651889186 HTTP/1.1" 200 28 "http://renault.2web.at/result?searchterm=true&search=give+away" "Mozilla/5.0 (Windows NT 10.0; WOW64; Trident/7.0; Touch; rv:11.0) like Gecko"
88.116.50.238 - - [19/Apr/2019:07:31:44 +0200] "POST /result?searchterm=true&search=fruchtgummi HTTP/1.1" 200 6319 "http://renault.activities.at/result?searchterm=true&search=fruchtgummi" "Mozilla/5.0 (Windows NT 10.0; WOW64; Trident/7.0; rv:11.0) like Gecko"
88.116.50.238 - - [19/Apr/2019:07:31:47 +0200] "GET /js/default.js HTTP/1.1" 304 - "http://renault.activities.at/result?searchterm=true&search=fruchtgummi" "Mozilla/5.0 (Windows NT 10.0; WOW64; Trident/7.0; rv:11.0) like Gecko"
88.116.50.238 - - [19/Apr/2019:07:31:47 +0200] "GET /js/prototip.js HTTP/1.1" 304 - "http://renault.activities.at/result?searchterm=true&search=fruchtgummi" "Mozilla/5.0 (Windows NT 10.0; WOW64; Trident/7.0; rv:11.0) like Gecko"
88.116.50.238 - - [19/Apr/2019:07:31:47 +0200] "GET /css/reset.css HTTP/1.1" 304 - "http://renault.activities.at/result?searchterm=true&search=fruchtgummi" "Mozilla/5.0 (Windows NT 10.0; WOW64; Trident/7.0; rv:11.0) like Gecko"
88.116.50.238 - - [19/Apr/2019:07:31:47 +0200] "GET /css/styles.css HTTP/1.1" 304 - "http://renault.activities.at/result?searchterm=true&search=fruchtgummi" "Mozilla/5.0 (Windows NT 10.0; WOW64; Trident/7.0; rv:11.0) like Gecko"
88.116.50.238 - - [19/Apr/2019:07:31:47 +0200] "GET /css/clears.css HTTP/1.1" 304 - "http://renault.activities.at/result?searchterm=true&search=fruchtgummi" "Mozilla/5.0 (Windows NT 10.0; WOW64; Trident/7.0; rv:11.0) like Gecko"
88.116.50.238 - - [19/Apr/2019:07:31:47 +0200] "GET /css/print.css HTTP/1.1" 304 - "http://renault.activities.at/result?searchterm=true&search=fruchtgummi" "Mozilla/5.0 (Windows NT 10.0; WOW64; Trident/7.0; rv:11.0) like Gecko"
88.116.50.238 - - [19/Apr/2019:07:31:47 +0200] "GET /js/checkout.css HTTP/1.1" 304 - "http://renault.activities.at/result?searchterm=true&search=fruchtgummi" "Mozilla/5.0 (Windows NT 10.0; WOW64; Trident/7.0; rv:11.0) like Gecko"
88.116.50.238 - - [19/Apr/2019:07:31:47 +0200] "GET /css/themes/default.css HTTP/1.1" 304 - "http://renault.activities.at/result?searchterm=true&search=fruchtgummi" "Mozilla/5.0 (Windows NT 10.0; WOW64; Trident/7.0; rv:11.0) like Gecko"
88.116.50.238 - - [19/Apr/2019:07:31:47 +0200] "GET /css/prototip.css HTTP/1.1" 304 - "http://renault.activities.at/result?searchterm=true&search=fruchtgummi" "Mozilla/5.0 (Windows NT 10.0; WOW64; Trident/7.0; rv:11.0) like Gecko"
88.116.50.238 - - [19/Apr/2019:07:31:47 +0200] "GET /css/themes/alphacube.css HTTP/1.1" 304 - "http://renault.activities.at/result?searchterm=true&search=fruchtgummi" "Mozilla/5.0 (Windows NT 10.0; WOW64; Trident/7.0; rv:11.0) like Gecko"
88.116.50.238 - - [19/Apr/2019:07:31:47 +0200] "GET /js/ProduktGrp.js HTTP/1.1" 304 - "http://renault.activities.at/result?searchterm=true&search=fruchtgummi" "Mozilla/5.0 (Windows NT 10.0; WOW64; Trident/7.0; rv:11.0) like Gecko"
88.116.50.238 - - [19/Apr/2019:07:31:47 +0200] "GET /images/loading.gif HTTP/1.1" 304 - "http://renault.activities.at/result?searchterm=true&search=fruchtgummi" "Mozilla/5.0 (Windows NT 10.0; WOW64; Trident/7.0; rv:11.0) like Gecko"
88.116.50.238 - - [19/Apr/2019:07:31:47 +0200] "GET /images/header_block_border.gif HTTP/1.1" 304 - "http://renault.activities.at/result?searchterm=true&search=fruchtgummi" "Mozilla/5.0 (Windows NT 10.0; WOW64; Trident/7.0; rv:11.0) like Gecko"
88.116.50.238 - - [19/Apr/2019:07:31:47 +0200] "GET /images/search_bg.gif HTTP/1.1" 304 - "http://renault.activities.at/result?searchterm=true&search=fruchtgummi" "Mozilla/5.0 (Windows NT 10.0; WOW64; Trident/7.0; rv:11.0) like Gecko"
88.116.50.238 - - [19/Apr/2019:07:31:47 +0200] "GET /images/main_block_corner_right_bot.gif HTTP/1.1" 304 - "http://renault.activities.at/result?searchterm=true&search=fruchtgummi" "Mozilla/5.0 (Windows NT 10.0; WOW64; Trident/7.0; rv:11.0) like Gecko"
88.116.50.238 - - [19/Apr/2019:07:31:47 +0200] "GET /images/main_block_border.gif HTTP/1.1" 304 - "http://renault.activities.at/result?searchterm=true&search=fruchtgummi" "Mozilla/5.0 (Windows NT 10.0; WOW64; Trident/7.0; rv:11.0) like Gecko"
88.116.50.238 - - [19/Apr/2019:07:31:47 +0200] "GET /images/main_block_corner_left_top.gif HTTP/1.1" 304 - "http://renault.activities.at/result?searchterm=true&search=fruchtgummi" "Mozilla/5.0 (Windows NT 10.0; WOW64; Trident/7.0; rv:11.0) like Gecko"
88.116.50.238 - - [19/Apr/2019:07:31:47 +0200] "GET /images/main_block_corner_right_top.gif HTTP/1.1" 304 - "http://renault.activities.at/result?searchterm=true&search=fruchtgummi" "Mozilla/5.0 (Windows NT 10.0; WOW64; Trident/7.0; rv:11.0) like Gecko"
88.116.50.238 - - [19/Apr/2019:07:31:47 +0200] "GET /images/main_block_corner_left_bot.gif HTTP/1.1" 304 - "http://renault.activities.at/result?searchterm=true&search=fruchtgummi" "Mozilla/5.0 (Windows NT 10.0; WOW64; Trident/7.0; rv:11.0) like Gecko"
88.116.50.238 - - [19/Apr/2019:07:31:47 +0200] "GET /images/header_block_corner_right_top.gif HTTP/1.1" 304 - "http://renault.activities.at/result?searchterm=true&search=fruchtgummi" "Mozilla/5.0 (Windows NT 10.0; WOW64; Trident/7.0; rv:11.0) like Gecko"
88.116.50.238 - - [19/Apr/2019:07:31:47 +0200] "GET /images/header_block_corner_left_top.gif HTTP/1.1" 304 - "http://renault.activities.at/result?searchterm=true&search=fruchtgummi" "Mozilla/5.0 (Windows NT 10.0; WOW64; Trident/7.0; rv:11.0) like Gecko"
88.116.50.238 - - [19/Apr/2019:07:31:47 +0200] "GET /images/vista-dn.gif HTTP/1.1" 304 - "http://renault.activities.at/result?searchterm=true&search=fruchtgummi" "Mozilla/5.0 (Windows NT 10.0; WOW64; Trident/7.0; rv:11.0) like Gecko"
88.116.50.238 - - [19/Apr/2019:07:31:47 +0200] "GET /images/validation_advice_bg.gif HTTP/1.1" 304 - "http://renault.activities.at/result?searchterm=true&search=fruchtgummi" "Mozilla/5.0 (Windows NT 10.0; WOW64; Trident/7.0; rv:11.0) like Gecko"
88.116.50.238 - - [19/Apr/2019:07:31:47 +0200] "GET /images/title_border.jpg HTTP/1.1" 304 - "http://renault.activities.at/result?searchterm=true&search=fruchtgummi" "Mozilla/5.0 (Windows NT 10.0; WOW64; Trident/7.0; rv:11.0) like Gecko"
88.116.50.238 - - [19/Apr/2019:07:31:47 +0200] "GET /images/title_corner_left_top.jpg HTTP/1.1" 304 - "http://renault.activities.at/result?searchterm=true&search=fruchtgummi" "Mozilla/5.0 (Windows NT 10.0; WOW64; Trident/7.0; rv:11.0) like Gecko"
88.116.50.238 - - [19/Apr/2019:07:31:47 +0200] "GET /images/sidebar_title_corner_left_top.gif HTTP/1.1" 304 - "http://renault.activities.at/result?searchterm=true&search=fruchtgummi" "Mozilla/5.0 (Windows NT 10.0; WOW64; Trident/7.0; rv:11.0) like Gecko"
88.116.50.238 - - [19/Apr/2019:07:31:47 +0200] "GET /images/vista-up.gif HTTP/1.1" 304 - "http://renault.activities.at/result?searchterm=true&search=fruchtgummi" "Mozilla/5.0 (Windows NT 10.0; WOW64; Trident/7.0; rv:11.0) like Gecko"
88.116.50.238 - - [19/Apr/2019:07:31:47 +0200] "GET /images/title_border_top.jpg HTTP/1.1" 304 - "http://renault.activities.at/result?searchterm=true&search=fruchtgummi" "Mozilla/5.0 (Windows NT 10.0; WOW64; Trident/7.0; rv:11.0) like Gecko"
88.116.50.238 - - [19/Apr/2019:07:31:47 +0200] "GET /images/success_msg_icon.gif HTTP/1.1" 200 1024 "http://renault.activities.at/result?searchterm=true&search=fruchtgummi" "Mozilla/5.0 (Windows NT 10.0; WOW64; Trident/7.0; rv:11.0) like Gecko"
88.116.50.238 - - [19/Apr/2019:07:31:47 +0200] "GET /images/pager_bg.gif HTTP/1.1" 304 - "http://renault.activities.at/result?searchterm=true&search=fruchtgummi" "Mozilla/5.0 (Windows NT 10.0; WOW64; Trident/7.0; rv:11.0) like Gecko"
88.116.50.238 - - [19/Apr/2019:07:31:47 +0200] "GET /images/title_corner_right_top.jpg HTTP/1.1" 304 - "http://renault.activities.at/result?searchterm=true&search=fruchtgummi" "Mozilla/5.0 (Windows NT 10.0; WOW64; Trident/7.0; rv:11.0) like Gecko"
88.116.50.238 - - [19/Apr/2019:07:31:47 +0200] "GET /images/sidebar_title_corner_right_top.gif HTTP/1.1" 304 - "http://renault.activities.at/result?searchterm=true&search=fruchtgummi" "Mozilla/5.0 (Windows NT 10.0; WOW64; Trident/7.0; rv:11.0) like Gecko"
88.116.50.238 - - [19/Apr/2019:07:31:47 +0200] "GET /images/button_right_bg.gif HTTP/1.1" 304 - "http://renault.activities.at/result?searchterm=true&search=fruchtgummi" "Mozilla/5.0 (Windows NT 10.0; WOW64; Trident/7.0; rv:11.0) like Gecko"
88.116.50.238 - - [19/Apr/2019:07:31:47 +0200] "GET /images/button_bg.gif HTTP/1.1" 304 - "http://renault.activities.at/result?searchterm=true&search=fruchtgummi" "Mozilla/5.0 (Windows NT 10.0; WOW64; Trident/7.0; rv:11.0) like Gecko"
88.116.50.238 - - [19/Apr/2019:07:31:47 +0200] "GET /images/top_links_divider.gif HTTP/1.1" 304 - "http://renault.activities.at/result?searchterm=true&search=fruchtgummi" "Mozilla/5.0 (Windows NT 10.0; WOW64; Trident/7.0; rv:11.0) like Gecko"
88.116.50.238 - - [19/Apr/2019:07:31:47 +0200] "GET /images/menu_divider.gif HTTP/1.1" 304 - "http://renault.activities.at/result?searchterm=true&search=fruchtgummi" "Mozilla/5.0 (Windows NT 10.0; WOW64; Trident/7.0; rv:11.0) like Gecko"
88.116.50.238 - - [19/Apr/2019:07:31:47 +0200] "GET /images/sidebar_title_border.gif HTTP/1.1" 304 - "http://renault.activities.at/result?searchterm=true&search=fruchtgummi" "Mozilla/5.0 (Windows NT 10.0; WOW64; Trident/7.0; rv:11.0) like Gecko"
88.116.50.238 - - [19/Apr/2019:07:31:47 +0200] "GET /images/button_left_bg.gif HTTP/1.1" 304 - "http://renault.activities.at/result?searchterm=true&search=fruchtgummi" "Mozilla/5.0 (Windows NT 10.0; WOW64; Trident/7.0; rv:11.0) like Gecko"
88.116.50.238 - - [19/Apr/2019:07:31:47 +0200] "GET /images/sidebar_title_border_top.gif HTTP/1.1" 304 - "http://renault.activities.at/result?searchterm=true&search=fruchtgummi" "Mozilla/5.0 (Windows NT 10.0; WOW64; Trident/7.0; rv:11.0) like Gecko"
88.116.50.238 - - [19/Apr/2019:07:31:47 +0200] "GET /images/nav_divider.gif HTTP/1.1" 304 - "http://renault.activities.at/result?searchterm=true&search=fruchtgummi" "Mozilla/5.0 (Windows NT 10.0; WOW64; Trident/7.0; rv:11.0) like Gecko"
88.116.50.238 - - [19/Apr/2019:07:31:47 +0200] "GET /images/footer_divider.gif HTTP/1.1" 304 - "http://renault.activities.at/result?searchterm=true&search=fruchtgummi" "Mozilla/5.0 (Windows NT 10.0; WOW64; Trident/7.0; rv:11.0) like Gecko"
88.116.50.238 - - [19/Apr/2019:07:31:47 +0200] "GET /images/menu_button_bg.jpg HTTP/1.1" 304 - "http://renault.activities.at/result?searchterm=true&search=fruchtgummi" "Mozilla/5.0 (Windows NT 10.0; WOW64; Trident/7.0; rv:11.0) like Gecko"
192.164.8.244 - - [19/Apr/2019:07:32:09 +0200] "GET / HTTP/1.1" 200 3510 "-" "Mozilla/5.0 (iPhone; CPU iPhone OS 12_2 like Mac OS X) AppleWebKit/605.1.15 (KHTML, like Gecko) Version/12.1 Mobile/15E148 Safari/604.1"
192.164.8.244 - - [19/Apr/2019:07:32:10 +0200] "GET /apple-touch-icon-120x120-precomposed.png HTTP/1.1" 200 1559 "-" "MobileSafari/604.1 CFNetwork/978.0.7 Darwin/18.5.0"
192.164.8.244 - - [19/Apr/2019:07:32:11 +0200] "GET /apple-touch-icon-120x120.png HTTP/1.1" 200 1559 "-" "MobileSafari/604.1 CFNetwork/978.0.7 Darwin/18.5.0"
192.164.8.244 - - [19/Apr/2019:07:32:12 +0200] "GET /apple-touch-icon-precomposed.png HTTP/1.1" 200 1559 "-" "MobileSafari/604.1 CFNetwork/978.0.7 Darwin/18.5.0"
192.164.8.244 - - [19/Apr/2019:07:32:13 +0200] "GET /apple-touch-icon.png HTTP/1.1" 200 1559 "-" "MobileSafari/604.1 CFNetwork/978.0.7 Darwin/18.5.0"
192.164.8.244 - - [19/Apr/2019:07:32:14 +0200] "GET /images/favicon.ico HTTP/1.1" 404 305 "-" "MobileSafari/604.1 CFNetwork/978.0.7 Darwin/18.5.0"
192.164.8.244 - - [19/Apr/2019:07:32:15 +0200] "GET /images/favicon.ico HTTP/1.1" 404 305 "-" "MobileSafari/604.1 CFNetwork/978.0.7 Darwin/18.5.0"
192.164.8.244 - - [19/Apr/2019:07:32:15 +0200] "GET /favicon.ico HTTP/1.1" 200 3250 "-" "MobileSafari/604.1 CFNetwork/978.0.7 Darwin/18.5.0"
192.164.8.244 - - [19/Apr/2019:07:32:15 +0200] "GET /apple-touch-icon-120x120-precomposed.png HTTP/1.1" 200 1559 "-" "MobileSafari/604.1 CFNetwork/978.0.7 Darwin/18.5.0"
192.164.8.244 - - [19/Apr/2019:07:32:16 +0200] "GET /apple-touch-icon-120x120.png HTTP/1.1" 200 1559 "-" "MobileSafari/604.1 CFNetwork/978.0.7 Darwin/18.5.0"
192.164.8.244 - - [19/Apr/2019:07:32:17 +0200] "GET /apple-touch-icon-precomposed.png HTTP/1.1" 200 1559 "-" "MobileSafari/604.1 CFNetwork/978.0.7 Darwin/18.5.0"
192.164.8.244 - - [19/Apr/2019:07:32:18 +0200] "GET /apple-touch-icon.png HTTP/1.1" 200 1559 "-" "MobileSafari/604.1 CFNetwork/978.0.7 Darwin/18.5.0"
192.164.8.244 - - [19/Apr/2019:07:32:19 +0200] "GET /images/favicon.ico HTTP/1.1" 404 305 "-" "MobileSafari/604.1 CFNetwork/978.0.7 Darwin/18.5.0"
192.164.8.244 - - [19/Apr/2019:07:32:20 +0200] "GET /images/favicon.ico HTTP/1.1" 404 305 "-" "MobileSafari/604.1 CFNetwork/978.0.7 Darwin/18.5.0"
192.164.8.244 - - [19/Apr/2019:07:32:20 +0200] "GET /favicon.ico HTTP/1.1" 200 3250 "-" "MobileSafari/604.1 CFNetwork/978.0.7 Darwin/18.5.0"
193.194.132.21 - - [19/Apr/2019:07:32:30 +0200] "GET /reload?ser=1555651950259 HTTP/1.1" 200 28 "http://renault.2web.at/result?searchterm=true&search=give+away" "Mozilla/5.0 (Windows NT 10.0; WOW64; Trident/7.0; Touch; rv:11.0) like Gecko"
88.116.50.238 - - [19/Apr/2019:07:32:47 +0200] "GET /reload?ser=1555651966753 HTTP/1.1" 200 28 "http://renault.activities.at/result?searchterm=true&search=fruchtgummi" "Mozilla/5.0 (Windows NT 10.0; WOW64; Trident/7.0; rv:11.0) like Gecko"
193.194.132.21 - - [19/Apr/2019:07:33:31 +0200] "GET /reload?ser=1555652011292 HTTP/1.1" 200 28 "http://renault.2web.at/result?searchterm=true&search=give+away" "Mozilla/5.0 (Windows NT 10.0; WOW64; Trident/7.0; Touch; rv:11.0) like Gecko"
88.116.50.238 - - [19/Apr/2019:07:33:48 +0200] "GET /reload?ser=1555652027689 HTTP/1.1" 200 28 "http://renault.activities.at/result?searchterm=true&search=fruchtgummi" "Mozilla/5.0 (Windows NT 10.0; WOW64; Trident/7.0; rv:11.0) like Gecko"
193.194.132.21 - - [19/Apr/2019:07:34:32 +0200] "GET /reload?ser=1555652072310 HTTP/1.1" 200 28 "http://renault.2web.at/result?searchterm=true&search=give+away" "Mozilla/5.0 (Windows NT 10.0; WOW64; Trident/7.0; Touch; rv:11.0) like Gecko"
88.116.50.238 - - [19/Apr/2019:07:34:49 +0200] "GET /reload?ser=1555652088689 HTTP/1.1" 200 28 "http://renault.activities.at/result?searchterm=true&search=fruchtgummi" "Mozilla/5.0 (Windows NT 10.0; WOW64; Trident/7.0; rv:11.0) like Gecko"
193.194.132.21 - - [19/Apr/2019:07:35:33 +0200] "GET /reload?ser=1555652133337 HTTP/1.1" 200 28 "http://renault.2web.at/result?searchterm=true&search=give+away" "Mozilla/5.0 (Windows NT 10.0; WOW64; Trident/7.0; Touch; rv:11.0) like Gecko"
88.116.50.238 - - [19/Apr/2019:07:35:50 +0200] "GET /reload?ser=1555652149645 HTTP/1.1" 200 28 "http://renault.activities.at/result?searchterm=true&search=fruchtgummi" "Mozilla/5.0 (Windows NT 10.0; WOW64; Trident/7.0; rv:11.0) like Gecko"
193.194.132.21 - - [19/Apr/2019:07:36:34 +0200] "GET /reload?ser=1555652194375 HTTP/1.1" 200 28 "http://renault.2web.at/result?searchterm=true&search=give+away" "Mozilla/5.0 (Windows NT 10.0; WOW64; Trident/7.0; Touch; rv:11.0) like Gecko"
88.116.50.238 - - [19/Apr/2019:07:36:51 +0200] "GET /reload?ser=1555652210596 HTTP/1.1" 200 28 "http://renault.activities.at/result?searchterm=true&search=fruchtgummi" "Mozilla/5.0 (Windows NT 10.0; WOW64; Trident/7.0; rv:11.0) like Gecko"
193.194.132.21 - - [19/Apr/2019:07:37:35 +0200] "GET /reload?ser=1555652255398 HTTP/1.1" 200 28 "http://renault.2web.at/result?searchterm=true&search=give+away" "Mozilla/5.0 (Windows NT 10.0; WOW64; Trident/7.0; Touch; rv:11.0) like Gecko"
88.116.50.238 - - [19/Apr/2019:07:37:52 +0200] "GET /reload?ser=1555652271612 HTTP/1.1" 200 28 "http://renault.activities.at/result?searchterm=true&search=fruchtgummi" "Mozilla/5.0 (Windows NT 10.0; WOW64; Trident/7.0; rv:11.0) like Gecko"
193.194.132.21 - - [19/Apr/2019:07:38:36 +0200] "GET /reload?ser=1555652316448 HTTP/1.1" 200 28 "http://renault.2web.at/result?searchterm=true&search=give+away" "Mozilla/5.0 (Windows NT 10.0; WOW64; Trident/7.0; Touch; rv:11.0) like Gecko"
88.116.50.238 - - [19/Apr/2019:07:38:53 +0200] "GET /reload?ser=1555652332599 HTTP/1.1" 200 28 "http://renault.activities.at/result?searchterm=true&search=fruchtgummi" "Mozilla/5.0 (Windows NT 10.0; WOW64; Trident/7.0; rv:11.0) like Gecko"
193.194.132.21 - - [19/Apr/2019:07:39:37 +0200] "GET /reload?ser=1555652377512 HTTP/1.1" 200 28 "http://renault.2web.at/result?searchterm=true&search=give+away" "Mozilla/5.0 (Windows NT 10.0; WOW64; Trident/7.0; Touch; rv:11.0) like Gecko"
88.116.50.238 - - [19/Apr/2019:07:39:54 +0200] "GET /reload?ser=1555652393534 HTTP/1.1" 200 28 "http://renault.activities.at/result?searchterm=true&search=fruchtgummi" "Mozilla/5.0 (Windows NT 10.0; WOW64; Trident/7.0; rv:11.0) like Gecko"
193.194.132.21 - - [19/Apr/2019:07:40:38 +0200] "GET /reload?ser=1555652438612 HTTP/1.1" 200 28 "http://renault.2web.at/result?searchterm=true&search=give+away" "Mozilla/5.0 (Windows NT 10.0; WOW64; Trident/7.0; Touch; rv:11.0) like Gecko"
88.116.50.238 - - [19/Apr/2019:07:40:55 +0200] "GET /reload?ser=1555652454488 HTTP/1.1" 200 28 "http://renault.activities.at/result?searchterm=true&search=fruchtgummi" "Mozilla/5.0 (Windows NT 10.0; WOW64; Trident/7.0; rv:11.0) like Gecko"
193.194.132.21 - - [19/Apr/2019:07:41:39 +0200] "GET /reload?ser=1555652499642 HTTP/1.1" 200 28 "http://renault.2web.at/result?searchterm=true&search=give+away" "Mozilla/5.0 (Windows NT 10.0; WOW64; Trident/7.0; Touch; rv:11.0) like Gecko"
88.116.50.238 - - [19/Apr/2019:07:41:56 +0200] "GET /reload?ser=1555652515487 HTTP/1.1" 200 28 "http://renault.activities.at/result?searchterm=true&search=fruchtgummi" "Mozilla/5.0 (Windows NT 10.0; WOW64; Trident/7.0; rv:11.0) like Gecko"
193.194.132.21 - - [19/Apr/2019:07:42:40 +0200] "GET /reload?ser=1555652560664 HTTP/1.1" 200 28 "http://renault.2web.at/result?searchterm=true&search=give+away" "Mozilla/5.0 (Windows NT 10.0; WOW64; Trident/7.0; Touch; rv:11.0) like Gecko"
88.116.50.238 - - [19/Apr/2019:07:42:49 +0200] "GET /10201442 HTTP/1.1" 200 8836 "http://renault.activities.at/result?searchterm=true&search=fruchtgummi" "Mozilla/5.0 (Windows NT 10.0; WOW64; Trident/7.0; rv:11.0) like Gecko"
88.116.50.238 - - [19/Apr/2019:07:42:53 +0200] "GET /js/default.js HTTP/1.1" 304 - "http://renault.activities.at/10201442" "Mozilla/5.0 (Windows NT 10.0; WOW64; Trident/7.0; rv:11.0) like Gecko"
88.116.50.238 - - [19/Apr/2019:07:42:53 +0200] "GET /js/prototip.js HTTP/1.1" 304 - "http://renault.activities.at/10201442" "Mozilla/5.0 (Windows NT 10.0; WOW64; Trident/7.0; rv:11.0) like Gecko"
88.116.50.238 - - [19/Apr/2019:07:42:53 +0200] "GET /css/reset.css HTTP/1.1" 304 - "http://renault.activities.at/10201442" "Mozilla/5.0 (Windows NT 10.0; WOW64; Trident/7.0; rv:11.0) like Gecko"
88.116.50.238 - - [19/Apr/2019:07:42:53 +0200] "GET /css/styles.css HTTP/1.1" 304 - "http://renault.activities.at/10201442" "Mozilla/5.0 (Windows NT 10.0; WOW64; Trident/7.0; rv:11.0) like Gecko"
88.116.50.238 - - [19/Apr/2019:07:42:53 +0200] "GET /css/clears.css HTTP/1.1" 304 - "http://renault.activities.at/10201442" "Mozilla/5.0 (Windows NT 10.0; WOW64; Trident/7.0; rv:11.0) like Gecko"
88.116.50.238 - - [19/Apr/2019:07:42:53 +0200] "GET /css/print.css HTTP/1.1" 304 - "http://renault.activities.at/10201442" "Mozilla/5.0 (Windows NT 10.0; WOW64; Trident/7.0; rv:11.0) like Gecko"
88.116.50.238 - - [19/Apr/2019:07:42:53 +0200] "GET /js/checkout.css HTTP/1.1" 304 - "http://renault.activities.at/10201442" "Mozilla/5.0 (Windows NT 10.0; WOW64; Trident/7.0; rv:11.0) like Gecko"
88.116.50.238 - - [19/Apr/2019:07:42:53 +0200] "GET /css/prototip.css HTTP/1.1" 304 - "http://renault.activities.at/10201442" "Mozilla/5.0 (Windows NT 10.0; WOW64; Trident/7.0; rv:11.0) like Gecko"
88.116.50.238 - - [19/Apr/2019:07:42:53 +0200] "GET /css/themes/default.css HTTP/1.1" 304 - "http://renault.activities.at/10201442" "Mozilla/5.0 (Windows NT 10.0; WOW64; Trident/7.0; rv:11.0) like Gecko"
88.116.50.238 - - [19/Apr/2019:07:42:53 +0200] "GET /css/themes/alphacube.css HTTP/1.1" 304 - "http://renault.activities.at/10201442" "Mozilla/5.0 (Windows NT 10.0; WOW64; Trident/7.0; rv:11.0) like Gecko"
88.116.50.238 - - [19/Apr/2019:07:42:53 +0200] "GET /js/ProduktGrp.js HTTP/1.1" 304 - "http://renault.activities.at/10201442" "Mozilla/5.0 (Windows NT 10.0; WOW64; Trident/7.0; rv:11.0) like Gecko"
88.116.50.238 - - [19/Apr/2019:07:42:53 +0200] "GET /images/loading.gif HTTP/1.1" 304 - "http://renault.activities.at/10201442" "Mozilla/5.0 (Windows NT 10.0; WOW64; Trident/7.0; rv:11.0) like Gecko"
88.116.50.238 - - [19/Apr/2019:07:42:53 +0200] "GET /loadthumbnail.php?id=10203276 HTTP/1.1" 200 75 "http://renault.activities.at/10201442" "Mozilla/5.0 (Windows NT 10.0; WOW64; Trident/7.0; rv:11.0) like Gecko"
88.116.50.238 - - [19/Apr/2019:07:42:53 +0200] "GET /loadthumbnail.php?id=11926565&width=113 HTTP/1.1" 200 28904 "http://renault.activities.at/10201442" "Mozilla/5.0 (Windows NT 10.0; WOW64; Trident/7.0; rv:11.0) like Gecko"
88.116.50.238 - - [19/Apr/2019:07:42:53 +0200] "GET /loadthumbnail.php?id=11926648&width=113 HTTP/1.1" 200 35142 "http://renault.activities.at/10201442" "Mozilla/5.0 (Windows NT 10.0; WOW64; Trident/7.0; rv:11.0) like Gecko"
88.116.50.238 - - [19/Apr/2019:07:42:53 +0200] "GET /loadthumbnail.php?id=11926581&width=113 HTTP/1.1" 200 35255 "http://renault.activities.at/10201442" "Mozilla/5.0 (Windows NT 10.0; WOW64; Trident/7.0; rv:11.0) like Gecko"
88.116.50.238 - - [19/Apr/2019:07:42:53 +0200] "GET /images/header_block_border.gif HTTP/1.1" 304 - "http://renault.activities.at/10201442" "Mozilla/5.0 (Windows NT 10.0; WOW64; Trident/7.0; rv:11.0) like Gecko"
88.116.50.238 - - [19/Apr/2019:07:42:53 +0200] "GET /loadthumbnail.php?id=11926557&width=113 HTTP/1.1" 200 36925 "http://renault.activities.at/10201442" "Mozilla/5.0 (Windows NT 10.0; WOW64; Trident/7.0; rv:11.0) like Gecko"
88.116.50.238 - - [19/Apr/2019:07:42:53 +0200] "GET /loadthumbnail.php?id=11926561&width=113 HTTP/1.1" 200 34510 "http://renault.activities.at/10201442" "Mozilla/5.0 (Windows NT 10.0; WOW64; Trident/7.0; rv:11.0) like Gecko"
88.116.50.238 - - [19/Apr/2019:07:42:53 +0200] "GET /images/main_block_corner_left_bot.gif HTTP/1.1" 304 - "http://renault.activities.at/10201442" "Mozilla/5.0 (Windows NT 10.0; WOW64; Trident/7.0; rv:11.0) like Gecko"
88.116.50.238 - - [19/Apr/2019:07:42:53 +0200] "GET /images/header_block_corner_right_top.gif HTTP/1.1" 304 - "http://renault.activities.at/10201442" "Mozilla/5.0 (Windows NT 10.0; WOW64; Trident/7.0; rv:11.0) like Gecko"
88.116.50.238 - - [19/Apr/2019:07:42:53 +0200] "GET /images/search_bg.gif HTTP/1.1" 304 - "http://renault.activities.at/10201442" "Mozilla/5.0 (Windows NT 10.0; WOW64; Trident/7.0; rv:11.0) like Gecko"
88.116.50.238 - - [19/Apr/2019:07:42:53 +0200] "GET /images/main_block_border.gif HTTP/1.1" 304 - "http://renault.activities.at/10201442" "Mozilla/5.0 (Windows NT 10.0; WOW64; Trident/7.0; rv:11.0) like Gecko"
88.116.50.238 - - [19/Apr/2019:07:42:53 +0200] "GET /images/main_block_corner_left_top.gif HTTP/1.1" 304 - "http://renault.activities.at/10201442" "Mozilla/5.0 (Windows NT 10.0; WOW64; Trident/7.0; rv:11.0) like Gecko"
88.116.50.238 - - [19/Apr/2019:07:42:53 +0200] "GET /images/main_block_corner_right_top.gif HTTP/1.1" 304 - "http://renault.activities.at/10201442" "Mozilla/5.0 (Windows NT 10.0; WOW64; Trident/7.0; rv:11.0) like Gecko"
88.116.50.238 - - [19/Apr/2019:07:42:53 +0200] "GET /images/main_block_corner_right_bot.gif HTTP/1.1" 304 - "http://renault.activities.at/10201442" "Mozilla/5.0 (Windows NT 10.0; WOW64; Trident/7.0; rv:11.0) like Gecko"
88.116.50.238 - - [19/Apr/2019:07:42:53 +0200] "GET /images/header_block_corner_left_top.gif HTTP/1.1" 304 - "http://renault.activities.at/10201442" "Mozilla/5.0 (Windows NT 10.0; WOW64; Trident/7.0; rv:11.0) like Gecko"
88.116.50.238 - - [19/Apr/2019:07:42:53 +0200] "GET /images/sidebar_title_border_top.gif HTTP/1.1" 304 - "http://renault.activities.at/10201442" "Mozilla/5.0 (Windows NT 10.0; WOW64; Trident/7.0; rv:11.0) like Gecko"
88.116.50.238 - - [19/Apr/2019:07:42:53 +0200] "GET /images/nav_divider.gif HTTP/1.1" 304 - "http://renault.activities.at/10201442" "Mozilla/5.0 (Windows NT 10.0; WOW64; Trident/7.0; rv:11.0) like Gecko"
88.116.50.238 - - [19/Apr/2019:07:42:53 +0200] "GET /images/sub_title_bg.jpg HTTP/1.1" 200 314 "http://renault.activities.at/10201442" "Mozilla/5.0 (Windows NT 10.0; WOW64; Trident/7.0; rv:11.0) like Gecko"
88.116.50.238 - - [19/Apr/2019:07:42:53 +0200] "GET /images/sidebar_title_border.gif HTTP/1.1" 304 - "http://renault.activities.at/10201442" "Mozilla/5.0 (Windows NT 10.0; WOW64; Trident/7.0; rv:11.0) like Gecko"
88.116.50.238 - - [19/Apr/2019:07:42:53 +0200] "GET /images/button_left_bg.gif HTTP/1.1" 304 - "http://renault.activities.at/10201442" "Mozilla/5.0 (Windows NT 10.0; WOW64; Trident/7.0; rv:11.0) like Gecko"
88.116.50.238 - - [19/Apr/2019:07:42:53 +0200] "GET /images/top_links_divider.gif HTTP/1.1" 304 - "http://renault.activities.at/10201442" "Mozilla/5.0 (Windows NT 10.0; WOW64; Trident/7.0; rv:11.0) like Gecko"
88.116.50.238 - - [19/Apr/2019:07:42:53 +0200] "GET /images/vista-dn.gif HTTP/1.1" 304 - "http://renault.activities.at/10201442" "Mozilla/5.0 (Windows NT 10.0; WOW64; Trident/7.0; rv:11.0) like Gecko"
88.116.50.238 - - [19/Apr/2019:07:42:53 +0200] "GET /images/menu_divider.gif HTTP/1.1" 304 - "http://renault.activities.at/10201442" "Mozilla/5.0 (Windows NT 10.0; WOW64; Trident/7.0; rv:11.0) like Gecko"
88.116.50.238 - - [19/Apr/2019:07:42:53 +0200] "GET /images/sidebar_title_corner_left_top.gif HTTP/1.1" 304 - "http://renault.activities.at/10201442" "Mozilla/5.0 (Windows NT 10.0; WOW64; Trident/7.0; rv:11.0) like Gecko"
88.116.50.238 - - [19/Apr/2019:07:42:53 +0200] "GET /images/title_corner_left_top.jpg HTTP/1.1" 304 - "http://renault.activities.at/10201442" "Mozilla/5.0 (Windows NT 10.0; WOW64; Trident/7.0; rv:11.0) like Gecko"
88.116.50.238 - - [19/Apr/2019:07:42:53 +0200] "GET /images/sidebar_title_corner_right_top.gif HTTP/1.1" 304 - "http://renault.activities.at/10201442" "Mozilla/5.0 (Windows NT 10.0; WOW64; Trident/7.0; rv:11.0) like Gecko"
88.116.50.238 - - [19/Apr/2019:07:42:53 +0200] "GET /images/button_right_bg.gif HTTP/1.1" 304 - "http://renault.activities.at/10201442" "Mozilla/5.0 (Windows NT 10.0; WOW64; Trident/7.0; rv:11.0) like Gecko"
88.116.50.238 - - [19/Apr/2019:07:42:53 +0200] "GET /images/button_bg.gif HTTP/1.1" 304 - "http://renault.activities.at/10201442" "Mozilla/5.0 (Windows NT 10.0; WOW64; Trident/7.0; rv:11.0) like Gecko"
88.116.50.238 - - [19/Apr/2019:07:42:53 +0200] "GET /images/title_border_top.jpg HTTP/1.1" 304 - "http://renault.activities.at/10201442" "Mozilla/5.0 (Windows NT 10.0; WOW64; Trident/7.0; rv:11.0) like Gecko"
88.116.50.238 - - [19/Apr/2019:07:42:53 +0200] "GET /images/pager_bg.gif HTTP/1.1" 304 - "http://renault.activities.at/10201442" "Mozilla/5.0 (Windows NT 10.0; WOW64; Trident/7.0; rv:11.0) like Gecko"
88.116.50.238 - - [19/Apr/2019:07:42:53 +0200] "GET /images/title_corner_right_top.jpg HTTP/1.1" 304 - "http://renault.activities.at/10201442" "Mozilla/5.0 (Windows NT 10.0; WOW64; Trident/7.0; rv:11.0) like Gecko"
88.116.50.238 - - [19/Apr/2019:07:42:53 +0200] "GET /images/title_border.jpg HTTP/1.1" 304 - "http://renault.activities.at/10201442" "Mozilla/5.0 (Windows NT 10.0; WOW64; Trident/7.0; rv:11.0) like Gecko"
88.116.50.238 - - [19/Apr/2019:07:42:53 +0200] "GET /images/validation_advice_bg.gif HTTP/1.1" 304 - "http://renault.activities.at/10201442" "Mozilla/5.0 (Windows NT 10.0; WOW64; Trident/7.0; rv:11.0) like Gecko"
88.116.50.238 - - [19/Apr/2019:07:42:53 +0200] "GET /images/vista-up.gif HTTP/1.1" 304 - "http://renault.activities.at/10201442" "Mozilla/5.0 (Windows NT 10.0; WOW64; Trident/7.0; rv:11.0) like Gecko"
88.116.50.238 - - [19/Apr/2019:07:42:53 +0200] "GET /images/menu_button_bg.jpg HTTP/1.1" 304 - "http://renault.activities.at/10201442" "Mozilla/5.0 (Windows NT 10.0; WOW64; Trident/7.0; rv:11.0) like Gecko"
88.116.50.238 - - [19/Apr/2019:07:42:54 +0200] "GET /images/footer_divider.gif HTTP/1.1" 304 - "http://renault.activities.at/10201442" "Mozilla/5.0 (Windows NT 10.0; WOW64; Trident/7.0; rv:11.0) like Gecko"
88.116.50.238 - - [19/Apr/2019:07:42:54 +0200] "GET /loadthumbnail.php?id=11926644&width=113 HTTP/1.1" 200 35735 "http://renault.activities.at/10201442" "Mozilla/5.0 (Windows NT 10.0; WOW64; Trident/7.0; rv:11.0) like Gecko"
88.116.50.238 - - [19/Apr/2019:07:42:54 +0200] "GET /loadthumbnail.php?id=11926666&width=113 HTTP/1.1" 200 36655 "http://renault.activities.at/10201442" "Mozilla/5.0 (Windows NT 10.0; WOW64; Trident/7.0; rv:11.0) like Gecko"
88.116.50.238 - - [19/Apr/2019:07:42:54 +0200] "GET /loadthumbnail.php?id=11926679&width=113 HTTP/1.1" 200 33362 "http://renault.activities.at/10201442" "Mozilla/5.0 (Windows NT 10.0; WOW64; Trident/7.0; rv:11.0) like Gecko"
88.116.50.238 - - [19/Apr/2019:07:42:54 +0200] "GET /loadthumbnail.php?id=11926585&width=113 HTTP/1.1" 200 37549 "http://renault.activities.at/10201442" "Mozilla/5.0 (Windows NT 10.0; WOW64; Trident/7.0; rv:11.0) like Gecko"
88.116.50.238 - - [19/Apr/2019:07:42:54 +0200] "GET /loadthumbnail.php?id=11926591&width=113 HTTP/1.1" 200 34469 "http://renault.activities.at/10201442" "Mozilla/5.0 (Windows NT 10.0; WOW64; Trident/7.0; rv:11.0) like Gecko"
88.116.50.238 - - [19/Apr/2019:07:42:54 +0200] "GET /loadthumbnail.php?id=11926552&width=113 HTTP/1.1" 200 35098 "http://renault.activities.at/10201442" "Mozilla/5.0 (Windows NT 10.0; WOW64; Trident/7.0; rv:11.0) like Gecko"
88.116.50.238 - - [19/Apr/2019:07:42:54 +0200] "GET /loadthumbnail.php?id=11926687&width=113 HTTP/1.1" 200 36764 "http://renault.activities.at/10201442" "Mozilla/5.0 (Windows NT 10.0; WOW64; Trident/7.0; rv:11.0) like Gecko"
88.116.50.238 - - [19/Apr/2019:07:42:54 +0200] "GET /loadthumbnail.php?id=11926595&width=113 HTTP/1.1" 200 34271 "http://renault.activities.at/10201442" "Mozilla/5.0 (Windows NT 10.0; WOW64; Trident/7.0; rv:11.0) like Gecko"
88.116.50.238 - - [19/Apr/2019:07:42:54 +0200] "GET /loadthumbnail.php?id=11926640&width=113 HTTP/1.1" 200 36074 "http://renault.activities.at/10201442" "Mozilla/5.0 (Windows NT 10.0; WOW64; Trident/7.0; rv:11.0) like Gecko"
88.116.50.238 - - [19/Apr/2019:07:42:54 +0200] "GET /loadthumbnail.php?id=11926683&width=113 HTTP/1.1" 200 34706 "http://renault.activities.at/10201442" "Mozilla/5.0 (Windows NT 10.0; WOW64; Trident/7.0; rv:11.0) like Gecko"
18.206.159.236 - - [19/Apr/2019:07:43:18 +0200] "GET /reload?ser=1555652515487 HTTP/1.1" 200 10166 "-" "Mozilla/5.0 (Windows NT 6.1; Win64; x64) AppleWebKit/537.36 (KHTML, like Gecko) Chrome/72.0.3626.109 Safari/537.36"
88.116.50.238 - - [19/Apr/2019:07:43:30 +0200] "GET /10260280 HTTP/1.1" 200 8816 "http://renault.activities.at/10201442" "Mozilla/5.0 (Windows NT 10.0; WOW64; Trident/7.0; rv:11.0) like Gecko"
88.116.50.238 - - [19/Apr/2019:07:43:34 +0200] "GET /js/default.js HTTP/1.1" 304 - "http://renault.activities.at/10260280" "Mozilla/5.0 (Windows NT 10.0; WOW64; Trident/7.0; rv:11.0) like Gecko"
88.116.50.238 - - [19/Apr/2019:07:43:34 +0200] "GET /js/prototip.js HTTP/1.1" 304 - "http://renault.activities.at/10260280" "Mozilla/5.0 (Windows NT 10.0; WOW64; Trident/7.0; rv:11.0) like Gecko"
88.116.50.238 - - [19/Apr/2019:07:43:34 +0200] "GET /css/reset.css HTTP/1.1" 304 - "http://renault.activities.at/10260280" "Mozilla/5.0 (Windows NT 10.0; WOW64; Trident/7.0; rv:11.0) like Gecko"
88.116.50.238 - - [19/Apr/2019:07:43:34 +0200] "GET /css/styles.css HTTP/1.1" 304 - "http://renault.activities.at/10260280" "Mozilla/5.0 (Windows NT 10.0; WOW64; Trident/7.0; rv:11.0) like Gecko"
88.116.50.238 - - [19/Apr/2019:07:43:34 +0200] "GET /css/clears.css HTTP/1.1" 304 - "http://renault.activities.at/10260280" "Mozilla/5.0 (Windows NT 10.0; WOW64; Trident/7.0; rv:11.0) like Gecko"
88.116.50.238 - - [19/Apr/2019:07:43:34 +0200] "GET /css/print.css HTTP/1.1" 304 - "http://renault.activities.at/10260280" "Mozilla/5.0 (Windows NT 10.0; WOW64; Trident/7.0; rv:11.0) like Gecko"
88.116.50.238 - - [19/Apr/2019:07:43:34 +0200] "GET /js/checkout.css HTTP/1.1" 304 - "http://renault.activities.at/10260280" "Mozilla/5.0 (Windows NT 10.0; WOW64; Trident/7.0; rv:11.0) like Gecko"
88.116.50.238 - - [19/Apr/2019:07:43:34 +0200] "GET /css/prototip.css HTTP/1.1" 304 - "http://renault.activities.at/10260280" "Mozilla/5.0 (Windows NT 10.0; WOW64; Trident/7.0; rv:11.0) like Gecko"
88.116.50.238 - - [19/Apr/2019:07:43:34 +0200] "GET /css/themes/default.css HTTP/1.1" 304 - "http://renault.activities.at/10260280" "Mozilla/5.0 (Windows NT 10.0; WOW64; Trident/7.0; rv:11.0) like Gecko"
88.116.50.238 - - [19/Apr/2019:07:43:34 +0200] "GET /css/themes/alphacube.css HTTP/1.1" 304 - "http://renault.activities.at/10260280" "Mozilla/5.0 (Windows NT 10.0; WOW64; Trident/7.0; rv:11.0) like Gecko"
88.116.50.238 - - [19/Apr/2019:07:43:34 +0200] "GET /js/ProduktGrp.js HTTP/1.1" 304 - "http://renault.activities.at/10260280" "Mozilla/5.0 (Windows NT 10.0; WOW64; Trident/7.0; rv:11.0) like Gecko"
88.116.50.238 - - [19/Apr/2019:07:43:34 +0200] "GET /images/loading.gif HTTP/1.1" 304 - "http://renault.activities.at/10260280" "Mozilla/5.0 (Windows NT 10.0; WOW64; Trident/7.0; rv:11.0) like Gecko"
88.116.50.238 - - [19/Apr/2019:07:43:34 +0200] "GET /loadthumbnail.php?id=11967857&width=113 HTTP/1.1" 200 2260 "http://renault.activities.at/10260280" "Mozilla/5.0 (Windows NT 10.0; WOW64; Trident/7.0; rv:11.0) like Gecko"
88.116.50.238 - - [19/Apr/2019:07:43:34 +0200] "GET /loadthumbnail.php?id=11760052&width=113 HTTP/1.1" 200 1991 "http://renault.activities.at/10260280" "Mozilla/5.0 (Windows NT 10.0; WOW64; Trident/7.0; rv:11.0) like Gecko"
88.116.50.238 - - [19/Apr/2019:07:43:34 +0200] "GET /images/main_block_corner_left_bot.gif HTTP/1.1" 304 - "http://renault.activities.at/10260280" "Mozilla/5.0 (Windows NT 10.0; WOW64; Trident/7.0; rv:11.0) like Gecko"
88.116.50.238 - - [19/Apr/2019:07:43:34 +0200] "GET /loadthumbnail.php?id=11760048&width=113 HTTP/1.1" 200 1991 "http://renault.activities.at/10260280" "Mozilla/5.0 (Windows NT 10.0; WOW64; Trident/7.0; rv:11.0) like Gecko"
88.116.50.238 - - [19/Apr/2019:07:43:34 +0200] "GET /loadthumbnail.php?id=11181189&width=113 HTTP/1.1" 200 1888 "http://renault.activities.at/10260280" "Mozilla/5.0 (Windows NT 10.0; WOW64; Trident/7.0; rv:11.0) like Gecko"
88.116.50.238 - - [19/Apr/2019:07:43:34 +0200] "GET /images/main_block_corner_right_bot.gif HTTP/1.1" 304 - "http://renault.activities.at/10260280" "Mozilla/5.0 (Windows NT 10.0; WOW64; Trident/7.0; rv:11.0) like Gecko"
88.116.50.238 - - [19/Apr/2019:07:43:34 +0200] "GET /loadthumbnail.php?id=10259978&width=113 HTTP/1.1" 200 1347 "http://renault.activities.at/10260280" "Mozilla/5.0 (Windows NT 10.0; WOW64; Trident/7.0; rv:11.0) like Gecko"
88.116.50.238 - - [19/Apr/2019:07:43:34 +0200] "GET /images/search_bg.gif HTTP/1.1" 304 - "http://renault.activities.at/10260280" "Mozilla/5.0 (Windows NT 10.0; WOW64; Trident/7.0; rv:11.0) like Gecko"
88.116.50.238 - - [19/Apr/2019:07:43:34 +0200] "GET /loadthumbnail.php?id=11181191&width=113 HTTP/1.1" 200 1888 "http://renault.activities.at/10260280" "Mozilla/5.0 (Windows NT 10.0; WOW64; Trident/7.0; rv:11.0) like Gecko"
88.116.50.238 - - [19/Apr/2019:07:43:34 +0200] "GET /images/main_block_border.gif HTTP/1.1" 304 - "http://renault.activities.at/10260280" "Mozilla/5.0 (Windows NT 10.0; WOW64; Trident/7.0; rv:11.0) like Gecko"
88.116.50.238 - - [19/Apr/2019:07:43:34 +0200] "GET /images/main_block_corner_left_top.gif HTTP/1.1" 304 - "http://renault.activities.at/10260280" "Mozilla/5.0 (Windows NT 10.0; WOW64; Trident/7.0; rv:11.0) like Gecko"
88.116.50.238 - - [19/Apr/2019:07:43:34 +0200] "GET /images/header_block_border.gif HTTP/1.1" 304 - "http://renault.activities.at/10260280" "Mozilla/5.0 (Windows NT 10.0; WOW64; Trident/7.0; rv:11.0) like Gecko"
88.116.50.238 - - [19/Apr/2019:07:43:34 +0200] "GET /images/main_block_corner_right_top.gif HTTP/1.1" 304 - "http://renault.activities.at/10260280" "Mozilla/5.0 (Windows NT 10.0; WOW64; Trident/7.0; rv:11.0) like Gecko"
88.116.50.238 - - [19/Apr/2019:07:43:34 +0200] "GET /images/header_block_corner_left_top.gif HTTP/1.1" 304 - "http://renault.activities.at/10260280" "Mozilla/5.0 (Windows NT 10.0; WOW64; Trident/7.0; rv:11.0) like Gecko"
88.116.50.238 - - [19/Apr/2019:07:43:34 +0200] "GET /images/header_block_corner_right_top.gif HTTP/1.1" 304 - "http://renault.activities.at/10260280" "Mozilla/5.0 (Windows NT 10.0; WOW64; Trident/7.0; rv:11.0) like Gecko"
88.116.50.238 - - [19/Apr/2019:07:43:34 +0200] "GET /images/nav_divider.gif HTTP/1.1" 304 - "http://renault.activities.at/10260280" "Mozilla/5.0 (Windows NT 10.0; WOW64; Trident/7.0; rv:11.0) like Gecko"
88.116.50.238 - - [19/Apr/2019:07:43:34 +0200] "GET /images/sidebar_title_border.gif HTTP/1.1" 304 - "http://renault.activities.at/10260280" "Mozilla/5.0 (Windows NT 10.0; WOW64; Trident/7.0; rv:11.0) like Gecko"
88.116.50.238 - - [19/Apr/2019:07:43:34 +0200] "GET /images/validation_advice_bg.gif HTTP/1.1" 304 - "http://renault.activities.at/10260280" "Mozilla/5.0 (Windows NT 10.0; WOW64; Trident/7.0; rv:11.0) like Gecko"
88.116.50.238 - - [19/Apr/2019:07:43:34 +0200] "GET /images/title_border.jpg HTTP/1.1" 304 - "http://renault.activities.at/10260280" "Mozilla/5.0 (Windows NT 10.0; WOW64; Trident/7.0; rv:11.0) like Gecko"
88.116.50.238 - - [19/Apr/2019:07:43:34 +0200] "GET /images/menu_divider.gif HTTP/1.1" 304 - "http://renault.activities.at/10260280" "Mozilla/5.0 (Windows NT 10.0; WOW64; Trident/7.0; rv:11.0) like Gecko"
88.116.50.238 - - [19/Apr/2019:07:43:34 +0200] "GET /images/title_corner_left_top.jpg HTTP/1.1" 304 - "http://renault.activities.at/10260280" "Mozilla/5.0 (Windows NT 10.0; WOW64; Trident/7.0; rv:11.0) like Gecko"
88.116.50.238 - - [19/Apr/2019:07:43:34 +0200] "GET /images/sidebar_title_corner_left_top.gif HTTP/1.1" 304 - "http://renault.activities.at/10260280" "Mozilla/5.0 (Windows NT 10.0; WOW64; Trident/7.0; rv:11.0) like Gecko"
88.116.50.238 - - [19/Apr/2019:07:43:34 +0200] "GET /images/button_left_bg.gif HTTP/1.1" 304 - "http://renault.activities.at/10260280" "Mozilla/5.0 (Windows NT 10.0; WOW64; Trident/7.0; rv:11.0) like Gecko"
88.116.50.238 - - [19/Apr/2019:07:43:34 +0200] "GET /images/sidebar_title_border_top.gif HTTP/1.1" 304 - "http://renault.activities.at/10260280" "Mozilla/5.0 (Windows NT 10.0; WOW64; Trident/7.0; rv:11.0) like Gecko"
88.116.50.238 - - [19/Apr/2019:07:43:34 +0200] "GET /images/sidebar_title_corner_right_top.gif HTTP/1.1" 304 - "http://renault.activities.at/10260280" "Mozilla/5.0 (Windows NT 10.0; WOW64; Trident/7.0; rv:11.0) like Gecko"
88.116.50.238 - - [19/Apr/2019:07:43:34 +0200] "GET /images/title_border_top.jpg HTTP/1.1" 304 - "http://renault.activities.at/10260280" "Mozilla/5.0 (Windows NT 10.0; WOW64; Trident/7.0; rv:11.0) like Gecko"
88.116.50.238 - - [19/Apr/2019:07:43:34 +0200] "GET /images/top_links_divider.gif HTTP/1.1" 304 - "http://renault.activities.at/10260280" "Mozilla/5.0 (Windows NT 10.0; WOW64; Trident/7.0; rv:11.0) like Gecko"
88.116.50.238 - - [19/Apr/2019:07:43:34 +0200] "GET /images/menu_button_bg.jpg HTTP/1.1" 304 - "http://renault.activities.at/10260280" "Mozilla/5.0 (Windows NT 10.0; WOW64; Trident/7.0; rv:11.0) like Gecko"
88.116.50.238 - - [19/Apr/2019:07:43:34 +0200] "GET /images/vista-dn.gif HTTP/1.1" 304 - "http://renault.activities.at/10260280" "Mozilla/5.0 (Windows NT 10.0; WOW64; Trident/7.0; rv:11.0) like Gecko"
88.116.50.238 - - [19/Apr/2019:07:43:34 +0200] "GET /images/vista-up.gif HTTP/1.1" 304 - "http://renault.activities.at/10260280" "Mozilla/5.0 (Windows NT 10.0; WOW64; Trident/7.0; rv:11.0) like Gecko"
88.116.50.238 - - [19/Apr/2019:07:43:34 +0200] "GET /images/pager_bg.gif HTTP/1.1" 304 - "http://renault.activities.at/10260280" "Mozilla/5.0 (Windows NT 10.0; WOW64; Trident/7.0; rv:11.0) like Gecko"
88.116.50.238 - - [19/Apr/2019:07:43:34 +0200] "GET /images/button_right_bg.gif HTTP/1.1" 304 - "http://renault.activities.at/10260280" "Mozilla/5.0 (Windows NT 10.0; WOW64; Trident/7.0; rv:11.0) like Gecko"
88.116.50.238 - - [19/Apr/2019:07:43:34 +0200] "GET /images/button_bg.gif HTTP/1.1" 304 - "http://renault.activities.at/10260280" "Mozilla/5.0 (Windows NT 10.0; WOW64; Trident/7.0; rv:11.0) like Gecko"
88.116.50.238 - - [19/Apr/2019:07:43:34 +0200] "GET /images/title_corner_right_top.jpg HTTP/1.1" 304 - "http://renault.activities.at/10260280" "Mozilla/5.0 (Windows NT 10.0; WOW64; Trident/7.0; rv:11.0) like Gecko"
88.116.50.238 - - [19/Apr/2019:07:43:34 +0200] "GET /images/footer_divider.gif HTTP/1.1" 304 - "http://renault.activities.at/10260280" "Mozilla/5.0 (Windows NT 10.0; WOW64; Trident/7.0; rv:11.0) like Gecko"
88.116.50.238 - - [19/Apr/2019:07:43:34 +0200] "GET /loadthumbnail.php?id=11181187&width=113 HTTP/1.1" 200 1532 "http://renault.activities.at/10260280" "Mozilla/5.0 (Windows NT 10.0; WOW64; Trident/7.0; rv:11.0) like Gecko"
88.116.50.238 - - [19/Apr/2019:07:43:35 +0200] "GET /loadthumbnail.php?id=11181185&width=113 HTTP/1.1" 200 1532 "http://renault.activities.at/10260280" "Mozilla/5.0 (Windows NT 10.0; WOW64; Trident/7.0; rv:11.0) like Gecko"
88.116.50.238 - - [19/Apr/2019:07:43:35 +0200] "GET /loadthumbnail.php?id=11181180&width=113 HTTP/1.1" 200 1834 "http://renault.activities.at/10260280" "Mozilla/5.0 (Windows NT 10.0; WOW64; Trident/7.0; rv:11.0) like Gecko"
88.116.50.238 - - [19/Apr/2019:07:43:35 +0200] "GET /loadthumbnail.php?id=11181178&width=113 HTTP/1.1" 200 1834 "http://renault.activities.at/10260280" "Mozilla/5.0 (Windows NT 10.0; WOW64; Trident/7.0; rv:11.0) like Gecko"
88.116.50.238 - - [19/Apr/2019:07:43:35 +0200] "GET /loadthumbnail.php?id=11186502&width=113 HTTP/1.1" 200 2016 "http://renault.activities.at/10260280" "Mozilla/5.0 (Windows NT 10.0; WOW64; Trident/7.0; rv:11.0) like Gecko"
88.116.50.238 - - [19/Apr/2019:07:43:35 +0200] "GET /loadthumbnail.php?id=11195848&width=113 HTTP/1.1" 200 2016 "http://renault.activities.at/10260280" "Mozilla/5.0 (Windows NT 10.0; WOW64; Trident/7.0; rv:11.0) like Gecko"
88.116.50.238 - - [19/Apr/2019:07:43:35 +0200] "GET /loadthumbnail.php?id=11186498&width=113 HTTP/1.1" 200 2016 "http://renault.activities.at/10260280" "Mozilla/5.0 (Windows NT 10.0; WOW64; Trident/7.0; rv:11.0) like Gecko"
88.116.50.238 - - [19/Apr/2019:07:43:35 +0200] "GET /loadthumbnail.php?id=11186518&width=113 HTTP/1.1" 200 1516 "http://renault.activities.at/10260280" "Mozilla/5.0 (Windows NT 10.0; WOW64; Trident/7.0; rv:11.0) like Gecko"
