93.83.167.130 - - [19/Apr/2019:11:29:09 +0200] "GET /images/note_msg_icon.gif HTTP/1.1" 200 1022 "http://renault.activities.at/10227786" "Mozilla/5.0 (Windows NT 6.1; WOW64; Trident/7.0; rv:11.0) like Gecko"
93.83.167.130 - - [19/Apr/2019:11:29:12 +0200] "GET /10227785 HTTP/1.1" 200 6416 "http://renault.activities.at/10227786" "Mozilla/5.0 (Windows NT 6.1; WOW64; Trident/7.0; rv:11.0) like Gecko"
93.83.167.130 - - [19/Apr/2019:11:29:14 +0200] "GET /loadthumbnail.php?id=10203650&width=113 HTTP/1.1" 200 2741 "http://renault.activities.at/10227785" "Mozilla/5.0 (Windows NT 6.1; WOW64; Trident/7.0; rv:11.0) like Gecko"
93.83.167.130 - - [19/Apr/2019:11:29:29 +0200] "GET /10260275 HTTP/1.1" 200 6408 "http://renault.activities.at/10227785" "Mozilla/5.0 (Windows NT 6.1; WOW64; Trident/7.0; rv:11.0) like Gecko"
93.83.167.130 - - [19/Apr/2019:11:29:31 +0200] "GET /loadthumbnail.php?id=10562347&width=113 HTTP/1.1" 200 4993 "http://renault.activities.at/10260275" "Mozilla/5.0 (Windows NT 6.1; WOW64; Trident/7.0; rv:11.0) like Gecko"
93.83.167.130 - - [19/Apr/2019:11:29:31 +0200] "GET /loadthumbnail.php?id=10562346&width=113 HTTP/1.1" 200 5314 "http://renault.activities.at/10260275" "Mozilla/5.0 (Windows NT 6.1; WOW64; Trident/7.0; rv:11.0) like Gecko"
213.153.47.173 - - [19/Apr/2019:11:29:34 +0200] "GET /reload?ser=1555666174030 HTTP/1.1" 200 28 "http://renault.activities.at/login?required=true" "Mozilla/5.0 (Windows NT 10.0; Win64; x64; rv:66.0) Gecko/20100101 Firefox/66.0"
193.194.132.23 - - [19/Apr/2019:11:29:33 +0200] "GET /reload?ser=1555666173672 HTTP/1.1" 200 28 "http://renault.2web.at/success" "Mozilla/5.0 (Windows NT 10.0; WOW64; Trident/7.0; Touch; rv:11.0) like Gecko"
88.116.50.238 - - [19/Apr/2019:11:29:51 +0200] "GET /reload?ser=1555666190830 HTTP/1.1" 200 28 "http://renault.activities.at/10260280?dir=DESC&mode=grid&order=name&limit=15&page=2" "Mozilla/5.0 (Windows NT 10.0; WOW64; Trident/7.0; rv:11.0) like Gecko"
93.83.167.130 - - [19/Apr/2019:11:30:31 +0200] "GET /reload?ser=1555666241532 HTTP/1.1" 200 28 "http://renault.activities.at/10260275" "Mozilla/5.0 (Windows NT 6.1; WOW64; Trident/7.0; rv:11.0) like Gecko"
213.153.47.173 - - [19/Apr/2019:11:30:34 +0200] "GET /reload?ser=1555666234690 HTTP/1.1" 200 28 "http://renault.activities.at/login?required=true" "Mozilla/5.0 (Windows NT 10.0; Win64; x64; rv:66.0) Gecko/20100101 Firefox/66.0"
193.194.132.23 - - [19/Apr/2019:11:30:34 +0200] "GET /reload?ser=1555666234738 HTTP/1.1" 200 28 "http://renault.2web.at/success" "Mozilla/5.0 (Windows NT 10.0; WOW64; Trident/7.0; Touch; rv:11.0) like Gecko"
88.116.50.238 - - [19/Apr/2019:11:30:52 +0200] "GET /reload?ser=1555666251814 HTTP/1.1" 200 28 "http://renault.activities.at/10260280?dir=DESC&mode=grid&order=name&limit=15&page=2" "Mozilla/5.0 (Windows NT 10.0; WOW64; Trident/7.0; rv:11.0) like Gecko"
93.83.167.130 - - [19/Apr/2019:11:31:32 +0200] "GET /reload?ser=1555666302464 HTTP/1.1" 200 28 "http://renault.activities.at/10260275" "Mozilla/5.0 (Windows NT 6.1; WOW64; Trident/7.0; rv:11.0) like Gecko"
213.153.47.173 - - [19/Apr/2019:11:31:35 +0200] "GET /reload?ser=1555666295351 HTTP/1.1" 200 28 "http://renault.activities.at/login?required=true" "Mozilla/5.0 (Windows NT 10.0; Win64; x64; rv:66.0) Gecko/20100101 Firefox/66.0"
193.194.132.23 - - [19/Apr/2019:11:31:35 +0200] "GET /reload?ser=1555666295816 HTTP/1.1" 200 28 "http://renault.2web.at/success" "Mozilla/5.0 (Windows NT 10.0; WOW64; Trident/7.0; Touch; rv:11.0) like Gecko"
88.116.50.238 - - [19/Apr/2019:11:31:53 +0200] "GET /reload?ser=1555666312741 HTTP/1.1" 200 28 "http://renault.activities.at/10260280?dir=DESC&mode=grid&order=name&limit=15&page=2" "Mozilla/5.0 (Windows NT 10.0; WOW64; Trident/7.0; rv:11.0) like Gecko"
93.83.167.130 - - [19/Apr/2019:11:32:33 +0200] "GET /reload?ser=1555666363458 HTTP/1.1" 200 28 "http://renault.activities.at/10260275" "Mozilla/5.0 (Windows NT 6.1; WOW64; Trident/7.0; rv:11.0) like Gecko"
40.77.167.180 - - [19/Apr/2019:11:32:34 +0200] "GET /layout.php HTTP/1.1" 200 1559 "-" "Mozilla/5.0 (iPhone; CPU iPhone OS 7_0 like Mac OS X) AppleWebKit/537.51.1 (KHTML, like Gecko) Version/7.0 Mobile/11A465 Safari/9537.53 (compatible; bingbot/2.0; +http://www.bing.com/bingbot.htm)"
213.153.47.173 - - [19/Apr/2019:11:32:36 +0200] "GET /reload?ser=1555666356022 HTTP/1.1" 200 28 "http://renault.activities.at/login?required=true" "Mozilla/5.0 (Windows NT 10.0; Win64; x64; rv:66.0) Gecko/20100101 Firefox/66.0"
193.194.132.23 - - [19/Apr/2019:11:32:37 +0200] "GET /reload?ser=1555666356894 HTTP/1.1" 200 28 "http://renault.2web.at/success" "Mozilla/5.0 (Windows NT 10.0; WOW64; Trident/7.0; Touch; rv:11.0) like Gecko"
88.116.50.238 - - [19/Apr/2019:11:32:54 +0200] "GET /reload?ser=1555666373731 HTTP/1.1" 200 28 "http://renault.activities.at/10260280?dir=DESC&mode=grid&order=name&limit=15&page=2" "Mozilla/5.0 (Windows NT 10.0; WOW64; Trident/7.0; rv:11.0) like Gecko"
93.83.167.130 - - [19/Apr/2019:11:33:34 +0200] "GET /reload?ser=1555666424451 HTTP/1.1" 200 28 "http://renault.activities.at/10260275" "Mozilla/5.0 (Windows NT 6.1; WOW64; Trident/7.0; rv:11.0) like Gecko"
213.153.47.173 - - [19/Apr/2019:11:33:36 +0200] "GET /reload?ser=1555666416703 HTTP/1.1" 200 28 "http://renault.activities.at/login?required=true" "Mozilla/5.0 (Windows NT 10.0; Win64; x64; rv:66.0) Gecko/20100101 Firefox/66.0"
193.194.132.23 - - [19/Apr/2019:11:33:38 +0200] "GET /reload?ser=1555666417953 HTTP/1.1" 200 28 "http://renault.2web.at/success" "Mozilla/5.0 (Windows NT 10.0; WOW64; Trident/7.0; Touch; rv:11.0) like Gecko"
88.116.50.238 - - [19/Apr/2019:11:33:55 +0200] "GET /reload?ser=1555666434734 HTTP/1.1" 200 28 "http://renault.activities.at/10260280?dir=DESC&mode=grid&order=name&limit=15&page=2" "Mozilla/5.0 (Windows NT 10.0; WOW64; Trident/7.0; rv:11.0) like Gecko"
93.83.167.130 - - [19/Apr/2019:11:34:35 +0200] "GET /reload?ser=1555666485433 HTTP/1.1" 200 28 "http://renault.activities.at/10260275" "Mozilla/5.0 (Windows NT 6.1; WOW64; Trident/7.0; rv:11.0) like Gecko"
213.153.47.173 - - [19/Apr/2019:11:34:37 +0200] "GET /reload?ser=1555666477354 HTTP/1.1" 200 28 "http://renault.activities.at/login?required=true" "Mozilla/5.0 (Windows NT 10.0; Win64; x64; rv:66.0) Gecko/20100101 Firefox/66.0"
193.194.132.23 - - [19/Apr/2019:11:34:39 +0200] "GET /reload?ser=1555666478993 HTTP/1.1" 200 28 "http://renault.2web.at/success" "Mozilla/5.0 (Windows NT 10.0; WOW64; Trident/7.0; Touch; rv:11.0) like Gecko"
88.116.50.238 - - [19/Apr/2019:11:34:56 +0200] "GET /reload?ser=1555666495685 HTTP/1.1" 200 28 "http://renault.activities.at/10260280?dir=DESC&mode=grid&order=name&limit=15&page=2" "Mozilla/5.0 (Windows NT 10.0; WOW64; Trident/7.0; rv:11.0) like Gecko"
93.83.167.130 - - [19/Apr/2019:11:35:36 +0200] "GET /reload?ser=1555666546460 HTTP/1.1" 200 28 "http://renault.activities.at/10260275" "Mozilla/5.0 (Windows NT 6.1; WOW64; Trident/7.0; rv:11.0) like Gecko"
213.153.47.173 - - [19/Apr/2019:11:35:38 +0200] "GET /reload?ser=1555666538031 HTTP/1.1" 200 28 "http://renault.activities.at/login?required=true" "Mozilla/5.0 (Windows NT 10.0; Win64; x64; rv:66.0) Gecko/20100101 Firefox/66.0"
193.194.132.23 - - [19/Apr/2019:11:35:39 +0200] "POST /axjaxrequest?mode=suggest HTTP/1.1" 200 21 "http://renault.2web.at/success" "Mozilla/5.0 (Windows NT 10.0; WOW64; Trident/7.0; Touch; rv:11.0) like Gecko"
193.194.132.23 - - [19/Apr/2019:11:35:41 +0200] "GET /result?searchterm=true&search=charisma%2B HTTP/1.1" 200 9594 "http://renault.2web.at/success" "Mozilla/5.0 (Windows NT 10.0; WOW64; Trident/7.0; Touch; rv:11.0) like Gecko"
193.194.132.23 - - [19/Apr/2019:11:35:41 +0200] "GET /reload?ser=1555666540062 HTTP/1.1" 200 28 "http://renault.2web.at/success" "Mozilla/5.0 (Windows NT 10.0; WOW64; Trident/7.0; Touch; rv:11.0) like Gecko"
193.194.132.23 - - [19/Apr/2019:11:35:41 +0200] "POST /axjaxrequest?mode=suggest HTTP/1.1" 200 21 "http://renault.2web.at/success" "Mozilla/5.0 (Windows NT 10.0; WOW64; Trident/7.0; Touch; rv:11.0) like Gecko"
193.194.132.23 - - [19/Apr/2019:11:35:41 +0200] "GET /checkout HTTP/1.1" 302 145 "http://renault.2web.at/result?dir=DESC&mode=grid&order=name&limit=15&page=2&search=kennzeichen" "Mozilla/5.0 (Windows NT 10.0; WOW64; Trident/7.0; Touch; rv:11.0) like Gecko"
193.194.132.23 - - [19/Apr/2019:11:35:43 +0200] "GET /result?searchterm=true&search=charisma HTTP/1.1" 200 10836 "http://renault.2web.at/success" "Mozilla/5.0 (Windows NT 10.0; WOW64; Trident/7.0; Touch; rv:11.0) like Gecko"
193.194.132.23 - - [19/Apr/2019:11:35:47 +0200] "GET /js/prototip.js HTTP/1.1" 304 - "http://renault.2web.at/result?searchterm=true&search=charisma" "Mozilla/5.0 (Windows NT 10.0; WOW64; Trident/7.0; Touch; rv:11.0) like Gecko"
193.194.132.23 - - [19/Apr/2019:11:35:47 +0200] "GET /js/index.php?c=auto&f=,prototype/prototype.js,prototype/validation.js,scriptaculous/builder.js,scriptaculous/effects.js,scriptaculous/dragdrop.js,scriptaculous/controls.js,scriptaculous/slider.js,varien/js.js,varien/form.js,varien/menu.js,mage/translate.js,mage/cookies.js,varien/product.js,spinner/SpinnerControl.jsmin.js,prototype/window.js,prototype/window_ext.js HTTP/1.1" 304 - "http://renault.2web.at/result?searchterm=true&search=charisma" "Mozilla/5.0 (Windows NT 10.0; WOW64; Trident/7.0; Touch; rv:11.0) like Gecko"
193.194.132.23 - - [19/Apr/2019:11:35:47 +0200] "GET /js/ProduktGrp.js HTTP/1.1" 304 - "http://renault.2web.at/result?searchterm=true&search=charisma" "Mozilla/5.0 (Windows NT 10.0; WOW64; Trident/7.0; Touch; rv:11.0) like Gecko"
193.194.132.23 - - [19/Apr/2019:11:35:47 +0200] "GET /loadthumbnail.php?id=11847428&width=50&height=50 HTTP/1.1" 200 1167 "http://renault.2web.at/result?searchterm=true&search=charisma" "Mozilla/5.0 (Windows NT 10.0; WOW64; Trident/7.0; Touch; rv:11.0) like Gecko"
193.194.132.23 - - [19/Apr/2019:11:35:47 +0200] "GET /loadthumbnail.php?id=11967697&width=50&height=50 HTTP/1.1" 200 1171 "http://renault.2web.at/result?searchterm=true&search=charisma" "Mozilla/5.0 (Windows NT 10.0; WOW64; Trident/7.0; Touch; rv:11.0) like Gecko"
193.194.132.23 - - [19/Apr/2019:11:35:47 +0200] "GET /loadthumbnail.php?id=11228566&width=50&height=50 HTTP/1.1" 200 1462 "http://renault.2web.at/result?searchterm=true&search=charisma" "Mozilla/5.0 (Windows NT 10.0; WOW64; Trident/7.0; Touch; rv:11.0) like Gecko"
193.194.132.23 - - [19/Apr/2019:11:35:47 +0200] "GET /loadthumbnail.php?id=11623667&width=50&height=50 HTTP/1.1" 200 1285 "http://renault.2web.at/result?searchterm=true&search=charisma" "Mozilla/5.0 (Windows NT 10.0; WOW64; Trident/7.0; Touch; rv:11.0) like Gecko"
193.194.132.23 - - [19/Apr/2019:11:35:47 +0200] "GET /loadthumbnail.php?id=11819633&width=50&height=50 HTTP/1.1" 200 1276 "http://renault.2web.at/result?searchterm=true&search=charisma" "Mozilla/5.0 (Windows NT 10.0; WOW64; Trident/7.0; Touch; rv:11.0) like Gecko"
193.194.132.23 - - [19/Apr/2019:11:35:47 +0200] "GET /loadthumbnail.php?id=11883942&width=50&height=50 HTTP/1.1" 200 1105 "http://renault.2web.at/result?searchterm=true&search=charisma" "Mozilla/5.0 (Windows NT 10.0; WOW64; Trident/7.0; Touch; rv:11.0) like Gecko"
193.194.132.23 - - [19/Apr/2019:11:35:47 +0200] "GET /loadthumbnail.php?id=11843899&width=50&height=50 HTTP/1.1" 200 1120 "http://renault.2web.at/result?searchterm=true&search=charisma" "Mozilla/5.0 (Windows NT 10.0; WOW64; Trident/7.0; Touch; rv:11.0) like Gecko"
193.194.132.23 - - [19/Apr/2019:11:35:47 +0200] "GET /loadthumbnail.php?id=11845304&width=50&height=50 HTTP/1.1" 200 1152 "http://renault.2web.at/result?searchterm=true&search=charisma" "Mozilla/5.0 (Windows NT 10.0; WOW64; Trident/7.0; Touch; rv:11.0) like Gecko"
193.194.132.23 - - [19/Apr/2019:11:35:47 +0200] "GET /loadthumbnail.php?id=11893885&width=50&height=50 HTTP/1.1" 200 1217 "http://renault.2web.at/result?searchterm=true&search=charisma" "Mozilla/5.0 (Windows NT 10.0; WOW64; Trident/7.0; Touch; rv:11.0) like Gecko"
193.194.132.23 - - [19/Apr/2019:11:35:47 +0200] "GET /loadthumbnail.php?id=11590240&width=50&height=50 HTTP/1.1" 200 1248 "http://renault.2web.at/result?searchterm=true&search=charisma" "Mozilla/5.0 (Windows NT 10.0; WOW64; Trident/7.0; Touch; rv:11.0) like Gecko"
193.194.132.23 - - [19/Apr/2019:11:35:47 +0200] "GET /loadthumbnail.php?id=11590239&width=50&height=50 HTTP/1.1" 200 1380 "http://renault.2web.at/result?searchterm=true&search=charisma" "Mozilla/5.0 (Windows NT 10.0; WOW64; Trident/7.0; Touch; rv:11.0) like Gecko"
193.194.132.23 - - [19/Apr/2019:11:35:47 +0200] "GET /loadthumbnail.php?id=11847426&width=50&height=50 HTTP/1.1" 200 1086 "http://renault.2web.at/result?searchterm=true&search=charisma" "Mozilla/5.0 (Windows NT 10.0; WOW64; Trident/7.0; Touch; rv:11.0) like Gecko"
193.194.132.23 - - [19/Apr/2019:11:35:47 +0200] "GET /loadthumbnail.php?id=12022094&width=50&height=50 HTTP/1.1" 200 1289 "http://renault.2web.at/result?searchterm=true&search=charisma" "Mozilla/5.0 (Windows NT 10.0; WOW64; Trident/7.0; Touch; rv:11.0) like Gecko"
207.46.13.154 - - [19/Apr/2019:11:35:47 +0200] "GET /checkout HTTP/1.1" 302 150 "-" "Mozilla/5.0 (compatible; bingbot/2.0; +http://www.bing.com/bingbot.htm)"
193.194.132.23 - - [19/Apr/2019:11:35:48 +0200] "GET /images/pager_bg.gif HTTP/1.1" 304 - "http://renault.2web.at/result?searchterm=true&search=charisma" "Mozilla/5.0 (Windows NT 10.0; WOW64; Trident/7.0; Touch; rv:11.0) like Gecko"
193.194.132.23 - - [19/Apr/2019:11:35:48 +0200] "GET /images/vista-dn.gif HTTP/1.1" 304 - "http://renault.2web.at/result?searchterm=true&search=charisma" "Mozilla/5.0 (Windows NT 10.0; WOW64; Trident/7.0; Touch; rv:11.0) like Gecko"
193.194.132.23 - - [19/Apr/2019:11:35:48 +0200] "GET /images/vista-up.gif HTTP/1.1" 304 - "http://renault.2web.at/result?searchterm=true&search=charisma" "Mozilla/5.0 (Windows NT 10.0; WOW64; Trident/7.0; Touch; rv:11.0) like Gecko"
193.194.132.23 - - [19/Apr/2019:11:35:48 +0200] "GET /loadthumbnail.php?id=11711048&width=50&height=50 HTTP/1.1" 200 1215 "http://renault.2web.at/result?searchterm=true&search=charisma" "Mozilla/5.0 (Windows NT 10.0; WOW64; Trident/7.0; Touch; rv:11.0) like Gecko"
193.194.132.23 - - [19/Apr/2019:11:35:48 +0200] "GET /loadthumbnail.php?id=11967701&width=50&height=50 HTTP/1.1" 200 1199 "http://renault.2web.at/result?searchterm=true&search=charisma" "Mozilla/5.0 (Windows NT 10.0; WOW64; Trident/7.0; Touch; rv:11.0) like Gecko"
193.194.132.23 - - [19/Apr/2019:11:35:48 +0200] "GET /loadthumbnail.php?id=11845305&width=50&height=50 HTTP/1.1" 200 1242 "http://renault.2web.at/result?searchterm=true&search=charisma" "Mozilla/5.0 (Windows NT 10.0; WOW64; Trident/7.0; Touch; rv:11.0) like Gecko"
193.194.132.23 - - [19/Apr/2019:11:35:48 +0200] "GET /loadthumbnail.php?id=11967700&width=50&height=50 HTTP/1.1" 200 1229 "http://renault.2web.at/result?searchterm=true&search=charisma" "Mozilla/5.0 (Windows NT 10.0; WOW64; Trident/7.0; Touch; rv:11.0) like Gecko"
193.194.132.23 - - [19/Apr/2019:11:35:48 +0200] "GET /loadthumbnail.php?id=11590243&width=50&height=50 HTTP/1.1" 200 1311 "http://renault.2web.at/result?searchterm=true&search=charisma" "Mozilla/5.0 (Windows NT 10.0; WOW64; Trident/7.0; Touch; rv:11.0) like Gecko"
193.194.132.23 - - [19/Apr/2019:11:35:48 +0200] "GET /loadthumbnail.php?id=11986825&width=50&height=50 HTTP/1.1" 200 1155 "http://renault.2web.at/result?searchterm=true&search=charisma" "Mozilla/5.0 (Windows NT 10.0; WOW64; Trident/7.0; Touch; rv:11.0) like Gecko"
193.194.132.23 - - [19/Apr/2019:11:35:48 +0200] "GET /loadthumbnail.php?id=11590242&width=50&height=50 HTTP/1.1" 200 1237 "http://renault.2web.at/result?searchterm=true&search=charisma" "Mozilla/5.0 (Windows NT 10.0; WOW64; Trident/7.0; Touch; rv:11.0) like Gecko"
193.194.132.23 - - [19/Apr/2019:11:35:48 +0200] "GET /loadthumbnail.php?id=11798476&width=50&height=50 HTTP/1.1" 200 1098 "http://renault.2web.at/result?searchterm=true&search=charisma" "Mozilla/5.0 (Windows NT 10.0; WOW64; Trident/7.0; Touch; rv:11.0) like Gecko"
193.194.132.23 - - [19/Apr/2019:11:35:48 +0200] "GET /loadthumbnail.php?id=11829073&width=50&height=50 HTTP/1.1" 200 1016 "http://renault.2web.at/result?searchterm=true&search=charisma" "Mozilla/5.0 (Windows NT 10.0; WOW64; Trident/7.0; Touch; rv:11.0) like Gecko"
193.194.132.23 - - [19/Apr/2019:11:35:48 +0200] "GET /loadthumbnail.php?id=11798477&width=50&height=50 HTTP/1.1" 200 1229 "http://renault.2web.at/result?searchterm=true&search=charisma" "Mozilla/5.0 (Windows NT 10.0; WOW64; Trident/7.0; Touch; rv:11.0) like Gecko"
193.194.132.23 - - [19/Apr/2019:11:35:48 +0200] "GET /loadthumbnail.php?id=11819635&width=50&height=50 HTTP/1.1" 200 1210 "http://renault.2web.at/result?searchterm=true&search=charisma" "Mozilla/5.0 (Windows NT 10.0; WOW64; Trident/7.0; Touch; rv:11.0) like Gecko"
193.194.132.23 - - [19/Apr/2019:11:35:48 +0200] "GET /images/loading.gif HTTP/1.1" 304 - "http://renault.2web.at/result?searchterm=true&search=charisma" "Mozilla/5.0 (Windows NT 10.0; WOW64; Trident/7.0; Touch; rv:11.0) like Gecko"
193.194.132.23 - - [19/Apr/2019:11:35:48 +0200] "GET /loadthumbnail.php?id=11895725&width=50&height=50 HTTP/1.1" 200 1180 "http://renault.2web.at/result?searchterm=true&search=charisma" "Mozilla/5.0 (Windows NT 10.0; WOW64; Trident/7.0; Touch; rv:11.0) like Gecko"
193.194.132.23 - - [19/Apr/2019:11:35:48 +0200] "GET /loadthumbnail.php?id=11127982 HTTP/1.1" 200 399614 "http://renault.2web.at/result?searchterm=true&search=charisma" "Mozilla/5.0 (Windows NT 10.0; WOW64; Trident/7.0; Touch; rv:11.0) like Gecko"
193.194.132.23 - - [19/Apr/2019:11:35:48 +0200] "GET /loadthumbnail.php?id=12018229&width=50&height=50 HTTP/1.1" 200 1112 "http://renault.2web.at/result?searchterm=true&search=charisma" "Mozilla/5.0 (Windows NT 10.0; WOW64; Trident/7.0; Touch; rv:11.0) like Gecko"
193.194.132.23 - - [19/Apr/2019:11:35:48 +0200] "GET /loadthumbnail.php?id=11819630&width=50&height=50 HTTP/1.1" 200 1142 "http://renault.2web.at/result?searchterm=true&search=charisma" "Mozilla/5.0 (Windows NT 10.0; WOW64; Trident/7.0; Touch; rv:11.0) like Gecko"
193.194.132.23 - - [19/Apr/2019:11:35:48 +0200] "GET /loadthumbnail.php?id=10915652&width=50&height=50 HTTP/1.1" 200 761 "http://renault.2web.at/result?searchterm=true&search=charisma" "Mozilla/5.0 (Windows NT 10.0; WOW64; Trident/7.0; Touch; rv:11.0) like Gecko"
193.194.132.23 - - [19/Apr/2019:11:35:48 +0200] "GET /loadthumbnail.php?id=11990631&width=50&height=50 HTTP/1.1" 200 1190 "http://renault.2web.at/result?searchterm=true&search=charisma" "Mozilla/5.0 (Windows NT 10.0; WOW64; Trident/7.0; Touch; rv:11.0) like Gecko"
193.194.132.23 - - [19/Apr/2019:11:35:48 +0200] "GET /loadthumbnail.php?id=10203651&width=50&height=50 HTTP/1.1" 200 1234 "http://renault.2web.at/result?searchterm=true&search=charisma" "Mozilla/5.0 (Windows NT 10.0; WOW64; Trident/7.0; Touch; rv:11.0) like Gecko"
193.194.132.23 - - [19/Apr/2019:11:35:48 +0200] "GET /loadthumbnail.php?id=11643691&width=50&height=50 HTTP/1.1" 200 1191 "http://renault.2web.at/result?searchterm=true&search=charisma" "Mozilla/5.0 (Windows NT 10.0; WOW64; Trident/7.0; Touch; rv:11.0) like Gecko"
193.194.132.23 - - [19/Apr/2019:11:35:48 +0200] "GET /loadthumbnail.php?id=11847427&width=50&height=50 HTTP/1.1" 200 1110 "http://renault.2web.at/result?searchterm=true&search=charisma" "Mozilla/5.0 (Windows NT 10.0; WOW64; Trident/7.0; Touch; rv:11.0) like Gecko"
193.194.132.23 - - [19/Apr/2019:11:35:48 +0200] "GET /loadthumbnail.php?id=11255648&width=50&height=50 HTTP/1.1" 200 748 "http://renault.2web.at/result?searchterm=true&search=charisma" "Mozilla/5.0 (Windows NT 10.0; WOW64; Trident/7.0; Touch; rv:11.0) like Gecko"
193.194.132.23 - - [19/Apr/2019:11:35:48 +0200] "GET /loadthumbnail.php?id=11141133&width=50&height=50 HTTP/1.1" 200 682 "http://renault.2web.at/result?searchterm=true&search=charisma" "Mozilla/5.0 (Windows NT 10.0; WOW64; Trident/7.0; Touch; rv:11.0) like Gecko"
193.194.132.23 - - [19/Apr/2019:11:35:48 +0200] "GET /loadthumbnail.php?id=10203255 HTTP/1.1" 200 137 "http://renault.2web.at/result?searchterm=true&search=charisma" "Mozilla/5.0 (Windows NT 10.0; WOW64; Trident/7.0; Touch; rv:11.0) like Gecko"
193.194.132.23 - - [19/Apr/2019:11:35:48 +0200] "GET /loadthumbnail.php?id=12022101&width=113 HTTP/1.1" 200 2582 "http://renault.2web.at/result?searchterm=true&search=charisma" "Mozilla/5.0 (Windows NT 10.0; WOW64; Trident/7.0; Touch; rv:11.0) like Gecko"
207.46.13.154 - - [19/Apr/2019:11:35:49 +0200] "GET /login?required=true HTTP/1.1" 200 2086 "-" "Mozilla/5.0 (compatible; bingbot/2.0; +http://www.bing.com/bingbot.htm)"
88.116.50.238 - - [19/Apr/2019:11:35:57 +0200] "GET /reload?ser=1555666556672 HTTP/1.1" 200 28 "http://renault.activities.at/10260280?dir=DESC&mode=grid&order=name&limit=15&page=2" "Mozilla/5.0 (Windows NT 10.0; WOW64; Trident/7.0; rv:11.0) like Gecko"
193.194.132.23 - - [19/Apr/2019:11:36:28 +0200] "GET /result?searchterm=true&search=charisma HTTP/1.1" 200 10997 "http://renault.2web.at/result?searchterm=true&search=charisma" "Mozilla/5.0 (Windows NT 10.0; WOW64; Trident/7.0; Touch; rv:11.0) like Gecko"
193.194.132.23 - - [19/Apr/2019:11:36:30 +0200] "GET /loadthumbnail.php?id=11987881&width=113 HTTP/1.1" 200 2583 "http://renault.2web.at/result?searchterm=true&search=charisma" "Mozilla/5.0 (Windows NT 10.0; WOW64; Trident/7.0; Touch; rv:11.0) like Gecko"
93.83.167.130 - - [19/Apr/2019:11:36:37 +0200] "GET /reload?ser=1555666607497 HTTP/1.1" 200 28 "http://renault.activities.at/10260275" "Mozilla/5.0 (Windows NT 6.1; WOW64; Trident/7.0; rv:11.0) like Gecko"
213.153.47.173 - - [19/Apr/2019:11:36:38 +0200] "GET /reload?ser=1555666598694 HTTP/1.1" 200 28 "http://renault.activities.at/login?required=true" "Mozilla/5.0 (Windows NT 10.0; Win64; x64; rv:66.0) Gecko/20100101 Firefox/66.0"
88.116.50.238 - - [19/Apr/2019:11:36:58 +0200] "GET /reload?ser=1555666617611 HTTP/1.1" 200 28 "http://renault.activities.at/10260280?dir=DESC&mode=grid&order=name&limit=15&page=2" "Mozilla/5.0 (Windows NT 10.0; WOW64; Trident/7.0; rv:11.0) like Gecko"
193.194.132.23 - - [19/Apr/2019:11:37:31 +0200] "GET /reload?ser=1555666650916 HTTP/1.1" 200 28 "http://renault.2web.at/result?searchterm=true&search=charisma" "Mozilla/5.0 (Windows NT 10.0; WOW64; Trident/7.0; Touch; rv:11.0) like Gecko"
93.83.167.130 - - [19/Apr/2019:11:37:38 +0200] "GET /reload?ser=1555666668469 HTTP/1.1" 200 28 "http://renault.activities.at/10260275" "Mozilla/5.0 (Windows NT 6.1; WOW64; Trident/7.0; rv:11.0) like Gecko"
213.153.47.173 - - [19/Apr/2019:11:37:39 +0200] "GET /reload?ser=1555666659364 HTTP/1.1" 200 28 "http://renault.activities.at/login?required=true" "Mozilla/5.0 (Windows NT 10.0; Win64; x64; rv:66.0) Gecko/20100101 Firefox/66.0"
88.116.50.238 - - [19/Apr/2019:11:37:59 +0200] "GET /reload?ser=1555666678565 HTTP/1.1" 200 28 "http://renault.activities.at/10260280?dir=DESC&mode=grid&order=name&limit=15&page=2" "Mozilla/5.0 (Windows NT 10.0; WOW64; Trident/7.0; rv:11.0) like Gecko"
193.194.132.23 - - [19/Apr/2019:11:38:32 +0200] "GET /reload?ser=1555666712016 HTTP/1.1" 200 28 "http://renault.2web.at/result?searchterm=true&search=charisma" "Mozilla/5.0 (Windows NT 10.0; WOW64; Trident/7.0; Touch; rv:11.0) like Gecko"
213.153.47.173 - - [19/Apr/2019:11:38:40 +0200] "GET /reload?ser=1555666720034 HTTP/1.1" 200 28 "http://renault.activities.at/login?required=true" "Mozilla/5.0 (Windows NT 10.0; Win64; x64; rv:66.0) Gecko/20100101 Firefox/66.0"
93.83.167.130 - - [19/Apr/2019:11:38:39 +0200] "GET /reload?ser=1555666729466 HTTP/1.1" 200 28 "http://renault.activities.at/10260275" "Mozilla/5.0 (Windows NT 6.1; WOW64; Trident/7.0; rv:11.0) like Gecko"
88.116.50.238 - - [19/Apr/2019:11:39:00 +0200] "GET /reload?ser=1555666739562 HTTP/1.1" 200 28 "http://renault.activities.at/10260280?dir=DESC&mode=grid&order=name&limit=15&page=2" "Mozilla/5.0 (Windows NT 10.0; WOW64; Trident/7.0; rv:11.0) like Gecko"
193.194.132.23 - - [19/Apr/2019:11:39:33 +0200] "GET /reload?ser=1555666773112 HTTP/1.1" 200 28 "http://renault.2web.at/result?searchterm=true&search=charisma" "Mozilla/5.0 (Windows NT 10.0; WOW64; Trident/7.0; Touch; rv:11.0) like Gecko"
213.153.47.173 - - [19/Apr/2019:11:39:40 +0200] "GET /reload?ser=1555666780705 HTTP/1.1" 200 28 "http://renault.activities.at/login?required=true" "Mozilla/5.0 (Windows NT 10.0; Win64; x64; rv:66.0) Gecko/20100101 Firefox/66.0"
93.83.167.130 - - [19/Apr/2019:11:39:40 +0200] "GET /reload?ser=1555666790429 HTTP/1.1" 200 28 "http://renault.activities.at/10260275" "Mozilla/5.0 (Windows NT 6.1; WOW64; Trident/7.0; rv:11.0) like Gecko"
88.116.50.238 - - [19/Apr/2019:11:40:01 +0200] "GET /reload?ser=1555666800561 HTTP/1.1" 200 28 "http://renault.activities.at/10260280?dir=DESC&mode=grid&order=name&limit=15&page=2" "Mozilla/5.0 (Windows NT 10.0; WOW64; Trident/7.0; rv:11.0) like Gecko"
193.194.132.28 - - [19/Apr/2019:11:40:34 +0200] "GET /reload?ser=1555666834193 HTTP/1.1" 200 28 "http://renault.2web.at/result?searchterm=true&search=charisma" "Mozilla/5.0 (Windows NT 10.0; WOW64; Trident/7.0; Touch; rv:11.0) like Gecko"
213.153.47.173 - - [19/Apr/2019:11:40:41 +0200] "GET /reload?ser=1555666841365 HTTP/1.1" 200 28 "http://renault.activities.at/login?required=true" "Mozilla/5.0 (Windows NT 10.0; Win64; x64; rv:66.0) Gecko/20100101 Firefox/66.0"
93.83.167.130 - - [19/Apr/2019:11:40:41 +0200] "GET /reload?ser=1555666851397 HTTP/1.1" 200 28 "http://renault.activities.at/10260275" "Mozilla/5.0 (Windows NT 6.1; WOW64; Trident/7.0; rv:11.0) like Gecko"
88.116.50.238 - - [19/Apr/2019:11:41:02 +0200] "GET /reload?ser=1555666861530 HTTP/1.1" 200 28 "http://renault.activities.at/10260280?dir=DESC&mode=grid&order=name&limit=15&page=2" "Mozilla/5.0 (Windows NT 10.0; WOW64; Trident/7.0; rv:11.0) like Gecko"
193.194.132.28 - - [19/Apr/2019:11:41:35 +0200] "GET /reload?ser=1555666895334 HTTP/1.1" 200 28 "http://renault.2web.at/result?searchterm=true&search=charisma" "Mozilla/5.0 (Windows NT 10.0; WOW64; Trident/7.0; Touch; rv:11.0) like Gecko"
213.153.47.173 - - [19/Apr/2019:11:41:42 +0200] "GET /reload?ser=1555666902025 HTTP/1.1" 200 28 "http://renault.activities.at/login?required=true" "Mozilla/5.0 (Windows NT 10.0; Win64; x64; rv:66.0) Gecko/20100101 Firefox/66.0"
88.116.50.238 - - [19/Apr/2019:11:42:03 +0200] "GET /reload?ser=1555666922532 HTTP/1.1" 200 28 "http://renault.activities.at/10260280?dir=DESC&mode=grid&order=name&limit=15&page=2" "Mozilla/5.0 (Windows NT 10.0; WOW64; Trident/7.0; rv:11.0) like Gecko"
193.194.132.28 - - [19/Apr/2019:11:42:36 +0200] "GET /reload?ser=1555666956397 HTTP/1.1" 200 28 "http://renault.2web.at/result?searchterm=true&search=charisma" "Mozilla/5.0 (Windows NT 10.0; WOW64; Trident/7.0; Touch; rv:11.0) like Gecko"
213.153.47.173 - - [19/Apr/2019:11:42:42 +0200] "GET /reload?ser=1555666962694 HTTP/1.1" 200 28 "http://renault.activities.at/login?required=true" "Mozilla/5.0 (Windows NT 10.0; Win64; x64; rv:66.0) Gecko/20100101 Firefox/66.0"
88.116.50.238 - - [19/Apr/2019:11:43:04 +0200] "GET /reload?ser=1555666983467 HTTP/1.1" 200 28 "http://renault.activities.at/10260280?dir=DESC&mode=grid&order=name&limit=15&page=2" "Mozilla/5.0 (Windows NT 10.0; WOW64; Trident/7.0; rv:11.0) like Gecko"
193.194.132.28 - - [19/Apr/2019:11:43:37 +0200] "GET /reload?ser=1555667017486 HTTP/1.1" 200 28 "http://renault.2web.at/result?searchterm=true&search=charisma" "Mozilla/5.0 (Windows NT 10.0; WOW64; Trident/7.0; Touch; rv:11.0) like Gecko"
213.153.47.173 - - [19/Apr/2019:11:43:43 +0200] "GET /reload?ser=1555667023365 HTTP/1.1" 200 28 "http://renault.activities.at/login?required=true" "Mozilla/5.0 (Windows NT 10.0; Win64; x64; rv:66.0) Gecko/20100101 Firefox/66.0"
88.116.50.238 - - [19/Apr/2019:11:44:05 +0200] "GET /reload?ser=1555667044469 HTTP/1.1" 200 28 "http://renault.activities.at/10260280?dir=DESC&mode=grid&order=name&limit=15&page=2" "Mozilla/5.0 (Windows NT 10.0; WOW64; Trident/7.0; rv:11.0) like Gecko"
193.194.132.28 - - [19/Apr/2019:11:44:38 +0200] "GET /reload?ser=1555667078573 HTTP/1.1" 200 28 "http://renault.2web.at/result?searchterm=true&search=charisma" "Mozilla/5.0 (Windows NT 10.0; WOW64; Trident/7.0; Touch; rv:11.0) like Gecko"
213.153.47.173 - - [19/Apr/2019:11:44:44 +0200] "GET /reload?ser=1555667084025 HTTP/1.1" 200 28 "http://renault.activities.at/login?required=true" "Mozilla/5.0 (Windows NT 10.0; Win64; x64; rv:66.0) Gecko/20100101 Firefox/66.0"
88.116.50.238 - - [19/Apr/2019:11:45:06 +0200] "GET /reload?ser=1555667105435 HTTP/1.1" 200 28 "http://renault.activities.at/10260280?dir=DESC&mode=grid&order=name&limit=15&page=2" "Mozilla/5.0 (Windows NT 10.0; WOW64; Trident/7.0; rv:11.0) like Gecko"
193.194.132.28 - - [19/Apr/2019:11:45:39 +0200] "GET /reload?ser=1555667139618 HTTP/1.1" 200 28 "http://renault.2web.at/result?searchterm=true&search=charisma" "Mozilla/5.0 (Windows NT 10.0; WOW64; Trident/7.0; Touch; rv:11.0) like Gecko"
213.153.47.173 - - [19/Apr/2019:11:45:44 +0200] "GET /reload?ser=1555667144680 HTTP/1.1" 200 28 "http://renault.activities.at/login?required=true" "Mozilla/5.0 (Windows NT 10.0; Win64; x64; rv:66.0) Gecko/20100101 Firefox/66.0"
88.116.50.238 - - [19/Apr/2019:11:46:07 +0200] "GET /reload?ser=1555667166419 HTTP/1.1" 200 28 "http://renault.activities.at/10260280?dir=DESC&mode=grid&order=name&limit=15&page=2" "Mozilla/5.0 (Windows NT 10.0; WOW64; Trident/7.0; rv:11.0) like Gecko"
193.194.132.28 - - [19/Apr/2019:11:46:40 +0200] "GET /reload?ser=1555667200660 HTTP/1.1" 200 28 "http://renault.2web.at/result?searchterm=true&search=charisma" "Mozilla/5.0 (Windows NT 10.0; WOW64; Trident/7.0; Touch; rv:11.0) like Gecko"
213.153.47.173 - - [19/Apr/2019:11:46:45 +0200] "GET /reload?ser=1555667205346 HTTP/1.1" 200 28 "http://renault.activities.at/login?required=true" "Mozilla/5.0 (Windows NT 10.0; Win64; x64; rv:66.0) Gecko/20100101 Firefox/66.0"
88.116.50.238 - - [19/Apr/2019:11:47:08 +0200] "GET /reload?ser=1555667227421 HTTP/1.1" 200 28 "http://renault.activities.at/10260280?dir=DESC&mode=grid&order=name&limit=15&page=2" "Mozilla/5.0 (Windows NT 10.0; WOW64; Trident/7.0; rv:11.0) like Gecko"
193.194.132.28 - - [19/Apr/2019:11:47:41 +0200] "GET /reload?ser=1555667261760 HTTP/1.1" 200 28 "http://renault.2web.at/result?searchterm=true&search=charisma" "Mozilla/5.0 (Windows NT 10.0; WOW64; Trident/7.0; Touch; rv:11.0) like Gecko"
213.153.47.173 - - [19/Apr/2019:11:47:46 +0200] "GET /reload?ser=1555667266010 HTTP/1.1" 200 28 "http://renault.activities.at/login?required=true" "Mozilla/5.0 (Windows NT 10.0; Win64; x64; rv:66.0) Gecko/20100101 Firefox/66.0"
88.116.50.238 - - [19/Apr/2019:11:48:09 +0200] "GET /reload?ser=1555667288616 HTTP/1.1" 200 28 "http://renault.activities.at/10260280?dir=DESC&mode=grid&order=name&limit=15&page=2" "Mozilla/5.0 (Windows NT 10.0; WOW64; Trident/7.0; rv:11.0) like Gecko"
34.208.235.9 - - [19/Apr/2019:11:48:16 +0200] "GET /reload?ser=1555667227421 HTTP/1.1" 200 10166 "-" "Mozilla/5.0 (Windows NT 6.1; Win64; x64) AppleWebKit/537.36 (KHTML, like Gecko) Chrome/72.0.3626.109 Safari/537.36"
193.194.132.28 - - [19/Apr/2019:11:48:42 +0200] "GET /reload?ser=1555667322837 HTTP/1.1" 200 28 "http://renault.2web.at/result?searchterm=true&search=charisma" "Mozilla/5.0 (Windows NT 10.0; WOW64; Trident/7.0; Touch; rv:11.0) like Gecko"
213.153.47.173 - - [19/Apr/2019:11:48:46 +0200] "GET /reload?ser=1555667326685 HTTP/1.1" 200 28 "http://renault.activities.at/login?required=true" "Mozilla/5.0 (Windows NT 10.0; Win64; x64; rv:66.0) Gecko/20100101 Firefox/66.0"
88.116.50.238 - - [19/Apr/2019:11:49:10 +0200] "GET /reload?ser=1555667349630 HTTP/1.1" 200 28 "http://renault.activities.at/10260280?dir=DESC&mode=grid&order=name&limit=15&page=2" "Mozilla/5.0 (Windows NT 10.0; WOW64; Trident/7.0; rv:11.0) like Gecko"
193.194.132.28 - - [19/Apr/2019:11:49:44 +0200] "GET /reload?ser=1555667383892 HTTP/1.1" 200 28 "http://renault.2web.at/result?searchterm=true&search=charisma" "Mozilla/5.0 (Windows NT 10.0; WOW64; Trident/7.0; Touch; rv:11.0) like Gecko"
213.153.47.173 - - [19/Apr/2019:11:49:47 +0200] "GET /reload?ser=1555667387355 HTTP/1.1" 200 28 "http://renault.activities.at/login?required=true" "Mozilla/5.0 (Windows NT 10.0; Win64; x64; rv:66.0) Gecko/20100101 Firefox/66.0"
88.116.50.238 - - [19/Apr/2019:11:50:12 +0200] "GET /reload?ser=1555667411630 HTTP/1.1" 200 28 "http://renault.activities.at/10260280?dir=DESC&mode=grid&order=name&limit=15&page=2" "Mozilla/5.0 (Windows NT 10.0; WOW64; Trident/7.0; rv:11.0) like Gecko"
193.194.132.28 - - [19/Apr/2019:11:50:45 +0200] "GET /reload?ser=1555667444954 HTTP/1.1" 200 28 "http://renault.2web.at/result?searchterm=true&search=charisma" "Mozilla/5.0 (Windows NT 10.0; WOW64; Trident/7.0; Touch; rv:11.0) like Gecko"
213.153.47.173 - - [19/Apr/2019:11:50:48 +0200] "GET /reload?ser=1555667448025 HTTP/1.1" 200 28 "http://renault.activities.at/login?required=true" "Mozilla/5.0 (Windows NT 10.0; Win64; x64; rv:66.0) Gecko/20100101 Firefox/66.0"
88.116.50.238 - - [19/Apr/2019:11:51:13 +0200] "GET /reload?ser=1555667472632 HTTP/1.1" 200 28 "http://renault.activities.at/10260280?dir=DESC&mode=grid&order=name&limit=15&page=2" "Mozilla/5.0 (Windows NT 10.0; WOW64; Trident/7.0; rv:11.0) like Gecko"
193.194.132.28 - - [19/Apr/2019:11:51:46 +0200] "GET /reload?ser=1555667506012 HTTP/1.1" 200 28 "http://renault.2web.at/result?searchterm=true&search=charisma" "Mozilla/5.0 (Windows NT 10.0; WOW64; Trident/7.0; Touch; rv:11.0) like Gecko"
213.153.47.173 - - [19/Apr/2019:11:51:48 +0200] "GET /reload?ser=1555667508690 HTTP/1.1" 200 28 "http://renault.activities.at/login?required=true" "Mozilla/5.0 (Windows NT 10.0; Win64; x64; rv:66.0) Gecko/20100101 Firefox/66.0"
88.116.50.238 - - [19/Apr/2019:11:52:14 +0200] "GET /reload?ser=1555667533628 HTTP/1.1" 200 28 "http://renault.activities.at/10260280?dir=DESC&mode=grid&order=name&limit=15&page=2" "Mozilla/5.0 (Windows NT 10.0; WOW64; Trident/7.0; rv:11.0) like Gecko"
193.194.132.28 - - [19/Apr/2019:11:52:47 +0200] "GET /reload?ser=1555667567104 HTTP/1.1" 200 28 "http://renault.2web.at/result?searchterm=true&search=charisma" "Mozilla/5.0 (Windows NT 10.0; WOW64; Trident/7.0; Touch; rv:11.0) like Gecko"
213.153.47.173 - - [19/Apr/2019:11:52:49 +0200] "GET /reload?ser=1555667569355 HTTP/1.1" 200 28 "http://renault.activities.at/login?required=true" "Mozilla/5.0 (Windows NT 10.0; Win64; x64; rv:66.0) Gecko/20100101 Firefox/66.0"
88.116.50.238 - - [19/Apr/2019:11:53:15 +0200] "GET /reload?ser=1555667594639 HTTP/1.1" 200 28 "http://renault.activities.at/10260280?dir=DESC&mode=grid&order=name&limit=15&page=2" "Mozilla/5.0 (Windows NT 10.0; WOW64; Trident/7.0; rv:11.0) like Gecko"
193.194.132.28 - - [19/Apr/2019:11:53:48 +0200] "GET /reload?ser=1555667628185 HTTP/1.1" 200 28 "http://renault.2web.at/result?searchterm=true&search=charisma" "Mozilla/5.0 (Windows NT 10.0; WOW64; Trident/7.0; Touch; rv:11.0) like Gecko"
213.153.47.173 - - [19/Apr/2019:11:53:50 +0200] "GET /reload?ser=1555667630025 HTTP/1.1" 200 28 "http://renault.activities.at/login?required=true" "Mozilla/5.0 (Windows NT 10.0; Win64; x64; rv:66.0) Gecko/20100101 Firefox/66.0"
88.116.50.238 - - [19/Apr/2019:11:54:16 +0200] "GET /reload?ser=1555667655595 HTTP/1.1" 200 28 "http://renault.activities.at/10260280?dir=DESC&mode=grid&order=name&limit=15&page=2" "Mozilla/5.0 (Windows NT 10.0; WOW64; Trident/7.0; rv:11.0) like Gecko"
193.194.132.28 - - [19/Apr/2019:11:54:49 +0200] "GET /reload?ser=1555667689276 HTTP/1.1" 200 28 "http://renault.2web.at/result?searchterm=true&search=charisma" "Mozilla/5.0 (Windows NT 10.0; WOW64; Trident/7.0; Touch; rv:11.0) like Gecko"
213.153.47.173 - - [19/Apr/2019:11:54:50 +0200] "GET /reload?ser=1555667690695 HTTP/1.1" 200 28 "http://renault.activities.at/login?required=true" "Mozilla/5.0 (Windows NT 10.0; Win64; x64; rv:66.0) Gecko/20100101 Firefox/66.0"
88.116.50.238 - - [19/Apr/2019:11:55:17 +0200] "GET /reload?ser=1555667716527 HTTP/1.1" 200 28 "http://renault.activities.at/10260280?dir=DESC&mode=grid&order=name&limit=15&page=2" "Mozilla/5.0 (Windows NT 10.0; WOW64; Trident/7.0; rv:11.0) like Gecko"
193.194.132.28 - - [19/Apr/2019:11:55:50 +0200] "GET /reload?ser=1555667750318 HTTP/1.1" 200 28 "http://renault.2web.at/result?searchterm=true&search=charisma" "Mozilla/5.0 (Windows NT 10.0; WOW64; Trident/7.0; Touch; rv:11.0) like Gecko"
213.153.47.173 - - [19/Apr/2019:11:55:51 +0200] "GET /reload?ser=1555667751365 HTTP/1.1" 200 28 "http://renault.activities.at/login?required=true" "Mozilla/5.0 (Windows NT 10.0; Win64; x64; rv:66.0) Gecko/20100101 Firefox/66.0"
88.116.50.238 - - [19/Apr/2019:11:56:18 +0200] "GET /reload?ser=1555667777532 HTTP/1.1" 200 28 "http://renault.activities.at/10260280?dir=DESC&mode=grid&order=name&limit=15&page=2" "Mozilla/5.0 (Windows NT 10.0; WOW64; Trident/7.0; rv:11.0) like Gecko"
193.194.132.28 - - [19/Apr/2019:11:56:51 +0200] "GET /reload?ser=1555667811405 HTTP/1.1" 200 28 "http://renault.2web.at/result?searchterm=true&search=charisma" "Mozilla/5.0 (Windows NT 10.0; WOW64; Trident/7.0; Touch; rv:11.0) like Gecko"
213.153.47.173 - - [19/Apr/2019:11:56:52 +0200] "GET /reload?ser=1555667812024 HTTP/1.1" 200 28 "http://renault.activities.at/login?required=true" "Mozilla/5.0 (Windows NT 10.0; Win64; x64; rv:66.0) Gecko/20100101 Firefox/66.0"
88.116.50.238 - - [19/Apr/2019:11:57:19 +0200] "GET /reload?ser=1555667838514 HTTP/1.1" 200 28 "http://renault.activities.at/10260280?dir=DESC&mode=grid&order=name&limit=15&page=2" "Mozilla/5.0 (Windows NT 10.0; WOW64; Trident/7.0; rv:11.0) like Gecko"
213.153.47.173 - - [19/Apr/2019:11:57:52 +0200] "GET /reload?ser=1555667872684 HTTP/1.1" 200 28 "http://renault.activities.at/login?required=true" "Mozilla/5.0 (Windows NT 10.0; Win64; x64; rv:66.0) Gecko/20100101 Firefox/66.0"
193.194.132.28 - - [19/Apr/2019:11:57:52 +0200] "GET /reload?ser=1555667872429 HTTP/1.1" 200 28 "http://renault.2web.at/result?searchterm=true&search=charisma" "Mozilla/5.0 (Windows NT 10.0; WOW64; Trident/7.0; Touch; rv:11.0) like Gecko"
88.116.50.238 - - [19/Apr/2019:11:58:20 +0200] "GET /reload?ser=1555667899516 HTTP/1.1" 200 28 "http://renault.activities.at/10260280?dir=DESC&mode=grid&order=name&limit=15&page=2" "Mozilla/5.0 (Windows NT 10.0; WOW64; Trident/7.0; rv:11.0) like Gecko"
213.153.47.173 - - [19/Apr/2019:11:58:53 +0200] "GET /reload?ser=1555667933365 HTTP/1.1" 200 28 "http://renault.activities.at/login?required=true" "Mozilla/5.0 (Windows NT 10.0; Win64; x64; rv:66.0) Gecko/20100101 Firefox/66.0"
193.194.132.28 - - [19/Apr/2019:11:58:53 +0200] "GET /reload?ser=1555667933503 HTTP/1.1" 200 28 "http://renault.2web.at/result?searchterm=true&search=charisma" "Mozilla/5.0 (Windows NT 10.0; WOW64; Trident/7.0; Touch; rv:11.0) like Gecko"
88.116.50.238 - - [19/Apr/2019:11:59:21 +0200] "GET /reload?ser=1555667960480 HTTP/1.1" 200 28 "http://renault.activities.at/10260280?dir=DESC&mode=grid&order=name&limit=15&page=2" "Mozilla/5.0 (Windows NT 10.0; WOW64; Trident/7.0; rv:11.0) like Gecko"
213.153.47.173 - - [19/Apr/2019:11:59:54 +0200] "GET /reload?ser=1555667994035 HTTP/1.1" 200 28 "http://renault.activities.at/login?required=true" "Mozilla/5.0 (Windows NT 10.0; Win64; x64; rv:66.0) Gecko/20100101 Firefox/66.0"
193.194.132.28 - - [19/Apr/2019:11:59:54 +0200] "GET /reload?ser=1555667994578 HTTP/1.1" 200 28 "http://renault.2web.at/result?searchterm=true&search=charisma" "Mozilla/5.0 (Windows NT 10.0; WOW64; Trident/7.0; Touch; rv:11.0) like Gecko"
88.116.50.238 - - [19/Apr/2019:12:00:22 +0200] "GET /reload?ser=1555668021496 HTTP/1.1" 200 28 "http://renault.activities.at/10260280?dir=DESC&mode=grid&order=name&limit=15&page=2" "Mozilla/5.0 (Windows NT 10.0; WOW64; Trident/7.0; rv:11.0) like Gecko"
213.153.47.173 - - [19/Apr/2019:12:00:54 +0200] "GET /reload?ser=1555668054705 HTTP/1.1" 200 28 "http://renault.activities.at/login?required=true" "Mozilla/5.0 (Windows NT 10.0; Win64; x64; rv:66.0) Gecko/20100101 Firefox/66.0"
193.194.132.28 - - [19/Apr/2019:12:00:55 +0200] "GET /reload?ser=1555668055655 HTTP/1.1" 200 28 "http://renault.2web.at/result?searchterm=true&search=charisma" "Mozilla/5.0 (Windows NT 10.0; WOW64; Trident/7.0; Touch; rv:11.0) like Gecko"
88.116.50.238 - - [19/Apr/2019:12:01:23 +0200] "GET /reload?ser=1555668082480 HTTP/1.1" 200 28 "http://renault.activities.at/10260280?dir=DESC&mode=grid&order=name&limit=15&page=2" "Mozilla/5.0 (Windows NT 10.0; WOW64; Trident/7.0; rv:11.0) like Gecko"
213.153.47.173 - - [19/Apr/2019:12:01:55 +0200] "GET /reload?ser=1555668115374 HTTP/1.1" 200 28 "http://renault.activities.at/login?required=true" "Mozilla/5.0 (Windows NT 10.0; Win64; x64; rv:66.0) Gecko/20100101 Firefox/66.0"
193.194.132.28 - - [19/Apr/2019:12:01:56 +0200] "GET /reload?ser=1555668116715 HTTP/1.1" 200 28 "http://renault.2web.at/result?searchterm=true&search=charisma" "Mozilla/5.0 (Windows NT 10.0; WOW64; Trident/7.0; Touch; rv:11.0) like Gecko"
88.116.50.238 - - [19/Apr/2019:12:02:24 +0200] "GET /reload?ser=1555668143481 HTTP/1.1" 200 28 "http://renault.activities.at/10260280?dir=DESC&mode=grid&order=name&limit=15&page=2" "Mozilla/5.0 (Windows NT 10.0; WOW64; Trident/7.0; rv:11.0) like Gecko"
213.153.47.173 - - [19/Apr/2019:12:02:56 +0200] "GET /reload?ser=1555668176035 HTTP/1.1" 200 28 "http://renault.activities.at/login?required=true" "Mozilla/5.0 (Windows NT 10.0; Win64; x64; rv:66.0) Gecko/20100101 Firefox/66.0"
193.194.132.28 - - [19/Apr/2019:12:02:57 +0200] "GET /reload?ser=1555668177801 HTTP/1.1" 200 28 "http://renault.2web.at/result?searchterm=true&search=charisma" "Mozilla/5.0 (Windows NT 10.0; WOW64; Trident/7.0; Touch; rv:11.0) like Gecko"
88.116.50.238 - - [19/Apr/2019:12:03:25 +0200] "GET /reload?ser=1555668204642 HTTP/1.1" 200 28 "http://renault.activities.at/10260280?dir=DESC&mode=grid&order=name&limit=15&page=2" "Mozilla/5.0 (Windows NT 10.0; WOW64; Trident/7.0; rv:11.0) like Gecko"
213.153.47.173 - - [19/Apr/2019:12:03:56 +0200] "GET /reload?ser=1555668236704 HTTP/1.1" 200 28 "http://renault.activities.at/login?required=true" "Mozilla/5.0 (Windows NT 10.0; Win64; x64; rv:66.0) Gecko/20100101 Firefox/66.0"
18.206.100.205 - - [19/Apr/2019:12:03:59 +0200] "GET /reload?ser=1555668143481 HTTP/1.1" 200 10166 "-" "Mozilla/5.0 (Windows NT 6.1; Win64; x64) AppleWebKit/537.36 (KHTML, like Gecko) Chrome/72.0.3626.109 Safari/537.36"
193.194.132.28 - - [19/Apr/2019:12:03:58 +0200] "GET /reload?ser=1555668238864 HTTP/1.1" 200 28 "http://renault.2web.at/result?searchterm=true&search=charisma" "Mozilla/5.0 (Windows NT 10.0; WOW64; Trident/7.0; Touch; rv:11.0) like Gecko"
88.116.50.238 - - [19/Apr/2019:12:04:26 +0200] "GET /reload?ser=1555668265626 HTTP/1.1" 200 28 "http://renault.activities.at/10260280?dir=DESC&mode=grid&order=name&limit=15&page=2" "Mozilla/5.0 (Windows NT 10.0; WOW64; Trident/7.0; rv:11.0) like Gecko"
213.153.47.173 - - [19/Apr/2019:12:04:57 +0200] "GET /reload?ser=1555668297365 HTTP/1.1" 200 28 "http://renault.activities.at/login?required=true" "Mozilla/5.0 (Windows NT 10.0; Win64; x64; rv:66.0) Gecko/20100101 Firefox/66.0"
193.194.132.28 - - [19/Apr/2019:12:05:00 +0200] "GET /reload?ser=1555668299954 HTTP/1.1" 200 28 "http://renault.2web.at/result?searchterm=true&search=charisma" "Mozilla/5.0 (Windows NT 10.0; WOW64; Trident/7.0; Touch; rv:11.0) like Gecko"
88.116.50.238 - - [19/Apr/2019:12:05:27 +0200] "GET /reload?ser=1555668326599 HTTP/1.1" 200 28 "http://renault.activities.at/10260280?dir=DESC&mode=grid&order=name&limit=15&page=2" "Mozilla/5.0 (Windows NT 10.0; WOW64; Trident/7.0; rv:11.0) like Gecko"
213.153.47.173 - - [19/Apr/2019:12:05:58 +0200] "GET /reload?ser=1555668358033 HTTP/1.1" 200 28 "http://renault.activities.at/login?required=true" "Mozilla/5.0 (Windows NT 10.0; Win64; x64; rv:66.0) Gecko/20100101 Firefox/66.0"
193.194.132.28 - - [19/Apr/2019:12:06:01 +0200] "GET /reload?ser=1555668361009 HTTP/1.1" 200 28 "http://renault.2web.at/result?searchterm=true&search=charisma" "Mozilla/5.0 (Windows NT 10.0; WOW64; Trident/7.0; Touch; rv:11.0) like Gecko"
88.116.50.238 - - [19/Apr/2019:12:06:28 +0200] "GET /reload?ser=1555668387531 HTTP/1.1" 200 28 "http://renault.activities.at/10260280?dir=DESC&mode=grid&order=name&limit=15&page=2" "Mozilla/5.0 (Windows NT 10.0; WOW64; Trident/7.0; rv:11.0) like Gecko"
213.153.47.173 - - [19/Apr/2019:12:06:58 +0200] "GET /reload?ser=1555668418693 HTTP/1.1" 200 28 "http://renault.activities.at/login?required=true" "Mozilla/5.0 (Windows NT 10.0; Win64; x64; rv:66.0) Gecko/20100101 Firefox/66.0"
193.194.132.28 - - [19/Apr/2019:12:07:03 +0200] "GET /reload?ser=1555668423093 HTTP/1.1" 200 28 "http://renault.2web.at/result?searchterm=true&search=charisma" "Mozilla/5.0 (Windows NT 10.0; WOW64; Trident/7.0; Touch; rv:11.0) like Gecko"
88.116.50.238 - - [19/Apr/2019:12:07:29 +0200] "GET /reload?ser=1555668448487 HTTP/1.1" 200 28 "http://renault.activities.at/10260280?dir=DESC&mode=grid&order=name&limit=15&page=2" "Mozilla/5.0 (Windows NT 10.0; WOW64; Trident/7.0; rv:11.0) like Gecko"
213.153.47.173 - - [19/Apr/2019:12:07:59 +0200] "GET /reload?ser=1555668479353 HTTP/1.1" 200 28 "http://renault.activities.at/login?required=true" "Mozilla/5.0 (Windows NT 10.0; Win64; x64; rv:66.0) Gecko/20100101 Firefox/66.0"
193.194.132.28 - - [19/Apr/2019:12:08:04 +0200] "GET /reload?ser=1555668484156 HTTP/1.1" 200 28 "http://renault.2web.at/result?searchterm=true&search=charisma" "Mozilla/5.0 (Windows NT 10.0; WOW64; Trident/7.0; Touch; rv:11.0) like Gecko"
88.116.50.238 - - [19/Apr/2019:12:08:30 +0200] "GET /reload?ser=1555668509426 HTTP/1.1" 200 28 "http://renault.activities.at/10260280?dir=DESC&mode=grid&order=name&limit=15&page=2" "Mozilla/5.0 (Windows NT 10.0; WOW64; Trident/7.0; rv:11.0) like Gecko"
213.153.47.173 - - [19/Apr/2019:12:09:00 +0200] "GET /reload?ser=1555668540004 HTTP/1.1" 200 28 "http://renault.activities.at/login?required=true" "Mozilla/5.0 (Windows NT 10.0; Win64; x64; rv:66.0) Gecko/20100101 Firefox/66.0"
193.194.132.28 - - [19/Apr/2019:12:09:05 +0200] "GET /reload?ser=1555668545251 HTTP/1.1" 200 28 "http://renault.2web.at/result?searchterm=true&search=charisma" "Mozilla/5.0 (Windows NT 10.0; WOW64; Trident/7.0; Touch; rv:11.0) like Gecko"
88.116.50.238 - - [19/Apr/2019:12:09:31 +0200] "GET /reload?ser=1555668570373 HTTP/1.1" 200 28 "http://renault.activities.at/10260280?dir=DESC&mode=grid&order=name&limit=15&page=2" "Mozilla/5.0 (Windows NT 10.0; WOW64; Trident/7.0; rv:11.0) like Gecko"
213.153.47.173 - - [19/Apr/2019:12:10:00 +0200] "GET /reload?ser=1555668600684 HTTP/1.1" 200 28 "http://renault.activities.at/login?required=true" "Mozilla/5.0 (Windows NT 10.0; Win64; x64; rv:66.0) Gecko/20100101 Firefox/66.0"
193.194.132.28 - - [19/Apr/2019:12:10:06 +0200] "GET /reload?ser=1555668606478 HTTP/1.1" 200 28 "http://renault.2web.at/result?searchterm=true&search=charisma" "Mozilla/5.0 (Windows NT 10.0; WOW64; Trident/7.0; Touch; rv:11.0) like Gecko"
88.116.50.238 - - [19/Apr/2019:12:10:32 +0200] "GET /reload?ser=1555668631375 HTTP/1.1" 200 28 "http://renault.activities.at/10260280?dir=DESC&mode=grid&order=name&limit=15&page=2" "Mozilla/5.0 (Windows NT 10.0; WOW64; Trident/7.0; rv:11.0) like Gecko"
213.153.47.173 - - [19/Apr/2019:12:11:01 +0200] "GET /reload?ser=1555668661364 HTTP/1.1" 200 28 "http://renault.activities.at/login?required=true" "Mozilla/5.0 (Windows NT 10.0; Win64; x64; rv:66.0) Gecko/20100101 Firefox/66.0"
193.194.132.28 - - [19/Apr/2019:12:11:07 +0200] "GET /reload?ser=1555668667540 HTTP/1.1" 200 28 "http://renault.2web.at/result?searchterm=true&search=charisma" "Mozilla/5.0 (Windows NT 10.0; WOW64; Trident/7.0; Touch; rv:11.0) like Gecko"
88.116.50.238 - - [19/Apr/2019:12:11:33 +0200] "GET /reload?ser=1555668692379 HTTP/1.1" 200 28 "http://renault.activities.at/10260280?dir=DESC&mode=grid&order=name&limit=15&page=2" "Mozilla/5.0 (Windows NT 10.0; WOW64; Trident/7.0; rv:11.0) like Gecko"
213.153.47.173 - - [19/Apr/2019:12:12:02 +0200] "GET /reload?ser=1555668722043 HTTP/1.1" 200 28 "http://renault.activities.at/login?required=true" "Mozilla/5.0 (Windows NT 10.0; Win64; x64; rv:66.0) Gecko/20100101 Firefox/66.0"
193.194.132.28 - - [19/Apr/2019:12:12:08 +0200] "GET /reload?ser=1555668728634 HTTP/1.1" 200 28 "http://renault.2web.at/result?searchterm=true&search=charisma" "Mozilla/5.0 (Windows NT 10.0; WOW64; Trident/7.0; Touch; rv:11.0) like Gecko"
88.116.50.238 - - [19/Apr/2019:12:12:34 +0200] "GET /reload?ser=1555668753338 HTTP/1.1" 200 28 "http://renault.activities.at/10260280?dir=DESC&mode=grid&order=name&limit=15&page=2" "Mozilla/5.0 (Windows NT 10.0; WOW64; Trident/7.0; rv:11.0) like Gecko"
213.153.47.173 - - [19/Apr/2019:12:13:02 +0200] "GET /reload?ser=1555668782713 HTTP/1.1" 200 28 "http://renault.activities.at/login?required=true" "Mozilla/5.0 (Windows NT 10.0; Win64; x64; rv:66.0) Gecko/20100101 Firefox/66.0"
193.194.132.28 - - [19/Apr/2019:12:13:09 +0200] "GET /reload?ser=1555668789684 HTTP/1.1" 200 28 "http://renault.2web.at/result?searchterm=true&search=charisma" "Mozilla/5.0 (Windows NT 10.0; WOW64; Trident/7.0; Touch; rv:11.0) like Gecko"
88.116.50.238 - - [19/Apr/2019:12:13:35 +0200] "GET /reload?ser=1555668814281 HTTP/1.1" 200 28 "http://renault.activities.at/10260280?dir=DESC&mode=grid&order=name&limit=15&page=2" "Mozilla/5.0 (Windows NT 10.0; WOW64; Trident/7.0; rv:11.0) like Gecko"
213.153.47.173 - - [19/Apr/2019:12:14:03 +0200] "GET /reload?ser=1555668843378 HTTP/1.1" 200 28 "http://renault.activities.at/login?required=true" "Mozilla/5.0 (Windows NT 10.0; Win64; x64; rv:66.0) Gecko/20100101 Firefox/66.0"
193.194.132.28 - - [19/Apr/2019:12:14:10 +0200] "GET /reload?ser=1555668850776 HTTP/1.1" 200 28 "http://renault.2web.at/result?searchterm=true&search=charisma" "Mozilla/5.0 (Windows NT 10.0; WOW64; Trident/7.0; Touch; rv:11.0) like Gecko"
88.116.50.238 - - [19/Apr/2019:12:14:36 +0200] "GET /reload?ser=1555668875255 HTTP/1.1" 200 28 "http://renault.activities.at/10260280?dir=DESC&mode=grid&order=name&limit=15&page=2" "Mozilla/5.0 (Windows NT 10.0; WOW64; Trident/7.0; rv:11.0) like Gecko"
