80.120.5.131 - - [23/Apr/2019:16:07:05 +0200] "GET /images/search_bg.gif HTTP/1.1" 200 1726 "http://renault.activities.at/account" "Mozilla/5.0 (Macintosh; Intel Mac OS X 10_14) AppleWebKit/605.1.15 (KHTML, like Gecko) Version/12.0 Safari/605.1.15"
80.120.5.131 - - [23/Apr/2019:16:07:05 +0200] "GET /images/sidebar_title_border.gif HTTP/1.1" 200 43 "http://renault.activities.at/account" "Mozilla/5.0 (Macintosh; Intel Mac OS X 10_14) AppleWebKit/605.1.15 (KHTML, like Gecko) Version/12.0 Safari/605.1.15"
80.120.5.131 - - [23/Apr/2019:16:07:05 +0200] "GET /images/sidebar_title_border_top.gif HTTP/1.1" 200 155 "http://renault.activities.at/account" "Mozilla/5.0 (Macintosh; Intel Mac OS X 10_14) AppleWebKit/605.1.15 (KHTML, like Gecko) Version/12.0 Safari/605.1.15"
80.120.5.131 - - [23/Apr/2019:16:07:05 +0200] "GET /images/sidebar_title_corner_left_top.gif HTTP/1.1" 200 1124 "http://renault.activities.at/account" "Mozilla/5.0 (Macintosh; Intel Mac OS X 10_14) AppleWebKit/605.1.15 (KHTML, like Gecko) Version/12.0 Safari/605.1.15"
80.120.5.131 - - [23/Apr/2019:16:07:05 +0200] "GET /images/sidebar_title_corner_right_top.gif HTTP/1.1" 200 383 "http://renault.activities.at/account" "Mozilla/5.0 (Macintosh; Intel Mac OS X 10_14) AppleWebKit/605.1.15 (KHTML, like Gecko) Version/12.0 Safari/605.1.15"
80.120.5.131 - - [23/Apr/2019:16:07:05 +0200] "GET /images/reset_bg.gif HTTP/1.1" 200 785 "http://renault.activities.at/account" "Mozilla/5.0 (Macintosh; Intel Mac OS X 10_14) AppleWebKit/605.1.15 (KHTML, like Gecko) Version/12.0 Safari/605.1.15"
80.120.5.131 - - [23/Apr/2019:16:07:05 +0200] "GET /images/footer_divider.gif HTTP/1.1" 200 44 "http://renault.activities.at/account" "Mozilla/5.0 (Macintosh; Intel Mac OS X 10_14) AppleWebKit/605.1.15 (KHTML, like Gecko) Version/12.0 Safari/605.1.15"
80.120.5.131 - - [23/Apr/2019:16:07:05 +0200] "GET /images/favicon.ico HTTP/1.1" 404 305 "http://renault.activities.at/account" "Mozilla/5.0 (Macintosh; Intel Mac OS X 10_14) AppleWebKit/605.1.15 (KHTML, like Gecko) Version/12.0 Safari/605.1.15"
54.36.137.49 - - [23/Apr/2019:16:07:12 +0200] "GET /wp-login.php HTTP/1.1" 200 1559 "-" "Mozilla/5.0 (X11; Ubuntu; Linux x86_64; rv:62.0) Gecko/20100101 Firefox/62.0"
213.153.47.173 - - [23/Apr/2019:16:07:17 +0200] "GET /reload?ser=1556028437139 HTTP/1.1" 200 28 "http://renault.activities.at/login?required=true" "Mozilla/5.0 (Windows NT 10.0; Win64; x64; rv:66.0) Gecko/20100101 Firefox/66.0"
37.186.7.120 - - [23/Apr/2019:16:07:32 +0200] "GET /reload?ser=1556028452017 HTTP/1.1" 200 28 "http://renault.2web.at/account" "Mozilla/5.0 (Windows NT 6.1; WOW64; Trident/7.0; rv:11.0) like Gecko"
80.123.225.36 - - [23/Apr/2019:16:07:40 +0200] "GET /reload?ser=1556028462168 HTTP/1.1" 200 28 "http://renault.activities.at/success" "Mozilla/5.0 (compatible; MSIE 9.0; Windows NT 6.1; WOW64; Trident/5.0)"
80.120.5.131 - - [23/Apr/2019:16:08:07 +0200] "GET /reload?ser=1556028487963 HTTP/1.1" 200 28 "http://renault.activities.at/account" "Mozilla/5.0 (Macintosh; Intel Mac OS X 10_14) AppleWebKit/605.1.15 (KHTML, like Gecko) Version/12.0 Safari/605.1.15"
213.153.47.173 - - [23/Apr/2019:16:08:17 +0200] "GET /reload?ser=1556028497832 HTTP/1.1" 200 28 "http://renault.activities.at/login?required=true" "Mozilla/5.0 (Windows NT 10.0; Win64; x64; rv:66.0) Gecko/20100101 Firefox/66.0"
37.186.7.120 - - [23/Apr/2019:16:08:33 +0200] "GET /reload?ser=1556028513034 HTTP/1.1" 200 28 "http://renault.2web.at/account" "Mozilla/5.0 (Windows NT 6.1; WOW64; Trident/7.0; rv:11.0) like Gecko"
80.120.5.131 - - [23/Apr/2019:16:09:08 +0200] "GET /reload?ser=1556028548885 HTTP/1.1" 200 28 "http://renault.activities.at/account" "Mozilla/5.0 (Macintosh; Intel Mac OS X 10_14) AppleWebKit/605.1.15 (KHTML, like Gecko) Version/12.0 Safari/605.1.15"
213.153.47.173 - - [23/Apr/2019:16:09:18 +0200] "GET /reload?ser=1556028558491 HTTP/1.1" 200 28 "http://renault.activities.at/login?required=true" "Mozilla/5.0 (Windows NT 10.0; Win64; x64; rv:66.0) Gecko/20100101 Firefox/66.0"
37.186.7.120 - - [23/Apr/2019:16:09:34 +0200] "GET /reload?ser=1556028574019 HTTP/1.1" 200 28 "http://renault.2web.at/account" "Mozilla/5.0 (Windows NT 6.1; WOW64; Trident/7.0; rv:11.0) like Gecko"
80.120.5.131 - - [23/Apr/2019:16:09:57 +0200] "GET /address HTTP/1.1" 200 5330 "http://renault.activities.at/account" "Mozilla/5.0 (Macintosh; Intel Mac OS X 10_14) AppleWebKit/605.1.15 (KHTML, like Gecko) Version/12.0 Safari/605.1.15"
80.120.5.131 - - [23/Apr/2019:16:09:59 +0200] "GET /images/favicon.ico HTTP/1.1" 404 305 "http://renault.activities.at/address" "Mozilla/5.0 (Macintosh; Intel Mac OS X 10_14) AppleWebKit/605.1.15 (KHTML, like Gecko) Version/12.0 Safari/605.1.15"
213.153.47.173 - - [23/Apr/2019:16:10:19 +0200] "GET /reload?ser=1556028619162 HTTP/1.1" 200 28 "http://renault.activities.at/login?required=true" "Mozilla/5.0 (Windows NT 10.0; Win64; x64; rv:66.0) Gecko/20100101 Firefox/66.0"
37.186.7.120 - - [23/Apr/2019:16:10:35 +0200] "GET /reload?ser=1556028635005 HTTP/1.1" 200 28 "http://renault.2web.at/account" "Mozilla/5.0 (Windows NT 6.1; WOW64; Trident/7.0; rv:11.0) like Gecko"
80.120.5.131 - - [23/Apr/2019:16:10:59 +0200] "GET /reload?ser=1556028659932 HTTP/1.1" 200 28 "http://renault.activities.at/address" "Mozilla/5.0 (Macintosh; Intel Mac OS X 10_14) AppleWebKit/605.1.15 (KHTML, like Gecko) Version/12.0 Safari/605.1.15"
213.153.47.173 - - [23/Apr/2019:16:11:19 +0200] "GET /reload?ser=1556028679832 HTTP/1.1" 200 28 "http://renault.activities.at/login?required=true" "Mozilla/5.0 (Windows NT 10.0; Win64; x64; rv:66.0) Gecko/20100101 Firefox/66.0"
37.186.7.120 - - [23/Apr/2019:16:11:35 +0200] "GET /reload?ser=1556028695940 HTTP/1.1" 200 28 "http://renault.2web.at/account" "Mozilla/5.0 (Windows NT 6.1; WOW64; Trident/7.0; rv:11.0) like Gecko"
80.120.5.131 - - [23/Apr/2019:16:12:00 +0200] "GET /reload?ser=1556028720884 HTTP/1.1" 200 28 "http://renault.activities.at/address" "Mozilla/5.0 (Macintosh; Intel Mac OS X 10_14) AppleWebKit/605.1.15 (KHTML, like Gecko) Version/12.0 Safari/605.1.15"
213.153.47.173 - - [23/Apr/2019:16:12:20 +0200] "GET /reload?ser=1556028740483 HTTP/1.1" 200 28 "http://renault.activities.at/login?required=true" "Mozilla/5.0 (Windows NT 10.0; Win64; x64; rv:66.0) Gecko/20100101 Firefox/66.0"
37.186.7.120 - - [23/Apr/2019:16:12:36 +0200] "GET /reload?ser=1556028756934 HTTP/1.1" 200 28 "http://renault.2web.at/account" "Mozilla/5.0 (Windows NT 6.1; WOW64; Trident/7.0; rv:11.0) like Gecko"
80.120.5.131 - - [23/Apr/2019:16:13:01 +0200] "GET /reload?ser=1556028781896 HTTP/1.1" 200 28 "http://renault.activities.at/address" "Mozilla/5.0 (Macintosh; Intel Mac OS X 10_14) AppleWebKit/605.1.15 (KHTML, like Gecko) Version/12.0 Safari/605.1.15"
213.153.47.173 - - [23/Apr/2019:16:13:21 +0200] "GET /reload?ser=1556028801142 HTTP/1.1" 200 28 "http://renault.activities.at/login?required=true" "Mozilla/5.0 (Windows NT 10.0; Win64; x64; rv:66.0) Gecko/20100101 Firefox/66.0"
37.186.7.120 - - [23/Apr/2019:16:13:37 +0200] "GET /reload?ser=1556028817946 HTTP/1.1" 200 28 "http://renault.2web.at/account" "Mozilla/5.0 (Windows NT 6.1; WOW64; Trident/7.0; rv:11.0) like Gecko"
80.120.5.131 - - [23/Apr/2019:16:14:02 +0200] "GET /reload?ser=1556028842829 HTTP/1.1" 200 28 "http://renault.activities.at/address" "Mozilla/5.0 (Macintosh; Intel Mac OS X 10_14) AppleWebKit/605.1.15 (KHTML, like Gecko) Version/12.0 Safari/605.1.15"
213.153.47.173 - - [23/Apr/2019:16:14:21 +0200] "GET /reload?ser=1556028861812 HTTP/1.1" 200 28 "http://renault.activities.at/login?required=true" "Mozilla/5.0 (Windows NT 10.0; Win64; x64; rv:66.0) Gecko/20100101 Firefox/66.0"
91.223.248.111 - - [23/Apr/2019:16:14:30 +0200] "GET / HTTP/1.1" 200 3510 "-" "Mozilla/5.0 (Windows NT 10.0; WOW64; Trident/7.0; rv:11.0) like Gecko"
91.223.248.111 - - [23/Apr/2019:16:14:31 +0200] "GET /js/default.js HTTP/1.1" 200 14698 "http://renault.activities.at/" "Mozilla/5.0 (Windows NT 10.0; WOW64; Trident/7.0; rv:11.0) like Gecko"
91.223.248.111 - - [23/Apr/2019:16:14:31 +0200] "GET /js/flashdetection.js HTTP/1.1" 200 1059 "http://renault.activities.at/" "Mozilla/5.0 (Windows NT 10.0; WOW64; Trident/7.0; rv:11.0) like Gecko"
91.223.248.111 - - [23/Apr/2019:16:14:31 +0200] "GET /css/reset.css HTTP/1.1" 200 1356 "http://renault.activities.at/" "Mozilla/5.0 (Windows NT 10.0; WOW64; Trident/7.0; rv:11.0) like Gecko"
91.223.248.111 - - [23/Apr/2019:16:14:31 +0200] "GET /css/clears.css HTTP/1.1" 200 851 "http://renault.activities.at/" "Mozilla/5.0 (Windows NT 10.0; WOW64; Trident/7.0; rv:11.0) like Gecko"
91.223.248.111 - - [23/Apr/2019:16:14:31 +0200] "GET /css/styles.css HTTP/1.1" 200 14664 "http://renault.activities.at/" "Mozilla/5.0 (Windows NT 10.0; WOW64; Trident/7.0; rv:11.0) like Gecko"
91.223.248.111 - - [23/Apr/2019:16:14:31 +0200] "GET /css/print.css HTTP/1.1" 200 543 "http://renault.activities.at/" "Mozilla/5.0 (Windows NT 10.0; WOW64; Trident/7.0; rv:11.0) like Gecko"
91.223.248.111 - - [23/Apr/2019:16:14:31 +0200] "GET /js/checkout.css HTTP/1.1" 200 359 "http://renault.activities.at/" "Mozilla/5.0 (Windows NT 10.0; WOW64; Trident/7.0; rv:11.0) like Gecko"
91.223.248.111 - - [23/Apr/2019:16:14:31 +0200] "GET /css/prototip.css HTTP/1.1" 200 968 "http://renault.activities.at/" "Mozilla/5.0 (Windows NT 10.0; WOW64; Trident/7.0; rv:11.0) like Gecko"
91.223.248.111 - - [23/Apr/2019:16:14:31 +0200] "GET /css/themes/default.css HTTP/1.1" 200 769 "http://renault.activities.at/" "Mozilla/5.0 (Windows NT 10.0; WOW64; Trident/7.0; rv:11.0) like Gecko"
91.223.248.111 - - [23/Apr/2019:16:14:31 +0200] "GET /css/themes/alphacube.css HTTP/1.1" 200 743 "http://renault.activities.at/" "Mozilla/5.0 (Windows NT 10.0; WOW64; Trident/7.0; rv:11.0) like Gecko"
91.223.248.111 - - [23/Apr/2019:16:14:31 +0200] "GET /js/index.php?c=auto&f=,prototype/prototype.js,prototype/validation.js,scriptaculous/builder.js,scriptaculous/effects.js,scriptaculous/dragdrop.js,scriptaculous/controls.js,scriptaculous/slider.js,varien/js.js,varien/form.js,varien/menu.js,mage/translate.js,mage/cookies.js,varien/product.js,spinner/SpinnerControl.jsmin.js,prototype/window.js,prototype/window_ext.js HTTP/1.1" 200 94182 "http://renault.activities.at/" "Mozilla/5.0 (Windows NT 10.0; WOW64; Trident/7.0; rv:11.0) like Gecko"
91.223.248.111 - - [23/Apr/2019:16:14:31 +0200] "GET /images/main_block_border.gif HTTP/1.1" 200 43 "http://renault.activities.at/" "Mozilla/5.0 (Windows NT 10.0; WOW64; Trident/7.0; rv:11.0) like Gecko"
91.223.248.111 - - [23/Apr/2019:16:14:31 +0200] "GET /images/main_block_corner_left_bot.gif HTTP/1.1" 200 159 "http://renault.activities.at/" "Mozilla/5.0 (Windows NT 10.0; WOW64; Trident/7.0; rv:11.0) like Gecko"
91.223.248.111 - - [23/Apr/2019:16:14:31 +0200] "GET /images/main_block_corner_right_bot.gif HTTP/1.1" 200 158 "http://renault.activities.at/" "Mozilla/5.0 (Windows NT 10.0; WOW64; Trident/7.0; rv:11.0) like Gecko"
91.223.248.111 - - [23/Apr/2019:16:14:31 +0200] "GET /images/header_block_border.gif HTTP/1.1" 200 43 "http://renault.activities.at/" "Mozilla/5.0 (Windows NT 10.0; WOW64; Trident/7.0; rv:11.0) like Gecko"
91.223.248.111 - - [23/Apr/2019:16:14:31 +0200] "GET /images/header_block_corner_left_top.gif HTTP/1.1" 200 160 "http://renault.activities.at/" "Mozilla/5.0 (Windows NT 10.0; WOW64; Trident/7.0; rv:11.0) like Gecko"
91.223.248.111 - - [23/Apr/2019:16:14:31 +0200] "GET /images/header_block_corner_right_top.gif HTTP/1.1" 200 160 "http://renault.activities.at/" "Mozilla/5.0 (Windows NT 10.0; WOW64; Trident/7.0; rv:11.0) like Gecko"
91.223.248.111 - - [23/Apr/2019:16:14:31 +0200] "GET /images/main_block_corner_right_top.gif HTTP/1.1" 200 159 "http://renault.activities.at/" "Mozilla/5.0 (Windows NT 10.0; WOW64; Trident/7.0; rv:11.0) like Gecko"
91.223.248.111 - - [23/Apr/2019:16:14:31 +0200] "GET /images/main_block_corner_left_top.gif HTTP/1.1" 200 159 "http://renault.activities.at/" "Mozilla/5.0 (Windows NT 10.0; WOW64; Trident/7.0; rv:11.0) like Gecko"
91.223.248.111 - - [23/Apr/2019:16:14:31 +0200] "GET /images/title_border.jpg HTTP/1.1" 200 304 "http://renault.activities.at/" "Mozilla/5.0 (Windows NT 10.0; WOW64; Trident/7.0; rv:11.0) like Gecko"
91.223.248.111 - - [23/Apr/2019:16:14:31 +0200] "GET /images/title_border_top.jpg HTTP/1.1" 200 336 "http://renault.activities.at/" "Mozilla/5.0 (Windows NT 10.0; WOW64; Trident/7.0; rv:11.0) like Gecko"
91.223.248.111 - - [23/Apr/2019:16:14:31 +0200] "GET /images/title_corner_left_top.jpg HTTP/1.1" 200 372 "http://renault.activities.at/" "Mozilla/5.0 (Windows NT 10.0; WOW64; Trident/7.0; rv:11.0) like Gecko"
91.223.248.111 - - [23/Apr/2019:16:14:31 +0200] "GET /images/favicon.ico HTTP/1.1" 404 305 "-" "Mozilla/5.0 (Windows NT 10.0; Win64; x64; Trident/7.0; rv:11.0) like Gecko"
91.223.248.111 - - [23/Apr/2019:16:14:31 +0200] "GET /images/title_corner_right_top.jpg HTTP/1.1" 200 389 "http://renault.activities.at/" "Mozilla/5.0 (Windows NT 10.0; WOW64; Trident/7.0; rv:11.0) like Gecko"
91.223.248.111 - - [23/Apr/2019:16:14:31 +0200] "GET /loadthumbnail.php?id=11127982 HTTP/1.1" 200 399614 "http://renault.activities.at/" "Mozilla/5.0 (Windows NT 10.0; WOW64; Trident/7.0; rv:11.0) like Gecko"
37.186.7.120 - - [23/Apr/2019:16:14:38 +0200] "GET /reload?ser=1556028878880 HTTP/1.1" 200 28 "http://renault.2web.at/account" "Mozilla/5.0 (Windows NT 6.1; WOW64; Trident/7.0; rv:11.0) like Gecko"
80.120.5.131 - - [23/Apr/2019:16:15:03 +0200] "GET /reload?ser=1556028903837 HTTP/1.1" 200 28 "http://renault.activities.at/address" "Mozilla/5.0 (Macintosh; Intel Mac OS X 10_14) AppleWebKit/605.1.15 (KHTML, like Gecko) Version/12.0 Safari/605.1.15"
213.153.47.173 - - [23/Apr/2019:16:15:22 +0200] "GET /reload?ser=1556028922482 HTTP/1.1" 200 28 "http://renault.activities.at/login?required=true" "Mozilla/5.0 (Windows NT 10.0; Win64; x64; rv:66.0) Gecko/20100101 Firefox/66.0"
37.186.7.120 - - [23/Apr/2019:16:15:39 +0200] "GET /reload?ser=1556028939835 HTTP/1.1" 200 28 "http://renault.2web.at/account" "Mozilla/5.0 (Windows NT 6.1; WOW64; Trident/7.0; rv:11.0) like Gecko"
80.120.5.131 - - [23/Apr/2019:16:16:04 +0200] "GET /reload?ser=1556028964817 HTTP/1.1" 200 28 "http://renault.activities.at/address" "Mozilla/5.0 (Macintosh; Intel Mac OS X 10_14) AppleWebKit/605.1.15 (KHTML, like Gecko) Version/12.0 Safari/605.1.15"
213.153.47.173 - - [23/Apr/2019:16:16:23 +0200] "GET /reload?ser=1556028983153 HTTP/1.1" 200 28 "http://renault.activities.at/login?required=true" "Mozilla/5.0 (Windows NT 10.0; Win64; x64; rv:66.0) Gecko/20100101 Firefox/66.0"
37.186.7.120 - - [23/Apr/2019:16:16:40 +0200] "GET /reload?ser=1556029000799 HTTP/1.1" 200 28 "http://renault.2web.at/account" "Mozilla/5.0 (Windows NT 6.1; WOW64; Trident/7.0; rv:11.0) like Gecko"
80.120.5.131 - - [23/Apr/2019:16:17:05 +0200] "GET /reload?ser=1556029025800 HTTP/1.1" 200 28 "http://renault.activities.at/address" "Mozilla/5.0 (Macintosh; Intel Mac OS X 10_14) AppleWebKit/605.1.15 (KHTML, like Gecko) Version/12.0 Safari/605.1.15"
213.153.47.173 - - [23/Apr/2019:16:17:23 +0200] "GET /reload?ser=1556029043822 HTTP/1.1" 200 28 "http://renault.activities.at/login?required=true" "Mozilla/5.0 (Windows NT 10.0; Win64; x64; rv:66.0) Gecko/20100101 Firefox/66.0"
37.186.7.120 - - [23/Apr/2019:16:17:41 +0200] "GET /reload?ser=1556029061778 HTTP/1.1" 200 28 "http://renault.2web.at/account" "Mozilla/5.0 (Windows NT 6.1; WOW64; Trident/7.0; rv:11.0) like Gecko"
80.120.5.131 - - [23/Apr/2019:16:18:06 +0200] "GET /reload?ser=1556029086748 HTTP/1.1" 200 28 "http://renault.activities.at/address" "Mozilla/5.0 (Macintosh; Intel Mac OS X 10_14) AppleWebKit/605.1.15 (KHTML, like Gecko) Version/12.0 Safari/605.1.15"
213.153.47.173 - - [23/Apr/2019:16:18:24 +0200] "GET /reload?ser=1556029104503 HTTP/1.1" 200 28 "http://renault.activities.at/login?required=true" "Mozilla/5.0 (Windows NT 10.0; Win64; x64; rv:66.0) Gecko/20100101 Firefox/66.0"
37.186.7.120 - - [23/Apr/2019:16:18:42 +0200] "GET /reload?ser=1556029122800 HTTP/1.1" 200 28 "http://renault.2web.at/account" "Mozilla/5.0 (Windows NT 6.1; WOW64; Trident/7.0; rv:11.0) like Gecko"
80.120.5.131 - - [23/Apr/2019:16:19:07 +0200] "GET /reload?ser=1556029147755 HTTP/1.1" 200 28 "http://renault.activities.at/address" "Mozilla/5.0 (Macintosh; Intel Mac OS X 10_14) AppleWebKit/605.1.15 (KHTML, like Gecko) Version/12.0 Safari/605.1.15"
213.153.47.173 - - [23/Apr/2019:16:19:25 +0200] "GET /reload?ser=1556029165184 HTTP/1.1" 200 28 "http://renault.activities.at/login?required=true" "Mozilla/5.0 (Windows NT 10.0; Win64; x64; rv:66.0) Gecko/20100101 Firefox/66.0"
37.186.7.120 - - [23/Apr/2019:16:19:43 +0200] "GET /reload?ser=1556029183780 HTTP/1.1" 200 28 "http://renault.2web.at/account" "Mozilla/5.0 (Windows NT 6.1; WOW64; Trident/7.0; rv:11.0) like Gecko"
80.120.5.131 - - [23/Apr/2019:16:20:08 +0200] "GET /reload?ser=1556029208705 HTTP/1.1" 200 28 "http://renault.activities.at/address" "Mozilla/5.0 (Macintosh; Intel Mac OS X 10_14) AppleWebKit/605.1.15 (KHTML, like Gecko) Version/12.0 Safari/605.1.15"
213.153.47.173 - - [23/Apr/2019:16:20:25 +0200] "GET /reload?ser=1556029225854 HTTP/1.1" 200 28 "http://renault.activities.at/login?required=true" "Mozilla/5.0 (Windows NT 10.0; Win64; x64; rv:66.0) Gecko/20100101 Firefox/66.0"
37.186.7.120 - - [23/Apr/2019:16:20:44 +0200] "GET /reload?ser=1556029244713 HTTP/1.1" 200 28 "http://renault.2web.at/account" "Mozilla/5.0 (Windows NT 6.1; WOW64; Trident/7.0; rv:11.0) like Gecko"
80.120.5.131 - - [23/Apr/2019:16:21:09 +0200] "GET /reload?ser=1556029269683 HTTP/1.1" 200 28 "http://renault.activities.at/address" "Mozilla/5.0 (Macintosh; Intel Mac OS X 10_14) AppleWebKit/605.1.15 (KHTML, like Gecko) Version/12.0 Safari/605.1.15"
213.153.47.173 - - [23/Apr/2019:16:21:26 +0200] "GET /reload?ser=1556029286543 HTTP/1.1" 200 28 "http://renault.activities.at/login?required=true" "Mozilla/5.0 (Windows NT 10.0; Win64; x64; rv:66.0) Gecko/20100101 Firefox/66.0"
37.186.7.120 - - [23/Apr/2019:16:21:45 +0200] "GET /reload?ser=1556029305708 HTTP/1.1" 200 28 "http://renault.2web.at/account" "Mozilla/5.0 (Windows NT 6.1; WOW64; Trident/7.0; rv:11.0) like Gecko"
80.120.5.131 - - [23/Apr/2019:16:22:10 +0200] "GET /reload?ser=1556029330633 HTTP/1.1" 200 28 "http://renault.activities.at/address" "Mozilla/5.0 (Macintosh; Intel Mac OS X 10_14) AppleWebKit/605.1.15 (KHTML, like Gecko) Version/12.0 Safari/605.1.15"
213.153.47.173 - - [23/Apr/2019:16:22:27 +0200] "GET /reload?ser=1556029347194 HTTP/1.1" 200 28 "http://renault.activities.at/login?required=true" "Mozilla/5.0 (Windows NT 10.0; Win64; x64; rv:66.0) Gecko/20100101 Firefox/66.0"
178.165.131.64 - - [23/Apr/2019:16:22:36 +0200] "GET /account HTTP/1.1" 302 150 "-" "Mozilla/5.0 (iPhone; CPU iPhone OS 12_2 like Mac OS X) AppleWebKit/605.1.15 (KHTML, like Gecko) Version/12.1 Mobile/15E148 Safari/604.1"
178.165.131.64 - - [23/Apr/2019:16:22:37 +0200] "GET /login?required=true HTTP/1.1" 200 2086 "-" "Mozilla/5.0 (iPhone; CPU iPhone OS 12_2 like Mac OS X) AppleWebKit/605.1.15 (KHTML, like Gecko) Version/12.1 Mobile/15E148 Safari/604.1"
178.165.131.64 - - [23/Apr/2019:16:22:38 +0200] "GET /apple-touch-icon-120x120-precomposed.png HTTP/1.1" 200 1559 "-" "MobileSafari/604.1 CFNetwork/978.0.7 Darwin/18.5.0"
178.165.131.64 - - [23/Apr/2019:16:22:39 +0200] "GET /apple-touch-icon-120x120.png HTTP/1.1" 200 1559 "-" "MobileSafari/604.1 CFNetwork/978.0.7 Darwin/18.5.0"
178.165.131.64 - - [23/Apr/2019:16:22:40 +0200] "GET /apple-touch-icon-precomposed.png HTTP/1.1" 200 1559 "-" "MobileSafari/604.1 CFNetwork/978.0.7 Darwin/18.5.0"
178.165.131.64 - - [23/Apr/2019:16:22:41 +0200] "GET /apple-touch-icon.png HTTP/1.1" 200 1559 "-" "MobileSafari/604.1 CFNetwork/978.0.7 Darwin/18.5.0"
178.165.131.64 - - [23/Apr/2019:16:22:42 +0200] "GET /images/favicon.ico HTTP/1.1" 404 305 "-" "MobileSafari/604.1 CFNetwork/978.0.7 Darwin/18.5.0"
178.165.131.64 - - [23/Apr/2019:16:22:42 +0200] "GET /images/favicon.ico HTTP/1.1" 404 305 "-" "MobileSafari/604.1 CFNetwork/978.0.7 Darwin/18.5.0"
178.165.131.64 - - [23/Apr/2019:16:22:42 +0200] "GET /favicon.ico HTTP/1.1" 200 3250 "-" "MobileSafari/604.1 CFNetwork/978.0.7 Darwin/18.5.0"
178.165.131.64 - - [23/Apr/2019:16:22:42 +0200] "GET /apple-touch-icon-120x120-precomposed.png HTTP/1.1" 200 1559 "-" "MobileSafari/604.1 CFNetwork/978.0.7 Darwin/18.5.0"
178.165.131.64 - - [23/Apr/2019:16:22:43 +0200] "GET /apple-touch-icon-120x120.png HTTP/1.1" 200 1559 "-" "MobileSafari/604.1 CFNetwork/978.0.7 Darwin/18.5.0"
178.165.131.64 - - [23/Apr/2019:16:22:44 +0200] "GET /apple-touch-icon-precomposed.png HTTP/1.1" 200 1559 "-" "MobileSafari/604.1 CFNetwork/978.0.7 Darwin/18.5.0"
178.165.131.64 - - [23/Apr/2019:16:22:45 +0200] "GET /apple-touch-icon.png HTTP/1.1" 200 1559 "-" "MobileSafari/604.1 CFNetwork/978.0.7 Darwin/18.5.0"
178.165.131.64 - - [23/Apr/2019:16:22:46 +0200] "GET /images/favicon.ico HTTP/1.1" 404 305 "-" "MobileSafari/604.1 CFNetwork/978.0.7 Darwin/18.5.0"
178.165.131.64 - - [23/Apr/2019:16:22:47 +0200] "GET /images/favicon.ico HTTP/1.1" 404 305 "-" "MobileSafari/604.1 CFNetwork/978.0.7 Darwin/18.5.0"
178.165.131.64 - - [23/Apr/2019:16:22:47 +0200] "GET /favicon.ico HTTP/1.1" 200 3250 "-" "MobileSafari/604.1 CFNetwork/978.0.7 Darwin/18.5.0"
37.186.7.120 - - [23/Apr/2019:16:22:46 +0200] "GET /reload?ser=1556029366673 HTTP/1.1" 200 28 "http://renault.2web.at/account" "Mozilla/5.0 (Windows NT 6.1; WOW64; Trident/7.0; rv:11.0) like Gecko"
80.120.5.131 - - [23/Apr/2019:16:23:11 +0200] "GET /reload?ser=1556029391580 HTTP/1.1" 200 28 "http://renault.activities.at/address" "Mozilla/5.0 (Macintosh; Intel Mac OS X 10_14) AppleWebKit/605.1.15 (KHTML, like Gecko) Version/12.0 Safari/605.1.15"
213.153.47.173 - - [23/Apr/2019:16:23:27 +0200] "GET /reload?ser=1556029407843 HTTP/1.1" 200 28 "http://renault.activities.at/login?required=true" "Mozilla/5.0 (Windows NT 10.0; Win64; x64; rv:66.0) Gecko/20100101 Firefox/66.0"
185.2.196.196 - - [23/Apr/2019:16:23:36 +0200] "GET / HTTP/1.1" 200 14904 "-" "Mozilla/5.0 (Windows NT 10.0; WOW64; Trident/7.0; rv:11.0) like Gecko"
138.21.12.22 - - [23/Apr/2019:16:23:37 +0200] "GET / HTTP/1.1" 200 3522 "-" "Mozilla/5.0 (Windows NT 10.0; WOW64; Trident/7.0; rv:11.0) like Gecko"
185.2.196.196 - - [23/Apr/2019:16:23:38 +0200] "GET /css/prototip.css HTTP/1.1" 200 3299 "-" "Mozilla/5.0 (Windows NT 10.0; WOW64; Trident/7.0; rv:11.0) like Gecko"
185.2.196.196 - - [23/Apr/2019:16:23:38 +0200] "GET /css/themes/alphacube.css HTTP/1.1" 200 2665 "-" "Mozilla/5.0 (Windows NT 10.0; WOW64; Trident/7.0; rv:11.0) like Gecko"
185.2.196.196 - - [23/Apr/2019:16:23:38 +0200] "GET /css/themes/default.css HTTP/1.1" 200 2674 "-" "Mozilla/5.0 (Windows NT 10.0; WOW64; Trident/7.0; rv:11.0) like Gecko"
185.2.196.196 - - [23/Apr/2019:16:23:38 +0200] "GET /css/reset.css HTTP/1.1" 200 3591 "-" "Mozilla/5.0 (Windows NT 10.0; WOW64; Trident/7.0; rv:11.0) like Gecko"
138.21.12.22 - - [23/Apr/2019:16:23:38 +0200] "GET /js/default.js HTTP/1.1" 304 - "http://renault.2web.at/" "Mozilla/5.0 (Windows NT 10.0; WOW64; Trident/7.0; rv:11.0) like Gecko"
185.2.196.196 - - [23/Apr/2019:16:23:38 +0200] "GET /css/print.css HTTP/1.1" 200 1042 "-" "Mozilla/5.0 (Windows NT 10.0; WOW64; Trident/7.0; rv:11.0) like Gecko"
185.2.196.196 - - [23/Apr/2019:16:23:38 +0200] "GET /js/checkout.css HTTP/1.1" 200 767 "-" "Mozilla/5.0 (Windows NT 10.0; WOW64; Trident/7.0; rv:11.0) like Gecko"
185.2.196.196 - - [23/Apr/2019:16:23:38 +0200] "GET /css/clears.css HTTP/1.1" 200 1978 "-" "Mozilla/5.0 (Windows NT 10.0; WOW64; Trident/7.0; rv:11.0) like Gecko"
138.21.12.22 - - [23/Apr/2019:16:23:38 +0200] "GET /css/prototip.css HTTP/1.1" 304 - "http://renault.2web.at/" "Mozilla/5.0 (Windows NT 10.0; WOW64; Trident/7.0; rv:11.0) like Gecko"
138.21.12.22 - - [23/Apr/2019:16:23:38 +0200] "GET /css/themes/alphacube.css HTTP/1.1" 304 - "http://renault.2web.at/" "Mozilla/5.0 (Windows NT 10.0; WOW64; Trident/7.0; rv:11.0) like Gecko"
138.21.12.22 - - [23/Apr/2019:16:23:38 +0200] "GET /css/reset.css HTTP/1.1" 304 - "http://renault.2web.at/" "Mozilla/5.0 (Windows NT 10.0; WOW64; Trident/7.0; rv:11.0) like Gecko"
138.21.12.22 - - [23/Apr/2019:16:23:38 +0200] "GET /css/themes/default.css HTTP/1.1" 304 - "http://renault.2web.at/" "Mozilla/5.0 (Windows NT 10.0; WOW64; Trident/7.0; rv:11.0) like Gecko"
138.21.12.22 - - [23/Apr/2019:16:23:38 +0200] "GET /css/print.css HTTP/1.1" 304 - "http://renault.2web.at/" "Mozilla/5.0 (Windows NT 10.0; WOW64; Trident/7.0; rv:11.0) like Gecko"
185.2.196.196 - - [23/Apr/2019:16:23:38 +0200] "GET /css/styles.css HTTP/1.1" 200 78636 "-" "Mozilla/5.0 (Windows NT 10.0; WOW64; Trident/7.0; rv:11.0) like Gecko"
138.21.12.22 - - [23/Apr/2019:16:23:38 +0200] "GET /css/clears.css HTTP/1.1" 304 - "http://renault.2web.at/" "Mozilla/5.0 (Windows NT 10.0; WOW64; Trident/7.0; rv:11.0) like Gecko"
138.21.12.22 - - [23/Apr/2019:16:23:38 +0200] "GET /js/checkout.css HTTP/1.1" 304 - "http://renault.2web.at/" "Mozilla/5.0 (Windows NT 10.0; WOW64; Trident/7.0; rv:11.0) like Gecko"
185.2.196.196 - - [23/Apr/2019:16:23:38 +0200] "GET /js/index.php?c=auto&f=,prototype/prototype.js,prototype/validation.js,scriptaculous/builder.js,scriptaculous/effects.js,scriptaculous/dragdrop.js,scriptaculous/controls.js,scriptaculous/slider.js,varien/js.js,varien/form.js,varien/menu.js,mage/translate.js,mage/cookies.js,varien/product.js,spinner/SpinnerControl.jsmin.js,prototype/window.js,prototype/window_ext.js HTTP/1.1" 200 398646 "-" "Mozilla/5.0 (Windows NT 10.0; WOW64; Trident/7.0; rv:11.0) like Gecko"
138.21.12.22 - - [23/Apr/2019:16:23:38 +0200] "GET /css/styles.css HTTP/1.1" 304 - "http://renault.2web.at/" "Mozilla/5.0 (Windows NT 10.0; WOW64; Trident/7.0; rv:11.0) like Gecko"
138.21.12.22 - - [23/Apr/2019:16:23:38 +0200] "GET /js/index.php?c=auto&f=,prototype/prototype.js,prototype/validation.js,scriptaculous/builder.js,scriptaculous/effects.js,scriptaculous/dragdrop.js,scriptaculous/controls.js,scriptaculous/slider.js,varien/js.js,varien/form.js,varien/menu.js,mage/translate.js,mage/cookies.js,varien/product.js,spinner/SpinnerControl.jsmin.js,prototype/window.js,prototype/window_ext.js HTTP/1.1" 304 - "http://renault.2web.at/" "Mozilla/5.0 (Windows NT 10.0; WOW64; Trident/7.0; rv:11.0) like Gecko"
138.21.12.22 - - [23/Apr/2019:16:23:39 +0200] "GET /images/main_block_corner_left_bot.gif HTTP/1.1" 304 - "http://renault.2web.at/" "Mozilla/5.0 (Windows NT 10.0; WOW64; Trident/7.0; rv:11.0) like Gecko"
138.21.12.22 - - [23/Apr/2019:16:23:39 +0200] "GET /images/header_block_corner_right_top.gif HTTP/1.1" 304 - "http://renault.2web.at/" "Mozilla/5.0 (Windows NT 10.0; WOW64; Trident/7.0; rv:11.0) like Gecko"
138.21.12.22 - - [23/Apr/2019:16:23:39 +0200] "GET /images/main_block_corner_right_bot.gif HTTP/1.1" 304 - "http://renault.2web.at/" "Mozilla/5.0 (Windows NT 10.0; WOW64; Trident/7.0; rv:11.0) like Gecko"
138.21.12.22 - - [23/Apr/2019:16:23:39 +0200] "GET /images/main_block_corner_right_top.gif HTTP/1.1" 304 - "http://renault.2web.at/" "Mozilla/5.0 (Windows NT 10.0; WOW64; Trident/7.0; rv:11.0) like Gecko"
138.21.12.22 - - [23/Apr/2019:16:23:39 +0200] "GET /images/header_block_corner_left_top.gif HTTP/1.1" 304 - "http://renault.2web.at/" "Mozilla/5.0 (Windows NT 10.0; WOW64; Trident/7.0; rv:11.0) like Gecko"
138.21.12.22 - - [23/Apr/2019:16:23:39 +0200] "GET /images/title_border.jpg HTTP/1.1" 304 - "http://renault.2web.at/" "Mozilla/5.0 (Windows NT 10.0; WOW64; Trident/7.0; rv:11.0) like Gecko"
138.21.12.22 - - [23/Apr/2019:16:23:39 +0200] "GET /images/title_border_top.jpg HTTP/1.1" 304 - "http://renault.2web.at/" "Mozilla/5.0 (Windows NT 10.0; WOW64; Trident/7.0; rv:11.0) like Gecko"
138.21.12.22 - - [23/Apr/2019:16:23:39 +0200] "GET /images/main_block_corner_left_top.gif HTTP/1.1" 304 - "http://renault.2web.at/" "Mozilla/5.0 (Windows NT 10.0; WOW64; Trident/7.0; rv:11.0) like Gecko"
138.21.12.22 - - [23/Apr/2019:16:23:39 +0200] "GET /images/title_corner_left_top.jpg HTTP/1.1" 304 - "http://renault.2web.at/" "Mozilla/5.0 (Windows NT 10.0; WOW64; Trident/7.0; rv:11.0) like Gecko"
138.21.12.22 - - [23/Apr/2019:16:23:39 +0200] "GET /images/header_block_border.gif HTTP/1.1" 304 - "http://renault.2web.at/" "Mozilla/5.0 (Windows NT 10.0; WOW64; Trident/7.0; rv:11.0) like Gecko"
138.21.12.22 - - [23/Apr/2019:16:23:39 +0200] "GET /images/main_block_border.gif HTTP/1.1" 304 - "http://renault.2web.at/" "Mozilla/5.0 (Windows NT 10.0; WOW64; Trident/7.0; rv:11.0) like Gecko"
138.21.12.22 - - [23/Apr/2019:16:23:39 +0200] "GET /images/title_corner_right_top.jpg HTTP/1.1" 304 - "http://renault.2web.at/" "Mozilla/5.0 (Windows NT 10.0; WOW64; Trident/7.0; rv:11.0) like Gecko"
185.2.196.196 - - [23/Apr/2019:16:23:39 +0200] "GET /loadthumbnail.php?id=11127982 HTTP/1.1" 200 24576 "-" "Mozilla/5.0 (Windows NT 10.0; WOW64; Trident/7.0; rv:11.0) like Gecko"
185.2.196.196 - - [23/Apr/2019:16:23:39 +0200] "GET /images/ HTTP/1.1" 200 5573 "-" "Mozilla/5.0 (Windows NT 10.0; Win64; x64; Trident/7.0; rv:11.0) like Gecko"
138.21.12.22 - - [23/Apr/2019:16:23:40 +0200] "GET /images/favicon.ico HTTP/1.1" 404 300 "-" "Mozilla/5.0 (Windows NT 10.0; Win64; x64; Trident/7.0; rv:11.0) like Gecko"
185.2.196.196 - - [23/Apr/2019:16:23:40 +0200] "GET /login HTTP/1.1" 200 7182 "-" "Mozilla/5.0 (Windows NT 10.0; WOW64; Trident/7.0; rv:11.0) like Gecko"
138.21.12.22 - - [23/Apr/2019:16:23:41 +0200] "GET /login HTTP/1.1" 200 2095 "http://renault.2web.at/" "Mozilla/5.0 (Windows NT 10.0; WOW64; Trident/7.0; rv:11.0) like Gecko"
138.21.12.22 - - [23/Apr/2019:16:23:42 +0200] "GET /images/button_left_bg.gif HTTP/1.1" 304 - "http://renault.2web.at/login" "Mozilla/5.0 (Windows NT 10.0; WOW64; Trident/7.0; rv:11.0) like Gecko"
138.21.12.22 - - [23/Apr/2019:16:23:42 +0200] "GET /images/button_right_bg.gif HTTP/1.1" 304 - "http://renault.2web.at/login" "Mozilla/5.0 (Windows NT 10.0; WOW64; Trident/7.0; rv:11.0) like Gecko"
138.21.12.22 - - [23/Apr/2019:16:23:42 +0200] "GET /images/button_bg.gif HTTP/1.1" 304 - "http://renault.2web.at/login" "Mozilla/5.0 (Windows NT 10.0; WOW64; Trident/7.0; rv:11.0) like Gecko"
138.21.12.22 - - [23/Apr/2019:16:23:42 +0200] "GET /images/favicon.ico HTTP/1.1" 404 300 "-" "Mozilla/5.0 (Windows NT 10.0; Win64; x64; Trident/7.0; rv:11.0) like Gecko"
37.186.7.120 - - [23/Apr/2019:16:23:47 +0200] "GET /reload?ser=1556029427668 HTTP/1.1" 200 28 "http://renault.2web.at/account" "Mozilla/5.0 (Windows NT 6.1; WOW64; Trident/7.0; rv:11.0) like Gecko"
138.21.12.22 - - [23/Apr/2019:16:23:53 +0200] "POST /login HTTP/1.1" 302 137 "http://renault.2web.at/login" "Mozilla/5.0 (Windows NT 10.0; WOW64; Trident/7.0; rv:11.0) like Gecko"
185.2.196.196 - - [23/Apr/2019:16:23:55 +0200] "GET /account HTTP/1.1" 302 157 "-" "Mozilla/5.0 (Windows NT 10.0; WOW64; Trident/7.0; rv:11.0) like Gecko"
185.2.196.196 - - [23/Apr/2019:16:23:56 +0200] "GET /login?required=true HTTP/1.1" 200 7182 "-" "Mozilla/5.0 (Windows NT 10.0; WOW64; Trident/7.0; rv:11.0) like Gecko"
138.21.12.22 - - [23/Apr/2019:16:23:57 +0200] "GET /account HTTP/1.1" 200 8674 "http://renault.2web.at/login" "Mozilla/5.0 (Windows NT 10.0; WOW64; Trident/7.0; rv:11.0) like Gecko"
138.21.12.22 - - [23/Apr/2019:16:24:03 +0200] "GET /images/ajax_loading.gif HTTP/1.1" 304 - "http://renault.2web.at/account" "Mozilla/5.0 (Windows NT 10.0; WOW64; Trident/7.0; rv:11.0) like Gecko"
138.21.12.22 - - [23/Apr/2019:16:24:03 +0200] "GET /images/reset_bg.gif HTTP/1.1" 304 - "http://renault.2web.at/account" "Mozilla/5.0 (Windows NT 10.0; WOW64; Trident/7.0; rv:11.0) like Gecko"
138.21.12.22 - - [23/Apr/2019:16:24:02 +0200] "GET /loadthumbnail.php?id=12027671&width=50&height=50 HTTP/1.1" 200 4415 "http://renault.2web.at/account" "Mozilla/5.0 (Windows NT 10.0; WOW64; Trident/7.0; rv:11.0) like Gecko"
185.2.196.196 - - [23/Apr/2019:16:24:06 +0200] "GET /result?searchterm=true&search=REH5361 HTTP/1.1" 302 157 "-" "Mozilla/5.0 (Windows NT 10.0; WOW64; Trident/7.0; rv:11.0) like Gecko"
185.2.196.196 - - [23/Apr/2019:16:24:08 +0200] "GET /login?required=true HTTP/1.1" 200 7182 "-" "Mozilla/5.0 (Windows NT 10.0; WOW64; Trident/7.0; rv:11.0) like Gecko"
138.21.12.22 - - [23/Apr/2019:16:24:08 +0200] "GET /result?searchterm=true&search=REH5361 HTTP/1.1" 200 7917 "http://renault.2web.at/account" "Mozilla/5.0 (Windows NT 10.0; WOW64; Trident/7.0; rv:11.0) like Gecko"
138.21.12.22 - - [23/Apr/2019:16:24:10 +0200] "GET /js/ProduktGrp.js HTTP/1.1" 304 - "http://renault.2web.at/result?searchterm=true&search=REH5361" "Mozilla/5.0 (Windows NT 10.0; WOW64; Trident/7.0; rv:11.0) like Gecko"
138.21.12.22 - - [23/Apr/2019:16:24:10 +0200] "GET /js/prototip.js HTTP/1.1" 304 - "http://renault.2web.at/result?searchterm=true&search=REH5361" "Mozilla/5.0 (Windows NT 10.0; WOW64; Trident/7.0; rv:11.0) like Gecko"
138.21.12.22 - - [23/Apr/2019:16:24:10 +0200] "GET /images/loading.gif HTTP/1.1" 304 - "http://renault.2web.at/result?searchterm=true&search=REH5361" "Mozilla/5.0 (Windows NT 10.0; WOW64; Trident/7.0; rv:11.0) like Gecko"
138.21.12.21 - - [23/Apr/2019:16:24:10 +0200] "GET /loadthumbnail.php?id=10203255 HTTP/1.1" 200 114 "-" "Mozilla/4.0 (compatible;)"
138.21.12.21 - - [23/Apr/2019:16:24:10 +0200] "GET /loadthumbnail.php?id=10203650&width=113 HTTP/1.1" 200 2916 "-" "Mozilla/4.0 (compatible;)"
138.21.12.22 - - [23/Apr/2019:16:24:11 +0200] "GET /images/vista-dn.gif HTTP/1.1" 304 - "http://renault.2web.at/result?searchterm=true&search=REH5361" "Mozilla/5.0 (Windows NT 10.0; WOW64; Trident/7.0; rv:11.0) like Gecko"
138.21.12.22 - - [23/Apr/2019:16:24:11 +0200] "GET /images/pager_bg.gif HTTP/1.1" 304 - "http://renault.2web.at/result?searchterm=true&search=REH5361" "Mozilla/5.0 (Windows NT 10.0; WOW64; Trident/7.0; rv:11.0) like Gecko"
138.21.12.22 - - [23/Apr/2019:16:24:11 +0200] "GET /images/vista-up.gif HTTP/1.1" 304 - "http://renault.2web.at/result?searchterm=true&search=REH5361" "Mozilla/5.0 (Windows NT 10.0; WOW64; Trident/7.0; rv:11.0) like Gecko"
80.120.5.131 - - [23/Apr/2019:16:24:12 +0200] "GET /reload?ser=1556029452573 HTTP/1.1" 200 28 "http://renault.activities.at/address" "Mozilla/5.0 (Macintosh; Intel Mac OS X 10_14) AppleWebKit/605.1.15 (KHTML, like Gecko) Version/12.0 Safari/605.1.15"
138.21.12.22 - - [23/Apr/2019:16:24:14 +0200] "GET /images/vista-up-hover.gif HTTP/1.1" 304 - "http://renault.2web.at/result?searchterm=true&search=REH5361" "Mozilla/5.0 (Windows NT 10.0; WOW64; Trident/7.0; rv:11.0) like Gecko"
138.21.12.22 - - [23/Apr/2019:16:24:18 +0200] "POST /result?searchterm=true&search=REH5361 HTTP/1.1" 200 8108 "http://renault.2web.at/result?searchterm=true&search=REH5361" "Mozilla/5.0 (Windows NT 10.0; WOW64; Trident/7.0; rv:11.0) like Gecko"
185.2.196.196 - - [23/Apr/2019:16:24:22 +0200] "GET /checkout HTTP/1.1" 302 157 "-" "Mozilla/5.0 (Windows NT 10.0; WOW64; Trident/7.0; rv:11.0) like Gecko"
185.2.196.196 - - [23/Apr/2019:16:24:23 +0200] "GET /login?required=true HTTP/1.1" 200 7182 "-" "Mozilla/5.0 (Windows NT 10.0; WOW64; Trident/7.0; rv:11.0) like Gecko"
213.153.47.173 - - [23/Apr/2019:16:24:28 +0200] "GET /reload?ser=1556029468510 HTTP/1.1" 200 28 "http://renault.activities.at/login?required=true" "Mozilla/5.0 (Windows NT 10.0; Win64; x64; rv:66.0) Gecko/20100101 Firefox/66.0"
138.21.12.22 - - [23/Apr/2019:16:24:24 +0200] "GET /checkout HTTP/1.1" 200 22370 "http://renault.2web.at/result?searchterm=true&search=REH5361" "Mozilla/5.0 (Windows NT 10.0; WOW64; Trident/7.0; rv:11.0) like Gecko"
138.21.12.21 - - [23/Apr/2019:16:24:29 +0200] "GET /loadthumbnail.php?id=10202698 HTTP/1.1" 200 16678 "-" "Mozilla/4.0 (compatible;)"
138.21.12.22 - - [23/Apr/2019:16:24:33 +0200] "GET /images/checkout_border.gif HTTP/1.1" 304 - "http://renault.2web.at/checkout" "Mozilla/5.0 (Windows NT 10.0; WOW64; Trident/7.0; rv:11.0) like Gecko"
37.186.7.120 - - [23/Apr/2019:16:24:48 +0200] "GET /reload?ser=1556029488664 HTTP/1.1" 200 28 "http://renault.2web.at/account" "Mozilla/5.0 (Windows NT 6.1; WOW64; Trident/7.0; rv:11.0) like Gecko"
80.120.5.131 - - [23/Apr/2019:16:25:13 +0200] "GET /reload?ser=1556029513521 HTTP/1.1" 200 28 "http://renault.activities.at/address" "Mozilla/5.0 (Macintosh; Intel Mac OS X 10_14) AppleWebKit/605.1.15 (KHTML, like Gecko) Version/12.0 Safari/605.1.15"
213.153.47.173 - - [23/Apr/2019:16:25:29 +0200] "GET /reload?ser=1556029529183 HTTP/1.1" 200 28 "http://renault.activities.at/login?required=true" "Mozilla/5.0 (Windows NT 10.0; Win64; x64; rv:66.0) Gecko/20100101 Firefox/66.0"
185.2.196.196 - - [23/Apr/2019:16:25:33 +0200] "GET /reload?ser=1556029533061 HTTP/1.1" 200 10176 "-" "Mozilla/5.0 (Windows NT 10.0; WOW64; Trident/7.0; rv:11.0) like Gecko"
185.2.196.196 - - [23/Apr/2019:16:25:33 +0200] "GET /docheckout HTTP/1.1" 200 10176 "-" "Mozilla/5.0 (Windows NT 10.0; WOW64; Trident/7.0; rv:11.0) like Gecko"
138.21.12.22 - - [23/Apr/2019:16:25:33 +0200] "GET /reload?ser=1556029533061 HTTP/1.1" 200 28 "http://renault.2web.at/checkout" "Mozilla/5.0 (Windows NT 10.0; WOW64; Trident/7.0; rv:11.0) like Gecko"
138.21.12.22 - - [23/Apr/2019:16:25:33 +0200] "POST /docheckout HTTP/1.1" 200 413 "http://renault.2web.at/checkout" "Mozilla/5.0 (Windows NT 10.0; WOW64; Trident/7.0; rv:11.0) like Gecko"
138.21.12.22 - - [23/Apr/2019:16:25:36 +0200] "POST /docheckout HTTP/1.1" 200 585 "http://renault.2web.at/checkout" "Mozilla/5.0 (Windows NT 10.0; WOW64; Trident/7.0; rv:11.0) like Gecko"
138.21.12.22 - - [23/Apr/2019:16:25:38 +0200] "GET /images/error_msg_icon.gif HTTP/1.1" 304 - "http://renault.2web.at/checkout" "Mozilla/5.0 (Windows NT 10.0; WOW64; Trident/7.0; rv:11.0) like Gecko"
37.186.7.120 - - [23/Apr/2019:16:25:49 +0200] "GET /reload?ser=1556029549659 HTTP/1.1" 200 28 "http://renault.2web.at/account" "Mozilla/5.0 (Windows NT 6.1; WOW64; Trident/7.0; rv:11.0) like Gecko"
138.21.12.22 - - [23/Apr/2019:16:25:47 +0200] "POST /docheckout HTTP/1.1" 200 68 "http://renault.2web.at/checkout" "Mozilla/5.0 (Windows NT 10.0; WOW64; Trident/7.0; rv:11.0) like Gecko"
185.2.196.196 - - [23/Apr/2019:16:25:50 +0200] "GET /success HTTP/1.1" 302 142 "-" "Mozilla/5.0 (Windows NT 10.0; WOW64; Trident/7.0; rv:11.0) like Gecko"
185.2.196.196 - - [23/Apr/2019:16:25:51 +0200] "GET /cart HTTP/1.1" 200 6146 "-" "Mozilla/5.0 (Windows NT 10.0; WOW64; Trident/7.0; rv:11.0) like Gecko"
138.21.12.22 - - [23/Apr/2019:16:25:52 +0200] "GET /success HTTP/1.1" 200 5928 "http://renault.2web.at/checkout" "Mozilla/5.0 (Windows NT 10.0; WOW64; Trident/7.0; rv:11.0) like Gecko"
80.120.5.131 - - [23/Apr/2019:16:26:14 +0200] "GET /reload?ser=1556029574446 HTTP/1.1" 200 28 "http://renault.activities.at/address" "Mozilla/5.0 (Macintosh; Intel Mac OS X 10_14) AppleWebKit/605.1.15 (KHTML, like Gecko) Version/12.0 Safari/605.1.15"
213.153.47.173 - - [23/Apr/2019:16:26:29 +0200] "GET /reload?ser=1556029589844 HTTP/1.1" 200 28 "http://renault.activities.at/login?required=true" "Mozilla/5.0 (Windows NT 10.0; Win64; x64; rv:66.0) Gecko/20100101 Firefox/66.0"
37.186.7.120 - - [23/Apr/2019:16:26:50 +0200] "GET /reload?ser=1556029610672 HTTP/1.1" 200 28 "http://renault.2web.at/account" "Mozilla/5.0 (Windows NT 6.1; WOW64; Trident/7.0; rv:11.0) like Gecko"
80.120.5.131 - - [23/Apr/2019:16:27:15 +0200] "GET /reload?ser=1556029635560 HTTP/1.1" 200 28 "http://renault.activities.at/address" "Mozilla/5.0 (Macintosh; Intel Mac OS X 10_14) AppleWebKit/605.1.15 (KHTML, like Gecko) Version/12.0 Safari/605.1.15"
213.153.47.173 - - [23/Apr/2019:16:27:30 +0200] "GET /reload?ser=1556029650504 HTTP/1.1" 200 28 "http://renault.activities.at/login?required=true" "Mozilla/5.0 (Windows NT 10.0; Win64; x64; rv:66.0) Gecko/20100101 Firefox/66.0"
37.186.7.120 - - [23/Apr/2019:16:27:51 +0200] "GET /reload?ser=1556029671622 HTTP/1.1" 200 28 "http://renault.2web.at/account" "Mozilla/5.0 (Windows NT 6.1; WOW64; Trident/7.0; rv:11.0) like Gecko"
80.120.5.131 - - [23/Apr/2019:16:28:16 +0200] "GET /reload?ser=1556029696601 HTTP/1.1" 200 28 "http://renault.activities.at/address" "Mozilla/5.0 (Macintosh; Intel Mac OS X 10_14) AppleWebKit/605.1.15 (KHTML, like Gecko) Version/12.0 Safari/605.1.15"
213.153.47.173 - - [23/Apr/2019:16:28:31 +0200] "GET /reload?ser=1556029711170 HTTP/1.1" 200 28 "http://renault.activities.at/login?required=true" "Mozilla/5.0 (Windows NT 10.0; Win64; x64; rv:66.0) Gecko/20100101 Firefox/66.0"
37.186.7.120 - - [23/Apr/2019:16:28:52 +0200] "GET /reload?ser=1556029732579 HTTP/1.1" 200 28 "http://renault.2web.at/account" "Mozilla/5.0 (Windows NT 6.1; WOW64; Trident/7.0; rv:11.0) like Gecko"
80.120.5.131 - - [23/Apr/2019:16:29:17 +0200] "GET /reload?ser=1556029757551 HTTP/1.1" 200 28 "http://renault.activities.at/address" "Mozilla/5.0 (Macintosh; Intel Mac OS X 10_14) AppleWebKit/605.1.15 (KHTML, like Gecko) Version/12.0 Safari/605.1.15"
213.153.47.173 - - [23/Apr/2019:16:29:31 +0200] "GET /reload?ser=1556029771834 HTTP/1.1" 200 28 "http://renault.activities.at/login?required=true" "Mozilla/5.0 (Windows NT 10.0; Win64; x64; rv:66.0) Gecko/20100101 Firefox/66.0"
37.186.7.120 - - [23/Apr/2019:16:29:53 +0200] "GET /reload?ser=1556029793560 HTTP/1.1" 200 28 "http://renault.2web.at/account" "Mozilla/5.0 (Windows NT 6.1; WOW64; Trident/7.0; rv:11.0) like Gecko"
80.120.5.131 - - [23/Apr/2019:16:30:18 +0200] "GET /reload?ser=1556029818545 HTTP/1.1" 200 28 "http://renault.activities.at/address" "Mozilla/5.0 (Macintosh; Intel Mac OS X 10_14) AppleWebKit/605.1.15 (KHTML, like Gecko) Version/12.0 Safari/605.1.15"
213.153.47.173 - - [23/Apr/2019:16:30:32 +0200] "GET /reload?ser=1556029832504 HTTP/1.1" 200 28 "http://renault.activities.at/login?required=true" "Mozilla/5.0 (Windows NT 10.0; Win64; x64; rv:66.0) Gecko/20100101 Firefox/66.0"
37.186.7.120 - - [23/Apr/2019:16:30:54 +0200] "GET /reload?ser=1556029854571 HTTP/1.1" 200 28 "http://renault.2web.at/account" "Mozilla/5.0 (Windows NT 6.1; WOW64; Trident/7.0; rv:11.0) like Gecko"
80.120.5.131 - - [23/Apr/2019:16:31:19 +0200] "GET /reload?ser=1556029879459 HTTP/1.1" 200 28 "http://renault.activities.at/address" "Mozilla/5.0 (Macintosh; Intel Mac OS X 10_14) AppleWebKit/605.1.15 (KHTML, like Gecko) Version/12.0 Safari/605.1.15"
213.153.47.173 - - [23/Apr/2019:16:31:33 +0200] "GET /reload?ser=1556029893175 HTTP/1.1" 200 28 "http://renault.activities.at/login?required=true" "Mozilla/5.0 (Windows NT 10.0; Win64; x64; rv:66.0) Gecko/20100101 Firefox/66.0"
37.186.7.120 - - [23/Apr/2019:16:31:51 +0200] "GET /action HTTP/1.1" 200 6855 "http://renault.2web.at/account" "Mozilla/5.0 (Windows NT 6.1; WOW64; Trident/7.0; rv:11.0) like Gecko"
37.186.7.120 - - [23/Apr/2019:16:31:53 +0200] "GET /images/note_msg_icon.gif HTTP/1.1" 200 1022 "http://renault.2web.at/action" "Mozilla/5.0 (Windows NT 6.1; WOW64; Trident/7.0; rv:11.0) like Gecko"
37.186.7.120 - - [23/Apr/2019:16:31:57 +0200] "GET /action?mode=2 HTTP/1.1" 200 7036 "http://renault.2web.at/action" "Mozilla/5.0 (Windows NT 6.1; WOW64; Trident/7.0; rv:11.0) like Gecko"
80.120.5.131 - - [23/Apr/2019:16:32:20 +0200] "GET /reload?ser=1556029940402 HTTP/1.1" 200 28 "http://renault.activities.at/address" "Mozilla/5.0 (Macintosh; Intel Mac OS X 10_14) AppleWebKit/605.1.15 (KHTML, like Gecko) Version/12.0 Safari/605.1.15"
37.186.7.120 - - [23/Apr/2019:16:32:27 +0200] "GET /11274738 HTTP/1.1" 200 9527 "http://renault.2web.at/action?mode=2" "Mozilla/5.0 (Windows NT 6.1; WOW64; Trident/7.0; rv:11.0) like Gecko"
37.186.7.120 - - [23/Apr/2019:16:32:30 +0200] "GET /js/actionorder.js HTTP/1.1" 200 4403 "http://renault.2web.at/11274738" "Mozilla/5.0 (Windows NT 6.1; WOW64; Trident/7.0; rv:11.0) like Gecko"
37.186.7.120 - - [23/Apr/2019:16:32:30 +0200] "GET /js/actiontabs.js HTTP/1.1" 200 519 "http://renault.2web.at/11274738" "Mozilla/5.0 (Windows NT 6.1; WOW64; Trident/7.0; rv:11.0) like Gecko"
37.186.7.120 - - [23/Apr/2019:16:32:30 +0200] "GET /loadthumbnail.php?id=11274718&width=200&height=280 HTTP/1.1" 200 3871 "http://renault.2web.at/11274738" "Mozilla/5.0 (Windows NT 6.1; WOW64; Trident/7.0; rv:11.0) like Gecko"
37.186.7.120 - - [23/Apr/2019:16:32:30 +0200] "GET /loadthumbnail.php?id=11274719&width=200&height=280 HTTP/1.1" 200 4142 "http://renault.2web.at/11274738" "Mozilla/5.0 (Windows NT 6.1; WOW64; Trident/7.0; rv:11.0) like Gecko"
37.186.7.120 - - [23/Apr/2019:16:32:30 +0200] "GET /images/tabs_button_corner_left_top_active.gif HTTP/1.1" 200 138 "http://renault.2web.at/11274738" "Mozilla/5.0 (Windows NT 6.1; WOW64; Trident/7.0; rv:11.0) like Gecko"
37.186.7.120 - - [23/Apr/2019:16:32:30 +0200] "GET /images/tabs_corner_right_bot.gif HTTP/1.1" 200 99 "http://renault.2web.at/11274738" "Mozilla/5.0 (Windows NT 6.1; WOW64; Trident/7.0; rv:11.0) like Gecko"
37.186.7.120 - - [23/Apr/2019:16:32:30 +0200] "GET /images/tabs_corner_right_top.gif HTTP/1.1" 200 98 "http://renault.2web.at/11274738" "Mozilla/5.0 (Windows NT 6.1; WOW64; Trident/7.0; rv:11.0) like Gecko"
37.186.7.120 - - [23/Apr/2019:16:32:30 +0200] "GET /images/tabs_corner_left_bot.gif HTTP/1.1" 200 98 "http://renault.2web.at/11274738" "Mozilla/5.0 (Windows NT 6.1; WOW64; Trident/7.0; rv:11.0) like Gecko"
37.186.7.120 - - [23/Apr/2019:16:32:30 +0200] "GET /images/tabs_border.gif HTTP/1.1" 200 43 "http://renault.2web.at/11274738" "Mozilla/5.0 (Windows NT 6.1; WOW64; Trident/7.0; rv:11.0) like Gecko"
37.186.7.120 - - [23/Apr/2019:16:32:30 +0200] "GET /images/tabs_button_corner_right_top_active.gif HTTP/1.1" 200 136 "http://renault.2web.at/11274738" "Mozilla/5.0 (Windows NT 6.1; WOW64; Trident/7.0; rv:11.0) like Gecko"
37.186.7.120 - - [23/Apr/2019:16:32:30 +0200] "GET /images/tabs_corner_left_top.gif HTTP/1.1" 200 99 "http://renault.2web.at/11274738" "Mozilla/5.0 (Windows NT 6.1; WOW64; Trident/7.0; rv:11.0) like Gecko"
213.153.47.173 - - [23/Apr/2019:16:32:33 +0200] "GET /reload?ser=1556029953833 HTTP/1.1" 200 28 "http://renault.activities.at/login?required=true" "Mozilla/5.0 (Windows NT 10.0; Win64; x64; rv:66.0) Gecko/20100101 Firefox/66.0"
37.186.7.120 - - [23/Apr/2019:16:32:59 +0200] "GET /10260008 HTTP/1.1" 200 11938 "http://renault.2web.at/11274738" "Mozilla/5.0 (Windows NT 6.1; WOW64; Trident/7.0; rv:11.0) like Gecko"
80.120.5.131 - - [23/Apr/2019:16:33:28 +0200] "GET /reload?ser=1556030007981 HTTP/1.1" 200 28 "http://renault.activities.at/address" "Mozilla/5.0 (Macintosh; Intel Mac OS X 10_14) AppleWebKit/605.1.15 (KHTML, like Gecko) Version/12.0 Safari/605.1.15"
213.153.47.173 - - [23/Apr/2019:16:33:34 +0200] "GET /reload?ser=1556030014488 HTTP/1.1" 200 28 "http://renault.activities.at/login?required=true" "Mozilla/5.0 (Windows NT 10.0; Win64; x64; rv:66.0) Gecko/20100101 Firefox/66.0"
37.186.7.120 - - [23/Apr/2019:16:33:49 +0200] "GET /10260306 HTTP/1.1" 200 9432 "http://renault.2web.at/10260008" "Mozilla/5.0 (Windows NT 6.1; WOW64; Trident/7.0; rv:11.0) like Gecko"
37.186.7.120 - - [23/Apr/2019:16:33:51 +0200] "GET /loadthumbnail.php?id=11351226&width=113 HTTP/1.1" 200 16210 "http://renault.2web.at/10260306" "Mozilla/5.0 (Windows NT 6.1; WOW64; Trident/7.0; rv:11.0) like Gecko"
37.186.7.120 - - [23/Apr/2019:16:34:01 +0200] "GET /10260250 HTTP/1.1" 200 11938 "http://renault.2web.at/10260306" "Mozilla/5.0 (Windows NT 6.1; WOW64; Trident/7.0; rv:11.0) like Gecko"
80.120.5.131 - - [23/Apr/2019:16:34:29 +0200] "GET /reload?ser=1556030068964 HTTP/1.1" 200 28 "http://renault.activities.at/address" "Mozilla/5.0 (Macintosh; Intel Mac OS X 10_14) AppleWebKit/605.1.15 (KHTML, like Gecko) Version/12.0 Safari/605.1.15"
213.153.47.173 - - [23/Apr/2019:16:34:35 +0200] "GET /reload?ser=1556030075161 HTTP/1.1" 200 28 "http://renault.activities.at/login?required=true" "Mozilla/5.0 (Windows NT 10.0; Win64; x64; rv:66.0) Gecko/20100101 Firefox/66.0"
37.186.7.120 - - [23/Apr/2019:16:34:55 +0200] "GET /checkout HTTP/1.1" 302 145 "http://renault.2web.at/10260250" "Mozilla/5.0 (Windows NT 6.1; WOW64; Trident/7.0; rv:11.0) like Gecko"
37.186.7.120 - - [23/Apr/2019:16:34:56 +0200] "GET /cart?noamount=true HTTP/1.1" 200 6703 "http://renault.2web.at/10260250" "Mozilla/5.0 (Windows NT 6.1; WOW64; Trident/7.0; rv:11.0) like Gecko"
37.186.7.120 - - [23/Apr/2019:16:35:01 +0200] "GET /10201442 HTTP/1.1" 200 11810 "http://renault.2web.at/cart?noamount=true" "Mozilla/5.0 (Windows NT 6.1; WOW64; Trident/7.0; rv:11.0) like Gecko"
80.120.5.131 - - [23/Apr/2019:16:35:30 +0200] "GET /reload?ser=1556030130050 HTTP/1.1" 200 28 "http://renault.activities.at/address" "Mozilla/5.0 (Macintosh; Intel Mac OS X 10_14) AppleWebKit/605.1.15 (KHTML, like Gecko) Version/12.0 Safari/605.1.15"
213.153.47.173 - - [23/Apr/2019:16:35:35 +0200] "GET /reload?ser=1556030135840 HTTP/1.1" 200 28 "http://renault.activities.at/login?required=true" "Mozilla/5.0 (Windows NT 10.0; Win64; x64; rv:66.0) Gecko/20100101 Firefox/66.0"
80.120.5.131 - - [23/Apr/2019:16:36:31 +0200] "GET /reload?ser=1556030191018 HTTP/1.1" 200 28 "http://renault.activities.at/address" "Mozilla/5.0 (Macintosh; Intel Mac OS X 10_14) AppleWebKit/605.1.15 (KHTML, like Gecko) Version/12.0 Safari/605.1.15"
213.153.47.173 - - [23/Apr/2019:16:36:36 +0200] "GET /reload?ser=1556030196490 HTTP/1.1" 200 28 "http://renault.activities.at/login?required=true" "Mozilla/5.0 (Windows NT 10.0; Win64; x64; rv:66.0) Gecko/20100101 Firefox/66.0"
80.120.5.131 - - [23/Apr/2019:16:37:32 +0200] "GET /reload?ser=1556030251991 HTTP/1.1" 200 28 "http://renault.activities.at/address" "Mozilla/5.0 (Macintosh; Intel Mac OS X 10_14) AppleWebKit/605.1.15 (KHTML, like Gecko) Version/12.0 Safari/605.1.15"
213.153.47.173 - - [23/Apr/2019:16:37:37 +0200] "GET /reload?ser=1556030257135 HTTP/1.1" 200 28 "http://renault.activities.at/login?required=true" "Mozilla/5.0 (Windows NT 10.0; Win64; x64; rv:66.0) Gecko/20100101 Firefox/66.0"
213.153.47.173 - - [23/Apr/2019:16:38:37 +0200] "GET /reload?ser=1556030317795 HTTP/1.1" 200 28 "http://renault.activities.at/login?required=true" "Mozilla/5.0 (Windows NT 10.0; Win64; x64; rv:66.0) Gecko/20100101 Firefox/66.0"
213.153.47.173 - - [23/Apr/2019:16:39:38 +0200] "GET /reload?ser=1556030378466 HTTP/1.1" 200 28 "http://renault.activities.at/login?required=true" "Mozilla/5.0 (Windows NT 10.0; Win64; x64; rv:66.0) Gecko/20100101 Firefox/66.0"
