193.194.132.30 - - [30/Apr/2019:09:45:45 +0200] "GET /loadthumbnail.php?id=11461707&width=113 HTTP/1.1" 200 27994 "http://renault.2web.at/10201634?dir=DESC&mode=grid&order=name&limit=15&page=4" "Mozilla/5.0 (Windows NT 10.0; Win64; x64) AppleWebKit/537.36 (KHTML, like Gecko) Chrome/74.0.3729.108 Safari/537.36"
193.194.132.30 - - [30/Apr/2019:09:45:45 +0200] "GET /loadthumbnail.php?id=11075492&width=113 HTTP/1.1" 200 2349 "http://renault.2web.at/10201634?dir=DESC&mode=grid&order=name&limit=15&page=4" "Mozilla/5.0 (Windows NT 10.0; Win64; x64) AppleWebKit/537.36 (KHTML, like Gecko) Chrome/74.0.3729.108 Safari/537.36"
193.194.132.30 - - [30/Apr/2019:09:45:45 +0200] "GET /loadthumbnail.php?id=11075482&width=113 HTTP/1.1" 200 2349 "http://renault.2web.at/10201634?dir=DESC&mode=grid&order=name&limit=15&page=4" "Mozilla/5.0 (Windows NT 10.0; Win64; x64) AppleWebKit/537.36 (KHTML, like Gecko) Chrome/74.0.3729.108 Safari/537.36"
193.194.132.30 - - [30/Apr/2019:09:45:45 +0200] "GET /loadthumbnail.php?id=11146700&width=113 HTTP/1.1" 200 1415 "http://renault.2web.at/10201634?dir=DESC&mode=grid&order=name&limit=15&page=4" "Mozilla/5.0 (Windows NT 10.0; Win64; x64) AppleWebKit/537.36 (KHTML, like Gecko) Chrome/74.0.3729.108 Safari/537.36"
217.76.161.118 - - [30/Apr/2019:09:45:45 +0200] "GET /reload?ser=1556610344429 HTTP/1.1" 200 28 "http://renault.activities.at/success" "Mozilla/5.0 (Windows NT 6.1; WOW64; Trident/7.0; rv:11.0) like Gecko"
193.194.132.30 - - [30/Apr/2019:09:46:07 +0200] "GET /10201634?dir=DESC&mode=grid&order=name&limit=15&page=5 HTTP/1.1" 200 10730 "http://renault.2web.at/10201634?dir=DESC&mode=grid&order=name&limit=15&page=4" "Mozilla/5.0 (Windows NT 10.0; Win64; x64) AppleWebKit/537.36 (KHTML, like Gecko) Chrome/74.0.3729.108 Safari/537.36"
193.194.132.30 - - [30/Apr/2019:09:46:11 +0200] "GET /loadthumbnail.php?id=11423690&width=113 HTTP/1.1" 200 1470 "http://renault.2web.at/10201634?dir=DESC&mode=grid&order=name&limit=15&page=5" "Mozilla/5.0 (Windows NT 10.0; Win64; x64) AppleWebKit/537.36 (KHTML, like Gecko) Chrome/74.0.3729.108 Safari/537.36"
193.194.132.30 - - [30/Apr/2019:09:46:11 +0200] "GET /loadthumbnail.php?id=11245117&width=113 HTTP/1.1" 200 2832 "http://renault.2web.at/10201634?dir=DESC&mode=grid&order=name&limit=15&page=5" "Mozilla/5.0 (Windows NT 10.0; Win64; x64) AppleWebKit/537.36 (KHTML, like Gecko) Chrome/74.0.3729.108 Safari/537.36"
193.194.132.30 - - [30/Apr/2019:09:46:11 +0200] "GET /loadthumbnail.php?id=11532883&width=113 HTTP/1.1" 200 35124 "http://renault.2web.at/10201634?dir=DESC&mode=grid&order=name&limit=15&page=5" "Mozilla/5.0 (Windows NT 10.0; Win64; x64) AppleWebKit/537.36 (KHTML, like Gecko) Chrome/74.0.3729.108 Safari/537.36"
193.194.132.30 - - [30/Apr/2019:09:46:11 +0200] "GET /loadthumbnail.php?id=11831525&width=113 HTTP/1.1" 200 4126 "http://renault.2web.at/10201634?dir=DESC&mode=grid&order=name&limit=15&page=5" "Mozilla/5.0 (Windows NT 10.0; Win64; x64) AppleWebKit/537.36 (KHTML, like Gecko) Chrome/74.0.3729.108 Safari/537.36"
193.194.132.30 - - [30/Apr/2019:09:46:11 +0200] "GET /loadthumbnail.php?id=11831534&width=113 HTTP/1.1" 200 4126 "http://renault.2web.at/10201634?dir=DESC&mode=grid&order=name&limit=15&page=5" "Mozilla/5.0 (Windows NT 10.0; Win64; x64) AppleWebKit/537.36 (KHTML, like Gecko) Chrome/74.0.3729.108 Safari/537.36"
193.194.132.30 - - [30/Apr/2019:09:46:11 +0200] "GET /loadthumbnail.php?id=11100138&width=113 HTTP/1.1" 200 4475 "http://renault.2web.at/10201634?dir=DESC&mode=grid&order=name&limit=15&page=5" "Mozilla/5.0 (Windows NT 10.0; Win64; x64) AppleWebKit/537.36 (KHTML, like Gecko) Chrome/74.0.3729.108 Safari/537.36"
213.153.47.173 - - [30/Apr/2019:09:46:10 +0200] "GET /reload?ser=1556610370845 HTTP/1.1" 200 28 "http://renault.activities.at/login?required=true" "Mozilla/5.0 (Windows NT 10.0; Win64; x64; rv:66.0) Gecko/20100101 Firefox/66.0"
193.194.132.30 - - [30/Apr/2019:09:46:11 +0200] "GET /loadthumbnail.php?id=11340121&width=113 HTTP/1.1" 200 4540 "http://renault.2web.at/10201634?dir=DESC&mode=grid&order=name&limit=15&page=5" "Mozilla/5.0 (Windows NT 10.0; Win64; x64) AppleWebKit/537.36 (KHTML, like Gecko) Chrome/74.0.3729.108 Safari/537.36"
193.194.132.30 - - [30/Apr/2019:09:46:11 +0200] "GET /loadthumbnail.php?id=11435681&width=113 HTTP/1.1" 200 3946 "http://renault.2web.at/10201634?dir=DESC&mode=grid&order=name&limit=15&page=5" "Mozilla/5.0 (Windows NT 10.0; Win64; x64) AppleWebKit/537.36 (KHTML, like Gecko) Chrome/74.0.3729.108 Safari/537.36"
193.194.132.30 - - [30/Apr/2019:09:46:11 +0200] "GET /loadthumbnail.php?id=11340122&width=113 HTTP/1.1" 200 3786 "http://renault.2web.at/10201634?dir=DESC&mode=grid&order=name&limit=15&page=5" "Mozilla/5.0 (Windows NT 10.0; Win64; x64) AppleWebKit/537.36 (KHTML, like Gecko) Chrome/74.0.3729.108 Safari/537.36"
193.194.132.30 - - [30/Apr/2019:09:46:11 +0200] "GET /loadthumbnail.php?id=11901055&width=113 HTTP/1.1" 200 14816 "http://renault.2web.at/10201634?dir=DESC&mode=grid&order=name&limit=15&page=5" "Mozilla/5.0 (Windows NT 10.0; Win64; x64) AppleWebKit/537.36 (KHTML, like Gecko) Chrome/74.0.3729.108 Safari/537.36"
193.194.132.30 - - [30/Apr/2019:09:46:11 +0200] "GET /loadthumbnail.php?id=11901068&width=113 HTTP/1.1" 200 14816 "http://renault.2web.at/10201634?dir=DESC&mode=grid&order=name&limit=15&page=5" "Mozilla/5.0 (Windows NT 10.0; Win64; x64) AppleWebKit/537.36 (KHTML, like Gecko) Chrome/74.0.3729.108 Safari/537.36"
193.194.132.30 - - [30/Apr/2019:09:46:11 +0200] "GET /loadthumbnail.php?id=11831340&width=113 HTTP/1.1" 200 4684 "http://renault.2web.at/10201634?dir=DESC&mode=grid&order=name&limit=15&page=5" "Mozilla/5.0 (Windows NT 10.0; Win64; x64) AppleWebKit/537.36 (KHTML, like Gecko) Chrome/74.0.3729.108 Safari/537.36"
193.194.132.30 - - [30/Apr/2019:09:46:11 +0200] "GET /loadthumbnail.php?id=11592489&width=113 HTTP/1.1" 200 16712 "http://renault.2web.at/10201634?dir=DESC&mode=grid&order=name&limit=15&page=5" "Mozilla/5.0 (Windows NT 10.0; Win64; x64) AppleWebKit/537.36 (KHTML, like Gecko) Chrome/74.0.3729.108 Safari/537.36"
80.120.5.131 - - [30/Apr/2019:09:46:14 +0200] "GET /reload?ser=1556610374432 HTTP/1.1" 200 2 "http://renault.activities.at/result?dir=DESC&mode=grid&order=name&limit=15&page=2&search=scenic" "Mozilla/5.0 (Windows NT 10.0; WOW64; Trident/7.0; rv:11.0) like Gecko"
193.194.132.26 - - [30/Apr/2019:09:46:20 +0200] "GET /reload?ser=1556610380864 HTTP/1.1" 200 28 "http://renault.2web.at/account?loadrequest=true" "Mozilla/5.0 (Windows NT 10.0; WOW64; Trident/7.0; Touch; rv:11.0) like Gecko"
193.194.132.30 - - [30/Apr/2019:09:46:28 +0200] "GET /10201634?dir=DESC&mode=grid&order=name&limit=15&page=6 HTTP/1.1" 200 10875 "http://renault.2web.at/10201634?dir=DESC&mode=grid&order=name&limit=15&page=5" "Mozilla/5.0 (Windows NT 10.0; Win64; x64) AppleWebKit/537.36 (KHTML, like Gecko) Chrome/74.0.3729.108 Safari/537.36"
193.194.132.30 - - [30/Apr/2019:09:46:32 +0200] "GET /loadthumbnail.php?id=11592506&width=113 HTTP/1.1" 200 18179 "http://renault.2web.at/10201634?dir=DESC&mode=grid&order=name&limit=15&page=6" "Mozilla/5.0 (Windows NT 10.0; Win64; x64) AppleWebKit/537.36 (KHTML, like Gecko) Chrome/74.0.3729.108 Safari/537.36"
193.194.132.30 - - [30/Apr/2019:09:46:32 +0200] "GET /loadthumbnail.php?id=11434114&width=113 HTTP/1.1" 200 4564 "http://renault.2web.at/10201634?dir=DESC&mode=grid&order=name&limit=15&page=6" "Mozilla/5.0 (Windows NT 10.0; Win64; x64) AppleWebKit/537.36 (KHTML, like Gecko) Chrome/74.0.3729.108 Safari/537.36"
193.194.132.30 - - [30/Apr/2019:09:46:32 +0200] "GET /loadthumbnail.php?id=11211825&width=113 HTTP/1.1" 200 1953 "http://renault.2web.at/10201634?dir=DESC&mode=grid&order=name&limit=15&page=6" "Mozilla/5.0 (Windows NT 10.0; Win64; x64) AppleWebKit/537.36 (KHTML, like Gecko) Chrome/74.0.3729.108 Safari/537.36"
193.194.132.30 - - [30/Apr/2019:09:46:32 +0200] "GET /loadthumbnail.php?id=11592511&width=113 HTTP/1.1" 200 21270 "http://renault.2web.at/10201634?dir=DESC&mode=grid&order=name&limit=15&page=6" "Mozilla/5.0 (Windows NT 10.0; Win64; x64) AppleWebKit/537.36 (KHTML, like Gecko) Chrome/74.0.3729.108 Safari/537.36"
193.194.132.30 - - [30/Apr/2019:09:46:32 +0200] "GET /loadthumbnail.php?id=10745359&width=113 HTTP/1.1" 200 4202 "http://renault.2web.at/10201634?dir=DESC&mode=grid&order=name&limit=15&page=6" "Mozilla/5.0 (Windows NT 10.0; Win64; x64) AppleWebKit/537.36 (KHTML, like Gecko) Chrome/74.0.3729.108 Safari/537.36"
193.194.132.30 - - [30/Apr/2019:09:46:32 +0200] "GET /loadthumbnail.php?id=11491565&width=113 HTTP/1.1" 200 9992 "http://renault.2web.at/10201634?dir=DESC&mode=grid&order=name&limit=15&page=6" "Mozilla/5.0 (Windows NT 10.0; Win64; x64) AppleWebKit/537.36 (KHTML, like Gecko) Chrome/74.0.3729.108 Safari/537.36"
193.194.132.30 - - [30/Apr/2019:09:46:32 +0200] "GET /loadthumbnail.php?id=10614830&width=113 HTTP/1.1" 200 2000 "http://renault.2web.at/10201634?dir=DESC&mode=grid&order=name&limit=15&page=6" "Mozilla/5.0 (Windows NT 10.0; Win64; x64) AppleWebKit/537.36 (KHTML, like Gecko) Chrome/74.0.3729.108 Safari/537.36"
193.194.132.30 - - [30/Apr/2019:09:46:32 +0200] "GET /loadthumbnail.php?id=11573493&width=113 HTTP/1.1" 200 8256 "http://renault.2web.at/10201634?dir=DESC&mode=grid&order=name&limit=15&page=6" "Mozilla/5.0 (Windows NT 10.0; Win64; x64) AppleWebKit/537.36 (KHTML, like Gecko) Chrome/74.0.3729.108 Safari/537.36"
193.194.132.30 - - [30/Apr/2019:09:46:32 +0200] "GET /loadthumbnail.php?id=11355691&width=113 HTTP/1.1" 200 1198 "http://renault.2web.at/10201634?dir=DESC&mode=grid&order=name&limit=15&page=6" "Mozilla/5.0 (Windows NT 10.0; Win64; x64) AppleWebKit/537.36 (KHTML, like Gecko) Chrome/74.0.3729.108 Safari/537.36"
193.194.132.30 - - [30/Apr/2019:09:46:33 +0200] "GET /loadthumbnail.php?id=11721290&width=113 HTTP/1.1" 200 1179 "http://renault.2web.at/10201634?dir=DESC&mode=grid&order=name&limit=15&page=6" "Mozilla/5.0 (Windows NT 10.0; Win64; x64) AppleWebKit/537.36 (KHTML, like Gecko) Chrome/74.0.3729.108 Safari/537.36"
193.194.132.30 - - [30/Apr/2019:09:46:33 +0200] "GET /loadthumbnail.php?id=11108158&width=113 HTTP/1.1" 200 1545 "http://renault.2web.at/10201634?dir=DESC&mode=grid&order=name&limit=15&page=6" "Mozilla/5.0 (Windows NT 10.0; Win64; x64) AppleWebKit/537.36 (KHTML, like Gecko) Chrome/74.0.3729.108 Safari/537.36"
193.194.132.30 - - [30/Apr/2019:09:46:33 +0200] "GET /loadthumbnail.php?id=11730239&width=113 HTTP/1.1" 200 4665 "http://renault.2web.at/10201634?dir=DESC&mode=grid&order=name&limit=15&page=6" "Mozilla/5.0 (Windows NT 10.0; Win64; x64) AppleWebKit/537.36 (KHTML, like Gecko) Chrome/74.0.3729.108 Safari/537.36"
193.194.132.30 - - [30/Apr/2019:09:46:33 +0200] "GET /loadthumbnail.php?id=10260190&width=113 HTTP/1.1" 200 4509 "http://renault.2web.at/10201634?dir=DESC&mode=grid&order=name&limit=15&page=6" "Mozilla/5.0 (Windows NT 10.0; Win64; x64) AppleWebKit/537.36 (KHTML, like Gecko) Chrome/74.0.3729.108 Safari/537.36"
193.194.132.30 - - [30/Apr/2019:09:46:33 +0200] "GET /loadthumbnail.php?id=10260174&width=113 HTTP/1.1" 200 3715 "http://renault.2web.at/10201634?dir=DESC&mode=grid&order=name&limit=15&page=6" "Mozilla/5.0 (Windows NT 10.0; Win64; x64) AppleWebKit/537.36 (KHTML, like Gecko) Chrome/74.0.3729.108 Safari/537.36"
193.194.132.30 - - [30/Apr/2019:09:46:33 +0200] "GET /loadthumbnail.php?id=11788552&width=113 HTTP/1.1" 200 3318 "http://renault.2web.at/10201634?dir=DESC&mode=grid&order=name&limit=15&page=6" "Mozilla/5.0 (Windows NT 10.0; Win64; x64) AppleWebKit/537.36 (KHTML, like Gecko) Chrome/74.0.3729.108 Safari/537.36"
217.76.161.118 - - [30/Apr/2019:09:46:46 +0200] "GET /reload?ser=1556610405493 HTTP/1.1" 200 28 "http://renault.activities.at/success" "Mozilla/5.0 (Windows NT 6.1; WOW64; Trident/7.0; rv:11.0) like Gecko"
193.194.132.30 - - [30/Apr/2019:09:46:57 +0200] "GET /10201634?dir=DESC&mode=grid&order=name&limit=15&page=7 HTTP/1.1" 200 10740 "http://renault.2web.at/10201634?dir=DESC&mode=grid&order=name&limit=15&page=6" "Mozilla/5.0 (Windows NT 10.0; Win64; x64) AppleWebKit/537.36 (KHTML, like Gecko) Chrome/74.0.3729.108 Safari/537.36"
193.194.132.30 - - [30/Apr/2019:09:47:00 +0200] "GET /loadthumbnail.php?id=11226381&width=113 HTTP/1.1" 200 2887 "http://renault.2web.at/10201634?dir=DESC&mode=grid&order=name&limit=15&page=7" "Mozilla/5.0 (Windows NT 10.0; Win64; x64) AppleWebKit/537.36 (KHTML, like Gecko) Chrome/74.0.3729.108 Safari/537.36"
193.194.132.30 - - [30/Apr/2019:09:47:00 +0200] "GET /loadthumbnail.php?id=12011455&width=113 HTTP/1.1" 200 32798 "http://renault.2web.at/10201634?dir=DESC&mode=grid&order=name&limit=15&page=7" "Mozilla/5.0 (Windows NT 10.0; Win64; x64) AppleWebKit/537.36 (KHTML, like Gecko) Chrome/74.0.3729.108 Safari/537.36"
193.194.132.30 - - [30/Apr/2019:09:47:00 +0200] "GET /loadthumbnail.php?id=12011456&width=113 HTTP/1.1" 200 14012 "http://renault.2web.at/10201634?dir=DESC&mode=grid&order=name&limit=15&page=7" "Mozilla/5.0 (Windows NT 10.0; Win64; x64) AppleWebKit/537.36 (KHTML, like Gecko) Chrome/74.0.3729.108 Safari/537.36"
193.194.132.30 - - [30/Apr/2019:09:47:01 +0200] "GET /loadthumbnail.php?id=12011452&width=113 HTTP/1.1" 200 18490 "http://renault.2web.at/10201634?dir=DESC&mode=grid&order=name&limit=15&page=7" "Mozilla/5.0 (Windows NT 10.0; Win64; x64) AppleWebKit/537.36 (KHTML, like Gecko) Chrome/74.0.3729.108 Safari/537.36"
193.194.132.30 - - [30/Apr/2019:09:47:01 +0200] "GET /loadthumbnail.php?id=12011459&width=113 HTTP/1.1" 200 27010 "http://renault.2web.at/10201634?dir=DESC&mode=grid&order=name&limit=15&page=7" "Mozilla/5.0 (Windows NT 10.0; Win64; x64) AppleWebKit/537.36 (KHTML, like Gecko) Chrome/74.0.3729.108 Safari/537.36"
193.194.132.30 - - [30/Apr/2019:09:47:00 +0200] "GET /loadthumbnail.php?id=11572278&width=113 HTTP/1.1" 200 13114 "http://renault.2web.at/10201634?dir=DESC&mode=grid&order=name&limit=15&page=7" "Mozilla/5.0 (Windows NT 10.0; Win64; x64) AppleWebKit/537.36 (KHTML, like Gecko) Chrome/74.0.3729.108 Safari/537.36"
193.194.132.30 - - [30/Apr/2019:09:47:01 +0200] "GET /loadthumbnail.php?id=11308855&width=113 HTTP/1.1" 200 4521 "http://renault.2web.at/10201634?dir=DESC&mode=grid&order=name&limit=15&page=7" "Mozilla/5.0 (Windows NT 10.0; Win64; x64) AppleWebKit/537.36 (KHTML, like Gecko) Chrome/74.0.3729.108 Safari/537.36"
193.194.132.30 - - [30/Apr/2019:09:47:01 +0200] "GET /loadthumbnail.php?id=11340119&width=113 HTTP/1.1" 200 5321 "http://renault.2web.at/10201634?dir=DESC&mode=grid&order=name&limit=15&page=7" "Mozilla/5.0 (Windows NT 10.0; Win64; x64) AppleWebKit/537.36 (KHTML, like Gecko) Chrome/74.0.3729.108 Safari/537.36"
193.194.132.30 - - [30/Apr/2019:09:47:01 +0200] "GET /loadthumbnail.php?id=11340118&width=113 HTTP/1.1" 200 5862 "http://renault.2web.at/10201634?dir=DESC&mode=grid&order=name&limit=15&page=7" "Mozilla/5.0 (Windows NT 10.0; Win64; x64) AppleWebKit/537.36 (KHTML, like Gecko) Chrome/74.0.3729.108 Safari/537.36"
193.194.132.30 - - [30/Apr/2019:09:47:01 +0200] "GET /loadthumbnail.php?id=11847066&width=113 HTTP/1.1" 200 8786 "http://renault.2web.at/10201634?dir=DESC&mode=grid&order=name&limit=15&page=7" "Mozilla/5.0 (Windows NT 10.0; Win64; x64) AppleWebKit/537.36 (KHTML, like Gecko) Chrome/74.0.3729.108 Safari/537.36"
193.194.132.30 - - [30/Apr/2019:09:47:01 +0200] "GET /loadthumbnail.php?id=11094463&width=113 HTTP/1.1" 200 2237 "http://renault.2web.at/10201634?dir=DESC&mode=grid&order=name&limit=15&page=7" "Mozilla/5.0 (Windows NT 10.0; Win64; x64) AppleWebKit/537.36 (KHTML, like Gecko) Chrome/74.0.3729.108 Safari/537.36"
193.194.132.30 - - [30/Apr/2019:09:47:01 +0200] "GET /loadthumbnail.php?id=11270805&width=113 HTTP/1.1" 200 5169 "http://renault.2web.at/10201634?dir=DESC&mode=grid&order=name&limit=15&page=7" "Mozilla/5.0 (Windows NT 10.0; Win64; x64) AppleWebKit/537.36 (KHTML, like Gecko) Chrome/74.0.3729.108 Safari/537.36"
213.153.47.173 - - [30/Apr/2019:09:47:11 +0200] "GET /reload?ser=1556610431526 HTTP/1.1" 200 28 "http://renault.activities.at/login?required=true" "Mozilla/5.0 (Windows NT 10.0; Win64; x64; rv:66.0) Gecko/20100101 Firefox/66.0"
193.194.132.30 - - [30/Apr/2019:09:47:11 +0200] "GET /10201634?dir=DESC&mode=grid&order=name&limit=15&page=8 HTTP/1.1" 200 10886 "http://renault.2web.at/10201634?dir=DESC&mode=grid&order=name&limit=15&page=7" "Mozilla/5.0 (Windows NT 10.0; Win64; x64) AppleWebKit/537.36 (KHTML, like Gecko) Chrome/74.0.3729.108 Safari/537.36"
193.194.132.30 - - [30/Apr/2019:09:47:14 +0200] "GET /loadthumbnail.php?id=10269567&width=113 HTTP/1.1" 200 1590 "http://renault.2web.at/10201634?dir=DESC&mode=grid&order=name&limit=15&page=8" "Mozilla/5.0 (Windows NT 10.0; Win64; x64) AppleWebKit/537.36 (KHTML, like Gecko) Chrome/74.0.3729.108 Safari/537.36"
193.194.132.30 - - [30/Apr/2019:09:47:14 +0200] "GET /loadthumbnail.php?id=11340120&width=113 HTTP/1.1" 200 2962 "http://renault.2web.at/10201634?dir=DESC&mode=grid&order=name&limit=15&page=8" "Mozilla/5.0 (Windows NT 10.0; Win64; x64) AppleWebKit/537.36 (KHTML, like Gecko) Chrome/74.0.3729.108 Safari/537.36"
193.194.132.30 - - [30/Apr/2019:09:47:14 +0200] "GET /loadthumbnail.php?id=10269569&width=113 HTTP/1.1" 200 1309 "http://renault.2web.at/10201634?dir=DESC&mode=grid&order=name&limit=15&page=8" "Mozilla/5.0 (Windows NT 10.0; Win64; x64) AppleWebKit/537.36 (KHTML, like Gecko) Chrome/74.0.3729.108 Safari/537.36"
193.194.132.30 - - [30/Apr/2019:09:47:14 +0200] "GET /loadthumbnail.php?id=10413489&width=113 HTTP/1.1" 200 3213 "http://renault.2web.at/10201634?dir=DESC&mode=grid&order=name&limit=15&page=8" "Mozilla/5.0 (Windows NT 10.0; Win64; x64) AppleWebKit/537.36 (KHTML, like Gecko) Chrome/74.0.3729.108 Safari/537.36"
193.194.132.30 - - [30/Apr/2019:09:47:14 +0200] "GET /loadthumbnail.php?id=12025504&width=113 HTTP/1.1" 200 19297 "http://renault.2web.at/10201634?dir=DESC&mode=grid&order=name&limit=15&page=8" "Mozilla/5.0 (Windows NT 10.0; Win64; x64) AppleWebKit/537.36 (KHTML, like Gecko) Chrome/74.0.3729.108 Safari/537.36"
193.194.132.30 - - [30/Apr/2019:09:47:14 +0200] "GET /loadthumbnail.php?id=11776453&width=113 HTTP/1.1" 200 1248 "http://renault.2web.at/10201634?dir=DESC&mode=grid&order=name&limit=15&page=8" "Mozilla/5.0 (Windows NT 10.0; Win64; x64) AppleWebKit/537.36 (KHTML, like Gecko) Chrome/74.0.3729.108 Safari/537.36"
193.194.132.30 - - [30/Apr/2019:09:47:15 +0200] "GET /loadthumbnail.php?id=11500416&width=113 HTTP/1.1" 200 21073 "http://renault.2web.at/10201634?dir=DESC&mode=grid&order=name&limit=15&page=8" "Mozilla/5.0 (Windows NT 10.0; Win64; x64) AppleWebKit/537.36 (KHTML, like Gecko) Chrome/74.0.3729.108 Safari/537.36"
193.194.132.30 - - [30/Apr/2019:09:47:15 +0200] "GET /loadthumbnail.php?id=11500398&width=113 HTTP/1.1" 200 21704 "http://renault.2web.at/10201634?dir=DESC&mode=grid&order=name&limit=15&page=8" "Mozilla/5.0 (Windows NT 10.0; Win64; x64) AppleWebKit/537.36 (KHTML, like Gecko) Chrome/74.0.3729.108 Safari/537.36"
193.194.132.30 - - [30/Apr/2019:09:47:15 +0200] "GET /loadthumbnail.php?id=11730248&width=113 HTTP/1.1" 200 4910 "http://renault.2web.at/10201634?dir=DESC&mode=grid&order=name&limit=15&page=8" "Mozilla/5.0 (Windows NT 10.0; Win64; x64) AppleWebKit/537.36 (KHTML, like Gecko) Chrome/74.0.3729.108 Safari/537.36"
193.194.132.30 - - [30/Apr/2019:09:47:15 +0200] "GET /loadthumbnail.php?id=11538169&width=113 HTTP/1.1" 200 20088 "http://renault.2web.at/10201634?dir=DESC&mode=grid&order=name&limit=15&page=8" "Mozilla/5.0 (Windows NT 10.0; Win64; x64) AppleWebKit/537.36 (KHTML, like Gecko) Chrome/74.0.3729.108 Safari/537.36"
193.194.132.30 - - [30/Apr/2019:09:47:15 +0200] "GET /loadthumbnail.php?id=11165054&width=113 HTTP/1.1" 200 34777 "http://renault.2web.at/10201634?dir=DESC&mode=grid&order=name&limit=15&page=8" "Mozilla/5.0 (Windows NT 10.0; Win64; x64) AppleWebKit/537.36 (KHTML, like Gecko) Chrome/74.0.3729.108 Safari/537.36"
193.194.132.30 - - [30/Apr/2019:09:47:15 +0200] "GET /loadthumbnail.php?id=10970933&width=113 HTTP/1.1" 200 5132 "http://renault.2web.at/10201634?dir=DESC&mode=grid&order=name&limit=15&page=8" "Mozilla/5.0 (Windows NT 10.0; Win64; x64) AppleWebKit/537.36 (KHTML, like Gecko) Chrome/74.0.3729.108 Safari/537.36"
193.194.132.30 - - [30/Apr/2019:09:47:15 +0200] "GET /loadthumbnail.php?id=11031880&width=113 HTTP/1.1" 200 39263 "http://renault.2web.at/10201634?dir=DESC&mode=grid&order=name&limit=15&page=8" "Mozilla/5.0 (Windows NT 10.0; Win64; x64) AppleWebKit/537.36 (KHTML, like Gecko) Chrome/74.0.3729.108 Safari/537.36"
193.194.132.30 - - [30/Apr/2019:09:47:15 +0200] "GET /loadthumbnail.php?id=11314432&width=113 HTTP/1.1" 200 36566 "http://renault.2web.at/10201634?dir=DESC&mode=grid&order=name&limit=15&page=8" "Mozilla/5.0 (Windows NT 10.0; Win64; x64) AppleWebKit/537.36 (KHTML, like Gecko) Chrome/74.0.3729.108 Safari/537.36"
193.194.132.30 - - [30/Apr/2019:09:47:15 +0200] "GET /loadthumbnail.php?id=11715013&width=113 HTTP/1.1" 200 33856 "http://renault.2web.at/10201634?dir=DESC&mode=grid&order=name&limit=15&page=8" "Mozilla/5.0 (Windows NT 10.0; Win64; x64) AppleWebKit/537.36 (KHTML, like Gecko) Chrome/74.0.3729.108 Safari/537.36"
80.120.5.131 - - [30/Apr/2019:09:47:15 +0200] "GET /reload?ser=1556610435466 HTTP/1.1" 200 2 "http://renault.activities.at/result?dir=DESC&mode=grid&order=name&limit=15&page=2&search=scenic" "Mozilla/5.0 (Windows NT 10.0; WOW64; Trident/7.0; rv:11.0) like Gecko"
193.194.132.26 - - [30/Apr/2019:09:47:22 +0200] "GET /reload?ser=1556610441896 HTTP/1.1" 200 28 "http://renault.2web.at/account?loadrequest=true" "Mozilla/5.0 (Windows NT 10.0; WOW64; Trident/7.0; Touch; rv:11.0) like Gecko"
217.76.161.118 - - [30/Apr/2019:09:47:47 +0200] "GET /reload?ser=1556610466497 HTTP/1.1" 200 28 "http://renault.activities.at/success" "Mozilla/5.0 (Windows NT 6.1; WOW64; Trident/7.0; rv:11.0) like Gecko"
213.153.47.173 - - [30/Apr/2019:09:48:12 +0200] "GET /reload?ser=1556610492205 HTTP/1.1" 200 28 "http://renault.activities.at/login?required=true" "Mozilla/5.0 (Windows NT 10.0; Win64; x64; rv:66.0) Gecko/20100101 Firefox/66.0"
193.194.132.30 - - [30/Apr/2019:09:48:16 +0200] "GET /reload?ser=1556610495886 HTTP/1.1" 200 28 "http://renault.2web.at/10201634?dir=DESC&mode=grid&order=name&limit=15&page=8" "Mozilla/5.0 (Windows NT 10.0; Win64; x64) AppleWebKit/537.36 (KHTML, like Gecko) Chrome/74.0.3729.108 Safari/537.36"
80.120.5.131 - - [30/Apr/2019:09:48:16 +0200] "GET /reload?ser=1556610496427 HTTP/1.1" 200 2 "http://renault.activities.at/result?dir=DESC&mode=grid&order=name&limit=15&page=2&search=scenic" "Mozilla/5.0 (Windows NT 10.0; WOW64; Trident/7.0; rv:11.0) like Gecko"
193.194.132.26 - - [30/Apr/2019:09:48:23 +0200] "GET /reload?ser=1556610502956 HTTP/1.1" 200 28 "http://renault.2web.at/account?loadrequest=true" "Mozilla/5.0 (Windows NT 10.0; WOW64; Trident/7.0; Touch; rv:11.0) like Gecko"
193.194.132.30 - - [30/Apr/2019:09:48:44 +0200] "GET /10201634?dir=DESC&mode=grid&order=name&limit=15&page=9 HTTP/1.1" 200 10742 "http://renault.2web.at/10201634?dir=DESC&mode=grid&order=name&limit=15&page=8" "Mozilla/5.0 (Windows NT 10.0; Win64; x64) AppleWebKit/537.36 (KHTML, like Gecko) Chrome/74.0.3729.108 Safari/537.36"
193.194.132.30 - - [30/Apr/2019:09:48:48 +0200] "GET /loadthumbnail.php?id=11715017&width=113 HTTP/1.1" 200 37395 "http://renault.2web.at/10201634?dir=DESC&mode=grid&order=name&limit=15&page=9" "Mozilla/5.0 (Windows NT 10.0; Win64; x64) AppleWebKit/537.36 (KHTML, like Gecko) Chrome/74.0.3729.108 Safari/537.36"
193.194.132.30 - - [30/Apr/2019:09:48:48 +0200] "GET /loadthumbnail.php?id=11504934&width=113 HTTP/1.1" 200 34212 "http://renault.2web.at/10201634?dir=DESC&mode=grid&order=name&limit=15&page=9" "Mozilla/5.0 (Windows NT 10.0; Win64; x64) AppleWebKit/537.36 (KHTML, like Gecko) Chrome/74.0.3729.108 Safari/537.36"
193.194.132.30 - - [30/Apr/2019:09:48:48 +0200] "GET /loadthumbnail.php?id=11693093&width=113 HTTP/1.1" 200 6219 "http://renault.2web.at/10201634?dir=DESC&mode=grid&order=name&limit=15&page=9" "Mozilla/5.0 (Windows NT 10.0; Win64; x64) AppleWebKit/537.36 (KHTML, like Gecko) Chrome/74.0.3729.108 Safari/537.36"
193.194.132.30 - - [30/Apr/2019:09:48:48 +0200] "GET /loadthumbnail.php?id=10970934&width=113 HTTP/1.1" 200 4103 "http://renault.2web.at/10201634?dir=DESC&mode=grid&order=name&limit=15&page=9" "Mozilla/5.0 (Windows NT 10.0; Win64; x64) AppleWebKit/537.36 (KHTML, like Gecko) Chrome/74.0.3729.108 Safari/537.36"
193.194.132.30 - - [30/Apr/2019:09:48:48 +0200] "GET /loadthumbnail.php?id=11342067&width=113 HTTP/1.1" 200 21913 "http://renault.2web.at/10201634?dir=DESC&mode=grid&order=name&limit=15&page=9" "Mozilla/5.0 (Windows NT 10.0; Win64; x64) AppleWebKit/537.36 (KHTML, like Gecko) Chrome/74.0.3729.108 Safari/537.36"
193.194.132.30 - - [30/Apr/2019:09:48:48 +0200] "GET /loadthumbnail.php?id=11877757&width=113 HTTP/1.1" 200 32396 "http://renault.2web.at/10201634?dir=DESC&mode=grid&order=name&limit=15&page=9" "Mozilla/5.0 (Windows NT 10.0; Win64; x64) AppleWebKit/537.36 (KHTML, like Gecko) Chrome/74.0.3729.108 Safari/537.36"
193.194.132.30 - - [30/Apr/2019:09:48:48 +0200] "GET /loadthumbnail.php?id=11342066&width=113 HTTP/1.1" 200 28015 "http://renault.2web.at/10201634?dir=DESC&mode=grid&order=name&limit=15&page=9" "Mozilla/5.0 (Windows NT 10.0; Win64; x64) AppleWebKit/537.36 (KHTML, like Gecko) Chrome/74.0.3729.108 Safari/537.36"
193.194.132.30 - - [30/Apr/2019:09:48:48 +0200] "GET /loadthumbnail.php?id=11164747&width=113 HTTP/1.1" 200 26121 "http://renault.2web.at/10201634?dir=DESC&mode=grid&order=name&limit=15&page=9" "Mozilla/5.0 (Windows NT 10.0; Win64; x64) AppleWebKit/537.36 (KHTML, like Gecko) Chrome/74.0.3729.108 Safari/537.36"
193.194.132.30 - - [30/Apr/2019:09:48:48 +0200] "GET /loadthumbnail.php?id=11319961&width=113 HTTP/1.1" 200 27077 "http://renault.2web.at/10201634?dir=DESC&mode=grid&order=name&limit=15&page=9" "Mozilla/5.0 (Windows NT 10.0; Win64; x64) AppleWebKit/537.36 (KHTML, like Gecko) Chrome/74.0.3729.108 Safari/537.36"
193.194.132.30 - - [30/Apr/2019:09:48:48 +0200] "GET /loadthumbnail.php?id=11577924&width=113 HTTP/1.1" 200 28282 "http://renault.2web.at/10201634?dir=DESC&mode=grid&order=name&limit=15&page=9" "Mozilla/5.0 (Windows NT 10.0; Win64; x64) AppleWebKit/537.36 (KHTML, like Gecko) Chrome/74.0.3729.108 Safari/537.36"
193.194.132.30 - - [30/Apr/2019:09:48:48 +0200] "GET /loadthumbnail.php?id=11877811&width=113 HTTP/1.1" 200 27053 "http://renault.2web.at/10201634?dir=DESC&mode=grid&order=name&limit=15&page=9" "Mozilla/5.0 (Windows NT 10.0; Win64; x64) AppleWebKit/537.36 (KHTML, like Gecko) Chrome/74.0.3729.108 Safari/537.36"
193.194.132.30 - - [30/Apr/2019:09:48:48 +0200] "GET /loadthumbnail.php?id=11031873&width=113 HTTP/1.1" 200 24451 "http://renault.2web.at/10201634?dir=DESC&mode=grid&order=name&limit=15&page=9" "Mozilla/5.0 (Windows NT 10.0; Win64; x64) AppleWebKit/537.36 (KHTML, like Gecko) Chrome/74.0.3729.108 Safari/537.36"
193.194.132.30 - - [30/Apr/2019:09:48:48 +0200] "GET /loadthumbnail.php?id=10970931&width=113 HTTP/1.1" 200 6246 "http://renault.2web.at/10201634?dir=DESC&mode=grid&order=name&limit=15&page=9" "Mozilla/5.0 (Windows NT 10.0; Win64; x64) AppleWebKit/537.36 (KHTML, like Gecko) Chrome/74.0.3729.108 Safari/537.36"
193.194.132.30 - - [30/Apr/2019:09:48:48 +0200] "GET /loadthumbnail.php?id=11715005&width=113 HTTP/1.1" 200 30128 "http://renault.2web.at/10201634?dir=DESC&mode=grid&order=name&limit=15&page=9" "Mozilla/5.0 (Windows NT 10.0; Win64; x64) AppleWebKit/537.36 (KHTML, like Gecko) Chrome/74.0.3729.108 Safari/537.36"
193.194.132.30 - - [30/Apr/2019:09:48:49 +0200] "GET /loadthumbnail.php?id=11715009&width=113 HTTP/1.1" 200 22295 "http://renault.2web.at/10201634?dir=DESC&mode=grid&order=name&limit=15&page=9" "Mozilla/5.0 (Windows NT 10.0; Win64; x64) AppleWebKit/537.36 (KHTML, like Gecko) Chrome/74.0.3729.108 Safari/537.36"
217.76.161.118 - - [30/Apr/2019:09:48:48 +0200] "GET /reload?ser=1556610527616 HTTP/1.1" 200 28 "http://renault.activities.at/success" "Mozilla/5.0 (Windows NT 6.1; WOW64; Trident/7.0; rv:11.0) like Gecko"
193.194.132.30 - - [30/Apr/2019:09:49:09 +0200] "GET /10201634?dir=DESC&mode=grid&order=name&limit=15&page=10 HTTP/1.1" 200 10396 "http://renault.2web.at/10201634?dir=DESC&mode=grid&order=name&limit=15&page=9" "Mozilla/5.0 (Windows NT 10.0; Win64; x64) AppleWebKit/537.36 (KHTML, like Gecko) Chrome/74.0.3729.108 Safari/537.36"
193.194.132.30 - - [30/Apr/2019:09:49:12 +0200] "GET /loadthumbnail.php?id=10562347&width=113 HTTP/1.1" 200 4993 "http://renault.2web.at/10201634?dir=DESC&mode=grid&order=name&limit=15&page=10" "Mozilla/5.0 (Windows NT 10.0; Win64; x64) AppleWebKit/537.36 (KHTML, like Gecko) Chrome/74.0.3729.108 Safari/537.36"
193.194.132.30 - - [30/Apr/2019:09:49:12 +0200] "GET /loadthumbnail.php?id=10562346&width=113 HTTP/1.1" 200 5314 "http://renault.2web.at/10201634?dir=DESC&mode=grid&order=name&limit=15&page=10" "Mozilla/5.0 (Windows NT 10.0; Win64; x64) AppleWebKit/537.36 (KHTML, like Gecko) Chrome/74.0.3729.108 Safari/537.36"
193.194.132.30 - - [30/Apr/2019:09:49:12 +0200] "GET /loadthumbnail.php?id=11124852&width=113 HTTP/1.1" 200 8535 "http://renault.2web.at/10201634?dir=DESC&mode=grid&order=name&limit=15&page=10" "Mozilla/5.0 (Windows NT 10.0; Win64; x64) AppleWebKit/537.36 (KHTML, like Gecko) Chrome/74.0.3729.108 Safari/537.36"
193.194.132.30 - - [30/Apr/2019:09:49:12 +0200] "GET /loadthumbnail.php?id=11197547&width=113 HTTP/1.1" 200 9073 "http://renault.2web.at/10201634?dir=DESC&mode=grid&order=name&limit=15&page=10" "Mozilla/5.0 (Windows NT 10.0; Win64; x64) AppleWebKit/537.36 (KHTML, like Gecko) Chrome/74.0.3729.108 Safari/537.36"
193.194.132.30 - - [30/Apr/2019:09:49:12 +0200] "GET /loadthumbnail.php?id=11078141&width=113 HTTP/1.1" 200 8866 "http://renault.2web.at/10201634?dir=DESC&mode=grid&order=name&limit=15&page=10" "Mozilla/5.0 (Windows NT 10.0; Win64; x64) AppleWebKit/537.36 (KHTML, like Gecko) Chrome/74.0.3729.108 Safari/537.36"
193.194.132.30 - - [30/Apr/2019:09:49:12 +0200] "GET /loadthumbnail.php?id=10633817&width=113 HTTP/1.1" 200 2614 "http://renault.2web.at/10201634?dir=DESC&mode=grid&order=name&limit=15&page=10" "Mozilla/5.0 (Windows NT 10.0; Win64; x64) AppleWebKit/537.36 (KHTML, like Gecko) Chrome/74.0.3729.108 Safari/537.36"
193.194.132.30 - - [30/Apr/2019:09:49:12 +0200] "GET /loadthumbnail.php?id=10729892&width=113 HTTP/1.1" 200 4176 "http://renault.2web.at/10201634?dir=DESC&mode=grid&order=name&limit=15&page=10" "Mozilla/5.0 (Windows NT 10.0; Win64; x64) AppleWebKit/537.36 (KHTML, like Gecko) Chrome/74.0.3729.108 Safari/537.36"
193.194.132.30 - - [30/Apr/2019:09:49:12 +0200] "GET /loadthumbnail.php?id=11351226&width=113 HTTP/1.1" 200 16210 "http://renault.2web.at/10201634?dir=DESC&mode=grid&order=name&limit=15&page=10" "Mozilla/5.0 (Windows NT 10.0; Win64; x64) AppleWebKit/537.36 (KHTML, like Gecko) Chrome/74.0.3729.108 Safari/537.36"
193.194.132.30 - - [30/Apr/2019:09:49:12 +0200] "GET /loadthumbnail.php?id=11351222&width=113 HTTP/1.1" 200 17851 "http://renault.2web.at/10201634?dir=DESC&mode=grid&order=name&limit=15&page=10" "Mozilla/5.0 (Windows NT 10.0; Win64; x64) AppleWebKit/537.36 (KHTML, like Gecko) Chrome/74.0.3729.108 Safari/537.36"
193.194.132.30 - - [30/Apr/2019:09:49:13 +0200] "GET /loadthumbnail.php?id=11089820&width=113 HTTP/1.1" 200 2212 "http://renault.2web.at/10201634?dir=DESC&mode=grid&order=name&limit=15&page=10" "Mozilla/5.0 (Windows NT 10.0; Win64; x64) AppleWebKit/537.36 (KHTML, like Gecko) Chrome/74.0.3729.108 Safari/537.36"
193.194.132.30 - - [30/Apr/2019:09:49:13 +0200] "GET /loadthumbnail.php?id=12010095&width=113 HTTP/1.1" 200 20832 "http://renault.2web.at/10201634?dir=DESC&mode=grid&order=name&limit=15&page=10" "Mozilla/5.0 (Windows NT 10.0; Win64; x64) AppleWebKit/537.36 (KHTML, like Gecko) Chrome/74.0.3729.108 Safari/537.36"
193.194.132.30 - - [30/Apr/2019:09:49:13 +0200] "GET /loadthumbnail.php?id=11170050&width=113 HTTP/1.1" 200 1819 "http://renault.2web.at/10201634?dir=DESC&mode=grid&order=name&limit=15&page=10" "Mozilla/5.0 (Windows NT 10.0; Win64; x64) AppleWebKit/537.36 (KHTML, like Gecko) Chrome/74.0.3729.108 Safari/537.36"
213.153.47.173 - - [30/Apr/2019:09:49:12 +0200] "GET /reload?ser=1556610552885 HTTP/1.1" 200 28 "http://renault.activities.at/login?required=true" "Mozilla/5.0 (Windows NT 10.0; Win64; x64; rv:66.0) Gecko/20100101 Firefox/66.0"
80.120.5.131 - - [30/Apr/2019:09:49:17 +0200] "GET /reload?ser=1556610557392 HTTP/1.1" 200 2 "http://renault.activities.at/result?dir=DESC&mode=grid&order=name&limit=15&page=2&search=scenic" "Mozilla/5.0 (Windows NT 10.0; WOW64; Trident/7.0; rv:11.0) like Gecko"
193.194.132.26 - - [30/Apr/2019:09:49:24 +0200] "GET /reload?ser=1556610564052 HTTP/1.1" 200 28 "http://renault.2web.at/account?loadrequest=true" "Mozilla/5.0 (Windows NT 10.0; WOW64; Trident/7.0; Touch; rv:11.0) like Gecko"
217.76.161.118 - - [30/Apr/2019:09:49:49 +0200] "GET /reload?ser=1556610588736 HTTP/1.1" 200 28 "http://renault.activities.at/success" "Mozilla/5.0 (Windows NT 6.1; WOW64; Trident/7.0; rv:11.0) like Gecko"
213.153.47.173 - - [30/Apr/2019:09:50:13 +0200] "GET /reload?ser=1556610613554 HTTP/1.1" 200 28 "http://renault.activities.at/login?required=true" "Mozilla/5.0 (Windows NT 10.0; Win64; x64; rv:66.0) Gecko/20100101 Firefox/66.0"
193.194.132.30 - - [30/Apr/2019:09:50:13 +0200] "GET /reload?ser=1556610613398 HTTP/1.1" 200 28 "http://renault.2web.at/10201634?dir=DESC&mode=grid&order=name&limit=15&page=10" "Mozilla/5.0 (Windows NT 10.0; Win64; x64) AppleWebKit/537.36 (KHTML, like Gecko) Chrome/74.0.3729.108 Safari/537.36"
80.120.5.131 - - [30/Apr/2019:09:50:18 +0200] "GET /reload?ser=1556610618315 HTTP/1.1" 200 2 "http://renault.activities.at/result?dir=DESC&mode=grid&order=name&limit=15&page=2&search=scenic" "Mozilla/5.0 (Windows NT 10.0; WOW64; Trident/7.0; rv:11.0) like Gecko"
193.194.132.26 - - [30/Apr/2019:09:50:25 +0200] "GET /reload?ser=1556610625125 HTTP/1.1" 200 28 "http://renault.2web.at/account?loadrequest=true" "Mozilla/5.0 (Windows NT 10.0; WOW64; Trident/7.0; Touch; rv:11.0) like Gecko"
217.76.161.118 - - [30/Apr/2019:09:50:50 +0200] "GET /reload?ser=1556610649814 HTTP/1.1" 200 28 "http://renault.activities.at/success" "Mozilla/5.0 (Windows NT 6.1; WOW64; Trident/7.0; rv:11.0) like Gecko"
213.153.47.173 - - [30/Apr/2019:09:51:14 +0200] "GET /reload?ser=1556610674235 HTTP/1.1" 200 28 "http://renault.activities.at/login?required=true" "Mozilla/5.0 (Windows NT 10.0; Win64; x64; rv:66.0) Gecko/20100101 Firefox/66.0"
193.194.132.30 - - [30/Apr/2019:09:51:14 +0200] "GET /reload?ser=1556610674441 HTTP/1.1" 200 28 "http://renault.2web.at/10201634?dir=DESC&mode=grid&order=name&limit=15&page=10" "Mozilla/5.0 (Windows NT 10.0; Win64; x64) AppleWebKit/537.36 (KHTML, like Gecko) Chrome/74.0.3729.108 Safari/537.36"
80.120.5.131 - - [30/Apr/2019:09:51:19 +0200] "GET /reload?ser=1556610679244 HTTP/1.1" 200 2 "http://renault.activities.at/result?dir=DESC&mode=grid&order=name&limit=15&page=2&search=scenic" "Mozilla/5.0 (Windows NT 10.0; WOW64; Trident/7.0; rv:11.0) like Gecko"
193.194.132.26 - - [30/Apr/2019:09:51:26 +0200] "GET /reload?ser=1556610686150 HTTP/1.1" 200 28 "http://renault.2web.at/account?loadrequest=true" "Mozilla/5.0 (Windows NT 10.0; WOW64; Trident/7.0; Touch; rv:11.0) like Gecko"
217.76.161.118 - - [30/Apr/2019:09:51:51 +0200] "GET /reload?ser=1556610710895 HTTP/1.1" 200 28 "http://renault.activities.at/success" "Mozilla/5.0 (Windows NT 6.1; WOW64; Trident/7.0; rv:11.0) like Gecko"
213.153.47.173 - - [30/Apr/2019:09:52:14 +0200] "GET /reload?ser=1556610734894 HTTP/1.1" 200 28 "http://renault.activities.at/login?required=true" "Mozilla/5.0 (Windows NT 10.0; Win64; x64; rv:66.0) Gecko/20100101 Firefox/66.0"
193.194.132.30 - - [30/Apr/2019:09:52:15 +0200] "GET /reload?ser=1556610735503 HTTP/1.1" 200 28 "http://renault.2web.at/10201634?dir=DESC&mode=grid&order=name&limit=15&page=10" "Mozilla/5.0 (Windows NT 10.0; Win64; x64) AppleWebKit/537.36 (KHTML, like Gecko) Chrome/74.0.3729.108 Safari/537.36"
80.120.5.131 - - [30/Apr/2019:09:52:20 +0200] "GET /reload?ser=1556610740211 HTTP/1.1" 200 2 "http://renault.activities.at/result?dir=DESC&mode=grid&order=name&limit=15&page=2&search=scenic" "Mozilla/5.0 (Windows NT 10.0; WOW64; Trident/7.0; rv:11.0) like Gecko"
193.194.132.26 - - [30/Apr/2019:09:52:27 +0200] "GET /reload?ser=1556610747204 HTTP/1.1" 200 28 "http://renault.2web.at/account?loadrequest=true" "Mozilla/5.0 (Windows NT 10.0; WOW64; Trident/7.0; Touch; rv:11.0) like Gecko"
217.76.161.118 - - [30/Apr/2019:09:52:52 +0200] "GET /reload?ser=1556610771985 HTTP/1.1" 200 28 "http://renault.activities.at/success" "Mozilla/5.0 (Windows NT 6.1; WOW64; Trident/7.0; rv:11.0) like Gecko"
213.153.47.173 - - [30/Apr/2019:09:53:15 +0200] "GET /reload?ser=1556610795554 HTTP/1.1" 200 28 "http://renault.activities.at/login?required=true" "Mozilla/5.0 (Windows NT 10.0; Win64; x64; rv:66.0) Gecko/20100101 Firefox/66.0"
193.194.132.30 - - [30/Apr/2019:09:53:16 +0200] "GET /reload?ser=1556610796540 HTTP/1.1" 200 28 "http://renault.2web.at/10201634?dir=DESC&mode=grid&order=name&limit=15&page=10" "Mozilla/5.0 (Windows NT 10.0; Win64; x64) AppleWebKit/537.36 (KHTML, like Gecko) Chrome/74.0.3729.108 Safari/537.36"
80.120.5.131 - - [30/Apr/2019:09:53:21 +0200] "GET /reload?ser=1556610801171 HTTP/1.1" 200 2 "http://renault.activities.at/result?dir=DESC&mode=grid&order=name&limit=15&page=2&search=scenic" "Mozilla/5.0 (Windows NT 10.0; WOW64; Trident/7.0; rv:11.0) like Gecko"
193.194.132.26 - - [30/Apr/2019:09:53:28 +0200] "GET /reload?ser=1556610808262 HTTP/1.1" 200 28 "http://renault.2web.at/account?loadrequest=true" "Mozilla/5.0 (Windows NT 10.0; WOW64; Trident/7.0; Touch; rv:11.0) like Gecko"
157.55.39.31 - - [30/Apr/2019:09:53:42 +0200] "GET /robots.txt HTTP/1.1" 404 300 "-" "Mozilla/5.0 (compatible; bingbot/2.0; +http://www.bing.com/bingbot.htm)"
207.46.13.87 - - [30/Apr/2019:09:53:46 +0200] "GET /cart HTTP/1.1" 200 1714 "-" "Mozilla/5.0 (compatible; bingbot/2.0; +http://www.bing.com/bingbot.htm)"
217.76.161.118 - - [30/Apr/2019:09:53:53 +0200] "GET /reload?ser=1556610833025 HTTP/1.1" 200 28 "http://renault.activities.at/success" "Mozilla/5.0 (Windows NT 6.1; WOW64; Trident/7.0; rv:11.0) like Gecko"
213.153.47.173 - - [30/Apr/2019:09:54:16 +0200] "GET /reload?ser=1556610856223 HTTP/1.1" 200 28 "http://renault.activities.at/login?required=true" "Mozilla/5.0 (Windows NT 10.0; Win64; x64; rv:66.0) Gecko/20100101 Firefox/66.0"
193.194.132.30 - - [30/Apr/2019:09:54:17 +0200] "GET /reload?ser=1556610857556 HTTP/1.1" 200 28 "http://renault.2web.at/10201634?dir=DESC&mode=grid&order=name&limit=15&page=10" "Mozilla/5.0 (Windows NT 10.0; Win64; x64) AppleWebKit/537.36 (KHTML, like Gecko) Chrome/74.0.3729.108 Safari/537.36"
80.120.5.131 - - [30/Apr/2019:09:54:22 +0200] "GET /reload?ser=1556610862113 HTTP/1.1" 200 2 "http://renault.activities.at/result?dir=DESC&mode=grid&order=name&limit=15&page=2&search=scenic" "Mozilla/5.0 (Windows NT 10.0; WOW64; Trident/7.0; rv:11.0) like Gecko"
193.194.132.26 - - [30/Apr/2019:09:54:29 +0200] "GET /reload?ser=1556610869275 HTTP/1.1" 200 28 "http://renault.2web.at/account?loadrequest=true" "Mozilla/5.0 (Windows NT 10.0; WOW64; Trident/7.0; Touch; rv:11.0) like Gecko"
40.77.167.13 - - [30/Apr/2019:09:54:54 +0200] "GET /css/themes/alphacube.css HTTP/1.1" 200 743 "-" "Mozilla/5.0 (compatible; bingbot/2.0; +http://www.bing.com/bingbot.htm)"
217.76.161.118 - - [30/Apr/2019:09:54:54 +0200] "GET /reload?ser=1556610894116 HTTP/1.1" 200 28 "http://renault.activities.at/success" "Mozilla/5.0 (Windows NT 6.1; WOW64; Trident/7.0; rv:11.0) like Gecko"
213.153.47.173 - - [30/Apr/2019:09:55:16 +0200] "GET /reload?ser=1556610916884 HTTP/1.1" 200 28 "http://renault.activities.at/login?required=true" "Mozilla/5.0 (Windows NT 10.0; Win64; x64; rv:66.0) Gecko/20100101 Firefox/66.0"
193.194.132.30 - - [30/Apr/2019:09:55:18 +0200] "GET /reload?ser=1556610918610 HTTP/1.1" 200 28 "http://renault.2web.at/10201634?dir=DESC&mode=grid&order=name&limit=15&page=10" "Mozilla/5.0 (Windows NT 10.0; Win64; x64) AppleWebKit/537.36 (KHTML, like Gecko) Chrome/74.0.3729.108 Safari/537.36"
80.120.5.131 - - [30/Apr/2019:09:55:23 +0200] "GET /reload?ser=1556610923083 HTTP/1.1" 200 2 "http://renault.activities.at/result?dir=DESC&mode=grid&order=name&limit=15&page=2&search=scenic" "Mozilla/5.0 (Windows NT 10.0; WOW64; Trident/7.0; rv:11.0) like Gecko"
193.194.132.26 - - [30/Apr/2019:09:55:30 +0200] "GET /reload?ser=1556610930402 HTTP/1.1" 200 28 "http://renault.2web.at/account?loadrequest=true" "Mozilla/5.0 (Windows NT 10.0; WOW64; Trident/7.0; Touch; rv:11.0) like Gecko"
217.76.161.118 - - [30/Apr/2019:09:55:55 +0200] "GET /reload?ser=1556610955237 HTTP/1.1" 200 28 "http://renault.activities.at/success" "Mozilla/5.0 (Windows NT 6.1; WOW64; Trident/7.0; rv:11.0) like Gecko"
213.153.47.173 - - [30/Apr/2019:09:56:17 +0200] "GET /reload?ser=1556610977543 HTTP/1.1" 200 28 "http://renault.activities.at/login?required=true" "Mozilla/5.0 (Windows NT 10.0; Win64; x64; rv:66.0) Gecko/20100101 Firefox/66.0"
193.194.132.30 - - [30/Apr/2019:09:56:19 +0200] "GET /reload?ser=1556610979672 HTTP/1.1" 200 28 "http://renault.2web.at/10201634?dir=DESC&mode=grid&order=name&limit=15&page=10" "Mozilla/5.0 (Windows NT 10.0; Win64; x64) AppleWebKit/537.36 (KHTML, like Gecko) Chrome/74.0.3729.108 Safari/537.36"
80.120.5.131 - - [30/Apr/2019:09:56:24 +0200] "GET /reload?ser=1556610984000 HTTP/1.1" 200 2 "http://renault.activities.at/result?dir=DESC&mode=grid&order=name&limit=15&page=2&search=scenic" "Mozilla/5.0 (Windows NT 10.0; WOW64; Trident/7.0; rv:11.0) like Gecko"
193.194.132.26 - - [30/Apr/2019:09:56:31 +0200] "GET /reload?ser=1556610991429 HTTP/1.1" 200 28 "http://renault.2web.at/account?loadrequest=true" "Mozilla/5.0 (Windows NT 10.0; WOW64; Trident/7.0; Touch; rv:11.0) like Gecko"
217.76.161.118 - - [30/Apr/2019:09:56:56 +0200] "GET /reload?ser=1556611016282 HTTP/1.1" 200 28 "http://renault.activities.at/success" "Mozilla/5.0 (Windows NT 6.1; WOW64; Trident/7.0; rv:11.0) like Gecko"
213.153.47.173 - - [30/Apr/2019:09:57:18 +0200] "GET /reload?ser=1556611038204 HTTP/1.1" 200 28 "http://renault.activities.at/login?required=true" "Mozilla/5.0 (Windows NT 10.0; Win64; x64; rv:66.0) Gecko/20100101 Firefox/66.0"
193.194.132.30 - - [30/Apr/2019:09:57:20 +0200] "GET /reload?ser=1556611040713 HTTP/1.1" 200 28 "http://renault.2web.at/10201634?dir=DESC&mode=grid&order=name&limit=15&page=10" "Mozilla/5.0 (Windows NT 10.0; Win64; x64) AppleWebKit/537.36 (KHTML, like Gecko) Chrome/74.0.3729.108 Safari/537.36"
80.120.5.131 - - [30/Apr/2019:09:57:24 +0200] "GET /reload?ser=1556611044946 HTTP/1.1" 200 2 "http://renault.activities.at/result?dir=DESC&mode=grid&order=name&limit=15&page=2&search=scenic" "Mozilla/5.0 (Windows NT 10.0; WOW64; Trident/7.0; rv:11.0) like Gecko"
193.194.132.26 - - [30/Apr/2019:09:57:32 +0200] "GET /reload?ser=1556611052535 HTTP/1.1" 200 28 "http://renault.2web.at/account?loadrequest=true" "Mozilla/5.0 (Windows NT 10.0; WOW64; Trident/7.0; Touch; rv:11.0) like Gecko"
217.76.161.118 - - [30/Apr/2019:09:57:57 +0200] "GET /reload?ser=1556611077344 HTTP/1.1" 200 28 "http://renault.activities.at/success" "Mozilla/5.0 (Windows NT 6.1; WOW64; Trident/7.0; rv:11.0) like Gecko"
213.153.47.173 - - [30/Apr/2019:09:58:18 +0200] "GET /reload?ser=1556611098873 HTTP/1.1" 200 28 "http://renault.activities.at/login?required=true" "Mozilla/5.0 (Windows NT 10.0; Win64; x64; rv:66.0) Gecko/20100101 Firefox/66.0"
193.194.132.30 - - [30/Apr/2019:09:58:21 +0200] "GET /reload?ser=1556611101769 HTTP/1.1" 200 28 "http://renault.2web.at/10201634?dir=DESC&mode=grid&order=name&limit=15&page=10" "Mozilla/5.0 (Windows NT 10.0; Win64; x64) AppleWebKit/537.36 (KHTML, like Gecko) Chrome/74.0.3729.108 Safari/537.36"
80.120.5.131 - - [30/Apr/2019:09:58:25 +0200] "GET /reload?ser=1556611105928 HTTP/1.1" 200 2 "http://renault.activities.at/result?dir=DESC&mode=grid&order=name&limit=15&page=2&search=scenic" "Mozilla/5.0 (Windows NT 10.0; WOW64; Trident/7.0; rv:11.0) like Gecko"
193.194.132.26 - - [30/Apr/2019:09:58:33 +0200] "GET /reload?ser=1556611113547 HTTP/1.1" 200 28 "http://renault.2web.at/account?loadrequest=true" "Mozilla/5.0 (Windows NT 10.0; WOW64; Trident/7.0; Touch; rv:11.0) like Gecko"
217.76.161.118 - - [30/Apr/2019:09:58:59 +0200] "GET /reload?ser=1556611138353 HTTP/1.1" 200 28 "http://renault.activities.at/success" "Mozilla/5.0 (Windows NT 6.1; WOW64; Trident/7.0; rv:11.0) like Gecko"
213.153.47.173 - - [30/Apr/2019:09:59:19 +0200] "GET /reload?ser=1556611159534 HTTP/1.1" 200 28 "http://renault.activities.at/login?required=true" "Mozilla/5.0 (Windows NT 10.0; Win64; x64; rv:66.0) Gecko/20100101 Firefox/66.0"
193.194.132.30 - - [30/Apr/2019:09:59:22 +0200] "GET /reload?ser=1556611162810 HTTP/1.1" 200 28 "http://renault.2web.at/10201634?dir=DESC&mode=grid&order=name&limit=15&page=10" "Mozilla/5.0 (Windows NT 10.0; Win64; x64) AppleWebKit/537.36 (KHTML, like Gecko) Chrome/74.0.3729.108 Safari/537.36"
80.120.5.131 - - [30/Apr/2019:09:59:26 +0200] "GET /reload?ser=1556611166874 HTTP/1.1" 200 2 "http://renault.activities.at/result?dir=DESC&mode=grid&order=name&limit=15&page=2&search=scenic" "Mozilla/5.0 (Windows NT 10.0; WOW64; Trident/7.0; rv:11.0) like Gecko"
193.194.132.26 - - [30/Apr/2019:09:59:34 +0200] "GET /reload?ser=1556611174581 HTTP/1.1" 200 28 "http://renault.2web.at/account?loadrequest=true" "Mozilla/5.0 (Windows NT 10.0; WOW64; Trident/7.0; Touch; rv:11.0) like Gecko"
213.153.47.173 - - [30/Apr/2019:10:00:20 +0200] "GET /reload?ser=1556611220185 HTTP/1.1" 200 28 "http://renault.activities.at/login?required=true" "Mozilla/5.0 (Windows NT 10.0; Win64; x64; rv:66.0) Gecko/20100101 Firefox/66.0"
193.194.132.30 - - [30/Apr/2019:10:00:23 +0200] "GET /reload?ser=1556611223861 HTTP/1.1" 200 28 "http://renault.2web.at/10201634?dir=DESC&mode=grid&order=name&limit=15&page=10" "Mozilla/5.0 (Windows NT 10.0; Win64; x64) AppleWebKit/537.36 (KHTML, like Gecko) Chrome/74.0.3729.108 Safari/537.36"
80.120.5.131 - - [30/Apr/2019:10:00:27 +0200] "GET /reload?ser=1556611227821 HTTP/1.1" 200 2 "http://renault.activities.at/result?dir=DESC&mode=grid&order=name&limit=15&page=2&search=scenic" "Mozilla/5.0 (Windows NT 10.0; WOW64; Trident/7.0; rv:11.0) like Gecko"
193.194.132.26 - - [30/Apr/2019:10:00:35 +0200] "GET /reload?ser=1556611235628 HTTP/1.1" 200 28 "http://renault.2web.at/account?loadrequest=true" "Mozilla/5.0 (Windows NT 10.0; WOW64; Trident/7.0; Touch; rv:11.0) like Gecko"
213.153.47.173 - - [30/Apr/2019:10:01:20 +0200] "GET /reload?ser=1556611280844 HTTP/1.1" 200 28 "http://renault.activities.at/login?required=true" "Mozilla/5.0 (Windows NT 10.0; Win64; x64; rv:66.0) Gecko/20100101 Firefox/66.0"
193.194.132.30 - - [30/Apr/2019:10:01:25 +0200] "GET /reload?ser=1556611284936 HTTP/1.1" 200 28 "http://renault.2web.at/10201634?dir=DESC&mode=grid&order=name&limit=15&page=10" "Mozilla/5.0 (Windows NT 10.0; Win64; x64) AppleWebKit/537.36 (KHTML, like Gecko) Chrome/74.0.3729.108 Safari/537.36"
80.120.5.131 - - [30/Apr/2019:10:01:28 +0200] "GET /reload?ser=1556611288786 HTTP/1.1" 200 2 "http://renault.activities.at/result?dir=DESC&mode=grid&order=name&limit=15&page=2&search=scenic" "Mozilla/5.0 (Windows NT 10.0; WOW64; Trident/7.0; rv:11.0) like Gecko"
193.194.132.26 - - [30/Apr/2019:10:01:36 +0200] "GET /reload?ser=1556611296645 HTTP/1.1" 200 28 "http://renault.2web.at/account?loadrequest=true" "Mozilla/5.0 (Windows NT 10.0; WOW64; Trident/7.0; Touch; rv:11.0) like Gecko"
80.123.4.8 - - [30/Apr/2019:10:02:21 +0200] "GET /login HTTP/1.1" 200 2086 "-" "Mozilla/5.0 (Windows NT 6.1; Win64; x64) AppleWebKit/537.36 (KHTML, like Gecko) Chrome/74.0.3729.108 Safari/537.36"
80.123.4.8 - - [30/Apr/2019:10:02:21 +0200] "GET /css/reset.css HTTP/1.1" 200 1356 "http://renault.activities.at/login" "Mozilla/5.0 (Windows NT 6.1; Win64; x64) AppleWebKit/537.36 (KHTML, like Gecko) Chrome/74.0.3729.108 Safari/537.36"
80.123.4.8 - - [30/Apr/2019:10:02:21 +0200] "GET /css/clears.css HTTP/1.1" 200 851 "http://renault.activities.at/login" "Mozilla/5.0 (Windows NT 6.1; Win64; x64) AppleWebKit/537.36 (KHTML, like Gecko) Chrome/74.0.3729.108 Safari/537.36"
80.123.4.8 - - [30/Apr/2019:10:02:21 +0200] "GET /js/checkout.css HTTP/1.1" 200 359 "http://renault.activities.at/login" "Mozilla/5.0 (Windows NT 6.1; Win64; x64) AppleWebKit/537.36 (KHTML, like Gecko) Chrome/74.0.3729.108 Safari/537.36"
80.123.4.8 - - [30/Apr/2019:10:02:21 +0200] "GET /css/prototip.css HTTP/1.1" 200 968 "http://renault.activities.at/login" "Mozilla/5.0 (Windows NT 6.1; Win64; x64) AppleWebKit/537.36 (KHTML, like Gecko) Chrome/74.0.3729.108 Safari/537.36"
80.123.4.8 - - [30/Apr/2019:10:02:21 +0200] "GET /js/default.js HTTP/1.1" 200 14698 "http://renault.activities.at/login" "Mozilla/5.0 (Windows NT 6.1; Win64; x64) AppleWebKit/537.36 (KHTML, like Gecko) Chrome/74.0.3729.108 Safari/537.36"
80.123.4.8 - - [30/Apr/2019:10:02:21 +0200] "GET /css/styles.css HTTP/1.1" 200 14664 "http://renault.activities.at/login" "Mozilla/5.0 (Windows NT 6.1; Win64; x64) AppleWebKit/537.36 (KHTML, like Gecko) Chrome/74.0.3729.108 Safari/537.36"
80.123.4.8 - - [30/Apr/2019:10:02:21 +0200] "GET /css/themes/default.css HTTP/1.1" 200 769 "http://renault.activities.at/login" "Mozilla/5.0 (Windows NT 6.1; Win64; x64) AppleWebKit/537.36 (KHTML, like Gecko) Chrome/74.0.3729.108 Safari/537.36"
80.123.4.8 - - [30/Apr/2019:10:02:21 +0200] "GET /css/themes/alphacube.css HTTP/1.1" 200 743 "http://renault.activities.at/login" "Mozilla/5.0 (Windows NT 6.1; Win64; x64) AppleWebKit/537.36 (KHTML, like Gecko) Chrome/74.0.3729.108 Safari/537.36"
