178.188.57.42 - - [17/May/2019:13:21:15 +0200] "GET /loadthumbnail.php?id=11926666&width=113 HTTP/1.1" 200 36655 "http://renault.activities.at/10201442" "Mozilla/5.0 (Windows NT 6.1; Trident/7.0; rv:11.0) like Gecko"
178.188.57.42 - - [17/May/2019:13:21:15 +0200] "GET /loadthumbnail.php?id=11926552&width=113 HTTP/1.1" 200 35098 "http://renault.activities.at/10201442" "Mozilla/5.0 (Windows NT 6.1; Trident/7.0; rv:11.0) like Gecko"
178.188.57.42 - - [17/May/2019:13:21:16 +0200] "GET /loadthumbnail.php?id=11926595&width=113 HTTP/1.1" 200 34271 "http://renault.activities.at/10201442" "Mozilla/5.0 (Windows NT 6.1; Trident/7.0; rv:11.0) like Gecko"
178.188.57.42 - - [17/May/2019:13:21:16 +0200] "GET /loadthumbnail.php?id=11926687&width=113 HTTP/1.1" 200 36764 "http://renault.activities.at/10201442" "Mozilla/5.0 (Windows NT 6.1; Trident/7.0; rv:11.0) like Gecko"
178.188.57.42 - - [17/May/2019:13:21:16 +0200] "GET /loadthumbnail.php?id=11926683&width=113 HTTP/1.1" 200 34706 "http://renault.activities.at/10201442" "Mozilla/5.0 (Windows NT 6.1; Trident/7.0; rv:11.0) like Gecko"
178.188.57.42 - - [17/May/2019:13:21:16 +0200] "GET /loadthumbnail.php?id=11926640&width=113 HTTP/1.1" 200 36074 "http://renault.activities.at/10201442" "Mozilla/5.0 (Windows NT 6.1; Trident/7.0; rv:11.0) like Gecko"
178.188.57.42 - - [17/May/2019:13:21:20 +0200] "POST /axjaxrequest?mode=suggest HTTP/1.1" 200 133 "http://renault.activities.at/10201442" "Mozilla/5.0 (Windows NT 6.1; Trident/7.0; rv:11.0) like Gecko"
178.188.57.42 - - [17/May/2019:13:21:20 +0200] "POST /axjaxrequest?mode=suggest HTTP/1.1" 200 133 "http://renault.activities.at/10201442" "Mozilla/5.0 (Windows NT 6.1; Trident/7.0; rv:11.0) like Gecko"
213.153.47.173 - - [17/May/2019:13:21:23 +0200] "GET /reload?ser=1558092082975 HTTP/1.1" 200 28 "http://renault.activities.at/login?required=true" "Mozilla/5.0 (Windows NT 10.0; Win64; x64; rv:66.0) Gecko/20100101 Firefox/66.0"
178.188.57.42 - - [17/May/2019:13:21:24 +0200] "POST /axjaxrequest?mode=suggest HTTP/1.1" 200 133 "http://renault.activities.at/10201442" "Mozilla/5.0 (Windows NT 6.1; Trident/7.0; rv:11.0) like Gecko"
178.188.57.42 - - [17/May/2019:13:21:25 +0200] "POST /axjaxrequest?mode=suggest HTTP/1.1" 200 21 "http://renault.activities.at/10201442" "Mozilla/5.0 (Windows NT 6.1; Trident/7.0; rv:11.0) like Gecko"
178.188.57.42 - - [17/May/2019:13:21:26 +0200] "POST /axjaxrequest?mode=suggest HTTP/1.1" 200 21 "http://renault.activities.at/10201442" "Mozilla/5.0 (Windows NT 6.1; Trident/7.0; rv:11.0) like Gecko"
178.188.57.42 - - [17/May/2019:13:21:28 +0200] "GET /result?searchterm=true&search=dacia+service HTTP/1.1" 200 6637 "http://renault.activities.at/10201442" "Mozilla/5.0 (Windows NT 6.1; Trident/7.0; rv:11.0) like Gecko"
178.188.57.42 - - [17/May/2019:13:21:30 +0200] "GET /js/index.php?c=auto&f=,prototype/prototype.js,prototype/validation.js,scriptaculous/builder.js,scriptaculous/effects.js,scriptaculous/dragdrop.js,scriptaculous/controls.js,scriptaculous/slider.js,varien/js.js,varien/form.js,varien/menu.js,mage/translate.js,mage/cookies.js,varien/product.js,spinner/SpinnerControl.jsmin.js,prototype/window.js,prototype/window_ext.js HTTP/1.1" 304 - "http://renault.activities.at/result?searchterm=true&search=dacia+service" "Mozilla/5.0 (Windows NT 6.1; Trident/7.0; rv:11.0) like Gecko"
178.188.57.42 - - [17/May/2019:13:21:30 +0200] "GET /loadthumbnail.php?id=10203650&width=113 HTTP/1.1" 200 2741 "http://renault.activities.at/result?searchterm=true&search=dacia+service" "Mozilla/5.0 (Windows NT 6.1; Trident/7.0; rv:11.0) like Gecko"
178.188.57.42 - - [17/May/2019:13:21:30 +0200] "GET /loadthumbnail.php?id=10269567&width=113 HTTP/1.1" 200 1590 "http://renault.activities.at/result?searchterm=true&search=dacia+service" "Mozilla/5.0 (Windows NT 6.1; Trident/7.0; rv:11.0) like Gecko"
178.188.57.42 - - [17/May/2019:13:21:30 +0200] "GET /loadthumbnail.php?id=10269569&width=113 HTTP/1.1" 200 1309 "http://renault.activities.at/result?searchterm=true&search=dacia+service" "Mozilla/5.0 (Windows NT 6.1; Trident/7.0; rv:11.0) like Gecko"
178.188.57.42 - - [17/May/2019:13:21:30 +0200] "GET /loadthumbnail.php?id=11847066&width=113 HTTP/1.1" 200 8786 "http://renault.activities.at/result?searchterm=true&search=dacia+service" "Mozilla/5.0 (Windows NT 6.1; Trident/7.0; rv:11.0) like Gecko"
193.194.132.21 - - [17/May/2019:13:21:46 +0200] "GET /reload?ser=1558092106534 HTTP/1.1" 200 28 "http://renault.2web.at/account?loadrequest=true" "Mozilla/5.0 (Windows NT 10.0; WOW64; Trident/7.0; Touch; rv:11.0) like Gecko"
213.153.47.173 - - [17/May/2019:13:22:23 +0200] "GET /reload?ser=1558092143644 HTTP/1.1" 200 28 "http://renault.activities.at/login?required=true" "Mozilla/5.0 (Windows NT 10.0; Win64; x64; rv:66.0) Gecko/20100101 Firefox/66.0"
178.188.57.42 - - [17/May/2019:13:22:30 +0200] "GET /reload?ser=1558092150242 HTTP/1.1" 200 28 "http://renault.activities.at/result?searchterm=true&search=dacia+service" "Mozilla/5.0 (Windows NT 6.1; Trident/7.0; rv:11.0) like Gecko"
193.194.132.21 - - [17/May/2019:13:22:47 +0200] "GET /reload?ser=1558092167625 HTTP/1.1" 200 28 "http://renault.2web.at/account?loadrequest=true" "Mozilla/5.0 (Windows NT 10.0; WOW64; Trident/7.0; Touch; rv:11.0) like Gecko"
213.153.47.173 - - [17/May/2019:13:23:24 +0200] "GET /reload?ser=1558092204315 HTTP/1.1" 200 28 "http://renault.activities.at/login?required=true" "Mozilla/5.0 (Windows NT 10.0; Win64; x64; rv:66.0) Gecko/20100101 Firefox/66.0"
178.188.57.42 - - [17/May/2019:13:23:31 +0200] "GET /reload?ser=1558092211251 HTTP/1.1" 200 28 "http://renault.activities.at/result?searchterm=true&search=dacia+service" "Mozilla/5.0 (Windows NT 6.1; Trident/7.0; rv:11.0) like Gecko"
193.194.132.21 - - [17/May/2019:13:23:48 +0200] "GET /reload?ser=1558092228701 HTTP/1.1" 200 28 "http://renault.2web.at/account?loadrequest=true" "Mozilla/5.0 (Windows NT 10.0; WOW64; Trident/7.0; Touch; rv:11.0) like Gecko"
213.153.47.173 - - [17/May/2019:13:24:25 +0200] "GET /reload?ser=1558092264985 HTTP/1.1" 200 28 "http://renault.activities.at/login?required=true" "Mozilla/5.0 (Windows NT 10.0; Win64; x64; rv:66.0) Gecko/20100101 Firefox/66.0"
178.188.57.42 - - [17/May/2019:13:24:32 +0200] "GET /reload?ser=1558092272231 HTTP/1.1" 200 28 "http://renault.activities.at/result?searchterm=true&search=dacia+service" "Mozilla/5.0 (Windows NT 6.1; Trident/7.0; rv:11.0) like Gecko"
193.194.132.21 - - [17/May/2019:13:24:50 +0200] "GET /reload?ser=1558092289909 HTTP/1.1" 200 28 "http://renault.2web.at/account?loadrequest=true" "Mozilla/5.0 (Windows NT 10.0; WOW64; Trident/7.0; Touch; rv:11.0) like Gecko"
213.153.47.173 - - [17/May/2019:13:25:25 +0200] "GET /reload?ser=1558092325654 HTTP/1.1" 200 28 "http://renault.activities.at/login?required=true" "Mozilla/5.0 (Windows NT 10.0; Win64; x64; rv:66.0) Gecko/20100101 Firefox/66.0"
178.188.57.42 - - [17/May/2019:13:25:33 +0200] "GET /reload?ser=1558092333241 HTTP/1.1" 200 28 "http://renault.activities.at/result?searchterm=true&search=dacia+service" "Mozilla/5.0 (Windows NT 6.1; Trident/7.0; rv:11.0) like Gecko"
193.194.132.21 - - [17/May/2019:13:25:51 +0200] "GET /reload?ser=1558092350953 HTTP/1.1" 200 28 "http://renault.2web.at/account?loadrequest=true" "Mozilla/5.0 (Windows NT 10.0; WOW64; Trident/7.0; Touch; rv:11.0) like Gecko"
213.153.47.173 - - [17/May/2019:13:26:26 +0200] "GET /reload?ser=1558092386334 HTTP/1.1" 200 28 "http://renault.activities.at/login?required=true" "Mozilla/5.0 (Windows NT 10.0; Win64; x64; rv:66.0) Gecko/20100101 Firefox/66.0"
178.188.57.42 - - [17/May/2019:13:26:34 +0200] "GET /reload?ser=1558092394204 HTTP/1.1" 200 28 "http://renault.activities.at/result?searchterm=true&search=dacia+service" "Mozilla/5.0 (Windows NT 6.1; Trident/7.0; rv:11.0) like Gecko"
193.194.132.21 - - [17/May/2019:13:26:52 +0200] "GET /reload?ser=1558092411997 HTTP/1.1" 200 28 "http://renault.2web.at/account?loadrequest=true" "Mozilla/5.0 (Windows NT 10.0; WOW64; Trident/7.0; Touch; rv:11.0) like Gecko"
213.153.47.173 - - [17/May/2019:13:27:27 +0200] "GET /reload?ser=1558092447004 HTTP/1.1" 200 28 "http://renault.activities.at/login?required=true" "Mozilla/5.0 (Windows NT 10.0; Win64; x64; rv:66.0) Gecko/20100101 Firefox/66.0"
178.188.57.42 - - [17/May/2019:13:27:35 +0200] "GET /reload?ser=1558092455167 HTTP/1.1" 200 28 "http://renault.activities.at/result?searchterm=true&search=dacia+service" "Mozilla/5.0 (Windows NT 6.1; Trident/7.0; rv:11.0) like Gecko"
193.194.132.21 - - [17/May/2019:13:27:53 +0200] "GET /reload?ser=1558092473034 HTTP/1.1" 200 28 "http://renault.2web.at/account?loadrequest=true" "Mozilla/5.0 (Windows NT 10.0; WOW64; Trident/7.0; Touch; rv:11.0) like Gecko"
157.55.39.43 - - [17/May/2019:13:28:01 +0200] "GET /robots.txt HTTP/1.1" 404 300 "-" "Mozilla/5.0 (compatible; bingbot/2.0; +http://www.bing.com/bingbot.htm)"
207.46.13.104 - - [17/May/2019:13:28:05 +0200] "GET /layout.php HTTP/1.1" 200 1559 "-" "Mozilla/5.0 (iPhone; CPU iPhone OS 7_0 like Mac OS X) AppleWebKit/537.51.1 (KHTML, like Gecko) Version/7.0 Mobile/11A465 Safari/9537.53 (compatible; bingbot/2.0; +http://www.bing.com/bingbot.htm)"
213.153.47.173 - - [17/May/2019:13:28:27 +0200] "GET /reload?ser=1558092507684 HTTP/1.1" 200 28 "http://renault.activities.at/login?required=true" "Mozilla/5.0 (Windows NT 10.0; Win64; x64; rv:66.0) Gecko/20100101 Firefox/66.0"
157.55.39.148 - - [17/May/2019:13:28:32 +0200] "GET /images/header_block_border.gif HTTP/1.1" 200 43 "-" "Mozilla/5.0 (iPhone; CPU iPhone OS 7_0 like Mac OS X) AppleWebKit/537.51.1 (KHTML, like Gecko) Version/7.0 Mobile/11A465 Safari/9537.53 (compatible; bingbot/2.0; +http://www.bing.com/bingbot.htm)"
157.55.39.148 - - [17/May/2019:13:28:32 +0200] "GET /images/header_block_corner_left_top.gif HTTP/1.1" 200 160 "-" "Mozilla/5.0 (iPhone; CPU iPhone OS 7_0 like Mac OS X) AppleWebKit/537.51.1 (KHTML, like Gecko) Version/7.0 Mobile/11A465 Safari/9537.53 (compatible; bingbot/2.0; +http://www.bing.com/bingbot.htm)"
157.55.39.148 - - [17/May/2019:13:28:33 +0200] "GET /images/main_block_corner_left_bot.gif HTTP/1.1" 200 159 "-" "Mozilla/5.0 (iPhone; CPU iPhone OS 7_0 like Mac OS X) AppleWebKit/537.51.1 (KHTML, like Gecko) Version/7.0 Mobile/11A465 Safari/9537.53 (compatible; bingbot/2.0; +http://www.bing.com/bingbot.htm)"
207.46.13.104 - - [17/May/2019:13:28:36 +0200] "GET /images/main_block_corner_left_top.gif HTTP/1.1" 200 159 "-" "Mozilla/5.0 (iPhone; CPU iPhone OS 7_0 like Mac OS X) AppleWebKit/537.51.1 (KHTML, like Gecko) Version/7.0 Mobile/11A465 Safari/9537.53 (compatible; bingbot/2.0; +http://www.bing.com/bingbot.htm)"
178.188.57.42 - - [17/May/2019:13:28:36 +0200] "GET /reload?ser=1558092516187 HTTP/1.1" 200 28 "http://renault.activities.at/result?searchterm=true&search=dacia+service" "Mozilla/5.0 (Windows NT 6.1; Trident/7.0; rv:11.0) like Gecko"
157.55.39.151 - - [17/May/2019:13:28:41 +0200] "GET /images/main_block_border.gif HTTP/1.1" 200 43 "-" "Mozilla/5.0 (iPhone; CPU iPhone OS 7_0 like Mac OS X) AppleWebKit/537.51.1 (KHTML, like Gecko) Version/7.0 Mobile/11A465 Safari/9537.53 (compatible; bingbot/2.0; +http://www.bing.com/bingbot.htm)"
157.55.39.151 - - [17/May/2019:13:28:42 +0200] "GET /images/main_block_corner_right_bot.gif HTTP/1.1" 200 158 "-" "Mozilla/5.0 (iPhone; CPU iPhone OS 7_0 like Mac OS X) AppleWebKit/537.51.1 (KHTML, like Gecko) Version/7.0 Mobile/11A465 Safari/9537.53 (compatible; bingbot/2.0; +http://www.bing.com/bingbot.htm)"
157.55.39.151 - - [17/May/2019:13:28:42 +0200] "GET /images/title_corner_right_top.jpg HTTP/1.1" 200 389 "-" "Mozilla/5.0 (iPhone; CPU iPhone OS 7_0 like Mac OS X) AppleWebKit/537.51.1 (KHTML, like Gecko) Version/7.0 Mobile/11A465 Safari/9537.53 (compatible; bingbot/2.0; +http://www.bing.com/bingbot.htm)"
193.194.132.21 - - [17/May/2019:13:28:54 +0200] "GET /reload?ser=1558092534162 HTTP/1.1" 200 28 "http://renault.2web.at/account?loadrequest=true" "Mozilla/5.0 (Windows NT 10.0; WOW64; Trident/7.0; Touch; rv:11.0) like Gecko"
213.153.47.173 - - [17/May/2019:13:29:28 +0200] "GET /reload?ser=1558092568334 HTTP/1.1" 200 28 "http://renault.activities.at/login?required=true" "Mozilla/5.0 (Windows NT 10.0; Win64; x64; rv:66.0) Gecko/20100101 Firefox/66.0"
178.188.57.42 - - [17/May/2019:13:29:37 +0200] "GET /reload?ser=1558092577154 HTTP/1.1" 200 28 "http://renault.activities.at/result?searchterm=true&search=dacia+service" "Mozilla/5.0 (Windows NT 6.1; Trident/7.0; rv:11.0) like Gecko"
193.194.132.21 - - [17/May/2019:13:29:55 +0200] "GET /reload?ser=1558092595202 HTTP/1.1" 200 28 "http://renault.2web.at/account?loadrequest=true" "Mozilla/5.0 (Windows NT 10.0; WOW64; Trident/7.0; Touch; rv:11.0) like Gecko"
213.153.47.173 - - [17/May/2019:13:30:29 +0200] "GET /reload?ser=1558092628994 HTTP/1.1" 200 28 "http://renault.activities.at/login?required=true" "Mozilla/5.0 (Windows NT 10.0; Win64; x64; rv:66.0) Gecko/20100101 Firefox/66.0"
178.188.57.42 - - [17/May/2019:13:30:38 +0200] "GET /reload?ser=1558092638133 HTTP/1.1" 200 28 "http://renault.activities.at/result?searchterm=true&search=dacia+service" "Mozilla/5.0 (Windows NT 6.1; Trident/7.0; rv:11.0) like Gecko"
193.194.132.21 - - [17/May/2019:13:30:56 +0200] "GET /reload?ser=1558092656288 HTTP/1.1" 200 28 "http://renault.2web.at/account?loadrequest=true" "Mozilla/5.0 (Windows NT 10.0; WOW64; Trident/7.0; Touch; rv:11.0) like Gecko"
213.153.47.173 - - [17/May/2019:13:31:29 +0200] "GET /reload?ser=1558092689664 HTTP/1.1" 200 28 "http://renault.activities.at/login?required=true" "Mozilla/5.0 (Windows NT 10.0; Win64; x64; rv:66.0) Gecko/20100101 Firefox/66.0"
178.188.57.42 - - [17/May/2019:13:31:39 +0200] "GET /reload?ser=1558092699143 HTTP/1.1" 200 28 "http://renault.activities.at/result?searchterm=true&search=dacia+service" "Mozilla/5.0 (Windows NT 6.1; Trident/7.0; rv:11.0) like Gecko"
193.194.132.21 - - [17/May/2019:13:31:57 +0200] "GET /reload?ser=1558092717367 HTTP/1.1" 200 28 "http://renault.2web.at/account?loadrequest=true" "Mozilla/5.0 (Windows NT 10.0; WOW64; Trident/7.0; Touch; rv:11.0) like Gecko"
213.153.47.173 - - [17/May/2019:13:32:30 +0200] "GET /reload?ser=1558092750334 HTTP/1.1" 200 28 "http://renault.activities.at/login?required=true" "Mozilla/5.0 (Windows NT 10.0; Win64; x64; rv:66.0) Gecko/20100101 Firefox/66.0"
178.188.57.42 - - [17/May/2019:13:32:40 +0200] "GET /reload?ser=1558092760121 HTTP/1.1" 200 28 "http://renault.activities.at/result?searchterm=true&search=dacia+service" "Mozilla/5.0 (Windows NT 6.1; Trident/7.0; rv:11.0) like Gecko"
193.194.132.21 - - [17/May/2019:13:32:58 +0200] "GET /reload?ser=1558092778416 HTTP/1.1" 200 28 "http://renault.2web.at/account?loadrequest=true" "Mozilla/5.0 (Windows NT 10.0; WOW64; Trident/7.0; Touch; rv:11.0) like Gecko"
213.153.47.173 - - [17/May/2019:13:33:31 +0200] "GET /reload?ser=1558092811005 HTTP/1.1" 200 28 "http://renault.activities.at/login?required=true" "Mozilla/5.0 (Windows NT 10.0; Win64; x64; rv:66.0) Gecko/20100101 Firefox/66.0"
178.188.57.42 - - [17/May/2019:13:33:41 +0200] "GET /reload?ser=1558092821101 HTTP/1.1" 200 28 "http://renault.activities.at/result?searchterm=true&search=dacia+service" "Mozilla/5.0 (Windows NT 6.1; Trident/7.0; rv:11.0) like Gecko"
193.194.132.28 - - [17/May/2019:13:33:59 +0200] "GET /reload?ser=1558092839639 HTTP/1.1" 200 28 "http://renault.2web.at/account?loadrequest=true" "Mozilla/5.0 (Windows NT 10.0; WOW64; Trident/7.0; Touch; rv:11.0) like Gecko"
213.153.47.173 - - [17/May/2019:13:34:31 +0200] "GET /reload?ser=1558092871684 HTTP/1.1" 200 28 "http://renault.activities.at/login?required=true" "Mozilla/5.0 (Windows NT 10.0; Win64; x64; rv:66.0) Gecko/20100101 Firefox/66.0"
178.188.57.42 - - [17/May/2019:13:34:42 +0200] "GET /reload?ser=1558092882111 HTTP/1.1" 200 28 "http://renault.activities.at/result?searchterm=true&search=dacia+service" "Mozilla/5.0 (Windows NT 6.1; Trident/7.0; rv:11.0) like Gecko"
193.194.132.28 - - [17/May/2019:13:35:00 +0200] "GET /reload?ser=1558092900733 HTTP/1.1" 200 28 "http://renault.2web.at/account?loadrequest=true" "Mozilla/5.0 (Windows NT 10.0; WOW64; Trident/7.0; Touch; rv:11.0) like Gecko"
213.153.47.173 - - [17/May/2019:13:35:32 +0200] "GET /reload?ser=1558092932354 HTTP/1.1" 200 28 "http://renault.activities.at/login?required=true" "Mozilla/5.0 (Windows NT 10.0; Win64; x64; rv:66.0) Gecko/20100101 Firefox/66.0"
178.188.57.42 - - [17/May/2019:13:35:43 +0200] "GET /reload?ser=1558092943090 HTTP/1.1" 200 28 "http://renault.activities.at/result?searchterm=true&search=dacia+service" "Mozilla/5.0 (Windows NT 6.1; Trident/7.0; rv:11.0) like Gecko"
193.194.132.28 - - [17/May/2019:13:36:01 +0200] "GET /reload?ser=1558092961850 HTTP/1.1" 200 28 "http://renault.2web.at/account?loadrequest=true" "Mozilla/5.0 (Windows NT 10.0; WOW64; Trident/7.0; Touch; rv:11.0) like Gecko"
213.153.47.173 - - [17/May/2019:13:36:33 +0200] "GET /reload?ser=1558092993005 HTTP/1.1" 200 28 "http://renault.activities.at/login?required=true" "Mozilla/5.0 (Windows NT 10.0; Win64; x64; rv:66.0) Gecko/20100101 Firefox/66.0"
178.188.57.42 - - [17/May/2019:13:36:44 +0200] "GET /reload?ser=1558093004053 HTTP/1.1" 200 28 "http://renault.activities.at/result?searchterm=true&search=dacia+service" "Mozilla/5.0 (Windows NT 6.1; Trident/7.0; rv:11.0) like Gecko"
193.194.132.28 - - [17/May/2019:13:37:03 +0200] "GET /reload?ser=1558093022925 HTTP/1.1" 200 28 "http://renault.2web.at/account?loadrequest=true" "Mozilla/5.0 (Windows NT 10.0; WOW64; Trident/7.0; Touch; rv:11.0) like Gecko"
213.153.47.173 - - [17/May/2019:13:37:33 +0200] "GET /reload?ser=1558093053656 HTTP/1.1" 200 28 "http://renault.activities.at/login?required=true" "Mozilla/5.0 (Windows NT 10.0; Win64; x64; rv:66.0) Gecko/20100101 Firefox/66.0"
178.188.57.42 - - [17/May/2019:13:37:45 +0200] "GET /reload?ser=1558093065047 HTTP/1.1" 200 28 "http://renault.activities.at/result?searchterm=true&search=dacia+service" "Mozilla/5.0 (Windows NT 6.1; Trident/7.0; rv:11.0) like Gecko"
193.194.132.28 - - [17/May/2019:13:38:04 +0200] "GET /reload?ser=1558093083969 HTTP/1.1" 200 28 "http://renault.2web.at/account?loadrequest=true" "Mozilla/5.0 (Windows NT 10.0; WOW64; Trident/7.0; Touch; rv:11.0) like Gecko"
213.153.47.173 - - [17/May/2019:13:38:34 +0200] "GET /reload?ser=1558093114317 HTTP/1.1" 200 28 "http://renault.activities.at/login?required=true" "Mozilla/5.0 (Windows NT 10.0; Win64; x64; rv:66.0) Gecko/20100101 Firefox/66.0"
178.188.57.42 - - [17/May/2019:13:38:46 +0200] "GET /reload?ser=1558093126011 HTTP/1.1" 200 28 "http://renault.activities.at/result?searchterm=true&search=dacia+service" "Mozilla/5.0 (Windows NT 6.1; Trident/7.0; rv:11.0) like Gecko"
193.194.132.28 - - [17/May/2019:13:39:05 +0200] "GET /reload?ser=1558093145060 HTTP/1.1" 200 28 "http://renault.2web.at/account?loadrequest=true" "Mozilla/5.0 (Windows NT 10.0; WOW64; Trident/7.0; Touch; rv:11.0) like Gecko"
213.153.47.173 - - [17/May/2019:13:39:35 +0200] "GET /reload?ser=1558093174988 HTTP/1.1" 200 28 "http://renault.activities.at/login?required=true" "Mozilla/5.0 (Windows NT 10.0; Win64; x64; rv:66.0) Gecko/20100101 Firefox/66.0"
178.188.57.42 - - [17/May/2019:13:39:47 +0200] "GET /reload?ser=1558093187020 HTTP/1.1" 200 28 "http://renault.activities.at/result?searchterm=true&search=dacia+service" "Mozilla/5.0 (Windows NT 6.1; Trident/7.0; rv:11.0) like Gecko"
193.194.132.28 - - [17/May/2019:13:40:06 +0200] "GET /reload?ser=1558093206117 HTTP/1.1" 200 28 "http://renault.2web.at/account?loadrequest=true" "Mozilla/5.0 (Windows NT 10.0; WOW64; Trident/7.0; Touch; rv:11.0) like Gecko"
213.153.47.173 - - [17/May/2019:13:40:35 +0200] "GET /reload?ser=1558093235634 HTTP/1.1" 200 28 "http://renault.activities.at/login?required=true" "Mozilla/5.0 (Windows NT 10.0; Win64; x64; rv:66.0) Gecko/20100101 Firefox/66.0"
178.188.57.42 - - [17/May/2019:13:40:48 +0200] "GET /reload?ser=1558093247984 HTTP/1.1" 200 28 "http://renault.activities.at/result?searchterm=true&search=dacia+service" "Mozilla/5.0 (Windows NT 6.1; Trident/7.0; rv:11.0) like Gecko"
193.194.132.28 - - [17/May/2019:13:41:07 +0200] "GET /reload?ser=1558093267150 HTTP/1.1" 200 28 "http://renault.2web.at/account?loadrequest=true" "Mozilla/5.0 (Windows NT 10.0; WOW64; Trident/7.0; Touch; rv:11.0) like Gecko"
213.153.47.173 - - [17/May/2019:13:41:36 +0200] "GET /reload?ser=1558093296300 HTTP/1.1" 200 28 "http://renault.activities.at/login?required=true" "Mozilla/5.0 (Windows NT 10.0; Win64; x64; rv:66.0) Gecko/20100101 Firefox/66.0"
178.188.57.42 - - [17/May/2019:13:41:49 +0200] "GET /reload?ser=1558093308994 HTTP/1.1" 200 28 "http://renault.activities.at/result?searchterm=true&search=dacia+service" "Mozilla/5.0 (Windows NT 6.1; Trident/7.0; rv:11.0) like Gecko"
193.194.132.28 - - [17/May/2019:13:42:08 +0200] "GET /reload?ser=1558093328246 HTTP/1.1" 200 28 "http://renault.2web.at/account?loadrequest=true" "Mozilla/5.0 (Windows NT 10.0; WOW64; Trident/7.0; Touch; rv:11.0) like Gecko"
213.153.47.173 - - [17/May/2019:13:42:37 +0200] "GET /reload?ser=1558093356970 HTTP/1.1" 200 28 "http://renault.activities.at/login?required=true" "Mozilla/5.0 (Windows NT 10.0; Win64; x64; rv:66.0) Gecko/20100101 Firefox/66.0"
178.188.57.42 - - [17/May/2019:13:42:50 +0200] "GET /reload?ser=1558093370004 HTTP/1.1" 200 28 "http://renault.activities.at/result?searchterm=true&search=dacia+service" "Mozilla/5.0 (Windows NT 6.1; Trident/7.0; rv:11.0) like Gecko"
193.194.132.28 - - [17/May/2019:13:43:09 +0200] "GET /reload?ser=1558093389344 HTTP/1.1" 200 28 "http://renault.2web.at/account?loadrequest=true" "Mozilla/5.0 (Windows NT 10.0; WOW64; Trident/7.0; Touch; rv:11.0) like Gecko"
213.153.47.173 - - [17/May/2019:13:43:37 +0200] "GET /reload?ser=1558093417626 HTTP/1.1" 200 28 "http://renault.activities.at/login?required=true" "Mozilla/5.0 (Windows NT 10.0; Win64; x64; rv:66.0) Gecko/20100101 Firefox/66.0"
178.188.57.42 - - [17/May/2019:13:43:51 +0200] "GET /reload?ser=1558093430982 HTTP/1.1" 200 28 "http://renault.activities.at/result?searchterm=true&search=dacia+service" "Mozilla/5.0 (Windows NT 6.1; Trident/7.0; rv:11.0) like Gecko"
193.194.132.28 - - [17/May/2019:13:44:10 +0200] "GET /reload?ser=1558093450441 HTTP/1.1" 200 28 "http://renault.2web.at/account?loadrequest=true" "Mozilla/5.0 (Windows NT 10.0; WOW64; Trident/7.0; Touch; rv:11.0) like Gecko"
213.153.47.173 - - [17/May/2019:13:44:38 +0200] "GET /reload?ser=1558093478282 HTTP/1.1" 200 28 "http://renault.activities.at/login?required=true" "Mozilla/5.0 (Windows NT 10.0; Win64; x64; rv:66.0) Gecko/20100101 Firefox/66.0"
178.188.57.42 - - [17/May/2019:13:44:52 +0200] "GET /reload?ser=1558093491962 HTTP/1.1" 200 28 "http://renault.activities.at/result?searchterm=true&search=dacia+service" "Mozilla/5.0 (Windows NT 6.1; Trident/7.0; rv:11.0) like Gecko"
193.194.132.28 - - [17/May/2019:13:45:11 +0200] "GET /reload?ser=1558093511500 HTTP/1.1" 200 28 "http://renault.2web.at/account?loadrequest=true" "Mozilla/5.0 (Windows NT 10.0; WOW64; Trident/7.0; Touch; rv:11.0) like Gecko"
213.153.47.173 - - [17/May/2019:13:45:39 +0200] "GET /reload?ser=1558093538951 HTTP/1.1" 200 28 "http://renault.activities.at/login?required=true" "Mozilla/5.0 (Windows NT 10.0; Win64; x64; rv:66.0) Gecko/20100101 Firefox/66.0"
178.188.57.42 - - [17/May/2019:13:45:53 +0200] "GET /reload?ser=1558093552951 HTTP/1.1" 200 28 "http://renault.activities.at/result?searchterm=true&search=dacia+service" "Mozilla/5.0 (Windows NT 6.1; Trident/7.0; rv:11.0) like Gecko"
193.194.132.28 - - [17/May/2019:13:46:12 +0200] "GET /reload?ser=1558093572570 HTTP/1.1" 200 28 "http://renault.2web.at/account?loadrequest=true" "Mozilla/5.0 (Windows NT 10.0; WOW64; Trident/7.0; Touch; rv:11.0) like Gecko"
213.153.47.173 - - [17/May/2019:13:46:39 +0200] "GET /reload?ser=1558093599613 HTTP/1.1" 200 28 "http://renault.activities.at/login?required=true" "Mozilla/5.0 (Windows NT 10.0; Win64; x64; rv:66.0) Gecko/20100101 Firefox/66.0"
178.188.57.42 - - [17/May/2019:13:46:54 +0200] "GET /reload?ser=1558093613914 HTTP/1.1" 200 28 "http://renault.activities.at/result?searchterm=true&search=dacia+service" "Mozilla/5.0 (Windows NT 6.1; Trident/7.0; rv:11.0) like Gecko"
193.194.132.28 - - [17/May/2019:13:47:13 +0200] "GET /reload?ser=1558093633569 HTTP/1.1" 200 28 "http://renault.2web.at/account?loadrequest=true" "Mozilla/5.0 (Windows NT 10.0; WOW64; Trident/7.0; Touch; rv:11.0) like Gecko"
213.153.47.173 - - [17/May/2019:13:47:40 +0200] "GET /reload?ser=1558093660273 HTTP/1.1" 200 28 "http://renault.activities.at/login?required=true" "Mozilla/5.0 (Windows NT 10.0; Win64; x64; rv:66.0) Gecko/20100101 Firefox/66.0"
178.188.57.42 - - [17/May/2019:13:47:55 +0200] "GET /reload?ser=1558093674909 HTTP/1.1" 200 28 "http://renault.activities.at/result?searchterm=true&search=dacia+service" "Mozilla/5.0 (Windows NT 6.1; Trident/7.0; rv:11.0) like Gecko"
193.194.132.28 - - [17/May/2019:13:48:14 +0200] "GET /reload?ser=1558093694634 HTTP/1.1" 200 28 "http://renault.2web.at/account?loadrequest=true" "Mozilla/5.0 (Windows NT 10.0; WOW64; Trident/7.0; Touch; rv:11.0) like Gecko"
213.153.47.173 - - [17/May/2019:13:48:40 +0200] "GET /reload?ser=1558093720934 HTTP/1.1" 200 28 "http://renault.activities.at/login?required=true" "Mozilla/5.0 (Windows NT 10.0; Win64; x64; rv:66.0) Gecko/20100101 Firefox/66.0"
178.188.57.42 - - [17/May/2019:13:48:56 +0200] "GET /reload?ser=1558093735908 HTTP/1.1" 200 28 "http://renault.activities.at/result?searchterm=true&search=dacia+service" "Mozilla/5.0 (Windows NT 6.1; Trident/7.0; rv:11.0) like Gecko"
193.194.132.28 - - [17/May/2019:13:49:15 +0200] "GET /reload?ser=1558093755744 HTTP/1.1" 200 28 "http://renault.2web.at/account?loadrequest=true" "Mozilla/5.0 (Windows NT 10.0; WOW64; Trident/7.0; Touch; rv:11.0) like Gecko"
213.153.47.173 - - [17/May/2019:13:49:41 +0200] "GET /reload?ser=1558093781595 HTTP/1.1" 200 28 "http://renault.activities.at/login?required=true" "Mozilla/5.0 (Windows NT 10.0; Win64; x64; rv:66.0) Gecko/20100101 Firefox/66.0"
178.188.57.42 - - [17/May/2019:13:49:57 +0200] "GET /reload?ser=1558093796889 HTTP/1.1" 200 28 "http://renault.activities.at/result?searchterm=true&search=dacia+service" "Mozilla/5.0 (Windows NT 6.1; Trident/7.0; rv:11.0) like Gecko"
193.194.132.28 - - [17/May/2019:13:50:16 +0200] "GET /reload?ser=1558093816855 HTTP/1.1" 200 28 "http://renault.2web.at/account?loadrequest=true" "Mozilla/5.0 (Windows NT 10.0; WOW64; Trident/7.0; Touch; rv:11.0) like Gecko"
213.153.47.173 - - [17/May/2019:13:50:42 +0200] "GET /reload?ser=1558093842275 HTTP/1.1" 200 28 "http://renault.activities.at/login?required=true" "Mozilla/5.0 (Windows NT 10.0; Win64; x64; rv:66.0) Gecko/20100101 Firefox/66.0"
178.188.57.42 - - [17/May/2019:13:50:58 +0200] "GET /reload?ser=1558093857881 HTTP/1.1" 200 28 "http://renault.activities.at/result?searchterm=true&search=dacia+service" "Mozilla/5.0 (Windows NT 6.1; Trident/7.0; rv:11.0) like Gecko"
193.194.132.28 - - [17/May/2019:13:51:18 +0200] "GET /reload?ser=1558093877922 HTTP/1.1" 200 28 "http://renault.2web.at/account?loadrequest=true" "Mozilla/5.0 (Windows NT 10.0; WOW64; Trident/7.0; Touch; rv:11.0) like Gecko"
213.153.47.173 - - [17/May/2019:13:51:42 +0200] "GET /reload?ser=1558093902935 HTTP/1.1" 200 28 "http://renault.activities.at/login?required=true" "Mozilla/5.0 (Windows NT 10.0; Win64; x64; rv:66.0) Gecko/20100101 Firefox/66.0"
178.188.57.42 - - [17/May/2019:13:51:59 +0200] "GET /reload?ser=1558093918891 HTTP/1.1" 200 28 "http://renault.activities.at/result?searchterm=true&search=dacia+service" "Mozilla/5.0 (Windows NT 6.1; Trident/7.0; rv:11.0) like Gecko"
193.194.132.28 - - [17/May/2019:13:52:19 +0200] "GET /reload?ser=1558093938990 HTTP/1.1" 200 28 "http://renault.2web.at/account?loadrequest=true" "Mozilla/5.0 (Windows NT 10.0; WOW64; Trident/7.0; Touch; rv:11.0) like Gecko"
213.153.47.173 - - [17/May/2019:13:52:43 +0200] "GET /reload?ser=1558093963586 HTTP/1.1" 200 28 "http://renault.activities.at/login?required=true" "Mozilla/5.0 (Windows NT 10.0; Win64; x64; rv:66.0) Gecko/20100101 Firefox/66.0"
178.188.57.42 - - [17/May/2019:13:53:00 +0200] "GET /reload?ser=1558093979855 HTTP/1.1" 200 28 "http://renault.activities.at/result?searchterm=true&search=dacia+service" "Mozilla/5.0 (Windows NT 6.1; Trident/7.0; rv:11.0) like Gecko"
193.194.132.28 - - [17/May/2019:13:53:20 +0200] "GET /reload?ser=1558094000040 HTTP/1.1" 200 28 "http://renault.2web.at/account?loadrequest=true" "Mozilla/5.0 (Windows NT 10.0; WOW64; Trident/7.0; Touch; rv:11.0) like Gecko"
213.153.47.173 - - [17/May/2019:13:53:44 +0200] "GET /reload?ser=1558094024246 HTTP/1.1" 200 28 "http://renault.activities.at/login?required=true" "Mozilla/5.0 (Windows NT 10.0; Win64; x64; rv:66.0) Gecko/20100101 Firefox/66.0"
178.188.57.42 - - [17/May/2019:13:54:00 +0200] "GET /reload?ser=1558094040802 HTTP/1.1" 200 28 "http://renault.activities.at/result?searchterm=true&search=dacia+service" "Mozilla/5.0 (Windows NT 6.1; Trident/7.0; rv:11.0) like Gecko"
193.194.132.28 - - [17/May/2019:13:54:21 +0200] "GET /reload?ser=1558094061109 HTTP/1.1" 200 28 "http://renault.2web.at/account?loadrequest=true" "Mozilla/5.0 (Windows NT 10.0; WOW64; Trident/7.0; Touch; rv:11.0) like Gecko"
213.153.47.173 - - [17/May/2019:13:54:44 +0200] "GET /reload?ser=1558094084916 HTTP/1.1" 200 28 "http://renault.activities.at/login?required=true" "Mozilla/5.0 (Windows NT 10.0; Win64; x64; rv:66.0) Gecko/20100101 Firefox/66.0"
178.188.57.42 - - [17/May/2019:13:55:01 +0200] "GET /reload?ser=1558094101781 HTTP/1.1" 200 28 "http://renault.activities.at/result?searchterm=true&search=dacia+service" "Mozilla/5.0 (Windows NT 6.1; Trident/7.0; rv:11.0) like Gecko"
193.194.132.28 - - [17/May/2019:13:55:22 +0200] "GET /reload?ser=1558094122209 HTTP/1.1" 200 28 "http://renault.2web.at/account?loadrequest=true" "Mozilla/5.0 (Windows NT 10.0; WOW64; Trident/7.0; Touch; rv:11.0) like Gecko"
213.153.47.173 - - [17/May/2019:13:55:45 +0200] "GET /reload?ser=1558094145587 HTTP/1.1" 200 28 "http://renault.activities.at/login?required=true" "Mozilla/5.0 (Windows NT 10.0; Win64; x64; rv:66.0) Gecko/20100101 Firefox/66.0"
178.188.57.42 - - [17/May/2019:13:56:02 +0200] "GET /reload?ser=1558094162791 HTTP/1.1" 200 28 "http://renault.activities.at/result?searchterm=true&search=dacia+service" "Mozilla/5.0 (Windows NT 6.1; Trident/7.0; rv:11.0) like Gecko"
193.194.132.28 - - [17/May/2019:13:56:23 +0200] "GET /reload?ser=1558094183256 HTTP/1.1" 200 28 "http://renault.2web.at/account?loadrequest=true" "Mozilla/5.0 (Windows NT 10.0; WOW64; Trident/7.0; Touch; rv:11.0) like Gecko"
213.153.47.173 - - [17/May/2019:13:56:46 +0200] "GET /reload?ser=1558094206268 HTTP/1.1" 200 28 "http://renault.activities.at/login?required=true" "Mozilla/5.0 (Windows NT 10.0; Win64; x64; rv:66.0) Gecko/20100101 Firefox/66.0"
178.188.57.42 - - [17/May/2019:13:57:03 +0200] "GET /reload?ser=1558094223769 HTTP/1.1" 200 28 "http://renault.activities.at/result?searchterm=true&search=dacia+service" "Mozilla/5.0 (Windows NT 6.1; Trident/7.0; rv:11.0) like Gecko"
193.194.132.28 - - [17/May/2019:13:57:24 +0200] "GET /reload?ser=1558094244307 HTTP/1.1" 200 28 "http://renault.2web.at/account?loadrequest=true" "Mozilla/5.0 (Windows NT 10.0; WOW64; Trident/7.0; Touch; rv:11.0) like Gecko"
213.153.47.173 - - [17/May/2019:13:57:47 +0200] "GET /reload?ser=1558094266937 HTTP/1.1" 200 28 "http://renault.activities.at/login?required=true" "Mozilla/5.0 (Windows NT 10.0; Win64; x64; rv:66.0) Gecko/20100101 Firefox/66.0"
178.188.57.42 - - [17/May/2019:13:58:04 +0200] "GET /reload?ser=1558094284764 HTTP/1.1" 200 28 "http://renault.activities.at/result?searchterm=true&search=dacia+service" "Mozilla/5.0 (Windows NT 6.1; Trident/7.0; rv:11.0) like Gecko"
193.194.132.28 - - [17/May/2019:13:58:25 +0200] "GET /reload?ser=1558094305406 HTTP/1.1" 200 28 "http://renault.2web.at/account?loadrequest=true" "Mozilla/5.0 (Windows NT 10.0; WOW64; Trident/7.0; Touch; rv:11.0) like Gecko"
213.153.47.173 - - [17/May/2019:13:58:47 +0200] "GET /reload?ser=1558094327607 HTTP/1.1" 200 28 "http://renault.activities.at/login?required=true" "Mozilla/5.0 (Windows NT 10.0; Win64; x64; rv:66.0) Gecko/20100101 Firefox/66.0"
178.188.57.42 - - [17/May/2019:13:59:05 +0200] "GET /reload?ser=1558094345759 HTTP/1.1" 200 28 "http://renault.activities.at/result?searchterm=true&search=dacia+service" "Mozilla/5.0 (Windows NT 6.1; Trident/7.0; rv:11.0) like Gecko"
193.194.132.28 - - [17/May/2019:13:59:26 +0200] "GET /reload?ser=1558094366478 HTTP/1.1" 200 28 "http://renault.2web.at/account?loadrequest=true" "Mozilla/5.0 (Windows NT 10.0; WOW64; Trident/7.0; Touch; rv:11.0) like Gecko"
213.153.47.173 - - [17/May/2019:13:59:48 +0200] "GET /reload?ser=1558094388257 HTTP/1.1" 200 28 "http://renault.activities.at/login?required=true" "Mozilla/5.0 (Windows NT 10.0; Win64; x64; rv:66.0) Gecko/20100101 Firefox/66.0"
178.188.57.42 - - [17/May/2019:14:00:06 +0200] "GET /reload?ser=1558094406784 HTTP/1.1" 200 28 "http://renault.activities.at/result?searchterm=true&search=dacia+service" "Mozilla/5.0 (Windows NT 6.1; Trident/7.0; rv:11.0) like Gecko"
193.194.132.28 - - [17/May/2019:14:00:27 +0200] "GET /reload?ser=1558094427477 HTTP/1.1" 200 28 "http://renault.2web.at/account?loadrequest=true" "Mozilla/5.0 (Windows NT 10.0; WOW64; Trident/7.0; Touch; rv:11.0) like Gecko"
213.153.47.173 - - [17/May/2019:14:00:48 +0200] "GET /reload?ser=1558094448908 HTTP/1.1" 200 28 "http://renault.activities.at/login?required=true" "Mozilla/5.0 (Windows NT 10.0; Win64; x64; rv:66.0) Gecko/20100101 Firefox/66.0"
178.188.57.42 - - [17/May/2019:14:01:07 +0200] "GET /reload?ser=1558094467778 HTTP/1.1" 200 28 "http://renault.activities.at/result?searchterm=true&search=dacia+service" "Mozilla/5.0 (Windows NT 6.1; Trident/7.0; rv:11.0) like Gecko"
193.194.132.28 - - [17/May/2019:14:01:28 +0200] "GET /reload?ser=1558094488530 HTTP/1.1" 200 28 "http://renault.2web.at/account?loadrequest=true" "Mozilla/5.0 (Windows NT 10.0; WOW64; Trident/7.0; Touch; rv:11.0) like Gecko"
213.153.47.173 - - [17/May/2019:14:01:49 +0200] "GET /reload?ser=1558094509577 HTTP/1.1" 200 28 "http://renault.activities.at/login?required=true" "Mozilla/5.0 (Windows NT 10.0; Win64; x64; rv:66.0) Gecko/20100101 Firefox/66.0"
178.188.57.42 - - [17/May/2019:14:02:08 +0200] "GET /reload?ser=1558094528798 HTTP/1.1" 200 28 "http://renault.activities.at/result?searchterm=true&search=dacia+service" "Mozilla/5.0 (Windows NT 6.1; Trident/7.0; rv:11.0) like Gecko"
193.194.132.28 - - [17/May/2019:14:02:29 +0200] "GET /reload?ser=1558094549619 HTTP/1.1" 200 28 "http://renault.2web.at/account?loadrequest=true" "Mozilla/5.0 (Windows NT 10.0; WOW64; Trident/7.0; Touch; rv:11.0) like Gecko"
213.153.47.173 - - [17/May/2019:14:02:50 +0200] "GET /reload?ser=1558094570237 HTTP/1.1" 200 28 "http://renault.activities.at/login?required=true" "Mozilla/5.0 (Windows NT 10.0; Win64; x64; rv:66.0) Gecko/20100101 Firefox/66.0"
178.188.57.42 - - [17/May/2019:14:03:09 +0200] "GET /reload?ser=1558094589808 HTTP/1.1" 200 28 "http://renault.activities.at/result?searchterm=true&search=dacia+service" "Mozilla/5.0 (Windows NT 6.1; Trident/7.0; rv:11.0) like Gecko"
193.194.132.28 - - [17/May/2019:14:03:30 +0200] "GET /reload?ser=1558094610728 HTTP/1.1" 200 28 "http://renault.2web.at/account?loadrequest=true" "Mozilla/5.0 (Windows NT 10.0; WOW64; Trident/7.0; Touch; rv:11.0) like Gecko"
213.153.47.173 - - [17/May/2019:14:03:50 +0200] "GET /reload?ser=1558094630898 HTTP/1.1" 200 28 "http://renault.activities.at/login?required=true" "Mozilla/5.0 (Windows NT 10.0; Win64; x64; rv:66.0) Gecko/20100101 Firefox/66.0"
178.188.57.42 - - [17/May/2019:14:04:10 +0200] "GET /reload?ser=1558094650757 HTTP/1.1" 200 28 "http://renault.activities.at/result?searchterm=true&search=dacia+service" "Mozilla/5.0 (Windows NT 6.1; Trident/7.0; rv:11.0) like Gecko"
193.194.132.28 - - [17/May/2019:14:04:31 +0200] "GET /reload?ser=1558094671778 HTTP/1.1" 200 28 "http://renault.2web.at/account?loadrequest=true" "Mozilla/5.0 (Windows NT 10.0; WOW64; Trident/7.0; Touch; rv:11.0) like Gecko"
213.153.47.173 - - [17/May/2019:14:04:51 +0200] "GET /reload?ser=1558094691556 HTTP/1.1" 200 28 "http://renault.activities.at/login?required=true" "Mozilla/5.0 (Windows NT 10.0; Win64; x64; rv:66.0) Gecko/20100101 Firefox/66.0"
178.188.57.42 - - [17/May/2019:14:05:11 +0200] "GET /reload?ser=1558094711719 HTTP/1.1" 200 28 "http://renault.activities.at/result?searchterm=true&search=dacia+service" "Mozilla/5.0 (Windows NT 6.1; Trident/7.0; rv:11.0) like Gecko"
193.194.132.28 - - [17/May/2019:14:05:32 +0200] "GET /reload?ser=1558094732848 HTTP/1.1" 200 28 "http://renault.2web.at/account?loadrequest=true" "Mozilla/5.0 (Windows NT 10.0; WOW64; Trident/7.0; Touch; rv:11.0) like Gecko"
213.153.47.173 - - [17/May/2019:14:05:52 +0200] "GET /reload?ser=1558094752218 HTTP/1.1" 200 28 "http://renault.activities.at/login?required=true" "Mozilla/5.0 (Windows NT 10.0; Win64; x64; rv:66.0) Gecko/20100101 Firefox/66.0"
178.188.57.42 - - [17/May/2019:14:06:12 +0200] "GET /reload?ser=1558094772683 HTTP/1.1" 200 28 "http://renault.activities.at/result?searchterm=true&search=dacia+service" "Mozilla/5.0 (Windows NT 6.1; Trident/7.0; rv:11.0) like Gecko"
193.194.132.28 - - [17/May/2019:14:06:33 +0200] "GET /reload?ser=1558094793865 HTTP/1.1" 200 28 "http://renault.2web.at/account?loadrequest=true" "Mozilla/5.0 (Windows NT 10.0; WOW64; Trident/7.0; Touch; rv:11.0) like Gecko"
213.153.47.173 - - [17/May/2019:14:06:52 +0200] "GET /reload?ser=1558094812868 HTTP/1.1" 200 28 "http://renault.activities.at/login?required=true" "Mozilla/5.0 (Windows NT 10.0; Win64; x64; rv:66.0) Gecko/20100101 Firefox/66.0"
178.188.57.42 - - [17/May/2019:14:07:13 +0200] "GET /reload?ser=1558094833646 HTTP/1.1" 200 28 "http://renault.activities.at/result?searchterm=true&search=dacia+service" "Mozilla/5.0 (Windows NT 6.1; Trident/7.0; rv:11.0) like Gecko"
193.194.132.28 - - [17/May/2019:14:07:35 +0200] "GET /reload?ser=1558094854939 HTTP/1.1" 200 28 "http://renault.2web.at/account?loadrequest=true" "Mozilla/5.0 (Windows NT 10.0; WOW64; Trident/7.0; Touch; rv:11.0) like Gecko"
213.153.47.173 - - [17/May/2019:14:07:53 +0200] "GET /reload?ser=1558094873557 HTTP/1.1" 200 28 "http://renault.activities.at/login?required=true" "Mozilla/5.0 (Windows NT 10.0; Win64; x64; rv:66.0) Gecko/20100101 Firefox/66.0"
178.188.57.42 - - [17/May/2019:14:08:14 +0200] "GET /reload?ser=1558094894640 HTTP/1.1" 200 28 "http://renault.activities.at/result?searchterm=true&search=dacia+service" "Mozilla/5.0 (Windows NT 6.1; Trident/7.0; rv:11.0) like Gecko"
193.194.132.28 - - [17/May/2019:14:08:36 +0200] "GET /reload?ser=1558094915989 HTTP/1.1" 200 28 "http://renault.2web.at/account?loadrequest=true" "Mozilla/5.0 (Windows NT 10.0; WOW64; Trident/7.0; Touch; rv:11.0) like Gecko"
213.153.47.173 - - [17/May/2019:14:08:54 +0200] "GET /reload?ser=1558094934219 HTTP/1.1" 200 28 "http://renault.activities.at/login?required=true" "Mozilla/5.0 (Windows NT 10.0; Win64; x64; rv:66.0) Gecko/20100101 Firefox/66.0"
178.188.57.42 - - [17/May/2019:14:09:15 +0200] "GET /reload?ser=1558094955635 HTTP/1.1" 200 28 "http://renault.activities.at/result?searchterm=true&search=dacia+service" "Mozilla/5.0 (Windows NT 6.1; Trident/7.0; rv:11.0) like Gecko"
193.194.132.28 - - [17/May/2019:14:09:37 +0200] "GET /reload?ser=1558094977071 HTTP/1.1" 200 28 "http://renault.2web.at/account?loadrequest=true" "Mozilla/5.0 (Windows NT 10.0; WOW64; Trident/7.0; Touch; rv:11.0) like Gecko"
213.153.47.173 - - [17/May/2019:14:09:54 +0200] "GET /reload?ser=1558094994878 HTTP/1.1" 200 28 "http://renault.activities.at/login?required=true" "Mozilla/5.0 (Windows NT 10.0; Win64; x64; rv:66.0) Gecko/20100101 Firefox/66.0"
178.188.57.42 - - [17/May/2019:14:10:16 +0200] "GET /reload?ser=1558095016629 HTTP/1.1" 200 28 "http://renault.activities.at/result?searchterm=true&search=dacia+service" "Mozilla/5.0 (Windows NT 6.1; Trident/7.0; rv:11.0) like Gecko"
193.194.132.28 - - [17/May/2019:14:10:38 +0200] "GET /reload?ser=1558095038094 HTTP/1.1" 200 28 "http://renault.2web.at/account?loadrequest=true" "Mozilla/5.0 (Windows NT 10.0; WOW64; Trident/7.0; Touch; rv:11.0) like Gecko"
213.153.47.173 - - [17/May/2019:14:10:55 +0200] "GET /reload?ser=1558095055548 HTTP/1.1" 200 28 "http://renault.activities.at/login?required=true" "Mozilla/5.0 (Windows NT 10.0; Win64; x64; rv:66.0) Gecko/20100101 Firefox/66.0"
178.188.57.42 - - [17/May/2019:14:11:17 +0200] "GET /reload?ser=1558095077561 HTTP/1.1" 200 28 "http://renault.activities.at/result?searchterm=true&search=dacia+service" "Mozilla/5.0 (Windows NT 6.1; Trident/7.0; rv:11.0) like Gecko"
193.194.132.28 - - [17/May/2019:14:11:39 +0200] "GET /reload?ser=1558095099211 HTTP/1.1" 200 28 "http://renault.2web.at/account?loadrequest=true" "Mozilla/5.0 (Windows NT 10.0; WOW64; Trident/7.0; Touch; rv:11.0) like Gecko"
213.153.47.173 - - [17/May/2019:14:11:56 +0200] "GET /reload?ser=1558095116208 HTTP/1.1" 200 28 "http://renault.activities.at/login?required=true" "Mozilla/5.0 (Windows NT 10.0; Win64; x64; rv:66.0) Gecko/20100101 Firefox/66.0"
178.188.57.42 - - [17/May/2019:14:12:18 +0200] "GET /reload?ser=1558095138509 HTTP/1.1" 200 28 "http://renault.activities.at/result?searchterm=true&search=dacia+service" "Mozilla/5.0 (Windows NT 6.1; Trident/7.0; rv:11.0) like Gecko"
193.194.132.28 - - [17/May/2019:14:12:40 +0200] "GET /reload?ser=1558095160234 HTTP/1.1" 200 28 "http://renault.2web.at/account?loadrequest=true" "Mozilla/5.0 (Windows NT 10.0; WOW64; Trident/7.0; Touch; rv:11.0) like Gecko"
213.153.47.173 - - [17/May/2019:14:12:56 +0200] "GET /reload?ser=1558095176868 HTTP/1.1" 200 28 "http://renault.activities.at/login?required=true" "Mozilla/5.0 (Windows NT 10.0; Win64; x64; rv:66.0) Gecko/20100101 Firefox/66.0"
178.188.57.42 - - [17/May/2019:14:13:19 +0200] "GET /reload?ser=1558095199504 HTTP/1.1" 200 28 "http://renault.activities.at/result?searchterm=true&search=dacia+service" "Mozilla/5.0 (Windows NT 6.1; Trident/7.0; rv:11.0) like Gecko"
193.194.132.28 - - [17/May/2019:14:13:41 +0200] "GET /reload?ser=1558095221300 HTTP/1.1" 200 28 "http://renault.2web.at/account?loadrequest=true" "Mozilla/5.0 (Windows NT 10.0; WOW64; Trident/7.0; Touch; rv:11.0) like Gecko"
213.153.47.173 - - [17/May/2019:14:13:57 +0200] "GET /reload?ser=1558095237529 HTTP/1.1" 200 28 "http://renault.activities.at/login?required=true" "Mozilla/5.0 (Windows NT 10.0; Win64; x64; rv:66.0) Gecko/20100101 Firefox/66.0"
178.188.57.42 - - [17/May/2019:14:14:20 +0200] "GET /reload?ser=1558095260466 HTTP/1.1" 200 28 "http://renault.activities.at/result?searchterm=true&search=dacia+service" "Mozilla/5.0 (Windows NT 6.1; Trident/7.0; rv:11.0) like Gecko"
193.194.132.28 - - [17/May/2019:14:14:42 +0200] "GET /reload?ser=1558095282391 HTTP/1.1" 200 28 "http://renault.2web.at/account?loadrequest=true" "Mozilla/5.0 (Windows NT 10.0; WOW64; Trident/7.0; Touch; rv:11.0) like Gecko"
213.153.47.173 - - [17/May/2019:14:14:58 +0200] "GET /reload?ser=1558095298199 HTTP/1.1" 200 28 "http://renault.activities.at/login?required=true" "Mozilla/5.0 (Windows NT 10.0; Win64; x64; rv:66.0) Gecko/20100101 Firefox/66.0"
178.188.57.42 - - [17/May/2019:14:15:21 +0200] "GET /reload?ser=1558095321477 HTTP/1.1" 200 28 "http://renault.activities.at/result?searchterm=true&search=dacia+service" "Mozilla/5.0 (Windows NT 6.1; Trident/7.0; rv:11.0) like Gecko"
193.194.132.28 - - [17/May/2019:14:15:43 +0200] "GET /reload?ser=1558095343459 HTTP/1.1" 200 28 "http://renault.2web.at/account?loadrequest=true" "Mozilla/5.0 (Windows NT 10.0; WOW64; Trident/7.0; Touch; rv:11.0) like Gecko"
213.153.47.173 - - [17/May/2019:14:15:58 +0200] "GET /reload?ser=1558095358869 HTTP/1.1" 200 28 "http://renault.activities.at/login?required=true" "Mozilla/5.0 (Windows NT 10.0; Win64; x64; rv:66.0) Gecko/20100101 Firefox/66.0"
178.188.57.42 - - [17/May/2019:14:16:22 +0200] "GET /reload?ser=1558095382455 HTTP/1.1" 200 28 "http://renault.activities.at/result?searchterm=true&search=dacia+service" "Mozilla/5.0 (Windows NT 6.1; Trident/7.0; rv:11.0) like Gecko"
193.194.132.28 - - [17/May/2019:14:16:44 +0200] "GET /reload?ser=1558095404541 HTTP/1.1" 200 28 "http://renault.2web.at/account?loadrequest=true" "Mozilla/5.0 (Windows NT 10.0; WOW64; Trident/7.0; Touch; rv:11.0) like Gecko"
213.153.47.173 - - [17/May/2019:14:16:59 +0200] "GET /reload?ser=1558095419528 HTTP/1.1" 200 28 "http://renault.activities.at/login?required=true" "Mozilla/5.0 (Windows NT 10.0; Win64; x64; rv:66.0) Gecko/20100101 Firefox/66.0"
178.188.57.42 - - [17/May/2019:14:17:23 +0200] "GET /reload?ser=1558095443450 HTTP/1.1" 200 28 "http://renault.activities.at/result?searchterm=true&search=dacia+service" "Mozilla/5.0 (Windows NT 6.1; Trident/7.0; rv:11.0) like Gecko"
193.194.132.28 - - [17/May/2019:14:17:45 +0200] "GET /reload?ser=1558095465565 HTTP/1.1" 200 28 "http://renault.2web.at/account?loadrequest=true" "Mozilla/5.0 (Windows NT 10.0; WOW64; Trident/7.0; Touch; rv:11.0) like Gecko"
213.153.47.173 - - [17/May/2019:14:18:00 +0200] "GET /reload?ser=1558095480188 HTTP/1.1" 200 28 "http://renault.activities.at/login?required=true" "Mozilla/5.0 (Windows NT 10.0; Win64; x64; rv:66.0) Gecko/20100101 Firefox/66.0"
80.123.225.36 - - [17/May/2019:14:18:15 +0200] "GET / HTTP/1.1" 200 3367 "-" "Mozilla/5.0 (compatible; MSIE 9.0; Windows NT 6.1; WOW64; Trident/5.0)"
80.123.225.36 - - [17/May/2019:14:18:16 +0200] "GET /js/index.php?c=auto&f=,prototype/prototype.js,prototype/validation.js,scriptaculous/builder.js,scriptaculous/effects.js,scriptaculous/dragdrop.js,scriptaculous/controls.js,scriptaculous/slider.js,varien/js.js,varien/form.js,varien/menu.js,mage/translate.js,mage/cookies.js,varien/product.js,spinner/SpinnerControl.jsmin.js,prototype/window.js,prototype/window_ext.js HTTP/1.1" 304 - "http://renault.activities.at/" "Mozilla/5.0 (compatible; MSIE 9.0; Windows NT 6.1; WOW64; Trident/5.0)"
80.123.225.36 - - [17/May/2019:14:18:16 +0200] "GET /images/main_block_corner_right_top.gif HTTP/1.1" 200 159 "http://renault.activities.at/" "Mozilla/5.0 (compatible; MSIE 9.0; Windows NT 6.1; WOW64; Trident/5.0)"
80.123.225.36 - - [17/May/2019:14:18:16 +0200] "GET /images/title_border.jpg HTTP/1.1" 200 304 "http://renault.activities.at/" "Mozilla/5.0 (compatible; MSIE 9.0; Windows NT 6.1; WOW64; Trident/5.0)"
80.123.225.36 - - [17/May/2019:14:18:16 +0200] "GET /images/title_border_top.jpg HTTP/1.1" 200 336 "http://renault.activities.at/" "Mozilla/5.0 (compatible; MSIE 9.0; Windows NT 6.1; WOW64; Trident/5.0)"
80.123.225.36 - - [17/May/2019:14:18:16 +0200] "GET /images/main_block_corner_left_bot.gif HTTP/1.1" 200 159 "http://renault.activities.at/" "Mozilla/5.0 (compatible; MSIE 9.0; Windows NT 6.1; WOW64; Trident/5.0)"
80.123.225.36 - - [17/May/2019:14:18:16 +0200] "GET /images/main_block_corner_right_bot.gif HTTP/1.1" 200 158 "http://renault.activities.at/" "Mozilla/5.0 (compatible; MSIE 9.0; Windows NT 6.1; WOW64; Trident/5.0)"
80.123.225.36 - - [17/May/2019:14:18:16 +0200] "GET /images/main_block_corner_left_top.gif HTTP/1.1" 200 159 "http://renault.activities.at/" "Mozilla/5.0 (compatible; MSIE 9.0; Windows NT 6.1; WOW64; Trident/5.0)"
80.123.225.36 - - [17/May/2019:14:18:16 +0200] "GET /images/main_block_border.gif HTTP/1.1" 200 43 "http://renault.activities.at/" "Mozilla/5.0 (compatible; MSIE 9.0; Windows NT 6.1; WOW64; Trident/5.0)"
80.123.225.36 - - [17/May/2019:14:18:16 +0200] "GET /images/header_block_corner_right_top.gif HTTP/1.1" 200 160 "http://renault.activities.at/" "Mozilla/5.0 (compatible; MSIE 9.0; Windows NT 6.1; WOW64; Trident/5.0)"
80.123.225.36 - - [17/May/2019:14:18:16 +0200] "GET /images/header_block_corner_left_top.gif HTTP/1.1" 200 160 "http://renault.activities.at/" "Mozilla/5.0 (compatible; MSIE 9.0; Windows NT 6.1; WOW64; Trident/5.0)"
80.123.225.36 - - [17/May/2019:14:18:16 +0200] "GET /images/title_corner_left_top.jpg HTTP/1.1" 200 372 "http://renault.activities.at/" "Mozilla/5.0 (compatible; MSIE 9.0; Windows NT 6.1; WOW64; Trident/5.0)"
80.123.225.36 - - [17/May/2019:14:18:16 +0200] "GET /images/title_corner_right_top.jpg HTTP/1.1" 200 389 "http://renault.activities.at/" "Mozilla/5.0 (compatible; MSIE 9.0; Windows NT 6.1; WOW64; Trident/5.0)"
80.123.225.36 - - [17/May/2019:14:18:16 +0200] "GET /images/header_block_border.gif HTTP/1.1" 200 43 "http://renault.activities.at/" "Mozilla/5.0 (compatible; MSIE 9.0; Windows NT 6.1; WOW64; Trident/5.0)"
80.123.225.36 - - [17/May/2019:14:18:16 +0200] "GET /loadthumbnail.php?id=11127982 HTTP/1.1" 200 399614 "http://renault.activities.at/" "Mozilla/5.0 (compatible; MSIE 9.0; Windows NT 6.1; WOW64; Trident/5.0)"
80.123.225.36 - - [17/May/2019:14:18:19 +0200] "GET /login HTTP/1.1" 200 2086 "http://renault.activities.at/" "Mozilla/5.0 (compatible; MSIE 9.0; Windows NT 6.1; WOW64; Trident/5.0)"
80.123.225.36 - - [17/May/2019:14:18:20 +0200] "GET /js/index.php?c=auto&f=,prototype/prototype.js,prototype/validation.js,scriptaculous/builder.js,scriptaculous/effects.js,scriptaculous/dragdrop.js,scriptaculous/controls.js,scriptaculous/slider.js,varien/js.js,varien/form.js,varien/menu.js,mage/translate.js,mage/cookies.js,varien/product.js,spinner/SpinnerControl.jsmin.js,prototype/window.js,prototype/window_ext.js HTTP/1.1" 304 - "http://renault.activities.at/login" "Mozilla/5.0 (compatible; MSIE 9.0; Windows NT 6.1; WOW64; Trident/5.0)"
80.123.225.36 - - [17/May/2019:14:18:20 +0200] "GET /images/button_left_bg.gif HTTP/1.1" 200 564 "http://renault.activities.at/login" "Mozilla/5.0 (compatible; MSIE 9.0; Windows NT 6.1; WOW64; Trident/5.0)"
80.123.225.36 - - [17/May/2019:14:18:20 +0200] "GET /images/button_right_bg.gif HTTP/1.1" 200 561 "http://renault.activities.at/login" "Mozilla/5.0 (compatible; MSIE 9.0; Windows NT 6.1; WOW64; Trident/5.0)"
80.123.225.36 - - [17/May/2019:14:18:20 +0200] "GET /images/button_bg.gif HTTP/1.1" 200 151 "http://renault.activities.at/login" "Mozilla/5.0 (compatible; MSIE 9.0; Windows NT 6.1; WOW64; Trident/5.0)"
