213.153.47.173 - - [22/May/2019:09:32:45 +0200] "GET /reload?ser=1558510365245 HTTP/1.1" 200 28 "http://renault.activities.at/login?required=true" "Mozilla/5.0 (Windows NT 10.0; Win64; x64; rv:66.0) Gecko/20100101 Firefox/66.0"
193.194.132.26 - - [22/May/2019:09:32:53 +0200] "GET /reload?ser=1558510373778 HTTP/1.1" 200 28 "http://renault.2web.at/account?loadrequest=true" "Mozilla/5.0 (Windows NT 10.0; WOW64; Trident/7.0; Touch; rv:11.0) like Gecko"
80.123.225.36 - - [22/May/2019:09:32:55 +0200] "GET /reload?ser=1558510379451 HTTP/1.1" 200 28 "http://renault.activities.at/result?searchterm=true&search=motor" "Mozilla/5.0 (Windows NT 10.0; WOW64; Trident/7.0; rv:11.0) like Gecko"
212.152.246.135 - - [22/May/2019:09:33:37 +0200] "GET /reload?ser=1558510417491 HTTP/1.1" 200 28 "http://renault.activities.at/success" "Mozilla/5.0 (Windows NT 6.1; WOW64; Trident/7.0; rv:11.0) like Gecko"
213.153.47.173 - - [22/May/2019:09:33:45 +0200] "GET /reload?ser=1558510425915 HTTP/1.1" 200 28 "http://renault.activities.at/login?required=true" "Mozilla/5.0 (Windows NT 10.0; Win64; x64; rv:66.0) Gecko/20100101 Firefox/66.0"
193.194.132.26 - - [22/May/2019:09:33:54 +0200] "GET /reload?ser=1558510434837 HTTP/1.1" 200 28 "http://renault.2web.at/account?loadrequest=true" "Mozilla/5.0 (Windows NT 10.0; WOW64; Trident/7.0; Touch; rv:11.0) like Gecko"
80.123.225.36 - - [22/May/2019:09:33:56 +0200] "GET /reload?ser=1558510440405 HTTP/1.1" 200 28 "http://renault.activities.at/result?searchterm=true&search=motor" "Mozilla/5.0 (Windows NT 10.0; WOW64; Trident/7.0; rv:11.0) like Gecko"
212.152.246.135 - - [22/May/2019:09:34:38 +0200] "GET /reload?ser=1558510478450 HTTP/1.1" 200 28 "http://renault.activities.at/success" "Mozilla/5.0 (Windows NT 6.1; WOW64; Trident/7.0; rv:11.0) like Gecko"
213.153.47.173 - - [22/May/2019:09:34:46 +0200] "GET /reload?ser=1558510486595 HTTP/1.1" 200 28 "http://renault.activities.at/login?required=true" "Mozilla/5.0 (Windows NT 10.0; Win64; x64; rv:66.0) Gecko/20100101 Firefox/66.0"
193.194.132.26 - - [22/May/2019:09:34:56 +0200] "GET /reload?ser=1558510495902 HTTP/1.1" 200 28 "http://renault.2web.at/account?loadrequest=true" "Mozilla/5.0 (Windows NT 10.0; WOW64; Trident/7.0; Touch; rv:11.0) like Gecko"
80.123.225.36 - - [22/May/2019:09:34:57 +0200] "GET /reload?ser=1558510501420 HTTP/1.1" 200 28 "http://renault.activities.at/result?searchterm=true&search=motor" "Mozilla/5.0 (Windows NT 10.0; WOW64; Trident/7.0; rv:11.0) like Gecko"
212.152.246.135 - - [22/May/2019:09:35:39 +0200] "GET /reload?ser=1558510539407 HTTP/1.1" 200 28 "http://renault.activities.at/success" "Mozilla/5.0 (Windows NT 6.1; WOW64; Trident/7.0; rv:11.0) like Gecko"
213.153.47.173 - - [22/May/2019:09:35:47 +0200] "GET /reload?ser=1558510547256 HTTP/1.1" 200 28 "http://renault.activities.at/login?required=true" "Mozilla/5.0 (Windows NT 10.0; Win64; x64; rv:66.0) Gecko/20100101 Firefox/66.0"
193.194.132.26 - - [22/May/2019:09:35:57 +0200] "GET /reload?ser=1558510557017 HTTP/1.1" 200 28 "http://renault.2web.at/account?loadrequest=true" "Mozilla/5.0 (Windows NT 10.0; WOW64; Trident/7.0; Touch; rv:11.0) like Gecko"
80.123.225.36 - - [22/May/2019:09:35:58 +0200] "GET /reload?ser=1558510562372 HTTP/1.1" 200 28 "http://renault.activities.at/result?searchterm=true&search=motor" "Mozilla/5.0 (Windows NT 10.0; WOW64; Trident/7.0; rv:11.0) like Gecko"
212.152.246.135 - - [22/May/2019:09:36:40 +0200] "GET /reload?ser=1558510600396 HTTP/1.1" 200 28 "http://renault.activities.at/success" "Mozilla/5.0 (Windows NT 6.1; WOW64; Trident/7.0; rv:11.0) like Gecko"
213.153.47.173 - - [22/May/2019:09:36:47 +0200] "GET /reload?ser=1558510607915 HTTP/1.1" 200 28 "http://renault.activities.at/login?required=true" "Mozilla/5.0 (Windows NT 10.0; Win64; x64; rv:66.0) Gecko/20100101 Firefox/66.0"
193.194.132.26 - - [22/May/2019:09:36:58 +0200] "GET /reload?ser=1558510618104 HTTP/1.1" 200 28 "http://renault.2web.at/account?loadrequest=true" "Mozilla/5.0 (Windows NT 10.0; WOW64; Trident/7.0; Touch; rv:11.0) like Gecko"
80.123.225.36 - - [22/May/2019:09:36:59 +0200] "GET /reload?ser=1558510623386 HTTP/1.1" 200 28 "http://renault.activities.at/result?searchterm=true&search=motor" "Mozilla/5.0 (Windows NT 10.0; WOW64; Trident/7.0; rv:11.0) like Gecko"
212.152.246.135 - - [22/May/2019:09:37:41 +0200] "GET /reload?ser=1558510661408 HTTP/1.1" 200 28 "http://renault.activities.at/success" "Mozilla/5.0 (Windows NT 6.1; WOW64; Trident/7.0; rv:11.0) like Gecko"
213.153.47.173 - - [22/May/2019:09:37:48 +0200] "GET /reload?ser=1558510668582 HTTP/1.1" 200 28 "http://renault.activities.at/login?required=true" "Mozilla/5.0 (Windows NT 10.0; Win64; x64; rv:66.0) Gecko/20100101 Firefox/66.0"
193.194.132.26 - - [22/May/2019:09:37:59 +0200] "GET /reload?ser=1558510679133 HTTP/1.1" 200 28 "http://renault.2web.at/account?loadrequest=true" "Mozilla/5.0 (Windows NT 10.0; WOW64; Trident/7.0; Touch; rv:11.0) like Gecko"
80.123.225.36 - - [22/May/2019:09:38:00 +0200] "GET /reload?ser=1558510684369 HTTP/1.1" 200 28 "http://renault.activities.at/result?searchterm=true&search=motor" "Mozilla/5.0 (Windows NT 10.0; WOW64; Trident/7.0; rv:11.0) like Gecko"
212.152.246.135 - - [22/May/2019:09:38:42 +0200] "GET /reload?ser=1558510722367 HTTP/1.1" 200 28 "http://renault.activities.at/success" "Mozilla/5.0 (Windows NT 6.1; WOW64; Trident/7.0; rv:11.0) like Gecko"
213.153.47.173 - - [22/May/2019:09:38:49 +0200] "GET /reload?ser=1558510729235 HTTP/1.1" 200 28 "http://renault.activities.at/login?required=true" "Mozilla/5.0 (Windows NT 10.0; Win64; x64; rv:66.0) Gecko/20100101 Firefox/66.0"
193.194.132.26 - - [22/May/2019:09:39:00 +0200] "GET /reload?ser=1558510740184 HTTP/1.1" 200 28 "http://renault.2web.at/account?loadrequest=true" "Mozilla/5.0 (Windows NT 10.0; WOW64; Trident/7.0; Touch; rv:11.0) like Gecko"
80.123.225.36 - - [22/May/2019:09:39:01 +0200] "GET /reload?ser=1558510745335 HTTP/1.1" 200 28 "http://renault.activities.at/result?searchterm=true&search=motor" "Mozilla/5.0 (Windows NT 10.0; WOW64; Trident/7.0; rv:11.0) like Gecko"
212.152.246.135 - - [22/May/2019:09:39:43 +0200] "GET /reload?ser=1558510783387 HTTP/1.1" 200 28 "http://renault.activities.at/success" "Mozilla/5.0 (Windows NT 6.1; WOW64; Trident/7.0; rv:11.0) like Gecko"
80.123.225.36 - - [22/May/2019:09:39:47 +0200] "GET / HTTP/1.1" 200 3367 "-" "Mozilla/5.0 (Windows NT 6.1; WOW64; Trident/7.0; rv:11.0) like Gecko"
80.123.225.36 - - [22/May/2019:09:39:48 +0200] "GET /js/default.js HTTP/1.1" 200 14698 "http://renault.activities.at/" "Mozilla/5.0 (Windows NT 6.1; WOW64; Trident/7.0; rv:11.0) like Gecko"
80.123.225.36 - - [22/May/2019:09:39:48 +0200] "GET /js/flashdetection.js HTTP/1.1" 200 1059 "http://renault.activities.at/" "Mozilla/5.0 (Windows NT 6.1; WOW64; Trident/7.0; rv:11.0) like Gecko"
80.123.225.36 - - [22/May/2019:09:39:48 +0200] "GET /css/reset.css HTTP/1.1" 200 1356 "http://renault.activities.at/" "Mozilla/5.0 (Windows NT 6.1; WOW64; Trident/7.0; rv:11.0) like Gecko"
80.123.225.36 - - [22/May/2019:09:39:48 +0200] "GET /css/clears.css HTTP/1.1" 200 851 "http://renault.activities.at/" "Mozilla/5.0 (Windows NT 6.1; WOW64; Trident/7.0; rv:11.0) like Gecko"
80.123.225.36 - - [22/May/2019:09:39:48 +0200] "GET /css/styles.css HTTP/1.1" 200 14664 "http://renault.activities.at/" "Mozilla/5.0 (Windows NT 6.1; WOW64; Trident/7.0; rv:11.0) like Gecko"
80.123.225.36 - - [22/May/2019:09:39:48 +0200] "GET /css/print.css HTTP/1.1" 200 543 "http://renault.activities.at/" "Mozilla/5.0 (Windows NT 6.1; WOW64; Trident/7.0; rv:11.0) like Gecko"
80.123.225.36 - - [22/May/2019:09:39:48 +0200] "GET /css/prototip.css HTTP/1.1" 200 968 "http://renault.activities.at/" "Mozilla/5.0 (Windows NT 6.1; WOW64; Trident/7.0; rv:11.0) like Gecko"
80.123.225.36 - - [22/May/2019:09:39:48 +0200] "GET /js/checkout.css HTTP/1.1" 200 359 "http://renault.activities.at/" "Mozilla/5.0 (Windows NT 6.1; WOW64; Trident/7.0; rv:11.0) like Gecko"
80.123.225.36 - - [22/May/2019:09:39:48 +0200] "GET /css/themes/default.css HTTP/1.1" 200 769 "http://renault.activities.at/" "Mozilla/5.0 (Windows NT 6.1; WOW64; Trident/7.0; rv:11.0) like Gecko"
80.123.225.36 - - [22/May/2019:09:39:48 +0200] "GET /css/themes/alphacube.css HTTP/1.1" 200 743 "http://renault.activities.at/" "Mozilla/5.0 (Windows NT 6.1; WOW64; Trident/7.0; rv:11.0) like Gecko"
80.123.225.36 - - [22/May/2019:09:39:48 +0200] "GET /images/main_block_corner_left_bot.gif HTTP/1.1" 200 159 "http://renault.activities.at/" "Mozilla/5.0 (Windows NT 6.1; WOW64; Trident/7.0; rv:11.0) like Gecko"
80.123.225.36 - - [22/May/2019:09:39:48 +0200] "GET /images/main_block_border.gif HTTP/1.1" 200 43 "http://renault.activities.at/" "Mozilla/5.0 (Windows NT 6.1; WOW64; Trident/7.0; rv:11.0) like Gecko"
80.123.225.36 - - [22/May/2019:09:39:48 +0200] "GET /images/header_block_corner_right_top.gif HTTP/1.1" 200 160 "http://renault.activities.at/" "Mozilla/5.0 (Windows NT 6.1; WOW64; Trident/7.0; rv:11.0) like Gecko"
80.123.225.36 - - [22/May/2019:09:39:48 +0200] "GET /images/header_block_corner_left_top.gif HTTP/1.1" 200 160 "http://renault.activities.at/" "Mozilla/5.0 (Windows NT 6.1; WOW64; Trident/7.0; rv:11.0) like Gecko"
80.123.225.36 - - [22/May/2019:09:39:48 +0200] "GET /images/header_block_border.gif HTTP/1.1" 200 43 "http://renault.activities.at/" "Mozilla/5.0 (Windows NT 6.1; WOW64; Trident/7.0; rv:11.0) like Gecko"
80.123.225.36 - - [22/May/2019:09:39:48 +0200] "GET /images/main_block_corner_right_bot.gif HTTP/1.1" 200 158 "http://renault.activities.at/" "Mozilla/5.0 (Windows NT 6.1; WOW64; Trident/7.0; rv:11.0) like Gecko"
80.123.225.36 - - [22/May/2019:09:39:48 +0200] "GET /images/main_block_corner_left_top.gif HTTP/1.1" 200 159 "http://renault.activities.at/" "Mozilla/5.0 (Windows NT 6.1; WOW64; Trident/7.0; rv:11.0) like Gecko"
80.123.225.36 - - [22/May/2019:09:39:48 +0200] "GET /images/favicon.ico HTTP/1.1" 404 305 "-" "Mozilla/5.0 (Windows NT 6.1; Win64; x64; Trident/7.0; rv:11.0) like Gecko"
80.123.225.36 - - [22/May/2019:09:39:48 +0200] "GET /images/main_block_corner_right_top.gif HTTP/1.1" 200 159 "http://renault.activities.at/" "Mozilla/5.0 (Windows NT 6.1; WOW64; Trident/7.0; rv:11.0) like Gecko"
80.123.225.36 - - [22/May/2019:09:39:48 +0200] "GET /images/title_border.jpg HTTP/1.1" 200 304 "http://renault.activities.at/" "Mozilla/5.0 (Windows NT 6.1; WOW64; Trident/7.0; rv:11.0) like Gecko"
80.123.225.36 - - [22/May/2019:09:39:48 +0200] "GET /images/title_corner_left_top.jpg HTTP/1.1" 200 372 "http://renault.activities.at/" "Mozilla/5.0 (Windows NT 6.1; WOW64; Trident/7.0; rv:11.0) like Gecko"
80.123.225.36 - - [22/May/2019:09:39:48 +0200] "GET /images/title_border_top.jpg HTTP/1.1" 200 336 "http://renault.activities.at/" "Mozilla/5.0 (Windows NT 6.1; WOW64; Trident/7.0; rv:11.0) like Gecko"
80.123.225.36 - - [22/May/2019:09:39:48 +0200] "GET /images/title_corner_right_top.jpg HTTP/1.1" 200 389 "http://renault.activities.at/" "Mozilla/5.0 (Windows NT 6.1; WOW64; Trident/7.0; rv:11.0) like Gecko"
80.123.225.36 - - [22/May/2019:09:39:48 +0200] "GET /loadthumbnail.php?id=11127982 HTTP/1.1" 200 399614 "http://renault.activities.at/" "Mozilla/5.0 (Windows NT 6.1; WOW64; Trident/7.0; rv:11.0) like Gecko"
213.153.47.173 - - [22/May/2019:09:39:49 +0200] "GET /reload?ser=1558510789895 HTTP/1.1" 200 28 "http://renault.activities.at/login?required=true" "Mozilla/5.0 (Windows NT 10.0; Win64; x64; rv:66.0) Gecko/20100101 Firefox/66.0"
80.123.225.36 - - [22/May/2019:09:39:50 +0200] "GET /login HTTP/1.1" 200 2086 "http://renault.activities.at/" "Mozilla/5.0 (Windows NT 6.1; WOW64; Trident/7.0; rv:11.0) like Gecko"
80.123.225.36 - - [22/May/2019:09:39:50 +0200] "GET /images/button_left_bg.gif HTTP/1.1" 200 564 "http://renault.activities.at/login" "Mozilla/5.0 (Windows NT 6.1; WOW64; Trident/7.0; rv:11.0) like Gecko"
80.123.225.36 - - [22/May/2019:09:39:51 +0200] "GET /images/button_right_bg.gif HTTP/1.1" 200 561 "http://renault.activities.at/login" "Mozilla/5.0 (Windows NT 6.1; WOW64; Trident/7.0; rv:11.0) like Gecko"
80.123.225.36 - - [22/May/2019:09:39:51 +0200] "GET /images/button_bg.gif HTTP/1.1" 200 151 "http://renault.activities.at/login" "Mozilla/5.0 (Windows NT 6.1; WOW64; Trident/7.0; rv:11.0) like Gecko"
80.123.225.36 - - [22/May/2019:09:39:51 +0200] "GET /images/favicon.ico HTTP/1.1" 404 305 "-" "Mozilla/5.0 (Windows NT 6.1; Win64; x64; Trident/7.0; rv:11.0) like Gecko"
80.123.225.36 - - [22/May/2019:09:39:51 +0200] "GET /favicon.ico HTTP/1.1" 200 3250 "-" "Mozilla/5.0 (Windows NT 6.1; Win64; x64; Trident/7.0; rv:11.0) like Gecko"
193.194.132.26 - - [22/May/2019:09:40:01 +0200] "GET /reload?ser=1558510801255 HTTP/1.1" 200 28 "http://renault.2web.at/account?loadrequest=true" "Mozilla/5.0 (Windows NT 10.0; WOW64; Trident/7.0; Touch; rv:11.0) like Gecko"
80.123.225.36 - - [22/May/2019:09:40:01 +0200] "POST /login HTTP/1.1" 302 140 "http://renault.activities.at/login" "Mozilla/5.0 (Windows NT 6.1; WOW64; Trident/7.0; rv:11.0) like Gecko"
80.123.225.36 - - [22/May/2019:09:40:02 +0200] "GET /reload?ser=1558510806365 HTTP/1.1" 200 28 "http://renault.activities.at/result?searchterm=true&search=motor" "Mozilla/5.0 (Windows NT 10.0; WOW64; Trident/7.0; rv:11.0) like Gecko"
80.123.225.36 - - [22/May/2019:09:40:02 +0200] "GET /account HTTP/1.1" 200 5984 "http://renault.activities.at/login" "Mozilla/5.0 (Windows NT 6.1; WOW64; Trident/7.0; rv:11.0) like Gecko"
80.123.225.36 - - [22/May/2019:09:40:05 +0200] "GET /js/account.js HTTP/1.1" 200 953 "http://renault.activities.at/account" "Mozilla/5.0 (Windows NT 6.1; WOW64; Trident/7.0; rv:11.0) like Gecko"
80.123.225.36 - - [22/May/2019:09:40:05 +0200] "GET /images/search_bg.gif HTTP/1.1" 200 1726 "http://renault.activities.at/account" "Mozilla/5.0 (Windows NT 6.1; WOW64; Trident/7.0; rv:11.0) like Gecko"
80.123.225.36 - - [22/May/2019:09:40:05 +0200] "GET /images/top_links_divider.gif HTTP/1.1" 200 44 "http://renault.activities.at/account" "Mozilla/5.0 (Windows NT 6.1; WOW64; Trident/7.0; rv:11.0) like Gecko"
80.123.225.36 - - [22/May/2019:09:40:05 +0200] "GET /images/menu_button_bg.jpg HTTP/1.1" 200 322 "http://renault.activities.at/account" "Mozilla/5.0 (Windows NT 6.1; WOW64; Trident/7.0; rv:11.0) like Gecko"
80.123.225.36 - - [22/May/2019:09:40:05 +0200] "GET /images/nav_divider.gif HTTP/1.1" 200 43 "http://renault.activities.at/account" "Mozilla/5.0 (Windows NT 6.1; WOW64; Trident/7.0; rv:11.0) like Gecko"
80.123.225.36 - - [22/May/2019:09:40:05 +0200] "GET /images/sidebar_title_border.gif HTTP/1.1" 200 43 "http://renault.activities.at/account" "Mozilla/5.0 (Windows NT 6.1; WOW64; Trident/7.0; rv:11.0) like Gecko"
80.123.225.36 - - [22/May/2019:09:40:05 +0200] "GET /images/sidebar_title_border_top.gif HTTP/1.1" 200 155 "http://renault.activities.at/account" "Mozilla/5.0 (Windows NT 6.1; WOW64; Trident/7.0; rv:11.0) like Gecko"
80.123.225.36 - - [22/May/2019:09:40:05 +0200] "GET /images/menu_divider.gif HTTP/1.1" 200 176 "http://renault.activities.at/account" "Mozilla/5.0 (Windows NT 6.1; WOW64; Trident/7.0; rv:11.0) like Gecko"
80.123.225.36 - - [22/May/2019:09:40:05 +0200] "GET /images/sidebar_title_corner_left_top.gif HTTP/1.1" 200 1124 "http://renault.activities.at/account" "Mozilla/5.0 (Windows NT 6.1; WOW64; Trident/7.0; rv:11.0) like Gecko"
80.123.225.36 - - [22/May/2019:09:40:05 +0200] "GET /loadthumbnail.php?id=11967701&width=50&height=50 HTTP/1.1" 200 1199 "http://renault.activities.at/account" "Mozilla/5.0 (Windows NT 6.1; WOW64; Trident/7.0; rv:11.0) like Gecko"
80.123.225.36 - - [22/May/2019:09:40:05 +0200] "GET /loadthumbnail.php?id=11798477&width=50&height=50 HTTP/1.1" 200 1229 "http://renault.activities.at/account" "Mozilla/5.0 (Windows NT 6.1; WOW64; Trident/7.0; rv:11.0) like Gecko"
80.123.225.36 - - [22/May/2019:09:40:05 +0200] "GET /images/sidebar_title_corner_right_top.gif HTTP/1.1" 200 383 "http://renault.activities.at/account" "Mozilla/5.0 (Windows NT 6.1; WOW64; Trident/7.0; rv:11.0) like Gecko"
80.123.225.36 - - [22/May/2019:09:40:05 +0200] "GET /images/footer_divider.gif HTTP/1.1" 200 44 "http://renault.activities.at/account" "Mozilla/5.0 (Windows NT 6.1; WOW64; Trident/7.0; rv:11.0) like Gecko"
80.123.225.36 - - [22/May/2019:09:40:06 +0200] "GET /favicon.ico HTTP/1.1" 200 3250 "-" "Mozilla/5.0 (Windows NT 6.1; Win64; x64; Trident/7.0; rv:11.0) like Gecko"
80.123.225.36 - - [22/May/2019:09:40:16 +0200] "POST /axjaxrequest?mode=suggest HTTP/1.1" 200 216 "http://renault.activities.at/account" "Mozilla/5.0 (Windows NT 6.1; WOW64; Trident/7.0; rv:11.0) like Gecko"
80.123.225.36 - - [22/May/2019:09:40:17 +0200] "POST /axjaxrequest?mode=suggest HTTP/1.1" 200 166 "http://renault.activities.at/account" "Mozilla/5.0 (Windows NT 6.1; WOW64; Trident/7.0; rv:11.0) like Gecko"
80.123.225.36 - - [22/May/2019:09:40:18 +0200] "POST /axjaxrequest?mode=suggest HTTP/1.1" 200 142 "http://renault.activities.at/account" "Mozilla/5.0 (Windows NT 6.1; WOW64; Trident/7.0; rv:11.0) like Gecko"
80.123.225.36 - - [22/May/2019:09:40:19 +0200] "POST /axjaxrequest?mode=suggest HTTP/1.1" 200 126 "http://renault.activities.at/account" "Mozilla/5.0 (Windows NT 6.1; WOW64; Trident/7.0; rv:11.0) like Gecko"
80.123.225.36 - - [22/May/2019:09:40:19 +0200] "GET /result?searchterm=true&search=mobilit%E4ts HTTP/1.1" 200 6041 "http://renault.activities.at/account" "Mozilla/5.0 (Windows NT 6.1; WOW64; Trident/7.0; rv:11.0) like Gecko"
80.123.225.36 - - [22/May/2019:09:40:23 +0200] "GET /js/ProduktGrp.js HTTP/1.1" 200 1569 "http://renault.activities.at/result?searchterm=true&search=mobilit%E4ts" "Mozilla/5.0 (Windows NT 6.1; WOW64; Trident/7.0; rv:11.0) like Gecko"
80.123.225.36 - - [22/May/2019:09:40:23 +0200] "GET /js/prototip.js HTTP/1.1" 200 4588 "http://renault.activities.at/result?searchterm=true&search=mobilit%E4ts" "Mozilla/5.0 (Windows NT 6.1; WOW64; Trident/7.0; rv:11.0) like Gecko"
80.123.225.36 - - [22/May/2019:09:40:23 +0200] "GET /images/loading.gif HTTP/1.1" 200 3208 "http://renault.activities.at/result?searchterm=true&search=mobilit%E4ts" "Mozilla/5.0 (Windows NT 6.1; WOW64; Trident/7.0; rv:11.0) like Gecko"
80.123.225.36 - - [22/May/2019:09:40:23 +0200] "GET /images/pager_bg.gif HTTP/1.1" 200 150 "http://renault.activities.at/result?searchterm=true&search=mobilit%E4ts" "Mozilla/5.0 (Windows NT 6.1; WOW64; Trident/7.0; rv:11.0) like Gecko"
80.123.225.36 - - [22/May/2019:09:40:23 +0200] "GET /images/vista-up.gif HTTP/1.1" 200 131 "http://renault.activities.at/result?searchterm=true&search=mobilit%E4ts" "Mozilla/5.0 (Windows NT 6.1; WOW64; Trident/7.0; rv:11.0) like Gecko"
80.123.225.36 - - [22/May/2019:09:40:23 +0200] "GET /images/vista-dn.gif HTTP/1.1" 200 128 "http://renault.activities.at/result?searchterm=true&search=mobilit%E4ts" "Mozilla/5.0 (Windows NT 6.1; WOW64; Trident/7.0; rv:11.0) like Gecko"
80.123.225.36 - - [22/May/2019:09:40:23 +0200] "GET /loadthumbnail.php?id=10203255 HTTP/1.1" 200 137 "http://renault.activities.at/result?searchterm=true&search=mobilit%E4ts" "Mozilla/5.0 (Windows NT 6.1; WOW64; Trident/7.0; rv:11.0) like Gecko"
80.123.225.36 - - [22/May/2019:09:40:23 +0200] "GET /loadthumbnail.php?id=11351226&width=113 HTTP/1.1" 200 16210 "http://renault.activities.at/result?searchterm=true&search=mobilit%E4ts" "Mozilla/5.0 (Windows NT 6.1; WOW64; Trident/7.0; rv:11.0) like Gecko"
80.123.225.36 - - [22/May/2019:09:40:23 +0200] "GET /loadthumbnail.php?id=11351222&width=113 HTTP/1.1" 200 17851 "http://renault.activities.at/result?searchterm=true&search=mobilit%E4ts" "Mozilla/5.0 (Windows NT 6.1; WOW64; Trident/7.0; rv:11.0) like Gecko"
80.123.225.36 - - [22/May/2019:09:40:23 +0200] "GET /images/validation_advice_bg.gif HTTP/1.1" 200 134 "http://renault.activities.at/result?searchterm=true&search=mobilit%E4ts" "Mozilla/5.0 (Windows NT 6.1; WOW64; Trident/7.0; rv:11.0) like Gecko"
212.152.246.135 - - [22/May/2019:09:40:44 +0200] "GET /reload?ser=1558510844378 HTTP/1.1" 200 28 "http://renault.activities.at/success" "Mozilla/5.0 (Windows NT 6.1; WOW64; Trident/7.0; rv:11.0) like Gecko"
213.153.47.173 - - [22/May/2019:09:40:50 +0200] "GET /reload?ser=1558510850555 HTTP/1.1" 200 28 "http://renault.activities.at/login?required=true" "Mozilla/5.0 (Windows NT 10.0; Win64; x64; rv:66.0) Gecko/20100101 Firefox/66.0"
193.194.132.26 - - [22/May/2019:09:41:02 +0200] "GET /reload?ser=1558510862355 HTTP/1.1" 200 28 "http://renault.2web.at/account?loadrequest=true" "Mozilla/5.0 (Windows NT 10.0; WOW64; Trident/7.0; Touch; rv:11.0) like Gecko"
80.123.225.36 - - [22/May/2019:09:41:03 +0200] "GET /reload?ser=1558510867378 HTTP/1.1" 200 28 "http://renault.activities.at/result?searchterm=true&search=motor" "Mozilla/5.0 (Windows NT 10.0; WOW64; Trident/7.0; rv:11.0) like Gecko"
80.123.225.36 - - [22/May/2019:09:41:23 +0200] "GET /reload?ser=1558510884126 HTTP/1.1" 200 28 "http://renault.activities.at/result?searchterm=true&search=mobilit%E4ts" "Mozilla/5.0 (Windows NT 6.1; WOW64; Trident/7.0; rv:11.0) like Gecko"
212.152.246.135 - - [22/May/2019:09:41:45 +0200] "GET /reload?ser=1558510905358 HTTP/1.1" 200 28 "http://renault.activities.at/success" "Mozilla/5.0 (Windows NT 6.1; WOW64; Trident/7.0; rv:11.0) like Gecko"
213.153.47.173 - - [22/May/2019:09:41:51 +0200] "GET /reload?ser=1558510911225 HTTP/1.1" 200 28 "http://renault.activities.at/login?required=true" "Mozilla/5.0 (Windows NT 10.0; Win64; x64; rv:66.0) Gecko/20100101 Firefox/66.0"
193.194.132.26 - - [22/May/2019:09:42:03 +0200] "GET /reload?ser=1558510923363 HTTP/1.1" 200 28 "http://renault.2web.at/account?loadrequest=true" "Mozilla/5.0 (Windows NT 10.0; WOW64; Trident/7.0; Touch; rv:11.0) like Gecko"
80.123.225.36 - - [22/May/2019:09:42:04 +0200] "GET /reload?ser=1558510928345 HTTP/1.1" 200 28 "http://renault.activities.at/result?searchterm=true&search=motor" "Mozilla/5.0 (Windows NT 10.0; WOW64; Trident/7.0; rv:11.0) like Gecko"
80.123.225.36 - - [22/May/2019:09:42:24 +0200] "GET /reload?ser=1558510945174 HTTP/1.1" 200 28 "http://renault.activities.at/result?searchterm=true&search=mobilit%E4ts" "Mozilla/5.0 (Windows NT 6.1; WOW64; Trident/7.0; rv:11.0) like Gecko"
212.152.246.135 - - [22/May/2019:09:42:46 +0200] "GET /reload?ser=1558510966312 HTTP/1.1" 200 28 "http://renault.activities.at/success" "Mozilla/5.0 (Windows NT 6.1; WOW64; Trident/7.0; rv:11.0) like Gecko"
213.153.47.173 - - [22/May/2019:09:42:51 +0200] "GET /reload?ser=1558510971875 HTTP/1.1" 200 28 "http://renault.activities.at/login?required=true" "Mozilla/5.0 (Windows NT 10.0; Win64; x64; rv:66.0) Gecko/20100101 Firefox/66.0"
193.194.132.26 - - [22/May/2019:09:43:04 +0200] "GET /reload?ser=1558510984375 HTTP/1.1" 200 28 "http://renault.2web.at/account?loadrequest=true" "Mozilla/5.0 (Windows NT 10.0; WOW64; Trident/7.0; Touch; rv:11.0) like Gecko"
80.123.225.36 - - [22/May/2019:09:43:05 +0200] "GET /reload?ser=1558510989312 HTTP/1.1" 200 28 "http://renault.activities.at/result?searchterm=true&search=motor" "Mozilla/5.0 (Windows NT 10.0; WOW64; Trident/7.0; rv:11.0) like Gecko"
80.123.225.36 - - [22/May/2019:09:43:25 +0200] "GET /reload?ser=1558511006177 HTTP/1.1" 200 28 "http://renault.activities.at/result?searchterm=true&search=mobilit%E4ts" "Mozilla/5.0 (Windows NT 6.1; WOW64; Trident/7.0; rv:11.0) like Gecko"
212.152.246.135 - - [22/May/2019:09:43:47 +0200] "GET /reload?ser=1558511027368 HTTP/1.1" 200 28 "http://renault.activities.at/success" "Mozilla/5.0 (Windows NT 6.1; WOW64; Trident/7.0; rv:11.0) like Gecko"
213.153.47.173 - - [22/May/2019:09:43:52 +0200] "GET /reload?ser=1558511032545 HTTP/1.1" 200 28 "http://renault.activities.at/login?required=true" "Mozilla/5.0 (Windows NT 10.0; Win64; x64; rv:66.0) Gecko/20100101 Firefox/66.0"
193.194.132.26 - - [22/May/2019:09:44:05 +0200] "GET /reload?ser=1558511045419 HTTP/1.1" 200 28 "http://renault.2web.at/account?loadrequest=true" "Mozilla/5.0 (Windows NT 10.0; WOW64; Trident/7.0; Touch; rv:11.0) like Gecko"
80.123.225.36 - - [22/May/2019:09:44:06 +0200] "GET /reload?ser=1558511050264 HTTP/1.1" 200 28 "http://renault.activities.at/result?searchterm=true&search=motor" "Mozilla/5.0 (Windows NT 10.0; WOW64; Trident/7.0; rv:11.0) like Gecko"
80.123.225.36 - - [22/May/2019:09:44:26 +0200] "GET /reload?ser=1558511067212 HTTP/1.1" 200 28 "http://renault.activities.at/result?searchterm=true&search=mobilit%E4ts" "Mozilla/5.0 (Windows NT 6.1; WOW64; Trident/7.0; rv:11.0) like Gecko"
80.123.225.36 - - [22/May/2019:09:44:36 +0200] "GET /images/vista-dn-hover.gif HTTP/1.1" 200 127 "http://renault.activities.at/result?searchterm=true&search=mobilit%E4ts" "Mozilla/5.0 (Windows NT 6.1; WOW64; Trident/7.0; rv:11.0) like Gecko"
80.123.225.36 - - [22/May/2019:09:44:36 +0200] "GET /images/vista-up-hover.gif HTTP/1.1" 200 130 "http://renault.activities.at/result?searchterm=true&search=mobilit%E4ts" "Mozilla/5.0 (Windows NT 6.1; WOW64; Trident/7.0; rv:11.0) like Gecko"
212.152.246.135 - - [22/May/2019:09:44:48 +0200] "GET /reload?ser=1558511088359 HTTP/1.1" 200 28 "http://renault.activities.at/success" "Mozilla/5.0 (Windows NT 6.1; WOW64; Trident/7.0; rv:11.0) like Gecko"
213.153.47.173 - - [22/May/2019:09:44:53 +0200] "GET /reload?ser=1558511093225 HTTP/1.1" 200 28 "http://renault.activities.at/login?required=true" "Mozilla/5.0 (Windows NT 10.0; Win64; x64; rv:66.0) Gecko/20100101 Firefox/66.0"
80.123.225.36 - - [22/May/2019:09:44:53 +0200] "POST /result?searchterm=true&search=mobilit%E4ts HTTP/1.1" 200 6231 "http://renault.activities.at/result?searchterm=true&search=mobilit%E4ts" "Mozilla/5.0 (Windows NT 6.1; WOW64; Trident/7.0; rv:11.0) like Gecko"
80.123.225.36 - - [22/May/2019:09:44:56 +0200] "GET /images/success_msg_icon.gif HTTP/1.1" 200 1024 "http://renault.activities.at/result?searchterm=true&search=mobilit%E4ts" "Mozilla/5.0 (Windows NT 6.1; WOW64; Trident/7.0; rv:11.0) like Gecko"
80.123.225.36 - - [22/May/2019:09:44:58 +0200] "GET /checkout HTTP/1.1" 200 10258 "http://renault.activities.at/result?searchterm=true&search=mobilit%E4ts" "Mozilla/5.0 (Windows NT 6.1; WOW64; Trident/7.0; rv:11.0) like Gecko"
80.123.225.36 - - [22/May/2019:09:45:03 +0200] "GET /js/checkout2.js HTTP/1.1" 200 4122 "http://renault.activities.at/checkout" "Mozilla/5.0 (Windows NT 6.1; WOW64; Trident/7.0; rv:11.0) like Gecko"
80.123.225.36 - - [22/May/2019:09:45:03 +0200] "GET /images/ajax_loading.gif HTTP/1.1" 200 1542 "http://renault.activities.at/checkout" "Mozilla/5.0 (Windows NT 6.1; WOW64; Trident/7.0; rv:11.0) like Gecko"
80.123.225.36 - - [22/May/2019:09:45:03 +0200] "GET /images/step_marker.gif HTTP/1.1" 200 650 "http://renault.activities.at/checkout" "Mozilla/5.0 (Windows NT 6.1; WOW64; Trident/7.0; rv:11.0) like Gecko"
80.123.225.36 - - [22/May/2019:09:45:03 +0200] "GET /images/checkout_border_top.gif HTTP/1.1" 200 156 "http://renault.activities.at/checkout" "Mozilla/5.0 (Windows NT 6.1; WOW64; Trident/7.0; rv:11.0) like Gecko"
80.123.225.36 - - [22/May/2019:09:45:03 +0200] "GET /images/checkout_border.gif HTTP/1.1" 200 43 "http://renault.activities.at/checkout" "Mozilla/5.0 (Windows NT 6.1; WOW64; Trident/7.0; rv:11.0) like Gecko"
80.123.225.36 - - [22/May/2019:09:45:03 +0200] "GET /images/step_bg.jpg HTTP/1.1" 200 319 "http://renault.activities.at/checkout" "Mozilla/5.0 (Windows NT 6.1; WOW64; Trident/7.0; rv:11.0) like Gecko"
80.123.225.36 - - [22/May/2019:09:45:03 +0200] "GET /loadthumbnail.php?id=10202698 HTTP/1.1" 200 16686 "http://renault.activities.at/checkout" "Mozilla/5.0 (Windows NT 6.1; WOW64; Trident/7.0; rv:11.0) like Gecko"
80.123.225.36 - - [22/May/2019:09:45:03 +0200] "GET /loadthumbnail.php?id=10201939 HTTP/1.1" 200 201 "http://renault.activities.at/checkout" "Mozilla/5.0 (Windows NT 6.1; WOW64; Trident/7.0; rv:11.0) like Gecko"
193.194.132.26 - - [22/May/2019:09:45:06 +0200] "GET /reload?ser=1558511106496 HTTP/1.1" 200 28 "http://renault.2web.at/account?loadrequest=true" "Mozilla/5.0 (Windows NT 10.0; WOW64; Trident/7.0; Touch; rv:11.0) like Gecko"
80.123.225.36 - - [22/May/2019:09:45:07 +0200] "GET /reload?ser=1558511111246 HTTP/1.1" 200 28 "http://renault.activities.at/result?searchterm=true&search=motor" "Mozilla/5.0 (Windows NT 10.0; WOW64; Trident/7.0; rv:11.0) like Gecko"
80.123.225.36 - - [22/May/2019:09:45:10 +0200] "POST /docheckout HTTP/1.1" 200 452 "http://renault.activities.at/checkout" "Mozilla/5.0 (Windows NT 6.1; WOW64; Trident/7.0; rv:11.0) like Gecko"
80.123.225.36 - - [22/May/2019:09:45:13 +0200] "POST /docheckout HTTP/1.1" 200 593 "http://renault.activities.at/checkout" "Mozilla/5.0 (Windows NT 6.1; WOW64; Trident/7.0; rv:11.0) like Gecko"
80.123.225.36 - - [22/May/2019:09:45:15 +0200] "GET /images/error_msg_icon.gif HTTP/1.1" 200 1013 "http://renault.activities.at/checkout" "Mozilla/5.0 (Windows NT 6.1; WOW64; Trident/7.0; rv:11.0) like Gecko"
80.123.225.36 - - [22/May/2019:09:45:20 +0200] "POST /docheckout HTTP/1.1" 200 68 "http://renault.activities.at/checkout" "Mozilla/5.0 (Windows NT 6.1; WOW64; Trident/7.0; rv:11.0) like Gecko"
80.123.225.36 - - [22/May/2019:09:45:22 +0200] "GET /success HTTP/1.1" 200 3783 "http://renault.activities.at/checkout" "Mozilla/5.0 (Windows NT 6.1; WOW64; Trident/7.0; rv:11.0) like Gecko"
212.152.246.135 - - [22/May/2019:09:45:49 +0200] "GET /reload?ser=1558511149346 HTTP/1.1" 200 28 "http://renault.activities.at/success" "Mozilla/5.0 (Windows NT 6.1; WOW64; Trident/7.0; rv:11.0) like Gecko"
213.153.47.173 - - [22/May/2019:09:45:53 +0200] "GET /reload?ser=1558511153905 HTTP/1.1" 200 28 "http://renault.activities.at/login?required=true" "Mozilla/5.0 (Windows NT 10.0; Win64; x64; rv:66.0) Gecko/20100101 Firefox/66.0"
193.194.132.26 - - [22/May/2019:09:46:07 +0200] "GET /reload?ser=1558511167562 HTTP/1.1" 200 28 "http://renault.2web.at/account?loadrequest=true" "Mozilla/5.0 (Windows NT 10.0; WOW64; Trident/7.0; Touch; rv:11.0) like Gecko"
80.123.225.36 - - [22/May/2019:09:46:08 +0200] "GET /reload?ser=1558511172183 HTTP/1.1" 200 28 "http://renault.activities.at/result?searchterm=true&search=motor" "Mozilla/5.0 (Windows NT 10.0; WOW64; Trident/7.0; rv:11.0) like Gecko"
212.152.246.135 - - [22/May/2019:09:46:50 +0200] "GET /reload?ser=1558511210328 HTTP/1.1" 200 28 "http://renault.activities.at/success" "Mozilla/5.0 (Windows NT 6.1; WOW64; Trident/7.0; rv:11.0) like Gecko"
213.153.47.173 - - [22/May/2019:09:46:54 +0200] "GET /reload?ser=1558511214565 HTTP/1.1" 200 28 "http://renault.activities.at/login?required=true" "Mozilla/5.0 (Windows NT 10.0; Win64; x64; rv:66.0) Gecko/20100101 Firefox/66.0"
193.194.132.30 - - [22/May/2019:09:47:08 +0200] "GET /reload?ser=1558511228608 HTTP/1.1" 200 28 "http://renault.2web.at/account?loadrequest=true" "Mozilla/5.0 (Windows NT 10.0; WOW64; Trident/7.0; Touch; rv:11.0) like Gecko"
80.123.225.36 - - [22/May/2019:09:47:09 +0200] "GET /reload?ser=1558511233136 HTTP/1.1" 200 28 "http://renault.activities.at/result?searchterm=true&search=motor" "Mozilla/5.0 (Windows NT 10.0; WOW64; Trident/7.0; rv:11.0) like Gecko"
212.152.246.135 - - [22/May/2019:09:47:51 +0200] "GET /reload?ser=1558511271276 HTTP/1.1" 200 28 "http://renault.activities.at/success" "Mozilla/5.0 (Windows NT 6.1; WOW64; Trident/7.0; rv:11.0) like Gecko"
213.153.47.173 - - [22/May/2019:09:47:55 +0200] "GET /reload?ser=1558511275232 HTTP/1.1" 200 28 "http://renault.activities.at/login?required=true" "Mozilla/5.0 (Windows NT 10.0; Win64; x64; rv:66.0) Gecko/20100101 Firefox/66.0"
193.194.132.30 - - [22/May/2019:09:48:09 +0200] "GET /reload?ser=1558511289730 HTTP/1.1" 200 28 "http://renault.2web.at/account?loadrequest=true" "Mozilla/5.0 (Windows NT 10.0; WOW64; Trident/7.0; Touch; rv:11.0) like Gecko"
80.123.225.36 - - [22/May/2019:09:48:10 +0200] "GET /reload?ser=1558511294119 HTTP/1.1" 200 28 "http://renault.activities.at/result?searchterm=true&search=motor" "Mozilla/5.0 (Windows NT 10.0; WOW64; Trident/7.0; rv:11.0) like Gecko"
212.152.246.135 - - [22/May/2019:09:48:52 +0200] "GET /reload?ser=1558511332241 HTTP/1.1" 200 28 "http://renault.activities.at/success" "Mozilla/5.0 (Windows NT 6.1; WOW64; Trident/7.0; rv:11.0) like Gecko"
213.153.47.173 - - [22/May/2019:09:48:55 +0200] "GET /reload?ser=1558511335913 HTTP/1.1" 200 28 "http://renault.activities.at/login?required=true" "Mozilla/5.0 (Windows NT 10.0; Win64; x64; rv:66.0) Gecko/20100101 Firefox/66.0"
193.194.132.30 - - [22/May/2019:09:49:10 +0200] "GET /reload?ser=1558511350828 HTTP/1.1" 200 28 "http://renault.2web.at/account?loadrequest=true" "Mozilla/5.0 (Windows NT 10.0; WOW64; Trident/7.0; Touch; rv:11.0) like Gecko"
80.123.225.36 - - [22/May/2019:09:49:11 +0200] "GET /reload?ser=1558511355066 HTTP/1.1" 200 28 "http://renault.activities.at/result?searchterm=true&search=motor" "Mozilla/5.0 (Windows NT 10.0; WOW64; Trident/7.0; rv:11.0) like Gecko"
212.152.246.135 - - [22/May/2019:09:49:53 +0200] "GET /reload?ser=1558511393571 HTTP/1.1" 200 28 "http://renault.activities.at/success" "Mozilla/5.0 (Windows NT 6.1; WOW64; Trident/7.0; rv:11.0) like Gecko"
213.153.47.173 - - [22/May/2019:09:49:56 +0200] "GET /reload?ser=1558511396573 HTTP/1.1" 200 28 "http://renault.activities.at/login?required=true" "Mozilla/5.0 (Windows NT 10.0; Win64; x64; rv:66.0) Gecko/20100101 Firefox/66.0"
193.194.132.30 - - [22/May/2019:09:50:12 +0200] "GET /reload?ser=1558511411879 HTTP/1.1" 200 28 "http://renault.2web.at/account?loadrequest=true" "Mozilla/5.0 (Windows NT 10.0; WOW64; Trident/7.0; Touch; rv:11.0) like Gecko"
80.123.225.36 - - [22/May/2019:09:50:12 +0200] "GET /reload?ser=1558511416064 HTTP/1.1" 200 28 "http://renault.activities.at/result?searchterm=true&search=motor" "Mozilla/5.0 (Windows NT 10.0; WOW64; Trident/7.0; rv:11.0) like Gecko"
212.152.246.135 - - [22/May/2019:09:50:54 +0200] "GET /reload?ser=1558511454531 HTTP/1.1" 200 28 "http://renault.activities.at/success" "Mozilla/5.0 (Windows NT 6.1; WOW64; Trident/7.0; rv:11.0) like Gecko"
213.153.47.173 - - [22/May/2019:09:50:57 +0200] "GET /reload?ser=1558511457257 HTTP/1.1" 200 28 "http://renault.activities.at/login?required=true" "Mozilla/5.0 (Windows NT 10.0; Win64; x64; rv:66.0) Gecko/20100101 Firefox/66.0"
193.194.132.30 - - [22/May/2019:09:51:13 +0200] "GET /reload?ser=1558511472978 HTTP/1.1" 200 28 "http://renault.2web.at/account?loadrequest=true" "Mozilla/5.0 (Windows NT 10.0; WOW64; Trident/7.0; Touch; rv:11.0) like Gecko"
80.123.225.36 - - [22/May/2019:09:51:13 +0200] "GET /reload?ser=1558511477040 HTTP/1.1" 200 28 "http://renault.activities.at/result?searchterm=true&search=motor" "Mozilla/5.0 (Windows NT 10.0; WOW64; Trident/7.0; rv:11.0) like Gecko"
88.116.197.170 - - [22/May/2019:09:51:28 +0200] "GET /account HTTP/1.1" 302 150 "-" "Mozilla/5.0 (iPhone; CPU iPhone OS 12_2 like Mac OS X) AppleWebKit/605.1.15 (KHTML, like Gecko) Version/12.1 Mobile/15E148 Safari/604.1"
88.116.197.170 - - [22/May/2019:09:51:29 +0200] "GET /login?required=true HTTP/1.1" 200 2086 "-" "Mozilla/5.0 (iPhone; CPU iPhone OS 12_2 like Mac OS X) AppleWebKit/605.1.15 (KHTML, like Gecko) Version/12.1 Mobile/15E148 Safari/604.1"
88.116.197.170 - - [22/May/2019:09:51:30 +0200] "GET /apple-touch-icon-120x120-precomposed.png HTTP/1.1" 200 1559 "-" "MobileSafari/604.1 CFNetwork/978.0.7 Darwin/18.5.0"
88.116.197.170 - - [22/May/2019:09:51:31 +0200] "GET /apple-touch-icon-120x120.png HTTP/1.1" 200 1559 "-" "MobileSafari/604.1 CFNetwork/978.0.7 Darwin/18.5.0"
88.116.197.170 - - [22/May/2019:09:51:32 +0200] "GET /apple-touch-icon-precomposed.png HTTP/1.1" 200 1559 "-" "MobileSafari/604.1 CFNetwork/978.0.7 Darwin/18.5.0"
88.116.197.170 - - [22/May/2019:09:51:33 +0200] "GET /apple-touch-icon.png HTTP/1.1" 200 1559 "-" "MobileSafari/604.1 CFNetwork/978.0.7 Darwin/18.5.0"
88.116.197.170 - - [22/May/2019:09:51:34 +0200] "GET /images/favicon.ico HTTP/1.1" 404 305 "-" "MobileSafari/604.1 CFNetwork/978.0.7 Darwin/18.5.0"
88.116.197.170 - - [22/May/2019:09:51:35 +0200] "GET /images/favicon.ico HTTP/1.1" 404 305 "-" "MobileSafari/604.1 CFNetwork/978.0.7 Darwin/18.5.0"
88.116.197.170 - - [22/May/2019:09:51:35 +0200] "GET /favicon.ico HTTP/1.1" 200 3250 "-" "MobileSafari/604.1 CFNetwork/978.0.7 Darwin/18.5.0"
88.116.197.170 - - [22/May/2019:09:51:35 +0200] "GET /apple-touch-icon-120x120-precomposed.png HTTP/1.1" 200 1559 "-" "MobileSafari/604.1 CFNetwork/978.0.7 Darwin/18.5.0"
88.116.197.170 - - [22/May/2019:09:51:36 +0200] "GET /apple-touch-icon-120x120.png HTTP/1.1" 200 1559 "-" "MobileSafari/604.1 CFNetwork/978.0.7 Darwin/18.5.0"
88.116.197.170 - - [22/May/2019:09:51:37 +0200] "GET /apple-touch-icon-precomposed.png HTTP/1.1" 200 1559 "-" "MobileSafari/604.1 CFNetwork/978.0.7 Darwin/18.5.0"
88.116.197.170 - - [22/May/2019:09:51:38 +0200] "GET /apple-touch-icon.png HTTP/1.1" 200 1559 "-" "MobileSafari/604.1 CFNetwork/978.0.7 Darwin/18.5.0"
88.116.197.170 - - [22/May/2019:09:51:39 +0200] "GET /images/favicon.ico HTTP/1.1" 404 305 "-" "MobileSafari/604.1 CFNetwork/978.0.7 Darwin/18.5.0"
88.116.197.170 - - [22/May/2019:09:51:39 +0200] "GET /images/favicon.ico HTTP/1.1" 404 305 "-" "MobileSafari/604.1 CFNetwork/978.0.7 Darwin/18.5.0"
88.116.197.170 - - [22/May/2019:09:51:39 +0200] "GET /favicon.ico HTTP/1.1" 200 3250 "-" "MobileSafari/604.1 CFNetwork/978.0.7 Darwin/18.5.0"
212.152.246.135 - - [22/May/2019:09:51:55 +0200] "GET /reload?ser=1558511515520 HTTP/1.1" 200 28 "http://renault.activities.at/success" "Mozilla/5.0 (Windows NT 6.1; WOW64; Trident/7.0; rv:11.0) like Gecko"
213.153.47.173 - - [22/May/2019:09:51:57 +0200] "GET /reload?ser=1558511517932 HTTP/1.1" 200 28 "http://renault.activities.at/login?required=true" "Mozilla/5.0 (Windows NT 10.0; Win64; x64; rv:66.0) Gecko/20100101 Firefox/66.0"
193.194.132.30 - - [22/May/2019:09:52:14 +0200] "GET /reload?ser=1558511534046 HTTP/1.1" 200 28 "http://renault.2web.at/account?loadrequest=true" "Mozilla/5.0 (Windows NT 10.0; WOW64; Trident/7.0; Touch; rv:11.0) like Gecko"
80.123.225.36 - - [22/May/2019:09:52:14 +0200] "GET /reload?ser=1558511538025 HTTP/1.1" 200 28 "http://renault.activities.at/result?searchterm=true&search=motor" "Mozilla/5.0 (Windows NT 10.0; WOW64; Trident/7.0; rv:11.0) like Gecko"
212.152.246.135 - - [22/May/2019:09:52:56 +0200] "GET /reload?ser=1558511576500 HTTP/1.1" 200 28 "http://renault.activities.at/success" "Mozilla/5.0 (Windows NT 6.1; WOW64; Trident/7.0; rv:11.0) like Gecko"
213.153.47.173 - - [22/May/2019:09:52:58 +0200] "GET /reload?ser=1558511578580 HTTP/1.1" 200 28 "http://renault.activities.at/login?required=true" "Mozilla/5.0 (Windows NT 10.0; Win64; x64; rv:66.0) Gecko/20100101 Firefox/66.0"
193.194.132.30 - - [22/May/2019:09:53:15 +0200] "GET /reload?ser=1558511595081 HTTP/1.1" 200 28 "http://renault.2web.at/account?loadrequest=true" "Mozilla/5.0 (Windows NT 10.0; WOW64; Trident/7.0; Touch; rv:11.0) like Gecko"
80.123.225.36 - - [22/May/2019:09:53:15 +0200] "GET /reload?ser=1558511599018 HTTP/1.1" 200 28 "http://renault.activities.at/result?searchterm=true&search=motor" "Mozilla/5.0 (Windows NT 10.0; WOW64; Trident/7.0; rv:11.0) like Gecko"
212.152.246.135 - - [22/May/2019:09:53:57 +0200] "GET /reload?ser=1558511637468 HTTP/1.1" 200 28 "http://renault.activities.at/success" "Mozilla/5.0 (Windows NT 6.1; WOW64; Trident/7.0; rv:11.0) like Gecko"
213.153.47.173 - - [22/May/2019:09:53:59 +0200] "GET /reload?ser=1558511639237 HTTP/1.1" 200 28 "http://renault.activities.at/login?required=true" "Mozilla/5.0 (Windows NT 10.0; Win64; x64; rv:66.0) Gecko/20100101 Firefox/66.0"
193.194.132.30 - - [22/May/2019:09:54:16 +0200] "GET /reload?ser=1558511656146 HTTP/1.1" 200 28 "http://renault.2web.at/account?loadrequest=true" "Mozilla/5.0 (Windows NT 10.0; WOW64; Trident/7.0; Touch; rv:11.0) like Gecko"
80.123.225.36 - - [22/May/2019:09:54:16 +0200] "GET /reload?ser=1558511659964 HTTP/1.1" 200 28 "http://renault.activities.at/result?searchterm=true&search=motor" "Mozilla/5.0 (Windows NT 10.0; WOW64; Trident/7.0; rv:11.0) like Gecko"
212.152.246.135 - - [22/May/2019:09:54:58 +0200] "GET /reload?ser=1558511698467 HTTP/1.1" 200 28 "http://renault.activities.at/success" "Mozilla/5.0 (Windows NT 6.1; WOW64; Trident/7.0; rv:11.0) like Gecko"
213.153.47.173 - - [22/May/2019:09:54:59 +0200] "GET /reload?ser=1558511699896 HTTP/1.1" 200 28 "http://renault.activities.at/login?required=true" "Mozilla/5.0 (Windows NT 10.0; Win64; x64; rv:66.0) Gecko/20100101 Firefox/66.0"
193.194.132.30 - - [22/May/2019:09:55:17 +0200] "GET /reload?ser=1558511717262 HTTP/1.1" 200 28 "http://renault.2web.at/account?loadrequest=true" "Mozilla/5.0 (Windows NT 10.0; WOW64; Trident/7.0; Touch; rv:11.0) like Gecko"
80.123.225.36 - - [22/May/2019:09:55:17 +0200] "GET /reload?ser=1558511720962 HTTP/1.1" 200 28 "http://renault.activities.at/result?searchterm=true&search=motor" "Mozilla/5.0 (Windows NT 10.0; WOW64; Trident/7.0; rv:11.0) like Gecko"
212.152.246.135 - - [22/May/2019:09:55:59 +0200] "GET /reload?ser=1558511759520 HTTP/1.1" 200 28 "http://renault.activities.at/success" "Mozilla/5.0 (Windows NT 6.1; WOW64; Trident/7.0; rv:11.0) like Gecko"
213.153.47.173 - - [22/May/2019:09:56:00 +0200] "GET /reload?ser=1558511760560 HTTP/1.1" 200 28 "http://renault.activities.at/login?required=true" "Mozilla/5.0 (Windows NT 10.0; Win64; x64; rv:66.0) Gecko/20100101 Firefox/66.0"
80.123.225.36 - - [22/May/2019:09:56:18 +0200] "GET /reload?ser=1558511781947 HTTP/1.1" 200 28 "http://renault.activities.at/result?searchterm=true&search=motor" "Mozilla/5.0 (Windows NT 10.0; WOW64; Trident/7.0; rv:11.0) like Gecko"
193.194.132.30 - - [22/May/2019:09:56:18 +0200] "GET /reload?ser=1558511778369 HTTP/1.1" 200 28 "http://renault.2web.at/account?loadrequest=true" "Mozilla/5.0 (Windows NT 10.0; WOW64; Trident/7.0; Touch; rv:11.0) like Gecko"
212.152.246.135 - - [22/May/2019:09:57:00 +0200] "GET /reload?ser=1558511820511 HTTP/1.1" 200 28 "http://renault.activities.at/success" "Mozilla/5.0 (Windows NT 6.1; WOW64; Trident/7.0; rv:11.0) like Gecko"
213.153.47.173 - - [22/May/2019:09:57:01 +0200] "GET /reload?ser=1558511821220 HTTP/1.1" 200 28 "http://renault.activities.at/login?required=true" "Mozilla/5.0 (Windows NT 10.0; Win64; x64; rv:66.0) Gecko/20100101 Firefox/66.0"
80.123.225.36 - - [22/May/2019:09:57:19 +0200] "GET /reload?ser=1558511842936 HTTP/1.1" 200 28 "http://renault.activities.at/result?searchterm=true&search=motor" "Mozilla/5.0 (Windows NT 10.0; WOW64; Trident/7.0; rv:11.0) like Gecko"
193.194.132.30 - - [22/May/2019:09:57:19 +0200] "GET /reload?ser=1558511839424 HTTP/1.1" 200 28 "http://renault.2web.at/account?loadrequest=true" "Mozilla/5.0 (Windows NT 10.0; WOW64; Trident/7.0; Touch; rv:11.0) like Gecko"
212.152.246.135 - - [22/May/2019:09:58:01 +0200] "GET /reload?ser=1558511881469 HTTP/1.1" 200 28 "http://renault.activities.at/success" "Mozilla/5.0 (Windows NT 6.1; WOW64; Trident/7.0; rv:11.0) like Gecko"
213.153.47.173 - - [22/May/2019:09:58:01 +0200] "GET /reload?ser=1558511881870 HTTP/1.1" 200 28 "http://renault.activities.at/login?required=true" "Mozilla/5.0 (Windows NT 10.0; Win64; x64; rv:66.0) Gecko/20100101 Firefox/66.0"
80.123.225.36 - - [22/May/2019:09:58:20 +0200] "GET /reload?ser=1558511903936 HTTP/1.1" 200 28 "http://renault.activities.at/result?searchterm=true&search=motor" "Mozilla/5.0 (Windows NT 10.0; WOW64; Trident/7.0; rv:11.0) like Gecko"
193.194.132.30 - - [22/May/2019:09:58:20 +0200] "GET /reload?ser=1558511900475 HTTP/1.1" 200 28 "http://renault.2web.at/account?loadrequest=true" "Mozilla/5.0 (Windows NT 10.0; WOW64; Trident/7.0; Touch; rv:11.0) like Gecko"
213.153.47.173 - - [22/May/2019:09:59:02 +0200] "GET /reload?ser=1558511942541 HTTP/1.1" 200 28 "http://renault.activities.at/login?required=true" "Mozilla/5.0 (Windows NT 10.0; Win64; x64; rv:66.0) Gecko/20100101 Firefox/66.0"
212.152.246.135 - - [22/May/2019:09:59:02 +0200] "GET /reload?ser=1558511942547 HTTP/1.1" 200 28 "http://renault.activities.at/success" "Mozilla/5.0 (Windows NT 6.1; WOW64; Trident/7.0; rv:11.0) like Gecko"
80.123.225.36 - - [22/May/2019:09:59:21 +0200] "GET /reload?ser=1558511964926 HTTP/1.1" 200 28 "http://renault.activities.at/result?searchterm=true&search=motor" "Mozilla/5.0 (Windows NT 10.0; WOW64; Trident/7.0; rv:11.0) like Gecko"
193.194.132.30 - - [22/May/2019:09:59:21 +0200] "GET /reload?ser=1558511961545 HTTP/1.1" 200 28 "http://renault.2web.at/account?loadrequest=true" "Mozilla/5.0 (Windows NT 10.0; WOW64; Trident/7.0; Touch; rv:11.0) like Gecko"
213.153.47.173 - - [22/May/2019:10:00:03 +0200] "GET /reload?ser=1558512003220 HTTP/1.1" 200 28 "http://renault.activities.at/login?required=true" "Mozilla/5.0 (Windows NT 10.0; Win64; x64; rv:66.0) Gecko/20100101 Firefox/66.0"
212.152.246.135 - - [22/May/2019:10:00:03 +0200] "GET /reload?ser=1558512003574 HTTP/1.1" 200 28 "http://renault.activities.at/success" "Mozilla/5.0 (Windows NT 6.1; WOW64; Trident/7.0; rv:11.0) like Gecko"
80.123.225.36 - - [22/May/2019:10:00:22 +0200] "GET /reload?ser=1558512025935 HTTP/1.1" 200 28 "http://renault.activities.at/result?searchterm=true&search=motor" "Mozilla/5.0 (Windows NT 10.0; WOW64; Trident/7.0; rv:11.0) like Gecko"
193.194.132.30 - - [22/May/2019:10:00:22 +0200] "GET /reload?ser=1558512022613 HTTP/1.1" 200 28 "http://renault.2web.at/account?loadrequest=true" "Mozilla/5.0 (Windows NT 10.0; WOW64; Trident/7.0; Touch; rv:11.0) like Gecko"
213.153.47.173 - - [22/May/2019:10:01:03 +0200] "GET /reload?ser=1558512063919 HTTP/1.1" 200 28 "http://renault.activities.at/login?required=true" "Mozilla/5.0 (Windows NT 10.0; Win64; x64; rv:66.0) Gecko/20100101 Firefox/66.0"
212.152.246.135 - - [22/May/2019:10:01:04 +0200] "GET /reload?ser=1558512064707 HTTP/1.1" 200 28 "http://renault.activities.at/success" "Mozilla/5.0 (Windows NT 6.1; WOW64; Trident/7.0; rv:11.0) like Gecko"
80.123.225.36 - - [22/May/2019:10:01:23 +0200] "GET /reload?ser=1558512086934 HTTP/1.1" 200 28 "http://renault.activities.at/result?searchterm=true&search=motor" "Mozilla/5.0 (Windows NT 10.0; WOW64; Trident/7.0; rv:11.0) like Gecko"
193.194.132.30 - - [22/May/2019:10:01:23 +0200] "GET /reload?ser=1558512083707 HTTP/1.1" 200 28 "http://renault.2web.at/account?loadrequest=true" "Mozilla/5.0 (Windows NT 10.0; WOW64; Trident/7.0; Touch; rv:11.0) like Gecko"
213.153.47.173 - - [22/May/2019:10:02:04 +0200] "GET /reload?ser=1558512124585 HTTP/1.1" 200 28 "http://renault.activities.at/login?required=true" "Mozilla/5.0 (Windows NT 10.0; Win64; x64; rv:66.0) Gecko/20100101 Firefox/66.0"
212.152.246.135 - - [22/May/2019:10:02:05 +0200] "GET /reload?ser=1558512125694 HTTP/1.1" 200 28 "http://renault.activities.at/success" "Mozilla/5.0 (Windows NT 6.1; WOW64; Trident/7.0; rv:11.0) like Gecko"
80.123.225.36 - - [22/May/2019:10:02:24 +0200] "GET /reload?ser=1558512147952 HTTP/1.1" 200 28 "http://renault.activities.at/result?searchterm=true&search=motor" "Mozilla/5.0 (Windows NT 10.0; WOW64; Trident/7.0; rv:11.0) like Gecko"
193.194.132.30 - - [22/May/2019:10:02:24 +0200] "GET /reload?ser=1558512144800 HTTP/1.1" 200 28 "http://renault.2web.at/account?loadrequest=true" "Mozilla/5.0 (Windows NT 10.0; WOW64; Trident/7.0; Touch; rv:11.0) like Gecko"
213.153.47.173 - - [22/May/2019:10:03:05 +0200] "GET /reload?ser=1558512185239 HTTP/1.1" 200 28 "http://renault.activities.at/login?required=true" "Mozilla/5.0 (Windows NT 10.0; Win64; x64; rv:66.0) Gecko/20100101 Firefox/66.0"
212.152.246.135 - - [22/May/2019:10:03:06 +0200] "GET /reload?ser=1558512186654 HTTP/1.1" 200 28 "http://renault.activities.at/success" "Mozilla/5.0 (Windows NT 6.1; WOW64; Trident/7.0; rv:11.0) like Gecko"
80.123.225.36 - - [22/May/2019:10:03:25 +0200] "GET /reload?ser=1558512208963 HTTP/1.1" 200 28 "http://renault.activities.at/result?searchterm=true&search=motor" "Mozilla/5.0 (Windows NT 10.0; WOW64; Trident/7.0; rv:11.0) like Gecko"
193.194.132.30 - - [22/May/2019:10:03:25 +0200] "GET /reload?ser=1558512205826 HTTP/1.1" 200 28 "http://renault.2web.at/account?loadrequest=true" "Mozilla/5.0 (Windows NT 10.0; WOW64; Trident/7.0; Touch; rv:11.0) like Gecko"
213.153.47.173 - - [22/May/2019:10:04:05 +0200] "GET /reload?ser=1558512245899 HTTP/1.1" 200 28 "http://renault.activities.at/login?required=true" "Mozilla/5.0 (Windows NT 10.0; Win64; x64; rv:66.0) Gecko/20100101 Firefox/66.0"
212.152.246.135 - - [22/May/2019:10:04:07 +0200] "GET /reload?ser=1558512247643 HTTP/1.1" 200 28 "http://renault.activities.at/success" "Mozilla/5.0 (Windows NT 6.1; WOW64; Trident/7.0; rv:11.0) like Gecko"
80.123.225.36 - - [22/May/2019:10:04:26 +0200] "GET /reload?ser=1558512269948 HTTP/1.1" 200 28 "http://renault.activities.at/result?searchterm=true&search=motor" "Mozilla/5.0 (Windows NT 10.0; WOW64; Trident/7.0; rv:11.0) like Gecko"
193.194.132.30 - - [22/May/2019:10:04:26 +0200] "GET /reload?ser=1558512266871 HTTP/1.1" 200 28 "http://renault.2web.at/account?loadrequest=true" "Mozilla/5.0 (Windows NT 10.0; WOW64; Trident/7.0; Touch; rv:11.0) like Gecko"
213.153.47.173 - - [22/May/2019:10:05:06 +0200] "GET /reload?ser=1558512306561 HTTP/1.1" 200 28 "http://renault.activities.at/login?required=true" "Mozilla/5.0 (Windows NT 10.0; Win64; x64; rv:66.0) Gecko/20100101 Firefox/66.0"
212.152.246.135 - - [22/May/2019:10:05:08 +0200] "GET /reload?ser=1558512308649 HTTP/1.1" 200 28 "http://renault.activities.at/success" "Mozilla/5.0 (Windows NT 6.1; WOW64; Trident/7.0; rv:11.0) like Gecko"
80.123.225.36 - - [22/May/2019:10:05:27 +0200] "GET /reload?ser=1558512330949 HTTP/1.1" 200 28 "http://renault.activities.at/result?searchterm=true&search=motor" "Mozilla/5.0 (Windows NT 10.0; WOW64; Trident/7.0; rv:11.0) like Gecko"
193.194.132.30 - - [22/May/2019:10:05:27 +0200] "GET /reload?ser=1558512327899 HTTP/1.1" 200 28 "http://renault.2web.at/account?loadrequest=true" "Mozilla/5.0 (Windows NT 10.0; WOW64; Trident/7.0; Touch; rv:11.0) like Gecko"
213.153.47.173 - - [22/May/2019:10:06:07 +0200] "GET /reload?ser=1558512367251 HTTP/1.1" 200 28 "http://renault.activities.at/login?required=true" "Mozilla/5.0 (Windows NT 10.0; Win64; x64; rv:66.0) Gecko/20100101 Firefox/66.0"
