91.133.70.9 - - [18/Jun/2019:08:57:56 +0200] "GET /images/main_block_border.gif HTTP/1.1" 200 43 "http://renault.activities.at/" "Mozilla/5.0 (Windows NT 10.0; WOW64; Trident/7.0; rv:11.0) like Gecko"
91.133.70.9 - - [18/Jun/2019:08:57:56 +0200] "GET /images/main_block_corner_left_bot.gif HTTP/1.1" 200 159 "http://renault.activities.at/" "Mozilla/5.0 (Windows NT 10.0; WOW64; Trident/7.0; rv:11.0) like Gecko"
91.133.70.9 - - [18/Jun/2019:08:57:56 +0200] "GET /images/main_block_corner_right_bot.gif HTTP/1.1" 200 158 "http://renault.activities.at/" "Mozilla/5.0 (Windows NT 10.0; WOW64; Trident/7.0; rv:11.0) like Gecko"
91.133.70.9 - - [18/Jun/2019:08:57:56 +0200] "GET /images/header_block_border.gif HTTP/1.1" 200 43 "http://renault.activities.at/" "Mozilla/5.0 (Windows NT 10.0; WOW64; Trident/7.0; rv:11.0) like Gecko"
91.133.70.9 - - [18/Jun/2019:08:57:56 +0200] "GET /images/header_block_corner_left_top.gif HTTP/1.1" 200 160 "http://renault.activities.at/" "Mozilla/5.0 (Windows NT 10.0; WOW64; Trident/7.0; rv:11.0) like Gecko"
91.133.70.9 - - [18/Jun/2019:08:57:56 +0200] "GET /images/header_block_corner_right_top.gif HTTP/1.1" 200 160 "http://renault.activities.at/" "Mozilla/5.0 (Windows NT 10.0; WOW64; Trident/7.0; rv:11.0) like Gecko"
91.133.70.9 - - [18/Jun/2019:08:57:56 +0200] "GET /images/main_block_corner_left_top.gif HTTP/1.1" 200 159 "http://renault.activities.at/" "Mozilla/5.0 (Windows NT 10.0; WOW64; Trident/7.0; rv:11.0) like Gecko"
91.133.70.9 - - [18/Jun/2019:08:57:56 +0200] "GET /images/title_corner_left_top.jpg HTTP/1.1" 200 372 "http://renault.activities.at/" "Mozilla/5.0 (Windows NT 10.0; WOW64; Trident/7.0; rv:11.0) like Gecko"
91.133.70.9 - - [18/Jun/2019:08:57:56 +0200] "GET /images/title_border_top.jpg HTTP/1.1" 200 336 "http://renault.activities.at/" "Mozilla/5.0 (Windows NT 10.0; WOW64; Trident/7.0; rv:11.0) like Gecko"
91.133.70.9 - - [18/Jun/2019:08:57:56 +0200] "GET /images/title_border.jpg HTTP/1.1" 200 304 "http://renault.activities.at/" "Mozilla/5.0 (Windows NT 10.0; WOW64; Trident/7.0; rv:11.0) like Gecko"
91.133.70.9 - - [18/Jun/2019:08:57:56 +0200] "GET /images/main_block_corner_right_top.gif HTTP/1.1" 200 159 "http://renault.activities.at/" "Mozilla/5.0 (Windows NT 10.0; WOW64; Trident/7.0; rv:11.0) like Gecko"
91.133.70.9 - - [18/Jun/2019:08:57:56 +0200] "GET /images/title_corner_right_top.jpg HTTP/1.1" 200 389 "http://renault.activities.at/" "Mozilla/5.0 (Windows NT 10.0; WOW64; Trident/7.0; rv:11.0) like Gecko"
91.133.70.9 - - [18/Jun/2019:08:57:56 +0200] "GET /loadthumbnail.php?id=11127982 HTTP/1.1" 200 399614 "http://renault.activities.at/" "Mozilla/5.0 (Windows NT 10.0; WOW64; Trident/7.0; rv:11.0) like Gecko"
91.133.70.9 - - [18/Jun/2019:08:57:57 +0200] "GET /login HTTP/1.1" 200 2086 "http://renault.activities.at/" "Mozilla/5.0 (Windows NT 10.0; WOW64; Trident/7.0; rv:11.0) like Gecko"
91.133.70.9 - - [18/Jun/2019:08:57:58 +0200] "GET /images/button_left_bg.gif HTTP/1.1" 200 564 "http://renault.activities.at/login" "Mozilla/5.0 (Windows NT 10.0; WOW64; Trident/7.0; rv:11.0) like Gecko"
91.133.70.9 - - [18/Jun/2019:08:57:58 +0200] "GET /images/button_right_bg.gif HTTP/1.1" 200 561 "http://renault.activities.at/login" "Mozilla/5.0 (Windows NT 10.0; WOW64; Trident/7.0; rv:11.0) like Gecko"
91.133.70.9 - - [18/Jun/2019:08:57:58 +0200] "GET /images/button_bg.gif HTTP/1.1" 200 151 "http://renault.activities.at/login" "Mozilla/5.0 (Windows NT 10.0; WOW64; Trident/7.0; rv:11.0) like Gecko"
91.133.70.9 - - [18/Jun/2019:08:58:06 +0200] "POST /login HTTP/1.1" 302 140 "http://renault.activities.at/login" "Mozilla/5.0 (Windows NT 10.0; WOW64; Trident/7.0; rv:11.0) like Gecko"
80.123.225.36 - - [18/Jun/2019:08:58:08 +0200] "GET /reload?ser=1560841088808 HTTP/1.1" 200 28 "http://renault.activities.at/success" "Mozilla/5.0 (Windows NT 6.1; WOW64; Trident/7.0; rv:11.0) like Gecko"
91.133.70.9 - - [18/Jun/2019:08:58:08 +0200] "GET /account HTTP/1.1" 200 6060 "http://renault.activities.at/login" "Mozilla/5.0 (Windows NT 10.0; WOW64; Trident/7.0; rv:11.0) like Gecko"
91.133.70.9 - - [18/Jun/2019:08:58:09 +0200] "POST /login HTTP/1.1" 302 140 "http://renault.activities.at/login" "Mozilla/5.0 (Windows NT 10.0; WOW64; Trident/7.0; rv:11.0) like Gecko"
91.133.70.9 - - [18/Jun/2019:08:58:13 +0200] "GET /account HTTP/1.1" 200 6060 "http://renault.activities.at/login" "Mozilla/5.0 (Windows NT 10.0; WOW64; Trident/7.0; rv:11.0) like Gecko"
91.133.70.9 - - [18/Jun/2019:08:58:15 +0200] "GET /js/account.js HTTP/1.1" 200 953 "http://renault.activities.at/account" "Mozilla/5.0 (Windows NT 10.0; WOW64; Trident/7.0; rv:11.0) like Gecko"
91.133.70.9 - - [18/Jun/2019:08:58:15 +0200] "GET /images/search_bg.gif HTTP/1.1" 200 1726 "http://renault.activities.at/account" "Mozilla/5.0 (Windows NT 10.0; WOW64; Trident/7.0; rv:11.0) like Gecko"
91.133.70.9 - - [18/Jun/2019:08:58:15 +0200] "GET /images/menu_button_bg.jpg HTTP/1.1" 200 322 "http://renault.activities.at/account" "Mozilla/5.0 (Windows NT 10.0; WOW64; Trident/7.0; rv:11.0) like Gecko"
91.133.70.9 - - [18/Jun/2019:08:58:15 +0200] "GET /images/top_links_divider.gif HTTP/1.1" 200 44 "http://renault.activities.at/account" "Mozilla/5.0 (Windows NT 10.0; WOW64; Trident/7.0; rv:11.0) like Gecko"
91.133.70.9 - - [18/Jun/2019:08:58:15 +0200] "GET /images/nav_divider.gif HTTP/1.1" 200 43 "http://renault.activities.at/account" "Mozilla/5.0 (Windows NT 10.0; WOW64; Trident/7.0; rv:11.0) like Gecko"
91.133.70.9 - - [18/Jun/2019:08:58:15 +0200] "GET /images/sidebar_title_border.gif HTTP/1.1" 200 43 "http://renault.activities.at/account" "Mozilla/5.0 (Windows NT 10.0; WOW64; Trident/7.0; rv:11.0) like Gecko"
91.133.70.9 - - [18/Jun/2019:08:58:15 +0200] "GET /images/menu_divider.gif HTTP/1.1" 200 176 "http://renault.activities.at/account" "Mozilla/5.0 (Windows NT 10.0; WOW64; Trident/7.0; rv:11.0) like Gecko"
91.133.70.9 - - [18/Jun/2019:08:58:15 +0200] "GET /images/sidebar_title_border_top.gif HTTP/1.1" 200 155 "http://renault.activities.at/account" "Mozilla/5.0 (Windows NT 10.0; WOW64; Trident/7.0; rv:11.0) like Gecko"
91.133.70.9 - - [18/Jun/2019:08:58:15 +0200] "GET /loadthumbnail.php?id=11895725&width=50&height=50 HTTP/1.1" 200 1180 "http://renault.activities.at/account" "Mozilla/5.0 (Windows NT 10.0; WOW64; Trident/7.0; rv:11.0) like Gecko"
91.133.70.9 - - [18/Jun/2019:08:58:15 +0200] "GET /loadthumbnail.php?id=11798476&width=50&height=50 HTTP/1.1" 200 1098 "http://renault.activities.at/account" "Mozilla/5.0 (Windows NT 10.0; WOW64; Trident/7.0; rv:11.0) like Gecko"
91.133.70.9 - - [18/Jun/2019:08:58:15 +0200] "GET /loadthumbnail.php?id=12022094&width=50&height=50 HTTP/1.1" 200 1289 "http://renault.activities.at/account" "Mozilla/5.0 (Windows NT 10.0; WOW64; Trident/7.0; rv:11.0) like Gecko"
91.133.70.9 - - [18/Jun/2019:08:58:15 +0200] "GET /images/sidebar_title_corner_left_top.gif HTTP/1.1" 200 1124 "http://renault.activities.at/account" "Mozilla/5.0 (Windows NT 10.0; WOW64; Trident/7.0; rv:11.0) like Gecko"
91.133.70.9 - - [18/Jun/2019:08:58:16 +0200] "GET /images/footer_divider.gif HTTP/1.1" 200 44 "http://renault.activities.at/account" "Mozilla/5.0 (Windows NT 10.0; WOW64; Trident/7.0; rv:11.0) like Gecko"
91.133.70.9 - - [18/Jun/2019:08:58:16 +0200] "GET /images/sidebar_title_corner_right_top.gif HTTP/1.1" 200 383 "http://renault.activities.at/account" "Mozilla/5.0 (Windows NT 10.0; WOW64; Trident/7.0; rv:11.0) like Gecko"
138.21.12.23 - - [18/Jun/2019:08:58:51 +0200] "GET /reload?ser=1560841131618 HTTP/1.1" 200 28 "http://renault.2web.at/account?loadrequest=true" "Mozilla/5.0 (Windows NT 10.0; WOW64; Trident/7.0; Touch; rv:11.0) like Gecko"
217.76.161.118 - - [18/Jun/2019:08:58:54 +0200] "GET /reload?ser=1560841130326 HTTP/1.1" 200 28 "http://renault.activities.at/10260003" "Mozilla/5.0 (Windows NT 6.1; WOW64; Trident/7.0; rv:11.0) like Gecko"
91.133.70.9 - - [18/Jun/2019:08:59:00 +0200] "GET /result?searchterm=true&search=Termin HTTP/1.1" 200 5991 "http://renault.activities.at/account" "Mozilla/5.0 (Windows NT 10.0; WOW64; Trident/7.0; rv:11.0) like Gecko"
91.133.70.9 - - [18/Jun/2019:08:59:00 +0200] "POST /axjaxrequest?mode=suggest HTTP/1.1" 200 112 "http://renault.activities.at/account" "Mozilla/5.0 (Windows NT 10.0; WOW64; Trident/7.0; rv:11.0) like Gecko"
91.133.70.9 - - [18/Jun/2019:08:59:02 +0200] "GET /result?searchterm=true&search=Termin HTTP/1.1" 200 5991 "http://renault.activities.at/account" "Mozilla/5.0 (Windows NT 10.0; WOW64; Trident/7.0; rv:11.0) like Gecko"
91.133.70.9 - - [18/Jun/2019:08:59:04 +0200] "GET /js/prototip.js HTTP/1.1" 200 4588 "http://renault.activities.at/result?searchterm=true&search=Termin" "Mozilla/5.0 (Windows NT 10.0; WOW64; Trident/7.0; rv:11.0) like Gecko"
91.133.70.9 - - [18/Jun/2019:08:59:04 +0200] "GET /images/loading.gif HTTP/1.1" 200 3208 "http://renault.activities.at/result?searchterm=true&search=Termin" "Mozilla/5.0 (Windows NT 10.0; WOW64; Trident/7.0; rv:11.0) like Gecko"
91.133.70.9 - - [18/Jun/2019:08:59:04 +0200] "GET /js/ProduktGrp.js HTTP/1.1" 200 1569 "http://renault.activities.at/result?searchterm=true&search=Termin" "Mozilla/5.0 (Windows NT 10.0; WOW64; Trident/7.0; rv:11.0) like Gecko"
91.133.70.9 - - [18/Jun/2019:08:59:04 +0200] "GET /images/pager_bg.gif HTTP/1.1" 200 150 "http://renault.activities.at/result?searchterm=true&search=Termin" "Mozilla/5.0 (Windows NT 10.0; WOW64; Trident/7.0; rv:11.0) like Gecko"
91.133.70.9 - - [18/Jun/2019:08:59:04 +0200] "GET /images/vista-up.gif HTTP/1.1" 200 131 "http://renault.activities.at/result?searchterm=true&search=Termin" "Mozilla/5.0 (Windows NT 10.0; WOW64; Trident/7.0; rv:11.0) like Gecko"
91.133.70.9 - - [18/Jun/2019:08:59:04 +0200] "GET /images/validation_advice_bg.gif HTTP/1.1" 200 134 "http://renault.activities.at/result?searchterm=true&search=Termin" "Mozilla/5.0 (Windows NT 10.0; WOW64; Trident/7.0; rv:11.0) like Gecko"
91.133.70.9 - - [18/Jun/2019:08:59:04 +0200] "GET /images/vista-dn.gif HTTP/1.1" 200 128 "http://renault.activities.at/result?searchterm=true&search=Termin" "Mozilla/5.0 (Windows NT 10.0; WOW64; Trident/7.0; rv:11.0) like Gecko"
91.133.70.9 - - [18/Jun/2019:08:59:04 +0200] "GET /loadthumbnail.php?id=10203255 HTTP/1.1" 200 137 "http://renault.activities.at/result?searchterm=true&search=Termin" "Mozilla/5.0 (Windows NT 10.0; WOW64; Trident/7.0; rv:11.0) like Gecko"
91.133.70.9 - - [18/Jun/2019:08:59:04 +0200] "GET /loadthumbnail.php?id=10260226&width=113 HTTP/1.1" 200 2395 "http://renault.activities.at/result?searchterm=true&search=Termin" "Mozilla/5.0 (Windows NT 10.0; WOW64; Trident/7.0; rv:11.0) like Gecko"
80.123.225.36 - - [18/Jun/2019:08:59:09 +0200] "GET /reload?ser=1560841149757 HTTP/1.1" 200 28 "http://renault.activities.at/success" "Mozilla/5.0 (Windows NT 6.1; WOW64; Trident/7.0; rv:11.0) like Gecko"
138.21.12.23 - - [18/Jun/2019:08:59:52 +0200] "GET /reload?ser=1560841192896 HTTP/1.1" 200 28 "http://renault.2web.at/account?loadrequest=true" "Mozilla/5.0 (Windows NT 10.0; WOW64; Trident/7.0; Touch; rv:11.0) like Gecko"
217.76.161.118 - - [18/Jun/2019:08:59:55 +0200] "GET /reload?ser=1560841191404 HTTP/1.1" 200 28 "http://renault.activities.at/10260003" "Mozilla/5.0 (Windows NT 6.1; WOW64; Trident/7.0; rv:11.0) like Gecko"
80.123.225.36 - - [18/Jun/2019:09:00:10 +0200] "GET /reload?ser=1560841210738 HTTP/1.1" 200 28 "http://renault.activities.at/success" "Mozilla/5.0 (Windows NT 6.1; WOW64; Trident/7.0; rv:11.0) like Gecko"
138.21.12.23 - - [18/Jun/2019:09:00:54 +0200] "GET /reload?ser=1560841253985 HTTP/1.1" 200 28 "http://renault.2web.at/account?loadrequest=true" "Mozilla/5.0 (Windows NT 10.0; WOW64; Trident/7.0; Touch; rv:11.0) like Gecko"
217.76.161.118 - - [18/Jun/2019:09:00:56 +0200] "GET /reload?ser=1560841252446 HTTP/1.1" 200 28 "http://renault.activities.at/10260003" "Mozilla/5.0 (Windows NT 6.1; WOW64; Trident/7.0; rv:11.0) like Gecko"
80.123.225.36 - - [18/Jun/2019:09:01:11 +0200] "GET /reload?ser=1560841271686 HTTP/1.1" 200 28 "http://renault.activities.at/success" "Mozilla/5.0 (Windows NT 6.1; WOW64; Trident/7.0; rv:11.0) like Gecko"
138.21.12.23 - - [18/Jun/2019:09:01:55 +0200] "GET /reload?ser=1560841315070 HTTP/1.1" 200 28 "http://renault.2web.at/account?loadrequest=true" "Mozilla/5.0 (Windows NT 10.0; WOW64; Trident/7.0; Touch; rv:11.0) like Gecko"
217.76.161.118 - - [18/Jun/2019:09:01:57 +0200] "GET /reload?ser=1560841313490 HTTP/1.1" 200 28 "http://renault.activities.at/10260003" "Mozilla/5.0 (Windows NT 6.1; WOW64; Trident/7.0; rv:11.0) like Gecko"
80.123.225.36 - - [18/Jun/2019:09:02:12 +0200] "GET /reload?ser=1560841332635 HTTP/1.1" 200 28 "http://renault.activities.at/success" "Mozilla/5.0 (Windows NT 6.1; WOW64; Trident/7.0; rv:11.0) like Gecko"
138.21.12.23 - - [18/Jun/2019:09:02:56 +0200] "GET /reload?ser=1560841376080 HTTP/1.1" 200 28 "http://renault.2web.at/account?loadrequest=true" "Mozilla/5.0 (Windows NT 10.0; WOW64; Trident/7.0; Touch; rv:11.0) like Gecko"
217.76.161.118 - - [18/Jun/2019:09:02:58 +0200] "GET /reload?ser=1560841374503 HTTP/1.1" 200 28 "http://renault.activities.at/10260003" "Mozilla/5.0 (Windows NT 6.1; WOW64; Trident/7.0; rv:11.0) like Gecko"
80.123.225.36 - - [18/Jun/2019:09:03:13 +0200] "GET /reload?ser=1560841393631 HTTP/1.1" 200 28 "http://renault.activities.at/success" "Mozilla/5.0 (Windows NT 6.1; WOW64; Trident/7.0; rv:11.0) like Gecko"
138.21.12.23 - - [18/Jun/2019:09:03:57 +0200] "GET /reload?ser=1560841437115 HTTP/1.1" 200 28 "http://renault.2web.at/account?loadrequest=true" "Mozilla/5.0 (Windows NT 10.0; WOW64; Trident/7.0; Touch; rv:11.0) like Gecko"
217.76.161.118 - - [18/Jun/2019:09:03:59 +0200] "GET /reload?ser=1560841435600 HTTP/1.1" 200 28 "http://renault.activities.at/10260003" "Mozilla/5.0 (Windows NT 6.1; WOW64; Trident/7.0; rv:11.0) like Gecko"
80.123.225.36 - - [18/Jun/2019:09:04:14 +0200] "GET /reload?ser=1560841454612 HTTP/1.1" 200 28 "http://renault.activities.at/success" "Mozilla/5.0 (Windows NT 6.1; WOW64; Trident/7.0; rv:11.0) like Gecko"
138.21.12.23 - - [18/Jun/2019:09:04:58 +0200] "GET /reload?ser=1560841498186 HTTP/1.1" 200 28 "http://renault.2web.at/account?loadrequest=true" "Mozilla/5.0 (Windows NT 10.0; WOW64; Trident/7.0; Touch; rv:11.0) like Gecko"
217.76.161.118 - - [18/Jun/2019:09:05:00 +0200] "GET /reload?ser=1560841496648 HTTP/1.1" 200 28 "http://renault.activities.at/10260003" "Mozilla/5.0 (Windows NT 6.1; WOW64; Trident/7.0; rv:11.0) like Gecko"
80.123.225.36 - - [18/Jun/2019:09:05:15 +0200] "GET /reload?ser=1560841515638 HTTP/1.1" 200 28 "http://renault.activities.at/success" "Mozilla/5.0 (Windows NT 6.1; WOW64; Trident/7.0; rv:11.0) like Gecko"
213.153.47.173 - - [18/Jun/2019:09:05:31 +0200] "GET /layout.php HTTP/1.1" 200 1559 "-" "Mozilla/5.0 (Windows NT 10.0; Win64; x64) AppleWebKit/537.36 (KHTML, like Gecko) Chrome/73.0.3683.103 Safari/537.36 OPR/60.0.3255.151"
213.153.47.173 - - [18/Jun/2019:09:05:32 +0200] "GET /images/favicon.ico HTTP/1.1" 404 305 "-" "Mozilla/5.0 (Windows NT 10.0; Win64; x64) AppleWebKit/537.36 (KHTML, like Gecko) Chrome/73.0.3683.103 Safari/537.36 OPR/60.0.3255.151"
138.21.12.23 - - [18/Jun/2019:09:05:59 +0200] "GET /reload?ser=1560841559254 HTTP/1.1" 200 28 "http://renault.2web.at/account?loadrequest=true" "Mozilla/5.0 (Windows NT 10.0; WOW64; Trident/7.0; Touch; rv:11.0) like Gecko"
217.76.161.118 - - [18/Jun/2019:09:06:01 +0200] "GET /reload?ser=1560841557686 HTTP/1.1" 200 28 "http://renault.activities.at/10260003" "Mozilla/5.0 (Windows NT 6.1; WOW64; Trident/7.0; rv:11.0) like Gecko"
80.123.225.36 - - [18/Jun/2019:09:06:16 +0200] "GET /reload?ser=1560841576649 HTTP/1.1" 200 28 "http://renault.activities.at/success" "Mozilla/5.0 (Windows NT 6.1; WOW64; Trident/7.0; rv:11.0) like Gecko"
138.21.12.23 - - [18/Jun/2019:09:07:00 +0200] "GET /reload?ser=1560841620314 HTTP/1.1" 200 28 "http://renault.2web.at/account?loadrequest=true" "Mozilla/5.0 (Windows NT 10.0; WOW64; Trident/7.0; Touch; rv:11.0) like Gecko"
217.76.161.118 - - [18/Jun/2019:09:07:02 +0200] "GET /reload?ser=1560841618702 HTTP/1.1" 200 28 "http://renault.activities.at/10260003" "Mozilla/5.0 (Windows NT 6.1; WOW64; Trident/7.0; rv:11.0) like Gecko"
80.123.225.36 - - [18/Jun/2019:09:07:17 +0200] "GET /reload?ser=1560841637662 HTTP/1.1" 200 28 "http://renault.activities.at/success" "Mozilla/5.0 (Windows NT 6.1; WOW64; Trident/7.0; rv:11.0) like Gecko"
138.21.12.23 - - [18/Jun/2019:09:08:01 +0200] "GET /reload?ser=1560841681351 HTTP/1.1" 200 28 "http://renault.2web.at/account?loadrequest=true" "Mozilla/5.0 (Windows NT 10.0; WOW64; Trident/7.0; Touch; rv:11.0) like Gecko"
217.76.161.118 - - [18/Jun/2019:09:08:03 +0200] "GET /reload?ser=1560841679748 HTTP/1.1" 200 28 "http://renault.activities.at/10260003" "Mozilla/5.0 (Windows NT 6.1; WOW64; Trident/7.0; rv:11.0) like Gecko"
80.123.225.36 - - [18/Jun/2019:09:08:21 +0200] "GET /reload?ser=1560841698657 HTTP/1.1" 200 28 "http://renault.activities.at/success" "Mozilla/5.0 (Windows NT 6.1; WOW64; Trident/7.0; rv:11.0) like Gecko"
138.21.12.23 - - [18/Jun/2019:09:09:02 +0200] "GET /reload?ser=1560841742427 HTTP/1.1" 200 28 "http://renault.2web.at/account?loadrequest=true" "Mozilla/5.0 (Windows NT 10.0; WOW64; Trident/7.0; Touch; rv:11.0) like Gecko"
217.76.161.118 - - [18/Jun/2019:09:09:04 +0200] "GET /reload?ser=1560841740818 HTTP/1.1" 200 28 "http://renault.activities.at/10260003" "Mozilla/5.0 (Windows NT 6.1; WOW64; Trident/7.0; rv:11.0) like Gecko"
80.123.225.36 - - [18/Jun/2019:09:09:22 +0200] "GET /reload?ser=1560841762679 HTTP/1.1" 200 28 "http://renault.activities.at/success" "Mozilla/5.0 (Windows NT 6.1; WOW64; Trident/7.0; rv:11.0) like Gecko"
138.21.12.23 - - [18/Jun/2019:09:10:03 +0200] "GET /reload?ser=1560841803445 HTTP/1.1" 200 28 "http://renault.2web.at/account?loadrequest=true" "Mozilla/5.0 (Windows NT 10.0; WOW64; Trident/7.0; Touch; rv:11.0) like Gecko"
217.76.161.118 - - [18/Jun/2019:09:10:05 +0200] "GET /reload?ser=1560841801915 HTTP/1.1" 200 28 "http://renault.activities.at/10260003" "Mozilla/5.0 (Windows NT 6.1; WOW64; Trident/7.0; rv:11.0) like Gecko"
80.123.225.36 - - [18/Jun/2019:09:10:23 +0200] "GET /reload?ser=1560841823690 HTTP/1.1" 200 28 "http://renault.activities.at/success" "Mozilla/5.0 (Windows NT 6.1; WOW64; Trident/7.0; rv:11.0) like Gecko"
138.21.12.23 - - [18/Jun/2019:09:11:04 +0200] "GET /reload?ser=1560841864500 HTTP/1.1" 200 28 "http://renault.2web.at/account?loadrequest=true" "Mozilla/5.0 (Windows NT 10.0; WOW64; Trident/7.0; Touch; rv:11.0) like Gecko"
217.76.161.118 - - [18/Jun/2019:09:11:06 +0200] "GET /reload?ser=1560841863008 HTTP/1.1" 200 28 "http://renault.activities.at/10260003" "Mozilla/5.0 (Windows NT 6.1; WOW64; Trident/7.0; rv:11.0) like Gecko"
80.123.225.36 - - [18/Jun/2019:09:11:24 +0200] "GET /reload?ser=1560841884716 HTTP/1.1" 200 28 "http://renault.activities.at/success" "Mozilla/5.0 (Windows NT 6.1; WOW64; Trident/7.0; rv:11.0) like Gecko"
138.21.12.23 - - [18/Jun/2019:09:12:05 +0200] "GET /reload?ser=1560841925530 HTTP/1.1" 200 28 "http://renault.2web.at/account?loadrequest=true" "Mozilla/5.0 (Windows NT 10.0; WOW64; Trident/7.0; Touch; rv:11.0) like Gecko"
217.76.161.118 - - [18/Jun/2019:09:12:07 +0200] "GET /reload?ser=1560841924041 HTTP/1.1" 200 28 "http://renault.activities.at/10260003" "Mozilla/5.0 (Windows NT 6.1; WOW64; Trident/7.0; rv:11.0) like Gecko"
80.123.225.36 - - [18/Jun/2019:09:12:25 +0200] "GET /reload?ser=1560841945698 HTTP/1.1" 200 28 "http://renault.activities.at/success" "Mozilla/5.0 (Windows NT 6.1; WOW64; Trident/7.0; rv:11.0) like Gecko"
138.21.12.23 - - [18/Jun/2019:09:13:06 +0200] "GET /reload?ser=1560841986561 HTTP/1.1" 200 28 "http://renault.2web.at/account?loadrequest=true" "Mozilla/5.0 (Windows NT 10.0; WOW64; Trident/7.0; Touch; rv:11.0) like Gecko"
217.76.161.118 - - [18/Jun/2019:09:13:09 +0200] "GET /reload?ser=1560841985113 HTTP/1.1" 200 28 "http://renault.activities.at/10260003" "Mozilla/5.0 (Windows NT 6.1; WOW64; Trident/7.0; rv:11.0) like Gecko"
80.123.225.36 - - [18/Jun/2019:09:13:26 +0200] "GET /reload?ser=1560842006708 HTTP/1.1" 200 28 "http://renault.activities.at/success" "Mozilla/5.0 (Windows NT 6.1; WOW64; Trident/7.0; rv:11.0) like Gecko"
138.21.12.23 - - [18/Jun/2019:09:14:07 +0200] "GET /reload?ser=1560842047601 HTTP/1.1" 200 28 "http://renault.2web.at/account?loadrequest=true" "Mozilla/5.0 (Windows NT 10.0; WOW64; Trident/7.0; Touch; rv:11.0) like Gecko"
217.76.161.118 - - [18/Jun/2019:09:14:10 +0200] "GET /reload?ser=1560842046224 HTTP/1.1" 200 28 "http://renault.activities.at/10260003" "Mozilla/5.0 (Windows NT 6.1; WOW64; Trident/7.0; rv:11.0) like Gecko"
80.123.225.36 - - [18/Jun/2019:09:14:27 +0200] "GET /reload?ser=1560842067721 HTTP/1.1" 200 28 "http://renault.activities.at/success" "Mozilla/5.0 (Windows NT 6.1; WOW64; Trident/7.0; rv:11.0) like Gecko"
138.21.12.23 - - [18/Jun/2019:09:15:08 +0200] "GET /reload?ser=1560842108682 HTTP/1.1" 200 28 "http://renault.2web.at/account?loadrequest=true" "Mozilla/5.0 (Windows NT 10.0; WOW64; Trident/7.0; Touch; rv:11.0) like Gecko"
217.76.161.118 - - [18/Jun/2019:09:15:11 +0200] "GET /reload?ser=1560842107294 HTTP/1.1" 200 28 "http://renault.activities.at/10260003" "Mozilla/5.0 (Windows NT 6.1; WOW64; Trident/7.0; rv:11.0) like Gecko"
80.123.225.36 - - [18/Jun/2019:09:15:28 +0200] "GET /reload?ser=1560842128685 HTTP/1.1" 200 28 "http://renault.activities.at/success" "Mozilla/5.0 (Windows NT 6.1; WOW64; Trident/7.0; rv:11.0) like Gecko"
138.21.12.23 - - [18/Jun/2019:09:16:09 +0200] "GET /reload?ser=1560842169727 HTTP/1.1" 200 28 "http://renault.2web.at/account?loadrequest=true" "Mozilla/5.0 (Windows NT 10.0; WOW64; Trident/7.0; Touch; rv:11.0) like Gecko"
217.76.161.118 - - [18/Jun/2019:09:16:12 +0200] "GET /reload?ser=1560842168350 HTTP/1.1" 200 28 "http://renault.activities.at/10260003" "Mozilla/5.0 (Windows NT 6.1; WOW64; Trident/7.0; rv:11.0) like Gecko"
80.123.225.36 - - [18/Jun/2019:09:16:29 +0200] "GET /reload?ser=1560842189664 HTTP/1.1" 200 28 "http://renault.activities.at/success" "Mozilla/5.0 (Windows NT 6.1; WOW64; Trident/7.0; rv:11.0) like Gecko"
138.21.12.23 - - [18/Jun/2019:09:17:10 +0200] "GET /reload?ser=1560842230774 HTTP/1.1" 200 28 "http://renault.2web.at/account?loadrequest=true" "Mozilla/5.0 (Windows NT 10.0; WOW64; Trident/7.0; Touch; rv:11.0) like Gecko"
217.76.161.118 - - [18/Jun/2019:09:17:13 +0200] "GET /reload?ser=1560842229428 HTTP/1.1" 200 28 "http://renault.activities.at/10260003" "Mozilla/5.0 (Windows NT 6.1; WOW64; Trident/7.0; rv:11.0) like Gecko"
80.123.225.36 - - [18/Jun/2019:09:17:30 +0200] "GET /reload?ser=1560842250661 HTTP/1.1" 200 28 "http://renault.activities.at/success" "Mozilla/5.0 (Windows NT 6.1; WOW64; Trident/7.0; rv:11.0) like Gecko"
138.21.12.23 - - [18/Jun/2019:09:18:11 +0200] "GET /reload?ser=1560842291863 HTTP/1.1" 200 28 "http://renault.2web.at/account?loadrequest=true" "Mozilla/5.0 (Windows NT 10.0; WOW64; Trident/7.0; Touch; rv:11.0) like Gecko"
217.76.161.118 - - [18/Jun/2019:09:18:14 +0200] "GET /reload?ser=1560842290504 HTTP/1.1" 200 28 "http://renault.activities.at/10260003" "Mozilla/5.0 (Windows NT 6.1; WOW64; Trident/7.0; rv:11.0) like Gecko"
80.123.225.36 - - [18/Jun/2019:09:18:31 +0200] "GET /reload?ser=1560842311656 HTTP/1.1" 200 28 "http://renault.activities.at/success" "Mozilla/5.0 (Windows NT 6.1; WOW64; Trident/7.0; rv:11.0) like Gecko"
138.21.12.23 - - [18/Jun/2019:09:19:13 +0200] "GET /reload?ser=1560842352902 HTTP/1.1" 200 28 "http://renault.2web.at/account?loadrequest=true" "Mozilla/5.0 (Windows NT 10.0; WOW64; Trident/7.0; Touch; rv:11.0) like Gecko"
217.76.161.118 - - [18/Jun/2019:09:19:15 +0200] "GET /reload?ser=1560842351617 HTTP/1.1" 200 28 "http://renault.activities.at/10260003" "Mozilla/5.0 (Windows NT 6.1; WOW64; Trident/7.0; rv:11.0) like Gecko"
23.239.13.54 - - [18/Jun/2019:09:19:17 +0200] "GET /user/register/ HTTP/1.1" 200 5660 "-" "Mozilla/5.0 (Windows; U; Windows NT 5.1; de; rv:1.9) Gecko/2008052906 Firefox/3.0"
23.239.13.54 - - [18/Jun/2019:09:19:18 +0200] "GET / HTTP/1.1" 200 13383 "-" "Mozilla/5.0 (Windows; U; Windows NT 5.1; de; rv:1.9) Gecko/2008052906 Firefox/3.0"
80.123.225.36 - - [18/Jun/2019:09:19:32 +0200] "GET /reload?ser=1560842372620 HTTP/1.1" 200 28 "http://renault.activities.at/success" "Mozilla/5.0 (Windows NT 6.1; WOW64; Trident/7.0; rv:11.0) like Gecko"
138.21.12.23 - - [18/Jun/2019:09:20:14 +0200] "GET /reload?ser=1560842414004 HTTP/1.1" 200 28 "http://renault.2web.at/account?loadrequest=true" "Mozilla/5.0 (Windows NT 10.0; WOW64; Trident/7.0; Touch; rv:11.0) like Gecko"
217.76.161.118 - - [18/Jun/2019:09:20:16 +0200] "GET /reload?ser=1560842412684 HTTP/1.1" 200 28 "http://renault.activities.at/10260003" "Mozilla/5.0 (Windows NT 6.1; WOW64; Trident/7.0; rv:11.0) like Gecko"
80.123.225.36 - - [18/Jun/2019:09:20:33 +0200] "GET /reload?ser=1560842433586 HTTP/1.1" 200 28 "http://renault.activities.at/success" "Mozilla/5.0 (Windows NT 6.1; WOW64; Trident/7.0; rv:11.0) like Gecko"
138.21.12.23 - - [18/Jun/2019:09:21:15 +0200] "GET /reload?ser=1560842475017 HTTP/1.1" 200 28 "http://renault.2web.at/account?loadrequest=true" "Mozilla/5.0 (Windows NT 10.0; WOW64; Trident/7.0; Touch; rv:11.0) like Gecko"
217.76.161.118 - - [18/Jun/2019:09:21:17 +0200] "GET /reload?ser=1560842473728 HTTP/1.1" 200 28 "http://renault.activities.at/10260003" "Mozilla/5.0 (Windows NT 6.1; WOW64; Trident/7.0; rv:11.0) like Gecko"
80.123.225.36 - - [18/Jun/2019:09:21:34 +0200] "GET /reload?ser=1560842494565 HTTP/1.1" 200 28 "http://renault.activities.at/success" "Mozilla/5.0 (Windows NT 6.1; WOW64; Trident/7.0; rv:11.0) like Gecko"
138.21.12.23 - - [18/Jun/2019:09:22:16 +0200] "GET /reload?ser=1560842536081 HTTP/1.1" 200 28 "http://renault.2web.at/account?loadrequest=true" "Mozilla/5.0 (Windows NT 10.0; WOW64; Trident/7.0; Touch; rv:11.0) like Gecko"
217.76.161.118 - - [18/Jun/2019:09:22:18 +0200] "GET /reload?ser=1560842534844 HTTP/1.1" 200 28 "http://renault.activities.at/10260003" "Mozilla/5.0 (Windows NT 6.1; WOW64; Trident/7.0; rv:11.0) like Gecko"
80.123.225.36 - - [18/Jun/2019:09:22:35 +0200] "GET /reload?ser=1560842555562 HTTP/1.1" 200 28 "http://renault.activities.at/success" "Mozilla/5.0 (Windows NT 6.1; WOW64; Trident/7.0; rv:11.0) like Gecko"
138.21.12.23 - - [18/Jun/2019:09:23:17 +0200] "GET /reload?ser=1560842597150 HTTP/1.1" 200 28 "http://renault.2web.at/account?loadrequest=true" "Mozilla/5.0 (Windows NT 10.0; WOW64; Trident/7.0; Touch; rv:11.0) like Gecko"
217.76.161.118 - - [18/Jun/2019:09:23:19 +0200] "GET /reload?ser=1560842595918 HTTP/1.1" 200 28 "http://renault.activities.at/10260003" "Mozilla/5.0 (Windows NT 6.1; WOW64; Trident/7.0; rv:11.0) like Gecko"
80.123.225.36 - - [18/Jun/2019:09:23:36 +0200] "GET /reload?ser=1560842616542 HTTP/1.1" 200 28 "http://renault.activities.at/success" "Mozilla/5.0 (Windows NT 6.1; WOW64; Trident/7.0; rv:11.0) like Gecko"
138.21.12.23 - - [18/Jun/2019:09:24:18 +0200] "GET /reload?ser=1560842658233 HTTP/1.1" 200 28 "http://renault.2web.at/account?loadrequest=true" "Mozilla/5.0 (Windows NT 10.0; WOW64; Trident/7.0; Touch; rv:11.0) like Gecko"
217.76.161.118 - - [18/Jun/2019:09:24:20 +0200] "GET /reload?ser=1560842656954 HTTP/1.1" 200 28 "http://renault.activities.at/10260003" "Mozilla/5.0 (Windows NT 6.1; WOW64; Trident/7.0; rv:11.0) like Gecko"
80.123.225.36 - - [18/Jun/2019:09:24:37 +0200] "GET /reload?ser=1560842677563 HTTP/1.1" 200 28 "http://renault.activities.at/success" "Mozilla/5.0 (Windows NT 6.1; WOW64; Trident/7.0; rv:11.0) like Gecko"
138.21.12.23 - - [18/Jun/2019:09:25:19 +0200] "GET /reload?ser=1560842719282 HTTP/1.1" 200 28 "http://renault.2web.at/account?loadrequest=true" "Mozilla/5.0 (Windows NT 10.0; WOW64; Trident/7.0; Touch; rv:11.0) like Gecko"
217.76.161.118 - - [18/Jun/2019:09:25:21 +0200] "GET /reload?ser=1560842718036 HTTP/1.1" 200 28 "http://renault.activities.at/10260003" "Mozilla/5.0 (Windows NT 6.1; WOW64; Trident/7.0; rv:11.0) like Gecko"
80.123.225.36 - - [18/Jun/2019:09:25:38 +0200] "GET /reload?ser=1560842738513 HTTP/1.1" 200 28 "http://renault.activities.at/success" "Mozilla/5.0 (Windows NT 6.1; WOW64; Trident/7.0; rv:11.0) like Gecko"
138.21.12.23 - - [18/Jun/2019:09:26:20 +0200] "GET /reload?ser=1560842780328 HTTP/1.1" 200 28 "http://renault.2web.at/account?loadrequest=true" "Mozilla/5.0 (Windows NT 10.0; WOW64; Trident/7.0; Touch; rv:11.0) like Gecko"
217.76.161.118 - - [18/Jun/2019:09:26:22 +0200] "GET /reload?ser=1560842779104 HTTP/1.1" 200 28 "http://renault.activities.at/10260003" "Mozilla/5.0 (Windows NT 6.1; WOW64; Trident/7.0; rv:11.0) like Gecko"
80.123.225.36 - - [18/Jun/2019:09:26:39 +0200] "GET /reload?ser=1560842799509 HTTP/1.1" 200 28 "http://renault.activities.at/success" "Mozilla/5.0 (Windows NT 6.1; WOW64; Trident/7.0; rv:11.0) like Gecko"
138.21.12.23 - - [18/Jun/2019:09:27:21 +0200] "GET /reload?ser=1560842841388 HTTP/1.1" 200 28 "http://renault.2web.at/account?loadrequest=true" "Mozilla/5.0 (Windows NT 10.0; WOW64; Trident/7.0; Touch; rv:11.0) like Gecko"
217.76.161.118 - - [18/Jun/2019:09:27:24 +0200] "GET /reload?ser=1560842840133 HTTP/1.1" 200 28 "http://renault.activities.at/10260003" "Mozilla/5.0 (Windows NT 6.1; WOW64; Trident/7.0; rv:11.0) like Gecko"
80.123.225.36 - - [18/Jun/2019:09:27:40 +0200] "GET /reload?ser=1560842860505 HTTP/1.1" 200 28 "http://renault.activities.at/success" "Mozilla/5.0 (Windows NT 6.1; WOW64; Trident/7.0; rv:11.0) like Gecko"
138.21.12.23 - - [18/Jun/2019:09:28:22 +0200] "GET /reload?ser=1560842902445 HTTP/1.1" 200 28 "http://renault.2web.at/account?loadrequest=true" "Mozilla/5.0 (Windows NT 10.0; WOW64; Trident/7.0; Touch; rv:11.0) like Gecko"
217.76.161.118 - - [18/Jun/2019:09:28:25 +0200] "GET /reload?ser=1560842901262 HTTP/1.1" 200 28 "http://renault.activities.at/10260003" "Mozilla/5.0 (Windows NT 6.1; WOW64; Trident/7.0; rv:11.0) like Gecko"
80.123.225.36 - - [18/Jun/2019:09:28:41 +0200] "GET /reload?ser=1560842921487 HTTP/1.1" 200 28 "http://renault.activities.at/success" "Mozilla/5.0 (Windows NT 6.1; WOW64; Trident/7.0; rv:11.0) like Gecko"
138.21.12.23 - - [18/Jun/2019:09:29:23 +0200] "GET /reload?ser=1560842963520 HTTP/1.1" 200 28 "http://renault.2web.at/account?loadrequest=true" "Mozilla/5.0 (Windows NT 10.0; WOW64; Trident/7.0; Touch; rv:11.0) like Gecko"
217.76.161.118 - - [18/Jun/2019:09:29:26 +0200] "GET /reload?ser=1560842962291 HTTP/1.1" 200 28 "http://renault.activities.at/10260003" "Mozilla/5.0 (Windows NT 6.1; WOW64; Trident/7.0; rv:11.0) like Gecko"
80.123.225.36 - - [18/Jun/2019:09:29:42 +0200] "GET /reload?ser=1560842982482 HTTP/1.1" 200 28 "http://renault.activities.at/success" "Mozilla/5.0 (Windows NT 6.1; WOW64; Trident/7.0; rv:11.0) like Gecko"
138.21.12.23 - - [18/Jun/2019:09:30:24 +0200] "GET /reload?ser=1560843024581 HTTP/1.1" 200 28 "http://renault.2web.at/account?loadrequest=true" "Mozilla/5.0 (Windows NT 10.0; WOW64; Trident/7.0; Touch; rv:11.0) like Gecko"
217.76.161.118 - - [18/Jun/2019:09:30:27 +0200] "GET /reload?ser=1560843023327 HTTP/1.1" 200 28 "http://renault.activities.at/10260003" "Mozilla/5.0 (Windows NT 6.1; WOW64; Trident/7.0; rv:11.0) like Gecko"
80.123.225.36 - - [18/Jun/2019:09:30:43 +0200] "GET /reload?ser=1560843043434 HTTP/1.1" 200 28 "http://renault.activities.at/success" "Mozilla/5.0 (Windows NT 6.1; WOW64; Trident/7.0; rv:11.0) like Gecko"
138.21.12.23 - - [18/Jun/2019:09:31:25 +0200] "GET /reload?ser=1560843085646 HTTP/1.1" 200 28 "http://renault.2web.at/account?loadrequest=true" "Mozilla/5.0 (Windows NT 10.0; WOW64; Trident/7.0; Touch; rv:11.0) like Gecko"
217.76.161.118 - - [18/Jun/2019:09:31:28 +0200] "GET /reload?ser=1560843084420 HTTP/1.1" 200 28 "http://renault.activities.at/10260003" "Mozilla/5.0 (Windows NT 6.1; WOW64; Trident/7.0; rv:11.0) like Gecko"
80.123.225.36 - - [18/Jun/2019:09:31:44 +0200] "GET /reload?ser=1560843104382 HTTP/1.1" 200 28 "http://renault.activities.at/success" "Mozilla/5.0 (Windows NT 6.1; WOW64; Trident/7.0; rv:11.0) like Gecko"
138.21.12.23 - - [18/Jun/2019:09:32:26 +0200] "GET /reload?ser=1560843146720 HTTP/1.1" 200 28 "http://renault.2web.at/account?loadrequest=true" "Mozilla/5.0 (Windows NT 10.0; WOW64; Trident/7.0; Touch; rv:11.0) like Gecko"
217.76.161.118 - - [18/Jun/2019:09:32:29 +0200] "GET /reload?ser=1560843145464 HTTP/1.1" 200 28 "http://renault.activities.at/10260003" "Mozilla/5.0 (Windows NT 6.1; WOW64; Trident/7.0; rv:11.0) like Gecko"
80.123.225.36 - - [18/Jun/2019:09:32:45 +0200] "GET /reload?ser=1560843165348 HTTP/1.1" 200 28 "http://renault.activities.at/success" "Mozilla/5.0 (Windows NT 6.1; WOW64; Trident/7.0; rv:11.0) like Gecko"
138.21.12.23 - - [18/Jun/2019:09:33:27 +0200] "GET /reload?ser=1560843207801 HTTP/1.1" 200 28 "http://renault.2web.at/account?loadrequest=true" "Mozilla/5.0 (Windows NT 10.0; WOW64; Trident/7.0; Touch; rv:11.0) like Gecko"
217.76.161.118 - - [18/Jun/2019:09:33:30 +0200] "GET /reload?ser=1560843206563 HTTP/1.1" 200 28 "http://renault.activities.at/10260003" "Mozilla/5.0 (Windows NT 6.1; WOW64; Trident/7.0; rv:11.0) like Gecko"
80.123.225.36 - - [18/Jun/2019:09:33:46 +0200] "GET /reload?ser=1560843226344 HTTP/1.1" 200 28 "http://renault.activities.at/success" "Mozilla/5.0 (Windows NT 6.1; WOW64; Trident/7.0; rv:11.0) like Gecko"
138.21.12.23 - - [18/Jun/2019:09:34:28 +0200] "GET /reload?ser=1560843268849 HTTP/1.1" 200 28 "http://renault.2web.at/account?loadrequest=true" "Mozilla/5.0 (Windows NT 10.0; WOW64; Trident/7.0; Touch; rv:11.0) like Gecko"
217.76.161.118 - - [18/Jun/2019:09:34:31 +0200] "GET /reload?ser=1560843267603 HTTP/1.1" 200 28 "http://renault.activities.at/10260003" "Mozilla/5.0 (Windows NT 6.1; WOW64; Trident/7.0; rv:11.0) like Gecko"
80.123.225.36 - - [18/Jun/2019:09:34:47 +0200] "GET /reload?ser=1560843287325 HTTP/1.1" 200 28 "http://renault.activities.at/success" "Mozilla/5.0 (Windows NT 6.1; WOW64; Trident/7.0; rv:11.0) like Gecko"
138.21.12.23 - - [18/Jun/2019:09:35:30 +0200] "GET /reload?ser=1560843329912 HTTP/1.1" 200 28 "http://renault.2web.at/account?loadrequest=true" "Mozilla/5.0 (Windows NT 10.0; WOW64; Trident/7.0; Touch; rv:11.0) like Gecko"
217.76.161.118 - - [18/Jun/2019:09:35:32 +0200] "GET /reload?ser=1560843328659 HTTP/1.1" 200 28 "http://renault.activities.at/10260003" "Mozilla/5.0 (Windows NT 6.1; WOW64; Trident/7.0; rv:11.0) like Gecko"
80.123.225.36 - - [18/Jun/2019:09:35:48 +0200] "GET /reload?ser=1560843348321 HTTP/1.1" 200 28 "http://renault.activities.at/success" "Mozilla/5.0 (Windows NT 6.1; WOW64; Trident/7.0; rv:11.0) like Gecko"
138.21.12.23 - - [18/Jun/2019:09:36:31 +0200] "GET /reload?ser=1560843390948 HTTP/1.1" 200 28 "http://renault.2web.at/account?loadrequest=true" "Mozilla/5.0 (Windows NT 10.0; WOW64; Trident/7.0; Touch; rv:11.0) like Gecko"
217.76.161.118 - - [18/Jun/2019:09:36:33 +0200] "GET /reload?ser=1560843389699 HTTP/1.1" 200 28 "http://renault.activities.at/10260003" "Mozilla/5.0 (Windows NT 6.1; WOW64; Trident/7.0; rv:11.0) like Gecko"
80.123.225.36 - - [18/Jun/2019:09:36:49 +0200] "GET /reload?ser=1560843409334 HTTP/1.1" 200 28 "http://renault.activities.at/success" "Mozilla/5.0 (Windows NT 6.1; WOW64; Trident/7.0; rv:11.0) like Gecko"
138.21.12.23 - - [18/Jun/2019:09:37:32 +0200] "GET /reload?ser=1560843451949 HTTP/1.1" 200 28 "http://renault.2web.at/account?loadrequest=true" "Mozilla/5.0 (Windows NT 10.0; WOW64; Trident/7.0; Touch; rv:11.0) like Gecko"
217.76.161.118 - - [18/Jun/2019:09:37:34 +0200] "GET /reload?ser=1560843450814 HTTP/1.1" 200 28 "http://renault.activities.at/10260003" "Mozilla/5.0 (Windows NT 6.1; WOW64; Trident/7.0; rv:11.0) like Gecko"
80.123.225.36 - - [18/Jun/2019:09:37:50 +0200] "GET /reload?ser=1560843470315 HTTP/1.1" 200 28 "http://renault.activities.at/success" "Mozilla/5.0 (Windows NT 6.1; WOW64; Trident/7.0; rv:11.0) like Gecko"
138.21.12.23 - - [18/Jun/2019:09:38:33 +0200] "GET /reload?ser=1560843512997 HTTP/1.1" 200 28 "http://renault.2web.at/account?loadrequest=true" "Mozilla/5.0 (Windows NT 10.0; WOW64; Trident/7.0; Touch; rv:11.0) like Gecko"
217.76.161.118 - - [18/Jun/2019:09:38:35 +0200] "GET /reload?ser=1560843511844 HTTP/1.1" 200 28 "http://renault.activities.at/10260003" "Mozilla/5.0 (Windows NT 6.1; WOW64; Trident/7.0; rv:11.0) like Gecko"
80.123.225.36 - - [18/Jun/2019:09:38:51 +0200] "GET /reload?ser=1560843531281 HTTP/1.1" 200 28 "http://renault.activities.at/success" "Mozilla/5.0 (Windows NT 6.1; WOW64; Trident/7.0; rv:11.0) like Gecko"
138.21.12.23 - - [18/Jun/2019:09:39:34 +0200] "GET /reload?ser=1560843574065 HTTP/1.1" 200 28 "http://renault.2web.at/account?loadrequest=true" "Mozilla/5.0 (Windows NT 10.0; WOW64; Trident/7.0; Touch; rv:11.0) like Gecko"
217.76.161.118 - - [18/Jun/2019:09:39:36 +0200] "GET /reload?ser=1560843572915 HTTP/1.1" 200 28 "http://renault.activities.at/10260003" "Mozilla/5.0 (Windows NT 6.1; WOW64; Trident/7.0; rv:11.0) like Gecko"
80.123.225.36 - - [18/Jun/2019:09:39:52 +0200] "GET /reload?ser=1560843592293 HTTP/1.1" 200 28 "http://renault.activities.at/success" "Mozilla/5.0 (Windows NT 6.1; WOW64; Trident/7.0; rv:11.0) like Gecko"
138.21.12.23 - - [18/Jun/2019:09:40:35 +0200] "GET /reload?ser=1560843635127 HTTP/1.1" 200 28 "http://renault.2web.at/account?loadrequest=true" "Mozilla/5.0 (Windows NT 10.0; WOW64; Trident/7.0; Touch; rv:11.0) like Gecko"
217.76.161.118 - - [18/Jun/2019:09:40:37 +0200] "GET /reload?ser=1560843634022 HTTP/1.1" 200 28 "http://renault.activities.at/10260003" "Mozilla/5.0 (Windows NT 6.1; WOW64; Trident/7.0; rv:11.0) like Gecko"
80.123.225.36 - - [18/Jun/2019:09:40:53 +0200] "GET /reload?ser=1560843653277 HTTP/1.1" 200 28 "http://renault.activities.at/success" "Mozilla/5.0 (Windows NT 6.1; WOW64; Trident/7.0; rv:11.0) like Gecko"
138.21.12.23 - - [18/Jun/2019:09:41:36 +0200] "GET /reload?ser=1560843696196 HTTP/1.1" 200 28 "http://renault.2web.at/account?loadrequest=true" "Mozilla/5.0 (Windows NT 10.0; WOW64; Trident/7.0; Touch; rv:11.0) like Gecko"
217.76.161.118 - - [18/Jun/2019:09:41:38 +0200] "GET /reload?ser=1560843695092 HTTP/1.1" 200 28 "http://renault.activities.at/10260003" "Mozilla/5.0 (Windows NT 6.1; WOW64; Trident/7.0; rv:11.0) like Gecko"
80.123.225.36 - - [18/Jun/2019:09:41:54 +0200] "GET /reload?ser=1560843714273 HTTP/1.1" 200 28 "http://renault.activities.at/success" "Mozilla/5.0 (Windows NT 6.1; WOW64; Trident/7.0; rv:11.0) like Gecko"
138.21.12.23 - - [18/Jun/2019:09:42:37 +0200] "GET /reload?ser=1560843757253 HTTP/1.1" 200 28 "http://renault.2web.at/account?loadrequest=true" "Mozilla/5.0 (Windows NT 10.0; WOW64; Trident/7.0; Touch; rv:11.0) like Gecko"
217.76.161.118 - - [18/Jun/2019:09:42:40 +0200] "GET /reload?ser=1560843756123 HTTP/1.1" 200 28 "http://renault.activities.at/10260003" "Mozilla/5.0 (Windows NT 6.1; WOW64; Trident/7.0; rv:11.0) like Gecko"
80.123.225.36 - - [18/Jun/2019:09:42:55 +0200] "GET /reload?ser=1560843775239 HTTP/1.1" 200 28 "http://renault.activities.at/success" "Mozilla/5.0 (Windows NT 6.1; WOW64; Trident/7.0; rv:11.0) like Gecko"
138.21.12.23 - - [18/Jun/2019:09:43:38 +0200] "GET /reload?ser=1560843818318 HTTP/1.1" 200 28 "http://renault.2web.at/account?loadrequest=true" "Mozilla/5.0 (Windows NT 10.0; WOW64; Trident/7.0; Touch; rv:11.0) like Gecko"
217.76.161.118 - - [18/Jun/2019:09:43:41 +0200] "GET /reload?ser=1560843817198 HTTP/1.1" 200 28 "http://renault.activities.at/10260003" "Mozilla/5.0 (Windows NT 6.1; WOW64; Trident/7.0; rv:11.0) like Gecko"
80.123.225.36 - - [18/Jun/2019:09:43:56 +0200] "GET /reload?ser=1560843836219 HTTP/1.1" 200 28 "http://renault.activities.at/success" "Mozilla/5.0 (Windows NT 6.1; WOW64; Trident/7.0; rv:11.0) like Gecko"
138.21.12.23 - - [18/Jun/2019:09:44:39 +0200] "GET /reload?ser=1560843879372 HTTP/1.1" 200 28 "http://renault.2web.at/account?loadrequest=true" "Mozilla/5.0 (Windows NT 10.0; WOW64; Trident/7.0; Touch; rv:11.0) like Gecko"
217.76.161.118 - - [18/Jun/2019:09:44:42 +0200] "GET /reload?ser=1560843878284 HTTP/1.1" 200 28 "http://renault.activities.at/10260003" "Mozilla/5.0 (Windows NT 6.1; WOW64; Trident/7.0; rv:11.0) like Gecko"
80.123.225.36 - - [18/Jun/2019:09:44:57 +0200] "GET /reload?ser=1560843897185 HTTP/1.1" 200 28 "http://renault.activities.at/success" "Mozilla/5.0 (Windows NT 6.1; WOW64; Trident/7.0; rv:11.0) like Gecko"
138.21.12.23 - - [18/Jun/2019:09:45:40 +0200] "GET /reload?ser=1560843940472 HTTP/1.1" 200 28 "http://renault.2web.at/account?loadrequest=true" "Mozilla/5.0 (Windows NT 10.0; WOW64; Trident/7.0; Touch; rv:11.0) like Gecko"
217.76.161.118 - - [18/Jun/2019:09:45:43 +0200] "GET /reload?ser=1560843939312 HTTP/1.1" 200 28 "http://renault.activities.at/10260003" "Mozilla/5.0 (Windows NT 6.1; WOW64; Trident/7.0; rv:11.0) like Gecko"
80.123.225.36 - - [18/Jun/2019:09:45:58 +0200] "GET /reload?ser=1560843958166 HTTP/1.1" 200 28 "http://renault.activities.at/success" "Mozilla/5.0 (Windows NT 6.1; WOW64; Trident/7.0; rv:11.0) like Gecko"
138.21.12.23 - - [18/Jun/2019:09:46:41 +0200] "GET /reload?ser=1560844001532 HTTP/1.1" 200 28 "http://renault.2web.at/account?loadrequest=true" "Mozilla/5.0 (Windows NT 10.0; WOW64; Trident/7.0; Touch; rv:11.0) like Gecko"
217.76.161.118 - - [18/Jun/2019:09:46:44 +0200] "GET /reload?ser=1560844000390 HTTP/1.1" 200 28 "http://renault.activities.at/10260003" "Mozilla/5.0 (Windows NT 6.1; WOW64; Trident/7.0; rv:11.0) like Gecko"
80.123.225.36 - - [18/Jun/2019:09:46:59 +0200] "GET /reload?ser=1560844019131 HTTP/1.1" 200 28 "http://renault.activities.at/success" "Mozilla/5.0 (Windows NT 6.1; WOW64; Trident/7.0; rv:11.0) like Gecko"
138.21.12.23 - - [18/Jun/2019:09:47:42 +0200] "GET /reload?ser=1560844062597 HTTP/1.1" 200 28 "http://renault.2web.at/account?loadrequest=true" "Mozilla/5.0 (Windows NT 10.0; WOW64; Trident/7.0; Touch; rv:11.0) like Gecko"
217.76.161.118 - - [18/Jun/2019:09:47:45 +0200] "GET /reload?ser=1560844061479 HTTP/1.1" 200 28 "http://renault.activities.at/10260003" "Mozilla/5.0 (Windows NT 6.1; WOW64; Trident/7.0; rv:11.0) like Gecko"
80.123.225.36 - - [18/Jun/2019:09:48:00 +0200] "GET /reload?ser=1560844080143 HTTP/1.1" 200 28 "http://renault.activities.at/success" "Mozilla/5.0 (Windows NT 6.1; WOW64; Trident/7.0; rv:11.0) like Gecko"
138.21.12.23 - - [18/Jun/2019:09:48:43 +0200] "GET /reload?ser=1560844123637 HTTP/1.1" 200 28 "http://renault.2web.at/account?loadrequest=true" "Mozilla/5.0 (Windows NT 10.0; WOW64; Trident/7.0; Touch; rv:11.0) like Gecko"
217.76.161.118 - - [18/Jun/2019:09:48:46 +0200] "GET /reload?ser=1560844122560 HTTP/1.1" 200 28 "http://renault.activities.at/10260003" "Mozilla/5.0 (Windows NT 6.1; WOW64; Trident/7.0; rv:11.0) like Gecko"
80.123.225.36 - - [18/Jun/2019:09:49:01 +0200] "GET /reload?ser=1560844141124 HTTP/1.1" 200 28 "http://renault.activities.at/success" "Mozilla/5.0 (Windows NT 6.1; WOW64; Trident/7.0; rv:11.0) like Gecko"
138.21.12.23 - - [18/Jun/2019:09:49:44 +0200] "GET /reload?ser=1560844184676 HTTP/1.1" 200 28 "http://renault.2web.at/account?loadrequest=true" "Mozilla/5.0 (Windows NT 10.0; WOW64; Trident/7.0; Touch; rv:11.0) like Gecko"
217.76.161.118 - - [18/Jun/2019:09:49:47 +0200] "GET /reload?ser=1560844183629 HTTP/1.1" 200 28 "http://renault.activities.at/10260003" "Mozilla/5.0 (Windows NT 6.1; WOW64; Trident/7.0; rv:11.0) like Gecko"
80.123.225.36 - - [18/Jun/2019:09:50:02 +0200] "GET /reload?ser=1560844202074 HTTP/1.1" 200 28 "http://renault.activities.at/success" "Mozilla/5.0 (Windows NT 6.1; WOW64; Trident/7.0; rv:11.0) like Gecko"
138.21.12.23 - - [18/Jun/2019:09:50:45 +0200] "GET /reload?ser=1560844245756 HTTP/1.1" 200 28 "http://renault.2web.at/account?loadrequest=true" "Mozilla/5.0 (Windows NT 10.0; WOW64; Trident/7.0; Touch; rv:11.0) like Gecko"
217.76.161.118 - - [18/Jun/2019:09:50:48 +0200] "GET /reload?ser=1560844244660 HTTP/1.1" 200 28 "http://renault.activities.at/10260003" "Mozilla/5.0 (Windows NT 6.1; WOW64; Trident/7.0; rv:11.0) like Gecko"
80.123.225.36 - - [18/Jun/2019:09:51:03 +0200] "GET /reload?ser=1560844263086 HTTP/1.1" 200 28 "http://renault.activities.at/success" "Mozilla/5.0 (Windows NT 6.1; WOW64; Trident/7.0; rv:11.0) like Gecko"
138.21.12.23 - - [18/Jun/2019:09:51:46 +0200] "GET /reload?ser=1560844306824 HTTP/1.1" 200 28 "http://renault.2web.at/account?loadrequest=true" "Mozilla/5.0 (Windows NT 10.0; WOW64; Trident/7.0; Touch; rv:11.0) like Gecko"
217.76.161.118 - - [18/Jun/2019:09:51:49 +0200] "GET /reload?ser=1560844305725 HTTP/1.1" 200 28 "http://renault.activities.at/10260003" "Mozilla/5.0 (Windows NT 6.1; WOW64; Trident/7.0; rv:11.0) like Gecko"
80.123.225.36 - - [18/Jun/2019:09:52:04 +0200] "GET /reload?ser=1560844324098 HTTP/1.1" 200 28 "http://renault.activities.at/success" "Mozilla/5.0 (Windows NT 6.1; WOW64; Trident/7.0; rv:11.0) like Gecko"
138.21.12.23 - - [18/Jun/2019:09:52:47 +0200] "GET /reload?ser=1560844367896 HTTP/1.1" 200 28 "http://renault.2web.at/account?loadrequest=true" "Mozilla/5.0 (Windows NT 10.0; WOW64; Trident/7.0; Touch; rv:11.0) like Gecko"
217.76.161.118 - - [18/Jun/2019:09:52:50 +0200] "GET /reload?ser=1560844366792 HTTP/1.1" 200 28 "http://renault.activities.at/10260003" "Mozilla/5.0 (Windows NT 6.1; WOW64; Trident/7.0; rv:11.0) like Gecko"
80.123.225.36 - - [18/Jun/2019:09:53:05 +0200] "GET /reload?ser=1560844385079 HTTP/1.1" 200 28 "http://renault.activities.at/success" "Mozilla/5.0 (Windows NT 6.1; WOW64; Trident/7.0; rv:11.0) like Gecko"
138.21.12.23 - - [18/Jun/2019:09:53:48 +0200] "GET /reload?ser=1560844428945 HTTP/1.1" 200 28 "http://renault.2web.at/account?loadrequest=true" "Mozilla/5.0 (Windows NT 10.0; WOW64; Trident/7.0; Touch; rv:11.0) like Gecko"
217.76.161.118 - - [18/Jun/2019:09:53:51 +0200] "GET /reload?ser=1560844427795 HTTP/1.1" 200 28 "http://renault.activities.at/10260003" "Mozilla/5.0 (Windows NT 6.1; WOW64; Trident/7.0; rv:11.0) like Gecko"
80.123.225.36 - - [18/Jun/2019:09:54:06 +0200] "GET /reload?ser=1560844446029 HTTP/1.1" 200 28 "http://renault.activities.at/success" "Mozilla/5.0 (Windows NT 6.1; WOW64; Trident/7.0; rv:11.0) like Gecko"
138.21.12.23 - - [18/Jun/2019:09:54:50 +0200] "GET /reload?ser=1560844489999 HTTP/1.1" 200 28 "http://renault.2web.at/account?loadrequest=true" "Mozilla/5.0 (Windows NT 10.0; WOW64; Trident/7.0; Touch; rv:11.0) like Gecko"
217.76.161.118 - - [18/Jun/2019:09:54:52 +0200] "GET /reload?ser=1560844488852 HTTP/1.1" 200 28 "http://renault.activities.at/10260003" "Mozilla/5.0 (Windows NT 6.1; WOW64; Trident/7.0; rv:11.0) like Gecko"
80.123.225.36 - - [18/Jun/2019:09:55:07 +0200] "GET /reload?ser=1560844507057 HTTP/1.1" 200 28 "http://renault.activities.at/success" "Mozilla/5.0 (Windows NT 6.1; WOW64; Trident/7.0; rv:11.0) like Gecko"
138.21.12.23 - - [18/Jun/2019:09:55:51 +0200] "GET /reload?ser=1560844551040 HTTP/1.1" 200 28 "http://renault.2web.at/account?loadrequest=true" "Mozilla/5.0 (Windows NT 10.0; WOW64; Trident/7.0; Touch; rv:11.0) like Gecko"
217.76.161.118 - - [18/Jun/2019:09:55:53 +0200] "GET /reload?ser=1560844549911 HTTP/1.1" 200 28 "http://renault.activities.at/10260003" "Mozilla/5.0 (Windows NT 6.1; WOW64; Trident/7.0; rv:11.0) like Gecko"
80.123.225.36 - - [18/Jun/2019:09:56:08 +0200] "GET /reload?ser=1560844568038 HTTP/1.1" 200 28 "http://renault.activities.at/success" "Mozilla/5.0 (Windows NT 6.1; WOW64; Trident/7.0; rv:11.0) like Gecko"
138.21.12.23 - - [18/Jun/2019:09:56:52 +0200] "GET /reload?ser=1560844612099 HTTP/1.1" 200 28 "http://renault.2web.at/account?loadrequest=true" "Mozilla/5.0 (Windows NT 10.0; WOW64; Trident/7.0; Touch; rv:11.0) like Gecko"
217.76.161.118 - - [18/Jun/2019:09:56:54 +0200] "GET /reload?ser=1560844610978 HTTP/1.1" 200 28 "http://renault.activities.at/10260003" "Mozilla/5.0 (Windows NT 6.1; WOW64; Trident/7.0; rv:11.0) like Gecko"
80.123.225.36 - - [18/Jun/2019:09:57:09 +0200] "GET /reload?ser=1560844629019 HTTP/1.1" 200 28 "http://renault.activities.at/success" "Mozilla/5.0 (Windows NT 6.1; WOW64; Trident/7.0; rv:11.0) like Gecko"
138.21.12.23 - - [18/Jun/2019:09:57:53 +0200] "GET /reload?ser=1560844673135 HTTP/1.1" 200 28 "http://renault.2web.at/account?loadrequest=true" "Mozilla/5.0 (Windows NT 10.0; WOW64; Trident/7.0; Touch; rv:11.0) like Gecko"
217.76.161.118 - - [18/Jun/2019:09:57:55 +0200] "GET /reload?ser=1560844672022 HTTP/1.1" 200 28 "http://renault.activities.at/10260003" "Mozilla/5.0 (Windows NT 6.1; WOW64; Trident/7.0; rv:11.0) like Gecko"
80.123.225.36 - - [18/Jun/2019:09:58:10 +0200] "GET /reload?ser=1560844689995 HTTP/1.1" 200 28 "http://renault.activities.at/success" "Mozilla/5.0 (Windows NT 6.1; WOW64; Trident/7.0; rv:11.0) like Gecko"
193.194.132.30 - - [18/Jun/2019:09:58:54 +0200] "GET /reload?ser=1560844734179 HTTP/1.1" 200 28 "http://renault.2web.at/account?loadrequest=true" "Mozilla/5.0 (Windows NT 10.0; WOW64; Trident/7.0; Touch; rv:11.0) like Gecko"
217.76.161.118 - - [18/Jun/2019:09:58:57 +0200] "GET /reload?ser=1560844733123 HTTP/1.1" 200 28 "http://renault.activities.at/10260003" "Mozilla/5.0 (Windows NT 6.1; WOW64; Trident/7.0; rv:11.0) like Gecko"
80.123.225.36 - - [18/Jun/2019:09:59:11 +0200] "GET /reload?ser=1560844750977 HTTP/1.1" 200 28 "http://renault.activities.at/success" "Mozilla/5.0 (Windows NT 6.1; WOW64; Trident/7.0; rv:11.0) like Gecko"
193.194.132.30 - - [18/Jun/2019:09:59:55 +0200] "GET /reload?ser=1560844795376 HTTP/1.1" 200 28 "http://renault.2web.at/account?loadrequest=true" "Mozilla/5.0 (Windows NT 10.0; WOW64; Trident/7.0; Touch; rv:11.0) like Gecko"
217.76.161.118 - - [18/Jun/2019:09:59:58 +0200] "GET /reload?ser=1560844794188 HTTP/1.1" 200 28 "http://renault.activities.at/10260003" "Mozilla/5.0 (Windows NT 6.1; WOW64; Trident/7.0; rv:11.0) like Gecko"
80.123.225.36 - - [18/Jun/2019:10:00:11 +0200] "GET /reload?ser=1560844811927 HTTP/1.1" 200 28 "http://renault.activities.at/success" "Mozilla/5.0 (Windows NT 6.1; WOW64; Trident/7.0; rv:11.0) like Gecko"
193.194.132.30 - - [18/Jun/2019:10:00:56 +0200] "GET /reload?ser=1560844856452 HTTP/1.1" 200 28 "http://renault.2web.at/account?loadrequest=true" "Mozilla/5.0 (Windows NT 10.0; WOW64; Trident/7.0; Touch; rv:11.0) like Gecko"
