213.153.47.173 - - [21/Jun/2019:10:57:40 +0200] "GET /reload?ser=1561107460755 HTTP/1.1" 200 28 "http://renault.activities.at/login?required=true" "Mozilla/5.0 (Windows NT 10.0; Win64; x64; rv:67.0) Gecko/20100101 Firefox/67.0"
138.21.12.25 - - [21/Jun/2019:10:57:45 +0200] "GET /reload?ser=1561107465817 HTTP/1.1" 200 28 "http://renault.2web.at/account?loadrequest=true" "Mozilla/5.0 (Windows NT 10.0; WOW64; Trident/7.0; Touch; rv:11.0) like Gecko"
213.153.47.173 - - [21/Jun/2019:10:58:41 +0200] "GET /reload?ser=1561107521412 HTTP/1.1" 200 28 "http://renault.activities.at/login?required=true" "Mozilla/5.0 (Windows NT 10.0; Win64; x64; rv:67.0) Gecko/20100101 Firefox/67.0"
138.21.12.25 - - [21/Jun/2019:10:58:46 +0200] "GET /reload?ser=1561107526829 HTTP/1.1" 200 28 "http://renault.2web.at/account?loadrequest=true" "Mozilla/5.0 (Windows NT 10.0; WOW64; Trident/7.0; Touch; rv:11.0) like Gecko"
213.153.47.173 - - [21/Jun/2019:10:59:42 +0200] "GET /reload?ser=1561107582068 HTTP/1.1" 200 28 "http://renault.activities.at/login?required=true" "Mozilla/5.0 (Windows NT 10.0; Win64; x64; rv:67.0) Gecko/20100101 Firefox/67.0"
138.21.12.25 - - [21/Jun/2019:10:59:48 +0200] "GET /reload?ser=1561107587884 HTTP/1.1" 200 28 "http://renault.2web.at/account?loadrequest=true" "Mozilla/5.0 (Windows NT 10.0; WOW64; Trident/7.0; Touch; rv:11.0) like Gecko"
213.153.47.173 - - [21/Jun/2019:11:00:42 +0200] "GET /reload?ser=1561107642725 HTTP/1.1" 200 28 "http://renault.activities.at/login?required=true" "Mozilla/5.0 (Windows NT 10.0; Win64; x64; rv:67.0) Gecko/20100101 Firefox/67.0"
138.21.12.25 - - [21/Jun/2019:11:00:49 +0200] "GET /reload?ser=1561107648932 HTTP/1.1" 200 28 "http://renault.2web.at/account?loadrequest=true" "Mozilla/5.0 (Windows NT 10.0; WOW64; Trident/7.0; Touch; rv:11.0) like Gecko"
213.153.47.173 - - [21/Jun/2019:11:01:43 +0200] "GET /reload?ser=1561107703382 HTTP/1.1" 200 28 "http://renault.activities.at/login?required=true" "Mozilla/5.0 (Windows NT 10.0; Win64; x64; rv:67.0) Gecko/20100101 Firefox/67.0"
138.21.12.25 - - [21/Jun/2019:11:01:50 +0200] "GET /reload?ser=1561107709965 HTTP/1.1" 200 28 "http://renault.2web.at/account?loadrequest=true" "Mozilla/5.0 (Windows NT 10.0; WOW64; Trident/7.0; Touch; rv:11.0) like Gecko"
213.153.47.173 - - [21/Jun/2019:11:02:44 +0200] "GET /reload?ser=1561107764038 HTTP/1.1" 200 28 "http://renault.activities.at/login?required=true" "Mozilla/5.0 (Windows NT 10.0; Win64; x64; rv:67.0) Gecko/20100101 Firefox/67.0"
138.21.12.25 - - [21/Jun/2019:11:02:51 +0200] "GET /reload?ser=1561107770995 HTTP/1.1" 200 28 "http://renault.2web.at/account?loadrequest=true" "Mozilla/5.0 (Windows NT 10.0; WOW64; Trident/7.0; Touch; rv:11.0) like Gecko"
213.153.47.173 - - [21/Jun/2019:11:03:44 +0200] "GET /reload?ser=1561107824710 HTTP/1.1" 200 28 "http://renault.activities.at/login?required=true" "Mozilla/5.0 (Windows NT 10.0; Win64; x64; rv:67.0) Gecko/20100101 Firefox/67.0"
138.21.12.25 - - [21/Jun/2019:11:03:52 +0200] "GET /reload?ser=1561107832040 HTTP/1.1" 200 28 "http://renault.2web.at/account?loadrequest=true" "Mozilla/5.0 (Windows NT 10.0; WOW64; Trident/7.0; Touch; rv:11.0) like Gecko"
213.153.47.173 - - [21/Jun/2019:11:04:45 +0200] "GET /reload?ser=1561107885367 HTTP/1.1" 200 28 "http://renault.activities.at/login?required=true" "Mozilla/5.0 (Windows NT 10.0; Win64; x64; rv:67.0) Gecko/20100101 Firefox/67.0"
138.21.12.25 - - [21/Jun/2019:11:04:53 +0200] "GET /reload?ser=1561107893162 HTTP/1.1" 200 28 "http://renault.2web.at/account?loadrequest=true" "Mozilla/5.0 (Windows NT 10.0; WOW64; Trident/7.0; Touch; rv:11.0) like Gecko"
213.153.47.173 - - [21/Jun/2019:11:05:46 +0200] "GET /reload?ser=1561107946024 HTTP/1.1" 200 28 "http://renault.activities.at/login?required=true" "Mozilla/5.0 (Windows NT 10.0; Win64; x64; rv:67.0) Gecko/20100101 Firefox/67.0"
138.21.12.25 - - [21/Jun/2019:11:05:54 +0200] "GET /reload?ser=1561107954233 HTTP/1.1" 200 28 "http://renault.2web.at/account?loadrequest=true" "Mozilla/5.0 (Windows NT 10.0; WOW64; Trident/7.0; Touch; rv:11.0) like Gecko"
213.153.47.173 - - [21/Jun/2019:11:06:46 +0200] "GET /reload?ser=1561108006695 HTTP/1.1" 200 28 "http://renault.activities.at/login?required=true" "Mozilla/5.0 (Windows NT 10.0; Win64; x64; rv:67.0) Gecko/20100101 Firefox/67.0"
138.21.12.25 - - [21/Jun/2019:11:06:55 +0200] "GET /reload?ser=1561108015287 HTTP/1.1" 200 28 "http://renault.2web.at/account?loadrequest=true" "Mozilla/5.0 (Windows NT 10.0; WOW64; Trident/7.0; Touch; rv:11.0) like Gecko"
213.153.47.173 - - [21/Jun/2019:11:07:47 +0200] "GET /reload?ser=1561108067368 HTTP/1.1" 200 28 "http://renault.activities.at/login?required=true" "Mozilla/5.0 (Windows NT 10.0; Win64; x64; rv:67.0) Gecko/20100101 Firefox/67.0"
138.21.12.25 - - [21/Jun/2019:11:07:56 +0200] "GET /reload?ser=1561108076336 HTTP/1.1" 200 28 "http://renault.2web.at/account?loadrequest=true" "Mozilla/5.0 (Windows NT 10.0; WOW64; Trident/7.0; Touch; rv:11.0) like Gecko"
213.153.47.173 - - [21/Jun/2019:11:08:48 +0200] "GET /reload?ser=1561108128040 HTTP/1.1" 200 28 "http://renault.activities.at/login?required=true" "Mozilla/5.0 (Windows NT 10.0; Win64; x64; rv:67.0) Gecko/20100101 Firefox/67.0"
138.21.12.25 - - [21/Jun/2019:11:08:57 +0200] "GET /reload?ser=1561108137385 HTTP/1.1" 200 28 "http://renault.2web.at/account?loadrequest=true" "Mozilla/5.0 (Windows NT 10.0; WOW64; Trident/7.0; Touch; rv:11.0) like Gecko"
213.153.47.173 - - [21/Jun/2019:11:09:48 +0200] "GET /reload?ser=1561108188712 HTTP/1.1" 200 28 "http://renault.activities.at/login?required=true" "Mozilla/5.0 (Windows NT 10.0; Win64; x64; rv:67.0) Gecko/20100101 Firefox/67.0"
138.21.12.25 - - [21/Jun/2019:11:09:58 +0200] "GET /reload?ser=1561108198452 HTTP/1.1" 200 28 "http://renault.2web.at/account?loadrequest=true" "Mozilla/5.0 (Windows NT 10.0; WOW64; Trident/7.0; Touch; rv:11.0) like Gecko"
213.153.47.173 - - [21/Jun/2019:11:10:49 +0200] "GET /reload?ser=1561108249385 HTTP/1.1" 200 28 "http://renault.activities.at/login?required=true" "Mozilla/5.0 (Windows NT 10.0; Win64; x64; rv:67.0) Gecko/20100101 Firefox/67.0"
138.21.12.25 - - [21/Jun/2019:11:10:59 +0200] "GET /reload?ser=1561108259529 HTTP/1.1" 200 28 "http://renault.2web.at/account?loadrequest=true" "Mozilla/5.0 (Windows NT 10.0; WOW64; Trident/7.0; Touch; rv:11.0) like Gecko"
213.153.47.173 - - [21/Jun/2019:11:11:50 +0200] "GET /reload?ser=1561108310057 HTTP/1.1" 200 28 "http://renault.activities.at/login?required=true" "Mozilla/5.0 (Windows NT 10.0; Win64; x64; rv:67.0) Gecko/20100101 Firefox/67.0"
138.21.12.25 - - [21/Jun/2019:11:12:00 +0200] "GET /reload?ser=1561108320626 HTTP/1.1" 200 28 "http://renault.2web.at/account?loadrequest=true" "Mozilla/5.0 (Windows NT 10.0; WOW64; Trident/7.0; Touch; rv:11.0) like Gecko"
213.153.47.173 - - [21/Jun/2019:11:12:50 +0200] "GET /reload?ser=1561108370713 HTTP/1.1" 200 28 "http://renault.activities.at/login?required=true" "Mozilla/5.0 (Windows NT 10.0; Win64; x64; rv:67.0) Gecko/20100101 Firefox/67.0"
138.21.12.25 - - [21/Jun/2019:11:13:01 +0200] "GET /reload?ser=1561108381656 HTTP/1.1" 200 28 "http://renault.2web.at/account?loadrequest=true" "Mozilla/5.0 (Windows NT 10.0; WOW64; Trident/7.0; Touch; rv:11.0) like Gecko"
213.153.47.173 - - [21/Jun/2019:11:13:51 +0200] "GET /reload?ser=1561108431386 HTTP/1.1" 200 28 "http://renault.activities.at/login?required=true" "Mozilla/5.0 (Windows NT 10.0; Win64; x64; rv:67.0) Gecko/20100101 Firefox/67.0"
138.21.12.25 - - [21/Jun/2019:11:14:02 +0200] "GET /reload?ser=1561108442709 HTTP/1.1" 200 28 "http://renault.2web.at/account?loadrequest=true" "Mozilla/5.0 (Windows NT 10.0; WOW64; Trident/7.0; Touch; rv:11.0) like Gecko"
213.153.47.173 - - [21/Jun/2019:11:14:52 +0200] "GET /reload?ser=1561108492041 HTTP/1.1" 200 28 "http://renault.activities.at/login?required=true" "Mozilla/5.0 (Windows NT 10.0; Win64; x64; rv:67.0) Gecko/20100101 Firefox/67.0"
138.21.12.25 - - [21/Jun/2019:11:15:03 +0200] "GET /reload?ser=1561108503718 HTTP/1.1" 200 28 "http://renault.2web.at/account?loadrequest=true" "Mozilla/5.0 (Windows NT 10.0; WOW64; Trident/7.0; Touch; rv:11.0) like Gecko"
213.153.47.173 - - [21/Jun/2019:11:15:52 +0200] "GET /reload?ser=1561108552698 HTTP/1.1" 200 28 "http://renault.activities.at/login?required=true" "Mozilla/5.0 (Windows NT 10.0; Win64; x64; rv:67.0) Gecko/20100101 Firefox/67.0"
138.21.12.25 - - [21/Jun/2019:11:16:04 +0200] "GET /reload?ser=1561108564769 HTTP/1.1" 200 28 "http://renault.2web.at/account?loadrequest=true" "Mozilla/5.0 (Windows NT 10.0; WOW64; Trident/7.0; Touch; rv:11.0) like Gecko"
213.153.47.173 - - [21/Jun/2019:11:16:53 +0200] "GET /reload?ser=1561108613355 HTTP/1.1" 200 28 "http://renault.activities.at/login?required=true" "Mozilla/5.0 (Windows NT 10.0; Win64; x64; rv:67.0) Gecko/20100101 Firefox/67.0"
138.21.12.25 - - [21/Jun/2019:11:17:05 +0200] "GET /reload?ser=1561108625770 HTTP/1.1" 200 28 "http://renault.2web.at/account?loadrequest=true" "Mozilla/5.0 (Windows NT 10.0; WOW64; Trident/7.0; Touch; rv:11.0) like Gecko"
213.153.47.173 - - [21/Jun/2019:11:17:54 +0200] "GET /reload?ser=1561108674043 HTTP/1.1" 200 28 "http://renault.activities.at/login?required=true" "Mozilla/5.0 (Windows NT 10.0; Win64; x64; rv:67.0) Gecko/20100101 Firefox/67.0"
138.21.12.25 - - [21/Jun/2019:11:18:06 +0200] "GET /reload?ser=1561108686836 HTTP/1.1" 200 28 "http://renault.2web.at/account?loadrequest=true" "Mozilla/5.0 (Windows NT 10.0; WOW64; Trident/7.0; Touch; rv:11.0) like Gecko"
213.153.47.173 - - [21/Jun/2019:11:18:54 +0200] "GET /reload?ser=1561108734700 HTTP/1.1" 200 28 "http://renault.activities.at/login?required=true" "Mozilla/5.0 (Windows NT 10.0; Win64; x64; rv:67.0) Gecko/20100101 Firefox/67.0"
138.21.12.25 - - [21/Jun/2019:11:19:07 +0200] "GET /reload?ser=1561108747873 HTTP/1.1" 200 28 "http://renault.2web.at/account?loadrequest=true" "Mozilla/5.0 (Windows NT 10.0; WOW64; Trident/7.0; Touch; rv:11.0) like Gecko"
213.153.47.173 - - [21/Jun/2019:11:19:55 +0200] "GET /reload?ser=1561108795373 HTTP/1.1" 200 28 "http://renault.activities.at/login?required=true" "Mozilla/5.0 (Windows NT 10.0; Win64; x64; rv:67.0) Gecko/20100101 Firefox/67.0"
138.21.12.25 - - [21/Jun/2019:11:20:09 +0200] "GET /reload?ser=1561108808950 HTTP/1.1" 200 28 "http://renault.2web.at/account?loadrequest=true" "Mozilla/5.0 (Windows NT 10.0; WOW64; Trident/7.0; Touch; rv:11.0) like Gecko"
213.153.47.173 - - [21/Jun/2019:11:20:56 +0200] "GET /reload?ser=1561108856046 HTTP/1.1" 200 28 "http://renault.activities.at/login?required=true" "Mozilla/5.0 (Windows NT 10.0; Win64; x64; rv:67.0) Gecko/20100101 Firefox/67.0"
138.21.12.25 - - [21/Jun/2019:11:21:10 +0200] "GET /reload?ser=1561108869975 HTTP/1.1" 200 28 "http://renault.2web.at/account?loadrequest=true" "Mozilla/5.0 (Windows NT 10.0; WOW64; Trident/7.0; Touch; rv:11.0) like Gecko"
213.153.47.173 - - [21/Jun/2019:11:21:56 +0200] "GET /reload?ser=1561108916718 HTTP/1.1" 200 28 "http://renault.activities.at/login?required=true" "Mozilla/5.0 (Windows NT 10.0; Win64; x64; rv:67.0) Gecko/20100101 Firefox/67.0"
138.21.12.25 - - [21/Jun/2019:11:22:11 +0200] "GET /reload?ser=1561108931043 HTTP/1.1" 200 28 "http://renault.2web.at/account?loadrequest=true" "Mozilla/5.0 (Windows NT 10.0; WOW64; Trident/7.0; Touch; rv:11.0) like Gecko"
213.153.47.173 - - [21/Jun/2019:11:22:57 +0200] "GET /reload?ser=1561108977375 HTTP/1.1" 200 28 "http://renault.activities.at/login?required=true" "Mozilla/5.0 (Windows NT 10.0; Win64; x64; rv:67.0) Gecko/20100101 Firefox/67.0"
138.21.12.25 - - [21/Jun/2019:11:23:12 +0200] "GET /reload?ser=1561108992078 HTTP/1.1" 200 28 "http://renault.2web.at/account?loadrequest=true" "Mozilla/5.0 (Windows NT 10.0; WOW64; Trident/7.0; Touch; rv:11.0) like Gecko"
213.153.47.173 - - [21/Jun/2019:11:23:58 +0200] "GET /reload?ser=1561109038049 HTTP/1.1" 200 28 "http://renault.activities.at/login?required=true" "Mozilla/5.0 (Windows NT 10.0; Win64; x64; rv:67.0) Gecko/20100101 Firefox/67.0"
138.21.12.25 - - [21/Jun/2019:11:24:13 +0200] "GET /reload?ser=1561109053125 HTTP/1.1" 200 28 "http://renault.2web.at/account?loadrequest=true" "Mozilla/5.0 (Windows NT 10.0; WOW64; Trident/7.0; Touch; rv:11.0) like Gecko"
213.153.47.173 - - [21/Jun/2019:11:24:58 +0200] "GET /reload?ser=1561109098706 HTTP/1.1" 200 28 "http://renault.activities.at/login?required=true" "Mozilla/5.0 (Windows NT 10.0; Win64; x64; rv:67.0) Gecko/20100101 Firefox/67.0"
138.21.12.25 - - [21/Jun/2019:11:25:14 +0200] "GET /reload?ser=1561109114185 HTTP/1.1" 200 28 "http://renault.2web.at/account?loadrequest=true" "Mozilla/5.0 (Windows NT 10.0; WOW64; Trident/7.0; Touch; rv:11.0) like Gecko"
213.153.47.173 - - [21/Jun/2019:11:25:59 +0200] "GET /reload?ser=1561109159363 HTTP/1.1" 200 28 "http://renault.activities.at/login?required=true" "Mozilla/5.0 (Windows NT 10.0; Win64; x64; rv:67.0) Gecko/20100101 Firefox/67.0"
138.21.12.25 - - [21/Jun/2019:11:26:15 +0200] "GET /reload?ser=1561109175198 HTTP/1.1" 200 28 "http://renault.2web.at/account?loadrequest=true" "Mozilla/5.0 (Windows NT 10.0; WOW64; Trident/7.0; Touch; rv:11.0) like Gecko"
213.153.47.173 - - [21/Jun/2019:11:27:00 +0200] "GET /reload?ser=1561109220021 HTTP/1.1" 200 28 "http://renault.activities.at/login?required=true" "Mozilla/5.0 (Windows NT 10.0; Win64; x64; rv:67.0) Gecko/20100101 Firefox/67.0"
138.21.12.25 - - [21/Jun/2019:11:27:16 +0200] "GET /reload?ser=1561109236268 HTTP/1.1" 200 28 "http://renault.2web.at/account?loadrequest=true" "Mozilla/5.0 (Windows NT 10.0; WOW64; Trident/7.0; Touch; rv:11.0) like Gecko"
213.153.47.173 - - [21/Jun/2019:11:28:00 +0200] "GET /reload?ser=1561109280678 HTTP/1.1" 200 28 "http://renault.activities.at/login?required=true" "Mozilla/5.0 (Windows NT 10.0; Win64; x64; rv:67.0) Gecko/20100101 Firefox/67.0"
138.21.12.25 - - [21/Jun/2019:11:28:17 +0200] "GET /reload?ser=1561109297308 HTTP/1.1" 200 28 "http://renault.2web.at/account?loadrequest=true" "Mozilla/5.0 (Windows NT 10.0; WOW64; Trident/7.0; Touch; rv:11.0) like Gecko"
213.153.47.173 - - [21/Jun/2019:11:29:01 +0200] "GET /reload?ser=1561109341336 HTTP/1.1" 200 28 "http://renault.activities.at/login?required=true" "Mozilla/5.0 (Windows NT 10.0; Win64; x64; rv:67.0) Gecko/20100101 Firefox/67.0"
138.21.12.25 - - [21/Jun/2019:11:29:18 +0200] "GET /reload?ser=1561109358367 HTTP/1.1" 200 28 "http://renault.2web.at/account?loadrequest=true" "Mozilla/5.0 (Windows NT 10.0; WOW64; Trident/7.0; Touch; rv:11.0) like Gecko"
213.153.47.173 - - [21/Jun/2019:11:30:02 +0200] "GET /reload?ser=1561109401992 HTTP/1.1" 200 28 "http://renault.activities.at/login?required=true" "Mozilla/5.0 (Windows NT 10.0; Win64; x64; rv:67.0) Gecko/20100101 Firefox/67.0"
138.21.12.25 - - [21/Jun/2019:11:30:19 +0200] "GET /reload?ser=1561109419374 HTTP/1.1" 200 28 "http://renault.2web.at/account?loadrequest=true" "Mozilla/5.0 (Windows NT 10.0; WOW64; Trident/7.0; Touch; rv:11.0) like Gecko"
213.153.47.173 - - [21/Jun/2019:11:31:02 +0200] "GET /reload?ser=1561109462665 HTTP/1.1" 200 28 "http://renault.activities.at/login?required=true" "Mozilla/5.0 (Windows NT 10.0; Win64; x64; rv:67.0) Gecko/20100101 Firefox/67.0"
138.21.12.25 - - [21/Jun/2019:11:31:20 +0200] "GET /reload?ser=1561109480537 HTTP/1.1" 200 28 "http://renault.2web.at/account?loadrequest=true" "Mozilla/5.0 (Windows NT 10.0; WOW64; Trident/7.0; Touch; rv:11.0) like Gecko"
213.153.47.173 - - [21/Jun/2019:11:32:03 +0200] "GET /reload?ser=1561109523322 HTTP/1.1" 200 28 "http://renault.activities.at/login?required=true" "Mozilla/5.0 (Windows NT 10.0; Win64; x64; rv:67.0) Gecko/20100101 Firefox/67.0"
138.21.12.25 - - [21/Jun/2019:11:32:21 +0200] "GET /reload?ser=1561109541545 HTTP/1.1" 200 28 "http://renault.2web.at/account?loadrequest=true" "Mozilla/5.0 (Windows NT 10.0; WOW64; Trident/7.0; Touch; rv:11.0) like Gecko"
213.153.47.173 - - [21/Jun/2019:11:33:03 +0200] "GET /reload?ser=1561109583979 HTTP/1.1" 200 28 "http://renault.activities.at/login?required=true" "Mozilla/5.0 (Windows NT 10.0; Win64; x64; rv:67.0) Gecko/20100101 Firefox/67.0"
138.21.12.25 - - [21/Jun/2019:11:33:22 +0200] "GET /reload?ser=1561109602619 HTTP/1.1" 200 28 "http://renault.2web.at/account?loadrequest=true" "Mozilla/5.0 (Windows NT 10.0; WOW64; Trident/7.0; Touch; rv:11.0) like Gecko"
213.153.47.173 - - [21/Jun/2019:11:34:04 +0200] "GET /reload?ser=1561109644635 HTTP/1.1" 200 28 "http://renault.activities.at/login?required=true" "Mozilla/5.0 (Windows NT 10.0; Win64; x64; rv:67.0) Gecko/20100101 Firefox/67.0"
138.21.12.25 - - [21/Jun/2019:11:34:23 +0200] "GET /reload?ser=1561109663683 HTTP/1.1" 200 28 "http://renault.2web.at/account?loadrequest=true" "Mozilla/5.0 (Windows NT 10.0; WOW64; Trident/7.0; Touch; rv:11.0) like Gecko"
213.153.47.173 - - [21/Jun/2019:11:35:05 +0200] "GET /reload?ser=1561109705308 HTTP/1.1" 200 28 "http://renault.activities.at/login?required=true" "Mozilla/5.0 (Windows NT 10.0; Win64; x64; rv:67.0) Gecko/20100101 Firefox/67.0"
138.21.12.25 - - [21/Jun/2019:11:35:24 +0200] "GET /reload?ser=1561109724745 HTTP/1.1" 200 28 "http://renault.2web.at/account?loadrequest=true" "Mozilla/5.0 (Windows NT 10.0; WOW64; Trident/7.0; Touch; rv:11.0) like Gecko"
213.153.47.173 - - [21/Jun/2019:11:36:05 +0200] "GET /reload?ser=1561109765981 HTTP/1.1" 200 28 "http://renault.activities.at/login?required=true" "Mozilla/5.0 (Windows NT 10.0; Win64; x64; rv:67.0) Gecko/20100101 Firefox/67.0"
138.21.12.25 - - [21/Jun/2019:11:36:25 +0200] "GET /reload?ser=1561109785772 HTTP/1.1" 200 28 "http://renault.2web.at/account?loadrequest=true" "Mozilla/5.0 (Windows NT 10.0; WOW64; Trident/7.0; Touch; rv:11.0) like Gecko"
213.153.47.173 - - [21/Jun/2019:11:37:06 +0200] "GET /reload?ser=1561109826653 HTTP/1.1" 200 28 "http://renault.activities.at/login?required=true" "Mozilla/5.0 (Windows NT 10.0; Win64; x64; rv:67.0) Gecko/20100101 Firefox/67.0"
138.21.12.23 - - [21/Jun/2019:11:37:26 +0200] "GET /reload?ser=1561109846825 HTTP/1.1" 200 28 "http://renault.2web.at/account?loadrequest=true" "Mozilla/5.0 (Windows NT 10.0; WOW64; Trident/7.0; Touch; rv:11.0) like Gecko"
213.153.47.173 - - [21/Jun/2019:11:38:07 +0200] "GET /reload?ser=1561109887325 HTTP/1.1" 200 28 "http://renault.activities.at/login?required=true" "Mozilla/5.0 (Windows NT 10.0; Win64; x64; rv:67.0) Gecko/20100101 Firefox/67.0"
138.21.12.23 - - [21/Jun/2019:11:38:28 +0200] "GET /reload?ser=1561109907900 HTTP/1.1" 200 28 "http://renault.2web.at/account?loadrequest=true" "Mozilla/5.0 (Windows NT 10.0; WOW64; Trident/7.0; Touch; rv:11.0) like Gecko"
213.153.47.173 - - [21/Jun/2019:11:39:08 +0200] "GET /reload?ser=1561109948002 HTTP/1.1" 200 28 "http://renault.activities.at/login?required=true" "Mozilla/5.0 (Windows NT 10.0; Win64; x64; rv:67.0) Gecko/20100101 Firefox/67.0"
138.21.12.23 - - [21/Jun/2019:11:39:29 +0200] "GET /reload?ser=1561109968940 HTTP/1.1" 200 28 "http://renault.2web.at/account?loadrequest=true" "Mozilla/5.0 (Windows NT 10.0; WOW64; Trident/7.0; Touch; rv:11.0) like Gecko"
213.153.47.173 - - [21/Jun/2019:11:40:08 +0200] "GET /reload?ser=1561110008675 HTTP/1.1" 200 28 "http://renault.activities.at/login?required=true" "Mozilla/5.0 (Windows NT 10.0; Win64; x64; rv:67.0) Gecko/20100101 Firefox/67.0"
138.21.12.23 - - [21/Jun/2019:11:40:30 +0200] "GET /reload?ser=1561110030006 HTTP/1.1" 200 28 "http://renault.2web.at/account?loadrequest=true" "Mozilla/5.0 (Windows NT 10.0; WOW64; Trident/7.0; Touch; rv:11.0) like Gecko"
213.153.47.173 - - [21/Jun/2019:11:41:09 +0200] "GET /reload?ser=1561110069348 HTTP/1.1" 200 28 "http://renault.activities.at/login?required=true" "Mozilla/5.0 (Windows NT 10.0; Win64; x64; rv:67.0) Gecko/20100101 Firefox/67.0"
138.21.12.23 - - [21/Jun/2019:11:41:31 +0200] "GET /reload?ser=1561110091070 HTTP/1.1" 200 28 "http://renault.2web.at/account?loadrequest=true" "Mozilla/5.0 (Windows NT 10.0; WOW64; Trident/7.0; Touch; rv:11.0) like Gecko"
213.153.47.173 - - [21/Jun/2019:11:42:10 +0200] "GET /reload?ser=1561110130020 HTTP/1.1" 200 28 "http://renault.activities.at/login?required=true" "Mozilla/5.0 (Windows NT 10.0; Win64; x64; rv:67.0) Gecko/20100101 Firefox/67.0"
138.21.12.23 - - [21/Jun/2019:11:42:32 +0200] "GET /reload?ser=1561110152090 HTTP/1.1" 200 28 "http://renault.2web.at/account?loadrequest=true" "Mozilla/5.0 (Windows NT 10.0; WOW64; Trident/7.0; Touch; rv:11.0) like Gecko"
213.153.47.173 - - [21/Jun/2019:11:43:10 +0200] "GET /reload?ser=1561110190692 HTTP/1.1" 200 28 "http://renault.activities.at/login?required=true" "Mozilla/5.0 (Windows NT 10.0; Win64; x64; rv:67.0) Gecko/20100101 Firefox/67.0"
138.21.12.23 - - [21/Jun/2019:11:43:33 +0200] "GET /reload?ser=1561110213140 HTTP/1.1" 200 28 "http://renault.2web.at/account?loadrequest=true" "Mozilla/5.0 (Windows NT 10.0; WOW64; Trident/7.0; Touch; rv:11.0) like Gecko"
213.153.47.173 - - [21/Jun/2019:11:44:11 +0200] "GET /reload?ser=1561110251349 HTTP/1.1" 200 28 "http://renault.activities.at/login?required=true" "Mozilla/5.0 (Windows NT 10.0; Win64; x64; rv:67.0) Gecko/20100101 Firefox/67.0"
138.21.12.23 - - [21/Jun/2019:11:44:34 +0200] "GET /reload?ser=1561110274149 HTTP/1.1" 200 28 "http://renault.2web.at/account?loadrequest=true" "Mozilla/5.0 (Windows NT 10.0; WOW64; Trident/7.0; Touch; rv:11.0) like Gecko"
213.153.47.173 - - [21/Jun/2019:11:45:12 +0200] "GET /reload?ser=1561110312006 HTTP/1.1" 200 28 "http://renault.activities.at/login?required=true" "Mozilla/5.0 (Windows NT 10.0; Win64; x64; rv:67.0) Gecko/20100101 Firefox/67.0"
138.21.12.23 - - [21/Jun/2019:11:45:35 +0200] "GET /reload?ser=1561110335179 HTTP/1.1" 200 28 "http://renault.2web.at/account?loadrequest=true" "Mozilla/5.0 (Windows NT 10.0; WOW64; Trident/7.0; Touch; rv:11.0) like Gecko"
213.153.47.173 - - [21/Jun/2019:11:46:12 +0200] "GET /reload?ser=1561110372663 HTTP/1.1" 200 28 "http://renault.activities.at/login?required=true" "Mozilla/5.0 (Windows NT 10.0; Win64; x64; rv:67.0) Gecko/20100101 Firefox/67.0"
138.21.12.23 - - [21/Jun/2019:11:46:36 +0200] "GET /reload?ser=1561110396203 HTTP/1.1" 200 28 "http://renault.2web.at/account?loadrequest=true" "Mozilla/5.0 (Windows NT 10.0; WOW64; Trident/7.0; Touch; rv:11.0) like Gecko"
213.153.47.173 - - [21/Jun/2019:11:47:13 +0200] "GET /reload?ser=1561110433335 HTTP/1.1" 200 28 "http://renault.activities.at/login?required=true" "Mozilla/5.0 (Windows NT 10.0; Win64; x64; rv:67.0) Gecko/20100101 Firefox/67.0"
138.21.12.23 - - [21/Jun/2019:11:47:37 +0200] "GET /reload?ser=1561110457261 HTTP/1.1" 200 28 "http://renault.2web.at/account?loadrequest=true" "Mozilla/5.0 (Windows NT 10.0; WOW64; Trident/7.0; Touch; rv:11.0) like Gecko"
213.153.47.173 - - [21/Jun/2019:11:48:14 +0200] "GET /reload?ser=1561110493988 HTTP/1.1" 200 28 "http://renault.activities.at/login?required=true" "Mozilla/5.0 (Windows NT 10.0; Win64; x64; rv:67.0) Gecko/20100101 Firefox/67.0"
138.21.12.23 - - [21/Jun/2019:11:48:38 +0200] "GET /reload?ser=1561110518307 HTTP/1.1" 200 28 "http://renault.2web.at/account?loadrequest=true" "Mozilla/5.0 (Windows NT 10.0; WOW64; Trident/7.0; Touch; rv:11.0) like Gecko"
80.120.148.242 - - [21/Jun/2019:11:48:48 +0200] "GET / HTTP/1.1" 200 3367 "-" "Mozilla/5.0 (Windows NT 6.1; WOW64; Trident/7.0; rv:11.0) like Gecko"
80.120.148.242 - - [21/Jun/2019:11:48:49 +0200] "GET /js/default.js HTTP/1.1" 304 - "http://renault.activities.at/" "Mozilla/5.0 (Windows NT 6.1; WOW64; Trident/7.0; rv:11.0) like Gecko"
80.120.148.242 - - [21/Jun/2019:11:48:49 +0200] "GET /js/index.php?c=auto&f=,prototype/prototype.js,prototype/validation.js,scriptaculous/builder.js,scriptaculous/effects.js,scriptaculous/dragdrop.js,scriptaculous/controls.js,scriptaculous/slider.js,varien/js.js,varien/form.js,varien/menu.js,mage/translate.js,mage/cookies.js,varien/product.js,spinner/SpinnerControl.jsmin.js,prototype/window.js,prototype/window_ext.js HTTP/1.1" 304 - "http://renault.activities.at/" "Mozilla/5.0 (Windows NT 6.1; WOW64; Trident/7.0; rv:11.0) like Gecko"
80.120.148.242 - - [21/Jun/2019:11:48:49 +0200] "GET /js/flashdetection.js HTTP/1.1" 304 - "http://renault.activities.at/" "Mozilla/5.0 (Windows NT 6.1; WOW64; Trident/7.0; rv:11.0) like Gecko"
80.120.148.242 - - [21/Jun/2019:11:48:49 +0200] "GET /css/reset.css HTTP/1.1" 304 - "http://renault.activities.at/" "Mozilla/5.0 (Windows NT 6.1; WOW64; Trident/7.0; rv:11.0) like Gecko"
80.120.148.242 - - [21/Jun/2019:11:48:49 +0200] "GET /css/styles.css HTTP/1.1" 304 - "http://renault.activities.at/" "Mozilla/5.0 (Windows NT 6.1; WOW64; Trident/7.0; rv:11.0) like Gecko"
80.120.148.242 - - [21/Jun/2019:11:48:49 +0200] "GET /css/clears.css HTTP/1.1" 304 - "http://renault.activities.at/" "Mozilla/5.0 (Windows NT 6.1; WOW64; Trident/7.0; rv:11.0) like Gecko"
80.120.148.242 - - [21/Jun/2019:11:48:49 +0200] "GET /css/print.css HTTP/1.1" 304 - "http://renault.activities.at/" "Mozilla/5.0 (Windows NT 6.1; WOW64; Trident/7.0; rv:11.0) like Gecko"
80.120.148.242 - - [21/Jun/2019:11:48:49 +0200] "GET /css/prototip.css HTTP/1.1" 304 - "http://renault.activities.at/" "Mozilla/5.0 (Windows NT 6.1; WOW64; Trident/7.0; rv:11.0) like Gecko"
80.120.148.242 - - [21/Jun/2019:11:48:49 +0200] "GET /js/checkout.css HTTP/1.1" 304 - "http://renault.activities.at/" "Mozilla/5.0 (Windows NT 6.1; WOW64; Trident/7.0; rv:11.0) like Gecko"
80.120.148.242 - - [21/Jun/2019:11:48:49 +0200] "GET /css/themes/default.css HTTP/1.1" 304 - "http://renault.activities.at/" "Mozilla/5.0 (Windows NT 6.1; WOW64; Trident/7.0; rv:11.0) like Gecko"
80.120.148.242 - - [21/Jun/2019:11:48:49 +0200] "GET /css/themes/alphacube.css HTTP/1.1" 304 - "http://renault.activities.at/" "Mozilla/5.0 (Windows NT 6.1; WOW64; Trident/7.0; rv:11.0) like Gecko"
80.120.148.242 - - [21/Jun/2019:11:48:49 +0200] "GET /images/main_block_corner_left_bot.gif HTTP/1.1" 200 159 "http://renault.activities.at/" "Mozilla/5.0 (Windows NT 6.1; WOW64; Trident/7.0; rv:11.0) like Gecko"
80.120.148.242 - - [21/Jun/2019:11:48:49 +0200] "GET /images/main_block_border.gif HTTP/1.1" 200 43 "http://renault.activities.at/" "Mozilla/5.0 (Windows NT 6.1; WOW64; Trident/7.0; rv:11.0) like Gecko"
80.120.148.242 - - [21/Jun/2019:11:48:49 +0200] "GET /images/main_block_corner_right_bot.gif HTTP/1.1" 200 158 "http://renault.activities.at/" "Mozilla/5.0 (Windows NT 6.1; WOW64; Trident/7.0; rv:11.0) like Gecko"
80.120.148.242 - - [21/Jun/2019:11:48:49 +0200] "GET /images/header_block_border.gif HTTP/1.1" 200 43 "http://renault.activities.at/" "Mozilla/5.0 (Windows NT 6.1; WOW64; Trident/7.0; rv:11.0) like Gecko"
80.120.148.242 - - [21/Jun/2019:11:48:49 +0200] "GET /images/header_block_corner_left_top.gif HTTP/1.1" 200 160 "http://renault.activities.at/" "Mozilla/5.0 (Windows NT 6.1; WOW64; Trident/7.0; rv:11.0) like Gecko"
80.120.148.242 - - [21/Jun/2019:11:48:49 +0200] "GET /images/header_block_corner_right_top.gif HTTP/1.1" 200 160 "http://renault.activities.at/" "Mozilla/5.0 (Windows NT 6.1; WOW64; Trident/7.0; rv:11.0) like Gecko"
80.120.148.242 - - [21/Jun/2019:11:48:49 +0200] "GET /images/main_block_corner_left_top.gif HTTP/1.1" 200 159 "http://renault.activities.at/" "Mozilla/5.0 (Windows NT 6.1; WOW64; Trident/7.0; rv:11.0) like Gecko"
80.120.148.242 - - [21/Jun/2019:11:48:49 +0200] "GET /images/main_block_corner_right_top.gif HTTP/1.1" 200 159 "http://renault.activities.at/" "Mozilla/5.0 (Windows NT 6.1; WOW64; Trident/7.0; rv:11.0) like Gecko"
80.120.148.242 - - [21/Jun/2019:11:48:49 +0200] "GET /images/title_border.jpg HTTP/1.1" 200 304 "http://renault.activities.at/" "Mozilla/5.0 (Windows NT 6.1; WOW64; Trident/7.0; rv:11.0) like Gecko"
80.120.148.242 - - [21/Jun/2019:11:48:49 +0200] "GET /images/title_border_top.jpg HTTP/1.1" 200 336 "http://renault.activities.at/" "Mozilla/5.0 (Windows NT 6.1; WOW64; Trident/7.0; rv:11.0) like Gecko"
80.120.148.242 - - [21/Jun/2019:11:48:49 +0200] "GET /images/title_corner_left_top.jpg HTTP/1.1" 200 372 "http://renault.activities.at/" "Mozilla/5.0 (Windows NT 6.1; WOW64; Trident/7.0; rv:11.0) like Gecko"
80.120.148.242 - - [21/Jun/2019:11:48:49 +0200] "GET /images/title_corner_right_top.jpg HTTP/1.1" 200 389 "http://renault.activities.at/" "Mozilla/5.0 (Windows NT 6.1; WOW64; Trident/7.0; rv:11.0) like Gecko"
80.120.148.242 - - [21/Jun/2019:11:48:49 +0200] "GET /images/favicon.ico HTTP/1.1" 404 305 "-" "Mozilla/5.0 (Windows NT 6.1; Win64; x64; Trident/7.0; rv:11.0) like Gecko"
80.120.148.242 - - [21/Jun/2019:11:48:49 +0200] "GET /loadthumbnail.php?id=11127982 HTTP/1.1" 200 399614 "http://renault.activities.at/" "Mozilla/5.0 (Windows NT 6.1; WOW64; Trident/7.0; rv:11.0) like Gecko"
80.120.148.242 - - [21/Jun/2019:11:48:52 +0200] "GET /login HTTP/1.1" 200 2086 "http://renault.activities.at/" "Mozilla/5.0 (Windows NT 6.1; WOW64; Trident/7.0; rv:11.0) like Gecko"
80.120.148.242 - - [21/Jun/2019:11:48:53 +0200] "GET /js/default.js HTTP/1.1" 304 - "http://renault.activities.at/login" "Mozilla/5.0 (Windows NT 6.1; WOW64; Trident/7.0; rv:11.0) like Gecko"
80.120.148.242 - - [21/Jun/2019:11:48:53 +0200] "GET /css/reset.css HTTP/1.1" 304 - "http://renault.activities.at/login" "Mozilla/5.0 (Windows NT 6.1; WOW64; Trident/7.0; rv:11.0) like Gecko"
80.120.148.242 - - [21/Jun/2019:11:48:53 +0200] "GET /css/styles.css HTTP/1.1" 304 - "http://renault.activities.at/login" "Mozilla/5.0 (Windows NT 6.1; WOW64; Trident/7.0; rv:11.0) like Gecko"
80.120.148.242 - - [21/Jun/2019:11:48:53 +0200] "GET /js/index.php?c=auto&f=,prototype/prototype.js,prototype/validation.js,scriptaculous/builder.js,scriptaculous/effects.js,scriptaculous/dragdrop.js,scriptaculous/controls.js,scriptaculous/slider.js,varien/js.js,varien/form.js,varien/menu.js,mage/translate.js,mage/cookies.js,varien/product.js,spinner/SpinnerControl.jsmin.js,prototype/window.js,prototype/window_ext.js HTTP/1.1" 304 - "http://renault.activities.at/login" "Mozilla/5.0 (Windows NT 6.1; WOW64; Trident/7.0; rv:11.0) like Gecko"
80.120.148.242 - - [21/Jun/2019:11:48:53 +0200] "GET /css/clears.css HTTP/1.1" 304 - "http://renault.activities.at/login" "Mozilla/5.0 (Windows NT 6.1; WOW64; Trident/7.0; rv:11.0) like Gecko"
80.120.148.242 - - [21/Jun/2019:11:48:53 +0200] "GET /css/print.css HTTP/1.1" 304 - "http://renault.activities.at/login" "Mozilla/5.0 (Windows NT 6.1; WOW64; Trident/7.0; rv:11.0) like Gecko"
80.120.148.242 - - [21/Jun/2019:11:48:53 +0200] "GET /js/checkout.css HTTP/1.1" 304 - "http://renault.activities.at/login" "Mozilla/5.0 (Windows NT 6.1; WOW64; Trident/7.0; rv:11.0) like Gecko"
80.120.148.242 - - [21/Jun/2019:11:48:53 +0200] "GET /css/prototip.css HTTP/1.1" 304 - "http://renault.activities.at/login" "Mozilla/5.0 (Windows NT 6.1; WOW64; Trident/7.0; rv:11.0) like Gecko"
80.120.148.242 - - [21/Jun/2019:11:48:53 +0200] "GET /css/themes/default.css HTTP/1.1" 304 - "http://renault.activities.at/login" "Mozilla/5.0 (Windows NT 6.1; WOW64; Trident/7.0; rv:11.0) like Gecko"
80.120.148.242 - - [21/Jun/2019:11:48:53 +0200] "GET /css/themes/alphacube.css HTTP/1.1" 304 - "http://renault.activities.at/login" "Mozilla/5.0 (Windows NT 6.1; WOW64; Trident/7.0; rv:11.0) like Gecko"
80.120.148.242 - - [21/Jun/2019:11:48:53 +0200] "GET /images/main_block_corner_left_top.gif HTTP/1.1" 304 - "http://renault.activities.at/login" "Mozilla/5.0 (Windows NT 6.1; WOW64; Trident/7.0; rv:11.0) like Gecko"
80.120.148.242 - - [21/Jun/2019:11:48:53 +0200] "GET /images/main_block_border.gif HTTP/1.1" 304 - "http://renault.activities.at/login" "Mozilla/5.0 (Windows NT 6.1; WOW64; Trident/7.0; rv:11.0) like Gecko"
80.120.148.242 - - [21/Jun/2019:11:48:53 +0200] "GET /images/main_block_corner_right_top.gif HTTP/1.1" 304 - "http://renault.activities.at/login" "Mozilla/5.0 (Windows NT 6.1; WOW64; Trident/7.0; rv:11.0) like Gecko"
80.120.148.242 - - [21/Jun/2019:11:48:53 +0200] "GET /images/main_block_corner_left_bot.gif HTTP/1.1" 304 - "http://renault.activities.at/login" "Mozilla/5.0 (Windows NT 6.1; WOW64; Trident/7.0; rv:11.0) like Gecko"
80.120.148.242 - - [21/Jun/2019:11:48:53 +0200] "GET /images/main_block_corner_right_bot.gif HTTP/1.1" 304 - "http://renault.activities.at/login" "Mozilla/5.0 (Windows NT 6.1; WOW64; Trident/7.0; rv:11.0) like Gecko"
80.120.148.242 - - [21/Jun/2019:11:48:53 +0200] "GET /images/header_block_border.gif HTTP/1.1" 304 - "http://renault.activities.at/login" "Mozilla/5.0 (Windows NT 6.1; WOW64; Trident/7.0; rv:11.0) like Gecko"
80.120.148.242 - - [21/Jun/2019:11:48:53 +0200] "GET /images/header_block_corner_left_top.gif HTTP/1.1" 304 - "http://renault.activities.at/login" "Mozilla/5.0 (Windows NT 6.1; WOW64; Trident/7.0; rv:11.0) like Gecko"
80.120.148.242 - - [21/Jun/2019:11:48:53 +0200] "GET /images/header_block_corner_right_top.gif HTTP/1.1" 304 - "http://renault.activities.at/login" "Mozilla/5.0 (Windows NT 6.1; WOW64; Trident/7.0; rv:11.0) like Gecko"
80.120.148.242 - - [21/Jun/2019:11:48:53 +0200] "GET /images/title_border.jpg HTTP/1.1" 304 - "http://renault.activities.at/login" "Mozilla/5.0 (Windows NT 6.1; WOW64; Trident/7.0; rv:11.0) like Gecko"
80.120.148.242 - - [21/Jun/2019:11:48:53 +0200] "GET /images/title_border_top.jpg HTTP/1.1" 304 - "http://renault.activities.at/login" "Mozilla/5.0 (Windows NT 6.1; WOW64; Trident/7.0; rv:11.0) like Gecko"
80.120.148.242 - - [21/Jun/2019:11:48:53 +0200] "GET /images/title_corner_left_top.jpg HTTP/1.1" 304 - "http://renault.activities.at/login" "Mozilla/5.0 (Windows NT 6.1; WOW64; Trident/7.0; rv:11.0) like Gecko"
80.120.148.242 - - [21/Jun/2019:11:48:53 +0200] "GET /images/title_corner_right_top.jpg HTTP/1.1" 304 - "http://renault.activities.at/login" "Mozilla/5.0 (Windows NT 6.1; WOW64; Trident/7.0; rv:11.0) like Gecko"
80.120.148.242 - - [21/Jun/2019:11:48:53 +0200] "GET /images/button_left_bg.gif HTTP/1.1" 200 564 "http://renault.activities.at/login" "Mozilla/5.0 (Windows NT 6.1; WOW64; Trident/7.0; rv:11.0) like Gecko"
80.120.148.242 - - [21/Jun/2019:11:48:53 +0200] "GET /images/button_right_bg.gif HTTP/1.1" 200 561 "http://renault.activities.at/login" "Mozilla/5.0 (Windows NT 6.1; WOW64; Trident/7.0; rv:11.0) like Gecko"
80.120.148.242 - - [21/Jun/2019:11:48:53 +0200] "GET /images/button_bg.gif HTTP/1.1" 200 151 "http://renault.activities.at/login" "Mozilla/5.0 (Windows NT 6.1; WOW64; Trident/7.0; rv:11.0) like Gecko"
80.120.148.242 - - [21/Jun/2019:11:48:53 +0200] "GET /images/favicon.ico HTTP/1.1" 404 305 "-" "Mozilla/5.0 (Windows NT 6.1; Win64; x64; Trident/7.0; rv:11.0) like Gecko"
80.120.148.242 - - [21/Jun/2019:11:48:53 +0200] "GET /favicon.ico HTTP/1.1" 200 3250 "-" "Mozilla/5.0 (Windows NT 6.1; Win64; x64; Trident/7.0; rv:11.0) like Gecko"
80.120.148.242 - - [21/Jun/2019:11:49:02 +0200] "POST /login HTTP/1.1" 200 2143 "http://renault.activities.at/login" "Mozilla/5.0 (Windows NT 6.1; WOW64; Trident/7.0; rv:11.0) like Gecko"
80.120.148.242 - - [21/Jun/2019:11:49:03 +0200] "GET /js/default.js HTTP/1.1" 304 - "http://renault.activities.at/login" "Mozilla/5.0 (Windows NT 6.1; WOW64; Trident/7.0; rv:11.0) like Gecko"
80.120.148.242 - - [21/Jun/2019:11:49:03 +0200] "GET /css/reset.css HTTP/1.1" 304 - "http://renault.activities.at/login" "Mozilla/5.0 (Windows NT 6.1; WOW64; Trident/7.0; rv:11.0) like Gecko"
80.120.148.242 - - [21/Jun/2019:11:49:03 +0200] "GET /css/styles.css HTTP/1.1" 304 - "http://renault.activities.at/login" "Mozilla/5.0 (Windows NT 6.1; WOW64; Trident/7.0; rv:11.0) like Gecko"
80.120.148.242 - - [21/Jun/2019:11:49:03 +0200] "GET /js/index.php?c=auto&f=,prototype/prototype.js,prototype/validation.js,scriptaculous/builder.js,scriptaculous/effects.js,scriptaculous/dragdrop.js,scriptaculous/controls.js,scriptaculous/slider.js,varien/js.js,varien/form.js,varien/menu.js,mage/translate.js,mage/cookies.js,varien/product.js,spinner/SpinnerControl.jsmin.js,prototype/window.js,prototype/window_ext.js HTTP/1.1" 304 - "http://renault.activities.at/login" "Mozilla/5.0 (Windows NT 6.1; WOW64; Trident/7.0; rv:11.0) like Gecko"
80.120.148.242 - - [21/Jun/2019:11:49:03 +0200] "GET /css/clears.css HTTP/1.1" 304 - "http://renault.activities.at/login" "Mozilla/5.0 (Windows NT 6.1; WOW64; Trident/7.0; rv:11.0) like Gecko"
80.120.148.242 - - [21/Jun/2019:11:49:03 +0200] "GET /css/print.css HTTP/1.1" 304 - "http://renault.activities.at/login" "Mozilla/5.0 (Windows NT 6.1; WOW64; Trident/7.0; rv:11.0) like Gecko"
80.120.148.242 - - [21/Jun/2019:11:49:03 +0200] "GET /js/checkout.css HTTP/1.1" 304 - "http://renault.activities.at/login" "Mozilla/5.0 (Windows NT 6.1; WOW64; Trident/7.0; rv:11.0) like Gecko"
80.120.148.242 - - [21/Jun/2019:11:49:03 +0200] "GET /css/prototip.css HTTP/1.1" 304 - "http://renault.activities.at/login" "Mozilla/5.0 (Windows NT 6.1; WOW64; Trident/7.0; rv:11.0) like Gecko"
80.120.148.242 - - [21/Jun/2019:11:49:03 +0200] "GET /css/themes/default.css HTTP/1.1" 304 - "http://renault.activities.at/login" "Mozilla/5.0 (Windows NT 6.1; WOW64; Trident/7.0; rv:11.0) like Gecko"
80.120.148.242 - - [21/Jun/2019:11:49:03 +0200] "GET /css/themes/alphacube.css HTTP/1.1" 304 - "http://renault.activities.at/login" "Mozilla/5.0 (Windows NT 6.1; WOW64; Trident/7.0; rv:11.0) like Gecko"
80.120.148.242 - - [21/Jun/2019:11:49:03 +0200] "GET /images/main_block_corner_left_top.gif HTTP/1.1" 304 - "http://renault.activities.at/login" "Mozilla/5.0 (Windows NT 6.1; WOW64; Trident/7.0; rv:11.0) like Gecko"
80.120.148.242 - - [21/Jun/2019:11:49:03 +0200] "GET /images/main_block_corner_right_bot.gif HTTP/1.1" 304 - "http://renault.activities.at/login" "Mozilla/5.0 (Windows NT 6.1; WOW64; Trident/7.0; rv:11.0) like Gecko"
80.120.148.242 - - [21/Jun/2019:11:49:03 +0200] "GET /images/header_block_border.gif HTTP/1.1" 304 - "http://renault.activities.at/login" "Mozilla/5.0 (Windows NT 6.1; WOW64; Trident/7.0; rv:11.0) like Gecko"
80.120.148.242 - - [21/Jun/2019:11:49:03 +0200] "GET /images/title_border_top.jpg HTTP/1.1" 304 - "http://renault.activities.at/login" "Mozilla/5.0 (Windows NT 6.1; WOW64; Trident/7.0; rv:11.0) like Gecko"
80.120.148.242 - - [21/Jun/2019:11:49:03 +0200] "GET /images/title_corner_right_top.jpg HTTP/1.1" 304 - "http://renault.activities.at/login" "Mozilla/5.0 (Windows NT 6.1; WOW64; Trident/7.0; rv:11.0) like Gecko"
80.120.148.242 - - [21/Jun/2019:11:49:03 +0200] "GET /images/title_corner_left_top.jpg HTTP/1.1" 304 - "http://renault.activities.at/login" "Mozilla/5.0 (Windows NT 6.1; WOW64; Trident/7.0; rv:11.0) like Gecko"
80.120.148.242 - - [21/Jun/2019:11:49:03 +0200] "GET /images/main_block_corner_right_top.gif HTTP/1.1" 304 - "http://renault.activities.at/login" "Mozilla/5.0 (Windows NT 6.1; WOW64; Trident/7.0; rv:11.0) like Gecko"
80.120.148.242 - - [21/Jun/2019:11:49:03 +0200] "GET /images/main_block_border.gif HTTP/1.1" 304 - "http://renault.activities.at/login" "Mozilla/5.0 (Windows NT 6.1; WOW64; Trident/7.0; rv:11.0) like Gecko"
80.120.148.242 - - [21/Jun/2019:11:49:03 +0200] "GET /images/main_block_corner_left_bot.gif HTTP/1.1" 304 - "http://renault.activities.at/login" "Mozilla/5.0 (Windows NT 6.1; WOW64; Trident/7.0; rv:11.0) like Gecko"
80.120.148.242 - - [21/Jun/2019:11:49:03 +0200] "GET /images/header_block_corner_left_top.gif HTTP/1.1" 304 - "http://renault.activities.at/login" "Mozilla/5.0 (Windows NT 6.1; WOW64; Trident/7.0; rv:11.0) like Gecko"
80.120.148.242 - - [21/Jun/2019:11:49:03 +0200] "GET /images/header_block_corner_right_top.gif HTTP/1.1" 304 - "http://renault.activities.at/login" "Mozilla/5.0 (Windows NT 6.1; WOW64; Trident/7.0; rv:11.0) like Gecko"
80.120.148.242 - - [21/Jun/2019:11:49:03 +0200] "GET /images/title_border.jpg HTTP/1.1" 304 - "http://renault.activities.at/login" "Mozilla/5.0 (Windows NT 6.1; WOW64; Trident/7.0; rv:11.0) like Gecko"
80.120.148.242 - - [21/Jun/2019:11:49:03 +0200] "GET /images/error_msg_icon.gif HTTP/1.1" 200 1013 "http://renault.activities.at/login" "Mozilla/5.0 (Windows NT 6.1; WOW64; Trident/7.0; rv:11.0) like Gecko"
80.120.148.242 - - [21/Jun/2019:11:49:03 +0200] "GET /images/button_left_bg.gif HTTP/1.1" 304 - "http://renault.activities.at/login" "Mozilla/5.0 (Windows NT 6.1; WOW64; Trident/7.0; rv:11.0) like Gecko"
80.120.148.242 - - [21/Jun/2019:11:49:03 +0200] "GET /images/button_bg.gif HTTP/1.1" 304 - "http://renault.activities.at/login" "Mozilla/5.0 (Windows NT 6.1; WOW64; Trident/7.0; rv:11.0) like Gecko"
80.120.148.242 - - [21/Jun/2019:11:49:03 +0200] "GET /images/button_right_bg.gif HTTP/1.1" 304 - "http://renault.activities.at/login" "Mozilla/5.0 (Windows NT 6.1; WOW64; Trident/7.0; rv:11.0) like Gecko"
80.120.148.242 - - [21/Jun/2019:11:49:03 +0200] "GET /favicon.ico HTTP/1.1" 200 3250 "-" "Mozilla/5.0 (Windows NT 6.1; Win64; x64; Trident/7.0; rv:11.0) like Gecko"
213.153.47.173 - - [21/Jun/2019:11:49:14 +0200] "GET /reload?ser=1561110554644 HTTP/1.1" 200 28 "http://renault.activities.at/login?required=true" "Mozilla/5.0 (Windows NT 10.0; Win64; x64; rv:67.0) Gecko/20100101 Firefox/67.0"
80.120.148.242 - - [21/Jun/2019:11:49:13 +0200] "POST /login HTTP/1.1" 302 140 "http://renault.activities.at/login" "Mozilla/5.0 (Windows NT 6.1; WOW64; Trident/7.0; rv:11.0) like Gecko"
80.120.148.242 - - [21/Jun/2019:11:49:15 +0200] "GET /account HTTP/1.1" 200 5942 "http://renault.activities.at/login" "Mozilla/5.0 (Windows NT 6.1; WOW64; Trident/7.0; rv:11.0) like Gecko"
80.120.148.242 - - [21/Jun/2019:11:49:18 +0200] "GET /js/default.js HTTP/1.1" 304 - "http://renault.activities.at/account" "Mozilla/5.0 (Windows NT 6.1; WOW64; Trident/7.0; rv:11.0) like Gecko"
80.120.148.242 - - [21/Jun/2019:11:49:18 +0200] "GET /css/reset.css HTTP/1.1" 304 - "http://renault.activities.at/account" "Mozilla/5.0 (Windows NT 6.1; WOW64; Trident/7.0; rv:11.0) like Gecko"
80.120.148.242 - - [21/Jun/2019:11:49:18 +0200] "GET /css/styles.css HTTP/1.1" 304 - "http://renault.activities.at/account" "Mozilla/5.0 (Windows NT 6.1; WOW64; Trident/7.0; rv:11.0) like Gecko"
80.120.148.242 - - [21/Jun/2019:11:49:18 +0200] "GET /js/index.php?c=auto&f=,prototype/prototype.js,prototype/validation.js,scriptaculous/builder.js,scriptaculous/effects.js,scriptaculous/dragdrop.js,scriptaculous/controls.js,scriptaculous/slider.js,varien/js.js,varien/form.js,varien/menu.js,mage/translate.js,mage/cookies.js,varien/product.js,spinner/SpinnerControl.jsmin.js,prototype/window.js,prototype/window_ext.js HTTP/1.1" 304 - "http://renault.activities.at/account" "Mozilla/5.0 (Windows NT 6.1; WOW64; Trident/7.0; rv:11.0) like Gecko"
80.120.148.242 - - [21/Jun/2019:11:49:18 +0200] "POST /login HTTP/1.1" 302 140 "http://renault.activities.at/login" "Mozilla/5.0 (Windows NT 6.1; WOW64; Trident/7.0; rv:11.0) like Gecko"
80.120.148.242 - - [21/Jun/2019:11:49:20 +0200] "GET /account HTTP/1.1" 200 5942 "http://renault.activities.at/login" "Mozilla/5.0 (Windows NT 6.1; WOW64; Trident/7.0; rv:11.0) like Gecko"
80.120.148.242 - - [21/Jun/2019:11:49:23 +0200] "GET /js/default.js HTTP/1.1" 304 - "http://renault.activities.at/account" "Mozilla/5.0 (Windows NT 6.1; WOW64; Trident/7.0; rv:11.0) like Gecko"
80.120.148.242 - - [21/Jun/2019:11:49:23 +0200] "GET /js/index.php?c=auto&f=,prototype/prototype.js,prototype/validation.js,scriptaculous/builder.js,scriptaculous/effects.js,scriptaculous/dragdrop.js,scriptaculous/controls.js,scriptaculous/slider.js,varien/js.js,varien/form.js,varien/menu.js,mage/translate.js,mage/cookies.js,varien/product.js,spinner/SpinnerControl.jsmin.js,prototype/window.js,prototype/window_ext.js HTTP/1.1" 304 - "http://renault.activities.at/account" "Mozilla/5.0 (Windows NT 6.1; WOW64; Trident/7.0; rv:11.0) like Gecko"
80.120.148.242 - - [21/Jun/2019:11:49:23 +0200] "GET /css/reset.css HTTP/1.1" 304 - "http://renault.activities.at/account" "Mozilla/5.0 (Windows NT 6.1; WOW64; Trident/7.0; rv:11.0) like Gecko"
80.120.148.242 - - [21/Jun/2019:11:49:23 +0200] "GET /css/styles.css HTTP/1.1" 304 - "http://renault.activities.at/account" "Mozilla/5.0 (Windows NT 6.1; WOW64; Trident/7.0; rv:11.0) like Gecko"
80.120.148.242 - - [21/Jun/2019:11:49:23 +0200] "GET /css/clears.css HTTP/1.1" 304 - "http://renault.activities.at/account" "Mozilla/5.0 (Windows NT 6.1; WOW64; Trident/7.0; rv:11.0) like Gecko"
80.120.148.242 - - [21/Jun/2019:11:49:23 +0200] "GET /css/print.css HTTP/1.1" 304 - "http://renault.activities.at/account" "Mozilla/5.0 (Windows NT 6.1; WOW64; Trident/7.0; rv:11.0) like Gecko"
80.120.148.242 - - [21/Jun/2019:11:49:23 +0200] "GET /js/checkout.css HTTP/1.1" 304 - "http://renault.activities.at/account" "Mozilla/5.0 (Windows NT 6.1; WOW64; Trident/7.0; rv:11.0) like Gecko"
80.120.148.242 - - [21/Jun/2019:11:49:23 +0200] "GET /css/prototip.css HTTP/1.1" 304 - "http://renault.activities.at/account" "Mozilla/5.0 (Windows NT 6.1; WOW64; Trident/7.0; rv:11.0) like Gecko"
80.120.148.242 - - [21/Jun/2019:11:49:23 +0200] "GET /css/themes/default.css HTTP/1.1" 304 - "http://renault.activities.at/account" "Mozilla/5.0 (Windows NT 6.1; WOW64; Trident/7.0; rv:11.0) like Gecko"
80.120.148.242 - - [21/Jun/2019:11:49:23 +0200] "GET /css/themes/alphacube.css HTTP/1.1" 304 - "http://renault.activities.at/account" "Mozilla/5.0 (Windows NT 6.1; WOW64; Trident/7.0; rv:11.0) like Gecko"
80.120.148.242 - - [21/Jun/2019:11:49:23 +0200] "GET /js/account.js HTTP/1.1" 200 953 "http://renault.activities.at/account" "Mozilla/5.0 (Windows NT 6.1; WOW64; Trident/7.0; rv:11.0) like Gecko"
80.120.148.242 - - [21/Jun/2019:11:49:23 +0200] "GET /images/header_block_corner_left_top.gif HTTP/1.1" 304 - "http://renault.activities.at/account" "Mozilla/5.0 (Windows NT 6.1; WOW64; Trident/7.0; rv:11.0) like Gecko"
80.120.148.242 - - [21/Jun/2019:11:49:23 +0200] "GET /images/header_block_corner_right_top.gif HTTP/1.1" 304 - "http://renault.activities.at/account" "Mozilla/5.0 (Windows NT 6.1; WOW64; Trident/7.0; rv:11.0) like Gecko"
80.120.148.242 - - [21/Jun/2019:11:49:23 +0200] "GET /images/search_bg.gif HTTP/1.1" 200 1726 "http://renault.activities.at/account" "Mozilla/5.0 (Windows NT 6.1; WOW64; Trident/7.0; rv:11.0) like Gecko"
80.120.148.242 - - [21/Jun/2019:11:49:23 +0200] "GET /images/main_block_border.gif HTTP/1.1" 304 - "http://renault.activities.at/account" "Mozilla/5.0 (Windows NT 6.1; WOW64; Trident/7.0; rv:11.0) like Gecko"
80.120.148.242 - - [21/Jun/2019:11:49:23 +0200] "GET /images/main_block_corner_right_bot.gif HTTP/1.1" 304 - "http://renault.activities.at/account" "Mozilla/5.0 (Windows NT 6.1; WOW64; Trident/7.0; rv:11.0) like Gecko"
80.120.148.242 - - [21/Jun/2019:11:49:23 +0200] "GET /images/main_block_corner_left_top.gif HTTP/1.1" 304 - "http://renault.activities.at/account" "Mozilla/5.0 (Windows NT 6.1; WOW64; Trident/7.0; rv:11.0) like Gecko"
80.120.148.242 - - [21/Jun/2019:11:49:23 +0200] "GET /images/main_block_corner_right_top.gif HTTP/1.1" 304 - "http://renault.activities.at/account" "Mozilla/5.0 (Windows NT 6.1; WOW64; Trident/7.0; rv:11.0) like Gecko"
80.120.148.242 - - [21/Jun/2019:11:49:23 +0200] "GET /images/main_block_corner_left_bot.gif HTTP/1.1" 304 - "http://renault.activities.at/account" "Mozilla/5.0 (Windows NT 6.1; WOW64; Trident/7.0; rv:11.0) like Gecko"
80.120.148.242 - - [21/Jun/2019:11:49:23 +0200] "GET /images/header_block_border.gif HTTP/1.1" 304 - "http://renault.activities.at/account" "Mozilla/5.0 (Windows NT 6.1; WOW64; Trident/7.0; rv:11.0) like Gecko"
80.120.148.242 - - [21/Jun/2019:11:49:23 +0200] "GET /images/nav_divider.gif HTTP/1.1" 200 43 "http://renault.activities.at/account" "Mozilla/5.0 (Windows NT 6.1; WOW64; Trident/7.0; rv:11.0) like Gecko"
80.120.148.242 - - [21/Jun/2019:11:49:23 +0200] "GET /images/menu_divider.gif HTTP/1.1" 200 176 "http://renault.activities.at/account" "Mozilla/5.0 (Windows NT 6.1; WOW64; Trident/7.0; rv:11.0) like Gecko"
80.120.148.242 - - [21/Jun/2019:11:49:23 +0200] "GET /images/button_left_bg.gif HTTP/1.1" 304 - "http://renault.activities.at/account" "Mozilla/5.0 (Windows NT 6.1; WOW64; Trident/7.0; rv:11.0) like Gecko"
80.120.148.242 - - [21/Jun/2019:11:49:23 +0200] "GET /images/menu_button_bg.jpg HTTP/1.1" 200 322 "http://renault.activities.at/account" "Mozilla/5.0 (Windows NT 6.1; WOW64; Trident/7.0; rv:11.0) like Gecko"
80.120.148.242 - - [21/Jun/2019:11:49:23 +0200] "GET /images/top_links_divider.gif HTTP/1.1" 200 44 "http://renault.activities.at/account" "Mozilla/5.0 (Windows NT 6.1; WOW64; Trident/7.0; rv:11.0) like Gecko"
80.120.148.242 - - [21/Jun/2019:11:49:23 +0200] "GET /images/sidebar_title_border.gif HTTP/1.1" 200 43 "http://renault.activities.at/account" "Mozilla/5.0 (Windows NT 6.1; WOW64; Trident/7.0; rv:11.0) like Gecko"
80.120.148.242 - - [21/Jun/2019:11:49:23 +0200] "GET /images/sidebar_title_border_top.gif HTTP/1.1" 200 155 "http://renault.activities.at/account" "Mozilla/5.0 (Windows NT 6.1; WOW64; Trident/7.0; rv:11.0) like Gecko"
80.120.148.242 - - [21/Jun/2019:11:49:23 +0200] "GET /images/sidebar_title_corner_left_top.gif HTTP/1.1" 200 1124 "http://renault.activities.at/account" "Mozilla/5.0 (Windows NT 6.1; WOW64; Trident/7.0; rv:11.0) like Gecko"
80.120.148.242 - - [21/Jun/2019:11:49:23 +0200] "GET /images/button_right_bg.gif HTTP/1.1" 304 - "http://renault.activities.at/account" "Mozilla/5.0 (Windows NT 6.1; WOW64; Trident/7.0; rv:11.0) like Gecko"
80.120.148.242 - - [21/Jun/2019:11:49:23 +0200] "GET /images/sidebar_title_corner_right_top.gif HTTP/1.1" 200 383 "http://renault.activities.at/account" "Mozilla/5.0 (Windows NT 6.1; WOW64; Trident/7.0; rv:11.0) like Gecko"
80.120.148.242 - - [21/Jun/2019:11:49:23 +0200] "GET /images/button_bg.gif HTTP/1.1" 304 - "http://renault.activities.at/account" "Mozilla/5.0 (Windows NT 6.1; WOW64; Trident/7.0; rv:11.0) like Gecko"
80.120.148.242 - - [21/Jun/2019:11:49:23 +0200] "GET /images/title_border.jpg HTTP/1.1" 304 - "http://renault.activities.at/account" "Mozilla/5.0 (Windows NT 6.1; WOW64; Trident/7.0; rv:11.0) like Gecko"
80.120.148.242 - - [21/Jun/2019:11:49:23 +0200] "GET /images/title_border_top.jpg HTTP/1.1" 304 - "http://renault.activities.at/account" "Mozilla/5.0 (Windows NT 6.1; WOW64; Trident/7.0; rv:11.0) like Gecko"
80.120.148.242 - - [21/Jun/2019:11:49:23 +0200] "GET /images/title_corner_left_top.jpg HTTP/1.1" 304 - "http://renault.activities.at/account" "Mozilla/5.0 (Windows NT 6.1; WOW64; Trident/7.0; rv:11.0) like Gecko"
