80.123.225.36 - - [26/Jun/2019:14:25:43 +0200] "GET /images/footer_divider.gif HTTP/1.1" 304 - "http://renault.activities.at/12056563" "Mozilla/5.0 (compatible; MSIE 10.0; Windows NT 6.1; WOW64; Trident/6.0)"
80.123.225.36 - - [26/Jun/2019:14:25:46 +0200] "GET /images/menu_button_bg.jpg HTTP/1.1" 304 - "http://renault.activities.at/12056563" "Mozilla/5.0 (compatible; MSIE 10.0; Windows NT 6.1; WOW64; Trident/6.0)"
138.21.12.22 - - [26/Jun/2019:14:25:45 +0200] "GET /reload?ser=1561551945649 HTTP/1.1" 200 28 "http://renault.2web.at/account?loadrequest=true" "Mozilla/5.0 (Windows NT 10.0; WOW64; Trident/7.0; Touch; rv:11.0) like Gecko"
80.123.225.36 - - [26/Jun/2019:14:26:05 +0200] "GET /insertactionorder?print=true&Document=&Event=12056563&action=insert&article=12054101&amount=1 HTTP/1.1" 200 2289 "http://renault.activities.at/12056563" "Mozilla/5.0 (compatible; MSIE 10.0; Windows NT 6.1; WOW64; Trident/6.0)"
80.123.225.36 - - [26/Jun/2019:14:26:09 +0200] "GET /js/default.js HTTP/1.1" 304 - "http://renault.activities.at/insertactionorder?print=true&Document=&Event=12056563&action=insert&article=12054101&amount=1" "Mozilla/5.0 (compatible; MSIE 10.0; Windows NT 6.1; WOW64; Trident/6.0)"
80.123.225.36 - - [26/Jun/2019:14:26:09 +0200] "GET /css/reset.css HTTP/1.1" 304 - "http://renault.activities.at/insertactionorder?print=true&Document=&Event=12056563&action=insert&article=12054101&amount=1" "Mozilla/5.0 (compatible; MSIE 10.0; Windows NT 6.1; WOW64; Trident/6.0)"
80.123.225.36 - - [26/Jun/2019:14:26:09 +0200] "GET /css/styles.css HTTP/1.1" 304 - "http://renault.activities.at/insertactionorder?print=true&Document=&Event=12056563&action=insert&article=12054101&amount=1" "Mozilla/5.0 (compatible; MSIE 10.0; Windows NT 6.1; WOW64; Trident/6.0)"
80.123.225.36 - - [26/Jun/2019:14:26:09 +0200] "GET /css/clears.css HTTP/1.1" 304 - "http://renault.activities.at/insertactionorder?print=true&Document=&Event=12056563&action=insert&article=12054101&amount=1" "Mozilla/5.0 (compatible; MSIE 10.0; Windows NT 6.1; WOW64; Trident/6.0)"
80.123.225.36 - - [26/Jun/2019:14:26:09 +0200] "GET /css/print.css HTTP/1.1" 304 - "http://renault.activities.at/insertactionorder?print=true&Document=&Event=12056563&action=insert&article=12054101&amount=1" "Mozilla/5.0 (compatible; MSIE 10.0; Windows NT 6.1; WOW64; Trident/6.0)"
80.123.225.36 - - [26/Jun/2019:14:26:09 +0200] "GET /js/checkout.css HTTP/1.1" 304 - "http://renault.activities.at/insertactionorder?print=true&Document=&Event=12056563&action=insert&article=12054101&amount=1" "Mozilla/5.0 (compatible; MSIE 10.0; Windows NT 6.1; WOW64; Trident/6.0)"
80.123.225.36 - - [26/Jun/2019:14:26:09 +0200] "GET /images/success_msg_icon.gif HTTP/1.1" 200 1024 "http://renault.activities.at/12056563" "Mozilla/5.0 (compatible; MSIE 10.0; Windows NT 6.1; WOW64; Trident/6.0)"
80.123.225.36 - - [26/Jun/2019:14:26:09 +0200] "GET /images/icons/basket_remove.gif HTTP/1.1" 200 1015 "http://renault.activities.at/insertactionorder?print=true&Document=&Event=12056563&action=insert&article=12054101&amount=1" "Mozilla/5.0 (compatible; MSIE 10.0; Windows NT 6.1; WOW64; Trident/6.0)"
80.123.225.36 - - [26/Jun/2019:14:26:10 +0200] "GET /insertactionorder?print=true&Document=12060822&Event=12056563&action=insert&article=12054107&amount=1 HTTP/1.1" 200 2408 "http://renault.activities.at/12056563" "Mozilla/5.0 (compatible; MSIE 10.0; Windows NT 6.1; WOW64; Trident/6.0)"
80.123.225.36 - - [26/Jun/2019:14:26:14 +0200] "GET /js/default.js HTTP/1.1" 304 - "http://renault.activities.at/insertactionorder?print=true&Document=12060822&Event=12056563&action=insert&article=12054107&amount=1" "Mozilla/5.0 (compatible; MSIE 10.0; Windows NT 6.1; WOW64; Trident/6.0)"
80.123.225.36 - - [26/Jun/2019:14:26:14 +0200] "GET /css/reset.css HTTP/1.1" 304 - "http://renault.activities.at/insertactionorder?print=true&Document=12060822&Event=12056563&action=insert&article=12054107&amount=1" "Mozilla/5.0 (compatible; MSIE 10.0; Windows NT 6.1; WOW64; Trident/6.0)"
80.123.225.36 - - [26/Jun/2019:14:26:14 +0200] "GET /css/clears.css HTTP/1.1" 304 - "http://renault.activities.at/insertactionorder?print=true&Document=12060822&Event=12056563&action=insert&article=12054107&amount=1" "Mozilla/5.0 (compatible; MSIE 10.0; Windows NT 6.1; WOW64; Trident/6.0)"
80.123.225.36 - - [26/Jun/2019:14:26:14 +0200] "GET /css/styles.css HTTP/1.1" 304 - "http://renault.activities.at/insertactionorder?print=true&Document=12060822&Event=12056563&action=insert&article=12054107&amount=1" "Mozilla/5.0 (compatible; MSIE 10.0; Windows NT 6.1; WOW64; Trident/6.0)"
80.123.225.36 - - [26/Jun/2019:14:26:14 +0200] "GET /css/print.css HTTP/1.1" 304 - "http://renault.activities.at/insertactionorder?print=true&Document=12060822&Event=12056563&action=insert&article=12054107&amount=1" "Mozilla/5.0 (compatible; MSIE 10.0; Windows NT 6.1; WOW64; Trident/6.0)"
80.123.225.36 - - [26/Jun/2019:14:26:14 +0200] "GET /js/checkout.css HTTP/1.1" 304 - "http://renault.activities.at/insertactionorder?print=true&Document=12060822&Event=12056563&action=insert&article=12054107&amount=1" "Mozilla/5.0 (compatible; MSIE 10.0; Windows NT 6.1; WOW64; Trident/6.0)"
80.123.225.36 - - [26/Jun/2019:14:26:14 +0200] "GET /css/prototip.css HTTP/1.1" 304 - "http://renault.activities.at/insertactionorder?print=true&Document=12060822&Event=12056563&action=insert&article=12054107&amount=1" "Mozilla/5.0 (compatible; MSIE 10.0; Windows NT 6.1; WOW64; Trident/6.0)"
80.123.225.36 - - [26/Jun/2019:14:26:14 +0200] "GET /css/themes/default.css HTTP/1.1" 304 - "http://renault.activities.at/insertactionorder?print=true&Document=12060822&Event=12056563&action=insert&article=12054107&amount=1" "Mozilla/5.0 (compatible; MSIE 10.0; Windows NT 6.1; WOW64; Trident/6.0)"
80.123.225.36 - - [26/Jun/2019:14:26:31 +0200] "GET /images/vista-up-hover.gif HTTP/1.1" 200 130 "http://renault.activities.at/12056563" "Mozilla/5.0 (compatible; MSIE 10.0; Windows NT 6.1; WOW64; Trident/6.0)"
80.123.225.36 - - [26/Jun/2019:14:26:46 +0200] "GET /reload?ser=1561552009640 HTTP/1.1" 200 28 "http://renault.activities.at/12056563" "Mozilla/5.0 (compatible; MSIE 10.0; Windows NT 6.1; WOW64; Trident/6.0)"
138.21.12.22 - - [26/Jun/2019:14:26:46 +0200] "GET /reload?ser=1561552006685 HTTP/1.1" 200 28 "http://renault.2web.at/account?loadrequest=true" "Mozilla/5.0 (Windows NT 10.0; WOW64; Trident/7.0; Touch; rv:11.0) like Gecko"
80.123.225.36 - - [26/Jun/2019:14:27:47 +0200] "GET /reload?ser=1561552070656 HTTP/1.1" 200 28 "http://renault.activities.at/12056563" "Mozilla/5.0 (compatible; MSIE 10.0; Windows NT 6.1; WOW64; Trident/6.0)"
138.21.12.22 - - [26/Jun/2019:14:27:48 +0200] "GET /reload?ser=1561552067755 HTTP/1.1" 200 28 "http://renault.2web.at/account?loadrequest=true" "Mozilla/5.0 (Windows NT 10.0; WOW64; Trident/7.0; Touch; rv:11.0) like Gecko"
80.123.225.36 - - [26/Jun/2019:14:28:48 +0200] "GET /reload?ser=1561552131656 HTTP/1.1" 200 28 "http://renault.activities.at/12056563" "Mozilla/5.0 (compatible; MSIE 10.0; Windows NT 6.1; WOW64; Trident/6.0)"
138.21.12.22 - - [26/Jun/2019:14:28:49 +0200] "GET /reload?ser=1561552128775 HTTP/1.1" 200 28 "http://renault.2web.at/account?loadrequest=true" "Mozilla/5.0 (Windows NT 10.0; WOW64; Trident/7.0; Touch; rv:11.0) like Gecko"
80.123.225.36 - - [26/Jun/2019:14:29:49 +0200] "GET /reload?ser=1561552192635 HTTP/1.1" 200 28 "http://renault.activities.at/12056563" "Mozilla/5.0 (compatible; MSIE 10.0; Windows NT 6.1; WOW64; Trident/6.0)"
138.21.12.22 - - [26/Jun/2019:14:29:50 +0200] "GET /reload?ser=1561552189830 HTTP/1.1" 200 28 "http://renault.2web.at/account?loadrequest=true" "Mozilla/5.0 (Windows NT 10.0; WOW64; Trident/7.0; Touch; rv:11.0) like Gecko"
80.123.225.36 - - [26/Jun/2019:14:30:50 +0200] "GET /reload?ser=1561552253606 HTTP/1.1" 200 28 "http://renault.activities.at/12056563" "Mozilla/5.0 (compatible; MSIE 10.0; Windows NT 6.1; WOW64; Trident/6.0)"
138.21.12.22 - - [26/Jun/2019:14:30:51 +0200] "GET /reload?ser=1561552250904 HTTP/1.1" 200 28 "http://renault.2web.at/account?loadrequest=true" "Mozilla/5.0 (Windows NT 10.0; WOW64; Trident/7.0; Touch; rv:11.0) like Gecko"
80.123.225.36 - - [26/Jun/2019:14:31:51 +0200] "GET /reload?ser=1561552314590 HTTP/1.1" 200 28 "http://renault.activities.at/12056563" "Mozilla/5.0 (compatible; MSIE 10.0; Windows NT 6.1; WOW64; Trident/6.0)"
138.21.12.22 - - [26/Jun/2019:14:31:52 +0200] "GET /reload?ser=1561552311975 HTTP/1.1" 200 28 "http://renault.2web.at/account?loadrequest=true" "Mozilla/5.0 (Windows NT 10.0; WOW64; Trident/7.0; Touch; rv:11.0) like Gecko"
80.123.225.36 - - [26/Jun/2019:14:32:01 +0200] "GET /insertactionorder?print=true&Document=12060822&Event=12056563&action=insert&article=12054123&amount=42&imprint%5B%5D=10222758%7C10327383&imprint%5B%5D=10231396%7C10344628 HTTP/1.1" 200 2891 "http://renault.activities.at/12056563" "Mozilla/5.0 (compatible; MSIE 10.0; Windows NT 6.1; WOW64; Trident/6.0)"
80.123.225.36 - - [26/Jun/2019:14:32:05 +0200] "GET /css/reset.css HTTP/1.1" 304 - "http://renault.activities.at/insertactionorder?print=true&Document=12060822&Event=12056563&action=insert&article=12054123&amount=42&imprint%5B%5D=10222758%7C10327383&imprint%5B%5D=10231396%7C10344628" "Mozilla/5.0 (compatible; MSIE 10.0; Windows NT 6.1; WOW64; Trident/6.0)"
80.123.225.36 - - [26/Jun/2019:14:32:05 +0200] "GET /js/default.js HTTP/1.1" 304 - "http://renault.activities.at/insertactionorder?print=true&Document=12060822&Event=12056563&action=insert&article=12054123&amount=42&imprint%5B%5D=10222758%7C10327383&imprint%5B%5D=10231396%7C10344628" "Mozilla/5.0 (compatible; MSIE 10.0; Windows NT 6.1; WOW64; Trident/6.0)"
80.123.225.36 - - [26/Jun/2019:14:32:05 +0200] "GET /css/styles.css HTTP/1.1" 304 - "http://renault.activities.at/insertactionorder?print=true&Document=12060822&Event=12056563&action=insert&article=12054123&amount=42&imprint%5B%5D=10222758%7C10327383&imprint%5B%5D=10231396%7C10344628" "Mozilla/5.0 (compatible; MSIE 10.0; Windows NT 6.1; WOW64; Trident/6.0)"
80.123.225.36 - - [26/Jun/2019:14:32:05 +0200] "GET /css/clears.css HTTP/1.1" 304 - "http://renault.activities.at/insertactionorder?print=true&Document=12060822&Event=12056563&action=insert&article=12054123&amount=42&imprint%5B%5D=10222758%7C10327383&imprint%5B%5D=10231396%7C10344628" "Mozilla/5.0 (compatible; MSIE 10.0; Windows NT 6.1; WOW64; Trident/6.0)"
80.123.225.36 - - [26/Jun/2019:14:32:05 +0200] "GET /css/print.css HTTP/1.1" 304 - "http://renault.activities.at/insertactionorder?print=true&Document=12060822&Event=12056563&action=insert&article=12054123&amount=42&imprint%5B%5D=10222758%7C10327383&imprint%5B%5D=10231396%7C10344628" "Mozilla/5.0 (compatible; MSIE 10.0; Windows NT 6.1; WOW64; Trident/6.0)"
80.123.225.36 - - [26/Jun/2019:14:32:05 +0200] "GET /js/checkout.css HTTP/1.1" 304 - "http://renault.activities.at/insertactionorder?print=true&Document=12060822&Event=12056563&action=insert&article=12054123&amount=42&imprint%5B%5D=10222758%7C10327383&imprint%5B%5D=10231396%7C10344628" "Mozilla/5.0 (compatible; MSIE 10.0; Windows NT 6.1; WOW64; Trident/6.0)"
80.123.225.36 - - [26/Jun/2019:14:32:05 +0200] "GET /css/prototip.css HTTP/1.1" 304 - "http://renault.activities.at/insertactionorder?print=true&Document=12060822&Event=12056563&action=insert&article=12054123&amount=42&imprint%5B%5D=10222758%7C10327383&imprint%5B%5D=10231396%7C10344628" "Mozilla/5.0 (compatible; MSIE 10.0; Windows NT 6.1; WOW64; Trident/6.0)"
80.123.225.36 - - [26/Jun/2019:14:32:05 +0200] "GET /css/themes/default.css HTTP/1.1" 304 - "http://renault.activities.at/insertactionorder?print=true&Document=12060822&Event=12056563&action=insert&article=12054123&amount=42&imprint%5B%5D=10222758%7C10327383&imprint%5B%5D=10231396%7C10344628" "Mozilla/5.0 (compatible; MSIE 10.0; Windows NT 6.1; WOW64; Trident/6.0)"
80.123.225.36 - - [26/Jun/2019:14:32:05 +0200] "GET /css/themes/alphacube.css HTTP/1.1" 304 - "http://renault.activities.at/insertactionorder?print=true&Document=12060822&Event=12056563&action=insert&article=12054123&amount=42&imprint%5B%5D=10222758%7C10327383&imprint%5B%5D=10231396%7C10344628" "Mozilla/5.0 (compatible; MSIE 10.0; Windows NT 6.1; WOW64; Trident/6.0)"
80.123.225.36 - - [26/Jun/2019:14:32:52 +0200] "GET /reload?ser=1561552375562 HTTP/1.1" 200 28 "http://renault.activities.at/12056563" "Mozilla/5.0 (compatible; MSIE 10.0; Windows NT 6.1; WOW64; Trident/6.0)"
138.21.12.22 - - [26/Jun/2019:14:32:53 +0200] "GET /reload?ser=1561552373027 HTTP/1.1" 200 28 "http://renault.2web.at/account?loadrequest=true" "Mozilla/5.0 (Windows NT 10.0; WOW64; Trident/7.0; Touch; rv:11.0) like Gecko"
80.123.225.36 - - [26/Jun/2019:14:32:55 +0200] "GET /insertactionorder?print=true&Document=12060822&Event=12056563&action=insert&article=12054110&amount=1 HTTP/1.1" 200 3003 "http://renault.activities.at/12056563" "Mozilla/5.0 (compatible; MSIE 10.0; Windows NT 6.1; WOW64; Trident/6.0)"
80.123.225.36 - - [26/Jun/2019:14:32:58 +0200] "GET /js/default.js HTTP/1.1" 304 - "http://renault.activities.at/insertactionorder?print=true&Document=12060822&Event=12056563&action=insert&article=12054110&amount=1" "Mozilla/5.0 (compatible; MSIE 10.0; Windows NT 6.1; WOW64; Trident/6.0)"
80.123.225.36 - - [26/Jun/2019:14:32:58 +0200] "GET /css/reset.css HTTP/1.1" 304 - "http://renault.activities.at/insertactionorder?print=true&Document=12060822&Event=12056563&action=insert&article=12054110&amount=1" "Mozilla/5.0 (compatible; MSIE 10.0; Windows NT 6.1; WOW64; Trident/6.0)"
80.123.225.36 - - [26/Jun/2019:14:32:58 +0200] "GET /css/styles.css HTTP/1.1" 304 - "http://renault.activities.at/insertactionorder?print=true&Document=12060822&Event=12056563&action=insert&article=12054110&amount=1" "Mozilla/5.0 (compatible; MSIE 10.0; Windows NT 6.1; WOW64; Trident/6.0)"
80.123.225.36 - - [26/Jun/2019:14:32:58 +0200] "GET /css/clears.css HTTP/1.1" 304 - "http://renault.activities.at/insertactionorder?print=true&Document=12060822&Event=12056563&action=insert&article=12054110&amount=1" "Mozilla/5.0 (compatible; MSIE 10.0; Windows NT 6.1; WOW64; Trident/6.0)"
80.123.225.36 - - [26/Jun/2019:14:32:58 +0200] "GET /css/print.css HTTP/1.1" 304 - "http://renault.activities.at/insertactionorder?print=true&Document=12060822&Event=12056563&action=insert&article=12054110&amount=1" "Mozilla/5.0 (compatible; MSIE 10.0; Windows NT 6.1; WOW64; Trident/6.0)"
80.123.225.36 - - [26/Jun/2019:14:32:58 +0200] "GET /js/checkout.css HTTP/1.1" 304 - "http://renault.activities.at/insertactionorder?print=true&Document=12060822&Event=12056563&action=insert&article=12054110&amount=1" "Mozilla/5.0 (compatible; MSIE 10.0; Windows NT 6.1; WOW64; Trident/6.0)"
80.123.225.36 - - [26/Jun/2019:14:32:58 +0200] "GET /css/themes/default.css HTTP/1.1" 304 - "http://renault.activities.at/insertactionorder?print=true&Document=12060822&Event=12056563&action=insert&article=12054110&amount=1" "Mozilla/5.0 (compatible; MSIE 10.0; Windows NT 6.1; WOW64; Trident/6.0)"
80.123.225.36 - - [26/Jun/2019:14:32:58 +0200] "GET /css/prototip.css HTTP/1.1" 304 - "http://renault.activities.at/insertactionorder?print=true&Document=12060822&Event=12056563&action=insert&article=12054110&amount=1" "Mozilla/5.0 (compatible; MSIE 10.0; Windows NT 6.1; WOW64; Trident/6.0)"
80.123.225.36 - - [26/Jun/2019:14:32:58 +0200] "GET /css/themes/alphacube.css HTTP/1.1" 304 - "http://renault.activities.at/insertactionorder?print=true&Document=12060822&Event=12056563&action=insert&article=12054110&amount=1" "Mozilla/5.0 (compatible; MSIE 10.0; Windows NT 6.1; WOW64; Trident/6.0)"
80.123.225.36 - - [26/Jun/2019:14:33:53 +0200] "GET /reload?ser=1561552436545 HTTP/1.1" 200 28 "http://renault.activities.at/12056563" "Mozilla/5.0 (compatible; MSIE 10.0; Windows NT 6.1; WOW64; Trident/6.0)"
138.21.12.22 - - [26/Jun/2019:14:33:54 +0200] "GET /reload?ser=1561552434054 HTTP/1.1" 200 28 "http://renault.2web.at/account?loadrequest=true" "Mozilla/5.0 (Windows NT 10.0; WOW64; Trident/7.0; Touch; rv:11.0) like Gecko"
80.123.225.36 - - [26/Jun/2019:14:34:54 +0200] "GET /reload?ser=1561552497543 HTTP/1.1" 200 28 "http://renault.activities.at/12056563" "Mozilla/5.0 (compatible; MSIE 10.0; Windows NT 6.1; WOW64; Trident/6.0)"
138.21.12.22 - - [26/Jun/2019:14:34:55 +0200] "GET /reload?ser=1561552495145 HTTP/1.1" 200 28 "http://renault.2web.at/account?loadrequest=true" "Mozilla/5.0 (Windows NT 10.0; WOW64; Trident/7.0; Touch; rv:11.0) like Gecko"
80.123.225.36 - - [26/Jun/2019:14:35:48 +0200] "GET /images/vista-dn-hover.gif HTTP/1.1" 200 127 "http://renault.activities.at/12056563" "Mozilla/5.0 (compatible; MSIE 10.0; Windows NT 6.1; WOW64; Trident/6.0)"
80.123.225.36 - - [26/Jun/2019:14:35:49 +0200] "GET /insertactionorder?print=true&Document=12060822&Event=12056563&action=insert&article=12054131&amount=1 HTTP/1.1" 200 3137 "http://renault.activities.at/12056563" "Mozilla/5.0 (compatible; MSIE 10.0; Windows NT 6.1; WOW64; Trident/6.0)"
80.123.225.36 - - [26/Jun/2019:14:35:52 +0200] "GET /css/reset.css HTTP/1.1" 304 - "http://renault.activities.at/insertactionorder?print=true&Document=12060822&Event=12056563&action=insert&article=12054131&amount=1" "Mozilla/5.0 (compatible; MSIE 10.0; Windows NT 6.1; WOW64; Trident/6.0)"
80.123.225.36 - - [26/Jun/2019:14:35:52 +0200] "GET /js/default.js HTTP/1.1" 304 - "http://renault.activities.at/insertactionorder?print=true&Document=12060822&Event=12056563&action=insert&article=12054131&amount=1" "Mozilla/5.0 (compatible; MSIE 10.0; Windows NT 6.1; WOW64; Trident/6.0)"
80.123.225.36 - - [26/Jun/2019:14:35:52 +0200] "GET /css/styles.css HTTP/1.1" 304 - "http://renault.activities.at/insertactionorder?print=true&Document=12060822&Event=12056563&action=insert&article=12054131&amount=1" "Mozilla/5.0 (compatible; MSIE 10.0; Windows NT 6.1; WOW64; Trident/6.0)"
80.123.225.36 - - [26/Jun/2019:14:35:52 +0200] "GET /css/clears.css HTTP/1.1" 304 - "http://renault.activities.at/insertactionorder?print=true&Document=12060822&Event=12056563&action=insert&article=12054131&amount=1" "Mozilla/5.0 (compatible; MSIE 10.0; Windows NT 6.1; WOW64; Trident/6.0)"
80.123.225.36 - - [26/Jun/2019:14:35:52 +0200] "GET /css/print.css HTTP/1.1" 304 - "http://renault.activities.at/insertactionorder?print=true&Document=12060822&Event=12056563&action=insert&article=12054131&amount=1" "Mozilla/5.0 (compatible; MSIE 10.0; Windows NT 6.1; WOW64; Trident/6.0)"
80.123.225.36 - - [26/Jun/2019:14:35:52 +0200] "GET /js/checkout.css HTTP/1.1" 304 - "http://renault.activities.at/insertactionorder?print=true&Document=12060822&Event=12056563&action=insert&article=12054131&amount=1" "Mozilla/5.0 (compatible; MSIE 10.0; Windows NT 6.1; WOW64; Trident/6.0)"
80.123.225.36 - - [26/Jun/2019:14:35:52 +0200] "GET /css/prototip.css HTTP/1.1" 304 - "http://renault.activities.at/insertactionorder?print=true&Document=12060822&Event=12056563&action=insert&article=12054131&amount=1" "Mozilla/5.0 (compatible; MSIE 10.0; Windows NT 6.1; WOW64; Trident/6.0)"
80.123.225.36 - - [26/Jun/2019:14:35:52 +0200] "GET /css/themes/default.css HTTP/1.1" 304 - "http://renault.activities.at/insertactionorder?print=true&Document=12060822&Event=12056563&action=insert&article=12054131&amount=1" "Mozilla/5.0 (compatible; MSIE 10.0; Windows NT 6.1; WOW64; Trident/6.0)"
80.123.225.36 - - [26/Jun/2019:14:35:52 +0200] "GET /css/themes/alphacube.css HTTP/1.1" 304 - "http://renault.activities.at/insertactionorder?print=true&Document=12060822&Event=12056563&action=insert&article=12054131&amount=1" "Mozilla/5.0 (compatible; MSIE 10.0; Windows NT 6.1; WOW64; Trident/6.0)"
80.123.225.36 - - [26/Jun/2019:14:35:55 +0200] "GET /reload?ser=1561552558538 HTTP/1.1" 200 28 "http://renault.activities.at/12056563" "Mozilla/5.0 (compatible; MSIE 10.0; Windows NT 6.1; WOW64; Trident/6.0)"
138.21.12.22 - - [26/Jun/2019:14:35:56 +0200] "GET /reload?ser=1561552556208 HTTP/1.1" 200 28 "http://renault.2web.at/account?loadrequest=true" "Mozilla/5.0 (Windows NT 10.0; WOW64; Trident/7.0; Touch; rv:11.0) like Gecko"
80.123.225.36 - - [26/Jun/2019:14:36:42 +0200] "GET /insertactionorder?print=true&Document=12060822&Event=12056563&action=insert&article=12054127&amount=1 HTTP/1.1" 200 3261 "http://renault.activities.at/12056563" "Mozilla/5.0 (compatible; MSIE 10.0; Windows NT 6.1; WOW64; Trident/6.0)"
80.123.225.36 - - [26/Jun/2019:14:36:45 +0200] "GET /js/default.js HTTP/1.1" 304 - "http://renault.activities.at/insertactionorder?print=true&Document=12060822&Event=12056563&action=insert&article=12054127&amount=1" "Mozilla/5.0 (compatible; MSIE 10.0; Windows NT 6.1; WOW64; Trident/6.0)"
80.123.225.36 - - [26/Jun/2019:14:36:45 +0200] "GET /css/reset.css HTTP/1.1" 304 - "http://renault.activities.at/insertactionorder?print=true&Document=12060822&Event=12056563&action=insert&article=12054127&amount=1" "Mozilla/5.0 (compatible; MSIE 10.0; Windows NT 6.1; WOW64; Trident/6.0)"
80.123.225.36 - - [26/Jun/2019:14:36:45 +0200] "GET /css/styles.css HTTP/1.1" 304 - "http://renault.activities.at/insertactionorder?print=true&Document=12060822&Event=12056563&action=insert&article=12054127&amount=1" "Mozilla/5.0 (compatible; MSIE 10.0; Windows NT 6.1; WOW64; Trident/6.0)"
80.123.225.36 - - [26/Jun/2019:14:36:45 +0200] "GET /css/clears.css HTTP/1.1" 304 - "http://renault.activities.at/insertactionorder?print=true&Document=12060822&Event=12056563&action=insert&article=12054127&amount=1" "Mozilla/5.0 (compatible; MSIE 10.0; Windows NT 6.1; WOW64; Trident/6.0)"
80.123.225.36 - - [26/Jun/2019:14:36:45 +0200] "GET /css/print.css HTTP/1.1" 304 - "http://renault.activities.at/insertactionorder?print=true&Document=12060822&Event=12056563&action=insert&article=12054127&amount=1" "Mozilla/5.0 (compatible; MSIE 10.0; Windows NT 6.1; WOW64; Trident/6.0)"
80.123.225.36 - - [26/Jun/2019:14:36:45 +0200] "GET /js/checkout.css HTTP/1.1" 304 - "http://renault.activities.at/insertactionorder?print=true&Document=12060822&Event=12056563&action=insert&article=12054127&amount=1" "Mozilla/5.0 (compatible; MSIE 10.0; Windows NT 6.1; WOW64; Trident/6.0)"
80.123.225.36 - - [26/Jun/2019:14:36:45 +0200] "GET /css/prototip.css HTTP/1.1" 304 - "http://renault.activities.at/insertactionorder?print=true&Document=12060822&Event=12056563&action=insert&article=12054127&amount=1" "Mozilla/5.0 (compatible; MSIE 10.0; Windows NT 6.1; WOW64; Trident/6.0)"
80.123.225.36 - - [26/Jun/2019:14:36:45 +0200] "GET /css/themes/default.css HTTP/1.1" 304 - "http://renault.activities.at/insertactionorder?print=true&Document=12060822&Event=12056563&action=insert&article=12054127&amount=1" "Mozilla/5.0 (compatible; MSIE 10.0; Windows NT 6.1; WOW64; Trident/6.0)"
80.123.225.36 - - [26/Jun/2019:14:36:45 +0200] "GET /css/themes/alphacube.css HTTP/1.1" 304 - "http://renault.activities.at/insertactionorder?print=true&Document=12060822&Event=12056563&action=insert&article=12054127&amount=1" "Mozilla/5.0 (compatible; MSIE 10.0; Windows NT 6.1; WOW64; Trident/6.0)"
138.21.12.22 - - [26/Jun/2019:14:36:57 +0200] "GET /reload?ser=1561552617236 HTTP/1.1" 200 28 "http://renault.2web.at/account?loadrequest=true" "Mozilla/5.0 (Windows NT 10.0; WOW64; Trident/7.0; Touch; rv:11.0) like Gecko"
80.123.225.36 - - [26/Jun/2019:14:36:54 +0200] "POST /updateactionorder?req=true HTTP/1.1" 200 2146 "http://renault.activities.at/12056563" "Mozilla/5.0 (compatible; MSIE 10.0; Windows NT 6.1; WOW64; Trident/6.0)"
80.123.225.36 - - [26/Jun/2019:14:36:56 +0200] "GET /reload?ser=1561552619545 HTTP/1.1" 200 28 "http://renault.activities.at/12056563" "Mozilla/5.0 (compatible; MSIE 10.0; Windows NT 6.1; WOW64; Trident/6.0)"
80.123.225.36 - - [26/Jun/2019:14:37:16 +0200] "GET /12060822?print=true HTTP/1.1" 200 2681 "-" "Mozilla/5.0 (compatible; MSIE 10.0; Windows NT 6.1; WOW64; Trident/6.0)"
80.123.225.36 - - [26/Jun/2019:14:37:18 +0200] "GET /js/default.js HTTP/1.1" 304 - "http://renault.activities.at/12060822?print=true" "Mozilla/5.0 (compatible; MSIE 10.0; Windows NT 6.1; WOW64; Trident/6.0)"
80.123.225.36 - - [26/Jun/2019:14:37:18 +0200] "GET /css/reset.css HTTP/1.1" 304 - "http://renault.activities.at/12060822?print=true" "Mozilla/5.0 (compatible; MSIE 10.0; Windows NT 6.1; WOW64; Trident/6.0)"
80.123.225.36 - - [26/Jun/2019:14:37:18 +0200] "GET /css/styles.css HTTP/1.1" 304 - "http://renault.activities.at/12060822?print=true" "Mozilla/5.0 (compatible; MSIE 10.0; Windows NT 6.1; WOW64; Trident/6.0)"
80.123.225.36 - - [26/Jun/2019:14:37:18 +0200] "GET /css/clears.css HTTP/1.1" 304 - "http://renault.activities.at/12060822?print=true" "Mozilla/5.0 (compatible; MSIE 10.0; Windows NT 6.1; WOW64; Trident/6.0)"
80.123.225.36 - - [26/Jun/2019:14:37:18 +0200] "GET /css/print.css HTTP/1.1" 304 - "http://renault.activities.at/12060822?print=true" "Mozilla/5.0 (compatible; MSIE 10.0; Windows NT 6.1; WOW64; Trident/6.0)"
80.123.225.36 - - [26/Jun/2019:14:37:18 +0200] "GET /js/checkout.css HTTP/1.1" 304 - "http://renault.activities.at/12060822?print=true" "Mozilla/5.0 (compatible; MSIE 10.0; Windows NT 6.1; WOW64; Trident/6.0)"
80.123.225.36 - - [26/Jun/2019:14:37:18 +0200] "GET /css/prototip.css HTTP/1.1" 304 - "http://renault.activities.at/12060822?print=true" "Mozilla/5.0 (compatible; MSIE 10.0; Windows NT 6.1; WOW64; Trident/6.0)"
80.123.225.36 - - [26/Jun/2019:14:37:18 +0200] "GET /css/themes/default.css HTTP/1.1" 304 - "http://renault.activities.at/12060822?print=true" "Mozilla/5.0 (compatible; MSIE 10.0; Windows NT 6.1; WOW64; Trident/6.0)"
80.123.225.36 - - [26/Jun/2019:14:37:18 +0200] "GET /css/themes/alphacube.css HTTP/1.1" 304 - "http://renault.activities.at/12060822?print=true" "Mozilla/5.0 (compatible; MSIE 10.0; Windows NT 6.1; WOW64; Trident/6.0)"
80.123.225.36 - - [26/Jun/2019:14:37:18 +0200] "GET /images/button_right_bg.gif HTTP/1.1" 304 - "http://renault.activities.at/12060822?print=true" "Mozilla/5.0 (compatible; MSIE 10.0; Windows NT 6.1; WOW64; Trident/6.0)"
80.123.225.36 - - [26/Jun/2019:14:37:18 +0200] "GET /images/button_left_bg.gif HTTP/1.1" 304 - "http://renault.activities.at/12060822?print=true" "Mozilla/5.0 (compatible; MSIE 10.0; Windows NT 6.1; WOW64; Trident/6.0)"
80.123.225.36 - - [26/Jun/2019:14:37:18 +0200] "GET /images/button_bg.gif HTTP/1.1" 304 - "http://renault.activities.at/12060822?print=true" "Mozilla/5.0 (compatible; MSIE 10.0; Windows NT 6.1; WOW64; Trident/6.0)"
80.123.225.36 - - [26/Jun/2019:14:37:19 +0200] "GET /css/reset.css HTTP/1.1" 304 - "-" "Mozilla/5.0 (compatible; MSIE 10.0; Windows NT 6.1; WOW64; Trident/6.0)"
80.123.225.36 - - [26/Jun/2019:14:37:19 +0200] "GET /js/default.js HTTP/1.1" 304 - "-" "Mozilla/5.0 (compatible; MSIE 10.0; Windows NT 6.1; WOW64; Trident/6.0)"
80.123.225.36 - - [26/Jun/2019:14:37:19 +0200] "GET /css/clears.css HTTP/1.1" 304 - "-" "Mozilla/5.0 (compatible; MSIE 10.0; Windows NT 6.1; WOW64; Trident/6.0)"
80.123.225.36 - - [26/Jun/2019:14:37:19 +0200] "GET /css/styles.css HTTP/1.1" 304 - "-" "Mozilla/5.0 (compatible; MSIE 10.0; Windows NT 6.1; WOW64; Trident/6.0)"
80.123.225.36 - - [26/Jun/2019:14:37:19 +0200] "GET /css/print.css HTTP/1.1" 304 - "-" "Mozilla/5.0 (compatible; MSIE 10.0; Windows NT 6.1; WOW64; Trident/6.0)"
80.123.225.36 - - [26/Jun/2019:14:37:19 +0200] "GET /js/checkout.css HTTP/1.1" 304 - "-" "Mozilla/5.0 (compatible; MSIE 10.0; Windows NT 6.1; WOW64; Trident/6.0)"
80.123.225.36 - - [26/Jun/2019:14:37:19 +0200] "GET /css/prototip.css HTTP/1.1" 304 - "-" "Mozilla/5.0 (compatible; MSIE 10.0; Windows NT 6.1; WOW64; Trident/6.0)"
80.123.225.36 - - [26/Jun/2019:14:37:19 +0200] "GET /css/themes/default.css HTTP/1.1" 304 - "-" "Mozilla/5.0 (compatible; MSIE 10.0; Windows NT 6.1; WOW64; Trident/6.0)"
80.123.225.36 - - [26/Jun/2019:14:37:19 +0200] "GET /css/themes/alphacube.css HTTP/1.1" 304 - "-" "Mozilla/5.0 (compatible; MSIE 10.0; Windows NT 6.1; WOW64; Trident/6.0)"
138.21.12.22 - - [26/Jun/2019:14:37:58 +0200] "GET /reload?ser=1561552678362 HTTP/1.1" 200 28 "http://renault.2web.at/account?loadrequest=true" "Mozilla/5.0 (Windows NT 10.0; WOW64; Trident/7.0; Touch; rv:11.0) like Gecko"
80.123.225.36 - - [26/Jun/2019:14:38:04 +0200] "GET /reload?ser=1561552688342 HTTP/1.1" 200 28 "http://renault.activities.at/12056563" "Mozilla/5.0 (compatible; MSIE 10.0; Windows NT 6.1; WOW64; Trident/6.0)"
62.99.209.66 - - [26/Jun/2019:14:38:34 +0200] "GET / HTTP/1.1" 200 3367 "-" "Mozilla/5.0 (Windows NT 6.1; WOW64; Trident/7.0; rv:11.0) like Gecko"
62.99.209.66 - - [26/Jun/2019:14:38:35 +0200] "GET /js/default.js HTTP/1.1" 304 - "http://renault.activities.at/" "Mozilla/5.0 (Windows NT 6.1; WOW64; Trident/7.0; rv:11.0) like Gecko"
62.99.209.66 - - [26/Jun/2019:14:38:35 +0200] "GET /js/index.php?c=auto&f=,prototype/prototype.js,prototype/validation.js,scriptaculous/builder.js,scriptaculous/effects.js,scriptaculous/dragdrop.js,scriptaculous/controls.js,scriptaculous/slider.js,varien/js.js,varien/form.js,varien/menu.js,mage/translate.js,mage/cookies.js,varien/product.js,spinner/SpinnerControl.jsmin.js,prototype/window.js,prototype/window_ext.js HTTP/1.1" 304 - "http://renault.activities.at/" "Mozilla/5.0 (Windows NT 6.1; WOW64; Trident/7.0; rv:11.0) like Gecko"
62.99.209.66 - - [26/Jun/2019:14:38:35 +0200] "GET /js/flashdetection.js HTTP/1.1" 304 - "http://renault.activities.at/" "Mozilla/5.0 (Windows NT 6.1; WOW64; Trident/7.0; rv:11.0) like Gecko"
62.99.209.66 - - [26/Jun/2019:14:38:35 +0200] "GET /css/reset.css HTTP/1.1" 304 - "http://renault.activities.at/" "Mozilla/5.0 (Windows NT 6.1; WOW64; Trident/7.0; rv:11.0) like Gecko"
62.99.209.66 - - [26/Jun/2019:14:38:35 +0200] "GET /css/styles.css HTTP/1.1" 304 - "http://renault.activities.at/" "Mozilla/5.0 (Windows NT 6.1; WOW64; Trident/7.0; rv:11.0) like Gecko"
62.99.209.66 - - [26/Jun/2019:14:38:35 +0200] "GET /css/clears.css HTTP/1.1" 304 - "http://renault.activities.at/" "Mozilla/5.0 (Windows NT 6.1; WOW64; Trident/7.0; rv:11.0) like Gecko"
62.99.209.66 - - [26/Jun/2019:14:38:35 +0200] "GET /css/print.css HTTP/1.1" 304 - "http://renault.activities.at/" "Mozilla/5.0 (Windows NT 6.1; WOW64; Trident/7.0; rv:11.0) like Gecko"
62.99.209.66 - - [26/Jun/2019:14:38:35 +0200] "GET /js/checkout.css HTTP/1.1" 304 - "http://renault.activities.at/" "Mozilla/5.0 (Windows NT 6.1; WOW64; Trident/7.0; rv:11.0) like Gecko"
62.99.209.66 - - [26/Jun/2019:14:38:35 +0200] "GET /css/prototip.css HTTP/1.1" 304 - "http://renault.activities.at/" "Mozilla/5.0 (Windows NT 6.1; WOW64; Trident/7.0; rv:11.0) like Gecko"
62.99.209.66 - - [26/Jun/2019:14:38:35 +0200] "GET /css/themes/default.css HTTP/1.1" 304 - "http://renault.activities.at/" "Mozilla/5.0 (Windows NT 6.1; WOW64; Trident/7.0; rv:11.0) like Gecko"
62.99.209.66 - - [26/Jun/2019:14:38:35 +0200] "GET /css/themes/alphacube.css HTTP/1.1" 304 - "http://renault.activities.at/" "Mozilla/5.0 (Windows NT 6.1; WOW64; Trident/7.0; rv:11.0) like Gecko"
62.99.209.66 - - [26/Jun/2019:14:38:36 +0200] "GET /images/header_block_border.gif HTTP/1.1" 304 - "http://renault.activities.at/" "Mozilla/5.0 (Windows NT 6.1; WOW64; Trident/7.0; rv:11.0) like Gecko"
62.99.209.66 - - [26/Jun/2019:14:38:36 +0200] "GET /images/header_block_corner_left_top.gif HTTP/1.1" 304 - "http://renault.activities.at/" "Mozilla/5.0 (Windows NT 6.1; WOW64; Trident/7.0; rv:11.0) like Gecko"
62.99.209.66 - - [26/Jun/2019:14:38:36 +0200] "GET /images/header_block_corner_right_top.gif HTTP/1.1" 304 - "http://renault.activities.at/" "Mozilla/5.0 (Windows NT 6.1; WOW64; Trident/7.0; rv:11.0) like Gecko"
62.99.209.66 - - [26/Jun/2019:14:38:36 +0200] "GET /images/main_block_corner_left_top.gif HTTP/1.1" 304 - "http://renault.activities.at/" "Mozilla/5.0 (Windows NT 6.1; WOW64; Trident/7.0; rv:11.0) like Gecko"
62.99.209.66 - - [26/Jun/2019:14:38:36 +0200] "GET /images/main_block_border.gif HTTP/1.1" 304 - "http://renault.activities.at/" "Mozilla/5.0 (Windows NT 6.1; WOW64; Trident/7.0; rv:11.0) like Gecko"
62.99.209.66 - - [26/Jun/2019:14:38:36 +0200] "GET /images/title_border.jpg HTTP/1.1" 304 - "http://renault.activities.at/" "Mozilla/5.0 (Windows NT 6.1; WOW64; Trident/7.0; rv:11.0) like Gecko"
62.99.209.66 - - [26/Jun/2019:14:38:36 +0200] "GET /images/title_border_top.jpg HTTP/1.1" 304 - "http://renault.activities.at/" "Mozilla/5.0 (Windows NT 6.1; WOW64; Trident/7.0; rv:11.0) like Gecko"
62.99.209.66 - - [26/Jun/2019:14:38:36 +0200] "GET /images/title_corner_left_top.jpg HTTP/1.1" 304 - "http://renault.activities.at/" "Mozilla/5.0 (Windows NT 6.1; WOW64; Trident/7.0; rv:11.0) like Gecko"
62.99.209.66 - - [26/Jun/2019:14:38:36 +0200] "GET /images/main_block_corner_left_bot.gif HTTP/1.1" 304 - "http://renault.activities.at/" "Mozilla/5.0 (Windows NT 6.1; WOW64; Trident/7.0; rv:11.0) like Gecko"
62.99.209.66 - - [26/Jun/2019:14:38:36 +0200] "GET /images/main_block_corner_right_bot.gif HTTP/1.1" 304 - "http://renault.activities.at/" "Mozilla/5.0 (Windows NT 6.1; WOW64; Trident/7.0; rv:11.0) like Gecko"
62.99.209.66 - - [26/Jun/2019:14:38:36 +0200] "GET /images/main_block_corner_right_top.gif HTTP/1.1" 304 - "http://renault.activities.at/" "Mozilla/5.0 (Windows NT 6.1; WOW64; Trident/7.0; rv:11.0) like Gecko"
62.99.209.66 - - [26/Jun/2019:14:38:36 +0200] "GET /images/title_corner_right_top.jpg HTTP/1.1" 304 - "http://renault.activities.at/" "Mozilla/5.0 (Windows NT 6.1; WOW64; Trident/7.0; rv:11.0) like Gecko"
62.99.209.66 - - [26/Jun/2019:14:38:36 +0200] "GET /loadthumbnail.php?id=11127982 HTTP/1.1" 200 399614 "http://renault.activities.at/" "Mozilla/5.0 (Windows NT 6.1; WOW64; Trident/7.0; rv:11.0) like Gecko"
62.99.209.66 - - [26/Jun/2019:14:38:38 +0200] "GET /login HTTP/1.1" 200 2086 "http://renault.activities.at/" "Mozilla/5.0 (Windows NT 6.1; WOW64; Trident/7.0; rv:11.0) like Gecko"
62.99.209.66 - - [26/Jun/2019:14:38:39 +0200] "GET /js/default.js HTTP/1.1" 304 - "http://renault.activities.at/login" "Mozilla/5.0 (Windows NT 6.1; WOW64; Trident/7.0; rv:11.0) like Gecko"
62.99.209.66 - - [26/Jun/2019:14:38:39 +0200] "GET /css/reset.css HTTP/1.1" 304 - "http://renault.activities.at/login" "Mozilla/5.0 (Windows NT 6.1; WOW64; Trident/7.0; rv:11.0) like Gecko"
62.99.209.66 - - [26/Jun/2019:14:38:39 +0200] "GET /css/clears.css HTTP/1.1" 304 - "http://renault.activities.at/login" "Mozilla/5.0 (Windows NT 6.1; WOW64; Trident/7.0; rv:11.0) like Gecko"
62.99.209.66 - - [26/Jun/2019:14:38:39 +0200] "GET /css/styles.css HTTP/1.1" 304 - "http://renault.activities.at/login" "Mozilla/5.0 (Windows NT 6.1; WOW64; Trident/7.0; rv:11.0) like Gecko"
62.99.209.66 - - [26/Jun/2019:14:38:39 +0200] "GET /js/index.php?c=auto&f=,prototype/prototype.js,prototype/validation.js,scriptaculous/builder.js,scriptaculous/effects.js,scriptaculous/dragdrop.js,scriptaculous/controls.js,scriptaculous/slider.js,varien/js.js,varien/form.js,varien/menu.js,mage/translate.js,mage/cookies.js,varien/product.js,spinner/SpinnerControl.jsmin.js,prototype/window.js,prototype/window_ext.js HTTP/1.1" 304 - "http://renault.activities.at/login" "Mozilla/5.0 (Windows NT 6.1; WOW64; Trident/7.0; rv:11.0) like Gecko"
62.99.209.66 - - [26/Jun/2019:14:38:39 +0200] "GET /js/checkout.css HTTP/1.1" 304 - "http://renault.activities.at/login" "Mozilla/5.0 (Windows NT 6.1; WOW64; Trident/7.0; rv:11.0) like Gecko"
62.99.209.66 - - [26/Jun/2019:14:38:39 +0200] "GET /css/print.css HTTP/1.1" 304 - "http://renault.activities.at/login" "Mozilla/5.0 (Windows NT 6.1; WOW64; Trident/7.0; rv:11.0) like Gecko"
62.99.209.66 - - [26/Jun/2019:14:38:39 +0200] "GET /css/prototip.css HTTP/1.1" 304 - "http://renault.activities.at/login" "Mozilla/5.0 (Windows NT 6.1; WOW64; Trident/7.0; rv:11.0) like Gecko"
62.99.209.66 - - [26/Jun/2019:14:38:39 +0200] "GET /css/themes/default.css HTTP/1.1" 304 - "http://renault.activities.at/login" "Mozilla/5.0 (Windows NT 6.1; WOW64; Trident/7.0; rv:11.0) like Gecko"
62.99.209.66 - - [26/Jun/2019:14:38:39 +0200] "GET /css/themes/alphacube.css HTTP/1.1" 304 - "http://renault.activities.at/login" "Mozilla/5.0 (Windows NT 6.1; WOW64; Trident/7.0; rv:11.0) like Gecko"
62.99.209.66 - - [26/Jun/2019:14:38:39 +0200] "GET /images/main_block_corner_left_bot.gif HTTP/1.1" 304 - "http://renault.activities.at/login" "Mozilla/5.0 (Windows NT 6.1; WOW64; Trident/7.0; rv:11.0) like Gecko"
62.99.209.66 - - [26/Jun/2019:14:38:39 +0200] "GET /images/main_block_corner_left_top.gif HTTP/1.1" 304 - "http://renault.activities.at/login" "Mozilla/5.0 (Windows NT 6.1; WOW64; Trident/7.0; rv:11.0) like Gecko"
62.99.209.66 - - [26/Jun/2019:14:38:39 +0200] "GET /images/main_block_border.gif HTTP/1.1" 304 - "http://renault.activities.at/login" "Mozilla/5.0 (Windows NT 6.1; WOW64; Trident/7.0; rv:11.0) like Gecko"
62.99.209.66 - - [26/Jun/2019:14:38:39 +0200] "GET /images/main_block_corner_right_top.gif HTTP/1.1" 304 - "http://renault.activities.at/login" "Mozilla/5.0 (Windows NT 6.1; WOW64; Trident/7.0; rv:11.0) like Gecko"
62.99.209.66 - - [26/Jun/2019:14:38:39 +0200] "GET /images/main_block_corner_right_bot.gif HTTP/1.1" 304 - "http://renault.activities.at/login" "Mozilla/5.0 (Windows NT 6.1; WOW64; Trident/7.0; rv:11.0) like Gecko"
62.99.209.66 - - [26/Jun/2019:14:38:39 +0200] "GET /images/header_block_border.gif HTTP/1.1" 304 - "http://renault.activities.at/login" "Mozilla/5.0 (Windows NT 6.1; WOW64; Trident/7.0; rv:11.0) like Gecko"
62.99.209.66 - - [26/Jun/2019:14:38:39 +0200] "GET /images/title_border.jpg HTTP/1.1" 304 - "http://renault.activities.at/login" "Mozilla/5.0 (Windows NT 6.1; WOW64; Trident/7.0; rv:11.0) like Gecko"
62.99.209.66 - - [26/Jun/2019:14:38:39 +0200] "GET /images/title_border_top.jpg HTTP/1.1" 304 - "http://renault.activities.at/login" "Mozilla/5.0 (Windows NT 6.1; WOW64; Trident/7.0; rv:11.0) like Gecko"
62.99.209.66 - - [26/Jun/2019:14:38:39 +0200] "GET /images/header_block_corner_left_top.gif HTTP/1.1" 304 - "http://renault.activities.at/login" "Mozilla/5.0 (Windows NT 6.1; WOW64; Trident/7.0; rv:11.0) like Gecko"
62.99.209.66 - - [26/Jun/2019:14:38:39 +0200] "GET /images/header_block_corner_right_top.gif HTTP/1.1" 304 - "http://renault.activities.at/login" "Mozilla/5.0 (Windows NT 6.1; WOW64; Trident/7.0; rv:11.0) like Gecko"
62.99.209.66 - - [26/Jun/2019:14:38:39 +0200] "GET /images/title_corner_left_top.jpg HTTP/1.1" 304 - "http://renault.activities.at/login" "Mozilla/5.0 (Windows NT 6.1; WOW64; Trident/7.0; rv:11.0) like Gecko"
62.99.209.66 - - [26/Jun/2019:14:38:39 +0200] "GET /images/title_corner_right_top.jpg HTTP/1.1" 304 - "http://renault.activities.at/login" "Mozilla/5.0 (Windows NT 6.1; WOW64; Trident/7.0; rv:11.0) like Gecko"
62.99.209.66 - - [26/Jun/2019:14:38:39 +0200] "GET /images/button_left_bg.gif HTTP/1.1" 304 - "http://renault.activities.at/login" "Mozilla/5.0 (Windows NT 6.1; WOW64; Trident/7.0; rv:11.0) like Gecko"
62.99.209.66 - - [26/Jun/2019:14:38:39 +0200] "GET /images/button_right_bg.gif HTTP/1.1" 304 - "http://renault.activities.at/login" "Mozilla/5.0 (Windows NT 6.1; WOW64; Trident/7.0; rv:11.0) like Gecko"
62.99.209.66 - - [26/Jun/2019:14:38:39 +0200] "GET /images/button_bg.gif HTTP/1.1" 304 - "http://renault.activities.at/login" "Mozilla/5.0 (Windows NT 6.1; WOW64; Trident/7.0; rv:11.0) like Gecko"
62.99.209.66 - - [26/Jun/2019:14:38:49 +0200] "POST /login HTTP/1.1" 302 140 "http://renault.activities.at/login" "Mozilla/5.0 (Windows NT 6.1; WOW64; Trident/7.0; rv:11.0) like Gecko"
62.99.209.66 - - [26/Jun/2019:14:38:51 +0200] "GET /account HTTP/1.1" 200 6126 "http://renault.activities.at/login" "Mozilla/5.0 (Windows NT 6.1; WOW64; Trident/7.0; rv:11.0) like Gecko"
62.99.209.66 - - [26/Jun/2019:14:38:52 +0200] "POST /login HTTP/1.1" 302 140 "http://renault.activities.at/login" "Mozilla/5.0 (Windows NT 6.1; WOW64; Trident/7.0; rv:11.0) like Gecko"
62.99.209.66 - - [26/Jun/2019:14:38:56 +0200] "GET /account HTTP/1.1" 200 6126 "http://renault.activities.at/login" "Mozilla/5.0 (Windows NT 6.1; WOW64; Trident/7.0; rv:11.0) like Gecko"
62.99.209.66 - - [26/Jun/2019:14:38:58 +0200] "GET /js/default.js HTTP/1.1" 304 - "http://renault.activities.at/account" "Mozilla/5.0 (Windows NT 6.1; WOW64; Trident/7.0; rv:11.0) like Gecko"
62.99.209.66 - - [26/Jun/2019:14:38:59 +0200] "GET /js/index.php?c=auto&f=,prototype/prototype.js,prototype/validation.js,scriptaculous/builder.js,scriptaculous/effects.js,scriptaculous/dragdrop.js,scriptaculous/controls.js,scriptaculous/slider.js,varien/js.js,varien/form.js,varien/menu.js,mage/translate.js,mage/cookies.js,varien/product.js,spinner/SpinnerControl.jsmin.js,prototype/window.js,prototype/window_ext.js HTTP/1.1" 304 - "http://renault.activities.at/account" "Mozilla/5.0 (Windows NT 6.1; WOW64; Trident/7.0; rv:11.0) like Gecko"
62.99.209.66 - - [26/Jun/2019:14:38:59 +0200] "GET /css/reset.css HTTP/1.1" 304 - "http://renault.activities.at/account" "Mozilla/5.0 (Windows NT 6.1; WOW64; Trident/7.0; rv:11.0) like Gecko"
62.99.209.66 - - [26/Jun/2019:14:38:59 +0200] "GET /css/styles.css HTTP/1.1" 304 - "http://renault.activities.at/account" "Mozilla/5.0 (Windows NT 6.1; WOW64; Trident/7.0; rv:11.0) like Gecko"
62.99.209.66 - - [26/Jun/2019:14:38:59 +0200] "GET /css/clears.css HTTP/1.1" 304 - "http://renault.activities.at/account" "Mozilla/5.0 (Windows NT 6.1; WOW64; Trident/7.0; rv:11.0) like Gecko"
62.99.209.66 - - [26/Jun/2019:14:38:59 +0200] "GET /css/print.css HTTP/1.1" 304 - "http://renault.activities.at/account" "Mozilla/5.0 (Windows NT 6.1; WOW64; Trident/7.0; rv:11.0) like Gecko"
62.99.209.66 - - [26/Jun/2019:14:38:59 +0200] "GET /js/checkout.css HTTP/1.1" 304 - "http://renault.activities.at/account" "Mozilla/5.0 (Windows NT 6.1; WOW64; Trident/7.0; rv:11.0) like Gecko"
62.99.209.66 - - [26/Jun/2019:14:38:59 +0200] "GET /css/prototip.css HTTP/1.1" 304 - "http://renault.activities.at/account" "Mozilla/5.0 (Windows NT 6.1; WOW64; Trident/7.0; rv:11.0) like Gecko"
62.99.209.66 - - [26/Jun/2019:14:38:59 +0200] "GET /css/themes/default.css HTTP/1.1" 304 - "http://renault.activities.at/account" "Mozilla/5.0 (Windows NT 6.1; WOW64; Trident/7.0; rv:11.0) like Gecko"
62.99.209.66 - - [26/Jun/2019:14:38:59 +0200] "GET /css/themes/alphacube.css HTTP/1.1" 304 - "http://renault.activities.at/account" "Mozilla/5.0 (Windows NT 6.1; WOW64; Trident/7.0; rv:11.0) like Gecko"
62.99.209.66 - - [26/Jun/2019:14:38:59 +0200] "GET /js/account.js HTTP/1.1" 304 - "http://renault.activities.at/account" "Mozilla/5.0 (Windows NT 6.1; WOW64; Trident/7.0; rv:11.0) like Gecko"
62.99.209.66 - - [26/Jun/2019:14:38:59 +0200] "GET /images/header_block_corner_right_top.gif HTTP/1.1" 304 - "http://renault.activities.at/account" "Mozilla/5.0 (Windows NT 6.1; WOW64; Trident/7.0; rv:11.0) like Gecko"
62.99.209.66 - - [26/Jun/2019:14:38:59 +0200] "GET /images/main_block_border.gif HTTP/1.1" 304 - "http://renault.activities.at/account" "Mozilla/5.0 (Windows NT 6.1; WOW64; Trident/7.0; rv:11.0) like Gecko"
62.99.209.66 - - [26/Jun/2019:14:38:59 +0200] "GET /images/search_bg.gif HTTP/1.1" 304 - "http://renault.activities.at/account" "Mozilla/5.0 (Windows NT 6.1; WOW64; Trident/7.0; rv:11.0) like Gecko"
62.99.209.66 - - [26/Jun/2019:14:38:59 +0200] "GET /images/header_block_corner_left_top.gif HTTP/1.1" 304 - "http://renault.activities.at/account" "Mozilla/5.0 (Windows NT 6.1; WOW64; Trident/7.0; rv:11.0) like Gecko"
62.99.209.66 - - [26/Jun/2019:14:38:59 +0200] "GET /images/main_block_corner_left_top.gif HTTP/1.1" 304 - "http://renault.activities.at/account" "Mozilla/5.0 (Windows NT 6.1; WOW64; Trident/7.0; rv:11.0) like Gecko"
62.99.209.66 - - [26/Jun/2019:14:38:59 +0200] "GET /images/header_block_border.gif HTTP/1.1" 304 - "http://renault.activities.at/account" "Mozilla/5.0 (Windows NT 6.1; WOW64; Trident/7.0; rv:11.0) like Gecko"
62.99.209.66 - - [26/Jun/2019:14:38:59 +0200] "GET /images/main_block_corner_right_top.gif HTTP/1.1" 304 - "http://renault.activities.at/account" "Mozilla/5.0 (Windows NT 6.1; WOW64; Trident/7.0; rv:11.0) like Gecko"
62.99.209.66 - - [26/Jun/2019:14:38:59 +0200] "GET /images/main_block_corner_left_bot.gif HTTP/1.1" 304 - "http://renault.activities.at/account" "Mozilla/5.0 (Windows NT 6.1; WOW64; Trident/7.0; rv:11.0) like Gecko"
62.99.209.66 - - [26/Jun/2019:14:38:59 +0200] "GET /images/main_block_corner_right_bot.gif HTTP/1.1" 304 - "http://renault.activities.at/account" "Mozilla/5.0 (Windows NT 6.1; WOW64; Trident/7.0; rv:11.0) like Gecko"
62.99.209.66 - - [26/Jun/2019:14:38:59 +0200] "GET /images/sidebar_title_border_top.gif HTTP/1.1" 304 - "http://renault.activities.at/account" "Mozilla/5.0 (Windows NT 6.1; WOW64; Trident/7.0; rv:11.0) like Gecko"
62.99.209.66 - - [26/Jun/2019:14:38:59 +0200] "GET /loadthumbnail.php?id=11075482&width=50&height=50 HTTP/1.1" 200 1114 "http://renault.activities.at/account" "Mozilla/5.0 (Windows NT 6.1; WOW64; Trident/7.0; rv:11.0) like Gecko"
62.99.209.66 - - [26/Jun/2019:14:38:59 +0200] "GET /loadthumbnail.php?id=11075492&width=50&height=50 HTTP/1.1" 200 1114 "http://renault.activities.at/account" "Mozilla/5.0 (Windows NT 6.1; WOW64; Trident/7.0; rv:11.0) like Gecko"
62.99.209.66 - - [26/Jun/2019:14:38:59 +0200] "GET /loadthumbnail.php?id=10269567&width=50&height=50 HTTP/1.1" 200 845 "http://renault.activities.at/account" "Mozilla/5.0 (Windows NT 6.1; WOW64; Trident/7.0; rv:11.0) like Gecko"
62.99.209.66 - - [26/Jun/2019:14:38:59 +0200] "GET /images/sidebar_title_corner_right_top.gif HTTP/1.1" 304 - "http://renault.activities.at/account" "Mozilla/5.0 (Windows NT 6.1; WOW64; Trident/7.0; rv:11.0) like Gecko"
62.99.209.66 - - [26/Jun/2019:14:38:59 +0200] "GET /loadthumbnail.php?id=10269569&width=50&height=50 HTTP/1.1" 200 774 "http://renault.activities.at/account" "Mozilla/5.0 (Windows NT 6.1; WOW64; Trident/7.0; rv:11.0) like Gecko"
62.99.209.66 - - [26/Jun/2019:14:38:59 +0200] "GET /images/sidebar_title_corner_left_top.gif HTTP/1.1" 304 - "http://renault.activities.at/account" "Mozilla/5.0 (Windows NT 6.1; WOW64; Trident/7.0; rv:11.0) like Gecko"
62.99.209.66 - - [26/Jun/2019:14:38:59 +0200] "GET /images/title_border_top.jpg HTTP/1.1" 304 - "http://renault.activities.at/account" "Mozilla/5.0 (Windows NT 6.1; WOW64; Trident/7.0; rv:11.0) like Gecko"
62.99.209.66 - - [26/Jun/2019:14:38:59 +0200] "GET /images/title_corner_left_top.jpg HTTP/1.1" 304 - "http://renault.activities.at/account" "Mozilla/5.0 (Windows NT 6.1; WOW64; Trident/7.0; rv:11.0) like Gecko"
62.99.209.66 - - [26/Jun/2019:14:38:59 +0200] "GET /images/title_corner_right_top.jpg HTTP/1.1" 304 - "http://renault.activities.at/account" "Mozilla/5.0 (Windows NT 6.1; WOW64; Trident/7.0; rv:11.0) like Gecko"
62.99.209.66 - - [26/Jun/2019:14:38:59 +0200] "GET /images/button_bg.gif HTTP/1.1" 304 - "http://renault.activities.at/account" "Mozilla/5.0 (Windows NT 6.1; WOW64; Trident/7.0; rv:11.0) like Gecko"
62.99.209.66 - - [26/Jun/2019:14:38:59 +0200] "GET /images/title_border.jpg HTTP/1.1" 304 - "http://renault.activities.at/account" "Mozilla/5.0 (Windows NT 6.1; WOW64; Trident/7.0; rv:11.0) like Gecko"
62.99.209.66 - - [26/Jun/2019:14:38:59 +0200] "GET /images/button_right_bg.gif HTTP/1.1" 304 - "http://renault.activities.at/account" "Mozilla/5.0 (Windows NT 6.1; WOW64; Trident/7.0; rv:11.0) like Gecko"
62.99.209.66 - - [26/Jun/2019:14:38:59 +0200] "GET /images/footer_divider.gif HTTP/1.1" 304 - "http://renault.activities.at/account" "Mozilla/5.0 (Windows NT 6.1; WOW64; Trident/7.0; rv:11.0) like Gecko"
62.99.209.66 - - [26/Jun/2019:14:38:59 +0200] "GET /images/menu_divider.gif HTTP/1.1" 304 - "http://renault.activities.at/account" "Mozilla/5.0 (Windows NT 6.1; WOW64; Trident/7.0; rv:11.0) like Gecko"
62.99.209.66 - - [26/Jun/2019:14:38:59 +0200] "GET /images/sidebar_title_border.gif HTTP/1.1" 304 - "http://renault.activities.at/account" "Mozilla/5.0 (Windows NT 6.1; WOW64; Trident/7.0; rv:11.0) like Gecko"
62.99.209.66 - - [26/Jun/2019:14:38:59 +0200] "GET /images/top_links_divider.gif HTTP/1.1" 304 - "http://renault.activities.at/account" "Mozilla/5.0 (Windows NT 6.1; WOW64; Trident/7.0; rv:11.0) like Gecko"
62.99.209.66 - - [26/Jun/2019:14:38:59 +0200] "GET /images/button_left_bg.gif HTTP/1.1" 304 - "http://renault.activities.at/account" "Mozilla/5.0 (Windows NT 6.1; WOW64; Trident/7.0; rv:11.0) like Gecko"
62.99.209.66 - - [26/Jun/2019:14:38:59 +0200] "GET /images/menu_button_bg.jpg HTTP/1.1" 304 - "http://renault.activities.at/account" "Mozilla/5.0 (Windows NT 6.1; WOW64; Trident/7.0; rv:11.0) like Gecko"
62.99.209.66 - - [26/Jun/2019:14:38:59 +0200] "GET /images/nav_divider.gif HTTP/1.1" 304 - "http://renault.activities.at/account" "Mozilla/5.0 (Windows NT 6.1; WOW64; Trident/7.0; rv:11.0) like Gecko"
138.21.12.22 - - [26/Jun/2019:14:38:59 +0200] "GET /reload?ser=1561552739411 HTTP/1.1" 200 28 "http://renault.2web.at/account?loadrequest=true" "Mozilla/5.0 (Windows NT 10.0; WOW64; Trident/7.0; Touch; rv:11.0) like Gecko"
62.99.209.66 - - [26/Jun/2019:14:39:03 +0200] "GET /action HTTP/1.1" 200 3921 "http://renault.activities.at/account" "Mozilla/5.0 (Windows NT 6.1; WOW64; Trident/7.0; rv:11.0) like Gecko"
62.99.209.66 - - [26/Jun/2019:14:39:05 +0200] "GET /js/default.js HTTP/1.1" 304 - "http://renault.activities.at/action" "Mozilla/5.0 (Windows NT 6.1; WOW64; Trident/7.0; rv:11.0) like Gecko"
62.99.209.66 - - [26/Jun/2019:14:39:05 +0200] "GET /css/reset.css HTTP/1.1" 304 - "http://renault.activities.at/action" "Mozilla/5.0 (Windows NT 6.1; WOW64; Trident/7.0; rv:11.0) like Gecko"
62.99.209.66 - - [26/Jun/2019:14:39:05 +0200] "GET /css/styles.css HTTP/1.1" 304 - "http://renault.activities.at/action" "Mozilla/5.0 (Windows NT 6.1; WOW64; Trident/7.0; rv:11.0) like Gecko"
62.99.209.66 - - [26/Jun/2019:14:39:05 +0200] "GET /css/clears.css HTTP/1.1" 304 - "http://renault.activities.at/action" "Mozilla/5.0 (Windows NT 6.1; WOW64; Trident/7.0; rv:11.0) like Gecko"
62.99.209.66 - - [26/Jun/2019:14:39:05 +0200] "GET /css/print.css HTTP/1.1" 304 - "http://renault.activities.at/action" "Mozilla/5.0 (Windows NT 6.1; WOW64; Trident/7.0; rv:11.0) like Gecko"
