213.153.47.173 - - [01/Jul/2019:10:18:40 +0200] "GET /reload?ser=1561969120892 HTTP/1.1" 200 28 "http://renault.activities.at/login?required=true" "Mozilla/5.0 (Windows NT 10.0; Win64; x64; rv:67.0) Gecko/20100101 Firefox/67.0"
213.153.47.173 - - [01/Jul/2019:10:19:41 +0200] "GET /reload?ser=1561969181561 HTTP/1.1" 200 28 "http://renault.activities.at/login?required=true" "Mozilla/5.0 (Windows NT 10.0; Win64; x64; rv:67.0) Gecko/20100101 Firefox/67.0"
213.153.47.173 - - [01/Jul/2019:10:20:42 +0200] "GET /reload?ser=1561969242231 HTTP/1.1" 200 28 "http://renault.activities.at/login?required=true" "Mozilla/5.0 (Windows NT 10.0; Win64; x64; rv:67.0) Gecko/20100101 Firefox/67.0"
213.153.47.173 - - [01/Jul/2019:10:21:42 +0200] "GET /reload?ser=1561969302902 HTTP/1.1" 200 28 "http://renault.activities.at/login?required=true" "Mozilla/5.0 (Windows NT 10.0; Win64; x64; rv:67.0) Gecko/20100101 Firefox/67.0"
213.153.47.173 - - [01/Jul/2019:10:22:43 +0200] "GET /reload?ser=1561969363585 HTTP/1.1" 200 28 "http://renault.activities.at/login?required=true" "Mozilla/5.0 (Windows NT 10.0; Win64; x64; rv:67.0) Gecko/20100101 Firefox/67.0"
213.153.47.173 - - [01/Jul/2019:10:23:44 +0200] "GET /reload?ser=1561969424270 HTTP/1.1" 200 28 "http://renault.activities.at/login?required=true" "Mozilla/5.0 (Windows NT 10.0; Win64; x64; rv:67.0) Gecko/20100101 Firefox/67.0"
213.153.47.173 - - [01/Jul/2019:10:24:44 +0200] "GET /reload?ser=1561969484954 HTTP/1.1" 200 28 "http://renault.activities.at/login?required=true" "Mozilla/5.0 (Windows NT 10.0; Win64; x64; rv:67.0) Gecko/20100101 Firefox/67.0"
213.153.47.173 - - [01/Jul/2019:10:25:45 +0200] "GET /reload?ser=1561969545607 HTTP/1.1" 200 28 "http://renault.activities.at/login?required=true" "Mozilla/5.0 (Windows NT 10.0; Win64; x64; rv:67.0) Gecko/20100101 Firefox/67.0"
213.153.47.173 - - [01/Jul/2019:10:26:46 +0200] "GET /reload?ser=1561969606275 HTTP/1.1" 200 28 "http://renault.activities.at/login?required=true" "Mozilla/5.0 (Windows NT 10.0; Win64; x64; rv:67.0) Gecko/20100101 Firefox/67.0"
80.121.255.150 - - [01/Jul/2019:10:27:09 +0200] "GET / HTTP/1.1" 200 3367 "-" "Mozilla/5.0 (Windows NT 10.0; Win64; x64) AppleWebKit/537.36 (KHTML, like Gecko) Chrome/58.0.3029.110 Safari/537.36 Edge/16.16299"
80.121.255.150 - - [01/Jul/2019:10:27:10 +0200] "GET /js/default.js HTTP/1.1" 200 14698 "http://renault.activities.at/" "Mozilla/5.0 (Windows NT 10.0; Win64; x64) AppleWebKit/537.36 (KHTML, like Gecko) Chrome/58.0.3029.110 Safari/537.36 Edge/16.16299"
80.121.255.150 - - [01/Jul/2019:10:27:10 +0200] "GET /js/flashdetection.js HTTP/1.1" 200 1059 "http://renault.activities.at/" "Mozilla/5.0 (Windows NT 10.0; Win64; x64) AppleWebKit/537.36 (KHTML, like Gecko) Chrome/58.0.3029.110 Safari/537.36 Edge/16.16299"
80.121.255.150 - - [01/Jul/2019:10:27:10 +0200] "GET /css/reset.css HTTP/1.1" 200 1356 "http://renault.activities.at/" "Mozilla/5.0 (Windows NT 10.0; Win64; x64) AppleWebKit/537.36 (KHTML, like Gecko) Chrome/58.0.3029.110 Safari/537.36 Edge/16.16299"
80.121.255.150 - - [01/Jul/2019:10:27:10 +0200] "GET /css/clears.css HTTP/1.1" 200 851 "http://renault.activities.at/" "Mozilla/5.0 (Windows NT 10.0; Win64; x64) AppleWebKit/537.36 (KHTML, like Gecko) Chrome/58.0.3029.110 Safari/537.36 Edge/16.16299"
80.121.255.150 - - [01/Jul/2019:10:27:10 +0200] "GET /css/styles.css HTTP/1.1" 200 14664 "http://renault.activities.at/" "Mozilla/5.0 (Windows NT 10.0; Win64; x64) AppleWebKit/537.36 (KHTML, like Gecko) Chrome/58.0.3029.110 Safari/537.36 Edge/16.16299"
80.121.255.150 - - [01/Jul/2019:10:27:10 +0200] "GET /css/print.css HTTP/1.1" 200 543 "http://renault.activities.at/" "Mozilla/5.0 (Windows NT 10.0; Win64; x64) AppleWebKit/537.36 (KHTML, like Gecko) Chrome/58.0.3029.110 Safari/537.36 Edge/16.16299"
80.121.255.150 - - [01/Jul/2019:10:27:10 +0200] "GET /js/checkout.css HTTP/1.1" 200 359 "http://renault.activities.at/" "Mozilla/5.0 (Windows NT 10.0; Win64; x64) AppleWebKit/537.36 (KHTML, like Gecko) Chrome/58.0.3029.110 Safari/537.36 Edge/16.16299"
80.121.255.150 - - [01/Jul/2019:10:27:10 +0200] "GET /css/prototip.css HTTP/1.1" 200 968 "http://renault.activities.at/" "Mozilla/5.0 (Windows NT 10.0; Win64; x64) AppleWebKit/537.36 (KHTML, like Gecko) Chrome/58.0.3029.110 Safari/537.36 Edge/16.16299"
80.121.255.150 - - [01/Jul/2019:10:27:10 +0200] "GET /css/themes/default.css HTTP/1.1" 200 769 "http://renault.activities.at/" "Mozilla/5.0 (Windows NT 10.0; Win64; x64) AppleWebKit/537.36 (KHTML, like Gecko) Chrome/58.0.3029.110 Safari/537.36 Edge/16.16299"
80.121.255.150 - - [01/Jul/2019:10:27:10 +0200] "GET /css/themes/alphacube.css HTTP/1.1" 200 743 "http://renault.activities.at/" "Mozilla/5.0 (Windows NT 10.0; Win64; x64) AppleWebKit/537.36 (KHTML, like Gecko) Chrome/58.0.3029.110 Safari/537.36 Edge/16.16299"
80.121.255.150 - - [01/Jul/2019:10:27:10 +0200] "GET /js/index.php?c=auto&f=,prototype/prototype.js,prototype/validation.js,scriptaculous/builder.js,scriptaculous/effects.js,scriptaculous/dragdrop.js,scriptaculous/controls.js,scriptaculous/slider.js,varien/js.js,varien/form.js,varien/menu.js,mage/translate.js,mage/cookies.js,varien/product.js,spinner/SpinnerControl.jsmin.js,prototype/window.js,prototype/window_ext.js HTTP/1.1" 200 94182 "http://renault.activities.at/" "Mozilla/5.0 (Windows NT 10.0; Win64; x64) AppleWebKit/537.36 (KHTML, like Gecko) Chrome/58.0.3029.110 Safari/537.36 Edge/16.16299"
80.121.255.150 - - [01/Jul/2019:10:27:10 +0200] "GET /images/main_block_border.gif HTTP/1.1" 200 43 "http://renault.activities.at/" "Mozilla/5.0 (Windows NT 10.0; Win64; x64) AppleWebKit/537.36 (KHTML, like Gecko) Chrome/58.0.3029.110 Safari/537.36 Edge/16.16299"
80.121.255.150 - - [01/Jul/2019:10:27:10 +0200] "GET /images/main_block_corner_right_bot.gif HTTP/1.1" 200 158 "http://renault.activities.at/" "Mozilla/5.0 (Windows NT 10.0; Win64; x64) AppleWebKit/537.36 (KHTML, like Gecko) Chrome/58.0.3029.110 Safari/537.36 Edge/16.16299"
80.121.255.150 - - [01/Jul/2019:10:27:10 +0200] "GET /images/header_block_border.gif HTTP/1.1" 200 43 "http://renault.activities.at/" "Mozilla/5.0 (Windows NT 10.0; Win64; x64) AppleWebKit/537.36 (KHTML, like Gecko) Chrome/58.0.3029.110 Safari/537.36 Edge/16.16299"
80.121.255.150 - - [01/Jul/2019:10:27:10 +0200] "GET /images/header_block_corner_left_top.gif HTTP/1.1" 200 160 "http://renault.activities.at/" "Mozilla/5.0 (Windows NT 10.0; Win64; x64) AppleWebKit/537.36 (KHTML, like Gecko) Chrome/58.0.3029.110 Safari/537.36 Edge/16.16299"
80.121.255.150 - - [01/Jul/2019:10:27:10 +0200] "GET /images/header_block_corner_right_top.gif HTTP/1.1" 200 160 "http://renault.activities.at/" "Mozilla/5.0 (Windows NT 10.0; Win64; x64) AppleWebKit/537.36 (KHTML, like Gecko) Chrome/58.0.3029.110 Safari/537.36 Edge/16.16299"
80.121.255.150 - - [01/Jul/2019:10:27:10 +0200] "GET /images/main_block_corner_left_bot.gif HTTP/1.1" 200 159 "http://renault.activities.at/" "Mozilla/5.0 (Windows NT 10.0; Win64; x64) AppleWebKit/537.36 (KHTML, like Gecko) Chrome/58.0.3029.110 Safari/537.36 Edge/16.16299"
80.121.255.150 - - [01/Jul/2019:10:27:10 +0200] "GET /images/favicon.ico HTTP/1.1" 404 305 "-" "Mozilla/5.0 (Windows NT 10.0; Win64; x64) AppleWebKit/537.36 (KHTML, like Gecko) Chrome/58.0.3029.110 Safari/537.36 Edge/16.16299"
80.121.255.150 - - [01/Jul/2019:10:27:11 +0200] "GET /images/main_block_corner_right_top.gif HTTP/1.1" 200 159 "http://renault.activities.at/" "Mozilla/5.0 (Windows NT 10.0; Win64; x64) AppleWebKit/537.36 (KHTML, like Gecko) Chrome/58.0.3029.110 Safari/537.36 Edge/16.16299"
80.121.255.150 - - [01/Jul/2019:10:27:11 +0200] "GET /images/main_block_corner_left_top.gif HTTP/1.1" 200 159 "http://renault.activities.at/" "Mozilla/5.0 (Windows NT 10.0; Win64; x64) AppleWebKit/537.36 (KHTML, like Gecko) Chrome/58.0.3029.110 Safari/537.36 Edge/16.16299"
80.121.255.150 - - [01/Jul/2019:10:27:11 +0200] "GET /images/title_border.jpg HTTP/1.1" 200 304 "http://renault.activities.at/" "Mozilla/5.0 (Windows NT 10.0; Win64; x64) AppleWebKit/537.36 (KHTML, like Gecko) Chrome/58.0.3029.110 Safari/537.36 Edge/16.16299"
80.121.255.150 - - [01/Jul/2019:10:27:11 +0200] "GET /images/title_border_top.jpg HTTP/1.1" 200 336 "http://renault.activities.at/" "Mozilla/5.0 (Windows NT 10.0; Win64; x64) AppleWebKit/537.36 (KHTML, like Gecko) Chrome/58.0.3029.110 Safari/537.36 Edge/16.16299"
80.121.255.150 - - [01/Jul/2019:10:27:11 +0200] "GET /images/title_corner_right_top.jpg HTTP/1.1" 200 389 "http://renault.activities.at/" "Mozilla/5.0 (Windows NT 10.0; Win64; x64) AppleWebKit/537.36 (KHTML, like Gecko) Chrome/58.0.3029.110 Safari/537.36 Edge/16.16299"
80.121.255.150 - - [01/Jul/2019:10:27:11 +0200] "GET /images/title_corner_left_top.jpg HTTP/1.1" 200 372 "http://renault.activities.at/" "Mozilla/5.0 (Windows NT 10.0; Win64; x64) AppleWebKit/537.36 (KHTML, like Gecko) Chrome/58.0.3029.110 Safari/537.36 Edge/16.16299"
80.121.255.150 - - [01/Jul/2019:10:27:11 +0200] "GET /loadthumbnail.php?id=11127982 HTTP/1.1" 200 399614 "http://renault.activities.at/" "Mozilla/5.0 (Windows NT 10.0; Win64; x64) AppleWebKit/537.36 (KHTML, like Gecko) Chrome/58.0.3029.110 Safari/537.36 Edge/16.16299"
80.121.255.150 - - [01/Jul/2019:10:27:22 +0200] "GET / HTTP/1.1" 200 3367 "-" "Mozilla/5.0 (Windows NT 10.0; WOW64; Trident/7.0; rv:11.0) like Gecko"
80.121.255.150 - - [01/Jul/2019:10:27:24 +0200] "GET /js/default.js HTTP/1.1" 200 14698 "http://renault.activities.at/" "Mozilla/5.0 (Windows NT 10.0; WOW64; Trident/7.0; rv:11.0) like Gecko"
80.121.255.150 - - [01/Jul/2019:10:27:24 +0200] "GET /css/clears.css HTTP/1.1" 200 851 "http://renault.activities.at/" "Mozilla/5.0 (Windows NT 10.0; WOW64; Trident/7.0; rv:11.0) like Gecko"
80.121.255.150 - - [01/Jul/2019:10:27:24 +0200] "GET /js/flashdetection.js HTTP/1.1" 200 1059 "http://renault.activities.at/" "Mozilla/5.0 (Windows NT 10.0; WOW64; Trident/7.0; rv:11.0) like Gecko"
80.121.255.150 - - [01/Jul/2019:10:27:24 +0200] "GET /css/reset.css HTTP/1.1" 200 1356 "http://renault.activities.at/" "Mozilla/5.0 (Windows NT 10.0; WOW64; Trident/7.0; rv:11.0) like Gecko"
80.121.255.150 - - [01/Jul/2019:10:27:24 +0200] "GET /css/styles.css HTTP/1.1" 200 14664 "http://renault.activities.at/" "Mozilla/5.0 (Windows NT 10.0; WOW64; Trident/7.0; rv:11.0) like Gecko"
80.121.255.150 - - [01/Jul/2019:10:27:24 +0200] "GET /css/print.css HTTP/1.1" 200 543 "http://renault.activities.at/" "Mozilla/5.0 (Windows NT 10.0; WOW64; Trident/7.0; rv:11.0) like Gecko"
80.121.255.150 - - [01/Jul/2019:10:27:24 +0200] "GET /js/checkout.css HTTP/1.1" 200 359 "http://renault.activities.at/" "Mozilla/5.0 (Windows NT 10.0; WOW64; Trident/7.0; rv:11.0) like Gecko"
80.121.255.150 - - [01/Jul/2019:10:27:24 +0200] "GET /css/prototip.css HTTP/1.1" 200 968 "http://renault.activities.at/" "Mozilla/5.0 (Windows NT 10.0; WOW64; Trident/7.0; rv:11.0) like Gecko"
80.121.255.150 - - [01/Jul/2019:10:27:24 +0200] "GET /css/themes/default.css HTTP/1.1" 200 769 "http://renault.activities.at/" "Mozilla/5.0 (Windows NT 10.0; WOW64; Trident/7.0; rv:11.0) like Gecko"
80.121.255.150 - - [01/Jul/2019:10:27:24 +0200] "GET /css/themes/alphacube.css HTTP/1.1" 200 743 "http://renault.activities.at/" "Mozilla/5.0 (Windows NT 10.0; WOW64; Trident/7.0; rv:11.0) like Gecko"
80.121.255.150 - - [01/Jul/2019:10:27:24 +0200] "GET /js/index.php?c=auto&f=,prototype/prototype.js,prototype/validation.js,scriptaculous/builder.js,scriptaculous/effects.js,scriptaculous/dragdrop.js,scriptaculous/controls.js,scriptaculous/slider.js,varien/js.js,varien/form.js,varien/menu.js,mage/translate.js,mage/cookies.js,varien/product.js,spinner/SpinnerControl.jsmin.js,prototype/window.js,prototype/window_ext.js HTTP/1.1" 200 94182 "http://renault.activities.at/" "Mozilla/5.0 (Windows NT 10.0; WOW64; Trident/7.0; rv:11.0) like Gecko"
80.121.255.150 - - [01/Jul/2019:10:27:24 +0200] "GET /images/main_block_corner_left_bot.gif HTTP/1.1" 200 159 "http://renault.activities.at/" "Mozilla/5.0 (Windows NT 10.0; WOW64; Trident/7.0; rv:11.0) like Gecko"
80.121.255.150 - - [01/Jul/2019:10:27:24 +0200] "GET /images/main_block_border.gif HTTP/1.1" 200 43 "http://renault.activities.at/" "Mozilla/5.0 (Windows NT 10.0; WOW64; Trident/7.0; rv:11.0) like Gecko"
80.121.255.150 - - [01/Jul/2019:10:27:24 +0200] "GET /images/main_block_corner_right_bot.gif HTTP/1.1" 200 158 "http://renault.activities.at/" "Mozilla/5.0 (Windows NT 10.0; WOW64; Trident/7.0; rv:11.0) like Gecko"
80.121.255.150 - - [01/Jul/2019:10:27:24 +0200] "GET /images/header_block_border.gif HTTP/1.1" 200 43 "http://renault.activities.at/" "Mozilla/5.0 (Windows NT 10.0; WOW64; Trident/7.0; rv:11.0) like Gecko"
80.121.255.150 - - [01/Jul/2019:10:27:24 +0200] "GET /images/header_block_corner_left_top.gif HTTP/1.1" 200 160 "http://renault.activities.at/" "Mozilla/5.0 (Windows NT 10.0; WOW64; Trident/7.0; rv:11.0) like Gecko"
80.121.255.150 - - [01/Jul/2019:10:27:24 +0200] "GET /images/header_block_corner_right_top.gif HTTP/1.1" 200 160 "http://renault.activities.at/" "Mozilla/5.0 (Windows NT 10.0; WOW64; Trident/7.0; rv:11.0) like Gecko"
80.121.255.150 - - [01/Jul/2019:10:27:24 +0200] "GET /images/main_block_corner_left_top.gif HTTP/1.1" 200 159 "http://renault.activities.at/" "Mozilla/5.0 (Windows NT 10.0; WOW64; Trident/7.0; rv:11.0) like Gecko"
80.121.255.150 - - [01/Jul/2019:10:27:24 +0200] "GET /images/main_block_corner_right_top.gif HTTP/1.1" 200 159 "http://renault.activities.at/" "Mozilla/5.0 (Windows NT 10.0; WOW64; Trident/7.0; rv:11.0) like Gecko"
80.121.255.150 - - [01/Jul/2019:10:27:24 +0200] "GET /images/title_border.jpg HTTP/1.1" 200 304 "http://renault.activities.at/" "Mozilla/5.0 (Windows NT 10.0; WOW64; Trident/7.0; rv:11.0) like Gecko"
80.121.255.150 - - [01/Jul/2019:10:27:24 +0200] "GET /images/title_border_top.jpg HTTP/1.1" 200 336 "http://renault.activities.at/" "Mozilla/5.0 (Windows NT 10.0; WOW64; Trident/7.0; rv:11.0) like Gecko"
80.121.255.150 - - [01/Jul/2019:10:27:24 +0200] "GET /images/title_corner_left_top.jpg HTTP/1.1" 200 372 "http://renault.activities.at/" "Mozilla/5.0 (Windows NT 10.0; WOW64; Trident/7.0; rv:11.0) like Gecko"
80.121.255.150 - - [01/Jul/2019:10:27:24 +0200] "GET /images/favicon.ico HTTP/1.1" 404 305 "-" "Mozilla/5.0 (Windows NT 10.0; Win64; x64; Trident/7.0; rv:11.0) like Gecko"
80.121.255.150 - - [01/Jul/2019:10:27:24 +0200] "GET /images/title_corner_right_top.jpg HTTP/1.1" 200 389 "http://renault.activities.at/" "Mozilla/5.0 (Windows NT 10.0; WOW64; Trident/7.0; rv:11.0) like Gecko"
80.121.255.150 - - [01/Jul/2019:10:27:24 +0200] "GET /loadthumbnail.php?id=11127982 HTTP/1.1" 200 399614 "http://renault.activities.at/" "Mozilla/5.0 (Windows NT 10.0; WOW64; Trident/7.0; rv:11.0) like Gecko"
80.121.255.150 - - [01/Jul/2019:10:27:29 +0200] "GET /login HTTP/1.1" 200 2086 "http://renault.activities.at/" "Mozilla/5.0 (Windows NT 10.0; WOW64; Trident/7.0; rv:11.0) like Gecko"
80.121.255.150 - - [01/Jul/2019:10:27:30 +0200] "GET /images/button_left_bg.gif HTTP/1.1" 200 564 "http://renault.activities.at/login" "Mozilla/5.0 (Windows NT 10.0; WOW64; Trident/7.0; rv:11.0) like Gecko"
80.121.255.150 - - [01/Jul/2019:10:27:30 +0200] "GET /images/button_right_bg.gif HTTP/1.1" 200 561 "http://renault.activities.at/login" "Mozilla/5.0 (Windows NT 10.0; WOW64; Trident/7.0; rv:11.0) like Gecko"
80.121.255.150 - - [01/Jul/2019:10:27:30 +0200] "GET /images/button_bg.gif HTTP/1.1" 200 151 "http://renault.activities.at/login" "Mozilla/5.0 (Windows NT 10.0; WOW64; Trident/7.0; rv:11.0) like Gecko"
80.121.255.150 - - [01/Jul/2019:10:27:30 +0200] "GET /images/favicon.ico HTTP/1.1" 404 305 "-" "Mozilla/5.0 (Windows NT 10.0; Win64; x64; Trident/7.0; rv:11.0) like Gecko"
80.121.255.150 - - [01/Jul/2019:10:27:30 +0200] "GET /favicon.ico HTTP/1.1" 200 3250 "-" "Mozilla/5.0 (Windows NT 10.0; Win64; x64; Trident/7.0; rv:11.0) like Gecko"
213.153.47.173 - - [01/Jul/2019:10:27:46 +0200] "GET /reload?ser=1561969666946 HTTP/1.1" 200 28 "http://renault.activities.at/login?required=true" "Mozilla/5.0 (Windows NT 10.0; Win64; x64; rv:67.0) Gecko/20100101 Firefox/67.0"
80.121.255.150 - - [01/Jul/2019:10:28:10 +0200] "GET /reload?ser=1561969517991 HTTP/1.1" 200 28 "http://renault.activities.at/" "Mozilla/5.0 (Windows NT 10.0; Win64; x64) AppleWebKit/537.36 (KHTML, like Gecko) Chrome/58.0.3029.110 Safari/537.36 Edge/16.16299"
207.46.13.117 - - [01/Jul/2019:10:28:13 +0200] "GET /10260004?dir=DESC&mode=list&order=name&limit=10&detail=10538070 HTTP/1.1" 200 3737 "-" "Mozilla/5.0 (compatible; bingbot/2.0; +http://www.bing.com/bingbot.htm)"
80.121.255.150 - - [01/Jul/2019:10:28:30 +0200] "GET /reload?ser=1561969537862 HTTP/1.1" 200 28 "http://renault.activities.at/login" "Mozilla/5.0 (Windows NT 10.0; WOW64; Trident/7.0; rv:11.0) like Gecko"
213.153.47.173 - - [01/Jul/2019:10:28:47 +0200] "GET /reload?ser=1561969727612 HTTP/1.1" 200 28 "http://renault.activities.at/login?required=true" "Mozilla/5.0 (Windows NT 10.0; Win64; x64; rv:67.0) Gecko/20100101 Firefox/67.0"
80.121.255.150 - - [01/Jul/2019:10:29:11 +0200] "GET /reload?ser=1561969578518 HTTP/1.1" 200 28 "http://renault.activities.at/" "Mozilla/5.0 (Windows NT 10.0; Win64; x64) AppleWebKit/537.36 (KHTML, like Gecko) Chrome/58.0.3029.110 Safari/537.36 Edge/16.16299"
80.121.255.150 - - [01/Jul/2019:10:29:32 +0200] "GET /reload?ser=1561969598392 HTTP/1.1" 200 28 "http://renault.activities.at/login" "Mozilla/5.0 (Windows NT 10.0; WOW64; Trident/7.0; rv:11.0) like Gecko"
213.153.47.173 - - [01/Jul/2019:10:29:48 +0200] "GET /reload?ser=1561969788266 HTTP/1.1" 200 28 "http://renault.activities.at/login?required=true" "Mozilla/5.0 (Windows NT 10.0; Win64; x64; rv:67.0) Gecko/20100101 Firefox/67.0"
80.121.255.150 - - [01/Jul/2019:10:30:15 +0200] "GET /reload?ser=1561969639046 HTTP/1.1" 200 28 "http://renault.activities.at/" "Mozilla/5.0 (Windows NT 10.0; Win64; x64) AppleWebKit/537.36 (KHTML, like Gecko) Chrome/58.0.3029.110 Safari/537.36 Edge/16.16299"
80.121.255.150 - - [01/Jul/2019:10:30:35 +0200] "GET /reload?ser=1561969659884 HTTP/1.1" 200 28 "http://renault.activities.at/login" "Mozilla/5.0 (Windows NT 10.0; WOW64; Trident/7.0; rv:11.0) like Gecko"
213.153.47.173 - - [01/Jul/2019:10:30:48 +0200] "GET /reload?ser=1561969848937 HTTP/1.1" 200 28 "http://renault.activities.at/login?required=true" "Mozilla/5.0 (Windows NT 10.0; Win64; x64; rv:67.0) Gecko/20100101 Firefox/67.0"
80.121.255.150 - - [01/Jul/2019:10:31:19 +0200] "GET /reload?ser=1561969702935 HTTP/1.1" 200 28 "http://renault.activities.at/" "Mozilla/5.0 (Windows NT 10.0; Win64; x64) AppleWebKit/537.36 (KHTML, like Gecko) Chrome/58.0.3029.110 Safari/537.36 Edge/16.16299"
80.121.255.150 - - [01/Jul/2019:10:31:39 +0200] "GET /reload?ser=1561969723295 HTTP/1.1" 200 28 "http://renault.activities.at/login" "Mozilla/5.0 (Windows NT 10.0; WOW64; Trident/7.0; rv:11.0) like Gecko"
213.153.47.173 - - [01/Jul/2019:10:31:49 +0200] "GET /reload?ser=1561969909596 HTTP/1.1" 200 28 "http://renault.activities.at/login?required=true" "Mozilla/5.0 (Windows NT 10.0; Win64; x64; rv:67.0) Gecko/20100101 Firefox/67.0"
80.121.255.150 - - [01/Jul/2019:10:32:22 +0200] "GET /reload?ser=1561969766328 HTTP/1.1" 200 28 "http://renault.activities.at/" "Mozilla/5.0 (Windows NT 10.0; Win64; x64) AppleWebKit/537.36 (KHTML, like Gecko) Chrome/58.0.3029.110 Safari/537.36 Edge/16.16299"
80.121.255.150 - - [01/Jul/2019:10:32:43 +0200] "GET /reload?ser=1561969786685 HTTP/1.1" 200 28 "http://renault.activities.at/login" "Mozilla/5.0 (Windows NT 10.0; WOW64; Trident/7.0; rv:11.0) like Gecko"
213.153.47.173 - - [01/Jul/2019:10:32:50 +0200] "GET /reload?ser=1561969970266 HTTP/1.1" 200 28 "http://renault.activities.at/login?required=true" "Mozilla/5.0 (Windows NT 10.0; Win64; x64; rv:67.0) Gecko/20100101 Firefox/67.0"
80.121.255.150 - - [01/Jul/2019:10:33:26 +0200] "GET /reload?ser=1561969829685 HTTP/1.1" 200 28 "http://renault.activities.at/" "Mozilla/5.0 (Windows NT 10.0; Win64; x64) AppleWebKit/537.36 (KHTML, like Gecko) Chrome/58.0.3029.110 Safari/537.36 Edge/16.16299"
80.121.255.150 - - [01/Jul/2019:10:33:46 +0200] "GET /reload?ser=1561969849989 HTTP/1.1" 200 28 "http://renault.activities.at/login" "Mozilla/5.0 (Windows NT 10.0; WOW64; Trident/7.0; rv:11.0) like Gecko"
213.153.47.173 - - [01/Jul/2019:10:33:50 +0200] "GET /reload?ser=1561970030947 HTTP/1.1" 200 28 "http://renault.activities.at/login?required=true" "Mozilla/5.0 (Windows NT 10.0; Win64; x64; rv:67.0) Gecko/20100101 Firefox/67.0"
80.121.255.150 - - [01/Jul/2019:10:34:50 +0200] "GET /reload?ser=1561969913368 HTTP/1.1" 200 28 "http://renault.activities.at/login" "Mozilla/5.0 (Windows NT 10.0; WOW64; Trident/7.0; rv:11.0) like Gecko"
213.153.47.173 - - [01/Jul/2019:10:34:51 +0200] "GET /reload?ser=1561970091623 HTTP/1.1" 200 28 "http://renault.activities.at/login?required=true" "Mozilla/5.0 (Windows NT 10.0; Win64; x64; rv:67.0) Gecko/20100101 Firefox/67.0"
80.121.255.150 - - [01/Jul/2019:10:35:29 +0200] "GET / HTTP/1.1" 200 3367 "-" "Mozilla/5.0 (Windows NT 6.1; WOW64; Trident/7.0; rv:11.0) like Gecko"
80.121.255.150 - - [01/Jul/2019:10:35:31 +0200] "GET /js/default.js HTTP/1.1" 200 14698 "http://renault.activities.at/" "Mozilla/5.0 (Windows NT 6.1; WOW64; Trident/7.0; rv:11.0) like Gecko"
80.121.255.150 - - [01/Jul/2019:10:35:33 +0200] "GET /js/flashdetection.js HTTP/1.1" 200 1059 "http://renault.activities.at/" "Mozilla/5.0 (Windows NT 6.1; WOW64; Trident/7.0; rv:11.0) like Gecko"
80.121.255.150 - - [01/Jul/2019:10:35:33 +0200] "GET /css/reset.css HTTP/1.1" 200 1356 "http://renault.activities.at/" "Mozilla/5.0 (Windows NT 6.1; WOW64; Trident/7.0; rv:11.0) like Gecko"
80.121.255.150 - - [01/Jul/2019:10:35:33 +0200] "GET /css/clears.css HTTP/1.1" 200 851 "http://renault.activities.at/" "Mozilla/5.0 (Windows NT 6.1; WOW64; Trident/7.0; rv:11.0) like Gecko"
80.121.255.150 - - [01/Jul/2019:10:35:33 +0200] "GET /css/styles.css HTTP/1.1" 200 14664 "http://renault.activities.at/" "Mozilla/5.0 (Windows NT 6.1; WOW64; Trident/7.0; rv:11.0) like Gecko"
80.121.255.150 - - [01/Jul/2019:10:35:33 +0200] "GET /css/print.css HTTP/1.1" 200 543 "http://renault.activities.at/" "Mozilla/5.0 (Windows NT 6.1; WOW64; Trident/7.0; rv:11.0) like Gecko"
80.121.255.150 - - [01/Jul/2019:10:35:33 +0200] "GET /css/prototip.css HTTP/1.1" 200 968 "http://renault.activities.at/" "Mozilla/5.0 (Windows NT 6.1; WOW64; Trident/7.0; rv:11.0) like Gecko"
80.121.255.150 - - [01/Jul/2019:10:35:33 +0200] "GET /js/checkout.css HTTP/1.1" 200 359 "http://renault.activities.at/" "Mozilla/5.0 (Windows NT 6.1; WOW64; Trident/7.0; rv:11.0) like Gecko"
80.121.255.150 - - [01/Jul/2019:10:35:34 +0200] "GET /css/themes/default.css HTTP/1.1" 200 769 "http://renault.activities.at/" "Mozilla/5.0 (Windows NT 6.1; WOW64; Trident/7.0; rv:11.0) like Gecko"
80.121.255.150 - - [01/Jul/2019:10:35:34 +0200] "GET /css/themes/alphacube.css HTTP/1.1" 200 743 "http://renault.activities.at/" "Mozilla/5.0 (Windows NT 6.1; WOW64; Trident/7.0; rv:11.0) like Gecko"
80.121.255.150 - - [01/Jul/2019:10:35:37 +0200] "GET /images/main_block_border.gif HTTP/1.1" 200 43 "http://renault.activities.at/" "Mozilla/5.0 (Windows NT 6.1; WOW64; Trident/7.0; rv:11.0) like Gecko"
80.121.255.150 - - [01/Jul/2019:10:35:37 +0200] "GET /images/main_block_corner_left_bot.gif HTTP/1.1" 200 159 "http://renault.activities.at/" "Mozilla/5.0 (Windows NT 6.1; WOW64; Trident/7.0; rv:11.0) like Gecko"
80.121.255.150 - - [01/Jul/2019:10:35:37 +0200] "GET /images/header_block_border.gif HTTP/1.1" 200 43 "http://renault.activities.at/" "Mozilla/5.0 (Windows NT 6.1; WOW64; Trident/7.0; rv:11.0) like Gecko"
80.121.255.150 - - [01/Jul/2019:10:35:37 +0200] "GET /images/main_block_corner_right_bot.gif HTTP/1.1" 200 158 "http://renault.activities.at/" "Mozilla/5.0 (Windows NT 6.1; WOW64; Trident/7.0; rv:11.0) like Gecko"
80.121.255.150 - - [01/Jul/2019:10:35:37 +0200] "GET /images/header_block_corner_left_top.gif HTTP/1.1" 200 160 "http://renault.activities.at/" "Mozilla/5.0 (Windows NT 6.1; WOW64; Trident/7.0; rv:11.0) like Gecko"
80.121.255.150 - - [01/Jul/2019:10:35:37 +0200] "GET /images/favicon.ico HTTP/1.1" 404 305 "-" "Mozilla/5.0 (Windows NT 6.1; WOW64; Trident/7.0; rv:11.0) like Gecko"
80.121.255.150 - - [01/Jul/2019:10:35:37 +0200] "GET /images/header_block_corner_right_top.gif HTTP/1.1" 200 160 "http://renault.activities.at/" "Mozilla/5.0 (Windows NT 6.1; WOW64; Trident/7.0; rv:11.0) like Gecko"
80.121.255.150 - - [01/Jul/2019:10:35:37 +0200] "GET /loadthumbnail.php?id=11127982 HTTP/1.1" 200 72395 "http://renault.activities.at/" "Mozilla/5.0 (Windows NT 6.1; WOW64; Trident/7.0; rv:11.0) like Gecko"
80.121.255.150 - - [01/Jul/2019:10:35:39 +0200] "GET /login HTTP/1.1" 200 2086 "http://renault.activities.at/" "Mozilla/5.0 (Windows NT 6.1; WOW64; Trident/7.0; rv:11.0) like Gecko"
80.121.255.150 - - [01/Jul/2019:10:35:41 +0200] "GET /js/default.js HTTP/1.1" 304 - "http://renault.activities.at/login" "Mozilla/5.0 (Windows NT 6.1; WOW64; Trident/7.0; rv:11.0) like Gecko"
80.121.255.150 - - [01/Jul/2019:10:35:41 +0200] "GET /css/reset.css HTTP/1.1" 304 - "http://renault.activities.at/login" "Mozilla/5.0 (Windows NT 6.1; WOW64; Trident/7.0; rv:11.0) like Gecko"
80.121.255.150 - - [01/Jul/2019:10:35:43 +0200] "GET /css/clears.css HTTP/1.1" 304 - "http://renault.activities.at/login" "Mozilla/5.0 (Windows NT 6.1; WOW64; Trident/7.0; rv:11.0) like Gecko"
80.121.255.150 - - [01/Jul/2019:10:35:43 +0200] "GET /css/styles.css HTTP/1.1" 304 - "http://renault.activities.at/login" "Mozilla/5.0 (Windows NT 6.1; WOW64; Trident/7.0; rv:11.0) like Gecko"
80.121.255.150 - - [01/Jul/2019:10:35:43 +0200] "GET /css/print.css HTTP/1.1" 304 - "http://renault.activities.at/login" "Mozilla/5.0 (Windows NT 6.1; WOW64; Trident/7.0; rv:11.0) like Gecko"
80.121.255.150 - - [01/Jul/2019:10:35:43 +0200] "GET /js/checkout.css HTTP/1.1" 304 - "http://renault.activities.at/login" "Mozilla/5.0 (Windows NT 6.1; WOW64; Trident/7.0; rv:11.0) like Gecko"
80.121.255.150 - - [01/Jul/2019:10:35:43 +0200] "GET /css/prototip.css HTTP/1.1" 304 - "http://renault.activities.at/login" "Mozilla/5.0 (Windows NT 6.1; WOW64; Trident/7.0; rv:11.0) like Gecko"
80.121.255.150 - - [01/Jul/2019:10:35:43 +0200] "GET /css/themes/default.css HTTP/1.1" 304 - "http://renault.activities.at/login" "Mozilla/5.0 (Windows NT 6.1; WOW64; Trident/7.0; rv:11.0) like Gecko"
80.121.255.150 - - [01/Jul/2019:10:35:44 +0200] "GET /css/themes/alphacube.css HTTP/1.1" 304 - "http://renault.activities.at/login" "Mozilla/5.0 (Windows NT 6.1; WOW64; Trident/7.0; rv:11.0) like Gecko"
80.121.255.150 - - [01/Jul/2019:10:35:47 +0200] "GET /images/main_block_corner_left_top.gif HTTP/1.1" 200 159 "http://renault.activities.at/login" "Mozilla/5.0 (Windows NT 6.1; WOW64; Trident/7.0; rv:11.0) like Gecko"
80.121.255.150 - - [01/Jul/2019:10:35:47 +0200] "GET /images/header_block_border.gif HTTP/1.1" 200 43 "http://renault.activities.at/login" "Mozilla/5.0 (Windows NT 6.1; WOW64; Trident/7.0; rv:11.0) like Gecko"
80.121.255.150 - - [01/Jul/2019:10:35:47 +0200] "GET /images/main_block_corner_right_bot.gif HTTP/1.1" 200 158 "http://renault.activities.at/login" "Mozilla/5.0 (Windows NT 6.1; WOW64; Trident/7.0; rv:11.0) like Gecko"
80.121.255.150 - - [01/Jul/2019:10:35:47 +0200] "GET /images/title_corner_left_top.jpg HTTP/1.1" 200 372 "http://renault.activities.at/login" "Mozilla/5.0 (Windows NT 6.1; WOW64; Trident/7.0; rv:11.0) like Gecko"
80.121.255.150 - - [01/Jul/2019:10:35:47 +0200] "GET /images/title_border_top.jpg HTTP/1.1" 200 336 "http://renault.activities.at/login" "Mozilla/5.0 (Windows NT 6.1; WOW64; Trident/7.0; rv:11.0) like Gecko"
80.121.255.150 - - [01/Jul/2019:10:35:47 +0200] "GET /images/title_corner_right_top.jpg HTTP/1.1" 200 389 "http://renault.activities.at/login" "Mozilla/5.0 (Windows NT 6.1; WOW64; Trident/7.0; rv:11.0) like Gecko"
80.121.255.150 - - [01/Jul/2019:10:35:47 +0200] "GET /images/main_block_corner_right_top.gif HTTP/1.1" 200 159 "http://renault.activities.at/login" "Mozilla/5.0 (Windows NT 6.1; WOW64; Trident/7.0; rv:11.0) like Gecko"
80.121.255.150 - - [01/Jul/2019:10:35:47 +0200] "GET /images/main_block_border.gif HTTP/1.1" 200 43 "http://renault.activities.at/login" "Mozilla/5.0 (Windows NT 6.1; WOW64; Trident/7.0; rv:11.0) like Gecko"
80.121.255.150 - - [01/Jul/2019:10:35:48 +0200] "GET /images/main_block_corner_left_bot.gif HTTP/1.1" 200 159 "http://renault.activities.at/login" "Mozilla/5.0 (Windows NT 6.1; WOW64; Trident/7.0; rv:11.0) like Gecko"
80.121.255.150 - - [01/Jul/2019:10:35:48 +0200] "GET /images/header_block_corner_left_top.gif HTTP/1.1" 200 160 "http://renault.activities.at/login" "Mozilla/5.0 (Windows NT 6.1; WOW64; Trident/7.0; rv:11.0) like Gecko"
80.121.255.150 - - [01/Jul/2019:10:35:48 +0200] "GET /images/header_block_corner_right_top.gif HTTP/1.1" 200 160 "http://renault.activities.at/login" "Mozilla/5.0 (Windows NT 6.1; WOW64; Trident/7.0; rv:11.0) like Gecko"
80.121.255.150 - - [01/Jul/2019:10:35:48 +0200] "GET /loadthumbnail.php?id=11127982 HTTP/1.1" 200 399614 "http://renault.activities.at/login" "Mozilla/5.0 (Windows NT 6.1; WOW64; Trident/7.0; rv:11.0) like Gecko"
80.121.255.150 - - [01/Jul/2019:10:35:50 +0200] "GET /images/title_border.jpg HTTP/1.1" 200 304 "http://renault.activities.at/login" "Mozilla/5.0 (Windows NT 6.1; WOW64; Trident/7.0; rv:11.0) like Gecko"
80.121.255.150 - - [01/Jul/2019:10:35:50 +0200] "GET /images/button_left_bg.gif HTTP/1.1" 200 564 "http://renault.activities.at/login" "Mozilla/5.0 (Windows NT 6.1; WOW64; Trident/7.0; rv:11.0) like Gecko"
80.121.255.150 - - [01/Jul/2019:10:35:51 +0200] "GET /images/button_bg.gif HTTP/1.1" 200 151 "http://renault.activities.at/login" "Mozilla/5.0 (Windows NT 6.1; WOW64; Trident/7.0; rv:11.0) like Gecko"
80.121.255.150 - - [01/Jul/2019:10:35:51 +0200] "GET /images/button_right_bg.gif HTTP/1.1" 200 561 "http://renault.activities.at/login" "Mozilla/5.0 (Windows NT 6.1; WOW64; Trident/7.0; rv:11.0) like Gecko"
213.153.47.173 - - [01/Jul/2019:10:35:52 +0200] "GET /reload?ser=1561970152288 HTTP/1.1" 200 28 "http://renault.activities.at/login?required=true" "Mozilla/5.0 (Windows NT 10.0; Win64; x64; rv:67.0) Gecko/20100101 Firefox/67.0"
80.121.255.150 - - [01/Jul/2019:10:35:53 +0200] "GET /reload?ser=1561969976714 HTTP/1.1" 200 28 "http://renault.activities.at/login" "Mozilla/5.0 (Windows NT 10.0; WOW64; Trident/7.0; rv:11.0) like Gecko"
80.121.255.150 - - [01/Jul/2019:10:35:53 +0200] "POST /login HTTP/1.1" 302 140 "http://renault.activities.at/login" "Mozilla/5.0 (Windows NT 6.1; WOW64; Trident/7.0; rv:11.0) like Gecko"
80.121.255.150 - - [01/Jul/2019:10:35:58 +0200] "GET /account HTTP/1.1" 200 6308 "http://renault.activities.at/login" "Mozilla/5.0 (Windows NT 6.1; WOW64; Trident/7.0; rv:11.0) like Gecko"
80.121.255.150 - - [01/Jul/2019:10:36:01 +0200] "POST /login HTTP/1.1" 302 140 "http://renault.activities.at/login" "Mozilla/5.0 (Windows NT 6.1; WOW64; Trident/7.0; rv:11.0) like Gecko"
80.121.255.150 - - [01/Jul/2019:10:36:06 +0200] "GET /account HTTP/1.1" 200 6308 "http://renault.activities.at/login" "Mozilla/5.0 (Windows NT 6.1; WOW64; Trident/7.0; rv:11.0) like Gecko"
80.121.255.150 - - [01/Jul/2019:10:36:10 +0200] "GET /js/default.js HTTP/1.1" 304 - "http://renault.activities.at/account" "Mozilla/5.0 (Windows NT 6.1; WOW64; Trident/7.0; rv:11.0) like Gecko"
80.121.255.150 - - [01/Jul/2019:10:36:10 +0200] "GET /css/reset.css HTTP/1.1" 304 - "http://renault.activities.at/account" "Mozilla/5.0 (Windows NT 6.1; WOW64; Trident/7.0; rv:11.0) like Gecko"
80.121.255.150 - - [01/Jul/2019:10:36:10 +0200] "GET /css/styles.css HTTP/1.1" 304 - "http://renault.activities.at/account" "Mozilla/5.0 (Windows NT 6.1; WOW64; Trident/7.0; rv:11.0) like Gecko"
80.121.255.150 - - [01/Jul/2019:10:36:10 +0200] "GET /css/clears.css HTTP/1.1" 304 - "http://renault.activities.at/account" "Mozilla/5.0 (Windows NT 6.1; WOW64; Trident/7.0; rv:11.0) like Gecko"
80.121.255.150 - - [01/Jul/2019:10:36:10 +0200] "GET /css/print.css HTTP/1.1" 304 - "http://renault.activities.at/account" "Mozilla/5.0 (Windows NT 6.1; WOW64; Trident/7.0; rv:11.0) like Gecko"
80.121.255.150 - - [01/Jul/2019:10:36:11 +0200] "GET /js/checkout.css HTTP/1.1" 304 - "http://renault.activities.at/account" "Mozilla/5.0 (Windows NT 6.1; WOW64; Trident/7.0; rv:11.0) like Gecko"
80.121.255.150 - - [01/Jul/2019:10:36:11 +0200] "GET /css/prototip.css HTTP/1.1" 304 - "http://renault.activities.at/account" "Mozilla/5.0 (Windows NT 6.1; WOW64; Trident/7.0; rv:11.0) like Gecko"
80.121.255.150 - - [01/Jul/2019:10:36:11 +0200] "GET /css/themes/default.css HTTP/1.1" 304 - "http://renault.activities.at/account" "Mozilla/5.0 (Windows NT 6.1; WOW64; Trident/7.0; rv:11.0) like Gecko"
80.121.255.150 - - [01/Jul/2019:10:36:12 +0200] "GET /js/account.js HTTP/1.1" 200 953 "http://renault.activities.at/account" "Mozilla/5.0 (Windows NT 6.1; WOW64; Trident/7.0; rv:11.0) like Gecko"
80.121.255.150 - - [01/Jul/2019:10:36:12 +0200] "GET /css/themes/alphacube.css HTTP/1.1" 304 - "http://renault.activities.at/account" "Mozilla/5.0 (Windows NT 6.1; WOW64; Trident/7.0; rv:11.0) like Gecko"
80.121.255.150 - - [01/Jul/2019:10:36:12 +0200] "GET /loadthumbnail.php?id=11819633&width=50&height=50 HTTP/1.1" 200 1276 "http://renault.activities.at/account" "Mozilla/5.0 (Windows NT 6.1; WOW64; Trident/7.0; rv:11.0) like Gecko"
80.121.255.150 - - [01/Jul/2019:10:36:12 +0200] "GET /loadthumbnail.php?id=11895725&width=50&height=50 HTTP/1.1" 200 1180 "http://renault.activities.at/account" "Mozilla/5.0 (Windows NT 6.1; WOW64; Trident/7.0; rv:11.0) like Gecko"
80.121.255.150 - - [01/Jul/2019:10:36:14 +0200] "GET /loadthumbnail.php?id=11819630&width=50&height=50 HTTP/1.1" 200 1142 "http://renault.activities.at/account" "Mozilla/5.0 (Windows NT 6.1; WOW64; Trident/7.0; rv:11.0) like Gecko"
80.121.255.150 - - [01/Jul/2019:10:36:14 +0200] "GET /loadthumbnail.php?id=11590242&width=50&height=50 HTTP/1.1" 200 1237 "http://renault.activities.at/account" "Mozilla/5.0 (Windows NT 6.1; WOW64; Trident/7.0; rv:11.0) like Gecko"
80.121.255.150 - - [01/Jul/2019:10:36:15 +0200] "GET /loadthumbnail.php?id=11730239&width=50&height=50 HTTP/1.1" 200 947 "http://renault.activities.at/account" "Mozilla/5.0 (Windows NT 6.1; WOW64; Trident/7.0; rv:11.0) like Gecko"
80.121.255.150 - - [01/Jul/2019:10:36:15 +0200] "GET /loadthumbnail.php?id=10260190&width=50&height=50 HTTP/1.1" 200 1018 "http://renault.activities.at/account" "Mozilla/5.0 (Windows NT 6.1; WOW64; Trident/7.0; rv:11.0) like Gecko"
80.121.255.150 - - [01/Jul/2019:10:36:15 +0200] "GET /loadthumbnail.php?id=10260174&width=50&height=50 HTTP/1.1" 200 1024 "http://renault.activities.at/account" "Mozilla/5.0 (Windows NT 6.1; WOW64; Trident/7.0; rv:11.0) like Gecko"
80.121.255.150 - - [01/Jul/2019:10:36:15 +0200] "GET /images/header_block_corner_right_top.gif HTTP/1.1" 304 - "http://renault.activities.at/account" "Mozilla/5.0 (Windows NT 6.1; WOW64; Trident/7.0; rv:11.0) like Gecko"
80.121.255.150 - - [01/Jul/2019:10:36:15 +0200] "GET /images/main_block_corner_left_top.gif HTTP/1.1" 304 - "http://renault.activities.at/account" "Mozilla/5.0 (Windows NT 6.1; WOW64; Trident/7.0; rv:11.0) like Gecko"
80.121.255.150 - - [01/Jul/2019:10:36:16 +0200] "GET /images/header_block_corner_left_top.gif HTTP/1.1" 304 - "http://renault.activities.at/account" "Mozilla/5.0 (Windows NT 6.1; WOW64; Trident/7.0; rv:11.0) like Gecko"
80.121.255.150 - - [01/Jul/2019:10:36:16 +0200] "GET /images/search_bg.gif HTTP/1.1" 200 1726 "http://renault.activities.at/account" "Mozilla/5.0 (Windows NT 6.1; WOW64; Trident/7.0; rv:11.0) like Gecko"
80.121.255.150 - - [01/Jul/2019:10:36:16 +0200] "GET /images/main_block_border.gif HTTP/1.1" 304 - "http://renault.activities.at/account" "Mozilla/5.0 (Windows NT 6.1; WOW64; Trident/7.0; rv:11.0) like Gecko"
80.121.255.150 - - [01/Jul/2019:10:36:16 +0200] "GET /images/header_block_border.gif HTTP/1.1" 304 - "http://renault.activities.at/account" "Mozilla/5.0 (Windows NT 6.1; WOW64; Trident/7.0; rv:11.0) like Gecko"
80.121.255.150 - - [01/Jul/2019:10:36:17 +0200] "GET /images/main_block_corner_right_top.gif HTTP/1.1" 304 - "http://renault.activities.at/account" "Mozilla/5.0 (Windows NT 6.1; WOW64; Trident/7.0; rv:11.0) like Gecko"
80.121.255.150 - - [01/Jul/2019:10:36:17 +0200] "GET /images/main_block_corner_left_bot.gif HTTP/1.1" 304 - "http://renault.activities.at/account" "Mozilla/5.0 (Windows NT 6.1; WOW64; Trident/7.0; rv:11.0) like Gecko"
80.121.255.150 - - [01/Jul/2019:10:36:17 +0200] "GET /images/main_block_corner_right_bot.gif HTTP/1.1" 304 - "http://renault.activities.at/account" "Mozilla/5.0 (Windows NT 6.1; WOW64; Trident/7.0; rv:11.0) like Gecko"
80.121.255.150 - - [01/Jul/2019:10:36:18 +0200] "GET /images/top_links_divider.gif HTTP/1.1" 200 44 "http://renault.activities.at/account" "Mozilla/5.0 (Windows NT 6.1; WOW64; Trident/7.0; rv:11.0) like Gecko"
80.121.255.150 - - [01/Jul/2019:10:36:18 +0200] "GET /images/menu_divider.gif HTTP/1.1" 200 176 "http://renault.activities.at/account" "Mozilla/5.0 (Windows NT 6.1; WOW64; Trident/7.0; rv:11.0) like Gecko"
80.121.255.150 - - [01/Jul/2019:10:36:18 +0200] "GET /images/nav_divider.gif HTTP/1.1" 200 43 "http://renault.activities.at/account" "Mozilla/5.0 (Windows NT 6.1; WOW64; Trident/7.0; rv:11.0) like Gecko"
80.121.255.150 - - [01/Jul/2019:10:36:18 +0200] "GET /images/menu_button_bg.jpg HTTP/1.1" 200 322 "http://renault.activities.at/account" "Mozilla/5.0 (Windows NT 6.1; WOW64; Trident/7.0; rv:11.0) like Gecko"
80.121.255.150 - - [01/Jul/2019:10:36:19 +0200] "GET /images/button_left_bg.gif HTTP/1.1" 304 - "http://renault.activities.at/account" "Mozilla/5.0 (Windows NT 6.1; WOW64; Trident/7.0; rv:11.0) like Gecko"
80.121.255.150 - - [01/Jul/2019:10:36:19 +0200] "GET /images/sidebar_title_border.gif HTTP/1.1" 200 43 "http://renault.activities.at/account" "Mozilla/5.0 (Windows NT 6.1; WOW64; Trident/7.0; rv:11.0) like Gecko"
80.121.255.150 - - [01/Jul/2019:10:36:20 +0200] "GET /images/sidebar_title_border_top.gif HTTP/1.1" 200 155 "http://renault.activities.at/account" "Mozilla/5.0 (Windows NT 6.1; WOW64; Trident/7.0; rv:11.0) like Gecko"
80.121.255.150 - - [01/Jul/2019:10:36:20 +0200] "GET /images/sidebar_title_corner_left_top.gif HTTP/1.1" 200 1124 "http://renault.activities.at/account" "Mozilla/5.0 (Windows NT 6.1; WOW64; Trident/7.0; rv:11.0) like Gecko"
80.121.255.150 - - [01/Jul/2019:10:36:20 +0200] "GET /images/button_right_bg.gif HTTP/1.1" 200 561 "http://renault.activities.at/account" "Mozilla/5.0 (Windows NT 6.1; WOW64; Trident/7.0; rv:11.0) like Gecko"
80.121.255.150 - - [01/Jul/2019:10:36:20 +0200] "GET /images/sidebar_title_corner_right_top.gif HTTP/1.1" 200 383 "http://renault.activities.at/account" "Mozilla/5.0 (Windows NT 6.1; WOW64; Trident/7.0; rv:11.0) like Gecko"
80.121.255.150 - - [01/Jul/2019:10:36:21 +0200] "GET /images/button_bg.gif HTTP/1.1" 200 151 "http://renault.activities.at/account" "Mozilla/5.0 (Windows NT 6.1; WOW64; Trident/7.0; rv:11.0) like Gecko"
80.121.255.150 - - [01/Jul/2019:10:36:21 +0200] "GET /images/title_border.jpg HTTP/1.1" 304 - "http://renault.activities.at/account" "Mozilla/5.0 (Windows NT 6.1; WOW64; Trident/7.0; rv:11.0) like Gecko"
213.153.47.173 - - [01/Jul/2019:10:36:52 +0200] "GET /reload?ser=1561970212957 HTTP/1.1" 200 28 "http://renault.activities.at/login?required=true" "Mozilla/5.0 (Windows NT 10.0; Win64; x64; rv:67.0) Gecko/20100101 Firefox/67.0"
80.121.255.150 - - [01/Jul/2019:10:36:57 +0200] "GET /reload?ser=1561970040083 HTTP/1.1" 200 28 "http://renault.activities.at/login" "Mozilla/5.0 (Windows NT 10.0; WOW64; Trident/7.0; rv:11.0) like Gecko"
213.153.47.173 - - [01/Jul/2019:10:37:53 +0200] "GET /reload?ser=1561970273627 HTTP/1.1" 200 28 "http://renault.activities.at/login?required=true" "Mozilla/5.0 (Windows NT 10.0; Win64; x64; rv:67.0) Gecko/20100101 Firefox/67.0"
80.121.255.150 - - [01/Jul/2019:10:38:00 +0200] "GET /reload?ser=1561970103542 HTTP/1.1" 200 28 "http://renault.activities.at/login" "Mozilla/5.0 (Windows NT 10.0; WOW64; Trident/7.0; rv:11.0) like Gecko"
80.121.255.150 - - [01/Jul/2019:10:38:28 +0200] "POST /login HTTP/1.1" 302 140 "http://renault.activities.at/login" "Mozilla/5.0 (Windows NT 10.0; WOW64; Trident/7.0; rv:11.0) like Gecko"
80.121.255.150 - - [01/Jul/2019:10:38:31 +0200] "GET /account HTTP/1.1" 200 6308 "http://renault.activities.at/login" "Mozilla/5.0 (Windows NT 10.0; WOW64; Trident/7.0; rv:11.0) like Gecko"
80.121.255.150 - - [01/Jul/2019:10:38:36 +0200] "GET /js/account.js HTTP/1.1" 200 953 "http://renault.activities.at/account" "Mozilla/5.0 (Windows NT 10.0; WOW64; Trident/7.0; rv:11.0) like Gecko"
80.121.255.150 - - [01/Jul/2019:10:38:36 +0200] "GET /loadthumbnail.php?id=11895725&width=50&height=50 HTTP/1.1" 200 1180 "http://renault.activities.at/account" "Mozilla/5.0 (Windows NT 10.0; WOW64; Trident/7.0; rv:11.0) like Gecko"
80.121.255.150 - - [01/Jul/2019:10:38:36 +0200] "GET /loadthumbnail.php?id=11819633&width=50&height=50 HTTP/1.1" 200 1276 "http://renault.activities.at/account" "Mozilla/5.0 (Windows NT 10.0; WOW64; Trident/7.0; rv:11.0) like Gecko"
80.121.255.150 - - [01/Jul/2019:10:38:36 +0200] "GET /loadthumbnail.php?id=11819630&width=50&height=50 HTTP/1.1" 200 1142 "http://renault.activities.at/account" "Mozilla/5.0 (Windows NT 10.0; WOW64; Trident/7.0; rv:11.0) like Gecko"
80.121.255.150 - - [01/Jul/2019:10:38:36 +0200] "GET /loadthumbnail.php?id=11590242&width=50&height=50 HTTP/1.1" 200 1237 "http://renault.activities.at/account" "Mozilla/5.0 (Windows NT 10.0; WOW64; Trident/7.0; rv:11.0) like Gecko"
80.121.255.150 - - [01/Jul/2019:10:38:36 +0200] "GET /loadthumbnail.php?id=11730239&width=50&height=50 HTTP/1.1" 200 947 "http://renault.activities.at/account" "Mozilla/5.0 (Windows NT 10.0; WOW64; Trident/7.0; rv:11.0) like Gecko"
80.121.255.150 - - [01/Jul/2019:10:38:37 +0200] "GET /loadthumbnail.php?id=10260174&width=50&height=50 HTTP/1.1" 200 1024 "http://renault.activities.at/account" "Mozilla/5.0 (Windows NT 10.0; WOW64; Trident/7.0; rv:11.0) like Gecko"
80.121.255.150 - - [01/Jul/2019:10:38:37 +0200] "GET /loadthumbnail.php?id=10260190&width=50&height=50 HTTP/1.1" 200 1018 "http://renault.activities.at/account" "Mozilla/5.0 (Windows NT 10.0; WOW64; Trident/7.0; rv:11.0) like Gecko"
80.121.255.150 - - [01/Jul/2019:10:38:40 +0200] "GET /images/search_bg.gif HTTP/1.1" 200 1726 "http://renault.activities.at/account" "Mozilla/5.0 (Windows NT 10.0; WOW64; Trident/7.0; rv:11.0) like Gecko"
80.121.255.150 - - [01/Jul/2019:10:38:40 +0200] "GET /images/menu_divider.gif HTTP/1.1" 200 176 "http://renault.activities.at/account" "Mozilla/5.0 (Windows NT 10.0; WOW64; Trident/7.0; rv:11.0) like Gecko"
80.121.255.150 - - [01/Jul/2019:10:38:40 +0200] "GET /images/nav_divider.gif HTTP/1.1" 200 43 "http://renault.activities.at/account" "Mozilla/5.0 (Windows NT 10.0; WOW64; Trident/7.0; rv:11.0) like Gecko"
80.121.255.150 - - [01/Jul/2019:10:38:40 +0200] "GET /images/top_links_divider.gif HTTP/1.1" 200 44 "http://renault.activities.at/account" "Mozilla/5.0 (Windows NT 10.0; WOW64; Trident/7.0; rv:11.0) like Gecko"
80.121.255.150 - - [01/Jul/2019:10:38:40 +0200] "GET /images/menu_button_bg.jpg HTTP/1.1" 200 322 "http://renault.activities.at/account" "Mozilla/5.0 (Windows NT 10.0; WOW64; Trident/7.0; rv:11.0) like Gecko"
80.121.255.150 - - [01/Jul/2019:10:38:40 +0200] "GET /images/sidebar_title_border.gif HTTP/1.1" 200 43 "http://renault.activities.at/account" "Mozilla/5.0 (Windows NT 10.0; WOW64; Trident/7.0; rv:11.0) like Gecko"
80.121.255.150 - - [01/Jul/2019:10:38:41 +0200] "GET /images/sidebar_title_border_top.gif HTTP/1.1" 200 155 "http://renault.activities.at/account" "Mozilla/5.0 (Windows NT 10.0; WOW64; Trident/7.0; rv:11.0) like Gecko"
80.121.255.150 - - [01/Jul/2019:10:38:41 +0200] "GET /images/sidebar_title_corner_left_top.gif HTTP/1.1" 200 1124 "http://renault.activities.at/account" "Mozilla/5.0 (Windows NT 10.0; WOW64; Trident/7.0; rv:11.0) like Gecko"
80.121.255.150 - - [01/Jul/2019:10:38:41 +0200] "GET /images/footer_divider.gif HTTP/1.1" 200 44 "http://renault.activities.at/account" "Mozilla/5.0 (Windows NT 10.0; WOW64; Trident/7.0; rv:11.0) like Gecko"
80.121.255.150 - - [01/Jul/2019:10:38:41 +0200] "GET /images/sidebar_title_corner_right_top.gif HTTP/1.1" 200 383 "http://renault.activities.at/account" "Mozilla/5.0 (Windows NT 10.0; WOW64; Trident/7.0; rv:11.0) like Gecko"
80.121.255.150 - - [01/Jul/2019:10:38:44 +0200] "GET /favicon.ico HTTP/1.1" 200 3250 "-" "Mozilla/5.0 (Windows NT 10.0; Win64; x64; Trident/7.0; rv:11.0) like Gecko"
213.153.47.173 - - [01/Jul/2019:10:38:54 +0200] "GET /reload?ser=1561970334298 HTTP/1.1" 200 28 "http://renault.activities.at/login?required=true" "Mozilla/5.0 (Windows NT 10.0; Win64; x64; rv:67.0) Gecko/20100101 Firefox/67.0"
80.121.255.150 - - [01/Jul/2019:10:38:58 +0200] "GET /address HTTP/1.1" 200 5570 "http://renault.activities.at/account" "Mozilla/5.0 (Windows NT 10.0; WOW64; Trident/7.0; rv:11.0) like Gecko"
80.121.255.150 - - [01/Jul/2019:10:39:06 +0200] "GET /imprintaddress HTTP/1.1" 200 7144 "http://renault.activities.at/address" "Mozilla/5.0 (Windows NT 10.0; WOW64; Trident/7.0; rv:11.0) like Gecko"
80.121.255.150 - - [01/Jul/2019:10:39:11 +0200] "GET /js/prototip.js HTTP/1.1" 200 4588 "http://renault.activities.at/imprintaddress" "Mozilla/5.0 (Windows NT 10.0; WOW64; Trident/7.0; rv:11.0) like Gecko"
80.121.255.150 - - [01/Jul/2019:10:39:11 +0200] "GET /js/CompanyImprint.js HTTP/1.1" 200 1197 "http://renault.activities.at/imprintaddress" "Mozilla/5.0 (Windows NT 10.0; WOW64; Trident/7.0; rv:11.0) like Gecko"
80.121.255.150 - - [01/Jul/2019:10:39:11 +0200] "GET /images/loading.gif HTTP/1.1" 200 3208 "http://renault.activities.at/imprintaddress" "Mozilla/5.0 (Windows NT 10.0; WOW64; Trident/7.0; rv:11.0) like Gecko"
80.121.255.150 - - [01/Jul/2019:10:39:11 +0200] "GET /images/information.gif HTTP/1.1" 200 1025 "http://renault.activities.at/imprintaddress" "Mozilla/5.0 (Windows NT 10.0; WOW64; Trident/7.0; rv:11.0) like Gecko"
80.121.255.150 - - [01/Jul/2019:10:39:14 +0200] "GET /images/validation_advice_bg.gif HTTP/1.1" 200 134 "http://renault.activities.at/imprintaddress" "Mozilla/5.0 (Windows NT 10.0; WOW64; Trident/7.0; rv:11.0) like Gecko"
80.121.255.150 - - [01/Jul/2019:10:39:35 +0200] "GET /imprints HTTP/1.1" 200 6040 "http://renault.activities.at/imprintaddress" "Mozilla/5.0 (Windows NT 10.0; WOW64; Trident/7.0; rv:11.0) like Gecko"
80.121.255.150 - - [01/Jul/2019:10:39:38 +0200] "GET /js/ImprintEdit.js HTTP/1.1" 200 5933 "http://renault.activities.at/imprints" "Mozilla/5.0 (Windows NT 10.0; WOW64; Trident/7.0; rv:11.0) like Gecko"
80.121.255.150 - - [01/Jul/2019:10:39:39 +0200] "GET /images/icons/user.gif HTTP/1.1" 200 1001 "http://renault.activities.at/imprints" "Mozilla/5.0 (Windows NT 10.0; WOW64; Trident/7.0; rv:11.0) like Gecko"
80.121.255.150 - - [01/Jul/2019:10:39:39 +0200] "GET /images/icons/page_red.gif HTTP/1.1" 200 1068 "http://renault.activities.at/imprints" "Mozilla/5.0 (Windows NT 10.0; WOW64; Trident/7.0; rv:11.0) like Gecko"
80.121.255.150 - - [01/Jul/2019:10:39:39 +0200] "GET /images/icons/page_key.gif HTTP/1.1" 200 1074 "http://renault.activities.at/imprints" "Mozilla/5.0 (Windows NT 10.0; WOW64; Trident/7.0; rv:11.0) like Gecko"
80.121.255.150 - - [01/Jul/2019:10:39:39 +0200] "GET /images/icons/page_green.gif HTTP/1.1" 200 1048 "http://renault.activities.at/imprints" "Mozilla/5.0 (Windows NT 10.0; WOW64; Trident/7.0; rv:11.0) like Gecko"
80.121.255.150 - - [01/Jul/2019:10:39:39 +0200] "GET /images/icons/group.gif HTTP/1.1" 200 1014 "http://renault.activities.at/imprints" "Mozilla/5.0 (Windows NT 10.0; WOW64; Trident/7.0; rv:11.0) like Gecko"
80.121.255.150 - - [01/Jul/2019:10:39:40 +0200] "GET /images/icons/page_go.gif HTTP/1.1" 200 1071 "http://renault.activities.at/imprints" "Mozilla/5.0 (Windows NT 10.0; WOW64; Trident/7.0; rv:11.0) like Gecko"
80.121.255.150 - - [01/Jul/2019:10:39:40 +0200] "GET /images/icons/page_lupe.gif HTTP/1.1" 200 1070 "http://renault.activities.at/imprints" "Mozilla/5.0 (Windows NT 10.0; WOW64; Trident/7.0; rv:11.0) like Gecko"
80.121.255.150 - - [01/Jul/2019:10:39:41 +0200] "GET /images/icons/page_delete.gif HTTP/1.1" 200 1072 "http://renault.activities.at/imprints" "Mozilla/5.0 (Windows NT 10.0; WOW64; Trident/7.0; rv:11.0) like Gecko"
80.121.255.150 - - [01/Jul/2019:10:39:41 +0200] "GET /images/icons/page_edit.gif HTTP/1.1" 200 1077 "http://renault.activities.at/imprints" "Mozilla/5.0 (Windows NT 10.0; WOW64; Trident/7.0; rv:11.0) like Gecko"
80.121.255.150 - - [01/Jul/2019:10:39:41 +0200] "GET /images/icons/disabled_page_go.gif HTTP/1.1" 200 660 "http://renault.activities.at/imprints" "Mozilla/5.0 (Windows NT 10.0; WOW64; Trident/7.0; rv:11.0) like Gecko"
80.121.255.150 - - [01/Jul/2019:10:39:42 +0200] "GET /images/pager_bg.gif HTTP/1.1" 200 150 "http://renault.activities.at/imprints" "Mozilla/5.0 (Windows NT 10.0; WOW64; Trident/7.0; rv:11.0) like Gecko"
213.153.47.173 - - [01/Jul/2019:10:39:54 +0200] "GET /reload?ser=1561970394957 HTTP/1.1" 200 28 "http://renault.activities.at/login?required=true" "Mozilla/5.0 (Windows NT 10.0; Win64; x64; rv:67.0) Gecko/20100101 Firefox/67.0"
80.121.255.150 - - [01/Jul/2019:10:40:05 +0200] "GET /images/ajax_loading.gif HTTP/1.1" 200 1542 "http://renault.activities.at/imprints" "Mozilla/5.0 (Windows NT 10.0; WOW64; Trident/7.0; rv:11.0) like Gecko"
80.121.255.150 - - [01/Jul/2019:10:40:05 +0200] "GET /css/themes/alphacube/top_mid.gif HTTP/1.1" 200 833 "http://renault.activities.at/imprints" "Mozilla/5.0 (Windows NT 10.0; WOW64; Trident/7.0; rv:11.0) like Gecko"
80.121.255.150 - - [01/Jul/2019:10:40:05 +0200] "GET /css/themes/alphacube/bottom_middle.gif HTTP/1.1" 200 44 "http://renault.activities.at/imprints" "Mozilla/5.0 (Windows NT 10.0; WOW64; Trident/7.0; rv:11.0) like Gecko"
