213.153.47.173 - - [09/Jul/2019:12:53:56 +0200] "GET /reload?ser=1562669636145 HTTP/1.1" 200 28 "http://renault.activities.at/login?required=true" "Mozilla/5.0 (Windows NT 10.0; Win64; x64; rv:67.0) Gecko/20100101 Firefox/67.0"
80.122.53.230 - - [09/Jul/2019:12:54:40 +0200] "GET /reload?ser=1562669680265 HTTP/1.1" 200 28 "http://renault.activities.at/result?searchterm=true&search=give+away" "Mozilla/5.0 (Windows NT 6.1; Win64; x64; rv:67.0) Gecko/20100101 Firefox/67.0"
138.21.12.25 - - [09/Jul/2019:12:54:48 +0200] "GET /reload?ser=1562669688396 HTTP/1.1" 200 28 "http://renault.2web.at/10260300" "Mozilla/5.0 (Windows NT 10.0; WOW64; Trident/7.0; Touch; rv:11.0) like Gecko"
213.153.47.173 - - [09/Jul/2019:12:54:56 +0200] "GET /reload?ser=1562669696814 HTTP/1.1" 200 28 "http://renault.activities.at/login?required=true" "Mozilla/5.0 (Windows NT 10.0; Win64; x64; rv:67.0) Gecko/20100101 Firefox/67.0"
80.122.53.230 - - [09/Jul/2019:12:55:41 +0200] "GET /reload?ser=1562669741237 HTTP/1.1" 200 28 "http://renault.activities.at/result?searchterm=true&search=give+away" "Mozilla/5.0 (Windows NT 6.1; Win64; x64; rv:67.0) Gecko/20100101 Firefox/67.0"
138.21.12.25 - - [09/Jul/2019:12:55:49 +0200] "GET /reload?ser=1562669749439 HTTP/1.1" 200 28 "http://renault.2web.at/10260300" "Mozilla/5.0 (Windows NT 10.0; WOW64; Trident/7.0; Touch; rv:11.0) like Gecko"
213.153.47.173 - - [09/Jul/2019:12:55:57 +0200] "GET /reload?ser=1562669757475 HTTP/1.1" 200 28 "http://renault.activities.at/login?required=true" "Mozilla/5.0 (Windows NT 10.0; Win64; x64; rv:67.0) Gecko/20100101 Firefox/67.0"
80.122.53.230 - - [09/Jul/2019:12:56:42 +0200] "GET /reload?ser=1562669802261 HTTP/1.1" 200 28 "http://renault.activities.at/result?searchterm=true&search=give+away" "Mozilla/5.0 (Windows NT 6.1; Win64; x64; rv:67.0) Gecko/20100101 Firefox/67.0"
138.21.12.25 - - [09/Jul/2019:12:56:50 +0200] "GET /reload?ser=1562669810546 HTTP/1.1" 200 28 "http://renault.2web.at/10260300" "Mozilla/5.0 (Windows NT 10.0; WOW64; Trident/7.0; Touch; rv:11.0) like Gecko"
213.153.47.173 - - [09/Jul/2019:12:56:58 +0200] "GET /reload?ser=1562669818145 HTTP/1.1" 200 28 "http://renault.activities.at/login?required=true" "Mozilla/5.0 (Windows NT 10.0; Win64; x64; rv:67.0) Gecko/20100101 Firefox/67.0"
80.122.53.230 - - [09/Jul/2019:12:57:43 +0200] "GET /reload?ser=1562669863270 HTTP/1.1" 200 28 "http://renault.activities.at/result?searchterm=true&search=give+away" "Mozilla/5.0 (Windows NT 6.1; Win64; x64; rv:67.0) Gecko/20100101 Firefox/67.0"
138.21.12.25 - - [09/Jul/2019:12:57:51 +0200] "GET /reload?ser=1562669871649 HTTP/1.1" 200 28 "http://renault.2web.at/10260300" "Mozilla/5.0 (Windows NT 10.0; WOW64; Trident/7.0; Touch; rv:11.0) like Gecko"
213.153.47.173 - - [09/Jul/2019:12:57:58 +0200] "GET /reload?ser=1562669878795 HTTP/1.1" 200 28 "http://renault.activities.at/login?required=true" "Mozilla/5.0 (Windows NT 10.0; Win64; x64; rv:67.0) Gecko/20100101 Firefox/67.0"
80.122.53.230 - - [09/Jul/2019:12:58:44 +0200] "GET /reload?ser=1562669924288 HTTP/1.1" 200 28 "http://renault.activities.at/result?searchterm=true&search=give+away" "Mozilla/5.0 (Windows NT 6.1; Win64; x64; rv:67.0) Gecko/20100101 Firefox/67.0"
138.21.12.25 - - [09/Jul/2019:12:58:52 +0200] "GET /reload?ser=1562669932730 HTTP/1.1" 200 28 "http://renault.2web.at/10260300" "Mozilla/5.0 (Windows NT 10.0; WOW64; Trident/7.0; Touch; rv:11.0) like Gecko"
213.153.47.173 - - [09/Jul/2019:12:58:59 +0200] "GET /reload?ser=1562669939465 HTTP/1.1" 200 28 "http://renault.activities.at/login?required=true" "Mozilla/5.0 (Windows NT 10.0; Win64; x64; rv:67.0) Gecko/20100101 Firefox/67.0"
80.122.53.230 - - [09/Jul/2019:12:59:45 +0200] "GET /reload?ser=1562669985306 HTTP/1.1" 200 28 "http://renault.activities.at/result?searchterm=true&search=give+away" "Mozilla/5.0 (Windows NT 6.1; Win64; x64; rv:67.0) Gecko/20100101 Firefox/67.0"
138.21.12.25 - - [09/Jul/2019:12:59:53 +0200] "GET /reload?ser=1562669993797 HTTP/1.1" 200 28 "http://renault.2web.at/10260300" "Mozilla/5.0 (Windows NT 10.0; WOW64; Trident/7.0; Touch; rv:11.0) like Gecko"
213.153.47.173 - - [09/Jul/2019:13:00:00 +0200] "GET /reload?ser=1562670000145 HTTP/1.1" 200 28 "http://renault.activities.at/login?required=true" "Mozilla/5.0 (Windows NT 10.0; Win64; x64; rv:67.0) Gecko/20100101 Firefox/67.0"
80.122.53.230 - - [09/Jul/2019:13:00:46 +0200] "GET /reload?ser=1562670046283 HTTP/1.1" 200 28 "http://renault.activities.at/result?searchterm=true&search=give+away" "Mozilla/5.0 (Windows NT 6.1; Win64; x64; rv:67.0) Gecko/20100101 Firefox/67.0"
138.21.12.25 - - [09/Jul/2019:13:00:55 +0200] "GET /reload?ser=1562670054810 HTTP/1.1" 200 28 "http://renault.2web.at/10260300" "Mozilla/5.0 (Windows NT 10.0; WOW64; Trident/7.0; Touch; rv:11.0) like Gecko"
213.153.47.173 - - [09/Jul/2019:13:01:00 +0200] "GET /reload?ser=1562670060816 HTTP/1.1" 200 28 "http://renault.activities.at/login?required=true" "Mozilla/5.0 (Windows NT 10.0; Win64; x64; rv:67.0) Gecko/20100101 Firefox/67.0"
80.122.53.230 - - [09/Jul/2019:13:01:47 +0200] "GET /reload?ser=1562670107280 HTTP/1.1" 200 28 "http://renault.activities.at/result?searchterm=true&search=give+away" "Mozilla/5.0 (Windows NT 6.1; Win64; x64; rv:67.0) Gecko/20100101 Firefox/67.0"
138.21.12.25 - - [09/Jul/2019:13:01:56 +0200] "GET /reload?ser=1562670115912 HTTP/1.1" 200 28 "http://renault.2web.at/10260300" "Mozilla/5.0 (Windows NT 10.0; WOW64; Trident/7.0; Touch; rv:11.0) like Gecko"
213.153.47.173 - - [09/Jul/2019:13:02:01 +0200] "GET /reload?ser=1562670121495 HTTP/1.1" 200 28 "http://renault.activities.at/login?required=true" "Mozilla/5.0 (Windows NT 10.0; Win64; x64; rv:67.0) Gecko/20100101 Firefox/67.0"
213.153.47.173 - - [09/Jul/2019:13:02:01 +0200] "GET /layout.php HTTP/1.1" 200 1559 "-" "Mozilla/5.0 (Windows NT 10.0; Win64; x64) AppleWebKit/537.36 (KHTML, like Gecko) Chrome/75.0.3770.100 Safari/537.36 OPR/62.0.3331.43"
213.153.47.173 - - [09/Jul/2019:13:02:02 +0200] "GET /images/favicon.ico HTTP/1.1" 404 305 "-" "Mozilla/5.0 (Windows NT 10.0; Win64; x64) AppleWebKit/537.36 (KHTML, like Gecko) Chrome/75.0.3770.100 Safari/537.36 OPR/62.0.3331.43"
80.122.53.230 - - [09/Jul/2019:13:02:48 +0200] "GET /reload?ser=1562670168304 HTTP/1.1" 200 28 "http://renault.activities.at/result?searchterm=true&search=give+away" "Mozilla/5.0 (Windows NT 6.1; Win64; x64; rv:67.0) Gecko/20100101 Firefox/67.0"
138.21.12.25 - - [09/Jul/2019:13:02:57 +0200] "GET /reload?ser=1562670176983 HTTP/1.1" 200 28 "http://renault.2web.at/10260300" "Mozilla/5.0 (Windows NT 10.0; WOW64; Trident/7.0; Touch; rv:11.0) like Gecko"
213.153.47.173 - - [09/Jul/2019:13:03:02 +0200] "GET /reload?ser=1562670182155 HTTP/1.1" 200 28 "http://renault.activities.at/login?required=true" "Mozilla/5.0 (Windows NT 10.0; Win64; x64; rv:67.0) Gecko/20100101 Firefox/67.0"
80.122.53.230 - - [09/Jul/2019:13:03:49 +0200] "GET /reload?ser=1562670229282 HTTP/1.1" 200 28 "http://renault.activities.at/result?searchterm=true&search=give+away" "Mozilla/5.0 (Windows NT 6.1; Win64; x64; rv:67.0) Gecko/20100101 Firefox/67.0"
138.21.12.25 - - [09/Jul/2019:13:03:58 +0200] "GET /reload?ser=1562670238024 HTTP/1.1" 200 28 "http://renault.2web.at/10260300" "Mozilla/5.0 (Windows NT 10.0; WOW64; Trident/7.0; Touch; rv:11.0) like Gecko"
213.153.47.173 - - [09/Jul/2019:13:04:02 +0200] "GET /reload?ser=1562670242826 HTTP/1.1" 200 28 "http://renault.activities.at/login?required=true" "Mozilla/5.0 (Windows NT 10.0; Win64; x64; rv:67.0) Gecko/20100101 Firefox/67.0"
80.122.53.230 - - [09/Jul/2019:13:04:50 +0200] "GET /reload?ser=1562670290269 HTTP/1.1" 200 28 "http://renault.activities.at/result?searchterm=true&search=give+away" "Mozilla/5.0 (Windows NT 6.1; Win64; x64; rv:67.0) Gecko/20100101 Firefox/67.0"
138.21.12.25 - - [09/Jul/2019:13:04:59 +0200] "GET /reload?ser=1562670299083 HTTP/1.1" 200 28 "http://renault.2web.at/10260300" "Mozilla/5.0 (Windows NT 10.0; WOW64; Trident/7.0; Touch; rv:11.0) like Gecko"
213.153.47.173 - - [09/Jul/2019:13:05:03 +0200] "GET /reload?ser=1562670303516 HTTP/1.1" 200 28 "http://renault.activities.at/login?required=true" "Mozilla/5.0 (Windows NT 10.0; Win64; x64; rv:67.0) Gecko/20100101 Firefox/67.0"
80.122.53.230 - - [09/Jul/2019:13:05:51 +0200] "GET /reload?ser=1562670351285 HTTP/1.1" 200 28 "http://renault.activities.at/result?searchterm=true&search=give+away" "Mozilla/5.0 (Windows NT 6.1; Win64; x64; rv:67.0) Gecko/20100101 Firefox/67.0"
138.21.12.25 - - [09/Jul/2019:13:06:00 +0200] "GET /reload?ser=1562670360176 HTTP/1.1" 200 28 "http://renault.2web.at/10260300" "Mozilla/5.0 (Windows NT 10.0; WOW64; Trident/7.0; Touch; rv:11.0) like Gecko"
213.153.47.173 - - [09/Jul/2019:13:06:04 +0200] "GET /reload?ser=1562670364186 HTTP/1.1" 200 28 "http://renault.activities.at/login?required=true" "Mozilla/5.0 (Windows NT 10.0; Win64; x64; rv:67.0) Gecko/20100101 Firefox/67.0"
80.122.53.230 - - [09/Jul/2019:13:06:52 +0200] "GET /reload?ser=1562670412252 HTTP/1.1" 200 28 "http://renault.activities.at/result?searchterm=true&search=give+away" "Mozilla/5.0 (Windows NT 6.1; Win64; x64; rv:67.0) Gecko/20100101 Firefox/67.0"
138.21.12.25 - - [09/Jul/2019:13:07:01 +0200] "GET /reload?ser=1562670421221 HTTP/1.1" 200 28 "http://renault.2web.at/10260300" "Mozilla/5.0 (Windows NT 10.0; WOW64; Trident/7.0; Touch; rv:11.0) like Gecko"
213.153.47.173 - - [09/Jul/2019:13:07:04 +0200] "GET /reload?ser=1562670424847 HTTP/1.1" 200 28 "http://renault.activities.at/login?required=true" "Mozilla/5.0 (Windows NT 10.0; Win64; x64; rv:67.0) Gecko/20100101 Firefox/67.0"
80.122.53.230 - - [09/Jul/2019:13:07:53 +0200] "GET /reload?ser=1562670473229 HTTP/1.1" 200 28 "http://renault.activities.at/result?searchterm=true&search=give+away" "Mozilla/5.0 (Windows NT 6.1; Win64; x64; rv:67.0) Gecko/20100101 Firefox/67.0"
138.21.12.25 - - [09/Jul/2019:13:08:02 +0200] "GET /reload?ser=1562670482334 HTTP/1.1" 200 28 "http://renault.2web.at/10260300" "Mozilla/5.0 (Windows NT 10.0; WOW64; Trident/7.0; Touch; rv:11.0) like Gecko"
213.153.47.173 - - [09/Jul/2019:13:08:05 +0200] "GET /reload?ser=1562670485507 HTTP/1.1" 200 28 "http://renault.activities.at/login?required=true" "Mozilla/5.0 (Windows NT 10.0; Win64; x64; rv:67.0) Gecko/20100101 Firefox/67.0"
80.122.53.230 - - [09/Jul/2019:13:08:54 +0200] "GET /reload?ser=1562670534256 HTTP/1.1" 200 28 "http://renault.activities.at/result?searchterm=true&search=give+away" "Mozilla/5.0 (Windows NT 6.1; Win64; x64; rv:67.0) Gecko/20100101 Firefox/67.0"
138.21.12.25 - - [09/Jul/2019:13:09:03 +0200] "GET /reload?ser=1562670543393 HTTP/1.1" 200 28 "http://renault.2web.at/10260300" "Mozilla/5.0 (Windows NT 10.0; WOW64; Trident/7.0; Touch; rv:11.0) like Gecko"
213.153.47.173 - - [09/Jul/2019:13:09:06 +0200] "GET /reload?ser=1562670546176 HTTP/1.1" 200 28 "http://renault.activities.at/login?required=true" "Mozilla/5.0 (Windows NT 10.0; Win64; x64; rv:67.0) Gecko/20100101 Firefox/67.0"
80.122.53.230 - - [09/Jul/2019:13:09:55 +0200] "GET /reload?ser=1562670595245 HTTP/1.1" 200 28 "http://renault.activities.at/result?searchterm=true&search=give+away" "Mozilla/5.0 (Windows NT 6.1; Win64; x64; rv:67.0) Gecko/20100101 Firefox/67.0"
138.21.12.25 - - [09/Jul/2019:13:10:04 +0200] "GET /reload?ser=1562670604465 HTTP/1.1" 200 28 "http://renault.2web.at/10260300" "Mozilla/5.0 (Windows NT 10.0; WOW64; Trident/7.0; Touch; rv:11.0) like Gecko"
213.153.47.173 - - [09/Jul/2019:13:10:06 +0200] "GET /reload?ser=1562670606827 HTTP/1.1" 200 28 "http://renault.activities.at/login?required=true" "Mozilla/5.0 (Windows NT 10.0; Win64; x64; rv:67.0) Gecko/20100101 Firefox/67.0"
80.122.53.230 - - [09/Jul/2019:13:10:56 +0200] "GET /reload?ser=1562670656243 HTTP/1.1" 200 28 "http://renault.activities.at/result?searchterm=true&search=give+away" "Mozilla/5.0 (Windows NT 6.1; Win64; x64; rv:67.0) Gecko/20100101 Firefox/67.0"
138.21.12.25 - - [09/Jul/2019:13:11:05 +0200] "GET /reload?ser=1562670665526 HTTP/1.1" 200 28 "http://renault.2web.at/10260300" "Mozilla/5.0 (Windows NT 10.0; WOW64; Trident/7.0; Touch; rv:11.0) like Gecko"
213.153.47.173 - - [09/Jul/2019:13:11:07 +0200] "GET /reload?ser=1562670667487 HTTP/1.1" 200 28 "http://renault.activities.at/login?required=true" "Mozilla/5.0 (Windows NT 10.0; Win64; x64; rv:67.0) Gecko/20100101 Firefox/67.0"
80.122.53.230 - - [09/Jul/2019:13:11:57 +0200] "GET /reload?ser=1562670717239 HTTP/1.1" 200 28 "http://renault.activities.at/result?searchterm=true&search=give+away" "Mozilla/5.0 (Windows NT 6.1; Win64; x64; rv:67.0) Gecko/20100101 Firefox/67.0"
138.21.12.25 - - [09/Jul/2019:13:12:06 +0200] "GET /reload?ser=1562670726609 HTTP/1.1" 200 28 "http://renault.2web.at/10260300" "Mozilla/5.0 (Windows NT 10.0; WOW64; Trident/7.0; Touch; rv:11.0) like Gecko"
213.153.47.173 - - [09/Jul/2019:13:12:08 +0200] "GET /reload?ser=1562670728157 HTTP/1.1" 200 28 "http://renault.activities.at/login?required=true" "Mozilla/5.0 (Windows NT 10.0; Win64; x64; rv:67.0) Gecko/20100101 Firefox/67.0"
80.122.53.230 - - [09/Jul/2019:13:12:58 +0200] "GET /reload?ser=1562670778197 HTTP/1.1" 200 28 "http://renault.activities.at/result?searchterm=true&search=give+away" "Mozilla/5.0 (Windows NT 6.1; Win64; x64; rv:67.0) Gecko/20100101 Firefox/67.0"
138.21.12.25 - - [09/Jul/2019:13:13:07 +0200] "GET /reload?ser=1562670787670 HTTP/1.1" 200 28 "http://renault.2web.at/10260300" "Mozilla/5.0 (Windows NT 10.0; WOW64; Trident/7.0; Touch; rv:11.0) like Gecko"
213.153.47.173 - - [09/Jul/2019:13:13:08 +0200] "GET /reload?ser=1562670788817 HTTP/1.1" 200 28 "http://renault.activities.at/login?required=true" "Mozilla/5.0 (Windows NT 10.0; Win64; x64; rv:67.0) Gecko/20100101 Firefox/67.0"
80.122.53.230 - - [09/Jul/2019:13:13:59 +0200] "GET /reload?ser=1562670839174 HTTP/1.1" 200 28 "http://renault.activities.at/result?searchterm=true&search=give+away" "Mozilla/5.0 (Windows NT 6.1; Win64; x64; rv:67.0) Gecko/20100101 Firefox/67.0"
138.21.12.25 - - [09/Jul/2019:13:14:08 +0200] "GET /reload?ser=1562670848747 HTTP/1.1" 200 28 "http://renault.2web.at/10260300" "Mozilla/5.0 (Windows NT 10.0; WOW64; Trident/7.0; Touch; rv:11.0) like Gecko"
213.153.47.173 - - [09/Jul/2019:13:14:09 +0200] "GET /reload?ser=1562670849477 HTTP/1.1" 200 28 "http://renault.activities.at/login?required=true" "Mozilla/5.0 (Windows NT 10.0; Win64; x64; rv:67.0) Gecko/20100101 Firefox/67.0"
80.122.53.230 - - [09/Jul/2019:13:15:00 +0200] "GET /reload?ser=1562670900208 HTTP/1.1" 200 28 "http://renault.activities.at/result?searchterm=true&search=give+away" "Mozilla/5.0 (Windows NT 6.1; Win64; x64; rv:67.0) Gecko/20100101 Firefox/67.0"
213.153.47.173 - - [09/Jul/2019:13:15:10 +0200] "GET /reload?ser=1562670910157 HTTP/1.1" 200 28 "http://renault.activities.at/login?required=true" "Mozilla/5.0 (Windows NT 10.0; Win64; x64; rv:67.0) Gecko/20100101 Firefox/67.0"
138.21.12.25 - - [09/Jul/2019:13:15:10 +0200] "GET /reload?ser=1562670909803 HTTP/1.1" 200 28 "http://renault.2web.at/10260300" "Mozilla/5.0 (Windows NT 10.0; WOW64; Trident/7.0; Touch; rv:11.0) like Gecko"
80.122.53.230 - - [09/Jul/2019:13:16:01 +0200] "GET /reload?ser=1562670961167 HTTP/1.1" 200 28 "http://renault.activities.at/result?searchterm=true&search=give+away" "Mozilla/5.0 (Windows NT 6.1; Win64; x64; rv:67.0) Gecko/20100101 Firefox/67.0"
213.153.47.173 - - [09/Jul/2019:13:16:10 +0200] "GET /reload?ser=1562670970827 HTTP/1.1" 200 28 "http://renault.activities.at/login?required=true" "Mozilla/5.0 (Windows NT 10.0; Win64; x64; rv:67.0) Gecko/20100101 Firefox/67.0"
138.21.12.25 - - [09/Jul/2019:13:16:11 +0200] "GET /reload?ser=1562670970866 HTTP/1.1" 200 28 "http://renault.2web.at/10260300" "Mozilla/5.0 (Windows NT 10.0; WOW64; Trident/7.0; Touch; rv:11.0) like Gecko"
80.122.53.230 - - [09/Jul/2019:13:17:02 +0200] "GET /reload?ser=1562671022144 HTTP/1.1" 200 28 "http://renault.activities.at/result?searchterm=true&search=give+away" "Mozilla/5.0 (Windows NT 6.1; Win64; x64; rv:67.0) Gecko/20100101 Firefox/67.0"
213.153.47.173 - - [09/Jul/2019:13:17:11 +0200] "GET /reload?ser=1562671031504 HTTP/1.1" 200 28 "http://renault.activities.at/login?required=true" "Mozilla/5.0 (Windows NT 10.0; Win64; x64; rv:67.0) Gecko/20100101 Firefox/67.0"
138.21.12.25 - - [09/Jul/2019:13:17:12 +0200] "GET /reload?ser=1562671031930 HTTP/1.1" 200 28 "http://renault.2web.at/10260300" "Mozilla/5.0 (Windows NT 10.0; WOW64; Trident/7.0; Touch; rv:11.0) like Gecko"
80.122.53.230 - - [09/Jul/2019:13:18:03 +0200] "GET /reload?ser=1562671083104 HTTP/1.1" 200 28 "http://renault.activities.at/result?searchterm=true&search=give+away" "Mozilla/5.0 (Windows NT 6.1; Win64; x64; rv:67.0) Gecko/20100101 Firefox/67.0"
213.153.47.173 - - [09/Jul/2019:13:18:12 +0200] "GET /reload?ser=1562671092168 HTTP/1.1" 200 28 "http://renault.activities.at/login?required=true" "Mozilla/5.0 (Windows NT 10.0; Win64; x64; rv:67.0) Gecko/20100101 Firefox/67.0"
138.21.12.25 - - [09/Jul/2019:13:18:13 +0200] "GET /reload?ser=1562671093051 HTTP/1.1" 200 28 "http://renault.2web.at/10260300" "Mozilla/5.0 (Windows NT 10.0; WOW64; Trident/7.0; Touch; rv:11.0) like Gecko"
80.122.53.230 - - [09/Jul/2019:13:19:04 +0200] "GET /reload?ser=1562671144061 HTTP/1.1" 200 28 "http://renault.activities.at/result?searchterm=true&search=give+away" "Mozilla/5.0 (Windows NT 6.1; Win64; x64; rv:67.0) Gecko/20100101 Firefox/67.0"
213.153.47.173 - - [09/Jul/2019:13:19:12 +0200] "GET /reload?ser=1562671152848 HTTP/1.1" 200 28 "http://renault.activities.at/login?required=true" "Mozilla/5.0 (Windows NT 10.0; Win64; x64; rv:67.0) Gecko/20100101 Firefox/67.0"
138.21.12.25 - - [09/Jul/2019:13:19:14 +0200] "GET /reload?ser=1562671154115 HTTP/1.1" 200 28 "http://renault.2web.at/10260300" "Mozilla/5.0 (Windows NT 10.0; WOW64; Trident/7.0; Touch; rv:11.0) like Gecko"
80.122.53.230 - - [09/Jul/2019:13:20:05 +0200] "GET /reload?ser=1562671205007 HTTP/1.1" 200 28 "http://renault.activities.at/result?searchterm=true&search=give+away" "Mozilla/5.0 (Windows NT 6.1; Win64; x64; rv:67.0) Gecko/20100101 Firefox/67.0"
213.153.47.173 - - [09/Jul/2019:13:20:13 +0200] "GET /reload?ser=1562671213508 HTTP/1.1" 200 28 "http://renault.activities.at/login?required=true" "Mozilla/5.0 (Windows NT 10.0; Win64; x64; rv:67.0) Gecko/20100101 Firefox/67.0"
138.21.12.25 - - [09/Jul/2019:13:20:15 +0200] "GET /reload?ser=1562671215153 HTTP/1.1" 200 28 "http://renault.2web.at/10260300" "Mozilla/5.0 (Windows NT 10.0; WOW64; Trident/7.0; Touch; rv:11.0) like Gecko"
80.122.53.230 - - [09/Jul/2019:13:21:06 +0200] "GET /reload?ser=1562671266031 HTTP/1.1" 200 28 "http://renault.activities.at/result?searchterm=true&search=give+away" "Mozilla/5.0 (Windows NT 6.1; Win64; x64; rv:67.0) Gecko/20100101 Firefox/67.0"
213.153.47.173 - - [09/Jul/2019:13:21:14 +0200] "GET /reload?ser=1562671274209 HTTP/1.1" 200 28 "http://renault.activities.at/login?required=true" "Mozilla/5.0 (Windows NT 10.0; Win64; x64; rv:67.0) Gecko/20100101 Firefox/67.0"
138.21.12.25 - - [09/Jul/2019:13:21:16 +0200] "GET /reload?ser=1562671276218 HTTP/1.1" 200 28 "http://renault.2web.at/10260300" "Mozilla/5.0 (Windows NT 10.0; WOW64; Trident/7.0; Touch; rv:11.0) like Gecko"
80.122.53.230 - - [09/Jul/2019:13:22:07 +0200] "GET /reload?ser=1562671326980 HTTP/1.1" 200 28 "http://renault.activities.at/result?searchterm=true&search=give+away" "Mozilla/5.0 (Windows NT 6.1; Win64; x64; rv:67.0) Gecko/20100101 Firefox/67.0"
213.153.47.173 - - [09/Jul/2019:13:22:14 +0200] "GET /reload?ser=1562671334868 HTTP/1.1" 200 28 "http://renault.activities.at/login?required=true" "Mozilla/5.0 (Windows NT 10.0; Win64; x64; rv:67.0) Gecko/20100101 Firefox/67.0"
138.21.12.25 - - [09/Jul/2019:13:22:17 +0200] "GET /reload?ser=1562671337275 HTTP/1.1" 200 28 "http://renault.2web.at/10260300" "Mozilla/5.0 (Windows NT 10.0; WOW64; Trident/7.0; Touch; rv:11.0) like Gecko"
80.122.53.230 - - [09/Jul/2019:13:23:08 +0200] "GET /reload?ser=1562671387963 HTTP/1.1" 200 28 "http://renault.activities.at/result?searchterm=true&search=give+away" "Mozilla/5.0 (Windows NT 6.1; Win64; x64; rv:67.0) Gecko/20100101 Firefox/67.0"
213.153.47.173 - - [09/Jul/2019:13:23:15 +0200] "GET /reload?ser=1562671395548 HTTP/1.1" 200 28 "http://renault.activities.at/login?required=true" "Mozilla/5.0 (Windows NT 10.0; Win64; x64; rv:67.0) Gecko/20100101 Firefox/67.0"
138.21.12.25 - - [09/Jul/2019:13:23:18 +0200] "GET /reload?ser=1562671398316 HTTP/1.1" 200 28 "http://renault.2web.at/10260300" "Mozilla/5.0 (Windows NT 10.0; WOW64; Trident/7.0; Touch; rv:11.0) like Gecko"
80.122.53.230 - - [09/Jul/2019:13:24:09 +0200] "GET /reload?ser=1562671448951 HTTP/1.1" 200 28 "http://renault.activities.at/result?searchterm=true&search=give+away" "Mozilla/5.0 (Windows NT 6.1; Win64; x64; rv:67.0) Gecko/20100101 Firefox/67.0"
213.153.47.173 - - [09/Jul/2019:13:24:16 +0200] "GET /reload?ser=1562671456209 HTTP/1.1" 200 28 "http://renault.activities.at/login?required=true" "Mozilla/5.0 (Windows NT 10.0; Win64; x64; rv:67.0) Gecko/20100101 Firefox/67.0"
138.21.12.25 - - [09/Jul/2019:13:24:19 +0200] "GET /reload?ser=1562671459432 HTTP/1.1" 200 28 "http://renault.2web.at/10260300" "Mozilla/5.0 (Windows NT 10.0; WOW64; Trident/7.0; Touch; rv:11.0) like Gecko"
80.122.53.230 - - [09/Jul/2019:13:25:10 +0200] "GET /reload?ser=1562671509939 HTTP/1.1" 200 28 "http://renault.activities.at/result?searchterm=true&search=give+away" "Mozilla/5.0 (Windows NT 6.1; Win64; x64; rv:67.0) Gecko/20100101 Firefox/67.0"
213.153.47.173 - - [09/Jul/2019:13:25:16 +0200] "GET /reload?ser=1562671516858 HTTP/1.1" 200 28 "http://renault.activities.at/login?required=true" "Mozilla/5.0 (Windows NT 10.0; Win64; x64; rv:67.0) Gecko/20100101 Firefox/67.0"
138.21.12.25 - - [09/Jul/2019:13:25:20 +0200] "GET /reload?ser=1562671520498 HTTP/1.1" 200 28 "http://renault.2web.at/10260300" "Mozilla/5.0 (Windows NT 10.0; WOW64; Trident/7.0; Touch; rv:11.0) like Gecko"
80.122.53.230 - - [09/Jul/2019:13:26:11 +0200] "GET /reload?ser=1562671570927 HTTP/1.1" 200 28 "http://renault.activities.at/result?searchterm=true&search=give+away" "Mozilla/5.0 (Windows NT 6.1; Win64; x64; rv:67.0) Gecko/20100101 Firefox/67.0"
178.189.248.144 - - [09/Jul/2019:13:26:11 +0200] "GET / HTTP/1.1" 200 3367 "https://www.google.com/" "Mozilla/5.0 (Windows NT 10.0; Win64; x64) AppleWebKit/537.36 (KHTML, like Gecko) Chrome/75.0.3770.100 Safari/537.36"
178.189.248.144 - - [09/Jul/2019:13:26:12 +0200] "GET /js/default.js HTTP/1.1" 200 14698 "http://renault.activities.at/" "Mozilla/5.0 (Windows NT 10.0; Win64; x64) AppleWebKit/537.36 (KHTML, like Gecko) Chrome/75.0.3770.100 Safari/537.36"
178.189.248.144 - - [09/Jul/2019:13:26:12 +0200] "GET /css/reset.css HTTP/1.1" 200 1356 "http://renault.activities.at/" "Mozilla/5.0 (Windows NT 10.0; Win64; x64) AppleWebKit/537.36 (KHTML, like Gecko) Chrome/75.0.3770.100 Safari/537.36"
178.189.248.144 - - [09/Jul/2019:13:26:12 +0200] "GET /css/clears.css HTTP/1.1" 200 851 "http://renault.activities.at/" "Mozilla/5.0 (Windows NT 10.0; Win64; x64) AppleWebKit/537.36 (KHTML, like Gecko) Chrome/75.0.3770.100 Safari/537.36"
178.189.248.144 - - [09/Jul/2019:13:26:12 +0200] "GET /js/checkout.css HTTP/1.1" 200 359 "http://renault.activities.at/" "Mozilla/5.0 (Windows NT 10.0; Win64; x64) AppleWebKit/537.36 (KHTML, like Gecko) Chrome/75.0.3770.100 Safari/537.36"
178.189.248.144 - - [09/Jul/2019:13:26:12 +0200] "GET /css/styles.css HTTP/1.1" 200 14664 "http://renault.activities.at/" "Mozilla/5.0 (Windows NT 10.0; Win64; x64) AppleWebKit/537.36 (KHTML, like Gecko) Chrome/75.0.3770.100 Safari/537.36"
178.189.248.144 - - [09/Jul/2019:13:26:12 +0200] "GET /css/prototip.css HTTP/1.1" 200 968 "http://renault.activities.at/" "Mozilla/5.0 (Windows NT 10.0; Win64; x64) AppleWebKit/537.36 (KHTML, like Gecko) Chrome/75.0.3770.100 Safari/537.36"
178.189.248.144 - - [09/Jul/2019:13:26:12 +0200] "GET /css/themes/default.css HTTP/1.1" 200 769 "http://renault.activities.at/" "Mozilla/5.0 (Windows NT 10.0; Win64; x64) AppleWebKit/537.36 (KHTML, like Gecko) Chrome/75.0.3770.100 Safari/537.36"
178.189.248.144 - - [09/Jul/2019:13:26:12 +0200] "GET /css/themes/alphacube.css HTTP/1.1" 200 743 "http://renault.activities.at/" "Mozilla/5.0 (Windows NT 10.0; Win64; x64) AppleWebKit/537.36 (KHTML, like Gecko) Chrome/75.0.3770.100 Safari/537.36"
178.189.248.144 - - [09/Jul/2019:13:26:12 +0200] "GET /js/flashdetection.js HTTP/1.1" 200 1059 "http://renault.activities.at/" "Mozilla/5.0 (Windows NT 10.0; Win64; x64) AppleWebKit/537.36 (KHTML, like Gecko) Chrome/75.0.3770.100 Safari/537.36"
178.189.248.144 - - [09/Jul/2019:13:26:12 +0200] "GET /js/index.php?c=auto&f=,prototype/prototype.js,prototype/validation.js,scriptaculous/builder.js,scriptaculous/effects.js,scriptaculous/dragdrop.js,scriptaculous/controls.js,scriptaculous/slider.js,varien/js.js,varien/form.js,varien/menu.js,mage/translate.js,mage/cookies.js,varien/product.js,spinner/SpinnerControl.jsmin.js,prototype/window.js,prototype/window_ext.js HTTP/1.1" 200 94182 "http://renault.activities.at/" "Mozilla/5.0 (Windows NT 10.0; Win64; x64) AppleWebKit/537.36 (KHTML, like Gecko) Chrome/75.0.3770.100 Safari/537.36"
178.189.248.144 - - [09/Jul/2019:13:26:13 +0200] "GET /css/print.css HTTP/1.1" 200 543 "http://renault.activities.at/" "Mozilla/5.0 (Windows NT 10.0; Win64; x64) AppleWebKit/537.36 (KHTML, like Gecko) Chrome/75.0.3770.100 Safari/537.36"
178.189.248.144 - - [09/Jul/2019:13:26:13 +0200] "GET /images/main_block_border.gif HTTP/1.1" 200 43 "http://renault.activities.at/css/styles.css" "Mozilla/5.0 (Windows NT 10.0; Win64; x64) AppleWebKit/537.36 (KHTML, like Gecko) Chrome/75.0.3770.100 Safari/537.36"
178.189.248.144 - - [09/Jul/2019:13:26:13 +0200] "GET /images/main_block_corner_left_bot.gif HTTP/1.1" 200 159 "http://renault.activities.at/css/styles.css" "Mozilla/5.0 (Windows NT 10.0; Win64; x64) AppleWebKit/537.36 (KHTML, like Gecko) Chrome/75.0.3770.100 Safari/537.36"
178.189.248.144 - - [09/Jul/2019:13:26:13 +0200] "GET /images/main_block_corner_right_bot.gif HTTP/1.1" 200 158 "http://renault.activities.at/css/styles.css" "Mozilla/5.0 (Windows NT 10.0; Win64; x64) AppleWebKit/537.36 (KHTML, like Gecko) Chrome/75.0.3770.100 Safari/537.36"
178.189.248.144 - - [09/Jul/2019:13:26:13 +0200] "GET /images/header_block_border.gif HTTP/1.1" 200 43 "http://renault.activities.at/css/styles.css" "Mozilla/5.0 (Windows NT 10.0; Win64; x64) AppleWebKit/537.36 (KHTML, like Gecko) Chrome/75.0.3770.100 Safari/537.36"
178.189.248.144 - - [09/Jul/2019:13:26:13 +0200] "GET /images/header_block_corner_left_top.gif HTTP/1.1" 200 160 "http://renault.activities.at/css/styles.css" "Mozilla/5.0 (Windows NT 10.0; Win64; x64) AppleWebKit/537.36 (KHTML, like Gecko) Chrome/75.0.3770.100 Safari/537.36"
178.189.248.144 - - [09/Jul/2019:13:26:13 +0200] "GET /images/header_block_corner_right_top.gif HTTP/1.1" 200 160 "http://renault.activities.at/css/styles.css" "Mozilla/5.0 (Windows NT 10.0; Win64; x64) AppleWebKit/537.36 (KHTML, like Gecko) Chrome/75.0.3770.100 Safari/537.36"
178.189.248.144 - - [09/Jul/2019:13:26:13 +0200] "GET /images/main_block_corner_left_top.gif HTTP/1.1" 200 159 "http://renault.activities.at/css/styles.css" "Mozilla/5.0 (Windows NT 10.0; Win64; x64) AppleWebKit/537.36 (KHTML, like Gecko) Chrome/75.0.3770.100 Safari/537.36"
178.189.248.144 - - [09/Jul/2019:13:26:13 +0200] "GET /images/main_block_corner_right_top.gif HTTP/1.1" 200 159 "http://renault.activities.at/css/styles.css" "Mozilla/5.0 (Windows NT 10.0; Win64; x64) AppleWebKit/537.36 (KHTML, like Gecko) Chrome/75.0.3770.100 Safari/537.36"
178.189.248.144 - - [09/Jul/2019:13:26:13 +0200] "GET /images/title_border.jpg HTTP/1.1" 200 304 "http://renault.activities.at/css/styles.css" "Mozilla/5.0 (Windows NT 10.0; Win64; x64) AppleWebKit/537.36 (KHTML, like Gecko) Chrome/75.0.3770.100 Safari/537.36"
178.189.248.144 - - [09/Jul/2019:13:26:13 +0200] "GET /images/title_border_top.jpg HTTP/1.1" 200 336 "http://renault.activities.at/css/styles.css" "Mozilla/5.0 (Windows NT 10.0; Win64; x64) AppleWebKit/537.36 (KHTML, like Gecko) Chrome/75.0.3770.100 Safari/537.36"
178.189.248.144 - - [09/Jul/2019:13:26:13 +0200] "GET /images/title_corner_left_top.jpg HTTP/1.1" 200 372 "http://renault.activities.at/css/styles.css" "Mozilla/5.0 (Windows NT 10.0; Win64; x64) AppleWebKit/537.36 (KHTML, like Gecko) Chrome/75.0.3770.100 Safari/537.36"
178.189.248.144 - - [09/Jul/2019:13:26:13 +0200] "GET /images/title_corner_right_top.jpg HTTP/1.1" 200 389 "http://renault.activities.at/css/styles.css" "Mozilla/5.0 (Windows NT 10.0; Win64; x64) AppleWebKit/537.36 (KHTML, like Gecko) Chrome/75.0.3770.100 Safari/537.36"
178.189.248.144 - - [09/Jul/2019:13:26:13 +0200] "GET /loadthumbnail.php?id=11127982 HTTP/1.1" 200 399614 "http://renault.activities.at/" "Mozilla/5.0 (Windows NT 10.0; Win64; x64) AppleWebKit/537.36 (KHTML, like Gecko) Chrome/75.0.3770.100 Safari/537.36"
178.189.248.144 - - [09/Jul/2019:13:26:13 +0200] "GET /images/favicon.ico HTTP/1.1" 404 305 "http://renault.activities.at/" "Mozilla/5.0 (Windows NT 10.0; Win64; x64) AppleWebKit/537.36 (KHTML, like Gecko) Chrome/75.0.3770.100 Safari/537.36"
213.153.47.173 - - [09/Jul/2019:13:26:17 +0200] "GET /reload?ser=1562671577528 HTTP/1.1" 200 28 "http://renault.activities.at/login?required=true" "Mozilla/5.0 (Windows NT 10.0; Win64; x64; rv:67.0) Gecko/20100101 Firefox/67.0"
138.21.12.25 - - [09/Jul/2019:13:26:21 +0200] "GET /reload?ser=1562671581585 HTTP/1.1" 200 28 "http://renault.2web.at/10260300" "Mozilla/5.0 (Windows NT 10.0; WOW64; Trident/7.0; Touch; rv:11.0) like Gecko"
178.189.248.144 - - [09/Jul/2019:13:26:24 +0200] "GET /login HTTP/1.1" 200 2086 "http://renault.activities.at/" "Mozilla/5.0 (Windows NT 10.0; Win64; x64) AppleWebKit/537.36 (KHTML, like Gecko) Chrome/75.0.3770.100 Safari/537.36"
178.189.248.144 - - [09/Jul/2019:13:26:25 +0200] "GET /images/button_left_bg.gif HTTP/1.1" 200 564 "http://renault.activities.at/css/styles.css" "Mozilla/5.0 (Windows NT 10.0; Win64; x64) AppleWebKit/537.36 (KHTML, like Gecko) Chrome/75.0.3770.100 Safari/537.36"
178.189.248.144 - - [09/Jul/2019:13:26:26 +0200] "GET /images/button_right_bg.gif HTTP/1.1" 200 561 "http://renault.activities.at/css/styles.css" "Mozilla/5.0 (Windows NT 10.0; Win64; x64) AppleWebKit/537.36 (KHTML, like Gecko) Chrome/75.0.3770.100 Safari/537.36"
178.189.248.144 - - [09/Jul/2019:13:26:26 +0200] "GET /images/button_bg.gif HTTP/1.1" 200 151 "http://renault.activities.at/css/styles.css" "Mozilla/5.0 (Windows NT 10.0; Win64; x64) AppleWebKit/537.36 (KHTML, like Gecko) Chrome/75.0.3770.100 Safari/537.36"
178.189.248.144 - - [09/Jul/2019:13:26:49 +0200] "POST /login HTTP/1.1" 302 140 "http://renault.activities.at/login" "Mozilla/5.0 (Windows NT 10.0; Win64; x64) AppleWebKit/537.36 (KHTML, like Gecko) Chrome/75.0.3770.100 Safari/537.36"
178.189.248.144 - - [09/Jul/2019:13:26:51 +0200] "GET /account HTTP/1.1" 200 6842 "http://renault.activities.at/login" "Mozilla/5.0 (Windows NT 10.0; Win64; x64) AppleWebKit/537.36 (KHTML, like Gecko) Chrome/75.0.3770.100 Safari/537.36"
178.189.248.144 - - [09/Jul/2019:13:26:54 +0200] "GET /js/account.js HTTP/1.1" 200 953 "http://renault.activities.at/account" "Mozilla/5.0 (Windows NT 10.0; Win64; x64) AppleWebKit/537.36 (KHTML, like Gecko) Chrome/75.0.3770.100 Safari/537.36"
178.189.248.144 - - [09/Jul/2019:13:26:54 +0200] "GET /images/ajax_loading.gif HTTP/1.1" 200 1542 "http://renault.activities.at/account" "Mozilla/5.0 (Windows NT 10.0; Win64; x64) AppleWebKit/537.36 (KHTML, like Gecko) Chrome/75.0.3770.100 Safari/537.36"
178.189.248.144 - - [09/Jul/2019:13:26:54 +0200] "GET /images/top_links_divider.gif HTTP/1.1" 200 44 "http://renault.activities.at/css/styles.css" "Mozilla/5.0 (Windows NT 10.0; Win64; x64) AppleWebKit/537.36 (KHTML, like Gecko) Chrome/75.0.3770.100 Safari/537.36"
178.189.248.144 - - [09/Jul/2019:13:26:54 +0200] "GET /images/menu_button_bg.jpg HTTP/1.1" 200 322 "http://renault.activities.at/css/styles.css" "Mozilla/5.0 (Windows NT 10.0; Win64; x64) AppleWebKit/537.36 (KHTML, like Gecko) Chrome/75.0.3770.100 Safari/537.36"
178.189.248.144 - - [09/Jul/2019:13:26:54 +0200] "GET /images/nav_divider.gif HTTP/1.1" 200 43 "http://renault.activities.at/css/styles.css" "Mozilla/5.0 (Windows NT 10.0; Win64; x64) AppleWebKit/537.36 (KHTML, like Gecko) Chrome/75.0.3770.100 Safari/537.36"
178.189.248.144 - - [09/Jul/2019:13:26:54 +0200] "GET /images/search_bg.gif HTTP/1.1" 200 1726 "http://renault.activities.at/css/styles.css" "Mozilla/5.0 (Windows NT 10.0; Win64; x64) AppleWebKit/537.36 (KHTML, like Gecko) Chrome/75.0.3770.100 Safari/537.36"
178.189.248.144 - - [09/Jul/2019:13:26:54 +0200] "GET /images/menu_divider.gif HTTP/1.1" 200 176 "http://renault.activities.at/css/styles.css" "Mozilla/5.0 (Windows NT 10.0; Win64; x64) AppleWebKit/537.36 (KHTML, like Gecko) Chrome/75.0.3770.100 Safari/537.36"
178.189.248.144 - - [09/Jul/2019:13:26:54 +0200] "GET /loadthumbnail.php?id=12040647&width=50&height=50 HTTP/1.1" 200 1177 "http://renault.activities.at/account" "Mozilla/5.0 (Windows NT 10.0; Win64; x64) AppleWebKit/537.36 (KHTML, like Gecko) Chrome/75.0.3770.100 Safari/537.36"
178.189.248.144 - - [09/Jul/2019:13:26:54 +0200] "GET /images/sidebar_title_corner_right_top.gif HTTP/1.1" 200 383 "http://renault.activities.at/css/styles.css" "Mozilla/5.0 (Windows NT 10.0; Win64; x64) AppleWebKit/537.36 (KHTML, like Gecko) Chrome/75.0.3770.100 Safari/537.36"
178.189.248.144 - - [09/Jul/2019:13:26:54 +0200] "GET /images/sidebar_title_border_top.gif HTTP/1.1" 200 155 "http://renault.activities.at/css/styles.css" "Mozilla/5.0 (Windows NT 10.0; Win64; x64) AppleWebKit/537.36 (KHTML, like Gecko) Chrome/75.0.3770.100 Safari/537.36"
178.189.248.144 - - [09/Jul/2019:13:26:54 +0200] "GET /images/sidebar_title_corner_left_top.gif HTTP/1.1" 200 1124 "http://renault.activities.at/css/styles.css" "Mozilla/5.0 (Windows NT 10.0; Win64; x64) AppleWebKit/537.36 (KHTML, like Gecko) Chrome/75.0.3770.100 Safari/537.36"
178.189.248.144 - - [09/Jul/2019:13:26:54 +0200] "GET /loadthumbnail.php?id=11181210&width=50&height=50 HTTP/1.1" 200 1005 "http://renault.activities.at/account" "Mozilla/5.0 (Windows NT 10.0; Win64; x64) AppleWebKit/537.36 (KHTML, like Gecko) Chrome/75.0.3770.100 Safari/537.36"
178.189.248.144 - - [09/Jul/2019:13:26:54 +0200] "GET /images/sidebar_title_border.gif HTTP/1.1" 200 43 "http://renault.activities.at/css/styles.css" "Mozilla/5.0 (Windows NT 10.0; Win64; x64) AppleWebKit/537.36 (KHTML, like Gecko) Chrome/75.0.3770.100 Safari/537.36"
178.189.248.144 - - [09/Jul/2019:13:26:55 +0200] "GET /images/reset_bg.gif HTTP/1.1" 200 785 "http://renault.activities.at/css/styles.css" "Mozilla/5.0 (Windows NT 10.0; Win64; x64) AppleWebKit/537.36 (KHTML, like Gecko) Chrome/75.0.3770.100 Safari/537.36"
178.189.248.144 - - [09/Jul/2019:13:26:55 +0200] "GET /images/validation_advice_bg.gif HTTP/1.1" 200 134 "http://renault.activities.at/css/styles.css" "Mozilla/5.0 (Windows NT 10.0; Win64; x64) AppleWebKit/537.36 (KHTML, like Gecko) Chrome/75.0.3770.100 Safari/537.36"
178.189.248.144 - - [09/Jul/2019:13:26:54 +0200] "GET /loadthumbnail.php?id=11760052&width=50&height=50 HTTP/1.1" 200 945 "http://renault.activities.at/account" "Mozilla/5.0 (Windows NT 10.0; Win64; x64) AppleWebKit/537.36 (KHTML, like Gecko) Chrome/75.0.3770.100 Safari/537.36"
178.189.248.144 - - [09/Jul/2019:13:26:55 +0200] "GET /images/footer_divider.gif HTTP/1.1" 200 44 "http://renault.activities.at/css/styles.css" "Mozilla/5.0 (Windows NT 10.0; Win64; x64) AppleWebKit/537.36 (KHTML, like Gecko) Chrome/75.0.3770.100 Safari/537.36"
80.122.53.230 - - [09/Jul/2019:13:27:12 +0200] "GET /reload?ser=1562671631920 HTTP/1.1" 200 28 "http://renault.activities.at/result?searchterm=true&search=give+away" "Mozilla/5.0 (Windows NT 6.1; Win64; x64; rv:67.0) Gecko/20100101 Firefox/67.0"
213.153.47.173 - - [09/Jul/2019:13:27:18 +0200] "GET /reload?ser=1562671638179 HTTP/1.1" 200 28 "http://renault.activities.at/login?required=true" "Mozilla/5.0 (Windows NT 10.0; Win64; x64; rv:67.0) Gecko/20100101 Firefox/67.0"
138.21.12.25 - - [09/Jul/2019:13:27:22 +0200] "GET /reload?ser=1562671642619 HTTP/1.1" 200 28 "http://renault.2web.at/10260300" "Mozilla/5.0 (Windows NT 10.0; WOW64; Trident/7.0; Touch; rv:11.0) like Gecko"
178.189.248.144 - - [09/Jul/2019:13:27:42 +0200] "GET /10201442 HTTP/1.1" 200 8971 "http://renault.activities.at/account" "Mozilla/5.0 (Windows NT 10.0; Win64; x64) AppleWebKit/537.36 (KHTML, like Gecko) Chrome/75.0.3770.100 Safari/537.36"
178.189.248.144 - - [09/Jul/2019:13:27:45 +0200] "GET /js/prototip.js HTTP/1.1" 200 4588 "http://renault.activities.at/10201442" "Mozilla/5.0 (Windows NT 10.0; Win64; x64) AppleWebKit/537.36 (KHTML, like Gecko) Chrome/75.0.3770.100 Safari/537.36"
178.189.248.144 - - [09/Jul/2019:13:27:46 +0200] "GET /js/ProduktGrp.js HTTP/1.1" 200 1569 "http://renault.activities.at/10201442" "Mozilla/5.0 (Windows NT 10.0; Win64; x64) AppleWebKit/537.36 (KHTML, like Gecko) Chrome/75.0.3770.100 Safari/537.36"
178.189.248.144 - - [09/Jul/2019:13:27:46 +0200] "GET /images/loading.gif HTTP/1.1" 200 3208 "http://renault.activities.at/10201442" "Mozilla/5.0 (Windows NT 10.0; Win64; x64) AppleWebKit/537.36 (KHTML, like Gecko) Chrome/75.0.3770.100 Safari/537.36"
178.189.248.144 - - [09/Jul/2019:13:27:46 +0200] "GET /loadthumbnail.php?id=10203276 HTTP/1.1" 200 75 "http://renault.activities.at/10201442" "Mozilla/5.0 (Windows NT 10.0; Win64; x64) AppleWebKit/537.36 (KHTML, like Gecko) Chrome/75.0.3770.100 Safari/537.36"
178.189.248.144 - - [09/Jul/2019:13:27:46 +0200] "GET /loadthumbnail.php?id=10203255 HTTP/1.1" 200 137 "http://renault.activities.at/10201442" "Mozilla/5.0 (Windows NT 10.0; Win64; x64) AppleWebKit/537.36 (KHTML, like Gecko) Chrome/75.0.3770.100 Safari/537.36"
178.189.248.144 - - [09/Jul/2019:13:27:46 +0200] "GET /loadthumbnail.php?id=11926581&width=113 HTTP/1.1" 200 35255 "http://renault.activities.at/10201442" "Mozilla/5.0 (Windows NT 10.0; Win64; x64) AppleWebKit/537.36 (KHTML, like Gecko) Chrome/75.0.3770.100 Safari/537.36"
178.189.248.144 - - [09/Jul/2019:13:27:46 +0200] "GET /loadthumbnail.php?id=11926561&width=113 HTTP/1.1" 200 34510 "http://renault.activities.at/10201442" "Mozilla/5.0 (Windows NT 10.0; Win64; x64) AppleWebKit/537.36 (KHTML, like Gecko) Chrome/75.0.3770.100 Safari/537.36"
178.189.248.144 - - [09/Jul/2019:13:27:46 +0200] "GET /loadthumbnail.php?id=11926565&width=113 HTTP/1.1" 200 28904 "http://renault.activities.at/10201442" "Mozilla/5.0 (Windows NT 10.0; Win64; x64) AppleWebKit/537.36 (KHTML, like Gecko) Chrome/75.0.3770.100 Safari/537.36"
178.189.248.144 - - [09/Jul/2019:13:27:46 +0200] "GET /loadthumbnail.php?id=12061270&width=113 HTTP/1.1" 200 5531 "http://renault.activities.at/10201442" "Mozilla/5.0 (Windows NT 10.0; Win64; x64) AppleWebKit/537.36 (KHTML, like Gecko) Chrome/75.0.3770.100 Safari/537.36"
178.189.248.144 - - [09/Jul/2019:13:27:46 +0200] "GET /images/pager_bg.gif HTTP/1.1" 200 150 "http://renault.activities.at/css/styles.css" "Mozilla/5.0 (Windows NT 10.0; Win64; x64) AppleWebKit/537.36 (KHTML, like Gecko) Chrome/75.0.3770.100 Safari/537.36"
178.189.248.144 - - [09/Jul/2019:13:27:46 +0200] "GET /images/vista-dn.gif HTTP/1.1" 200 128 "http://renault.activities.at/css/styles.css" "Mozilla/5.0 (Windows NT 10.0; Win64; x64) AppleWebKit/537.36 (KHTML, like Gecko) Chrome/75.0.3770.100 Safari/537.36"
178.189.248.144 - - [09/Jul/2019:13:27:46 +0200] "GET /images/vista-up.gif HTTP/1.1" 200 131 "http://renault.activities.at/css/styles.css" "Mozilla/5.0 (Windows NT 10.0; Win64; x64) AppleWebKit/537.36 (KHTML, like Gecko) Chrome/75.0.3770.100 Safari/537.36"
178.189.248.144 - - [09/Jul/2019:13:27:46 +0200] "GET /loadthumbnail.php?id=11926648&width=113 HTTP/1.1" 200 35142 "http://renault.activities.at/10201442" "Mozilla/5.0 (Windows NT 10.0; Win64; x64) AppleWebKit/537.36 (KHTML, like Gecko) Chrome/75.0.3770.100 Safari/537.36"
178.189.248.144 - - [09/Jul/2019:13:27:46 +0200] "GET /loadthumbnail.php?id=11926557&width=113 HTTP/1.1" 200 36925 "http://renault.activities.at/10201442" "Mozilla/5.0 (Windows NT 10.0; Win64; x64) AppleWebKit/537.36 (KHTML, like Gecko) Chrome/75.0.3770.100 Safari/537.36"
178.189.248.144 - - [09/Jul/2019:13:27:46 +0200] "GET /loadthumbnail.php?id=11926644&width=113 HTTP/1.1" 200 35735 "http://renault.activities.at/10201442" "Mozilla/5.0 (Windows NT 10.0; Win64; x64) AppleWebKit/537.36 (KHTML, like Gecko) Chrome/75.0.3770.100 Safari/537.36"
178.189.248.144 - - [09/Jul/2019:13:27:46 +0200] "GET /loadthumbnail.php?id=11926679&width=113 HTTP/1.1" 200 33362 "http://renault.activities.at/10201442" "Mozilla/5.0 (Windows NT 10.0; Win64; x64) AppleWebKit/537.36 (KHTML, like Gecko) Chrome/75.0.3770.100 Safari/537.36"
178.189.248.144 - - [09/Jul/2019:13:27:46 +0200] "GET /loadthumbnail.php?id=11926585&width=113 HTTP/1.1" 200 37549 "http://renault.activities.at/10201442" "Mozilla/5.0 (Windows NT 10.0; Win64; x64) AppleWebKit/537.36 (KHTML, like Gecko) Chrome/75.0.3770.100 Safari/537.36"
178.189.248.144 - - [09/Jul/2019:13:27:46 +0200] "GET /loadthumbnail.php?id=11926666&width=113 HTTP/1.1" 200 36655 "http://renault.activities.at/10201442" "Mozilla/5.0 (Windows NT 10.0; Win64; x64) AppleWebKit/537.36 (KHTML, like Gecko) Chrome/75.0.3770.100 Safari/537.36"
178.189.248.144 - - [09/Jul/2019:13:27:46 +0200] "GET /images/sub_title_bg.jpg HTTP/1.1" 200 314 "http://renault.activities.at/css/styles.css" "Mozilla/5.0 (Windows NT 10.0; Win64; x64) AppleWebKit/537.36 (KHTML, like Gecko) Chrome/75.0.3770.100 Safari/537.36"
178.189.248.144 - - [09/Jul/2019:13:27:46 +0200] "GET /loadthumbnail.php?id=11926591&width=113 HTTP/1.1" 200 34469 "http://renault.activities.at/10201442" "Mozilla/5.0 (Windows NT 10.0; Win64; x64) AppleWebKit/537.36 (KHTML, like Gecko) Chrome/75.0.3770.100 Safari/537.36"
178.189.248.144 - - [09/Jul/2019:13:27:46 +0200] "GET /loadthumbnail.php?id=11926552&width=113 HTTP/1.1" 200 35098 "http://renault.activities.at/10201442" "Mozilla/5.0 (Windows NT 10.0; Win64; x64) AppleWebKit/537.36 (KHTML, like Gecko) Chrome/75.0.3770.100 Safari/537.36"
178.189.248.144 - - [09/Jul/2019:13:27:46 +0200] "GET /loadthumbnail.php?id=11926595&width=113 HTTP/1.1" 200 34271 "http://renault.activities.at/10201442" "Mozilla/5.0 (Windows NT 10.0; Win64; x64) AppleWebKit/537.36 (KHTML, like Gecko) Chrome/75.0.3770.100 Safari/537.36"
178.189.248.144 - - [09/Jul/2019:13:27:46 +0200] "GET /loadthumbnail.php?id=12049947&width=113 HTTP/1.1" 200 34656 "http://renault.activities.at/10201442" "Mozilla/5.0 (Windows NT 10.0; Win64; x64) AppleWebKit/537.36 (KHTML, like Gecko) Chrome/75.0.3770.100 Safari/537.36"
178.189.248.144 - - [09/Jul/2019:13:27:46 +0200] "GET /loadthumbnail.php?id=11926640&width=113 HTTP/1.1" 200 36074 "http://renault.activities.at/10201442" "Mozilla/5.0 (Windows NT 10.0; Win64; x64) AppleWebKit/537.36 (KHTML, like Gecko) Chrome/75.0.3770.100 Safari/537.36"
178.189.248.144 - - [09/Jul/2019:13:27:52 +0200] "POST /axjaxrequest?mode=suggest HTTP/1.1" 200 21 "http://renault.activities.at/10201442" "Mozilla/5.0 (Windows NT 10.0; Win64; x64) AppleWebKit/537.36 (KHTML, like Gecko) Chrome/75.0.3770.100 Safari/537.36"
178.189.248.144 - - [09/Jul/2019:13:27:53 +0200] "POST /axjaxrequest?mode=suggest HTTP/1.1" 200 21 "http://renault.activities.at/10201442" "Mozilla/5.0 (Windows NT 10.0; Win64; x64) AppleWebKit/537.36 (KHTML, like Gecko) Chrome/75.0.3770.100 Safari/537.36"
178.189.248.144 - - [09/Jul/2019:13:27:54 +0200] "POST /axjaxrequest?mode=suggest HTTP/1.1" 200 21 "http://renault.activities.at/10201442" "Mozilla/5.0 (Windows NT 10.0; Win64; x64) AppleWebKit/537.36 (KHTML, like Gecko) Chrome/75.0.3770.100 Safari/537.36"
178.189.248.144 - - [09/Jul/2019:13:27:56 +0200] "GET /result?searchterm=true&search=give+away HTTP/1.1" 200 8718 "http://renault.activities.at/10201442" "Mozilla/5.0 (Windows NT 10.0; Win64; x64) AppleWebKit/537.36 (KHTML, like Gecko) Chrome/75.0.3770.100 Safari/537.36"
178.189.248.144 - - [09/Jul/2019:13:27:59 +0200] "GET /loadthumbnail.php?id=11967857&width=113 HTTP/1.1" 200 2260 "http://renault.activities.at/result?searchterm=true&search=give+away" "Mozilla/5.0 (Windows NT 10.0; Win64; x64) AppleWebKit/537.36 (KHTML, like Gecko) Chrome/75.0.3770.100 Safari/537.36"
178.189.248.144 - - [09/Jul/2019:13:27:59 +0200] "GET /loadthumbnail.php?id=11967854&width=113 HTTP/1.1" 200 2106 "http://renault.activities.at/result?searchterm=true&search=give+away" "Mozilla/5.0 (Windows NT 10.0; Win64; x64) AppleWebKit/537.36 (KHTML, like Gecko) Chrome/75.0.3770.100 Safari/537.36"
178.189.248.144 - - [09/Jul/2019:13:27:59 +0200] "GET /loadthumbnail.php?id=11775715&width=113 HTTP/1.1" 200 3740 "http://renault.activities.at/result?searchterm=true&search=give+away" "Mozilla/5.0 (Windows NT 10.0; Win64; x64) AppleWebKit/537.36 (KHTML, like Gecko) Chrome/75.0.3770.100 Safari/537.36"
178.189.248.144 - - [09/Jul/2019:13:27:59 +0200] "GET /loadthumbnail.php?id=12029409&width=113 HTTP/1.1" 200 2415 "http://renault.activities.at/result?searchterm=true&search=give+away" "Mozilla/5.0 (Windows NT 10.0; Win64; x64) AppleWebKit/537.36 (KHTML, like Gecko) Chrome/75.0.3770.100 Safari/537.36"
178.189.248.144 - - [09/Jul/2019:13:27:59 +0200] "GET /loadthumbnail.php?id=10309492&width=113 HTTP/1.1" 200 2666 "http://renault.activities.at/result?searchterm=true&search=give+away" "Mozilla/5.0 (Windows NT 10.0; Win64; x64) AppleWebKit/537.36 (KHTML, like Gecko) Chrome/75.0.3770.100 Safari/537.36"
178.189.248.144 - - [09/Jul/2019:13:27:59 +0200] "GET /loadthumbnail.php?id=10309491&width=113 HTTP/1.1" 200 2476 "http://renault.activities.at/result?searchterm=true&search=give+away" "Mozilla/5.0 (Windows NT 10.0; Win64; x64) AppleWebKit/537.36 (KHTML, like Gecko) Chrome/75.0.3770.100 Safari/537.36"
178.189.248.144 - - [09/Jul/2019:13:28:00 +0200] "GET /loadthumbnail.php?id=12029408&width=113 HTTP/1.1" 200 2367 "http://renault.activities.at/result?searchterm=true&search=give+away" "Mozilla/5.0 (Windows NT 10.0; Win64; x64) AppleWebKit/537.36 (KHTML, like Gecko) Chrome/75.0.3770.100 Safari/537.36"
178.189.248.144 - - [09/Jul/2019:13:28:00 +0200] "GET /loadthumbnail.php?id=12029412&width=113 HTTP/1.1" 200 3690 "http://renault.activities.at/result?searchterm=true&search=give+away" "Mozilla/5.0 (Windows NT 10.0; Win64; x64) AppleWebKit/537.36 (KHTML, like Gecko) Chrome/75.0.3770.100 Safari/537.36"
178.189.248.144 - - [09/Jul/2019:13:28:00 +0200] "GET /loadthumbnail.php?id=11967852&width=113 HTTP/1.1" 200 2244 "http://renault.activities.at/result?searchterm=true&search=give+away" "Mozilla/5.0 (Windows NT 10.0; Win64; x64) AppleWebKit/537.36 (KHTML, like Gecko) Chrome/75.0.3770.100 Safari/537.36"
178.189.248.144 - - [09/Jul/2019:13:28:00 +0200] "GET /loadthumbnail.php?id=11521730&width=113 HTTP/1.1" 200 2841 "http://renault.activities.at/result?searchterm=true&search=give+away" "Mozilla/5.0 (Windows NT 10.0; Win64; x64) AppleWebKit/537.36 (KHTML, like Gecko) Chrome/75.0.3770.100 Safari/537.36"
178.189.248.144 - - [09/Jul/2019:13:28:00 +0200] "GET /loadthumbnail.php?id=11489794&width=113 HTTP/1.1" 200 2829 "http://renault.activities.at/result?searchterm=true&search=give+away" "Mozilla/5.0 (Windows NT 10.0; Win64; x64) AppleWebKit/537.36 (KHTML, like Gecko) Chrome/75.0.3770.100 Safari/537.36"
178.189.248.144 - - [09/Jul/2019:13:28:00 +0200] "GET /loadthumbnail.php?id=11489786&width=113 HTTP/1.1" 200 2751 "http://renault.activities.at/result?searchterm=true&search=give+away" "Mozilla/5.0 (Windows NT 10.0; Win64; x64) AppleWebKit/537.36 (KHTML, like Gecko) Chrome/75.0.3770.100 Safari/537.36"
178.189.248.144 - - [09/Jul/2019:13:28:00 +0200] "GET /loadthumbnail.php?id=11967858&width=113 HTTP/1.1" 200 1835 "http://renault.activities.at/result?searchterm=true&search=give+away" "Mozilla/5.0 (Windows NT 10.0; Win64; x64) AppleWebKit/537.36 (KHTML, like Gecko) Chrome/75.0.3770.100 Safari/537.36"
178.189.248.144 - - [09/Jul/2019:13:28:00 +0200] "GET /loadthumbnail.php?id=11967853&width=113 HTTP/1.1" 200 2639 "http://renault.activities.at/result?searchterm=true&search=give+away" "Mozilla/5.0 (Windows NT 10.0; Win64; x64) AppleWebKit/537.36 (KHTML, like Gecko) Chrome/75.0.3770.100 Safari/537.36"
178.189.248.144 - - [09/Jul/2019:13:28:00 +0200] "GET /loadthumbnail.php?id=12029410&width=113 HTTP/1.1" 200 3108 "http://renault.activities.at/result?searchterm=true&search=give+away" "Mozilla/5.0 (Windows NT 10.0; Win64; x64) AppleWebKit/537.36 (KHTML, like Gecko) Chrome/75.0.3770.100 Safari/537.36"
80.122.53.230 - - [09/Jul/2019:13:28:13 +0200] "GET /reload?ser=1562671692899 HTTP/1.1" 200 28 "http://renault.activities.at/result?searchterm=true&search=give+away" "Mozilla/5.0 (Windows NT 6.1; Win64; x64; rv:67.0) Gecko/20100101 Firefox/67.0"
213.153.47.173 - - [09/Jul/2019:13:28:18 +0200] "GET /reload?ser=1562671698840 HTTP/1.1" 200 28 "http://renault.activities.at/login?required=true" "Mozilla/5.0 (Windows NT 10.0; Win64; x64; rv:67.0) Gecko/20100101 Firefox/67.0"
138.21.12.25 - - [09/Jul/2019:13:28:24 +0200] "GET /reload?ser=1562671703741 HTTP/1.1" 200 28 "http://renault.2web.at/10260300" "Mozilla/5.0 (Windows NT 10.0; WOW64; Trident/7.0; Touch; rv:11.0) like Gecko"
178.189.248.144 - - [09/Jul/2019:13:28:53 +0200] "GET /result?dir=DESC&mode=grid&order=name&limit=15&page=2&search=give%20away HTTP/1.1" 200 6160 "http://renault.activities.at/result?searchterm=true&search=give+away" "Mozilla/5.0 (Windows NT 10.0; Win64; x64) AppleWebKit/537.36 (KHTML, like Gecko) Chrome/75.0.3770.100 Safari/537.36"
178.189.248.144 - - [09/Jul/2019:13:28:55 +0200] "GET /loadthumbnail.php?id=10203275 HTTP/1.1" 200 85 "http://renault.activities.at/result?dir=DESC&mode=grid&order=name&limit=15&page=2&search=give%20away" "Mozilla/5.0 (Windows NT 10.0; Win64; x64) AppleWebKit/537.36 (KHTML, like Gecko) Chrome/75.0.3770.100 Safari/537.36"
