178.189.248.144 - - [09/Jul/2019:13:28:55 +0200] "GET /loadthumbnail.php?id=12029411&width=113 HTTP/1.1" 200 3687 "http://renault.activities.at/result?dir=DESC&mode=grid&order=name&limit=15&page=2&search=give%20away" "Mozilla/5.0 (Windows NT 10.0; Win64; x64) AppleWebKit/537.36 (KHTML, like Gecko) Chrome/75.0.3770.100 Safari/537.36"
178.189.248.144 - - [09/Jul/2019:13:28:59 +0200] "GET /result?dir=DESC&mode=grid&order=name&limit=15&page=1&search=give%20away HTTP/1.1" 200 8718 "http://renault.activities.at/result?dir=DESC&mode=grid&order=name&limit=15&page=2&search=give%20away" "Mozilla/5.0 (Windows NT 10.0; Win64; x64) AppleWebKit/537.36 (KHTML, like Gecko) Chrome/75.0.3770.100 Safari/537.36"
80.122.53.230 - - [09/Jul/2019:13:29:14 +0200] "GET /reload?ser=1562671753887 HTTP/1.1" 200 28 "http://renault.activities.at/result?searchterm=true&search=give+away" "Mozilla/5.0 (Windows NT 6.1; Win64; x64; rv:67.0) Gecko/20100101 Firefox/67.0"
213.153.47.173 - - [09/Jul/2019:13:29:19 +0200] "GET /reload?ser=1562671759510 HTTP/1.1" 200 28 "http://renault.activities.at/login?required=true" "Mozilla/5.0 (Windows NT 10.0; Win64; x64; rv:67.0) Gecko/20100101 Firefox/67.0"
138.21.12.25 - - [09/Jul/2019:13:29:25 +0200] "GET /reload?ser=1562671765005 HTTP/1.1" 200 28 "http://renault.2web.at/10260300" "Mozilla/5.0 (Windows NT 10.0; WOW64; Trident/7.0; Touch; rv:11.0) like Gecko"
178.189.248.144 - - [09/Jul/2019:13:30:04 +0200] "GET /reload?ser=1562671809478 HTTP/1.1" 200 28 "http://renault.activities.at/result?dir=DESC&mode=grid&order=name&limit=15&page=1&search=give%20away" "Mozilla/5.0 (Windows NT 10.0; Win64; x64) AppleWebKit/537.36 (KHTML, like Gecko) Chrome/75.0.3770.100 Safari/537.36"
80.122.53.230 - - [09/Jul/2019:13:30:14 +0200] "GET /reload?ser=1562671814848 HTTP/1.1" 200 28 "http://renault.activities.at/result?searchterm=true&search=give+away" "Mozilla/5.0 (Windows NT 6.1; Win64; x64; rv:67.0) Gecko/20100101 Firefox/67.0"
213.153.47.173 - - [09/Jul/2019:13:30:20 +0200] "GET /reload?ser=1562671820170 HTTP/1.1" 200 28 "http://renault.activities.at/login?required=true" "Mozilla/5.0 (Windows NT 10.0; Win64; x64; rv:67.0) Gecko/20100101 Firefox/67.0"
138.21.12.25 - - [09/Jul/2019:13:30:26 +0200] "GET /reload?ser=1562671826021 HTTP/1.1" 200 28 "http://renault.2web.at/10260300" "Mozilla/5.0 (Windows NT 10.0; WOW64; Trident/7.0; Touch; rv:11.0) like Gecko"
178.189.248.144 - - [09/Jul/2019:13:31:06 +0200] "GET /reload?ser=1562671871474 HTTP/1.1" 200 28 "http://renault.activities.at/result?dir=DESC&mode=grid&order=name&limit=15&page=1&search=give%20away" "Mozilla/5.0 (Windows NT 10.0; Win64; x64) AppleWebKit/537.36 (KHTML, like Gecko) Chrome/75.0.3770.100 Safari/537.36"
80.122.53.230 - - [09/Jul/2019:13:31:15 +0200] "GET /reload?ser=1562671875829 HTTP/1.1" 200 28 "http://renault.activities.at/result?searchterm=true&search=give+away" "Mozilla/5.0 (Windows NT 6.1; Win64; x64; rv:67.0) Gecko/20100101 Firefox/67.0"
213.153.47.173 - - [09/Jul/2019:13:31:20 +0200] "GET /reload?ser=1562671880841 HTTP/1.1" 200 28 "http://renault.activities.at/login?required=true" "Mozilla/5.0 (Windows NT 10.0; Win64; x64; rv:67.0) Gecko/20100101 Firefox/67.0"
138.21.12.25 - - [09/Jul/2019:13:31:27 +0200] "GET /reload?ser=1562671887087 HTTP/1.1" 200 28 "http://renault.2web.at/10260300" "Mozilla/5.0 (Windows NT 10.0; WOW64; Trident/7.0; Touch; rv:11.0) like Gecko"
178.189.248.144 - - [09/Jul/2019:13:32:07 +0200] "GET /reload?ser=1562671932479 HTTP/1.1" 200 28 "http://renault.activities.at/result?dir=DESC&mode=grid&order=name&limit=15&page=1&search=give%20away" "Mozilla/5.0 (Windows NT 10.0; Win64; x64) AppleWebKit/537.36 (KHTML, like Gecko) Chrome/75.0.3770.100 Safari/537.36"
80.122.53.230 - - [09/Jul/2019:13:32:16 +0200] "GET /reload?ser=1562671936799 HTTP/1.1" 200 28 "http://renault.activities.at/result?searchterm=true&search=give+away" "Mozilla/5.0 (Windows NT 6.1; Win64; x64; rv:67.0) Gecko/20100101 Firefox/67.0"
213.153.47.173 - - [09/Jul/2019:13:32:21 +0200] "GET /reload?ser=1562671941522 HTTP/1.1" 200 28 "http://renault.activities.at/login?required=true" "Mozilla/5.0 (Windows NT 10.0; Win64; x64; rv:67.0) Gecko/20100101 Firefox/67.0"
138.21.12.25 - - [09/Jul/2019:13:32:28 +0200] "GET /reload?ser=1562671948126 HTTP/1.1" 200 28 "http://renault.2web.at/10260300" "Mozilla/5.0 (Windows NT 10.0; WOW64; Trident/7.0; Touch; rv:11.0) like Gecko"
178.189.248.144 - - [09/Jul/2019:13:33:09 +0200] "GET /reload?ser=1562671994475 HTTP/1.1" 200 28 "http://renault.activities.at/result?dir=DESC&mode=grid&order=name&limit=15&page=1&search=give%20away" "Mozilla/5.0 (Windows NT 10.0; Win64; x64) AppleWebKit/537.36 (KHTML, like Gecko) Chrome/75.0.3770.100 Safari/537.36"
80.122.53.230 - - [09/Jul/2019:13:33:17 +0200] "GET /reload?ser=1562671997792 HTTP/1.1" 200 28 "http://renault.activities.at/result?searchterm=true&search=give+away" "Mozilla/5.0 (Windows NT 6.1; Win64; x64; rv:67.0) Gecko/20100101 Firefox/67.0"
213.153.47.173 - - [09/Jul/2019:13:33:22 +0200] "GET /reload?ser=1562672002182 HTTP/1.1" 200 28 "http://renault.activities.at/login?required=true" "Mozilla/5.0 (Windows NT 10.0; Win64; x64; rv:67.0) Gecko/20100101 Firefox/67.0"
138.21.12.25 - - [09/Jul/2019:13:33:29 +0200] "GET /reload?ser=1562672009191 HTTP/1.1" 200 28 "http://renault.2web.at/10260300" "Mozilla/5.0 (Windows NT 10.0; WOW64; Trident/7.0; Touch; rv:11.0) like Gecko"
178.189.248.144 - - [09/Jul/2019:13:34:11 +0200] "GET /reload?ser=1562672056475 HTTP/1.1" 200 28 "http://renault.activities.at/result?dir=DESC&mode=grid&order=name&limit=15&page=1&search=give%20away" "Mozilla/5.0 (Windows NT 10.0; Win64; x64) AppleWebKit/537.36 (KHTML, like Gecko) Chrome/75.0.3770.100 Safari/537.36"
80.122.53.230 - - [09/Jul/2019:13:34:18 +0200] "GET /reload?ser=1562672058800 HTTP/1.1" 200 28 "http://renault.activities.at/result?searchterm=true&search=give+away" "Mozilla/5.0 (Windows NT 6.1; Win64; x64; rv:67.0) Gecko/20100101 Firefox/67.0"
213.153.47.173 - - [09/Jul/2019:13:34:22 +0200] "GET /reload?ser=1562672062842 HTTP/1.1" 200 28 "http://renault.activities.at/login?required=true" "Mozilla/5.0 (Windows NT 10.0; Win64; x64; rv:67.0) Gecko/20100101 Firefox/67.0"
138.21.12.25 - - [09/Jul/2019:13:34:30 +0200] "GET /reload?ser=1562672070246 HTTP/1.1" 200 28 "http://renault.2web.at/10260300" "Mozilla/5.0 (Windows NT 10.0; WOW64; Trident/7.0; Touch; rv:11.0) like Gecko"
178.189.248.144 - - [09/Jul/2019:13:35:13 +0200] "GET /reload?ser=1562672118475 HTTP/1.1" 200 28 "http://renault.activities.at/result?dir=DESC&mode=grid&order=name&limit=15&page=1&search=give%20away" "Mozilla/5.0 (Windows NT 10.0; Win64; x64) AppleWebKit/537.36 (KHTML, like Gecko) Chrome/75.0.3770.100 Safari/537.36"
80.122.53.230 - - [09/Jul/2019:13:35:19 +0200] "GET /reload?ser=1562672119766 HTTP/1.1" 200 28 "http://renault.activities.at/result?searchterm=true&search=give+away" "Mozilla/5.0 (Windows NT 6.1; Win64; x64; rv:67.0) Gecko/20100101 Firefox/67.0"
213.153.47.173 - - [09/Jul/2019:13:35:23 +0200] "GET /reload?ser=1562672123503 HTTP/1.1" 200 28 "http://renault.activities.at/login?required=true" "Mozilla/5.0 (Windows NT 10.0; Win64; x64; rv:67.0) Gecko/20100101 Firefox/67.0"
138.21.12.25 - - [09/Jul/2019:13:35:31 +0200] "GET /reload?ser=1562672131328 HTTP/1.1" 200 28 "http://renault.2web.at/10260300" "Mozilla/5.0 (Windows NT 10.0; WOW64; Trident/7.0; Touch; rv:11.0) like Gecko"
178.189.248.144 - - [09/Jul/2019:13:36:15 +0200] "GET /reload?ser=1562672180474 HTTP/1.1" 200 28 "http://renault.activities.at/result?dir=DESC&mode=grid&order=name&limit=15&page=1&search=give%20away" "Mozilla/5.0 (Windows NT 10.0; Win64; x64) AppleWebKit/537.36 (KHTML, like Gecko) Chrome/75.0.3770.100 Safari/537.36"
80.122.53.230 - - [09/Jul/2019:13:36:20 +0200] "GET /reload?ser=1562672180726 HTTP/1.1" 200 28 "http://renault.activities.at/result?searchterm=true&search=give+away" "Mozilla/5.0 (Windows NT 6.1; Win64; x64; rv:67.0) Gecko/20100101 Firefox/67.0"
213.153.47.173 - - [09/Jul/2019:13:36:24 +0200] "GET /reload?ser=1562672184162 HTTP/1.1" 200 28 "http://renault.activities.at/login?required=true" "Mozilla/5.0 (Windows NT 10.0; Win64; x64; rv:67.0) Gecko/20100101 Firefox/67.0"
138.21.12.25 - - [09/Jul/2019:13:36:32 +0200] "GET /reload?ser=1562672192421 HTTP/1.1" 200 28 "http://renault.2web.at/10260300" "Mozilla/5.0 (Windows NT 10.0; WOW64; Trident/7.0; Touch; rv:11.0) like Gecko"
178.189.248.144 - - [09/Jul/2019:13:37:17 +0200] "GET /reload?ser=1562672242476 HTTP/1.1" 200 28 "http://renault.activities.at/result?dir=DESC&mode=grid&order=name&limit=15&page=1&search=give%20away" "Mozilla/5.0 (Windows NT 10.0; Win64; x64) AppleWebKit/537.36 (KHTML, like Gecko) Chrome/75.0.3770.100 Safari/537.36"
80.122.53.230 - - [09/Jul/2019:13:37:21 +0200] "GET /reload?ser=1562672241713 HTTP/1.1" 200 28 "http://renault.activities.at/result?searchterm=true&search=give+away" "Mozilla/5.0 (Windows NT 6.1; Win64; x64; rv:67.0) Gecko/20100101 Firefox/67.0"
213.153.47.173 - - [09/Jul/2019:13:37:24 +0200] "GET /reload?ser=1562672244828 HTTP/1.1" 200 28 "http://renault.activities.at/login?required=true" "Mozilla/5.0 (Windows NT 10.0; Win64; x64; rv:67.0) Gecko/20100101 Firefox/67.0"
138.21.12.25 - - [09/Jul/2019:13:37:33 +0200] "GET /reload?ser=1562672253508 HTTP/1.1" 200 28 "http://renault.2web.at/10260300" "Mozilla/5.0 (Windows NT 10.0; WOW64; Trident/7.0; Touch; rv:11.0) like Gecko"
178.189.248.144 - - [09/Jul/2019:13:38:18 +0200] "GET /reload?ser=1562672303475 HTTP/1.1" 200 28 "http://renault.activities.at/result?dir=DESC&mode=grid&order=name&limit=15&page=1&search=give%20away" "Mozilla/5.0 (Windows NT 10.0; Win64; x64) AppleWebKit/537.36 (KHTML, like Gecko) Chrome/75.0.3770.100 Safari/537.36"
80.122.53.230 - - [09/Jul/2019:13:38:22 +0200] "GET /reload?ser=1562672302693 HTTP/1.1" 200 28 "http://renault.activities.at/result?searchterm=true&search=give+away" "Mozilla/5.0 (Windows NT 6.1; Win64; x64; rv:67.0) Gecko/20100101 Firefox/67.0"
213.153.47.173 - - [09/Jul/2019:13:38:25 +0200] "GET /reload?ser=1562672305493 HTTP/1.1" 200 28 "http://renault.activities.at/login?required=true" "Mozilla/5.0 (Windows NT 10.0; Win64; x64; rv:67.0) Gecko/20100101 Firefox/67.0"
138.21.12.25 - - [09/Jul/2019:13:38:34 +0200] "GET /reload?ser=1562672314563 HTTP/1.1" 200 28 "http://renault.2web.at/10260300" "Mozilla/5.0 (Windows NT 10.0; WOW64; Trident/7.0; Touch; rv:11.0) like Gecko"
178.189.248.144 - - [09/Jul/2019:13:39:19 +0200] "GET /reload?ser=1562672364476 HTTP/1.1" 200 28 "http://renault.activities.at/result?dir=DESC&mode=grid&order=name&limit=15&page=1&search=give%20away" "Mozilla/5.0 (Windows NT 10.0; Win64; x64) AppleWebKit/537.36 (KHTML, like Gecko) Chrome/75.0.3770.100 Safari/537.36"
80.122.53.230 - - [09/Jul/2019:13:39:23 +0200] "GET /reload?ser=1562672363694 HTTP/1.1" 200 28 "http://renault.activities.at/result?searchterm=true&search=give+away" "Mozilla/5.0 (Windows NT 6.1; Win64; x64; rv:67.0) Gecko/20100101 Firefox/67.0"
213.153.47.173 - - [09/Jul/2019:13:39:26 +0200] "GET /reload?ser=1562672366163 HTTP/1.1" 200 28 "http://renault.activities.at/login?required=true" "Mozilla/5.0 (Windows NT 10.0; Win64; x64; rv:67.0) Gecko/20100101 Firefox/67.0"
138.21.12.25 - - [09/Jul/2019:13:39:35 +0200] "GET /reload?ser=1562672375569 HTTP/1.1" 200 28 "http://renault.2web.at/10260300" "Mozilla/5.0 (Windows NT 10.0; WOW64; Trident/7.0; Touch; rv:11.0) like Gecko"
178.189.248.144 - - [09/Jul/2019:13:40:20 +0200] "GET /reload?ser=1562672425476 HTTP/1.1" 200 28 "http://renault.activities.at/result?dir=DESC&mode=grid&order=name&limit=15&page=1&search=give%20away" "Mozilla/5.0 (Windows NT 10.0; Win64; x64) AppleWebKit/537.36 (KHTML, like Gecko) Chrome/75.0.3770.100 Safari/537.36"
80.122.53.230 - - [09/Jul/2019:13:40:24 +0200] "GET /reload?ser=1562672424644 HTTP/1.1" 200 28 "http://renault.activities.at/result?searchterm=true&search=give+away" "Mozilla/5.0 (Windows NT 6.1; Win64; x64; rv:67.0) Gecko/20100101 Firefox/67.0"
213.153.47.173 - - [09/Jul/2019:13:40:26 +0200] "GET /reload?ser=1562672426814 HTTP/1.1" 200 28 "http://renault.activities.at/login?required=true" "Mozilla/5.0 (Windows NT 10.0; Win64; x64; rv:67.0) Gecko/20100101 Firefox/67.0"
138.21.12.25 - - [09/Jul/2019:13:40:36 +0200] "GET /reload?ser=1562672436604 HTTP/1.1" 200 28 "http://renault.2web.at/10260300" "Mozilla/5.0 (Windows NT 10.0; WOW64; Trident/7.0; Touch; rv:11.0) like Gecko"
178.189.248.144 - - [09/Jul/2019:13:41:21 +0200] "GET /reload?ser=1562672486476 HTTP/1.1" 200 28 "http://renault.activities.at/result?dir=DESC&mode=grid&order=name&limit=15&page=1&search=give%20away" "Mozilla/5.0 (Windows NT 10.0; Win64; x64) AppleWebKit/537.36 (KHTML, like Gecko) Chrome/75.0.3770.100 Safari/537.36"
80.122.53.230 - - [09/Jul/2019:13:41:25 +0200] "GET /reload?ser=1562672485598 HTTP/1.1" 200 28 "http://renault.activities.at/result?searchterm=true&search=give+away" "Mozilla/5.0 (Windows NT 6.1; Win64; x64; rv:67.0) Gecko/20100101 Firefox/67.0"
213.153.47.173 - - [09/Jul/2019:13:41:27 +0200] "GET /reload?ser=1562672487474 HTTP/1.1" 200 28 "http://renault.activities.at/login?required=true" "Mozilla/5.0 (Windows NT 10.0; Win64; x64; rv:67.0) Gecko/20100101 Firefox/67.0"
138.21.12.25 - - [09/Jul/2019:13:41:37 +0200] "GET /reload?ser=1562672497703 HTTP/1.1" 200 28 "http://renault.2web.at/10260300" "Mozilla/5.0 (Windows NT 10.0; WOW64; Trident/7.0; Touch; rv:11.0) like Gecko"
178.189.248.144 - - [09/Jul/2019:13:42:23 +0200] "GET /reload?ser=1562672548475 HTTP/1.1" 200 28 "http://renault.activities.at/result?dir=DESC&mode=grid&order=name&limit=15&page=1&search=give%20away" "Mozilla/5.0 (Windows NT 10.0; Win64; x64) AppleWebKit/537.36 (KHTML, like Gecko) Chrome/75.0.3770.100 Safari/537.36"
80.122.53.230 - - [09/Jul/2019:13:42:26 +0200] "GET /reload?ser=1562672546537 HTTP/1.1" 200 28 "http://renault.activities.at/result?searchterm=true&search=give+away" "Mozilla/5.0 (Windows NT 6.1; Win64; x64; rv:67.0) Gecko/20100101 Firefox/67.0"
213.153.47.173 - - [09/Jul/2019:13:42:28 +0200] "GET /reload?ser=1562672548124 HTTP/1.1" 200 28 "http://renault.activities.at/login?required=true" "Mozilla/5.0 (Windows NT 10.0; Win64; x64; rv:67.0) Gecko/20100101 Firefox/67.0"
138.21.12.25 - - [09/Jul/2019:13:42:38 +0200] "GET /reload?ser=1562672558788 HTTP/1.1" 200 28 "http://renault.2web.at/10260300" "Mozilla/5.0 (Windows NT 10.0; WOW64; Trident/7.0; Touch; rv:11.0) like Gecko"
178.189.248.144 - - [09/Jul/2019:13:43:24 +0200] "GET /reload?ser=1562672609476 HTTP/1.1" 200 28 "http://renault.activities.at/result?dir=DESC&mode=grid&order=name&limit=15&page=1&search=give%20away" "Mozilla/5.0 (Windows NT 10.0; Win64; x64) AppleWebKit/537.36 (KHTML, like Gecko) Chrome/75.0.3770.100 Safari/537.36"
80.122.53.230 - - [09/Jul/2019:13:43:27 +0200] "GET /reload?ser=1562672607524 HTTP/1.1" 200 28 "http://renault.activities.at/result?searchterm=true&search=give+away" "Mozilla/5.0 (Windows NT 6.1; Win64; x64; rv:67.0) Gecko/20100101 Firefox/67.0"
213.153.47.173 - - [09/Jul/2019:13:43:28 +0200] "GET /reload?ser=1562672608795 HTTP/1.1" 200 28 "http://renault.activities.at/login?required=true" "Mozilla/5.0 (Windows NT 10.0; Win64; x64; rv:67.0) Gecko/20100101 Firefox/67.0"
138.21.12.25 - - [09/Jul/2019:13:43:40 +0200] "GET /reload?ser=1562672619852 HTTP/1.1" 200 28 "http://renault.2web.at/10260300" "Mozilla/5.0 (Windows NT 10.0; WOW64; Trident/7.0; Touch; rv:11.0) like Gecko"
178.189.248.144 - - [09/Jul/2019:13:44:25 +0200] "GET /reload?ser=1562672670475 HTTP/1.1" 200 28 "http://renault.activities.at/result?dir=DESC&mode=grid&order=name&limit=15&page=1&search=give%20away" "Mozilla/5.0 (Windows NT 10.0; Win64; x64) AppleWebKit/537.36 (KHTML, like Gecko) Chrome/75.0.3770.100 Safari/537.36"
80.122.53.230 - - [09/Jul/2019:13:44:28 +0200] "GET /reload?ser=1562672668453 HTTP/1.1" 200 28 "http://renault.activities.at/result?searchterm=true&search=give+away" "Mozilla/5.0 (Windows NT 6.1; Win64; x64; rv:67.0) Gecko/20100101 Firefox/67.0"
213.153.47.173 - - [09/Jul/2019:13:44:29 +0200] "GET /reload?ser=1562672669464 HTTP/1.1" 200 28 "http://renault.activities.at/login?required=true" "Mozilla/5.0 (Windows NT 10.0; Win64; x64; rv:67.0) Gecko/20100101 Firefox/67.0"
138.21.12.25 - - [09/Jul/2019:13:44:41 +0200] "GET /reload?ser=1562672680948 HTTP/1.1" 200 28 "http://renault.2web.at/10260300" "Mozilla/5.0 (Windows NT 10.0; WOW64; Trident/7.0; Touch; rv:11.0) like Gecko"
178.189.248.144 - - [09/Jul/2019:13:45:26 +0200] "GET /reload?ser=1562672731475 HTTP/1.1" 200 28 "http://renault.activities.at/result?dir=DESC&mode=grid&order=name&limit=15&page=1&search=give%20away" "Mozilla/5.0 (Windows NT 10.0; Win64; x64) AppleWebKit/537.36 (KHTML, like Gecko) Chrome/75.0.3770.100 Safari/537.36"
80.122.53.230 - - [09/Jul/2019:13:45:29 +0200] "GET /reload?ser=1562672729487 HTTP/1.1" 200 28 "http://renault.activities.at/result?searchterm=true&search=give+away" "Mozilla/5.0 (Windows NT 6.1; Win64; x64; rv:67.0) Gecko/20100101 Firefox/67.0"
213.153.47.173 - - [09/Jul/2019:13:45:30 +0200] "GET /reload?ser=1562672730135 HTTP/1.1" 200 28 "http://renault.activities.at/login?required=true" "Mozilla/5.0 (Windows NT 10.0; Win64; x64; rv:67.0) Gecko/20100101 Firefox/67.0"
138.21.12.25 - - [09/Jul/2019:13:45:42 +0200] "GET /reload?ser=1562672741992 HTTP/1.1" 200 28 "http://renault.2web.at/10260300" "Mozilla/5.0 (Windows NT 10.0; WOW64; Trident/7.0; Touch; rv:11.0) like Gecko"
80.120.5.131 - - [09/Jul/2019:13:46:08 +0200] "GET / HTTP/1.1" 200 13383 "-" "Mozilla/5.0 (Windows NT 10.0; WOW64; Trident/7.0; rv:11.0) like Gecko"
80.120.5.131 - - [09/Jul/2019:13:46:09 +0200] "GET /css/reset.css HTTP/1.1" 200 3591 "http://renault.activities.at/" "Mozilla/5.0 (Windows NT 10.0; WOW64; Trident/7.0; rv:11.0) like Gecko"
80.120.5.131 - - [09/Jul/2019:13:46:09 +0200] "GET /js/flashdetection.js HTTP/1.1" 200 2841 "http://renault.activities.at/" "Mozilla/5.0 (Windows NT 10.0; WOW64; Trident/7.0; rv:11.0) like Gecko"
80.120.5.131 - - [09/Jul/2019:13:46:09 +0200] "GET /css/clears.css HTTP/1.1" 200 1978 "http://renault.activities.at/" "Mozilla/5.0 (Windows NT 10.0; WOW64; Trident/7.0; rv:11.0) like Gecko"
80.120.5.131 - - [09/Jul/2019:13:46:09 +0200] "GET /css/print.css HTTP/1.1" 200 1042 "http://renault.activities.at/" "Mozilla/5.0 (Windows NT 10.0; WOW64; Trident/7.0; rv:11.0) like Gecko"
80.120.5.131 - - [09/Jul/2019:13:46:09 +0200] "GET /js/checkout.css HTTP/1.1" 200 767 "http://renault.activities.at/" "Mozilla/5.0 (Windows NT 10.0; WOW64; Trident/7.0; rv:11.0) like Gecko"
80.120.5.131 - - [09/Jul/2019:13:46:09 +0200] "GET /css/prototip.css HTTP/1.1" 200 3299 "http://renault.activities.at/" "Mozilla/5.0 (Windows NT 10.0; WOW64; Trident/7.0; rv:11.0) like Gecko"
80.120.5.131 - - [09/Jul/2019:13:46:09 +0200] "GET /css/themes/default.css HTTP/1.1" 200 2674 "http://renault.activities.at/" "Mozilla/5.0 (Windows NT 10.0; WOW64; Trident/7.0; rv:11.0) like Gecko"
80.120.5.131 - - [09/Jul/2019:13:46:09 +0200] "GET /css/themes/alphacube.css HTTP/1.1" 200 2665 "http://renault.activities.at/" "Mozilla/5.0 (Windows NT 10.0; WOW64; Trident/7.0; rv:11.0) like Gecko"
80.120.5.131 - - [09/Jul/2019:13:46:09 +0200] "GET /js/default.js HTTP/1.1" 200 82829 "http://renault.activities.at/" "Mozilla/5.0 (Windows NT 10.0; WOW64; Trident/7.0; rv:11.0) like Gecko"
80.120.5.131 - - [09/Jul/2019:13:46:09 +0200] "GET /css/styles.css HTTP/1.1" 200 78636 "http://renault.activities.at/" "Mozilla/5.0 (Windows NT 10.0; WOW64; Trident/7.0; rv:11.0) like Gecko"
80.120.5.131 - - [09/Jul/2019:13:46:09 +0200] "GET /js/index.php?c=auto&f=,prototype/prototype.js,prototype/validation.js,scriptaculous/builder.js,scriptaculous/effects.js,scriptaculous/dragdrop.js,scriptaculous/controls.js,scriptaculous/slider.js,varien/js.js,varien/form.js,varien/menu.js,mage/translate.js,mage/cookies.js,varien/product.js,spinner/SpinnerControl.jsmin.js,prototype/window.js,prototype/window_ext.js HTTP/1.1" 200 398646 "http://renault.activities.at/" "Mozilla/5.0 (Windows NT 10.0; WOW64; Trident/7.0; rv:11.0) like Gecko"
80.120.5.131 - - [09/Jul/2019:13:46:09 +0200] "GET /images/header_block_corner_right_top.gif HTTP/1.1" 200 160 "http://renault.activities.at/" "Mozilla/5.0 (Windows NT 10.0; WOW64; Trident/7.0; rv:11.0) like Gecko"
80.120.5.131 - - [09/Jul/2019:13:46:09 +0200] "GET /images/main_block_border.gif HTTP/1.1" 200 43 "http://renault.activities.at/" "Mozilla/5.0 (Windows NT 10.0; WOW64; Trident/7.0; rv:11.0) like Gecko"
80.120.5.131 - - [09/Jul/2019:13:46:09 +0200] "GET /images/header_block_corner_left_top.gif HTTP/1.1" 200 160 "http://renault.activities.at/" "Mozilla/5.0 (Windows NT 10.0; WOW64; Trident/7.0; rv:11.0) like Gecko"
80.120.5.131 - - [09/Jul/2019:13:46:09 +0200] "GET /images/header_block_border.gif HTTP/1.1" 200 43 "http://renault.activities.at/" "Mozilla/5.0 (Windows NT 10.0; WOW64; Trident/7.0; rv:11.0) like Gecko"
80.120.5.131 - - [09/Jul/2019:13:46:09 +0200] "GET /images/main_block_corner_right_bot.gif HTTP/1.1" 200 158 "http://renault.activities.at/" "Mozilla/5.0 (Windows NT 10.0; WOW64; Trident/7.0; rv:11.0) like Gecko"
80.120.5.131 - - [09/Jul/2019:13:46:09 +0200] "GET /images/main_block_corner_left_bot.gif HTTP/1.1" 200 159 "http://renault.activities.at/" "Mozilla/5.0 (Windows NT 10.0; WOW64; Trident/7.0; rv:11.0) like Gecko"
80.120.5.131 - - [09/Jul/2019:13:46:09 +0200] "GET /images/title_corner_left_top.jpg HTTP/1.1" 200 372 "http://renault.activities.at/" "Mozilla/5.0 (Windows NT 10.0; WOW64; Trident/7.0; rv:11.0) like Gecko"
80.120.5.131 - - [09/Jul/2019:13:46:09 +0200] "GET /images/title_border_top.jpg HTTP/1.1" 200 336 "http://renault.activities.at/" "Mozilla/5.0 (Windows NT 10.0; WOW64; Trident/7.0; rv:11.0) like Gecko"
80.120.5.131 - - [09/Jul/2019:13:46:09 +0200] "GET /images/main_block_corner_right_top.gif HTTP/1.1" 200 159 "http://renault.activities.at/" "Mozilla/5.0 (Windows NT 10.0; WOW64; Trident/7.0; rv:11.0) like Gecko"
80.120.5.131 - - [09/Jul/2019:13:46:09 +0200] "GET /images/main_block_corner_left_top.gif HTTP/1.1" 200 159 "http://renault.activities.at/" "Mozilla/5.0 (Windows NT 10.0; WOW64; Trident/7.0; rv:11.0) like Gecko"
80.120.5.131 - - [09/Jul/2019:13:46:09 +0200] "GET /images/title_border.jpg HTTP/1.1" 200 304 "http://renault.activities.at/" "Mozilla/5.0 (Windows NT 10.0; WOW64; Trident/7.0; rv:11.0) like Gecko"
80.120.5.131 - - [09/Jul/2019:13:46:09 +0200] "GET /images/title_corner_right_top.jpg HTTP/1.1" 200 389 "http://renault.activities.at/" "Mozilla/5.0 (Windows NT 10.0; WOW64; Trident/7.0; rv:11.0) like Gecko"
80.120.5.131 - - [09/Jul/2019:13:46:09 +0200] "GET /images/favicon.ico HTTP/1.1" 404 380 "-" "Mozilla/5.0 (Windows NT 10.0; Win64; x64; Trident/7.0; rv:11.0) like Gecko"
80.120.5.131 - - [09/Jul/2019:13:46:09 +0200] "GET /loadthumbnail.php?id=11127982 HTTP/1.1" 200 586642 "http://renault.activities.at/" "Mozilla/5.0 (Windows NT 10.0; WOW64; Trident/7.0; rv:11.0) like Gecko"
178.189.248.144 - - [09/Jul/2019:13:46:27 +0200] "GET /reload?ser=1562672792475 HTTP/1.1" 200 28 "http://renault.activities.at/result?dir=DESC&mode=grid&order=name&limit=15&page=1&search=give%20away" "Mozilla/5.0 (Windows NT 10.0; Win64; x64) AppleWebKit/537.36 (KHTML, like Gecko) Chrome/75.0.3770.100 Safari/537.36"
213.153.47.173 - - [09/Jul/2019:13:46:30 +0200] "GET /reload?ser=1562672790795 HTTP/1.1" 200 28 "http://renault.activities.at/login?required=true" "Mozilla/5.0 (Windows NT 10.0; Win64; x64; rv:67.0) Gecko/20100101 Firefox/67.0"
80.122.53.230 - - [09/Jul/2019:13:46:30 +0200] "GET /reload?ser=1562672790445 HTTP/1.1" 200 28 "http://renault.activities.at/result?searchterm=true&search=give+away" "Mozilla/5.0 (Windows NT 6.1; Win64; x64; rv:67.0) Gecko/20100101 Firefox/67.0"
138.21.12.25 - - [09/Jul/2019:13:46:43 +0200] "GET /reload?ser=1562672803084 HTTP/1.1" 200 28 "http://renault.2web.at/10260300" "Mozilla/5.0 (Windows NT 10.0; WOW64; Trident/7.0; Touch; rv:11.0) like Gecko"
80.120.5.131 - - [09/Jul/2019:13:47:09 +0200] "GET /reload?ser=1562672829466 HTTP/1.1" 200 2 "http://renault.activities.at/" "Mozilla/5.0 (Windows NT 10.0; WOW64; Trident/7.0; rv:11.0) like Gecko"
178.189.248.144 - - [09/Jul/2019:13:47:28 +0200] "GET /reload?ser=1562672853476 HTTP/1.1" 200 28 "http://renault.activities.at/result?dir=DESC&mode=grid&order=name&limit=15&page=1&search=give%20away" "Mozilla/5.0 (Windows NT 10.0; Win64; x64) AppleWebKit/537.36 (KHTML, like Gecko) Chrome/75.0.3770.100 Safari/537.36"
213.153.47.173 - - [09/Jul/2019:13:47:31 +0200] "GET /reload?ser=1562672851446 HTTP/1.1" 200 28 "http://renault.activities.at/login?required=true" "Mozilla/5.0 (Windows NT 10.0; Win64; x64; rv:67.0) Gecko/20100101 Firefox/67.0"
80.122.53.230 - - [09/Jul/2019:13:47:31 +0200] "GET /reload?ser=1562672851407 HTTP/1.1" 200 28 "http://renault.activities.at/result?searchterm=true&search=give+away" "Mozilla/5.0 (Windows NT 6.1; Win64; x64; rv:67.0) Gecko/20100101 Firefox/67.0"
138.21.12.25 - - [09/Jul/2019:13:47:44 +0200] "GET /reload?ser=1562672864190 HTTP/1.1" 200 28 "http://renault.2web.at/10260300" "Mozilla/5.0 (Windows NT 10.0; WOW64; Trident/7.0; Touch; rv:11.0) like Gecko"
80.120.5.131 - - [09/Jul/2019:13:48:10 +0200] "GET /reload?ser=1562672890107 HTTP/1.1" 200 2 "http://renault.activities.at/" "Mozilla/5.0 (Windows NT 10.0; WOW64; Trident/7.0; rv:11.0) like Gecko"
178.189.248.144 - - [09/Jul/2019:13:48:30 +0200] "GET /reload?ser=1562672915475 HTTP/1.1" 200 28 "http://renault.activities.at/result?dir=DESC&mode=grid&order=name&limit=15&page=1&search=give%20away" "Mozilla/5.0 (Windows NT 10.0; Win64; x64) AppleWebKit/537.36 (KHTML, like Gecko) Chrome/75.0.3770.100 Safari/537.36"
213.153.47.173 - - [09/Jul/2019:13:48:32 +0200] "GET /reload?ser=1562672912106 HTTP/1.1" 200 28 "http://renault.activities.at/login?required=true" "Mozilla/5.0 (Windows NT 10.0; Win64; x64; rv:67.0) Gecko/20100101 Firefox/67.0"
80.122.53.230 - - [09/Jul/2019:13:48:32 +0200] "GET /reload?ser=1562672912394 HTTP/1.1" 200 28 "http://renault.activities.at/result?searchterm=true&search=give+away" "Mozilla/5.0 (Windows NT 6.1; Win64; x64; rv:67.0) Gecko/20100101 Firefox/67.0"
138.21.12.25 - - [09/Jul/2019:13:48:45 +0200] "GET /reload?ser=1562672925308 HTTP/1.1" 200 28 "http://renault.2web.at/10260300" "Mozilla/5.0 (Windows NT 10.0; WOW64; Trident/7.0; Touch; rv:11.0) like Gecko"
80.120.5.131 - - [09/Jul/2019:13:49:10 +0200] "GET /reload?ser=1562672950768 HTTP/1.1" 200 2 "http://renault.activities.at/" "Mozilla/5.0 (Windows NT 10.0; WOW64; Trident/7.0; rv:11.0) like Gecko"
178.189.248.144 - - [09/Jul/2019:13:49:31 +0200] "GET /reload?ser=1562672976475 HTTP/1.1" 200 28 "http://renault.activities.at/result?dir=DESC&mode=grid&order=name&limit=15&page=1&search=give%20away" "Mozilla/5.0 (Windows NT 10.0; Win64; x64) AppleWebKit/537.36 (KHTML, like Gecko) Chrome/75.0.3770.100 Safari/537.36"
213.153.47.173 - - [09/Jul/2019:13:49:32 +0200] "GET /reload?ser=1562672972786 HTTP/1.1" 200 28 "http://renault.activities.at/login?required=true" "Mozilla/5.0 (Windows NT 10.0; Win64; x64; rv:67.0) Gecko/20100101 Firefox/67.0"
80.122.53.230 - - [09/Jul/2019:13:49:33 +0200] "GET /reload?ser=1562672973386 HTTP/1.1" 200 28 "http://renault.activities.at/result?searchterm=true&search=give+away" "Mozilla/5.0 (Windows NT 6.1; Win64; x64; rv:67.0) Gecko/20100101 Firefox/67.0"
138.21.12.25 - - [09/Jul/2019:13:49:46 +0200] "GET /reload?ser=1562672986327 HTTP/1.1" 200 28 "http://renault.2web.at/10260300" "Mozilla/5.0 (Windows NT 10.0; WOW64; Trident/7.0; Touch; rv:11.0) like Gecko"
80.120.5.131 - - [09/Jul/2019:13:50:11 +0200] "GET /reload?ser=1562673011431 HTTP/1.1" 200 2 "http://renault.activities.at/" "Mozilla/5.0 (Windows NT 10.0; WOW64; Trident/7.0; rv:11.0) like Gecko"
178.189.248.144 - - [09/Jul/2019:13:50:33 +0200] "GET /reload?ser=1562673038475 HTTP/1.1" 200 28 "http://renault.activities.at/result?dir=DESC&mode=grid&order=name&limit=15&page=1&search=give%20away" "Mozilla/5.0 (Windows NT 10.0; Win64; x64) AppleWebKit/537.36 (KHTML, like Gecko) Chrome/75.0.3770.100 Safari/537.36"
213.153.47.173 - - [09/Jul/2019:13:50:33 +0200] "GET /reload?ser=1562673033456 HTTP/1.1" 200 28 "http://renault.activities.at/login?required=true" "Mozilla/5.0 (Windows NT 10.0; Win64; x64; rv:67.0) Gecko/20100101 Firefox/67.0"
80.122.53.230 - - [09/Jul/2019:13:50:34 +0200] "GET /reload?ser=1562673034325 HTTP/1.1" 200 28 "http://renault.activities.at/result?searchterm=true&search=give+away" "Mozilla/5.0 (Windows NT 6.1; Win64; x64; rv:67.0) Gecko/20100101 Firefox/67.0"
138.21.12.25 - - [09/Jul/2019:13:50:47 +0200] "GET /reload?ser=1562673047430 HTTP/1.1" 200 28 "http://renault.2web.at/10260300" "Mozilla/5.0 (Windows NT 10.0; WOW64; Trident/7.0; Touch; rv:11.0) like Gecko"
80.120.5.131 - - [09/Jul/2019:13:51:12 +0200] "GET /reload?ser=1562673072188 HTTP/1.1" 200 2 "http://renault.activities.at/" "Mozilla/5.0 (Windows NT 10.0; WOW64; Trident/7.0; rv:11.0) like Gecko"
213.153.47.173 - - [09/Jul/2019:13:51:34 +0200] "GET /reload?ser=1562673094116 HTTP/1.1" 200 28 "http://renault.activities.at/login?required=true" "Mozilla/5.0 (Windows NT 10.0; Win64; x64; rv:67.0) Gecko/20100101 Firefox/67.0"
178.189.248.144 - - [09/Jul/2019:13:51:34 +0200] "GET /reload?ser=1562673099482 HTTP/1.1" 200 28 "http://renault.activities.at/result?dir=DESC&mode=grid&order=name&limit=15&page=1&search=give%20away" "Mozilla/5.0 (Windows NT 10.0; Win64; x64) AppleWebKit/537.36 (KHTML, like Gecko) Chrome/75.0.3770.100 Safari/537.36"
80.122.53.230 - - [09/Jul/2019:13:51:35 +0200] "GET /reload?ser=1562673095293 HTTP/1.1" 200 28 "http://renault.activities.at/result?searchterm=true&search=give+away" "Mozilla/5.0 (Windows NT 6.1; Win64; x64; rv:67.0) Gecko/20100101 Firefox/67.0"
138.21.12.25 - - [09/Jul/2019:13:51:48 +0200] "GET /reload?ser=1562673108518 HTTP/1.1" 200 28 "http://renault.2web.at/10260300" "Mozilla/5.0 (Windows NT 10.0; WOW64; Trident/7.0; Touch; rv:11.0) like Gecko"
80.120.5.131 - - [09/Jul/2019:13:52:12 +0200] "GET /reload?ser=1562673132833 HTTP/1.1" 200 2 "http://renault.activities.at/" "Mozilla/5.0 (Windows NT 10.0; WOW64; Trident/7.0; rv:11.0) like Gecko"
213.153.47.173 - - [09/Jul/2019:13:52:34 +0200] "GET /reload?ser=1562673154786 HTTP/1.1" 200 28 "http://renault.activities.at/login?required=true" "Mozilla/5.0 (Windows NT 10.0; Win64; x64; rv:67.0) Gecko/20100101 Firefox/67.0"
178.189.248.144 - - [09/Jul/2019:13:52:35 +0200] "GET /reload?ser=1562673160477 HTTP/1.1" 200 28 "http://renault.activities.at/result?dir=DESC&mode=grid&order=name&limit=15&page=1&search=give%20away" "Mozilla/5.0 (Windows NT 10.0; Win64; x64) AppleWebKit/537.36 (KHTML, like Gecko) Chrome/75.0.3770.100 Safari/537.36"
80.122.53.230 - - [09/Jul/2019:13:52:36 +0200] "GET /reload?ser=1562673156251 HTTP/1.1" 200 28 "http://renault.activities.at/result?searchterm=true&search=give+away" "Mozilla/5.0 (Windows NT 6.1; Win64; x64; rv:67.0) Gecko/20100101 Firefox/67.0"
138.21.12.25 - - [09/Jul/2019:13:52:49 +0200] "GET /reload?ser=1562673169585 HTTP/1.1" 200 28 "http://renault.2web.at/10260300" "Mozilla/5.0 (Windows NT 10.0; WOW64; Trident/7.0; Touch; rv:11.0) like Gecko"
80.120.5.131 - - [09/Jul/2019:13:53:13 +0200] "GET /reload?ser=1562673193484 HTTP/1.1" 200 2 "http://renault.activities.at/" "Mozilla/5.0 (Windows NT 10.0; WOW64; Trident/7.0; rv:11.0) like Gecko"
213.153.47.173 - - [09/Jul/2019:13:53:35 +0200] "GET /reload?ser=1562673215456 HTTP/1.1" 200 28 "http://renault.activities.at/login?required=true" "Mozilla/5.0 (Windows NT 10.0; Win64; x64; rv:67.0) Gecko/20100101 Firefox/67.0"
178.189.248.144 - - [09/Jul/2019:13:53:36 +0200] "GET /reload?ser=1562673221476 HTTP/1.1" 200 28 "http://renault.activities.at/result?dir=DESC&mode=grid&order=name&limit=15&page=1&search=give%20away" "Mozilla/5.0 (Windows NT 10.0; Win64; x64) AppleWebKit/537.36 (KHTML, like Gecko) Chrome/75.0.3770.100 Safari/537.36"
80.122.53.230 - - [09/Jul/2019:13:53:37 +0200] "GET /reload?ser=1562673217200 HTTP/1.1" 200 28 "http://renault.activities.at/result?searchterm=true&search=give+away" "Mozilla/5.0 (Windows NT 6.1; Win64; x64; rv:67.0) Gecko/20100101 Firefox/67.0"
138.21.12.25 - - [09/Jul/2019:13:53:50 +0200] "GET /reload?ser=1562673230620 HTTP/1.1" 200 28 "http://renault.2web.at/10260300" "Mozilla/5.0 (Windows NT 10.0; WOW64; Trident/7.0; Touch; rv:11.0) like Gecko"
80.120.5.131 - - [09/Jul/2019:13:54:14 +0200] "GET /reload?ser=1562673254160 HTTP/1.1" 200 2 "http://renault.activities.at/" "Mozilla/5.0 (Windows NT 10.0; WOW64; Trident/7.0; rv:11.0) like Gecko"
213.153.47.173 - - [09/Jul/2019:13:54:36 +0200] "GET /reload?ser=1562673276118 HTTP/1.1" 200 28 "http://renault.activities.at/login?required=true" "Mozilla/5.0 (Windows NT 10.0; Win64; x64; rv:67.0) Gecko/20100101 Firefox/67.0"
178.189.248.144 - - [09/Jul/2019:13:54:37 +0200] "GET /reload?ser=1562673282474 HTTP/1.1" 200 28 "http://renault.activities.at/result?dir=DESC&mode=grid&order=name&limit=15&page=1&search=give%20away" "Mozilla/5.0 (Windows NT 10.0; Win64; x64) AppleWebKit/537.36 (KHTML, like Gecko) Chrome/75.0.3770.100 Safari/537.36"
80.122.53.230 - - [09/Jul/2019:13:54:38 +0200] "GET /reload?ser=1562673278159 HTTP/1.1" 200 28 "http://renault.activities.at/result?searchterm=true&search=give+away" "Mozilla/5.0 (Windows NT 6.1; Win64; x64; rv:67.0) Gecko/20100101 Firefox/67.0"
138.21.12.25 - - [09/Jul/2019:13:54:51 +0200] "GET /reload?ser=1562673291664 HTTP/1.1" 200 28 "http://renault.2web.at/10260300" "Mozilla/5.0 (Windows NT 10.0; WOW64; Trident/7.0; Touch; rv:11.0) like Gecko"
80.120.5.131 - - [09/Jul/2019:13:55:14 +0200] "GET /reload?ser=1562673314803 HTTP/1.1" 200 2 "http://renault.activities.at/" "Mozilla/5.0 (Windows NT 10.0; WOW64; Trident/7.0; rv:11.0) like Gecko"
213.153.47.173 - - [09/Jul/2019:13:55:36 +0200] "GET /reload?ser=1562673336786 HTTP/1.1" 200 28 "http://renault.activities.at/login?required=true" "Mozilla/5.0 (Windows NT 10.0; Win64; x64; rv:67.0) Gecko/20100101 Firefox/67.0"
178.189.248.144 - - [09/Jul/2019:13:55:38 +0200] "GET /reload?ser=1562673343475 HTTP/1.1" 200 28 "http://renault.activities.at/result?dir=DESC&mode=grid&order=name&limit=15&page=1&search=give%20away" "Mozilla/5.0 (Windows NT 10.0; Win64; x64) AppleWebKit/537.36 (KHTML, like Gecko) Chrome/75.0.3770.100 Safari/537.36"
80.122.53.230 - - [09/Jul/2019:13:55:39 +0200] "GET /reload?ser=1562673339144 HTTP/1.1" 200 28 "http://renault.activities.at/result?searchterm=true&search=give+away" "Mozilla/5.0 (Windows NT 6.1; Win64; x64; rv:67.0) Gecko/20100101 Firefox/67.0"
138.21.12.25 - - [09/Jul/2019:13:55:52 +0200] "GET /reload?ser=1562673352733 HTTP/1.1" 200 28 "http://renault.2web.at/10260300" "Mozilla/5.0 (Windows NT 10.0; WOW64; Trident/7.0; Touch; rv:11.0) like Gecko"
80.120.5.131 - - [09/Jul/2019:13:56:15 +0200] "GET /reload?ser=1562673375493 HTTP/1.1" 200 2 "http://renault.activities.at/" "Mozilla/5.0 (Windows NT 10.0; WOW64; Trident/7.0; rv:11.0) like Gecko"
213.153.47.173 - - [09/Jul/2019:13:56:37 +0200] "GET /reload?ser=1562673397467 HTTP/1.1" 200 28 "http://renault.activities.at/login?required=true" "Mozilla/5.0 (Windows NT 10.0; Win64; x64; rv:67.0) Gecko/20100101 Firefox/67.0"
178.189.248.144 - - [09/Jul/2019:13:56:39 +0200] "GET /reload?ser=1562673404476 HTTP/1.1" 200 28 "http://renault.activities.at/result?dir=DESC&mode=grid&order=name&limit=15&page=1&search=give%20away" "Mozilla/5.0 (Windows NT 10.0; Win64; x64) AppleWebKit/537.36 (KHTML, like Gecko) Chrome/75.0.3770.100 Safari/537.36"
80.122.53.230 - - [09/Jul/2019:13:56:40 +0200] "GET /reload?ser=1562673400106 HTTP/1.1" 200 28 "http://renault.activities.at/result?searchterm=true&search=give+away" "Mozilla/5.0 (Windows NT 6.1; Win64; x64; rv:67.0) Gecko/20100101 Firefox/67.0"
138.21.12.25 - - [09/Jul/2019:13:56:53 +0200] "GET /reload?ser=1562673413806 HTTP/1.1" 200 28 "http://renault.2web.at/10260300" "Mozilla/5.0 (Windows NT 10.0; WOW64; Trident/7.0; Touch; rv:11.0) like Gecko"
80.120.5.131 - - [09/Jul/2019:13:57:16 +0200] "GET /reload?ser=1562673436125 HTTP/1.1" 200 2 "http://renault.activities.at/" "Mozilla/5.0 (Windows NT 10.0; WOW64; Trident/7.0; rv:11.0) like Gecko"
213.153.47.173 - - [09/Jul/2019:13:57:38 +0200] "GET /reload?ser=1562673458146 HTTP/1.1" 200 28 "http://renault.activities.at/login?required=true" "Mozilla/5.0 (Windows NT 10.0; Win64; x64; rv:67.0) Gecko/20100101 Firefox/67.0"
178.189.248.144 - - [09/Jul/2019:13:57:40 +0200] "GET /reload?ser=1562673465474 HTTP/1.1" 200 28 "http://renault.activities.at/result?dir=DESC&mode=grid&order=name&limit=15&page=1&search=give%20away" "Mozilla/5.0 (Windows NT 10.0; Win64; x64) AppleWebKit/537.36 (KHTML, like Gecko) Chrome/75.0.3770.100 Safari/537.36"
80.122.53.230 - - [09/Jul/2019:13:57:41 +0200] "GET /reload?ser=1562673461148 HTTP/1.1" 200 28 "http://renault.activities.at/result?searchterm=true&search=give+away" "Mozilla/5.0 (Windows NT 6.1; Win64; x64; rv:67.0) Gecko/20100101 Firefox/67.0"
138.21.12.25 - - [09/Jul/2019:13:57:55 +0200] "GET /reload?ser=1562673474882 HTTP/1.1" 200 28 "http://renault.2web.at/10260300" "Mozilla/5.0 (Windows NT 10.0; WOW64; Trident/7.0; Touch; rv:11.0) like Gecko"
80.120.5.131 - - [09/Jul/2019:13:58:16 +0200] "GET /reload?ser=1562673496763 HTTP/1.1" 200 2 "http://renault.activities.at/" "Mozilla/5.0 (Windows NT 10.0; WOW64; Trident/7.0; rv:11.0) like Gecko"
213.153.47.173 - - [09/Jul/2019:13:58:38 +0200] "GET /reload?ser=1562673518828 HTTP/1.1" 200 28 "http://renault.activities.at/login?required=true" "Mozilla/5.0 (Windows NT 10.0; Win64; x64; rv:67.0) Gecko/20100101 Firefox/67.0"
178.189.248.144 - - [09/Jul/2019:13:58:42 +0200] "GET /reload?ser=1562673527474 HTTP/1.1" 200 28 "http://renault.activities.at/result?dir=DESC&mode=grid&order=name&limit=15&page=1&search=give%20away" "Mozilla/5.0 (Windows NT 10.0; Win64; x64) AppleWebKit/537.36 (KHTML, like Gecko) Chrome/75.0.3770.100 Safari/537.36"
80.122.53.230 - - [09/Jul/2019:13:58:42 +0200] "GET /reload?ser=1562673522135 HTTP/1.1" 200 28 "http://renault.activities.at/result?searchterm=true&search=give+away" "Mozilla/5.0 (Windows NT 6.1; Win64; x64; rv:67.0) Gecko/20100101 Firefox/67.0"
138.21.12.25 - - [09/Jul/2019:13:58:56 +0200] "GET /reload?ser=1562673535972 HTTP/1.1" 200 28 "http://renault.2web.at/10260300" "Mozilla/5.0 (Windows NT 10.0; WOW64; Trident/7.0; Touch; rv:11.0) like Gecko"
80.120.5.131 - - [09/Jul/2019:13:59:17 +0200] "GET /reload?ser=1562673557462 HTTP/1.1" 200 2 "http://renault.activities.at/" "Mozilla/5.0 (Windows NT 10.0; WOW64; Trident/7.0; rv:11.0) like Gecko"
213.153.47.173 - - [09/Jul/2019:13:59:39 +0200] "GET /reload?ser=1562673579518 HTTP/1.1" 200 28 "http://renault.activities.at/login?required=true" "Mozilla/5.0 (Windows NT 10.0; Win64; x64; rv:67.0) Gecko/20100101 Firefox/67.0"
178.189.248.144 - - [09/Jul/2019:13:59:43 +0200] "GET /reload?ser=1562673588476 HTTP/1.1" 200 28 "http://renault.activities.at/result?dir=DESC&mode=grid&order=name&limit=15&page=1&search=give%20away" "Mozilla/5.0 (Windows NT 10.0; Win64; x64) AppleWebKit/537.36 (KHTML, like Gecko) Chrome/75.0.3770.100 Safari/537.36"
80.122.53.230 - - [09/Jul/2019:13:59:43 +0200] "GET /reload?ser=1562673583132 HTTP/1.1" 200 28 "http://renault.activities.at/result?searchterm=true&search=give+away" "Mozilla/5.0 (Windows NT 6.1; Win64; x64; rv:67.0) Gecko/20100101 Firefox/67.0"
138.21.12.25 - - [09/Jul/2019:13:59:57 +0200] "GET /reload?ser=1562673597025 HTTP/1.1" 200 28 "http://renault.2web.at/10260300" "Mozilla/5.0 (Windows NT 10.0; WOW64; Trident/7.0; Touch; rv:11.0) like Gecko"
80.120.5.131 - - [09/Jul/2019:14:00:18 +0200] "GET /reload?ser=1562673618100 HTTP/1.1" 200 2 "http://renault.activities.at/" "Mozilla/5.0 (Windows NT 10.0; WOW64; Trident/7.0; rv:11.0) like Gecko"
213.153.47.173 - - [09/Jul/2019:14:00:40 +0200] "GET /reload?ser=1562673640178 HTTP/1.1" 200 28 "http://renault.activities.at/login?required=true" "Mozilla/5.0 (Windows NT 10.0; Win64; x64; rv:67.0) Gecko/20100101 Firefox/67.0"
178.189.248.144 - - [09/Jul/2019:14:00:44 +0200] "GET /reload?ser=1562673649479 HTTP/1.1" 200 28 "http://renault.activities.at/result?dir=DESC&mode=grid&order=name&limit=15&page=1&search=give%20away" "Mozilla/5.0 (Windows NT 10.0; Win64; x64) AppleWebKit/537.36 (KHTML, like Gecko) Chrome/75.0.3770.100 Safari/537.36"
80.122.53.230 - - [09/Jul/2019:14:00:44 +0200] "GET /reload?ser=1562673644089 HTTP/1.1" 200 28 "http://renault.activities.at/result?searchterm=true&search=give+away" "Mozilla/5.0 (Windows NT 6.1; Win64; x64; rv:67.0) Gecko/20100101 Firefox/67.0"
80.120.5.131 - - [09/Jul/2019:14:01:18 +0200] "GET /reload?ser=1562673678755 HTTP/1.1" 200 2 "http://renault.activities.at/" "Mozilla/5.0 (Windows NT 10.0; WOW64; Trident/7.0; rv:11.0) like Gecko"
213.153.47.173 - - [09/Jul/2019:14:01:40 +0200] "GET /reload?ser=1562673700848 HTTP/1.1" 200 28 "http://renault.activities.at/login?required=true" "Mozilla/5.0 (Windows NT 10.0; Win64; x64; rv:67.0) Gecko/20100101 Firefox/67.0"
178.189.248.144 - - [09/Jul/2019:14:01:45 +0200] "GET /reload?ser=1562673710479 HTTP/1.1" 200 28 "http://renault.activities.at/result?dir=DESC&mode=grid&order=name&limit=15&page=1&search=give%20away" "Mozilla/5.0 (Windows NT 10.0; Win64; x64) AppleWebKit/537.36 (KHTML, like Gecko) Chrome/75.0.3770.100 Safari/537.36"
80.122.53.230 - - [09/Jul/2019:14:01:45 +0200] "GET /reload?ser=1562673705058 HTTP/1.1" 200 28 "http://renault.activities.at/result?searchterm=true&search=give+away" "Mozilla/5.0 (Windows NT 6.1; Win64; x64; rv:67.0) Gecko/20100101 Firefox/67.0"
80.120.5.131 - - [09/Jul/2019:14:02:19 +0200] "GET /reload?ser=1562673739469 HTTP/1.1" 200 2 "http://renault.activities.at/" "Mozilla/5.0 (Windows NT 10.0; WOW64; Trident/7.0; rv:11.0) like Gecko"
213.153.47.173 - - [09/Jul/2019:14:02:41 +0200] "GET /reload?ser=1562673761528 HTTP/1.1" 200 28 "http://renault.activities.at/login?required=true" "Mozilla/5.0 (Windows NT 10.0; Win64; x64; rv:67.0) Gecko/20100101 Firefox/67.0"
80.122.53.230 - - [09/Jul/2019:14:02:46 +0200] "GET /reload?ser=1562673766057 HTTP/1.1" 200 28 "http://renault.activities.at/result?searchterm=true&search=give+away" "Mozilla/5.0 (Windows NT 6.1; Win64; x64; rv:67.0) Gecko/20100101 Firefox/67.0"
178.189.248.144 - - [09/Jul/2019:14:02:47 +0200] "GET /reload?ser=1562673772474 HTTP/1.1" 200 28 "http://renault.activities.at/result?dir=DESC&mode=grid&order=name&limit=15&page=1&search=give%20away" "Mozilla/5.0 (Windows NT 10.0; Win64; x64) AppleWebKit/537.36 (KHTML, like Gecko) Chrome/75.0.3770.100 Safari/537.36"
80.120.5.131 - - [09/Jul/2019:14:03:20 +0200] "GET /reload?ser=1562673800173 HTTP/1.1" 200 2 "http://renault.activities.at/" "Mozilla/5.0 (Windows NT 10.0; WOW64; Trident/7.0; rv:11.0) like Gecko"
213.153.47.173 - - [09/Jul/2019:14:03:42 +0200] "GET /reload?ser=1562673822197 HTTP/1.1" 200 28 "http://renault.activities.at/login?required=true" "Mozilla/5.0 (Windows NT 10.0; Win64; x64; rv:67.0) Gecko/20100101 Firefox/67.0"
80.122.53.230 - - [09/Jul/2019:14:03:47 +0200] "GET /reload?ser=1562673827073 HTTP/1.1" 200 28 "http://renault.activities.at/result?searchterm=true&search=give+away" "Mozilla/5.0 (Windows NT 6.1; Win64; x64; rv:67.0) Gecko/20100101 Firefox/67.0"
178.189.248.144 - - [09/Jul/2019:14:03:48 +0200] "GET /reload?ser=1562673833480 HTTP/1.1" 200 28 "http://renault.activities.at/result?dir=DESC&mode=grid&order=name&limit=15&page=1&search=give%20away" "Mozilla/5.0 (Windows NT 10.0; Win64; x64) AppleWebKit/537.36 (KHTML, like Gecko) Chrome/75.0.3770.100 Safari/537.36"
80.120.5.131 - - [09/Jul/2019:14:04:20 +0200] "GET /reload?ser=1562673860807 HTTP/1.1" 200 2 "http://renault.activities.at/" "Mozilla/5.0 (Windows NT 10.0; WOW64; Trident/7.0; rv:11.0) like Gecko"
213.153.47.173 - - [09/Jul/2019:14:04:42 +0200] "GET /reload?ser=1562673882869 HTTP/1.1" 200 28 "http://renault.activities.at/login?required=true" "Mozilla/5.0 (Windows NT 10.0; Win64; x64; rv:67.0) Gecko/20100101 Firefox/67.0"
80.122.53.230 - - [09/Jul/2019:14:04:48 +0200] "GET /reload?ser=1562673888032 HTTP/1.1" 200 28 "http://renault.activities.at/result?searchterm=true&search=give+away" "Mozilla/5.0 (Windows NT 6.1; Win64; x64; rv:67.0) Gecko/20100101 Firefox/67.0"
178.189.248.144 - - [09/Jul/2019:14:04:50 +0200] "GET /reload?ser=1562673895475 HTTP/1.1" 200 28 "http://renault.activities.at/result?dir=DESC&mode=grid&order=name&limit=15&page=1&search=give%20away" "Mozilla/5.0 (Windows NT 10.0; Win64; x64) AppleWebKit/537.36 (KHTML, like Gecko) Chrome/75.0.3770.100 Safari/537.36"
80.120.5.131 - - [09/Jul/2019:14:05:21 +0200] "GET /reload?ser=1562673921455 HTTP/1.1" 200 2 "http://renault.activities.at/" "Mozilla/5.0 (Windows NT 10.0; WOW64; Trident/7.0; rv:11.0) like Gecko"
213.153.47.173 - - [09/Jul/2019:14:05:43 +0200] "GET /reload?ser=1562673943538 HTTP/1.1" 200 28 "http://renault.activities.at/login?required=true" "Mozilla/5.0 (Windows NT 10.0; Win64; x64; rv:67.0) Gecko/20100101 Firefox/67.0"
80.122.53.230 - - [09/Jul/2019:14:05:49 +0200] "GET /reload?ser=1562673949021 HTTP/1.1" 200 28 "http://renault.activities.at/result?searchterm=true&search=give+away" "Mozilla/5.0 (Windows NT 6.1; Win64; x64; rv:67.0) Gecko/20100101 Firefox/67.0"
178.189.248.144 - - [09/Jul/2019:14:05:51 +0200] "GET /reload?ser=1562673956480 HTTP/1.1" 200 28 "http://renault.activities.at/result?dir=DESC&mode=grid&order=name&limit=15&page=1&search=give%20away" "Mozilla/5.0 (Windows NT 10.0; Win64; x64) AppleWebKit/537.36 (KHTML, like Gecko) Chrome/75.0.3770.100 Safari/537.36"
80.120.5.131 - - [09/Jul/2019:14:06:22 +0200] "GET /reload?ser=1562673982107 HTTP/1.1" 200 2 "http://renault.activities.at/" "Mozilla/5.0 (Windows NT 10.0; WOW64; Trident/7.0; rv:11.0) like Gecko"
213.153.47.173 - - [09/Jul/2019:14:06:44 +0200] "GET /reload?ser=1562674004209 HTTP/1.1" 200 28 "http://renault.activities.at/login?required=true" "Mozilla/5.0 (Windows NT 10.0; Win64; x64; rv:67.0) Gecko/20100101 Firefox/67.0"
80.122.53.230 - - [09/Jul/2019:14:06:50 +0200] "GET /reload?ser=1562674009968 HTTP/1.1" 200 28 "http://renault.activities.at/result?searchterm=true&search=give+away" "Mozilla/5.0 (Windows NT 6.1; Win64; x64; rv:67.0) Gecko/20100101 Firefox/67.0"
178.189.248.144 - - [09/Jul/2019:14:06:52 +0200] "GET /reload?ser=1562674017475 HTTP/1.1" 200 28 "http://renault.activities.at/result?dir=DESC&mode=grid&order=name&limit=15&page=1&search=give%20away" "Mozilla/5.0 (Windows NT 10.0; Win64; x64) AppleWebKit/537.36 (KHTML, like Gecko) Chrome/75.0.3770.100 Safari/537.36"
80.120.5.131 - - [09/Jul/2019:14:07:22 +0200] "GET /reload?ser=1562674042776 HTTP/1.1" 200 2 "http://renault.activities.at/" "Mozilla/5.0 (Windows NT 10.0; WOW64; Trident/7.0; rv:11.0) like Gecko"
213.153.47.173 - - [09/Jul/2019:14:07:44 +0200] "GET /reload?ser=1562674064879 HTTP/1.1" 200 28 "http://renault.activities.at/login?required=true" "Mozilla/5.0 (Windows NT 10.0; Win64; x64; rv:67.0) Gecko/20100101 Firefox/67.0"
80.122.53.230 - - [09/Jul/2019:14:07:51 +0200] "GET /reload?ser=1562674070926 HTTP/1.1" 200 28 "http://renault.activities.at/result?searchterm=true&search=give+away" "Mozilla/5.0 (Windows NT 6.1; Win64; x64; rv:67.0) Gecko/20100101 Firefox/67.0"
178.189.248.144 - - [09/Jul/2019:14:07:53 +0200] "GET /reload?ser=1562674078475 HTTP/1.1" 200 28 "http://renault.activities.at/result?dir=DESC&mode=grid&order=name&limit=15&page=1&search=give%20away" "Mozilla/5.0 (Windows NT 10.0; Win64; x64) AppleWebKit/537.36 (KHTML, like Gecko) Chrome/75.0.3770.100 Safari/537.36"
80.120.5.131 - - [09/Jul/2019:14:08:23 +0200] "GET /reload?ser=1562674103416 HTTP/1.1" 200 2 "http://renault.activities.at/" "Mozilla/5.0 (Windows NT 10.0; WOW64; Trident/7.0; rv:11.0) like Gecko"
213.153.47.173 - - [09/Jul/2019:14:08:45 +0200] "GET /reload?ser=1562674125529 HTTP/1.1" 200 28 "http://renault.activities.at/login?required=true" "Mozilla/5.0 (Windows NT 10.0; Win64; x64; rv:67.0) Gecko/20100101 Firefox/67.0"
80.122.53.230 - - [09/Jul/2019:14:08:52 +0200] "GET /reload?ser=1562674131886 HTTP/1.1" 200 28 "http://renault.activities.at/result?searchterm=true&search=give+away" "Mozilla/5.0 (Windows NT 6.1; Win64; x64; rv:67.0) Gecko/20100101 Firefox/67.0"
178.189.248.144 - - [09/Jul/2019:14:08:54 +0200] "GET /reload?ser=1562674139475 HTTP/1.1" 200 28 "http://renault.activities.at/result?dir=DESC&mode=grid&order=name&limit=15&page=1&search=give%20away" "Mozilla/5.0 (Windows NT 10.0; Win64; x64) AppleWebKit/537.36 (KHTML, like Gecko) Chrome/75.0.3770.100 Safari/537.36"
80.120.5.131 - - [09/Jul/2019:14:09:24 +0200] "GET /reload?ser=1562674164059 HTTP/1.1" 200 2 "http://renault.activities.at/" "Mozilla/5.0 (Windows NT 10.0; WOW64; Trident/7.0; rv:11.0) like Gecko"
213.153.47.173 - - [09/Jul/2019:14:09:46 +0200] "GET /reload?ser=1562674186189 HTTP/1.1" 200 28 "http://renault.activities.at/login?required=true" "Mozilla/5.0 (Windows NT 10.0; Win64; x64; rv:67.0) Gecko/20100101 Firefox/67.0"
80.122.53.230 - - [09/Jul/2019:14:09:53 +0200] "GET /reload?ser=1562674192940 HTTP/1.1" 200 28 "http://renault.activities.at/result?searchterm=true&search=give+away" "Mozilla/5.0 (Windows NT 6.1; Win64; x64; rv:67.0) Gecko/20100101 Firefox/67.0"
178.189.248.144 - - [09/Jul/2019:14:09:55 +0200] "GET /reload?ser=1562674200474 HTTP/1.1" 200 28 "http://renault.activities.at/result?dir=DESC&mode=grid&order=name&limit=15&page=1&search=give%20away" "Mozilla/5.0 (Windows NT 10.0; Win64; x64) AppleWebKit/537.36 (KHTML, like Gecko) Chrome/75.0.3770.100 Safari/537.36"
80.120.5.131 - - [09/Jul/2019:14:10:24 +0200] "GET /reload?ser=1562674224704 HTTP/1.1" 200 2 "http://renault.activities.at/" "Mozilla/5.0 (Windows NT 10.0; WOW64; Trident/7.0; rv:11.0) like Gecko"
213.153.47.173 - - [09/Jul/2019:14:10:46 +0200] "GET /reload?ser=1562674246910 HTTP/1.1" 200 28 "http://renault.activities.at/login?required=true" "Mozilla/5.0 (Windows NT 10.0; Win64; x64; rv:67.0) Gecko/20100101 Firefox/67.0"
80.122.53.230 - - [09/Jul/2019:14:10:54 +0200] "GET /reload?ser=1562674253859 HTTP/1.1" 200 28 "http://renault.activities.at/result?searchterm=true&search=give+away" "Mozilla/5.0 (Windows NT 6.1; Win64; x64; rv:67.0) Gecko/20100101 Firefox/67.0"
