213.153.47.173 - - [10/Jul/2019:09:59:46 +0200] "GET /reload?ser=1562745586211 HTTP/1.1" 200 28 "http://renault.activities.at/login?required=true" "Mozilla/5.0 (Windows NT 10.0; Win64; x64; rv:67.0) Gecko/20100101 Firefox/67.0"
138.21.12.23 - - [10/Jul/2019:10:00:06 +0200] "GET /reload?ser=1562745606067 HTTP/1.1" 200 28 "http://renault.2web.at/account?loadrequest=true" "Mozilla/5.0 (Windows NT 10.0; WOW64; Trident/7.0; Touch; rv:11.0) like Gecko"
80.122.53.230 - - [10/Jul/2019:10:00:24 +0200] "GET /reload?ser=1562745623914 HTTP/1.1" 200 28 "http://renault.activities.at/result?searchterm=true&search=give+away" "Mozilla/5.0 (Windows NT 6.1; Win64; x64; rv:67.0) Gecko/20100101 Firefox/67.0"
213.153.47.173 - - [10/Jul/2019:10:00:46 +0200] "GET /reload?ser=1562745646866 HTTP/1.1" 200 28 "http://renault.activities.at/login?required=true" "Mozilla/5.0 (Windows NT 10.0; Win64; x64; rv:67.0) Gecko/20100101 Firefox/67.0"
138.21.12.23 - - [10/Jul/2019:10:01:07 +0200] "GET /reload?ser=1562745667117 HTTP/1.1" 200 28 "http://renault.2web.at/account?loadrequest=true" "Mozilla/5.0 (Windows NT 10.0; WOW64; Trident/7.0; Touch; rv:11.0) like Gecko"
80.122.53.230 - - [10/Jul/2019:10:01:25 +0200] "GET /reload?ser=1562745684902 HTTP/1.1" 200 28 "http://renault.activities.at/result?searchterm=true&search=give+away" "Mozilla/5.0 (Windows NT 6.1; Win64; x64; rv:67.0) Gecko/20100101 Firefox/67.0"
213.153.47.173 - - [10/Jul/2019:10:01:47 +0200] "GET /reload?ser=1562745707546 HTTP/1.1" 200 28 "http://renault.activities.at/login?required=true" "Mozilla/5.0 (Windows NT 10.0; Win64; x64; rv:67.0) Gecko/20100101 Firefox/67.0"
138.21.12.23 - - [10/Jul/2019:10:02:08 +0200] "GET /reload?ser=1562745728144 HTTP/1.1" 200 28 "http://renault.2web.at/account?loadrequest=true" "Mozilla/5.0 (Windows NT 10.0; WOW64; Trident/7.0; Touch; rv:11.0) like Gecko"
80.122.53.230 - - [10/Jul/2019:10:02:26 +0200] "GET /reload?ser=1562745745879 HTTP/1.1" 200 28 "http://renault.activities.at/result?searchterm=true&search=give+away" "Mozilla/5.0 (Windows NT 6.1; Win64; x64; rv:67.0) Gecko/20100101 Firefox/67.0"
213.153.47.173 - - [10/Jul/2019:10:02:48 +0200] "GET /reload?ser=1562745768226 HTTP/1.1" 200 28 "http://renault.activities.at/login?required=true" "Mozilla/5.0 (Windows NT 10.0; Win64; x64; rv:67.0) Gecko/20100101 Firefox/67.0"
138.21.12.23 - - [10/Jul/2019:10:03:09 +0200] "GET /reload?ser=1562745789210 HTTP/1.1" 200 28 "http://renault.2web.at/account?loadrequest=true" "Mozilla/5.0 (Windows NT 10.0; WOW64; Trident/7.0; Touch; rv:11.0) like Gecko"
80.122.53.230 - - [10/Jul/2019:10:03:27 +0200] "GET /reload?ser=1562745806848 HTTP/1.1" 200 28 "http://renault.activities.at/result?searchterm=true&search=give+away" "Mozilla/5.0 (Windows NT 6.1; Win64; x64; rv:67.0) Gecko/20100101 Firefox/67.0"
213.153.47.173 - - [10/Jul/2019:10:03:48 +0200] "GET /reload?ser=1562745828907 HTTP/1.1" 200 28 "http://renault.activities.at/login?required=true" "Mozilla/5.0 (Windows NT 10.0; Win64; x64; rv:67.0) Gecko/20100101 Firefox/67.0"
138.21.12.23 - - [10/Jul/2019:10:04:10 +0200] "GET /reload?ser=1562745850255 HTTP/1.1" 200 28 "http://renault.2web.at/account?loadrequest=true" "Mozilla/5.0 (Windows NT 10.0; WOW64; Trident/7.0; Touch; rv:11.0) like Gecko"
80.122.53.230 - - [10/Jul/2019:10:04:28 +0200] "GET /reload?ser=1562745867845 HTTP/1.1" 200 28 "http://renault.activities.at/result?searchterm=true&search=give+away" "Mozilla/5.0 (Windows NT 6.1; Win64; x64; rv:67.0) Gecko/20100101 Firefox/67.0"
213.153.47.173 - - [10/Jul/2019:10:04:49 +0200] "GET /reload?ser=1562745889588 HTTP/1.1" 200 28 "http://renault.activities.at/login?required=true" "Mozilla/5.0 (Windows NT 10.0; Win64; x64; rv:67.0) Gecko/20100101 Firefox/67.0"
138.21.12.23 - - [10/Jul/2019:10:05:11 +0200] "GET /reload?ser=1562745911301 HTTP/1.1" 200 28 "http://renault.2web.at/account?loadrequest=true" "Mozilla/5.0 (Windows NT 10.0; WOW64; Trident/7.0; Touch; rv:11.0) like Gecko"
80.122.53.230 - - [10/Jul/2019:10:05:29 +0200] "GET /reload?ser=1562745928802 HTTP/1.1" 200 28 "http://renault.activities.at/result?searchterm=true&search=give+away" "Mozilla/5.0 (Windows NT 6.1; Win64; x64; rv:67.0) Gecko/20100101 Firefox/67.0"
213.153.47.173 - - [10/Jul/2019:10:05:50 +0200] "GET /reload?ser=1562745950265 HTTP/1.1" 200 28 "http://renault.activities.at/login?required=true" "Mozilla/5.0 (Windows NT 10.0; Win64; x64; rv:67.0) Gecko/20100101 Firefox/67.0"
138.21.12.23 - - [10/Jul/2019:10:06:12 +0200] "GET /reload?ser=1562745972357 HTTP/1.1" 200 28 "http://renault.2web.at/account?loadrequest=true" "Mozilla/5.0 (Windows NT 10.0; WOW64; Trident/7.0; Touch; rv:11.0) like Gecko"
80.122.53.230 - - [10/Jul/2019:10:06:30 +0200] "GET /reload?ser=1562745989752 HTTP/1.1" 200 28 "http://renault.activities.at/result?searchterm=true&search=give+away" "Mozilla/5.0 (Windows NT 6.1; Win64; x64; rv:67.0) Gecko/20100101 Firefox/67.0"
213.153.47.173 - - [10/Jul/2019:10:06:50 +0200] "GET /reload?ser=1562746010937 HTTP/1.1" 200 28 "http://renault.activities.at/login?required=true" "Mozilla/5.0 (Windows NT 10.0; Win64; x64; rv:67.0) Gecko/20100101 Firefox/67.0"
138.21.12.23 - - [10/Jul/2019:10:07:13 +0200] "GET /reload?ser=1562746033389 HTTP/1.1" 200 28 "http://renault.2web.at/account?loadrequest=true" "Mozilla/5.0 (Windows NT 10.0; WOW64; Trident/7.0; Touch; rv:11.0) like Gecko"
80.122.53.230 - - [10/Jul/2019:10:07:30 +0200] "GET /reload?ser=1562746050731 HTTP/1.1" 200 28 "http://renault.activities.at/result?searchterm=true&search=give+away" "Mozilla/5.0 (Windows NT 6.1; Win64; x64; rv:67.0) Gecko/20100101 Firefox/67.0"
213.153.47.173 - - [10/Jul/2019:10:07:51 +0200] "GET /reload?ser=1562746071597 HTTP/1.1" 200 28 "http://renault.activities.at/login?required=true" "Mozilla/5.0 (Windows NT 10.0; Win64; x64; rv:67.0) Gecko/20100101 Firefox/67.0"
138.21.12.23 - - [10/Jul/2019:10:08:14 +0200] "GET /reload?ser=1562746094448 HTTP/1.1" 200 28 "http://renault.2web.at/account?loadrequest=true" "Mozilla/5.0 (Windows NT 10.0; WOW64; Trident/7.0; Touch; rv:11.0) like Gecko"
80.122.53.230 - - [10/Jul/2019:10:08:31 +0200] "GET /reload?ser=1562746111709 HTTP/1.1" 200 28 "http://renault.activities.at/result?searchterm=true&search=give+away" "Mozilla/5.0 (Windows NT 6.1; Win64; x64; rv:67.0) Gecko/20100101 Firefox/67.0"
213.153.47.173 - - [10/Jul/2019:10:08:52 +0200] "GET /reload?ser=1562746132257 HTTP/1.1" 200 28 "http://renault.activities.at/login?required=true" "Mozilla/5.0 (Windows NT 10.0; Win64; x64; rv:67.0) Gecko/20100101 Firefox/67.0"
138.21.12.23 - - [10/Jul/2019:10:09:15 +0200] "GET /reload?ser=1562746155544 HTTP/1.1" 200 28 "http://renault.2web.at/account?loadrequest=true" "Mozilla/5.0 (Windows NT 10.0; WOW64; Trident/7.0; Touch; rv:11.0) like Gecko"
80.122.53.230 - - [10/Jul/2019:10:09:32 +0200] "GET /reload?ser=1562746172668 HTTP/1.1" 200 28 "http://renault.activities.at/result?searchterm=true&search=give+away" "Mozilla/5.0 (Windows NT 6.1; Win64; x64; rv:67.0) Gecko/20100101 Firefox/67.0"
213.153.47.173 - - [10/Jul/2019:10:09:52 +0200] "GET /reload?ser=1562746192938 HTTP/1.1" 200 28 "http://renault.activities.at/login?required=true" "Mozilla/5.0 (Windows NT 10.0; Win64; x64; rv:67.0) Gecko/20100101 Firefox/67.0"
138.21.12.23 - - [10/Jul/2019:10:10:16 +0200] "GET /reload?ser=1562746216574 HTTP/1.1" 200 28 "http://renault.2web.at/account?loadrequest=true" "Mozilla/5.0 (Windows NT 10.0; WOW64; Trident/7.0; Touch; rv:11.0) like Gecko"
80.122.53.230 - - [10/Jul/2019:10:10:33 +0200] "GET /reload?ser=1562746233624 HTTP/1.1" 200 28 "http://renault.activities.at/result?searchterm=true&search=give+away" "Mozilla/5.0 (Windows NT 6.1; Win64; x64; rv:67.0) Gecko/20100101 Firefox/67.0"
213.153.47.173 - - [10/Jul/2019:10:10:53 +0200] "GET /reload?ser=1562746253604 HTTP/1.1" 200 28 "http://renault.activities.at/login?required=true" "Mozilla/5.0 (Windows NT 10.0; Win64; x64; rv:67.0) Gecko/20100101 Firefox/67.0"
138.21.12.23 - - [10/Jul/2019:10:11:17 +0200] "GET /reload?ser=1562746277639 HTTP/1.1" 200 28 "http://renault.2web.at/account?loadrequest=true" "Mozilla/5.0 (Windows NT 10.0; WOW64; Trident/7.0; Touch; rv:11.0) like Gecko"
80.122.53.230 - - [10/Jul/2019:10:11:34 +0200] "GET /reload?ser=1562746294611 HTTP/1.1" 200 28 "http://renault.activities.at/result?searchterm=true&search=give+away" "Mozilla/5.0 (Windows NT 6.1; Win64; x64; rv:67.0) Gecko/20100101 Firefox/67.0"
213.153.47.173 - - [10/Jul/2019:10:11:54 +0200] "GET /reload?ser=1562746314279 HTTP/1.1" 200 28 "http://renault.activities.at/login?required=true" "Mozilla/5.0 (Windows NT 10.0; Win64; x64; rv:67.0) Gecko/20100101 Firefox/67.0"
138.21.12.23 - - [10/Jul/2019:10:12:18 +0200] "GET /reload?ser=1562746338682 HTTP/1.1" 200 28 "http://renault.2web.at/account?loadrequest=true" "Mozilla/5.0 (Windows NT 10.0; WOW64; Trident/7.0; Touch; rv:11.0) like Gecko"
80.122.53.230 - - [10/Jul/2019:10:12:35 +0200] "GET /reload?ser=1562746355568 HTTP/1.1" 200 28 "http://renault.activities.at/result?searchterm=true&search=give+away" "Mozilla/5.0 (Windows NT 6.1; Win64; x64; rv:67.0) Gecko/20100101 Firefox/67.0"
213.153.47.173 - - [10/Jul/2019:10:12:55 +0200] "GET /reload?ser=1562746374989 HTTP/1.1" 200 28 "http://renault.activities.at/login?required=true" "Mozilla/5.0 (Windows NT 10.0; Win64; x64; rv:67.0) Gecko/20100101 Firefox/67.0"
138.21.12.23 - - [10/Jul/2019:10:13:19 +0200] "GET /reload?ser=1562746399749 HTTP/1.1" 200 28 "http://renault.2web.at/account?loadrequest=true" "Mozilla/5.0 (Windows NT 10.0; WOW64; Trident/7.0; Touch; rv:11.0) like Gecko"
80.122.53.230 - - [10/Jul/2019:10:13:36 +0200] "GET /reload?ser=1562746416533 HTTP/1.1" 200 28 "http://renault.activities.at/result?searchterm=true&search=give+away" "Mozilla/5.0 (Windows NT 6.1; Win64; x64; rv:67.0) Gecko/20100101 Firefox/67.0"
213.153.47.173 - - [10/Jul/2019:10:13:55 +0200] "GET /reload?ser=1562746435638 HTTP/1.1" 200 28 "http://renault.activities.at/login?required=true" "Mozilla/5.0 (Windows NT 10.0; Win64; x64; rv:67.0) Gecko/20100101 Firefox/67.0"
138.21.12.23 - - [10/Jul/2019:10:14:20 +0200] "GET /reload?ser=1562746460797 HTTP/1.1" 200 28 "http://renault.2web.at/account?loadrequest=true" "Mozilla/5.0 (Windows NT 10.0; WOW64; Trident/7.0; Touch; rv:11.0) like Gecko"
80.122.53.230 - - [10/Jul/2019:10:14:37 +0200] "GET /reload?ser=1562746477563 HTTP/1.1" 200 28 "http://renault.activities.at/result?searchterm=true&search=give+away" "Mozilla/5.0 (Windows NT 6.1; Win64; x64; rv:67.0) Gecko/20100101 Firefox/67.0"
213.153.47.173 - - [10/Jul/2019:10:14:56 +0200] "GET /reload?ser=1562746496289 HTTP/1.1" 200 28 "http://renault.activities.at/login?required=true" "Mozilla/5.0 (Windows NT 10.0; Win64; x64; rv:67.0) Gecko/20100101 Firefox/67.0"
138.21.12.23 - - [10/Jul/2019:10:15:22 +0200] "GET /reload?ser=1562746521904 HTTP/1.1" 200 28 "http://renault.2web.at/account?loadrequest=true" "Mozilla/5.0 (Windows NT 10.0; WOW64; Trident/7.0; Touch; rv:11.0) like Gecko"
80.122.53.230 - - [10/Jul/2019:10:15:38 +0200] "GET /reload?ser=1562746538551 HTTP/1.1" 200 28 "http://renault.activities.at/result?searchterm=true&search=give+away" "Mozilla/5.0 (Windows NT 6.1; Win64; x64; rv:67.0) Gecko/20100101 Firefox/67.0"
213.153.47.173 - - [10/Jul/2019:10:15:56 +0200] "GET /reload?ser=1562746556949 HTTP/1.1" 200 28 "http://renault.activities.at/login?required=true" "Mozilla/5.0 (Windows NT 10.0; Win64; x64; rv:67.0) Gecko/20100101 Firefox/67.0"
138.21.12.23 - - [10/Jul/2019:10:16:23 +0200] "GET /reload?ser=1562746582936 HTTP/1.1" 200 28 "http://renault.2web.at/account?loadrequest=true" "Mozilla/5.0 (Windows NT 10.0; WOW64; Trident/7.0; Touch; rv:11.0) like Gecko"
80.122.53.230 - - [10/Jul/2019:10:16:39 +0200] "GET /reload?ser=1562746599509 HTTP/1.1" 200 28 "http://renault.activities.at/result?searchterm=true&search=give+away" "Mozilla/5.0 (Windows NT 6.1; Win64; x64; rv:67.0) Gecko/20100101 Firefox/67.0"
213.153.47.173 - - [10/Jul/2019:10:16:57 +0200] "GET /reload?ser=1562746617629 HTTP/1.1" 200 28 "http://renault.activities.at/login?required=true" "Mozilla/5.0 (Windows NT 10.0; Win64; x64; rv:67.0) Gecko/20100101 Firefox/67.0"
138.21.12.23 - - [10/Jul/2019:10:17:24 +0200] "GET /reload?ser=1562746644031 HTTP/1.1" 200 28 "http://renault.2web.at/account?loadrequest=true" "Mozilla/5.0 (Windows NT 10.0; WOW64; Trident/7.0; Touch; rv:11.0) like Gecko"
80.122.53.230 - - [10/Jul/2019:10:17:40 +0200] "GET /reload?ser=1562746660491 HTTP/1.1" 200 28 "http://renault.activities.at/result?searchterm=true&search=give+away" "Mozilla/5.0 (Windows NT 6.1; Win64; x64; rv:67.0) Gecko/20100101 Firefox/67.0"
213.153.47.173 - - [10/Jul/2019:10:17:58 +0200] "GET /reload?ser=1562746678310 HTTP/1.1" 200 28 "http://renault.activities.at/login?required=true" "Mozilla/5.0 (Windows NT 10.0; Win64; x64; rv:67.0) Gecko/20100101 Firefox/67.0"
138.21.12.23 - - [10/Jul/2019:10:18:25 +0200] "GET /reload?ser=1562746705086 HTTP/1.1" 200 28 "http://renault.2web.at/account?loadrequest=true" "Mozilla/5.0 (Windows NT 10.0; WOW64; Trident/7.0; Touch; rv:11.0) like Gecko"
80.122.53.230 - - [10/Jul/2019:10:18:41 +0200] "GET /reload?ser=1562746721490 HTTP/1.1" 200 28 "http://renault.activities.at/result?searchterm=true&search=give+away" "Mozilla/5.0 (Windows NT 6.1; Win64; x64; rv:67.0) Gecko/20100101 Firefox/67.0"
213.153.47.173 - - [10/Jul/2019:10:18:58 +0200] "GET /reload?ser=1562746738970 HTTP/1.1" 200 28 "http://renault.activities.at/login?required=true" "Mozilla/5.0 (Windows NT 10.0; Win64; x64; rv:67.0) Gecko/20100101 Firefox/67.0"
138.21.12.23 - - [10/Jul/2019:10:19:26 +0200] "GET /reload?ser=1562746766143 HTTP/1.1" 200 28 "http://renault.2web.at/account?loadrequest=true" "Mozilla/5.0 (Windows NT 10.0; WOW64; Trident/7.0; Touch; rv:11.0) like Gecko"
80.122.53.230 - - [10/Jul/2019:10:19:42 +0200] "GET /reload?ser=1562746782459 HTTP/1.1" 200 28 "http://renault.activities.at/result?searchterm=true&search=give+away" "Mozilla/5.0 (Windows NT 6.1; Win64; x64; rv:67.0) Gecko/20100101 Firefox/67.0"
213.153.47.173 - - [10/Jul/2019:10:19:59 +0200] "GET /reload?ser=1562746799630 HTTP/1.1" 200 28 "http://renault.activities.at/login?required=true" "Mozilla/5.0 (Windows NT 10.0; Win64; x64; rv:67.0) Gecko/20100101 Firefox/67.0"
138.21.12.23 - - [10/Jul/2019:10:20:27 +0200] "GET /reload?ser=1562746827186 HTTP/1.1" 200 28 "http://renault.2web.at/account?loadrequest=true" "Mozilla/5.0 (Windows NT 10.0; WOW64; Trident/7.0; Touch; rv:11.0) like Gecko"
80.122.53.230 - - [10/Jul/2019:10:20:43 +0200] "GET /reload?ser=1562746843424 HTTP/1.1" 200 28 "http://renault.activities.at/result?searchterm=true&search=give+away" "Mozilla/5.0 (Windows NT 6.1; Win64; x64; rv:67.0) Gecko/20100101 Firefox/67.0"
213.153.47.173 - - [10/Jul/2019:10:21:00 +0200] "GET /reload?ser=1562746860291 HTTP/1.1" 200 28 "http://renault.activities.at/login?required=true" "Mozilla/5.0 (Windows NT 10.0; Win64; x64; rv:67.0) Gecko/20100101 Firefox/67.0"
138.21.12.23 - - [10/Jul/2019:10:21:28 +0200] "GET /reload?ser=1562746888261 HTTP/1.1" 200 28 "http://renault.2web.at/account?loadrequest=true" "Mozilla/5.0 (Windows NT 10.0; WOW64; Trident/7.0; Touch; rv:11.0) like Gecko"
80.122.53.230 - - [10/Jul/2019:10:21:44 +0200] "GET /reload?ser=1562746904409 HTTP/1.1" 200 28 "http://renault.activities.at/result?searchterm=true&search=give+away" "Mozilla/5.0 (Windows NT 6.1; Win64; x64; rv:67.0) Gecko/20100101 Firefox/67.0"
213.153.47.173 - - [10/Jul/2019:10:22:00 +0200] "GET /reload?ser=1562746920960 HTTP/1.1" 200 28 "http://renault.activities.at/login?required=true" "Mozilla/5.0 (Windows NT 10.0; Win64; x64; rv:67.0) Gecko/20100101 Firefox/67.0"
138.21.12.23 - - [10/Jul/2019:10:22:29 +0200] "GET /reload?ser=1562746949276 HTTP/1.1" 200 28 "http://renault.2web.at/account?loadrequest=true" "Mozilla/5.0 (Windows NT 10.0; WOW64; Trident/7.0; Touch; rv:11.0) like Gecko"
80.122.53.230 - - [10/Jul/2019:10:22:45 +0200] "GET /reload?ser=1562746965368 HTTP/1.1" 200 28 "http://renault.activities.at/result?searchterm=true&search=give+away" "Mozilla/5.0 (Windows NT 6.1; Win64; x64; rv:67.0) Gecko/20100101 Firefox/67.0"
80.123.225.36 - - [10/Jul/2019:10:22:51 +0200] "GET / HTTP/1.1" 200 3367 "-" "Mozilla/5.0 (compatible; MSIE 9.0; Windows NT 6.1; WOW64; Trident/5.0)"
80.123.225.36 - - [10/Jul/2019:10:22:53 +0200] "GET /loadthumbnail.php?id=11127982 HTTP/1.1" 200 399614 "http://renault.activities.at/" "Mozilla/5.0 (compatible; MSIE 9.0; Windows NT 6.1; WOW64; Trident/5.0)"
80.123.225.36 - - [10/Jul/2019:10:22:53 +0200] "GET /images/favicon.ico HTTP/1.1" 404 305 "-" "Mozilla/5.0 (compatible; MSIE 9.0; Windows NT 6.1; WOW64; Trident/5.0)"
213.153.47.173 - - [10/Jul/2019:10:23:01 +0200] "GET /reload?ser=1562746981620 HTTP/1.1" 200 28 "http://renault.activities.at/login?required=true" "Mozilla/5.0 (Windows NT 10.0; Win64; x64; rv:67.0) Gecko/20100101 Firefox/67.0"
80.123.225.36 - - [10/Jul/2019:10:23:19 +0200] "GET /login HTTP/1.1" 200 2086 "http://renault.activities.at/" "Mozilla/5.0 (compatible; MSIE 9.0; Windows NT 6.1; WOW64; Trident/5.0)"
80.123.225.36 - - [10/Jul/2019:10:23:20 +0200] "GET /images/favicon.ico HTTP/1.1" 404 305 "-" "Mozilla/5.0 (compatible; MSIE 9.0; Windows NT 6.1; WOW64; Trident/5.0)"
138.21.12.23 - - [10/Jul/2019:10:23:30 +0200] "GET /reload?ser=1562747010357 HTTP/1.1" 200 28 "http://renault.2web.at/account?loadrequest=true" "Mozilla/5.0 (Windows NT 10.0; WOW64; Trident/7.0; Touch; rv:11.0) like Gecko"
80.123.225.36 - - [10/Jul/2019:10:23:32 +0200] "POST /login HTTP/1.1" 302 140 "http://renault.activities.at/login" "Mozilla/5.0 (compatible; MSIE 9.0; Windows NT 6.1; WOW64; Trident/5.0)"
80.123.225.36 - - [10/Jul/2019:10:23:34 +0200] "GET /account HTTP/1.1" 200 5978 "http://renault.activities.at/login" "Mozilla/5.0 (compatible; MSIE 9.0; Windows NT 6.1; WOW64; Trident/5.0)"
80.123.225.36 - - [10/Jul/2019:10:23:37 +0200] "GET /loadthumbnail.php?id=10203651&width=50&height=50 HTTP/1.1" 200 1234 "http://renault.activities.at/account" "Mozilla/5.0 (compatible; MSIE 9.0; Windows NT 6.1; WOW64; Trident/5.0)"
80.123.225.36 - - [10/Jul/2019:10:23:45 +0200] "POST /axjaxrequest?mode=suggest HTTP/1.1" 200 184 "http://renault.activities.at/account" "Mozilla/5.0 (compatible; MSIE 9.0; Windows NT 6.1; WOW64; Trident/5.0)"
80.122.53.230 - - [10/Jul/2019:10:23:46 +0200] "GET /reload?ser=1562747026330 HTTP/1.1" 200 28 "http://renault.activities.at/result?searchterm=true&search=give+away" "Mozilla/5.0 (Windows NT 6.1; Win64; x64; rv:67.0) Gecko/20100101 Firefox/67.0"
80.123.225.36 - - [10/Jul/2019:10:23:45 +0200] "POST /axjaxrequest?mode=suggest HTTP/1.1" 200 168 "http://renault.activities.at/account" "Mozilla/5.0 (compatible; MSIE 9.0; Windows NT 6.1; WOW64; Trident/5.0)"
80.123.225.36 - - [10/Jul/2019:10:23:47 +0200] "POST /axjaxrequest?mode=suggest HTTP/1.1" 200 111 "http://renault.activities.at/account" "Mozilla/5.0 (compatible; MSIE 9.0; Windows NT 6.1; WOW64; Trident/5.0)"
80.123.225.36 - - [10/Jul/2019:10:23:47 +0200] "GET /result?searchterm=true&search=rga002 HTTP/1.1" 200 5862 "http://renault.activities.at/account" "Mozilla/5.0 (compatible; MSIE 9.0; Windows NT 6.1; WOW64; Trident/5.0)"
80.123.225.36 - - [10/Jul/2019:10:23:50 +0200] "GET /loadthumbnail.php?id=10203255 HTTP/1.1" 200 137 "http://renault.activities.at/result?searchterm=true&search=rga002" "Mozilla/5.0 (compatible; MSIE 9.0; Windows NT 6.1; WOW64; Trident/5.0)"
80.123.225.36 - - [10/Jul/2019:10:23:50 +0200] "GET /loadthumbnail.php?id=10460287&width=113 HTTP/1.1" 200 2135 "http://renault.activities.at/result?searchterm=true&search=rga002" "Mozilla/5.0 (compatible; MSIE 9.0; Windows NT 6.1; WOW64; Trident/5.0)"
80.123.225.36 - - [10/Jul/2019:10:23:57 +0200] "POST /result?searchterm=true&search=rga002 HTTP/1.1" 200 6051 "http://renault.activities.at/result?searchterm=true&search=rga002" "Mozilla/5.0 (compatible; MSIE 9.0; Windows NT 6.1; WOW64; Trident/5.0)"
213.153.47.173 - - [10/Jul/2019:10:24:02 +0200] "GET /reload?ser=1562747042280 HTTP/1.1" 200 28 "http://renault.activities.at/login?required=true" "Mozilla/5.0 (Windows NT 10.0; Win64; x64; rv:67.0) Gecko/20100101 Firefox/67.0"
80.123.225.36 - - [10/Jul/2019:10:24:23 +0200] "POST /axjaxrequest?mode=suggest HTTP/1.1" 200 688 "http://renault.activities.at/result?searchterm=true&search=rga002" "Mozilla/5.0 (compatible; MSIE 9.0; Windows NT 6.1; WOW64; Trident/5.0)"
80.123.225.36 - - [10/Jul/2019:10:24:24 +0200] "POST /axjaxrequest?mode=suggest HTTP/1.1" 200 156 "http://renault.activities.at/result?searchterm=true&search=rga002" "Mozilla/5.0 (compatible; MSIE 9.0; Windows NT 6.1; WOW64; Trident/5.0)"
80.123.225.36 - - [10/Jul/2019:10:24:25 +0200] "POST /axjaxrequest?mode=suggest HTTP/1.1" 200 144 "http://renault.activities.at/result?searchterm=true&search=rga002" "Mozilla/5.0 (compatible; MSIE 9.0; Windows NT 6.1; WOW64; Trident/5.0)"
80.123.225.36 - - [10/Jul/2019:10:24:26 +0200] "GET /result?searchterm=true&search=gewinn HTTP/1.1" 200 6292 "http://renault.activities.at/result?searchterm=true&search=rga002" "Mozilla/5.0 (compatible; MSIE 9.0; Windows NT 6.1; WOW64; Trident/5.0)"
80.123.225.36 - - [10/Jul/2019:10:24:29 +0200] "GET /loadthumbnail.php?id=10271875&width=113 HTTP/1.1" 200 1262 "http://renault.activities.at/result?searchterm=true&search=gewinn" "Mozilla/5.0 (compatible; MSIE 9.0; Windows NT 6.1; WOW64; Trident/5.0)"
80.123.225.36 - - [10/Jul/2019:10:24:29 +0200] "GET /loadthumbnail.php?id=11532883&width=113 HTTP/1.1" 200 35124 "http://renault.activities.at/result?searchterm=true&search=gewinn" "Mozilla/5.0 (compatible; MSIE 9.0; Windows NT 6.1; WOW64; Trident/5.0)"
80.123.225.36 - - [10/Jul/2019:10:24:29 +0200] "GET /loadthumbnail.php?id=11100948&width=113 HTTP/1.1" 200 5083 "http://renault.activities.at/result?searchterm=true&search=gewinn" "Mozilla/5.0 (compatible; MSIE 9.0; Windows NT 6.1; WOW64; Trident/5.0)"
138.21.12.23 - - [10/Jul/2019:10:24:31 +0200] "GET /reload?ser=1562747071460 HTTP/1.1" 200 28 "http://renault.2web.at/account?loadrequest=true" "Mozilla/5.0 (Windows NT 10.0; WOW64; Trident/7.0; Touch; rv:11.0) like Gecko"
80.122.53.230 - - [10/Jul/2019:10:24:47 +0200] "GET /reload?ser=1562747087310 HTTP/1.1" 200 28 "http://renault.activities.at/result?searchterm=true&search=give+away" "Mozilla/5.0 (Windows NT 6.1; Win64; x64; rv:67.0) Gecko/20100101 Firefox/67.0"
213.153.47.173 - - [10/Jul/2019:10:25:02 +0200] "GET /reload?ser=1562747102950 HTTP/1.1" 200 28 "http://renault.activities.at/login?required=true" "Mozilla/5.0 (Windows NT 10.0; Win64; x64; rv:67.0) Gecko/20100101 Firefox/67.0"
80.123.225.36 - - [10/Jul/2019:10:25:08 +0200] "POST /result?searchterm=true&search=gewinn HTTP/1.1" 200 6395 "http://renault.activities.at/result?searchterm=true&search=gewinn" "Mozilla/5.0 (compatible; MSIE 9.0; Windows NT 6.1; WOW64; Trident/5.0)"
138.21.12.23 - - [10/Jul/2019:10:25:32 +0200] "GET /reload?ser=1562747132507 HTTP/1.1" 200 28 "http://renault.2web.at/account?loadrequest=true" "Mozilla/5.0 (Windows NT 10.0; WOW64; Trident/7.0; Touch; rv:11.0) like Gecko"
80.122.53.230 - - [10/Jul/2019:10:25:48 +0200] "GET /reload?ser=1562747148238 HTTP/1.1" 200 28 "http://renault.activities.at/result?searchterm=true&search=give+away" "Mozilla/5.0 (Windows NT 6.1; Win64; x64; rv:67.0) Gecko/20100101 Firefox/67.0"
213.153.47.173 - - [10/Jul/2019:10:26:03 +0200] "GET /reload?ser=1562747163601 HTTP/1.1" 200 28 "http://renault.activities.at/login?required=true" "Mozilla/5.0 (Windows NT 10.0; Win64; x64; rv:67.0) Gecko/20100101 Firefox/67.0"
80.123.225.36 - - [10/Jul/2019:10:26:11 +0200] "GET /reload?ser=1562747171368 HTTP/1.1" 200 28 "http://renault.activities.at/result?searchterm=true&search=gewinn" "Mozilla/5.0 (compatible; MSIE 9.0; Windows NT 6.1; WOW64; Trident/5.0)"
138.21.12.23 - - [10/Jul/2019:10:26:33 +0200] "GET /reload?ser=1562747193536 HTTP/1.1" 200 28 "http://renault.2web.at/account?loadrequest=true" "Mozilla/5.0 (Windows NT 10.0; WOW64; Trident/7.0; Touch; rv:11.0) like Gecko"
80.123.225.36 - - [10/Jul/2019:10:26:36 +0200] "POST /axjaxrequest?mode=suggest HTTP/1.1" 200 149 "http://renault.activities.at/result?searchterm=true&search=gewinn" "Mozilla/5.0 (compatible; MSIE 9.0; Windows NT 6.1; WOW64; Trident/5.0)"
157.55.39.29 - - [10/Jul/2019:10:26:37 +0200] "GET /layout.php HTTP/1.1" 200 1559 "-" "Mozilla/5.0 (iPhone; CPU iPhone OS 7_0 like Mac OS X) AppleWebKit/537.51.1 (KHTML, like Gecko) Version/7.0 Mobile/11A465 Safari/9537.53 (compatible; bingbot/2.0; +http://www.bing.com/bingbot.htm)"
80.123.225.36 - - [10/Jul/2019:10:26:37 +0200] "GET /result?searchterm=true&search=tischaufsteller HTTP/1.1" 200 6452 "http://renault.activities.at/result?searchterm=true&search=gewinn" "Mozilla/5.0 (compatible; MSIE 9.0; Windows NT 6.1; WOW64; Trident/5.0)"
80.123.225.36 - - [10/Jul/2019:10:26:39 +0200] "GET /loadthumbnail.php?id=11090247&width=113 HTTP/1.1" 200 2847 "http://renault.activities.at/result?searchterm=true&search=tischaufsteller" "Mozilla/5.0 (compatible; MSIE 9.0; Windows NT 6.1; WOW64; Trident/5.0)"
80.123.225.36 - - [10/Jul/2019:10:26:39 +0200] "GET /loadthumbnail.php?id=11247081&width=113 HTTP/1.1" 200 2512 "http://renault.activities.at/result?searchterm=true&search=tischaufsteller" "Mozilla/5.0 (compatible; MSIE 9.0; Windows NT 6.1; WOW64; Trident/5.0)"
80.123.225.36 - - [10/Jul/2019:10:26:39 +0200] "GET /loadthumbnail.php?id=11355691&width=113 HTTP/1.1" 200 1198 "http://renault.activities.at/result?searchterm=true&search=tischaufsteller" "Mozilla/5.0 (compatible; MSIE 9.0; Windows NT 6.1; WOW64; Trident/5.0)"
80.123.225.36 - - [10/Jul/2019:10:26:39 +0200] "GET /loadthumbnail.php?id=11340124&width=113 HTTP/1.1" 200 4949 "http://renault.activities.at/result?searchterm=true&search=tischaufsteller" "Mozilla/5.0 (compatible; MSIE 9.0; Windows NT 6.1; WOW64; Trident/5.0)"
80.123.225.36 - - [10/Jul/2019:10:26:37 +0200] "POST /axjaxrequest?mode=suggest HTTP/1.1" 200 136 "http://renault.activities.at/result?searchterm=true&search=gewinn" "Mozilla/5.0 (compatible; MSIE 9.0; Windows NT 6.1; WOW64; Trident/5.0)"
80.122.53.230 - - [10/Jul/2019:10:26:49 +0200] "GET /reload?ser=1562747209261 HTTP/1.1" 200 28 "http://renault.activities.at/result?searchterm=true&search=give+away" "Mozilla/5.0 (Windows NT 6.1; Win64; x64; rv:67.0) Gecko/20100101 Firefox/67.0"
157.55.39.70 - - [10/Jul/2019:10:26:54 +0200] "GET /css/print.css HTTP/1.1" 200 543 "-" "Mozilla/5.0 (iPhone; CPU iPhone OS 7_0 like Mac OS X) AppleWebKit/537.51.1 (KHTML, like Gecko) Version/7.0 Mobile/11A465 Safari/9537.53 (compatible; bingbot/2.0; +http://www.bing.com/bingbot.htm)"
157.55.39.70 - - [10/Jul/2019:10:26:54 +0200] "GET /css/themes/default.css HTTP/1.1" 200 769 "-" "Mozilla/5.0 (iPhone; CPU iPhone OS 7_0 like Mac OS X) AppleWebKit/537.51.1 (KHTML, like Gecko) Version/7.0 Mobile/11A465 Safari/9537.53 (compatible; bingbot/2.0; +http://www.bing.com/bingbot.htm)"
157.55.39.70 - - [10/Jul/2019:10:26:55 +0200] "GET /js/default.js HTTP/1.1" 200 14698 "-" "Mozilla/5.0 (iPhone; CPU iPhone OS 7_0 like Mac OS X) AppleWebKit/537.51.1 (KHTML, like Gecko) Version/7.0 Mobile/11A465 Safari/9537.53 (compatible; bingbot/2.0; +http://www.bing.com/bingbot.htm)"
157.55.39.29 - - [10/Jul/2019:10:26:58 +0200] "GET /css/clears.css HTTP/1.1" 200 851 "-" "Mozilla/5.0 (iPhone; CPU iPhone OS 7_0 like Mac OS X) AppleWebKit/537.51.1 (KHTML, like Gecko) Version/7.0 Mobile/11A465 Safari/9537.53 (compatible; bingbot/2.0; +http://www.bing.com/bingbot.htm)"
157.55.39.29 - - [10/Jul/2019:10:26:58 +0200] "GET /css/prototip.css HTTP/1.1" 200 968 "-" "Mozilla/5.0 (iPhone; CPU iPhone OS 7_0 like Mac OS X) AppleWebKit/537.51.1 (KHTML, like Gecko) Version/7.0 Mobile/11A465 Safari/9537.53 (compatible; bingbot/2.0; +http://www.bing.com/bingbot.htm)"
157.55.39.29 - - [10/Jul/2019:10:26:59 +0200] "GET /css/reset.css HTTP/1.1" 200 1356 "-" "Mozilla/5.0 (iPhone; CPU iPhone OS 7_0 like Mac OS X) AppleWebKit/537.51.1 (KHTML, like Gecko) Version/7.0 Mobile/11A465 Safari/9537.53 (compatible; bingbot/2.0; +http://www.bing.com/bingbot.htm)"
157.55.39.29 - - [10/Jul/2019:10:26:59 +0200] "GET /css/themes/alphacube.css HTTP/1.1" 200 743 "-" "Mozilla/5.0 (iPhone; CPU iPhone OS 7_0 like Mac OS X) AppleWebKit/537.51.1 (KHTML, like Gecko) Version/7.0 Mobile/11A465 Safari/9537.53 (compatible; bingbot/2.0; +http://www.bing.com/bingbot.htm)"
157.55.39.29 - - [10/Jul/2019:10:26:59 +0200] "GET /js/checkout.css HTTP/1.1" 200 359 "-" "Mozilla/5.0 (iPhone; CPU iPhone OS 7_0 like Mac OS X) AppleWebKit/537.51.1 (KHTML, like Gecko) Version/7.0 Mobile/11A465 Safari/9537.53 (compatible; bingbot/2.0; +http://www.bing.com/bingbot.htm)"
157.55.39.29 - - [10/Jul/2019:10:27:00 +0200] "GET /js/index.php?c=auto&f=,prototype/prototype.js,prototype/validation.js,scriptaculous/builder.js,scriptaculous/effects.js,scriptaculous/dragdrop.js,scriptaculous/controls.js,scriptaculous/slider.js,varien/js.js,varien/form.js,varien/menu.js,mage/translate.js,mage/cookies.js,varien/product.js,spinner/SpinnerControl.jsmin.js,prototype/window.js,prototype/window_ext.js HTTP/1.1" 200 94182 "-" "Mozilla/5.0 (iPhone; CPU iPhone OS 7_0 like Mac OS X) AppleWebKit/537.51.1 (KHTML, like Gecko) Version/7.0 Mobile/11A465 Safari/9537.53 (compatible; bingbot/2.0; +http://www.bing.com/bingbot.htm)"
213.153.47.173 - - [10/Jul/2019:10:27:04 +0200] "GET /reload?ser=1562747224262 HTTP/1.1" 200 28 "http://renault.activities.at/login?required=true" "Mozilla/5.0 (Windows NT 10.0; Win64; x64; rv:67.0) Gecko/20100101 Firefox/67.0"
80.123.225.36 - - [10/Jul/2019:10:27:07 +0200] "GET /cart HTTP/1.1" 200 5240 "http://renault.activities.at/result?searchterm=true&search=tischaufsteller" "Mozilla/5.0 (compatible; MSIE 9.0; Windows NT 6.1; WOW64; Trident/5.0)"
80.123.225.36 - - [10/Jul/2019:10:27:10 +0200] "GET /loadthumbnail.php?id=10232009&width=16&height=16 HTTP/1.1" 200 700 "http://renault.activities.at/cart" "Mozilla/5.0 (compatible; MSIE 9.0; Windows NT 6.1; WOW64; Trident/5.0)"
80.123.225.36 - - [10/Jul/2019:10:27:10 +0200] "GET /loadthumbnail.php?id=10460287&width=100 HTTP/1.1" 200 1912 "http://renault.activities.at/cart" "Mozilla/5.0 (compatible; MSIE 9.0; Windows NT 6.1; WOW64; Trident/5.0)"
80.123.225.36 - - [10/Jul/2019:10:27:10 +0200] "GET /loadthumbnail.php?id=11532883&width=100 HTTP/1.1" 200 27440 "http://renault.activities.at/cart" "Mozilla/5.0 (compatible; MSIE 9.0; Windows NT 6.1; WOW64; Trident/5.0)"
80.123.225.36 - - [10/Jul/2019:10:27:18 +0200] "GET /checkout HTTP/1.1" 200 10435 "http://renault.activities.at/cart" "Mozilla/5.0 (compatible; MSIE 9.0; Windows NT 6.1; WOW64; Trident/5.0)"
80.123.225.36 - - [10/Jul/2019:10:27:22 +0200] "GET /loadthumbnail.php?id=10201939 HTTP/1.1" 200 201 "http://renault.activities.at/checkout" "Mozilla/5.0 (compatible; MSIE 9.0; Windows NT 6.1; WOW64; Trident/5.0)"
80.123.225.36 - - [10/Jul/2019:10:27:22 +0200] "GET /loadthumbnail.php?id=10202698 HTTP/1.1" 200 16686 "http://renault.activities.at/checkout" "Mozilla/5.0 (compatible; MSIE 9.0; Windows NT 6.1; WOW64; Trident/5.0)"
138.21.12.23 - - [10/Jul/2019:10:27:34 +0200] "GET /reload?ser=1562747254567 HTTP/1.1" 200 28 "http://renault.2web.at/account?loadrequest=true" "Mozilla/5.0 (Windows NT 10.0; WOW64; Trident/7.0; Touch; rv:11.0) like Gecko"
80.123.225.36 - - [10/Jul/2019:10:27:32 +0200] "POST /docheckout HTTP/1.1" 200 458 "http://renault.activities.at/checkout" "Mozilla/5.0 (compatible; MSIE 9.0; Windows NT 6.1; WOW64; Trident/5.0)"
80.123.225.36 - - [10/Jul/2019:10:27:35 +0200] "POST /docheckout HTTP/1.1" 200 651 "http://renault.activities.at/checkout" "Mozilla/5.0 (compatible; MSIE 9.0; Windows NT 6.1; WOW64; Trident/5.0)"
80.123.225.36 - - [10/Jul/2019:10:27:39 +0200] "POST /docheckout HTTP/1.1" 200 68 "http://renault.activities.at/checkout" "Mozilla/5.0 (compatible; MSIE 9.0; Windows NT 6.1; WOW64; Trident/5.0)"
80.123.225.36 - - [10/Jul/2019:10:27:41 +0200] "GET /success HTTP/1.1" 200 3801 "http://renault.activities.at/checkout" "Mozilla/5.0 (compatible; MSIE 9.0; Windows NT 6.1; WOW64; Trident/5.0)"
80.122.53.230 - - [10/Jul/2019:10:27:50 +0200] "GET /reload?ser=1562747270199 HTTP/1.1" 200 28 "http://renault.activities.at/result?searchterm=true&search=give+away" "Mozilla/5.0 (Windows NT 6.1; Win64; x64; rv:67.0) Gecko/20100101 Firefox/67.0"
213.153.47.173 - - [10/Jul/2019:10:28:04 +0200] "GET /reload?ser=1562747284922 HTTP/1.1" 200 28 "http://renault.activities.at/login?required=true" "Mozilla/5.0 (Windows NT 10.0; Win64; x64; rv:67.0) Gecko/20100101 Firefox/67.0"
157.55.39.70 - - [10/Jul/2019:10:28:26 +0200] "GET /login?required=true HTTP/1.1" 200 2086 "-" "Mozilla/5.0 (iPhone; CPU iPhone OS 7_0 like Mac OS X) AppleWebKit/537.51.1 (KHTML, like Gecko) Version/7.0 Mobile/11A465 Safari/9537.53 (compatible; bingbot/2.0; +http://www.bing.com/bingbot.htm)"
138.21.12.23 - - [10/Jul/2019:10:28:35 +0200] "GET /reload?ser=1562747315667 HTTP/1.1" 200 28 "http://renault.2web.at/account?loadrequest=true" "Mozilla/5.0 (Windows NT 10.0; WOW64; Trident/7.0; Touch; rv:11.0) like Gecko"
207.46.13.112 - - [10/Jul/2019:10:28:41 +0200] "GET /css/styles.css HTTP/1.1" 200 14664 "-" "Mozilla/5.0 (iPhone; CPU iPhone OS 7_0 like Mac OS X) AppleWebKit/537.51.1 (KHTML, like Gecko) Version/7.0 Mobile/11A465 Safari/9537.53 (compatible; bingbot/2.0; +http://www.bing.com/bingbot.htm)"
80.123.225.36 - - [10/Jul/2019:10:28:44 +0200] "GET /reload?ser=1562747323805 HTTP/1.1" 200 28 "http://renault.activities.at/success" "Mozilla/5.0 (compatible; MSIE 9.0; Windows NT 6.1; WOW64; Trident/5.0)"
80.122.53.230 - - [10/Jul/2019:10:28:51 +0200] "GET /reload?ser=1562747331167 HTTP/1.1" 200 28 "http://renault.activities.at/result?searchterm=true&search=give+away" "Mozilla/5.0 (Windows NT 6.1; Win64; x64; rv:67.0) Gecko/20100101 Firefox/67.0"
213.153.47.173 - - [10/Jul/2019:10:29:05 +0200] "GET /reload?ser=1562747345592 HTTP/1.1" 200 28 "http://renault.activities.at/login?required=true" "Mozilla/5.0 (Windows NT 10.0; Win64; x64; rv:67.0) Gecko/20100101 Firefox/67.0"
138.21.12.23 - - [10/Jul/2019:10:29:36 +0200] "GET /reload?ser=1562747376699 HTTP/1.1" 200 28 "http://renault.2web.at/account?loadrequest=true" "Mozilla/5.0 (Windows NT 10.0; WOW64; Trident/7.0; Touch; rv:11.0) like Gecko"
80.123.225.36 - - [10/Jul/2019:10:29:45 +0200] "GET /reload?ser=1562747384753 HTTP/1.1" 200 28 "http://renault.activities.at/success" "Mozilla/5.0 (compatible; MSIE 9.0; Windows NT 6.1; WOW64; Trident/5.0)"
80.122.53.230 - - [10/Jul/2019:10:29:52 +0200] "GET /reload?ser=1562747392125 HTTP/1.1" 200 28 "http://renault.activities.at/result?searchterm=true&search=give+away" "Mozilla/5.0 (Windows NT 6.1; Win64; x64; rv:67.0) Gecko/20100101 Firefox/67.0"
213.153.47.173 - - [10/Jul/2019:10:30:06 +0200] "GET /reload?ser=1562747406263 HTTP/1.1" 200 28 "http://renault.activities.at/login?required=true" "Mozilla/5.0 (Windows NT 10.0; Win64; x64; rv:67.0) Gecko/20100101 Firefox/67.0"
138.21.12.23 - - [10/Jul/2019:10:30:37 +0200] "GET /reload?ser=1562747437795 HTTP/1.1" 200 28 "http://renault.2web.at/account?loadrequest=true" "Mozilla/5.0 (Windows NT 10.0; WOW64; Trident/7.0; Touch; rv:11.0) like Gecko"
80.123.225.36 - - [10/Jul/2019:10:30:46 +0200] "GET /reload?ser=1562747445732 HTTP/1.1" 200 28 "http://renault.activities.at/success" "Mozilla/5.0 (compatible; MSIE 9.0; Windows NT 6.1; WOW64; Trident/5.0)"
80.122.53.230 - - [10/Jul/2019:10:30:53 +0200] "GET /reload?ser=1562747453074 HTTP/1.1" 200 28 "http://renault.activities.at/result?searchterm=true&search=give+away" "Mozilla/5.0 (Windows NT 6.1; Win64; x64; rv:67.0) Gecko/20100101 Firefox/67.0"
213.153.47.173 - - [10/Jul/2019:10:31:06 +0200] "GET /reload?ser=1562747466933 HTTP/1.1" 200 28 "http://renault.activities.at/login?required=true" "Mozilla/5.0 (Windows NT 10.0; Win64; x64; rv:67.0) Gecko/20100101 Firefox/67.0"
138.21.12.23 - - [10/Jul/2019:10:31:39 +0200] "GET /reload?ser=1562747498865 HTTP/1.1" 200 28 "http://renault.2web.at/account?loadrequest=true" "Mozilla/5.0 (Windows NT 10.0; WOW64; Trident/7.0; Touch; rv:11.0) like Gecko"
80.123.225.36 - - [10/Jul/2019:10:31:46 +0200] "GET /reload?ser=1562747506696 HTTP/1.1" 200 28 "http://renault.activities.at/success" "Mozilla/5.0 (compatible; MSIE 9.0; Windows NT 6.1; WOW64; Trident/5.0)"
80.122.53.230 - - [10/Jul/2019:10:31:54 +0200] "GET /reload?ser=1562747514010 HTTP/1.1" 200 28 "http://renault.activities.at/result?searchterm=true&search=give+away" "Mozilla/5.0 (Windows NT 6.1; Win64; x64; rv:67.0) Gecko/20100101 Firefox/67.0"
213.153.47.173 - - [10/Jul/2019:10:32:07 +0200] "GET /reload?ser=1562747527614 HTTP/1.1" 200 28 "http://renault.activities.at/login?required=true" "Mozilla/5.0 (Windows NT 10.0; Win64; x64; rv:67.0) Gecko/20100101 Firefox/67.0"
138.21.12.23 - - [10/Jul/2019:10:32:40 +0200] "GET /reload?ser=1562747559964 HTTP/1.1" 200 28 "http://renault.2web.at/account?loadrequest=true" "Mozilla/5.0 (Windows NT 10.0; WOW64; Trident/7.0; Touch; rv:11.0) like Gecko"
80.123.225.36 - - [10/Jul/2019:10:32:47 +0200] "GET /reload?ser=1562747567675 HTTP/1.1" 200 28 "http://renault.activities.at/success" "Mozilla/5.0 (compatible; MSIE 9.0; Windows NT 6.1; WOW64; Trident/5.0)"
80.122.53.230 - - [10/Jul/2019:10:32:55 +0200] "GET /reload?ser=1562747575006 HTTP/1.1" 200 28 "http://renault.activities.at/result?searchterm=true&search=give+away" "Mozilla/5.0 (Windows NT 6.1; Win64; x64; rv:67.0) Gecko/20100101 Firefox/67.0"
213.153.47.173 - - [10/Jul/2019:10:33:08 +0200] "GET /reload?ser=1562747588274 HTTP/1.1" 200 28 "http://renault.activities.at/login?required=true" "Mozilla/5.0 (Windows NT 10.0; Win64; x64; rv:67.0) Gecko/20100101 Firefox/67.0"
138.21.12.23 - - [10/Jul/2019:10:33:41 +0200] "GET /reload?ser=1562747621010 HTTP/1.1" 200 28 "http://renault.2web.at/account?loadrequest=true" "Mozilla/5.0 (Windows NT 10.0; WOW64; Trident/7.0; Touch; rv:11.0) like Gecko"
80.123.225.36 - - [10/Jul/2019:10:33:48 +0200] "GET /reload?ser=1562747628635 HTTP/1.1" 200 28 "http://renault.activities.at/success" "Mozilla/5.0 (compatible; MSIE 9.0; Windows NT 6.1; WOW64; Trident/5.0)"
212.95.5.138 - - [10/Jul/2019:10:33:50 +0200] "GET / HTTP/1.1" 200 3367 "-" "Mozilla/5.0 (iPhone; CPU iPhone OS 12_3_1 like Mac OS X) AppleWebKit/605.1.15 (KHTML, like Gecko) Version/12.1.1 Mobile/15E148 Safari/604.1"
212.95.5.138 - - [10/Jul/2019:10:33:51 +0200] "GET /apple-touch-icon-120x120-precomposed.png HTTP/1.1" 200 1559 "-" "MobileSafari/604.1 CFNetwork/978.0.7 Darwin/18.6.0"
212.95.5.138 - - [10/Jul/2019:10:33:52 +0200] "GET /apple-touch-icon-120x120.png HTTP/1.1" 200 1559 "-" "MobileSafari/604.1 CFNetwork/978.0.7 Darwin/18.6.0"
212.95.5.138 - - [10/Jul/2019:10:33:53 +0200] "GET /apple-touch-icon-precomposed.png HTTP/1.1" 200 1559 "-" "MobileSafari/604.1 CFNetwork/978.0.7 Darwin/18.6.0"
212.95.5.138 - - [10/Jul/2019:10:33:54 +0200] "GET /apple-touch-icon.png HTTP/1.1" 200 1559 "-" "MobileSafari/604.1 CFNetwork/978.0.7 Darwin/18.6.0"
212.95.5.138 - - [10/Jul/2019:10:33:55 +0200] "GET /images/favicon.ico HTTP/1.1" 404 305 "-" "MobileSafari/604.1 CFNetwork/978.0.7 Darwin/18.6.0"
212.95.5.138 - - [10/Jul/2019:10:33:56 +0200] "GET /images/favicon.ico HTTP/1.1" 404 305 "-" "MobileSafari/604.1 CFNetwork/978.0.7 Darwin/18.6.0"
212.95.5.138 - - [10/Jul/2019:10:33:56 +0200] "GET /favicon.ico HTTP/1.1" 200 3250 "-" "MobileSafari/604.1 CFNetwork/978.0.7 Darwin/18.6.0"
80.122.53.230 - - [10/Jul/2019:10:33:56 +0200] "GET /reload?ser=1562747635995 HTTP/1.1" 200 28 "http://renault.activities.at/result?searchterm=true&search=give+away" "Mozilla/5.0 (Windows NT 6.1; Win64; x64; rv:67.0) Gecko/20100101 Firefox/67.0"
212.95.5.138 - - [10/Jul/2019:10:33:56 +0200] "GET /apple-touch-icon-120x120-precomposed.png HTTP/1.1" 200 1559 "-" "MobileSafari/604.1 CFNetwork/978.0.7 Darwin/18.6.0"
212.95.5.138 - - [10/Jul/2019:10:33:57 +0200] "GET /apple-touch-icon-120x120.png HTTP/1.1" 200 1559 "-" "MobileSafari/604.1 CFNetwork/978.0.7 Darwin/18.6.0"
212.95.5.138 - - [10/Jul/2019:10:33:58 +0200] "GET /apple-touch-icon-precomposed.png HTTP/1.1" 200 1559 "-" "MobileSafari/604.1 CFNetwork/978.0.7 Darwin/18.6.0"
212.95.5.138 - - [10/Jul/2019:10:33:59 +0200] "GET /apple-touch-icon.png HTTP/1.1" 200 1559 "-" "MobileSafari/604.1 CFNetwork/978.0.7 Darwin/18.6.0"
212.95.5.138 - - [10/Jul/2019:10:34:00 +0200] "GET /images/favicon.ico HTTP/1.1" 404 305 "-" "MobileSafari/604.1 CFNetwork/978.0.7 Darwin/18.6.0"
212.95.5.138 - - [10/Jul/2019:10:34:00 +0200] "GET /images/favicon.ico HTTP/1.1" 404 305 "-" "MobileSafari/604.1 CFNetwork/978.0.7 Darwin/18.6.0"
212.95.5.138 - - [10/Jul/2019:10:34:01 +0200] "GET /favicon.ico HTTP/1.1" 200 3250 "-" "MobileSafari/604.1 CFNetwork/978.0.7 Darwin/18.6.0"
213.153.47.173 - - [10/Jul/2019:10:34:08 +0200] "GET /reload?ser=1562747648945 HTTP/1.1" 200 28 "http://renault.activities.at/login?required=true" "Mozilla/5.0 (Windows NT 10.0; Win64; x64; rv:67.0) Gecko/20100101 Firefox/67.0"
80.123.225.36 - - [10/Jul/2019:10:34:21 +0200] "GET /logout HTTP/1.1" 302 140 "http://renault.activities.at/success" "Mozilla/5.0 (compatible; MSIE 9.0; Windows NT 6.1; WOW64; Trident/5.0)"
80.123.225.36 - - [10/Jul/2019:10:34:22 +0200] "GET /logout HTTP/1.1" 200 1583 "http://renault.activities.at/success" "Mozilla/5.0 (compatible; MSIE 9.0; Windows NT 6.1; WOW64; Trident/5.0)"
138.21.12.23 - - [10/Jul/2019:10:34:42 +0200] "GET /reload?ser=1562747682049 HTTP/1.1" 200 28 "http://renault.2web.at/account?loadrequest=true" "Mozilla/5.0 (Windows NT 10.0; WOW64; Trident/7.0; Touch; rv:11.0) like Gecko"
80.122.53.230 - - [10/Jul/2019:10:34:57 +0200] "GET /reload?ser=1562747696976 HTTP/1.1" 200 28 "http://renault.activities.at/result?searchterm=true&search=give+away" "Mozilla/5.0 (Windows NT 6.1; Win64; x64; rv:67.0) Gecko/20100101 Firefox/67.0"
213.153.47.173 - - [10/Jul/2019:10:35:09 +0200] "GET /reload?ser=1562747709604 HTTP/1.1" 200 28 "http://renault.activities.at/login?required=true" "Mozilla/5.0 (Windows NT 10.0; Win64; x64; rv:67.0) Gecko/20100101 Firefox/67.0"
138.21.12.23 - - [10/Jul/2019:10:35:43 +0200] "GET /reload?ser=1562747743070 HTTP/1.1" 200 28 "http://renault.2web.at/account?loadrequest=true" "Mozilla/5.0 (Windows NT 10.0; WOW64; Trident/7.0; Touch; rv:11.0) like Gecko"
80.122.53.230 - - [10/Jul/2019:10:35:58 +0200] "GET /reload?ser=1562747757944 HTTP/1.1" 200 28 "http://renault.activities.at/result?searchterm=true&search=give+away" "Mozilla/5.0 (Windows NT 6.1; Win64; x64; rv:67.0) Gecko/20100101 Firefox/67.0"
213.153.47.173 - - [10/Jul/2019:10:36:10 +0200] "GET /reload?ser=1562747770264 HTTP/1.1" 200 28 "http://renault.activities.at/login?required=true" "Mozilla/5.0 (Windows NT 10.0; Win64; x64; rv:67.0) Gecko/20100101 Firefox/67.0"
138.21.12.23 - - [10/Jul/2019:10:36:44 +0200] "GET /reload?ser=1562747804135 HTTP/1.1" 200 28 "http://renault.2web.at/account?loadrequest=true" "Mozilla/5.0 (Windows NT 10.0; WOW64; Trident/7.0; Touch; rv:11.0) like Gecko"
80.122.53.230 - - [10/Jul/2019:10:36:59 +0200] "GET /reload?ser=1562747818923 HTTP/1.1" 200 28 "http://renault.activities.at/result?searchterm=true&search=give+away" "Mozilla/5.0 (Windows NT 6.1; Win64; x64; rv:67.0) Gecko/20100101 Firefox/67.0"
213.153.47.173 - - [10/Jul/2019:10:37:10 +0200] "GET /reload?ser=1562747830915 HTTP/1.1" 200 28 "http://renault.activities.at/login?required=true" "Mozilla/5.0 (Windows NT 10.0; Win64; x64; rv:67.0) Gecko/20100101 Firefox/67.0"
138.21.12.23 - - [10/Jul/2019:10:37:45 +0200] "GET /reload?ser=1562747865198 HTTP/1.1" 200 28 "http://renault.2web.at/account?loadrequest=true" "Mozilla/5.0 (Windows NT 10.0; WOW64; Trident/7.0; Touch; rv:11.0) like Gecko"
80.122.53.230 - - [10/Jul/2019:10:38:00 +0200] "GET /reload?ser=1562747879881 HTTP/1.1" 200 28 "http://renault.activities.at/result?searchterm=true&search=give+away" "Mozilla/5.0 (Windows NT 6.1; Win64; x64; rv:67.0) Gecko/20100101 Firefox/67.0"
213.153.47.173 - - [10/Jul/2019:10:38:11 +0200] "GET /reload?ser=1562747891565 HTTP/1.1" 200 28 "http://renault.activities.at/login?required=true" "Mozilla/5.0 (Windows NT 10.0; Win64; x64; rv:67.0) Gecko/20100101 Firefox/67.0"
138.21.12.23 - - [10/Jul/2019:10:38:46 +0200] "GET /reload?ser=1562747926236 HTTP/1.1" 200 28 "http://renault.2web.at/account?loadrequest=true" "Mozilla/5.0 (Windows NT 10.0; WOW64; Trident/7.0; Touch; rv:11.0) like Gecko"
80.122.53.230 - - [10/Jul/2019:10:39:01 +0200] "GET /reload?ser=1562747940894 HTTP/1.1" 200 28 "http://renault.activities.at/result?searchterm=true&search=give+away" "Mozilla/5.0 (Windows NT 6.1; Win64; x64; rv:67.0) Gecko/20100101 Firefox/67.0"
213.153.47.173 - - [10/Jul/2019:10:39:12 +0200] "GET /reload?ser=1562747952235 HTTP/1.1" 200 28 "http://renault.activities.at/login?required=true" "Mozilla/5.0 (Windows NT 10.0; Win64; x64; rv:67.0) Gecko/20100101 Firefox/67.0"
138.21.12.23 - - [10/Jul/2019:10:39:47 +0200] "GET /reload?ser=1562747987265 HTTP/1.1" 200 28 "http://renault.2web.at/account?loadrequest=true" "Mozilla/5.0 (Windows NT 10.0; WOW64; Trident/7.0; Touch; rv:11.0) like Gecko"
80.122.53.230 - - [10/Jul/2019:10:40:02 +0200] "GET /reload?ser=1562748001905 HTTP/1.1" 200 28 "http://renault.activities.at/result?searchterm=true&search=give+away" "Mozilla/5.0 (Windows NT 6.1; Win64; x64; rv:67.0) Gecko/20100101 Firefox/67.0"
213.153.47.173 - - [10/Jul/2019:10:40:12 +0200] "GET /reload?ser=1562748012895 HTTP/1.1" 200 28 "http://renault.activities.at/login?required=true" "Mozilla/5.0 (Windows NT 10.0; Win64; x64; rv:67.0) Gecko/20100101 Firefox/67.0"
138.21.12.23 - - [10/Jul/2019:10:40:48 +0200] "GET /reload?ser=1562748048329 HTTP/1.1" 200 28 "http://renault.2web.at/account?loadrequest=true" "Mozilla/5.0 (Windows NT 10.0; WOW64; Trident/7.0; Touch; rv:11.0) like Gecko"
80.122.53.230 - - [10/Jul/2019:10:41:03 +0200] "GET /reload?ser=1562748062892 HTTP/1.1" 200 28 "http://renault.activities.at/result?searchterm=true&search=give+away" "Mozilla/5.0 (Windows NT 6.1; Win64; x64; rv:67.0) Gecko/20100101 Firefox/67.0"
213.153.47.173 - - [10/Jul/2019:10:41:13 +0200] "GET /reload?ser=1562748073555 HTTP/1.1" 200 28 "http://renault.activities.at/login?required=true" "Mozilla/5.0 (Windows NT 10.0; Win64; x64; rv:67.0) Gecko/20100101 Firefox/67.0"
138.21.12.23 - - [10/Jul/2019:10:41:49 +0200] "GET /reload?ser=1562748109384 HTTP/1.1" 200 28 "http://renault.2web.at/account?loadrequest=true" "Mozilla/5.0 (Windows NT 10.0; WOW64; Trident/7.0; Touch; rv:11.0) like Gecko"
80.122.53.230 - - [10/Jul/2019:10:42:04 +0200] "GET /reload?ser=1562748123890 HTTP/1.1" 200 28 "http://renault.activities.at/result?searchterm=true&search=give+away" "Mozilla/5.0 (Windows NT 6.1; Win64; x64; rv:67.0) Gecko/20100101 Firefox/67.0"
213.153.47.173 - - [10/Jul/2019:10:42:14 +0200] "GET /reload?ser=1562748134215 HTTP/1.1" 200 28 "http://renault.activities.at/login?required=true" "Mozilla/5.0 (Windows NT 10.0; Win64; x64; rv:67.0) Gecko/20100101 Firefox/67.0"
213.153.47.173 - - [10/Jul/2019:10:42:38 +0200] "GET /layout.php HTTP/1.1" 200 1559 "-" "Mozilla/5.0 (Windows NT 10.0; Win64; x64) AppleWebKit/537.36 (KHTML, like Gecko) Chrome/75.0.3770.100 Safari/537.36 OPR/62.0.3331.43"
213.153.47.173 - - [10/Jul/2019:10:42:39 +0200] "GET /images/favicon.ico HTTP/1.1" 404 305 "-" "Mozilla/5.0 (Windows NT 10.0; Win64; x64) AppleWebKit/537.36 (KHTML, like Gecko) Chrome/75.0.3770.100 Safari/537.36 OPR/62.0.3331.43"
138.21.12.23 - - [10/Jul/2019:10:42:50 +0200] "GET /reload?ser=1562748170426 HTTP/1.1" 200 28 "http://renault.2web.at/account?loadrequest=true" "Mozilla/5.0 (Windows NT 10.0; WOW64; Trident/7.0; Touch; rv:11.0) like Gecko"
80.122.53.230 - - [10/Jul/2019:10:43:05 +0200] "GET /reload?ser=1562748184869 HTTP/1.1" 200 28 "http://renault.activities.at/result?searchterm=true&search=give+away" "Mozilla/5.0 (Windows NT 6.1; Win64; x64; rv:67.0) Gecko/20100101 Firefox/67.0"
213.153.47.173 - - [10/Jul/2019:10:43:14 +0200] "GET /reload?ser=1562748194885 HTTP/1.1" 200 28 "http://renault.activities.at/login?required=true" "Mozilla/5.0 (Windows NT 10.0; Win64; x64; rv:67.0) Gecko/20100101 Firefox/67.0"
207.46.13.87 - - [10/Jul/2019:10:43:43 +0200] "GET /10260004?cat=10260301 HTTP/1.1" 200 4841 "-" "Mozilla/5.0 (compatible; bingbot/2.0; +http://www.bing.com/bingbot.htm)"
138.21.12.23 - - [10/Jul/2019:10:43:51 +0200] "GET /reload?ser=1562748231501 HTTP/1.1" 200 28 "http://renault.2web.at/account?loadrequest=true" "Mozilla/5.0 (Windows NT 10.0; WOW64; Trident/7.0; Touch; rv:11.0) like Gecko"
80.122.53.230 - - [10/Jul/2019:10:44:06 +0200] "GET /reload?ser=1562748245798 HTTP/1.1" 200 28 "http://renault.activities.at/result?searchterm=true&search=give+away" "Mozilla/5.0 (Windows NT 6.1; Win64; x64; rv:67.0) Gecko/20100101 Firefox/67.0"
213.153.47.173 - - [10/Jul/2019:10:44:15 +0200] "GET /reload?ser=1562748255555 HTTP/1.1" 200 28 "http://renault.activities.at/login?required=true" "Mozilla/5.0 (Windows NT 10.0; Win64; x64; rv:67.0) Gecko/20100101 Firefox/67.0"
138.21.12.23 - - [10/Jul/2019:10:44:52 +0200] "GET /reload?ser=1562748292591 HTTP/1.1" 200 28 "http://renault.2web.at/account?loadrequest=true" "Mozilla/5.0 (Windows NT 10.0; WOW64; Trident/7.0; Touch; rv:11.0) like Gecko"
80.122.53.230 - - [10/Jul/2019:10:45:07 +0200] "GET /reload?ser=1562748306841 HTTP/1.1" 200 28 "http://renault.activities.at/result?searchterm=true&search=give+away" "Mozilla/5.0 (Windows NT 6.1; Win64; x64; rv:67.0) Gecko/20100101 Firefox/67.0"
213.153.47.173 - - [10/Jul/2019:10:45:16 +0200] "GET /reload?ser=1562748316205 HTTP/1.1" 200 28 "http://renault.activities.at/login?required=true" "Mozilla/5.0 (Windows NT 10.0; Win64; x64; rv:67.0) Gecko/20100101 Firefox/67.0"
138.21.12.23 - - [10/Jul/2019:10:45:53 +0200] "GET /reload?ser=1562748353671 HTTP/1.1" 200 28 "http://renault.2web.at/account?loadrequest=true" "Mozilla/5.0 (Windows NT 10.0; WOW64; Trident/7.0; Touch; rv:11.0) like Gecko"
80.122.53.230 - - [10/Jul/2019:10:46:08 +0200] "GET /reload?ser=1562748367793 HTTP/1.1" 200 28 "http://renault.activities.at/result?searchterm=true&search=give+away" "Mozilla/5.0 (Windows NT 6.1; Win64; x64; rv:67.0) Gecko/20100101 Firefox/67.0"
