212.152.246.130 - - [11/Jul/2019:15:11:48 +0200] "GET /loadthumbnail.php?id=10271875&width=113 HTTP/1.1" 200 1262 "http://renault.activities.at/10260280?dir=DESC&mode=grid&order=name&limit=15&page=12" "Mozilla/5.0 (Windows NT 6.1; Win64; x64) AppleWebKit/537.36 (KHTML, like Gecko) Chrome/75.0.3770.100 Safari/537.36"
212.152.246.130 - - [11/Jul/2019:15:11:48 +0200] "GET /loadthumbnail.php?id=11967853&width=113 HTTP/1.1" 200 2639 "http://renault.activities.at/10260280?dir=DESC&mode=grid&order=name&limit=15&page=12" "Mozilla/5.0 (Windows NT 6.1; Win64; x64) AppleWebKit/537.36 (KHTML, like Gecko) Chrome/75.0.3770.100 Safari/537.36"
212.152.246.130 - - [11/Jul/2019:15:11:48 +0200] "GET /loadthumbnail.php?id=11171345&width=113 HTTP/1.1" 200 2786 "http://renault.activities.at/10260280?dir=DESC&mode=grid&order=name&limit=15&page=12" "Mozilla/5.0 (Windows NT 6.1; Win64; x64) AppleWebKit/537.36 (KHTML, like Gecko) Chrome/75.0.3770.100 Safari/537.36"
212.152.246.130 - - [11/Jul/2019:15:11:48 +0200] "GET /loadthumbnail.php?id=11171346&width=113 HTTP/1.1" 200 2786 "http://renault.activities.at/10260280?dir=DESC&mode=grid&order=name&limit=15&page=12" "Mozilla/5.0 (Windows NT 6.1; Win64; x64) AppleWebKit/537.36 (KHTML, like Gecko) Chrome/75.0.3770.100 Safari/537.36"
138.21.12.25 - - [11/Jul/2019:15:12:03 +0200] "GET /reload?ser=1562850722955 HTTP/1.1" 200 28 "http://renault.2web.at/login" "Mozilla/5.0 (Windows NT 10.0; WOW64; Trident/7.0; Touch; rv:11.0) like Gecko"
212.152.246.130 - - [11/Jul/2019:15:12:00 +0200] "GET /10986331?print=true HTTP/1.1" 200 2638 "http://renault.activities.at/10260280?dir=DESC&mode=grid&order=name&limit=15&page=12" "Mozilla/5.0 (Windows NT 6.1; Win64; x64) AppleWebKit/537.36 (KHTML, like Gecko) Chrome/75.0.3770.100 Safari/537.36"
212.152.246.130 - - [11/Jul/2019:15:12:04 +0200] "GET /loadthumbnail.php?id=10986339&width=250 HTTP/1.1" 200 7717 "http://renault.activities.at/10986331?print=true" "Mozilla/5.0 (Windows NT 6.1; Win64; x64) AppleWebKit/537.36 (KHTML, like Gecko) Chrome/75.0.3770.100 Safari/537.36"
212.152.246.130 - - [11/Jul/2019:15:12:04 +0200] "GET /loadthumbnail.php?id=10986339&width=900&height=900 HTTP/1.1" 200 7717 "http://renault.activities.at/10986331?print=true" "Mozilla/5.0 (Windows NT 6.1; Win64; x64) AppleWebKit/537.36 (KHTML, like Gecko) Chrome/75.0.3770.100 Safari/537.36"
212.152.246.130 - - [11/Jul/2019:15:12:04 +0200] "GET /js/magiczoom/graphics/hint.gif HTTP/1.1" 200 73 "http://renault.activities.at/js/magiczoom/magiczoom.css" "Mozilla/5.0 (Windows NT 6.1; Win64; x64) AppleWebKit/537.36 (KHTML, like Gecko) Chrome/75.0.3770.100 Safari/537.36"
212.152.246.130 - - [11/Jul/2019:15:12:04 +0200] "GET /js/magiczoom/graphics/zoomin.cur HTTP/1.1" 200 326 "http://renault.activities.at/js/magiczoom/magiczoom.css" "Mozilla/5.0 (Windows NT 6.1; Win64; x64) AppleWebKit/537.36 (KHTML, like Gecko) Chrome/75.0.3770.100 Safari/537.36"
212.152.246.130 - - [11/Jul/2019:15:12:17 +0200] "POST /10986331?print=true HTTP/1.1" 200 2751 "http://renault.activities.at/10986331?print=true" "Mozilla/5.0 (Windows NT 6.1; Win64; x64) AppleWebKit/537.36 (KHTML, like Gecko) Chrome/75.0.3770.100 Safari/537.36"
212.152.246.130 - - [11/Jul/2019:15:12:27 +0200] "GET /715048?print=true HTTP/1.1" 200 2911 "http://renault.activities.at/10260280?dir=DESC&mode=grid&order=name&limit=15&page=12" "Mozilla/5.0 (Windows NT 6.1; Win64; x64) AppleWebKit/537.36 (KHTML, like Gecko) Chrome/75.0.3770.100 Safari/537.36"
212.152.246.130 - - [11/Jul/2019:15:12:30 +0200] "GET /js/tabs.js HTTP/1.1" 200 519 "http://renault.activities.at/715048?print=true" "Mozilla/5.0 (Windows NT 6.1; Win64; x64) AppleWebKit/537.36 (KHTML, like Gecko) Chrome/75.0.3770.100 Safari/537.36"
212.152.246.130 - - [11/Jul/2019:15:12:30 +0200] "GET /loadthumbnail.php?id=10271875&width=250 HTTP/1.1" 200 2166 "http://renault.activities.at/715048?print=true" "Mozilla/5.0 (Windows NT 6.1; Win64; x64) AppleWebKit/537.36 (KHTML, like Gecko) Chrome/75.0.3770.100 Safari/537.36"
212.152.246.130 - - [11/Jul/2019:15:12:30 +0200] "GET /loadthumbnail.php?id=10271875&width=900&height=900 HTTP/1.1" 200 2166 "http://renault.activities.at/715048?print=true" "Mozilla/5.0 (Windows NT 6.1; Win64; x64) AppleWebKit/537.36 (KHTML, like Gecko) Chrome/75.0.3770.100 Safari/537.36"
213.153.47.173 - - [11/Jul/2019:15:12:36 +0200] "GET /reload?ser=1562850756068 HTTP/1.1" 200 28 "http://renault.activities.at/login?required=true" "Mozilla/5.0 (Windows NT 10.0; Win64; x64; rv:67.0) Gecko/20100101 Firefox/67.0"
212.152.246.135 - - [11/Jul/2019:15:12:46 +0200] "GET /reload?ser=1562850766929 HTTP/1.1" 200 28 "http://renault.activities.at/" "Mozilla/5.0 (Windows NT 10.0; Win64; x64; rv:68.0) Gecko/20100101 Firefox/68.0"
212.152.246.130 - - [11/Jul/2019:15:12:49 +0200] "GET /reload?ser=1562850763245 HTTP/1.1" 200 28 "http://renault.activities.at/10260280?dir=DESC&mode=grid&order=name&limit=15&page=12" "Mozilla/5.0 (Windows NT 6.1; Win64; x64) AppleWebKit/537.36 (KHTML, like Gecko) Chrome/75.0.3770.100 Safari/537.36"
138.21.12.25 - - [11/Jul/2019:15:13:03 +0200] "GET /reload?ser=1562850783669 HTTP/1.1" 200 28 "http://renault.2web.at/login" "Mozilla/5.0 (Windows NT 10.0; WOW64; Trident/7.0; Touch; rv:11.0) like Gecko"
213.153.47.173 - - [11/Jul/2019:15:13:36 +0200] "GET /reload?ser=1562850816748 HTTP/1.1" 200 28 "http://renault.activities.at/login?required=true" "Mozilla/5.0 (Windows NT 10.0; Win64; x64; rv:67.0) Gecko/20100101 Firefox/67.0"
212.152.246.135 - - [11/Jul/2019:15:13:47 +0200] "GET /reload?ser=1562850827633 HTTP/1.1" 200 28 "http://renault.activities.at/" "Mozilla/5.0 (Windows NT 10.0; Win64; x64; rv:68.0) Gecko/20100101 Firefox/68.0"
212.152.246.130 - - [11/Jul/2019:15:13:50 +0200] "GET /reload?ser=1562850824231 HTTP/1.1" 200 28 "http://renault.activities.at/10260280?dir=DESC&mode=grid&order=name&limit=15&page=12" "Mozilla/5.0 (Windows NT 6.1; Win64; x64) AppleWebKit/537.36 (KHTML, like Gecko) Chrome/75.0.3770.100 Safari/537.36"
138.21.12.25 - - [11/Jul/2019:15:14:04 +0200] "GET /reload?ser=1562850844379 HTTP/1.1" 200 28 "http://renault.2web.at/login" "Mozilla/5.0 (Windows NT 10.0; WOW64; Trident/7.0; Touch; rv:11.0) like Gecko"
213.153.47.173 - - [11/Jul/2019:15:14:37 +0200] "GET /reload?ser=1562850877408 HTTP/1.1" 200 28 "http://renault.activities.at/login?required=true" "Mozilla/5.0 (Windows NT 10.0; Win64; x64; rv:67.0) Gecko/20100101 Firefox/67.0"
212.152.246.135 - - [11/Jul/2019:15:14:48 +0200] "GET /reload?ser=1562850888334 HTTP/1.1" 200 28 "http://renault.activities.at/" "Mozilla/5.0 (Windows NT 10.0; Win64; x64; rv:68.0) Gecko/20100101 Firefox/68.0"
212.152.246.130 - - [11/Jul/2019:15:14:51 +0200] "GET /reload?ser=1562850885231 HTTP/1.1" 200 28 "http://renault.activities.at/10260280?dir=DESC&mode=grid&order=name&limit=15&page=12" "Mozilla/5.0 (Windows NT 6.1; Win64; x64) AppleWebKit/537.36 (KHTML, like Gecko) Chrome/75.0.3770.100 Safari/537.36"
212.152.246.130 - - [11/Jul/2019:15:14:54 +0200] "POST /10260280?dir=DESC&mode=grid&order=name&limit=15&page=12 HTTP/1.1" 200 10217 "http://renault.activities.at/10260280?dir=DESC&mode=grid&order=name&limit=15&page=12" "Mozilla/5.0 (Windows NT 6.1; Win64; x64) AppleWebKit/537.36 (KHTML, like Gecko) Chrome/75.0.3770.100 Safari/537.36"
212.152.246.130 - - [11/Jul/2019:15:15:00 +0200] "GET /10260280?dir=DESC&mode=grid&order=name&limit=15&page=13 HTTP/1.1" 200 9942 "http://renault.activities.at/10260280?dir=DESC&mode=grid&order=name&limit=15&page=12" "Mozilla/5.0 (Windows NT 6.1; Win64; x64) AppleWebKit/537.36 (KHTML, like Gecko) Chrome/75.0.3770.100 Safari/537.36"
212.152.246.130 - - [11/Jul/2019:15:15:03 +0200] "GET /loadthumbnail.php?id=10925819&width=113 HTTP/1.1" 200 4429 "http://renault.activities.at/10260280?dir=DESC&mode=grid&order=name&limit=15&page=13" "Mozilla/5.0 (Windows NT 6.1; Win64; x64) AppleWebKit/537.36 (KHTML, like Gecko) Chrome/75.0.3770.100 Safari/537.36"
212.152.246.130 - - [11/Jul/2019:15:15:03 +0200] "GET /loadthumbnail.php?id=10925818&width=113 HTTP/1.1" 200 1753 "http://renault.activities.at/10260280?dir=DESC&mode=grid&order=name&limit=15&page=13" "Mozilla/5.0 (Windows NT 6.1; Win64; x64) AppleWebKit/537.36 (KHTML, like Gecko) Chrome/75.0.3770.100 Safari/537.36"
212.152.246.130 - - [11/Jul/2019:15:15:03 +0200] "GET /loadthumbnail.php?id=11111495&width=113 HTTP/1.1" 200 1788 "http://renault.activities.at/10260280?dir=DESC&mode=grid&order=name&limit=15&page=13" "Mozilla/5.0 (Windows NT 6.1; Win64; x64) AppleWebKit/537.36 (KHTML, like Gecko) Chrome/75.0.3770.100 Safari/537.36"
212.152.246.130 - - [11/Jul/2019:15:15:03 +0200] "GET /loadthumbnail.php?id=11111497&width=113 HTTP/1.1" 200 1788 "http://renault.activities.at/10260280?dir=DESC&mode=grid&order=name&limit=15&page=13" "Mozilla/5.0 (Windows NT 6.1; Win64; x64) AppleWebKit/537.36 (KHTML, like Gecko) Chrome/75.0.3770.100 Safari/537.36"
212.152.246.130 - - [11/Jul/2019:15:15:03 +0200] "GET /loadthumbnail.php?id=11111496&width=113 HTTP/1.1" 200 1791 "http://renault.activities.at/10260280?dir=DESC&mode=grid&order=name&limit=15&page=13" "Mozilla/5.0 (Windows NT 6.1; Win64; x64) AppleWebKit/537.36 (KHTML, like Gecko) Chrome/75.0.3770.100 Safari/537.36"
212.152.246.130 - - [11/Jul/2019:15:15:03 +0200] "GET /loadthumbnail.php?id=11111498&width=113 HTTP/1.1" 200 1791 "http://renault.activities.at/10260280?dir=DESC&mode=grid&order=name&limit=15&page=13" "Mozilla/5.0 (Windows NT 6.1; Win64; x64) AppleWebKit/537.36 (KHTML, like Gecko) Chrome/75.0.3770.100 Safari/537.36"
212.152.246.130 - - [11/Jul/2019:15:15:04 +0200] "GET /loadthumbnail.php?id=11111985&width=113 HTTP/1.1" 200 1814 "http://renault.activities.at/10260280?dir=DESC&mode=grid&order=name&limit=15&page=13" "Mozilla/5.0 (Windows NT 6.1; Win64; x64) AppleWebKit/537.36 (KHTML, like Gecko) Chrome/75.0.3770.100 Safari/537.36"
212.152.246.130 - - [11/Jul/2019:15:15:04 +0200] "GET /loadthumbnail.php?id=11112261&width=113 HTTP/1.1" 200 1814 "http://renault.activities.at/10260280?dir=DESC&mode=grid&order=name&limit=15&page=13" "Mozilla/5.0 (Windows NT 6.1; Win64; x64) AppleWebKit/537.36 (KHTML, like Gecko) Chrome/75.0.3770.100 Safari/537.36"
212.152.246.130 - - [11/Jul/2019:15:15:04 +0200] "GET /loadthumbnail.php?id=11112110&width=113 HTTP/1.1" 200 1851 "http://renault.activities.at/10260280?dir=DESC&mode=grid&order=name&limit=15&page=13" "Mozilla/5.0 (Windows NT 6.1; Win64; x64) AppleWebKit/537.36 (KHTML, like Gecko) Chrome/75.0.3770.100 Safari/537.36"
212.152.246.130 - - [11/Jul/2019:15:15:04 +0200] "GET /loadthumbnail.php?id=11967858&width=113 HTTP/1.1" 200 1835 "http://renault.activities.at/10260280?dir=DESC&mode=grid&order=name&limit=15&page=13" "Mozilla/5.0 (Windows NT 6.1; Win64; x64) AppleWebKit/537.36 (KHTML, like Gecko) Chrome/75.0.3770.100 Safari/537.36"
212.152.246.130 - - [11/Jul/2019:15:15:04 +0200] "GET /loadthumbnail.php?id=12029410&width=113 HTTP/1.1" 200 3108 "http://renault.activities.at/10260280?dir=DESC&mode=grid&order=name&limit=15&page=13" "Mozilla/5.0 (Windows NT 6.1; Win64; x64) AppleWebKit/537.36 (KHTML, like Gecko) Chrome/75.0.3770.100 Safari/537.36"
212.152.246.130 - - [11/Jul/2019:15:15:04 +0200] "GET /loadthumbnail.php?id=11112400&width=113 HTTP/1.1" 200 1851 "http://renault.activities.at/10260280?dir=DESC&mode=grid&order=name&limit=15&page=13" "Mozilla/5.0 (Windows NT 6.1; Win64; x64) AppleWebKit/537.36 (KHTML, like Gecko) Chrome/75.0.3770.100 Safari/537.36"
212.152.246.130 - - [11/Jul/2019:15:15:04 +0200] "GET /loadthumbnail.php?id=12029411&width=113 HTTP/1.1" 200 3687 "http://renault.activities.at/10260280?dir=DESC&mode=grid&order=name&limit=15&page=13" "Mozilla/5.0 (Windows NT 6.1; Win64; x64) AppleWebKit/537.36 (KHTML, like Gecko) Chrome/75.0.3770.100 Safari/537.36"
138.21.12.25 - - [11/Jul/2019:15:15:05 +0200] "GET /reload?ser=1562850905113 HTTP/1.1" 200 28 "http://renault.2web.at/login" "Mozilla/5.0 (Windows NT 10.0; WOW64; Trident/7.0; Touch; rv:11.0) like Gecko"
212.152.246.130 - - [11/Jul/2019:15:15:17 +0200] "GET /11875099?print=true HTTP/1.1" 200 2636 "http://renault.activities.at/10260280?dir=DESC&mode=grid&order=name&limit=15&page=13" "Mozilla/5.0 (Windows NT 6.1; Win64; x64) AppleWebKit/537.36 (KHTML, like Gecko) Chrome/75.0.3770.100 Safari/537.36"
212.152.246.130 - - [11/Jul/2019:15:15:20 +0200] "GET /loadthumbnail.php?id=12029410&width=250 HTTP/1.1" 200 12552 "http://renault.activities.at/11875099?print=true" "Mozilla/5.0 (Windows NT 6.1; Win64; x64) AppleWebKit/537.36 (KHTML, like Gecko) Chrome/75.0.3770.100 Safari/537.36"
212.152.246.130 - - [11/Jul/2019:15:15:20 +0200] "GET /loadthumbnail.php?id=12029410&width=900&height=900 HTTP/1.1" 200 81734 "http://renault.activities.at/11875099?print=true" "Mozilla/5.0 (Windows NT 6.1; Win64; x64) AppleWebKit/537.36 (KHTML, like Gecko) Chrome/75.0.3770.100 Safari/537.36"
212.152.246.130 - - [11/Jul/2019:15:15:32 +0200] "POST /10260280?dir=DESC&mode=grid&order=name&limit=15&page=13 HTTP/1.1" 200 10056 "http://renault.activities.at/10260280?dir=DESC&mode=grid&order=name&limit=15&page=13" "Mozilla/5.0 (Windows NT 6.1; Win64; x64) AppleWebKit/537.36 (KHTML, like Gecko) Chrome/75.0.3770.100 Safari/537.36"
213.153.47.173 - - [11/Jul/2019:15:15:38 +0200] "GET /reload?ser=1562850938077 HTTP/1.1" 200 28 "http://renault.activities.at/login?required=true" "Mozilla/5.0 (Windows NT 10.0; Win64; x64; rv:67.0) Gecko/20100101 Firefox/67.0"
212.152.246.130 - - [11/Jul/2019:15:15:39 +0200] "POST /10260280?dir=DESC&mode=grid&order=name&limit=15&page=13 HTTP/1.1" 200 10057 "http://renault.activities.at/10260280?dir=DESC&mode=grid&order=name&limit=15&page=13" "Mozilla/5.0 (Windows NT 6.1; Win64; x64) AppleWebKit/537.36 (KHTML, like Gecko) Chrome/75.0.3770.100 Safari/537.36"
212.152.246.130 - - [11/Jul/2019:15:15:44 +0200] "GET /10260280?dir=DESC&mode=grid&order=name&limit=15&page=14 HTTP/1.1" 200 8496 "http://renault.activities.at/10260280?dir=DESC&mode=grid&order=name&limit=15&page=13" "Mozilla/5.0 (Windows NT 6.1; Win64; x64) AppleWebKit/537.36 (KHTML, like Gecko) Chrome/75.0.3770.100 Safari/537.36"
212.152.246.130 - - [11/Jul/2019:15:15:47 +0200] "GET /loadthumbnail.php?id=11730458&width=113 HTTP/1.1" 200 4795 "http://renault.activities.at/10260280?dir=DESC&mode=grid&order=name&limit=15&page=14" "Mozilla/5.0 (Windows NT 6.1; Win64; x64) AppleWebKit/537.36 (KHTML, like Gecko) Chrome/75.0.3770.100 Safari/537.36"
212.152.246.130 - - [11/Jul/2019:15:15:47 +0200] "GET /loadthumbnail.php?id=11730459&width=113 HTTP/1.1" 200 4795 "http://renault.activities.at/10260280?dir=DESC&mode=grid&order=name&limit=15&page=14" "Mozilla/5.0 (Windows NT 6.1; Win64; x64) AppleWebKit/537.36 (KHTML, like Gecko) Chrome/75.0.3770.100 Safari/537.36"
212.152.246.130 - - [11/Jul/2019:15:15:47 +0200] "GET /loadthumbnail.php?id=10848346&width=113 HTTP/1.1" 200 2340 "http://renault.activities.at/10260280?dir=DESC&mode=grid&order=name&limit=15&page=14" "Mozilla/5.0 (Windows NT 6.1; Win64; x64) AppleWebKit/537.36 (KHTML, like Gecko) Chrome/75.0.3770.100 Safari/537.36"
212.152.246.130 - - [11/Jul/2019:15:15:47 +0200] "GET /loadthumbnail.php?id=11304858&width=113 HTTP/1.1" 200 1289 "http://renault.activities.at/10260280?dir=DESC&mode=grid&order=name&limit=15&page=14" "Mozilla/5.0 (Windows NT 6.1; Win64; x64) AppleWebKit/537.36 (KHTML, like Gecko) Chrome/75.0.3770.100 Safari/537.36"
212.152.246.135 - - [11/Jul/2019:15:15:49 +0200] "GET /reload?ser=1562850949039 HTTP/1.1" 200 28 "http://renault.activities.at/" "Mozilla/5.0 (Windows NT 10.0; Win64; x64; rv:68.0) Gecko/20100101 Firefox/68.0"
212.152.246.130 - - [11/Jul/2019:15:15:58 +0200] "GET /715046?print=true HTTP/1.1" 200 2967 "http://renault.activities.at/10260280?dir=DESC&mode=grid&order=name&limit=15&page=14" "Mozilla/5.0 (Windows NT 6.1; Win64; x64) AppleWebKit/537.36 (KHTML, like Gecko) Chrome/75.0.3770.100 Safari/537.36"
212.152.246.130 - - [11/Jul/2019:15:16:01 +0200] "GET /loadthumbnail.php?id=10848346&width=250 HTTP/1.1" 200 5978 "http://renault.activities.at/715046?print=true" "Mozilla/5.0 (Windows NT 6.1; Win64; x64) AppleWebKit/537.36 (KHTML, like Gecko) Chrome/75.0.3770.100 Safari/537.36"
212.152.246.130 - - [11/Jul/2019:15:16:01 +0200] "GET /loadthumbnail.php?id=10848346&width=900&height=900 HTTP/1.1" 200 50541 "http://renault.activities.at/715046?print=true" "Mozilla/5.0 (Windows NT 6.1; Win64; x64) AppleWebKit/537.36 (KHTML, like Gecko) Chrome/75.0.3770.100 Safari/537.36"
138.21.12.25 - - [11/Jul/2019:15:16:05 +0200] "GET /reload?ser=1562850965830 HTTP/1.1" 200 28 "http://renault.2web.at/login" "Mozilla/5.0 (Windows NT 10.0; WOW64; Trident/7.0; Touch; rv:11.0) like Gecko"
212.152.246.130 - - [11/Jul/2019:15:16:09 +0200] "GET /715046?print=true HTTP/1.1" 200 2967 "http://renault.activities.at/10260280?dir=DESC&mode=grid&order=name&limit=15&page=14" "Mozilla/5.0 (Windows NT 6.1; Win64; x64) AppleWebKit/537.36 (KHTML, like Gecko) Chrome/75.0.3770.100 Safari/537.36"
212.152.246.130 - - [11/Jul/2019:15:16:27 +0200] "POST /axjaxrequest?mode=suggest HTTP/1.1" 200 21 "http://renault.activities.at/10260280?dir=DESC&mode=grid&order=name&limit=15&page=14" "Mozilla/5.0 (Windows NT 6.1; Win64; x64) AppleWebKit/537.36 (KHTML, like Gecko) Chrome/75.0.3770.100 Safari/537.36"
212.152.246.130 - - [11/Jul/2019:15:16:28 +0200] "GET /result?searchterm=true&search=plakat HTTP/1.1" 200 5909 "http://renault.activities.at/10260280?dir=DESC&mode=grid&order=name&limit=15&page=14" "Mozilla/5.0 (Windows NT 6.1; Win64; x64) AppleWebKit/537.36 (KHTML, like Gecko) Chrome/75.0.3770.100 Safari/537.36"
212.152.246.130 - - [11/Jul/2019:15:16:29 +0200] "GET /images/note_msg_icon.gif HTTP/1.1" 200 1022 "http://renault.activities.at/css/styles.css" "Mozilla/5.0 (Windows NT 6.1; Win64; x64) AppleWebKit/537.36 (KHTML, like Gecko) Chrome/75.0.3770.100 Safari/537.36"
213.153.47.173 - - [11/Jul/2019:15:16:38 +0200] "GET /reload?ser=1562850998738 HTTP/1.1" 200 28 "http://renault.activities.at/login?required=true" "Mozilla/5.0 (Windows NT 10.0; Win64; x64; rv:67.0) Gecko/20100101 Firefox/67.0"
212.152.246.135 - - [11/Jul/2019:15:16:49 +0200] "GET /reload?ser=1562851009746 HTTP/1.1" 200 28 "http://renault.activities.at/" "Mozilla/5.0 (Windows NT 10.0; Win64; x64; rv:68.0) Gecko/20100101 Firefox/68.0"
138.21.12.25 - - [11/Jul/2019:15:17:06 +0200] "GET /reload?ser=1562851026535 HTTP/1.1" 200 28 "http://renault.2web.at/login" "Mozilla/5.0 (Windows NT 10.0; WOW64; Trident/7.0; Touch; rv:11.0) like Gecko"
212.152.246.130 - - [11/Jul/2019:15:17:30 +0200] "GET /reload?ser=1562851044302 HTTP/1.1" 200 28 "http://renault.activities.at/result?searchterm=true&search=plakat" "Mozilla/5.0 (Windows NT 6.1; Win64; x64) AppleWebKit/537.36 (KHTML, like Gecko) Chrome/75.0.3770.100 Safari/537.36"
213.153.47.173 - - [11/Jul/2019:15:17:39 +0200] "GET /reload?ser=1562851059403 HTTP/1.1" 200 28 "http://renault.activities.at/login?required=true" "Mozilla/5.0 (Windows NT 10.0; Win64; x64; rv:67.0) Gecko/20100101 Firefox/67.0"
212.152.246.135 - - [11/Jul/2019:15:17:50 +0200] "GET /reload?ser=1562851070448 HTTP/1.1" 200 28 "http://renault.activities.at/" "Mozilla/5.0 (Windows NT 10.0; Win64; x64; rv:68.0) Gecko/20100101 Firefox/68.0"
138.21.12.25 - - [11/Jul/2019:15:18:07 +0200] "GET /reload?ser=1562851087239 HTTP/1.1" 200 28 "http://renault.2web.at/login" "Mozilla/5.0 (Windows NT 10.0; WOW64; Trident/7.0; Touch; rv:11.0) like Gecko"
138.21.12.23 - - [11/Jul/2019:15:18:09 +0200] "GET / HTTP/1.1" 200 3367 "-" "Mozilla/5.0 (Windows NT 10.0; WOW64; Trident/7.0; rv:11.0) like Gecko"
212.152.246.130 - - [11/Jul/2019:15:18:31 +0200] "GET /reload?ser=1562851105304 HTTP/1.1" 200 28 "http://renault.activities.at/result?searchterm=true&search=plakat" "Mozilla/5.0 (Windows NT 6.1; Win64; x64) AppleWebKit/537.36 (KHTML, like Gecko) Chrome/75.0.3770.100 Safari/537.36"
213.153.47.173 - - [11/Jul/2019:15:18:40 +0200] "GET /reload?ser=1562851120068 HTTP/1.1" 200 28 "http://renault.activities.at/login?required=true" "Mozilla/5.0 (Windows NT 10.0; Win64; x64; rv:67.0) Gecko/20100101 Firefox/67.0"
212.152.246.135 - - [11/Jul/2019:15:18:51 +0200] "GET /reload?ser=1562851131152 HTTP/1.1" 200 28 "http://renault.activities.at/" "Mozilla/5.0 (Windows NT 10.0; Win64; x64; rv:68.0) Gecko/20100101 Firefox/68.0"
138.21.12.25 - - [11/Jul/2019:15:19:08 +0200] "GET /reload?ser=1562851147974 HTTP/1.1" 200 28 "http://renault.2web.at/login" "Mozilla/5.0 (Windows NT 10.0; WOW64; Trident/7.0; Touch; rv:11.0) like Gecko"
212.152.246.130 - - [11/Jul/2019:15:19:12 +0200] "POST /axjaxrequest?mode=suggest HTTP/1.1" 200 203 "http://renault.activities.at/result?searchterm=true&search=plakat" "Mozilla/5.0 (Windows NT 6.1; Win64; x64) AppleWebKit/537.36 (KHTML, like Gecko) Chrome/75.0.3770.100 Safari/537.36"
212.152.246.130 - - [11/Jul/2019:15:19:13 +0200] "POST /axjaxrequest?mode=suggest HTTP/1.1" 200 21 "http://renault.activities.at/result?searchterm=true&search=plakat" "Mozilla/5.0 (Windows NT 6.1; Win64; x64) AppleWebKit/537.36 (KHTML, like Gecko) Chrome/75.0.3770.100 Safari/537.36"
212.152.246.130 - - [11/Jul/2019:15:19:13 +0200] "GET /result?searchterm=true&search=werbewand HTTP/1.1" 200 5911 "http://renault.activities.at/result?searchterm=true&search=plakat" "Mozilla/5.0 (Windows NT 6.1; Win64; x64) AppleWebKit/537.36 (KHTML, like Gecko) Chrome/75.0.3770.100 Safari/537.36"
212.152.246.130 - - [11/Jul/2019:15:19:16 +0200] "GET /result?searchterm=true&search=werbewand HTTP/1.1" 200 5911 "http://renault.activities.at/result?searchterm=true&search=plakat" "Mozilla/5.0 (Windows NT 6.1; Win64; x64) AppleWebKit/537.36 (KHTML, like Gecko) Chrome/75.0.3770.100 Safari/537.36"
213.153.47.173 - - [11/Jul/2019:15:19:40 +0200] "GET /reload?ser=1562851180738 HTTP/1.1" 200 28 "http://renault.activities.at/login?required=true" "Mozilla/5.0 (Windows NT 10.0; Win64; x64; rv:67.0) Gecko/20100101 Firefox/67.0"
212.152.246.135 - - [11/Jul/2019:15:19:51 +0200] "GET /reload?ser=1562851191941 HTTP/1.1" 200 28 "http://renault.activities.at/" "Mozilla/5.0 (Windows NT 10.0; Win64; x64; rv:68.0) Gecko/20100101 Firefox/68.0"
138.21.12.25 - - [11/Jul/2019:15:20:08 +0200] "GET /reload?ser=1562851208687 HTTP/1.1" 200 28 "http://renault.2web.at/login" "Mozilla/5.0 (Windows NT 10.0; WOW64; Trident/7.0; Touch; rv:11.0) like Gecko"
212.152.246.130 - - [11/Jul/2019:15:20:18 +0200] "GET /reload?ser=1562851212305 HTTP/1.1" 200 28 "http://renault.activities.at/result?searchterm=true&search=werbewand" "Mozilla/5.0 (Windows NT 6.1; Win64; x64) AppleWebKit/537.36 (KHTML, like Gecko) Chrome/75.0.3770.100 Safari/537.36"
212.152.246.130 - - [11/Jul/2019:15:20:34 +0200] "GET /10260281 HTTP/1.1" 200 6156 "http://renault.activities.at/result?searchterm=true&search=werbewand" "Mozilla/5.0 (Windows NT 6.1; Win64; x64) AppleWebKit/537.36 (KHTML, like Gecko) Chrome/75.0.3770.100 Safari/537.36"
213.153.47.173 - - [11/Jul/2019:15:20:41 +0200] "GET /reload?ser=1562851241388 HTTP/1.1" 200 28 "http://renault.activities.at/login?required=true" "Mozilla/5.0 (Windows NT 10.0; Win64; x64; rv:67.0) Gecko/20100101 Firefox/67.0"
212.152.246.130 - - [11/Jul/2019:15:20:47 +0200] "GET /10260298 HTTP/1.1" 200 6155 "http://renault.activities.at/10260281" "Mozilla/5.0 (Windows NT 6.1; Win64; x64) AppleWebKit/537.36 (KHTML, like Gecko) Chrome/75.0.3770.100 Safari/537.36"
212.152.246.135 - - [11/Jul/2019:15:20:52 +0200] "GET /reload?ser=1562851252642 HTTP/1.1" 200 28 "http://renault.activities.at/" "Mozilla/5.0 (Windows NT 10.0; Win64; x64; rv:68.0) Gecko/20100101 Firefox/68.0"
212.152.246.130 - - [11/Jul/2019:15:21:02 +0200] "GET /10260298 HTTP/1.1" 200 6155 "http://renault.activities.at/10260298" "Mozilla/5.0 (Windows NT 6.1; Win64; x64) AppleWebKit/537.36 (KHTML, like Gecko) Chrome/75.0.3770.100 Safari/537.36"
138.21.12.25 - - [11/Jul/2019:15:21:09 +0200] "GET /reload?ser=1562851269426 HTTP/1.1" 200 28 "http://renault.2web.at/login" "Mozilla/5.0 (Windows NT 10.0; WOW64; Trident/7.0; Touch; rv:11.0) like Gecko"
212.152.246.130 - - [11/Jul/2019:15:21:12 +0200] "GET /10260008 HTTP/1.1" 200 10004 "http://renault.activities.at/10260298" "Mozilla/5.0 (Windows NT 6.1; Win64; x64) AppleWebKit/537.36 (KHTML, like Gecko) Chrome/75.0.3770.100 Safari/537.36"
212.152.246.130 - - [11/Jul/2019:15:21:16 +0200] "GET /loadthumbnail.php?id=11194750&width=113 HTTP/1.1" 200 2347 "http://renault.activities.at/10260008" "Mozilla/5.0 (Windows NT 6.1; Win64; x64) AppleWebKit/537.36 (KHTML, like Gecko) Chrome/75.0.3770.100 Safari/537.36"
212.152.246.130 - - [11/Jul/2019:15:21:16 +0200] "GET /loadthumbnail.php?id=11108158&width=113 HTTP/1.1" 200 1545 "http://renault.activities.at/10260008" "Mozilla/5.0 (Windows NT 6.1; Win64; x64) AppleWebKit/537.36 (KHTML, like Gecko) Chrome/75.0.3770.100 Safari/537.36"
212.152.246.130 - - [11/Jul/2019:15:21:16 +0200] "GET /loadthumbnail.php?id=11146700&width=113 HTTP/1.1" 200 1415 "http://renault.activities.at/10260008" "Mozilla/5.0 (Windows NT 6.1; Win64; x64) AppleWebKit/537.36 (KHTML, like Gecko) Chrome/75.0.3770.100 Safari/537.36"
212.152.246.130 - - [11/Jul/2019:15:21:16 +0200] "GET /loadthumbnail.php?id=11721290&width=113 HTTP/1.1" 200 1179 "http://renault.activities.at/10260008" "Mozilla/5.0 (Windows NT 6.1; Win64; x64) AppleWebKit/537.36 (KHTML, like Gecko) Chrome/75.0.3770.100 Safari/537.36"
212.152.246.130 - - [11/Jul/2019:15:21:16 +0200] "GET /loadthumbnail.php?id=11776453&width=113 HTTP/1.1" 200 1248 "http://renault.activities.at/10260008" "Mozilla/5.0 (Windows NT 6.1; Win64; x64) AppleWebKit/537.36 (KHTML, like Gecko) Chrome/75.0.3770.100 Safari/537.36"
212.152.246.130 - - [11/Jul/2019:15:21:16 +0200] "GET /loadthumbnail.php?id=11538169&width=113 HTTP/1.1" 200 20088 "http://renault.activities.at/10260008" "Mozilla/5.0 (Windows NT 6.1; Win64; x64) AppleWebKit/537.36 (KHTML, like Gecko) Chrome/75.0.3770.100 Safari/537.36"
212.152.246.130 - - [11/Jul/2019:15:21:16 +0200] "GET /loadthumbnail.php?id=11658180&width=113 HTTP/1.1" 200 29422 "http://renault.activities.at/10260008" "Mozilla/5.0 (Windows NT 6.1; Win64; x64) AppleWebKit/537.36 (KHTML, like Gecko) Chrome/75.0.3770.100 Safari/537.36"
212.152.246.130 - - [11/Jul/2019:15:21:16 +0200] "GET /loadthumbnail.php?id=12017023&width=113 HTTP/1.1" 200 34650 "http://renault.activities.at/10260008" "Mozilla/5.0 (Windows NT 6.1; Win64; x64) AppleWebKit/537.36 (KHTML, like Gecko) Chrome/75.0.3770.100 Safari/537.36"
212.152.246.130 - - [11/Jul/2019:15:21:16 +0200] "GET /loadthumbnail.php?id=11319984&width=113 HTTP/1.1" 200 28924 "http://renault.activities.at/10260008" "Mozilla/5.0 (Windows NT 6.1; Win64; x64) AppleWebKit/537.36 (KHTML, like Gecko) Chrome/75.0.3770.100 Safari/537.36"
212.152.246.130 - - [11/Jul/2019:15:21:16 +0200] "GET /loadthumbnail.php?id=11319988&width=113 HTTP/1.1" 200 44228 "http://renault.activities.at/10260008" "Mozilla/5.0 (Windows NT 6.1; Win64; x64) AppleWebKit/537.36 (KHTML, like Gecko) Chrome/75.0.3770.100 Safari/537.36"
212.152.246.130 - - [11/Jul/2019:15:21:30 +0200] "GET /10260008?dir=DESC&mode=grid&order=name&limit=15&page=2 HTTP/1.1" 200 9513 "http://renault.activities.at/10260008" "Mozilla/5.0 (Windows NT 6.1; Win64; x64) AppleWebKit/537.36 (KHTML, like Gecko) Chrome/75.0.3770.100 Safari/537.36"
212.152.246.130 - - [11/Jul/2019:15:21:33 +0200] "GET /loadthumbnail.php?id=11877811&width=113 HTTP/1.1" 200 27053 "http://renault.activities.at/10260008?dir=DESC&mode=grid&order=name&limit=15&page=2" "Mozilla/5.0 (Windows NT 6.1; Win64; x64) AppleWebKit/537.36 (KHTML, like Gecko) Chrome/75.0.3770.100 Safari/537.36"
212.152.246.130 - - [11/Jul/2019:15:21:33 +0200] "GET /loadthumbnail.php?id=11197547&width=113 HTTP/1.1" 200 9073 "http://renault.activities.at/10260008?dir=DESC&mode=grid&order=name&limit=15&page=2" "Mozilla/5.0 (Windows NT 6.1; Win64; x64) AppleWebKit/537.36 (KHTML, like Gecko) Chrome/75.0.3770.100 Safari/537.36"
212.152.246.130 - - [11/Jul/2019:15:21:33 +0200] "GET /loadthumbnail.php?id=10633817&width=113 HTTP/1.1" 200 2614 "http://renault.activities.at/10260008?dir=DESC&mode=grid&order=name&limit=15&page=2" "Mozilla/5.0 (Windows NT 6.1; Win64; x64) AppleWebKit/537.36 (KHTML, like Gecko) Chrome/75.0.3770.100 Safari/537.36"
212.152.246.130 - - [11/Jul/2019:15:21:33 +0200] "GET /loadthumbnail.php?id=11351226&width=113 HTTP/1.1" 200 16210 "http://renault.activities.at/10260008?dir=DESC&mode=grid&order=name&limit=15&page=2" "Mozilla/5.0 (Windows NT 6.1; Win64; x64) AppleWebKit/537.36 (KHTML, like Gecko) Chrome/75.0.3770.100 Safari/537.36"
212.152.246.130 - - [11/Jul/2019:15:21:33 +0200] "GET /loadthumbnail.php?id=11351222&width=113 HTTP/1.1" 200 17851 "http://renault.activities.at/10260008?dir=DESC&mode=grid&order=name&limit=15&page=2" "Mozilla/5.0 (Windows NT 6.1; Win64; x64) AppleWebKit/537.36 (KHTML, like Gecko) Chrome/75.0.3770.100 Safari/537.36"
213.153.47.173 - - [11/Jul/2019:15:21:42 +0200] "GET /reload?ser=1562851302048 HTTP/1.1" 200 28 "http://renault.activities.at/login?required=true" "Mozilla/5.0 (Windows NT 10.0; Win64; x64; rv:67.0) Gecko/20100101 Firefox/67.0"
212.152.246.130 - - [11/Jul/2019:15:21:48 +0200] "GET /result?searchterm=true&search=werbewand HTTP/1.1" 200 5911 "http://renault.activities.at/10260008?dir=DESC&mode=grid&order=name&limit=15&page=2" "Mozilla/5.0 (Windows NT 6.1; Win64; x64) AppleWebKit/537.36 (KHTML, like Gecko) Chrome/75.0.3770.100 Safari/537.36"
212.152.246.130 - - [11/Jul/2019:15:21:49 +0200] "POST /axjaxrequest?mode=suggest HTTP/1.1" 200 21 "http://renault.activities.at/10260008?dir=DESC&mode=grid&order=name&limit=15&page=2" "Mozilla/5.0 (Windows NT 6.1; Win64; x64) AppleWebKit/537.36 (KHTML, like Gecko) Chrome/75.0.3770.100 Safari/537.36"
212.152.246.135 - - [11/Jul/2019:15:21:53 +0200] "GET /reload?ser=1562851313361 HTTP/1.1" 200 28 "http://renault.activities.at/" "Mozilla/5.0 (Windows NT 10.0; Win64; x64; rv:68.0) Gecko/20100101 Firefox/68.0"
212.152.246.130 - - [11/Jul/2019:15:21:54 +0200] "POST /axjaxrequest?mode=suggest HTTP/1.1" 200 525 "http://renault.activities.at/result?searchterm=true&search=werbewand" "Mozilla/5.0 (Windows NT 6.1; Win64; x64) AppleWebKit/537.36 (KHTML, like Gecko) Chrome/75.0.3770.100 Safari/537.36"
212.152.246.130 - - [11/Jul/2019:15:21:55 +0200] "POST /axjaxrequest?mode=suggest HTTP/1.1" 200 110 "http://renault.activities.at/result?searchterm=true&search=werbewand" "Mozilla/5.0 (Windows NT 6.1; Win64; x64) AppleWebKit/537.36 (KHTML, like Gecko) Chrome/75.0.3770.100 Safari/537.36"
212.152.246.130 - - [11/Jul/2019:15:21:56 +0200] "GET /result?searchterm=true&search=range HTTP/1.1" 200 7164 "http://renault.activities.at/result?searchterm=true&search=werbewand" "Mozilla/5.0 (Windows NT 6.1; Win64; x64) AppleWebKit/537.36 (KHTML, like Gecko) Chrome/75.0.3770.100 Safari/537.36"
212.152.246.130 - - [11/Jul/2019:15:22:02 +0200] "POST /axjaxrequest?mode=suggest HTTP/1.1" 200 379 "http://renault.activities.at/result?searchterm=true&search=range" "Mozilla/5.0 (Windows NT 6.1; Win64; x64) AppleWebKit/537.36 (KHTML, like Gecko) Chrome/75.0.3770.100 Safari/537.36"
212.152.246.130 - - [11/Jul/2019:15:22:03 +0200] "GET /result?searchterm=true&search=kadjar HTTP/1.1" 200 9695 "http://renault.activities.at/result?searchterm=true&search=range" "Mozilla/5.0 (Windows NT 6.1; Win64; x64) AppleWebKit/537.36 (KHTML, like Gecko) Chrome/75.0.3770.100 Safari/537.36"
212.152.246.130 - - [11/Jul/2019:15:22:03 +0200] "POST /axjaxrequest?mode=suggest HTTP/1.1" 200 111 "http://renault.activities.at/result?searchterm=true&search=range" "Mozilla/5.0 (Windows NT 6.1; Win64; x64) AppleWebKit/537.36 (KHTML, like Gecko) Chrome/75.0.3770.100 Safari/537.36"
212.152.246.130 - - [11/Jul/2019:15:22:05 +0200] "GET /result?searchterm=true&search=Alaskan HTTP/1.1" 200 8594 "http://renault.activities.at/result?searchterm=true&search=range" "Mozilla/5.0 (Windows NT 6.1; Win64; x64) AppleWebKit/537.36 (KHTML, like Gecko) Chrome/75.0.3770.100 Safari/537.36"
138.21.12.25 - - [11/Jul/2019:15:22:10 +0200] "GET /reload?ser=1562851330184 HTTP/1.1" 200 28 "http://renault.2web.at/login" "Mozilla/5.0 (Windows NT 10.0; WOW64; Trident/7.0; Touch; rv:11.0) like Gecko"
212.152.246.130 - - [11/Jul/2019:15:22:08 +0200] "POST /axjaxrequest?mode=suggest HTTP/1.1" 200 111 "http://renault.activities.at/result?searchterm=true&search=range" "Mozilla/5.0 (Windows NT 6.1; Win64; x64) AppleWebKit/537.36 (KHTML, like Gecko) Chrome/75.0.3770.100 Safari/537.36"
212.152.246.130 - - [11/Jul/2019:15:22:14 +0200] "POST /axjaxrequest?mode=suggest HTTP/1.1" 200 112 "http://renault.activities.at/result?searchterm=true&search=Alaskan" "Mozilla/5.0 (Windows NT 6.1; Win64; x64) AppleWebKit/537.36 (KHTML, like Gecko) Chrome/75.0.3770.100 Safari/537.36"
212.152.246.130 - - [11/Jul/2019:15:22:15 +0200] "GET /result?searchterm=true&search=twingo HTTP/1.1" 200 9788 "http://renault.activities.at/result?searchterm=true&search=Alaskan" "Mozilla/5.0 (Windows NT 6.1; Win64; x64) AppleWebKit/537.36 (KHTML, like Gecko) Chrome/75.0.3770.100 Safari/537.36"
212.152.246.130 - - [11/Jul/2019:15:22:17 +0200] "GET /result?searchterm=true&search=twingo HTTP/1.1" 200 9788 "http://renault.activities.at/result?searchterm=true&search=Alaskan" "Mozilla/5.0 (Windows NT 6.1; Win64; x64) AppleWebKit/537.36 (KHTML, like Gecko) Chrome/75.0.3770.100 Safari/537.36"
213.153.47.173 - - [11/Jul/2019:15:22:42 +0200] "GET /reload?ser=1562851362718 HTTP/1.1" 200 28 "http://renault.activities.at/login?required=true" "Mozilla/5.0 (Windows NT 10.0; Win64; x64; rv:67.0) Gecko/20100101 Firefox/67.0"
212.152.246.135 - - [11/Jul/2019:15:22:54 +0200] "GET /reload?ser=1562851374098 HTTP/1.1" 200 28 "http://renault.activities.at/" "Mozilla/5.0 (Windows NT 10.0; Win64; x64; rv:68.0) Gecko/20100101 Firefox/68.0"
138.21.12.25 - - [11/Jul/2019:15:23:11 +0200] "GET /reload?ser=1562851390939 HTTP/1.1" 200 28 "http://renault.2web.at/login" "Mozilla/5.0 (Windows NT 10.0; WOW64; Trident/7.0; Touch; rv:11.0) like Gecko"
212.152.246.130 - - [11/Jul/2019:15:23:22 +0200] "GET /reload?ser=1562851396609 HTTP/1.1" 200 28 "http://renault.activities.at/result?searchterm=true&search=twingo" "Mozilla/5.0 (Windows NT 6.1; Win64; x64) AppleWebKit/537.36 (KHTML, like Gecko) Chrome/75.0.3770.100 Safari/537.36"
212.152.246.130 - - [11/Jul/2019:15:23:35 +0200] "GET /result?dir=DESC&mode=grid&order=name&limit=15&page=2&search=twingo HTTP/1.1" 200 8502 "http://renault.activities.at/result?searchterm=true&search=twingo" "Mozilla/5.0 (Windows NT 6.1; Win64; x64) AppleWebKit/537.36 (KHTML, like Gecko) Chrome/75.0.3770.100 Safari/537.36"
213.153.47.173 - - [11/Jul/2019:15:23:43 +0200] "GET /reload?ser=1562851423408 HTTP/1.1" 200 28 "http://renault.activities.at/login?required=true" "Mozilla/5.0 (Windows NT 10.0; Win64; x64; rv:67.0) Gecko/20100101 Firefox/67.0"
212.152.246.130 - - [11/Jul/2019:15:23:47 +0200] "POST /axjaxrequest?mode=suggest HTTP/1.1" 200 21 "http://renault.activities.at/result?dir=DESC&mode=grid&order=name&limit=15&page=2&search=twingo" "Mozilla/5.0 (Windows NT 6.1; Win64; x64) AppleWebKit/537.36 (KHTML, like Gecko) Chrome/75.0.3770.100 Safari/537.36"
212.152.246.130 - - [11/Jul/2019:15:23:48 +0200] "POST /axjaxrequest?mode=suggest HTTP/1.1" 200 21 "http://renault.activities.at/result?dir=DESC&mode=grid&order=name&limit=15&page=2&search=twingo" "Mozilla/5.0 (Windows NT 6.1; Win64; x64) AppleWebKit/537.36 (KHTML, like Gecko) Chrome/75.0.3770.100 Safari/537.36"
212.152.246.130 - - [11/Jul/2019:15:23:49 +0200] "POST /axjaxrequest?mode=suggest HTTP/1.1" 200 111 "http://renault.activities.at/result?dir=DESC&mode=grid&order=name&limit=15&page=2&search=twingo" "Mozilla/5.0 (Windows NT 6.1; Win64; x64) AppleWebKit/537.36 (KHTML, like Gecko) Chrome/75.0.3770.100 Safari/537.36"
212.152.246.130 - - [11/Jul/2019:15:23:51 +0200] "GET /result?searchterm=true&search=Kadjar HTTP/1.1" 200 9693 "http://renault.activities.at/result?dir=DESC&mode=grid&order=name&limit=15&page=2&search=twingo" "Mozilla/5.0 (Windows NT 6.1; Win64; x64) AppleWebKit/537.36 (KHTML, like Gecko) Chrome/75.0.3770.100 Safari/537.36"
212.152.246.135 - - [11/Jul/2019:15:23:54 +0200] "GET /reload?ser=1562851434801 HTTP/1.1" 200 28 "http://renault.activities.at/" "Mozilla/5.0 (Windows NT 10.0; Win64; x64; rv:68.0) Gecko/20100101 Firefox/68.0"
212.152.246.130 - - [11/Jul/2019:15:24:01 +0200] "GET /result?dir=DESC&mode=grid&order=name&limit=15&page=2&search=Kadjar HTTP/1.1" 200 7948 "http://renault.activities.at/result?searchterm=true&search=Kadjar" "Mozilla/5.0 (Windows NT 6.1; Win64; x64) AppleWebKit/537.36 (KHTML, like Gecko) Chrome/75.0.3770.100 Safari/537.36"
138.21.12.25 - - [11/Jul/2019:15:24:11 +0200] "GET /reload?ser=1562851451650 HTTP/1.1" 200 28 "http://renault.2web.at/login" "Mozilla/5.0 (Windows NT 10.0; WOW64; Trident/7.0; Touch; rv:11.0) like Gecko"
212.152.246.130 - - [11/Jul/2019:15:24:10 +0200] "GET /result?searchterm=true&search=poster HTTP/1.1" 200 9649 "http://renault.activities.at/result?dir=DESC&mode=grid&order=name&limit=15&page=2&search=Kadjar" "Mozilla/5.0 (Windows NT 6.1; Win64; x64) AppleWebKit/537.36 (KHTML, like Gecko) Chrome/75.0.3770.100 Safari/537.36"
212.152.246.130 - - [11/Jul/2019:15:24:10 +0200] "POST /axjaxrequest?mode=suggest HTTP/1.1" 200 135 "http://renault.activities.at/result?dir=DESC&mode=grid&order=name&limit=15&page=2&search=Kadjar" "Mozilla/5.0 (Windows NT 6.1; Win64; x64) AppleWebKit/537.36 (KHTML, like Gecko) Chrome/75.0.3770.100 Safari/537.36"
212.152.246.130 - - [11/Jul/2019:15:24:12 +0200] "GET /result?searchterm=true&search=poster HTTP/1.1" 200 9649 "http://renault.activities.at/result?dir=DESC&mode=grid&order=name&limit=15&page=2&search=Kadjar" "Mozilla/5.0 (Windows NT 6.1; Win64; x64) AppleWebKit/537.36 (KHTML, like Gecko) Chrome/75.0.3770.100 Safari/537.36"
212.152.246.130 - - [11/Jul/2019:15:24:17 +0200] "GET /loadthumbnail.php?id=11910262&width=113 HTTP/1.1" 200 18465 "http://renault.activities.at/result?searchterm=true&search=poster" "Mozilla/5.0 (Windows NT 6.1; Win64; x64) AppleWebKit/537.36 (KHTML, like Gecko) Chrome/75.0.3770.100 Safari/537.36"
212.152.246.130 - - [11/Jul/2019:15:24:18 +0200] "GET /loadthumbnail.php?id=11910255&width=113 HTTP/1.1" 200 18465 "http://renault.activities.at/result?searchterm=true&search=poster" "Mozilla/5.0 (Windows NT 6.1; Win64; x64) AppleWebKit/537.36 (KHTML, like Gecko) Chrome/75.0.3770.100 Safari/537.36"
212.152.246.130 - - [11/Jul/2019:15:24:18 +0200] "GET /loadthumbnail.php?id=11910267&width=113 HTTP/1.1" 200 16417 "http://renault.activities.at/result?searchterm=true&search=poster" "Mozilla/5.0 (Windows NT 6.1; Win64; x64) AppleWebKit/537.36 (KHTML, like Gecko) Chrome/75.0.3770.100 Safari/537.36"
212.152.246.130 - - [11/Jul/2019:15:24:18 +0200] "GET /loadthumbnail.php?id=11910272&width=113 HTTP/1.1" 200 16417 "http://renault.activities.at/result?searchterm=true&search=poster" "Mozilla/5.0 (Windows NT 6.1; Win64; x64) AppleWebKit/537.36 (KHTML, like Gecko) Chrome/75.0.3770.100 Safari/537.36"
212.152.246.130 - - [11/Jul/2019:15:24:18 +0200] "GET /loadthumbnail.php?id=11615284&width=113 HTTP/1.1" 200 18014 "http://renault.activities.at/result?searchterm=true&search=poster" "Mozilla/5.0 (Windows NT 6.1; Win64; x64) AppleWebKit/537.36 (KHTML, like Gecko) Chrome/75.0.3770.100 Safari/537.36"
212.152.246.130 - - [11/Jul/2019:15:24:18 +0200] "GET /loadthumbnail.php?id=11487305&width=113 HTTP/1.1" 200 39775 "http://renault.activities.at/result?searchterm=true&search=poster" "Mozilla/5.0 (Windows NT 6.1; Win64; x64) AppleWebKit/537.36 (KHTML, like Gecko) Chrome/75.0.3770.100 Safari/537.36"
212.152.246.130 - - [11/Jul/2019:15:24:18 +0200] "GET /loadthumbnail.php?id=11586948&width=113 HTTP/1.1" 200 5839 "http://renault.activities.at/result?searchterm=true&search=poster" "Mozilla/5.0 (Windows NT 6.1; Win64; x64) AppleWebKit/537.36 (KHTML, like Gecko) Chrome/75.0.3770.100 Safari/537.36"
212.152.246.130 - - [11/Jul/2019:15:24:18 +0200] "GET /loadthumbnail.php?id=12039582&width=113 HTTP/1.1" 200 33590 "http://renault.activities.at/result?searchterm=true&search=poster" "Mozilla/5.0 (Windows NT 6.1; Win64; x64) AppleWebKit/537.36 (KHTML, like Gecko) Chrome/75.0.3770.100 Safari/537.36"
212.152.246.130 - - [11/Jul/2019:15:24:18 +0200] "GET /loadthumbnail.php?id=12039590&width=113 HTTP/1.1" 200 28525 "http://renault.activities.at/result?searchterm=true&search=poster" "Mozilla/5.0 (Windows NT 6.1; Win64; x64) AppleWebKit/537.36 (KHTML, like Gecko) Chrome/75.0.3770.100 Safari/537.36"
212.152.246.130 - - [11/Jul/2019:15:24:18 +0200] "GET /loadthumbnail.php?id=12039405&width=113 HTTP/1.1" 200 18152 "http://renault.activities.at/result?searchterm=true&search=poster" "Mozilla/5.0 (Windows NT 6.1; Win64; x64) AppleWebKit/537.36 (KHTML, like Gecko) Chrome/75.0.3770.100 Safari/537.36"
212.152.246.130 - - [11/Jul/2019:15:24:18 +0200] "GET /loadthumbnail.php?id=12039409&width=113 HTTP/1.1" 200 16978 "http://renault.activities.at/result?searchterm=true&search=poster" "Mozilla/5.0 (Windows NT 6.1; Win64; x64) AppleWebKit/537.36 (KHTML, like Gecko) Chrome/75.0.3770.100 Safari/537.36"
212.152.246.130 - - [11/Jul/2019:15:24:27 +0200] "GET /result?dir=DESC&mode=grid&order=name&limit=15&page=5&search=poster HTTP/1.1" 200 7830 "http://renault.activities.at/result?searchterm=true&search=poster" "Mozilla/5.0 (Windows NT 6.1; Win64; x64) AppleWebKit/537.36 (KHTML, like Gecko) Chrome/75.0.3770.100 Safari/537.36"
212.152.246.130 - - [11/Jul/2019:15:24:29 +0200] "GET /loadthumbnail.php?id=11901068&width=113 HTTP/1.1" 200 14816 "http://renault.activities.at/result?dir=DESC&mode=grid&order=name&limit=15&page=5&search=poster" "Mozilla/5.0 (Windows NT 6.1; Win64; x64) AppleWebKit/537.36 (KHTML, like Gecko) Chrome/75.0.3770.100 Safari/537.36"
212.152.246.130 - - [11/Jul/2019:15:24:29 +0200] "GET /loadthumbnail.php?id=11901055&width=113 HTTP/1.1" 200 14816 "http://renault.activities.at/result?dir=DESC&mode=grid&order=name&limit=15&page=5&search=poster" "Mozilla/5.0 (Windows NT 6.1; Win64; x64) AppleWebKit/537.36 (KHTML, like Gecko) Chrome/75.0.3770.100 Safari/537.36"
212.152.246.130 - - [11/Jul/2019:15:24:29 +0200] "GET /loadthumbnail.php?id=12011459&width=113 HTTP/1.1" 200 27010 "http://renault.activities.at/result?dir=DESC&mode=grid&order=name&limit=15&page=5&search=poster" "Mozilla/5.0 (Windows NT 6.1; Win64; x64) AppleWebKit/537.36 (KHTML, like Gecko) Chrome/75.0.3770.100 Safari/537.36"
212.152.246.130 - - [11/Jul/2019:15:24:29 +0200] "GET /loadthumbnail.php?id=12011452&width=113 HTTP/1.1" 200 18490 "http://renault.activities.at/result?dir=DESC&mode=grid&order=name&limit=15&page=5&search=poster" "Mozilla/5.0 (Windows NT 6.1; Win64; x64) AppleWebKit/537.36 (KHTML, like Gecko) Chrome/75.0.3770.100 Safari/537.36"
212.152.246.130 - - [11/Jul/2019:15:24:29 +0200] "GET /loadthumbnail.php?id=12011456&width=113 HTTP/1.1" 200 14012 "http://renault.activities.at/result?dir=DESC&mode=grid&order=name&limit=15&page=5&search=poster" "Mozilla/5.0 (Windows NT 6.1; Win64; x64) AppleWebKit/537.36 (KHTML, like Gecko) Chrome/75.0.3770.100 Safari/537.36"
212.152.246.130 - - [11/Jul/2019:15:24:32 +0200] "GET /result?dir=DESC&mode=grid&order=name&limit=15&page=4&search=poster HTTP/1.1" 200 9733 "http://renault.activities.at/result?dir=DESC&mode=grid&order=name&limit=15&page=5&search=poster" "Mozilla/5.0 (Windows NT 6.1; Win64; x64) AppleWebKit/537.36 (KHTML, like Gecko) Chrome/75.0.3770.100 Safari/537.36"
212.152.246.130 - - [11/Jul/2019:15:24:35 +0200] "GET /loadthumbnail.php?id=11784479&width=113 HTTP/1.1" 200 2490 "http://renault.activities.at/result?dir=DESC&mode=grid&order=name&limit=15&page=4&search=poster" "Mozilla/5.0 (Windows NT 6.1; Win64; x64) AppleWebKit/537.36 (KHTML, like Gecko) Chrome/75.0.3770.100 Safari/537.36"
212.152.246.130 - - [11/Jul/2019:15:24:35 +0200] "GET /loadthumbnail.php?id=11340121&width=113 HTTP/1.1" 200 4540 "http://renault.activities.at/result?dir=DESC&mode=grid&order=name&limit=15&page=4&search=poster" "Mozilla/5.0 (Windows NT 6.1; Win64; x64) AppleWebKit/537.36 (KHTML, like Gecko) Chrome/75.0.3770.100 Safari/537.36"
212.152.246.130 - - [11/Jul/2019:15:24:35 +0200] "GET /loadthumbnail.php?id=11340122&width=113 HTTP/1.1" 200 3786 "http://renault.activities.at/result?dir=DESC&mode=grid&order=name&limit=15&page=4&search=poster" "Mozilla/5.0 (Windows NT 6.1; Win64; x64) AppleWebKit/537.36 (KHTML, like Gecko) Chrome/75.0.3770.100 Safari/537.36"
212.152.246.130 - - [11/Jul/2019:15:24:35 +0200] "GET /loadthumbnail.php?id=11435681&width=113 HTTP/1.1" 200 3946 "http://renault.activities.at/result?dir=DESC&mode=grid&order=name&limit=15&page=4&search=poster" "Mozilla/5.0 (Windows NT 6.1; Win64; x64) AppleWebKit/537.36 (KHTML, like Gecko) Chrome/75.0.3770.100 Safari/537.36"
213.153.47.173 - - [11/Jul/2019:15:24:44 +0200] "GET /reload?ser=1562851484078 HTTP/1.1" 200 28 "http://renault.activities.at/login?required=true" "Mozilla/5.0 (Windows NT 10.0; Win64; x64; rv:67.0) Gecko/20100101 Firefox/67.0"
212.152.246.130 - - [11/Jul/2019:15:24:44 +0200] "POST /axjaxrequest?mode=suggest HTTP/1.1" 200 21 "http://renault.activities.at/result?dir=DESC&mode=grid&order=name&limit=15&page=4&search=poster" "Mozilla/5.0 (Windows NT 6.1; Win64; x64) AppleWebKit/537.36 (KHTML, like Gecko) Chrome/75.0.3770.100 Safari/537.36"
212.152.246.130 - - [11/Jul/2019:15:24:45 +0200] "GET /result?searchterm=true&search=beklebung HTTP/1.1" 200 5911 "http://renault.activities.at/result?dir=DESC&mode=grid&order=name&limit=15&page=4&search=poster" "Mozilla/5.0 (Windows NT 6.1; Win64; x64) AppleWebKit/537.36 (KHTML, like Gecko) Chrome/75.0.3770.100 Safari/537.36"
212.152.246.130 - - [11/Jul/2019:15:24:51 +0200] "POST /axjaxrequest?mode=suggest HTTP/1.1" 200 203 "http://renault.activities.at/result?searchterm=true&search=beklebung" "Mozilla/5.0 (Windows NT 6.1; Win64; x64) AppleWebKit/537.36 (KHTML, like Gecko) Chrome/75.0.3770.100 Safari/537.36"
212.152.246.130 - - [11/Jul/2019:15:24:53 +0200] "POST /axjaxrequest?mode=suggest HTTP/1.1" 200 21 "http://renault.activities.at/result?searchterm=true&search=beklebung" "Mozilla/5.0 (Windows NT 6.1; Win64; x64) AppleWebKit/537.36 (KHTML, like Gecko) Chrome/75.0.3770.100 Safari/537.36"
212.152.246.135 - - [11/Jul/2019:15:24:55 +0200] "GET /reload?ser=1562851495504 HTTP/1.1" 200 28 "http://renault.activities.at/" "Mozilla/5.0 (Windows NT 10.0; Win64; x64; rv:68.0) Gecko/20100101 Firefox/68.0"
212.152.246.130 - - [11/Jul/2019:15:24:56 +0200] "POST /axjaxrequest?mode=suggest HTTP/1.1" 200 21 "http://renault.activities.at/result?searchterm=true&search=beklebung" "Mozilla/5.0 (Windows NT 6.1; Win64; x64) AppleWebKit/537.36 (KHTML, like Gecko) Chrome/75.0.3770.100 Safari/537.36"
212.152.246.130 - - [11/Jul/2019:15:24:56 +0200] "GET /result?searchterm=true&search=werbe HTTP/1.1" 200 5908 "http://renault.activities.at/result?searchterm=true&search=beklebung" "Mozilla/5.0 (Windows NT 6.1; Win64; x64) AppleWebKit/537.36 (KHTML, like Gecko) Chrome/75.0.3770.100 Safari/537.36"
212.152.246.130 - - [11/Jul/2019:15:25:02 +0200] "POST /axjaxrequest?mode=suggest HTTP/1.1" 200 203 "http://renault.activities.at/result?searchterm=true&search=werbe" "Mozilla/5.0 (Windows NT 6.1; Win64; x64) AppleWebKit/537.36 (KHTML, like Gecko) Chrome/75.0.3770.100 Safari/537.36"
212.152.246.130 - - [11/Jul/2019:15:25:03 +0200] "GET /result?searchterm=true&search=werbung HTTP/1.1" 200 5909 "http://renault.activities.at/result?searchterm=true&search=werbe" "Mozilla/5.0 (Windows NT 6.1; Win64; x64) AppleWebKit/537.36 (KHTML, like Gecko) Chrome/75.0.3770.100 Safari/537.36"
212.152.246.130 - - [11/Jul/2019:15:25:03 +0200] "POST /axjaxrequest?mode=suggest HTTP/1.1" 200 21 "http://renault.activities.at/result?searchterm=true&search=werbe" "Mozilla/5.0 (Windows NT 6.1; Win64; x64) AppleWebKit/537.36 (KHTML, like Gecko) Chrome/75.0.3770.100 Safari/537.36"
212.152.246.130 - - [11/Jul/2019:15:25:08 +0200] "GET /10260003 HTTP/1.1" 200 10235 "http://renault.activities.at/result?searchterm=true&search=werbung" "Mozilla/5.0 (Windows NT 6.1; Win64; x64) AppleWebKit/537.36 (KHTML, like Gecko) Chrome/75.0.3770.100 Safari/537.36"
212.152.246.130 - - [11/Jul/2019:15:25:12 +0200] "GET /images/sub_title_bg.jpg HTTP/1.1" 200 314 "http://renault.activities.at/css/styles.css" "Mozilla/5.0 (Windows NT 6.1; Win64; x64) AppleWebKit/537.36 (KHTML, like Gecko) Chrome/75.0.3770.100 Safari/537.36"
212.152.246.130 - - [11/Jul/2019:15:25:12 +0200] "GET /loadthumbnail.php?id=10958231&width=113 HTTP/1.1" 200 26171 "http://renault.activities.at/10260003" "Mozilla/5.0 (Windows NT 6.1; Win64; x64) AppleWebKit/537.36 (KHTML, like Gecko) Chrome/75.0.3770.100 Safari/537.36"
212.152.246.130 - - [11/Jul/2019:15:25:12 +0200] "GET /loadthumbnail.php?id=11075492&width=113 HTTP/1.1" 200 2349 "http://renault.activities.at/10260003" "Mozilla/5.0 (Windows NT 6.1; Win64; x64) AppleWebKit/537.36 (KHTML, like Gecko) Chrome/75.0.3770.100 Safari/537.36"
212.152.246.130 - - [11/Jul/2019:15:25:12 +0200] "GET /loadthumbnail.php?id=11075482&width=113 HTTP/1.1" 200 2349 "http://renault.activities.at/10260003" "Mozilla/5.0 (Windows NT 6.1; Win64; x64) AppleWebKit/537.36 (KHTML, like Gecko) Chrome/75.0.3770.100 Safari/537.36"
212.152.246.130 - - [11/Jul/2019:15:25:12 +0200] "GET /loadthumbnail.php?id=11036339&width=113 HTTP/1.1" 200 1330 "http://renault.activities.at/10260003" "Mozilla/5.0 (Windows NT 6.1; Win64; x64) AppleWebKit/537.36 (KHTML, like Gecko) Chrome/75.0.3770.100 Safari/537.36"
212.152.246.130 - - [11/Jul/2019:15:25:12 +0200] "GET /loadthumbnail.php?id=10746885&width=113 HTTP/1.1" 200 3633 "http://renault.activities.at/10260003" "Mozilla/5.0 (Windows NT 6.1; Win64; x64) AppleWebKit/537.36 (KHTML, like Gecko) Chrome/75.0.3770.100 Safari/537.36"
138.21.12.25 - - [11/Jul/2019:15:25:12 +0200] "GET /reload?ser=1562851512357 HTTP/1.1" 200 28 "http://renault.2web.at/login" "Mozilla/5.0 (Windows NT 10.0; WOW64; Trident/7.0; Touch; rv:11.0) like Gecko"
