83.175.113.91 - - [06/Aug/2019:13:03:16 +0200] "GET /reload?ser=1565089396428 HTTP/1.1" 200 28 "http://renault.activities.at/" "Mozilla/5.0 (Windows NT 6.1; WOW64; Trident/7.0; rv:11.0) like Gecko"
217.13.176.185 - - [06/Aug/2019:13:03:19 +0200] "GET /action HTTP/1.1" 200 3929 "http://renault.activities.at/account" "Mozilla/5.0 (Windows NT 6.1; Trident/7.0; rv:11.0) like Gecko"
217.13.176.185 - - [06/Aug/2019:13:03:21 +0200] "GET /images/note_msg_icon.gif HTTP/1.1" 304 - "http://renault.activities.at/action" "Mozilla/5.0 (Windows NT 6.1; Trident/7.0; rv:11.0) like Gecko"
217.13.176.185 - - [06/Aug/2019:13:03:29 +0200] "GET /action HTTP/1.1" 200 3929 "http://renault.activities.at/action" "Mozilla/5.0 (Windows NT 6.1; Trident/7.0; rv:11.0) like Gecko"
217.13.176.185 - - [06/Aug/2019:13:03:33 +0200] "GET /action?mode=1 HTTP/1.1" 200 3929 "http://renault.activities.at/action" "Mozilla/5.0 (Windows NT 6.1; Trident/7.0; rv:11.0) like Gecko"
217.13.176.185 - - [06/Aug/2019:13:03:37 +0200] "GET /action?mode=2 HTTP/1.1" 200 5004 "http://renault.activities.at/action?mode=1" "Mozilla/5.0 (Windows NT 6.1; Trident/7.0; rv:11.0) like Gecko"
213.153.47.173 - - [06/Aug/2019:13:03:40 +0200] "GET /reload?ser=1565089420617 HTTP/1.1" 200 28 "http://renault.activities.at/login?required=true" "Mozilla/5.0 (Windows NT 10.0; Win64; x64; rv:68.0) Gecko/20100101 Firefox/68.0"
212.152.246.133 - - [06/Aug/2019:13:04:00 +0200] "GET /reload?ser=1565089439289 HTTP/1.1" 200 28 "http://renault.activities.at/account" "Mozilla/5.0 (Windows NT 6.1; WOW64; Trident/7.0; rv:11.0) like Gecko"
83.175.113.91 - - [06/Aug/2019:13:04:17 +0200] "GET /reload?ser=1565089457102 HTTP/1.1" 200 28 "http://renault.activities.at/" "Mozilla/5.0 (Windows NT 6.1; WOW64; Trident/7.0; rv:11.0) like Gecko"
217.13.176.185 - - [06/Aug/2019:13:04:26 +0200] "GET /10260009 HTTP/1.1" 200 7912 "http://renault.activities.at/action?mode=2" "Mozilla/5.0 (Windows NT 6.1; Trident/7.0; rv:11.0) like Gecko"
217.13.176.185 - - [06/Aug/2019:13:04:29 +0200] "GET /js/prototip.js HTTP/1.1" 304 - "http://renault.activities.at/10260009" "Mozilla/5.0 (Windows NT 6.1; Trident/7.0; rv:11.0) like Gecko"
217.13.176.185 - - [06/Aug/2019:13:04:29 +0200] "GET /js/ProduktGrp.js HTTP/1.1" 304 - "http://renault.activities.at/10260009" "Mozilla/5.0 (Windows NT 6.1; Trident/7.0; rv:11.0) like Gecko"
217.13.176.185 - - [06/Aug/2019:13:04:29 +0200] "GET /images/loading.gif HTTP/1.1" 304 - "http://renault.activities.at/10260009" "Mozilla/5.0 (Windows NT 6.1; Trident/7.0; rv:11.0) like Gecko"
217.13.176.185 - - [06/Aug/2019:13:04:29 +0200] "GET /loadthumbnail.php?id=11146700&width=113 HTTP/1.1" 200 1415 "http://renault.activities.at/10260009" "Mozilla/5.0 (Windows NT 6.1; Trident/7.0; rv:11.0) like Gecko"
217.13.176.185 - - [06/Aug/2019:13:04:29 +0200] "GET /images/vista-up.gif HTTP/1.1" 304 - "http://renault.activities.at/10260009" "Mozilla/5.0 (Windows NT 6.1; Trident/7.0; rv:11.0) like Gecko"
217.13.176.185 - - [06/Aug/2019:13:04:29 +0200] "GET /loadthumbnail.php?id=10203255 HTTP/1.1" 200 137 "http://renault.activities.at/10260009" "Mozilla/5.0 (Windows NT 6.1; Trident/7.0; rv:11.0) like Gecko"
217.13.176.185 - - [06/Aug/2019:13:04:29 +0200] "GET /images/vista-dn.gif HTTP/1.1" 304 - "http://renault.activities.at/10260009" "Mozilla/5.0 (Windows NT 6.1; Trident/7.0; rv:11.0) like Gecko"
217.13.176.185 - - [06/Aug/2019:13:04:29 +0200] "GET /loadthumbnail.php?id=11094463&width=113 HTTP/1.1" 200 2237 "http://renault.activities.at/10260009" "Mozilla/5.0 (Windows NT 6.1; Trident/7.0; rv:11.0) like Gecko"
217.13.176.185 - - [06/Aug/2019:13:04:29 +0200] "GET /images/pager_bg.gif HTTP/1.1" 304 - "http://renault.activities.at/10260009" "Mozilla/5.0 (Windows NT 6.1; Trident/7.0; rv:11.0) like Gecko"
217.13.176.185 - - [06/Aug/2019:13:04:29 +0200] "GET /loadthumbnail.php?id=12064387&width=113 HTTP/1.1" 200 3233 "http://renault.activities.at/10260009" "Mozilla/5.0 (Windows NT 6.1; Trident/7.0; rv:11.0) like Gecko"
217.13.176.185 - - [06/Aug/2019:13:04:29 +0200] "GET /loadthumbnail.php?id=10633817&width=113 HTTP/1.1" 200 2614 "http://renault.activities.at/10260009" "Mozilla/5.0 (Windows NT 6.1; Trident/7.0; rv:11.0) like Gecko"
217.13.176.185 - - [06/Aug/2019:13:04:29 +0200] "GET /loadthumbnail.php?id=12064393&width=113 HTTP/1.1" 200 2870 "http://renault.activities.at/10260009" "Mozilla/5.0 (Windows NT 6.1; Trident/7.0; rv:11.0) like Gecko"
217.13.176.185 - - [06/Aug/2019:13:04:29 +0200] "GET /loadthumbnail.php?id=10203650&width=113 HTTP/1.1" 200 2741 "http://renault.activities.at/10260009" "Mozilla/5.0 (Windows NT 6.1; Trident/7.0; rv:11.0) like Gecko"
217.13.176.185 - - [06/Aug/2019:13:04:29 +0200] "GET /loadthumbnail.php?id=12010095&width=113 HTTP/1.1" 200 20832 "http://renault.activities.at/10260009" "Mozilla/5.0 (Windows NT 6.1; Trident/7.0; rv:11.0) like Gecko"
217.13.176.185 - - [06/Aug/2019:13:04:30 +0200] "GET /images/validation_advice_bg.gif HTTP/1.1" 304 - "http://renault.activities.at/10260009" "Mozilla/5.0 (Windows NT 6.1; Trident/7.0; rv:11.0) like Gecko"
217.13.176.185 - - [06/Aug/2019:13:04:38 +0200] "GET /images/vista-up-hover.gif HTTP/1.1" 304 - "http://renault.activities.at/10260009" "Mozilla/5.0 (Windows NT 6.1; Trident/7.0; rv:11.0) like Gecko"
213.153.47.173 - - [06/Aug/2019:13:04:41 +0200] "GET /reload?ser=1565089481267 HTTP/1.1" 200 28 "http://renault.activities.at/login?required=true" "Mozilla/5.0 (Windows NT 10.0; Win64; x64; rv:68.0) Gecko/20100101 Firefox/68.0"
217.13.176.185 - - [06/Aug/2019:13:04:44 +0200] "POST /10260009 HTTP/1.1" 200 8103 "http://renault.activities.at/10260009" "Mozilla/5.0 (Windows NT 6.1; Trident/7.0; rv:11.0) like Gecko"
217.13.176.185 - - [06/Aug/2019:13:04:47 +0200] "GET /images/success_msg_icon.gif HTTP/1.1" 304 - "http://renault.activities.at/10260009" "Mozilla/5.0 (Windows NT 6.1; Trident/7.0; rv:11.0) like Gecko"
212.152.246.133 - - [06/Aug/2019:13:05:01 +0200] "GET /reload?ser=1565089500294 HTTP/1.1" 200 28 "http://renault.activities.at/account" "Mozilla/5.0 (Windows NT 6.1; WOW64; Trident/7.0; rv:11.0) like Gecko"
217.13.176.185 - - [06/Aug/2019:13:05:09 +0200] "GET /10260286 HTTP/1.1" 200 6995 "http://renault.activities.at/10260009" "Mozilla/5.0 (Windows NT 6.1; Trident/7.0; rv:11.0) like Gecko"
217.13.176.185 - - [06/Aug/2019:13:05:11 +0200] "GET /loadthumbnail.php?id=11423838&width=113 HTTP/1.1" 200 2865 "http://renault.activities.at/10260286" "Mozilla/5.0 (Windows NT 6.1; Trident/7.0; rv:11.0) like Gecko"
83.175.113.91 - - [06/Aug/2019:13:05:18 +0200] "GET /reload?ser=1565089517757 HTTP/1.1" 200 28 "http://renault.activities.at/" "Mozilla/5.0 (Windows NT 6.1; WOW64; Trident/7.0; rv:11.0) like Gecko"
217.13.176.185 - - [06/Aug/2019:13:05:25 +0200] "GET /10260300 HTTP/1.1" 200 9675 "http://renault.activities.at/10260286" "Mozilla/5.0 (Windows NT 6.1; Trident/7.0; rv:11.0) like Gecko"
217.13.176.185 - - [06/Aug/2019:13:05:28 +0200] "GET /loadthumbnail.php?id=10203276 HTTP/1.1" 200 75 "http://renault.activities.at/10260300" "Mozilla/5.0 (Windows NT 6.1; Trident/7.0; rv:11.0) like Gecko"
217.13.176.185 - - [06/Aug/2019:13:05:28 +0200] "GET /loadthumbnail.php?id=10958231&width=113 HTTP/1.1" 200 26171 "http://renault.activities.at/10260300" "Mozilla/5.0 (Windows NT 6.1; Trident/7.0; rv:11.0) like Gecko"
217.13.176.185 - - [06/Aug/2019:13:05:28 +0200] "GET /loadthumbnail.php?id=10746885&width=113 HTTP/1.1" 200 3633 "http://renault.activities.at/10260300" "Mozilla/5.0 (Windows NT 6.1; Trident/7.0; rv:11.0) like Gecko"
217.13.176.185 - - [06/Aug/2019:13:05:28 +0200] "GET /loadthumbnail.php?id=11036127&width=113 HTTP/1.1" 200 1099 "http://renault.activities.at/10260300" "Mozilla/5.0 (Windows NT 6.1; Trident/7.0; rv:11.0) like Gecko"
217.13.176.185 - - [06/Aug/2019:13:05:28 +0200] "GET /loadthumbnail.php?id=11036339&width=113 HTTP/1.1" 200 1330 "http://renault.activities.at/10260300" "Mozilla/5.0 (Windows NT 6.1; Trident/7.0; rv:11.0) like Gecko"
217.13.176.185 - - [06/Aug/2019:13:05:28 +0200] "GET /loadthumbnail.php?id=10260877&width=113 HTTP/1.1" 200 1170 "http://renault.activities.at/10260300" "Mozilla/5.0 (Windows NT 6.1; Trident/7.0; rv:11.0) like Gecko"
217.13.176.185 - - [06/Aug/2019:13:05:28 +0200] "GET /loadthumbnail.php?id=11885850&width=113 HTTP/1.1" 200 1552 "http://renault.activities.at/10260300" "Mozilla/5.0 (Windows NT 6.1; Trident/7.0; rv:11.0) like Gecko"
217.13.176.185 - - [06/Aug/2019:13:05:28 +0200] "GET /loadthumbnail.php?id=11036124&width=113 HTTP/1.1" 200 1328 "http://renault.activities.at/10260300" "Mozilla/5.0 (Windows NT 6.1; Trident/7.0; rv:11.0) like Gecko"
217.13.176.185 - - [06/Aug/2019:13:05:28 +0200] "GET /loadthumbnail.php?id=10260863&width=113 HTTP/1.1" 200 1170 "http://renault.activities.at/10260300" "Mozilla/5.0 (Windows NT 6.1; Trident/7.0; rv:11.0) like Gecko"
217.13.176.185 - - [06/Aug/2019:13:05:28 +0200] "GET /loadthumbnail.php?id=11255648&width=113 HTTP/1.1" 200 1285 "http://renault.activities.at/10260300" "Mozilla/5.0 (Windows NT 6.1; Trident/7.0; rv:11.0) like Gecko"
217.13.176.185 - - [06/Aug/2019:13:05:28 +0200] "GET /loadthumbnail.php?id=10260861&width=113 HTTP/1.1" 200 1170 "http://renault.activities.at/10260300" "Mozilla/5.0 (Windows NT 6.1; Trident/7.0; rv:11.0) like Gecko"
217.13.176.185 - - [06/Aug/2019:13:05:29 +0200] "GET /loadthumbnail.php?id=10260875&width=113 HTTP/1.1" 200 1170 "http://renault.activities.at/10260300" "Mozilla/5.0 (Windows NT 6.1; Trident/7.0; rv:11.0) like Gecko"
213.153.47.173 - - [06/Aug/2019:13:05:41 +0200] "GET /reload?ser=1565089541936 HTTP/1.1" 200 28 "http://renault.activities.at/login?required=true" "Mozilla/5.0 (Windows NT 10.0; Win64; x64; rv:68.0) Gecko/20100101 Firefox/68.0"
217.13.176.185 - - [06/Aug/2019:13:05:40 +0200] "GET /10260300?dir=DESC&mode=grid&order=name&limit=50 HTTP/1.1" 200 12481 "http://renault.activities.at/10260300" "Mozilla/5.0 (Windows NT 6.1; Trident/7.0; rv:11.0) like Gecko"
217.13.176.185 - - [06/Aug/2019:13:05:46 +0200] "GET /loadthumbnail.php?id=11885851&width=113 HTTP/1.1" 200 1576 "http://renault.activities.at/10260300?dir=DESC&mode=grid&order=name&limit=50" "Mozilla/5.0 (Windows NT 6.1; Trident/7.0; rv:11.0) like Gecko"
217.13.176.185 - - [06/Aug/2019:13:05:46 +0200] "GET /loadthumbnail.php?id=10915652&width=113 HTTP/1.1" 200 1387 "http://renault.activities.at/10260300?dir=DESC&mode=grid&order=name&limit=50" "Mozilla/5.0 (Windows NT 6.1; Trident/7.0; rv:11.0) like Gecko"
217.13.176.185 - - [06/Aug/2019:13:05:46 +0200] "GET /loadthumbnail.php?id=10260890&width=113 HTTP/1.1" 200 1170 "http://renault.activities.at/10260300?dir=DESC&mode=grid&order=name&limit=50" "Mozilla/5.0 (Windows NT 6.1; Trident/7.0; rv:11.0) like Gecko"
217.13.176.185 - - [06/Aug/2019:13:05:46 +0200] "GET /loadthumbnail.php?id=10919466&width=113 HTTP/1.1" 200 1477 "http://renault.activities.at/10260300?dir=DESC&mode=grid&order=name&limit=50" "Mozilla/5.0 (Windows NT 6.1; Trident/7.0; rv:11.0) like Gecko"
217.13.176.185 - - [06/Aug/2019:13:05:46 +0200] "GET /loadthumbnail.php?id=11036126&width=113 HTTP/1.1" 200 1377 "http://renault.activities.at/10260300?dir=DESC&mode=grid&order=name&limit=50" "Mozilla/5.0 (Windows NT 6.1; Trident/7.0; rv:11.0) like Gecko"
217.13.176.185 - - [06/Aug/2019:13:05:46 +0200] "GET /loadthumbnail.php?id=10915886&width=113 HTTP/1.1" 200 1376 "http://renault.activities.at/10260300?dir=DESC&mode=grid&order=name&limit=50" "Mozilla/5.0 (Windows NT 6.1; Trident/7.0; rv:11.0) like Gecko"
217.13.176.185 - - [06/Aug/2019:13:05:46 +0200] "GET /loadthumbnail.php?id=11243081&width=113 HTTP/1.1" 200 1218 "http://renault.activities.at/10260300?dir=DESC&mode=grid&order=name&limit=50" "Mozilla/5.0 (Windows NT 6.1; Trident/7.0; rv:11.0) like Gecko"
217.13.176.185 - - [06/Aug/2019:13:05:46 +0200] "GET /loadthumbnail.php?id=11141133&width=113 HTTP/1.1" 200 1050 "http://renault.activities.at/10260300?dir=DESC&mode=grid&order=name&limit=50" "Mozilla/5.0 (Windows NT 6.1; Trident/7.0; rv:11.0) like Gecko"
217.13.176.185 - - [06/Aug/2019:13:05:46 +0200] "GET /loadthumbnail.php?id=10995605&width=113 HTTP/1.1" 200 1252 "http://renault.activities.at/10260300?dir=DESC&mode=grid&order=name&limit=50" "Mozilla/5.0 (Windows NT 6.1; Trident/7.0; rv:11.0) like Gecko"
217.13.176.185 - - [06/Aug/2019:13:05:46 +0200] "GET /loadthumbnail.php?id=11249797&width=113 HTTP/1.1" 200 2985 "http://renault.activities.at/10260300?dir=DESC&mode=grid&order=name&limit=50" "Mozilla/5.0 (Windows NT 6.1; Trident/7.0; rv:11.0) like Gecko"
217.13.176.185 - - [06/Aug/2019:13:05:46 +0200] "GET /loadthumbnail.php?id=11249798&width=113 HTTP/1.1" 200 2985 "http://renault.activities.at/10260300?dir=DESC&mode=grid&order=name&limit=50" "Mozilla/5.0 (Windows NT 6.1; Trident/7.0; rv:11.0) like Gecko"
217.13.176.185 - - [06/Aug/2019:13:05:46 +0200] "GET /loadthumbnail.php?id=10562346&width=113 HTTP/1.1" 200 5314 "http://renault.activities.at/10260300?dir=DESC&mode=grid&order=name&limit=50" "Mozilla/5.0 (Windows NT 6.1; Trident/7.0; rv:11.0) like Gecko"
217.13.176.185 - - [06/Aug/2019:13:05:46 +0200] "GET /loadthumbnail.php?id=10562347&width=113 HTTP/1.1" 200 4993 "http://renault.activities.at/10260300?dir=DESC&mode=grid&order=name&limit=50" "Mozilla/5.0 (Windows NT 6.1; Trident/7.0; rv:11.0) like Gecko"
212.152.246.133 - - [06/Aug/2019:13:06:02 +0200] "GET /reload?ser=1565089561300 HTTP/1.1" 200 28 "http://renault.activities.at/account" "Mozilla/5.0 (Windows NT 6.1; WOW64; Trident/7.0; rv:11.0) like Gecko"
217.13.176.185 - - [06/Aug/2019:13:06:07 +0200] "GET /10201633 HTTP/1.1" 200 9711 "http://renault.activities.at/10260300?dir=DESC&mode=grid&order=name&limit=50" "Mozilla/5.0 (Windows NT 6.1; Trident/7.0; rv:11.0) like Gecko"
217.13.176.185 - - [06/Aug/2019:13:06:10 +0200] "GET /loadthumbnail.php?id=12061270&width=113 HTTP/1.1" 200 5531 "http://renault.activities.at/10201633" "Mozilla/5.0 (Windows NT 6.1; Trident/7.0; rv:11.0) like Gecko"
217.13.176.185 - - [06/Aug/2019:13:06:10 +0200] "GET /loadthumbnail.php?id=11121996&width=113 HTTP/1.1" 200 2215 "http://renault.activities.at/10201633" "Mozilla/5.0 (Windows NT 6.1; Trident/7.0; rv:11.0) like Gecko"
217.13.176.185 - - [06/Aug/2019:13:06:11 +0200] "GET /images/sub_title_bg.jpg HTTP/1.1" 304 - "http://renault.activities.at/10201633" "Mozilla/5.0 (Windows NT 6.1; Trident/7.0; rv:11.0) like Gecko"
217.13.176.185 - - [06/Aug/2019:13:06:13 +0200] "GET /images/vista-dn-hover.gif HTTP/1.1" 304 - "http://renault.activities.at/10201633" "Mozilla/5.0 (Windows NT 6.1; Trident/7.0; rv:11.0) like Gecko"
83.175.113.91 - - [06/Aug/2019:13:06:18 +0200] "GET /reload?ser=1565089578400 HTTP/1.1" 200 28 "http://renault.activities.at/" "Mozilla/5.0 (Windows NT 6.1; WOW64; Trident/7.0; rv:11.0) like Gecko"
217.13.176.185 - - [06/Aug/2019:13:06:25 +0200] "GET /10201633?dir=DESC&mode=grid&order=name&limit=15&page=2 HTTP/1.1" 200 10078 "http://renault.activities.at/10201633" "Mozilla/5.0 (Windows NT 6.1; Trident/7.0; rv:11.0) like Gecko"
217.13.176.185 - - [06/Aug/2019:13:06:29 +0200] "GET /loadthumbnail.php?id=10203275 HTTP/1.1" 200 85 "http://renault.activities.at/10201633?dir=DESC&mode=grid&order=name&limit=15&page=2" "Mozilla/5.0 (Windows NT 6.1; Trident/7.0; rv:11.0) like Gecko"
217.13.176.185 - - [06/Aug/2019:13:06:29 +0200] "GET /loadthumbnail.php?id=11615284&width=113 HTTP/1.1" 200 18014 "http://renault.activities.at/10201633?dir=DESC&mode=grid&order=name&limit=15&page=2" "Mozilla/5.0 (Windows NT 6.1; Trident/7.0; rv:11.0) like Gecko"
217.13.176.185 - - [06/Aug/2019:13:06:29 +0200] "GET /loadthumbnail.php?id=11194750&width=113 HTTP/1.1" 200 2347 "http://renault.activities.at/10201633?dir=DESC&mode=grid&order=name&limit=15&page=2" "Mozilla/5.0 (Windows NT 6.1; Trident/7.0; rv:11.0) like Gecko"
217.13.176.185 - - [06/Aug/2019:13:06:29 +0200] "GET /loadthumbnail.php?id=10460287&width=113 HTTP/1.1" 200 2135 "http://renault.activities.at/10201633?dir=DESC&mode=grid&order=name&limit=15&page=2" "Mozilla/5.0 (Windows NT 6.1; Trident/7.0; rv:11.0) like Gecko"
217.13.176.185 - - [06/Aug/2019:13:06:29 +0200] "GET /loadthumbnail.php?id=11431080&width=113 HTTP/1.1" 200 3991 "http://renault.activities.at/10201633?dir=DESC&mode=grid&order=name&limit=15&page=2" "Mozilla/5.0 (Windows NT 6.1; Trident/7.0; rv:11.0) like Gecko"
217.13.176.185 - - [06/Aug/2019:13:06:29 +0200] "GET /loadthumbnail.php?id=11075492&width=113 HTTP/1.1" 200 2349 "http://renault.activities.at/10201633?dir=DESC&mode=grid&order=name&limit=15&page=2" "Mozilla/5.0 (Windows NT 6.1; Trident/7.0; rv:11.0) like Gecko"
217.13.176.185 - - [06/Aug/2019:13:06:29 +0200] "GET /loadthumbnail.php?id=11730239&width=113 HTTP/1.1" 200 4665 "http://renault.activities.at/10201633?dir=DESC&mode=grid&order=name&limit=15&page=2" "Mozilla/5.0 (Windows NT 6.1; Trident/7.0; rv:11.0) like Gecko"
217.13.176.185 - - [06/Aug/2019:13:06:29 +0200] "GET /loadthumbnail.php?id=11434114&width=113 HTTP/1.1" 200 4564 "http://renault.activities.at/10201633?dir=DESC&mode=grid&order=name&limit=15&page=2" "Mozilla/5.0 (Windows NT 6.1; Trident/7.0; rv:11.0) like Gecko"
217.13.176.185 - - [06/Aug/2019:13:06:29 +0200] "GET /loadthumbnail.php?id=10745359&width=113 HTTP/1.1" 200 4202 "http://renault.activities.at/10201633?dir=DESC&mode=grid&order=name&limit=15&page=2" "Mozilla/5.0 (Windows NT 6.1; Trident/7.0; rv:11.0) like Gecko"
217.13.176.185 - - [06/Aug/2019:13:06:29 +0200] "GET /loadthumbnail.php?id=11108158&width=113 HTTP/1.1" 200 1545 "http://renault.activities.at/10201633?dir=DESC&mode=grid&order=name&limit=15&page=2" "Mozilla/5.0 (Windows NT 6.1; Trident/7.0; rv:11.0) like Gecko"
217.13.176.185 - - [06/Aug/2019:13:06:29 +0200] "GET /loadthumbnail.php?id=12011452&width=113 HTTP/1.1" 200 18490 "http://renault.activities.at/10201633?dir=DESC&mode=grid&order=name&limit=15&page=2" "Mozilla/5.0 (Windows NT 6.1; Trident/7.0; rv:11.0) like Gecko"
217.13.176.185 - - [06/Aug/2019:13:06:29 +0200] "GET /loadthumbnail.php?id=11075482&width=113 HTTP/1.1" 200 2349 "http://renault.activities.at/10201633?dir=DESC&mode=grid&order=name&limit=15&page=2" "Mozilla/5.0 (Windows NT 6.1; Trident/7.0; rv:11.0) like Gecko"
217.13.176.185 - - [06/Aug/2019:13:06:29 +0200] "GET /loadthumbnail.php?id=10260190&width=113 HTTP/1.1" 200 4509 "http://renault.activities.at/10201633?dir=DESC&mode=grid&order=name&limit=15&page=2" "Mozilla/5.0 (Windows NT 6.1; Trident/7.0; rv:11.0) like Gecko"
217.13.176.185 - - [06/Aug/2019:13:06:29 +0200] "GET /loadthumbnail.php?id=11721290&width=113 HTTP/1.1" 200 1179 "http://renault.activities.at/10201633?dir=DESC&mode=grid&order=name&limit=15&page=2" "Mozilla/5.0 (Windows NT 6.1; Trident/7.0; rv:11.0) like Gecko"
217.13.176.185 - - [06/Aug/2019:13:06:30 +0200] "GET /css/themes/alphacube/bottom_middle.gif HTTP/1.1" 304 - "http://renault.activities.at/10201633?dir=DESC&mode=grid&order=name&limit=15&page=2" "Mozilla/5.0 (Windows NT 6.1; Trident/7.0; rv:11.0) like Gecko"
217.13.176.185 - - [06/Aug/2019:13:06:30 +0200] "GET /css/themes/alphacube/top_mid.gif HTTP/1.1" 304 - "http://renault.activities.at/10201633?dir=DESC&mode=grid&order=name&limit=15&page=2" "Mozilla/5.0 (Windows NT 6.1; Trident/7.0; rv:11.0) like Gecko"
217.13.176.185 - - [06/Aug/2019:13:06:30 +0200] "GET /css/themes/alphacube/frame_right.gif HTTP/1.1" 304 - "http://renault.activities.at/10201633?dir=DESC&mode=grid&order=name&limit=15&page=2" "Mozilla/5.0 (Windows NT 6.1; Trident/7.0; rv:11.0) like Gecko"
217.13.176.185 - - [06/Aug/2019:13:06:30 +0200] "GET /css/themes/alphacube/frame_left.gif HTTP/1.1" 304 - "http://renault.activities.at/10201633?dir=DESC&mode=grid&order=name&limit=15&page=2" "Mozilla/5.0 (Windows NT 6.1; Trident/7.0; rv:11.0) like Gecko"
217.13.176.185 - - [06/Aug/2019:13:06:30 +0200] "GET /css/themes/alphacube/bottom_right-c.gif HTTP/1.1" 304 - "http://renault.activities.at/10201633?dir=DESC&mode=grid&order=name&limit=15&page=2" "Mozilla/5.0 (Windows NT 6.1; Trident/7.0; rv:11.0) like Gecko"
217.13.176.185 - - [06/Aug/2019:13:06:30 +0200] "GET /css/themes/alphacube/button-close-focus.gif HTTP/1.1" 304 - "http://renault.activities.at/10201633?dir=DESC&mode=grid&order=name&limit=15&page=2" "Mozilla/5.0 (Windows NT 6.1; Trident/7.0; rv:11.0) like Gecko"
217.13.176.185 - - [06/Aug/2019:13:06:30 +0200] "GET /css/themes/alphacube/bottom_left-c.gif HTTP/1.1" 304 - "http://renault.activities.at/10201633?dir=DESC&mode=grid&order=name&limit=15&page=2" "Mozilla/5.0 (Windows NT 6.1; Trident/7.0; rv:11.0) like Gecko"
217.13.176.185 - - [06/Aug/2019:13:06:30 +0200] "GET /css/themes/alphacube/top_right.gif HTTP/1.1" 304 - "http://renault.activities.at/10201633?dir=DESC&mode=grid&order=name&limit=15&page=2" "Mozilla/5.0 (Windows NT 6.1; Trident/7.0; rv:11.0) like Gecko"
217.13.176.185 - - [06/Aug/2019:13:06:30 +0200] "GET /css/themes/alphacube/top_left.gif HTTP/1.1" 304 - "http://renault.activities.at/10201633?dir=DESC&mode=grid&order=name&limit=15&page=2" "Mozilla/5.0 (Windows NT 6.1; Trident/7.0; rv:11.0) like Gecko"
217.13.176.185 - - [06/Aug/2019:13:06:29 +0200] "GET /11059204?print=true HTTP/1.1" 200 2696 "http://renault.activities.at/10201633?dir=DESC&mode=grid&order=name&limit=15&page=2" "Mozilla/5.0 (Windows NT 6.1; Trident/7.0; rv:11.0) like Gecko"
217.13.176.185 - - [06/Aug/2019:13:06:31 +0200] "GET /js/magiczoom/magiczoom.css HTTP/1.1" 304 - "http://renault.activities.at/11059204?print=true" "Mozilla/5.0 (Windows NT 6.1; Trident/7.0; rv:11.0) like Gecko"
217.13.176.185 - - [06/Aug/2019:13:06:32 +0200] "GET /js/magiczoom/magiczoom.js HTTP/1.1" 304 - "http://renault.activities.at/11059204?print=true" "Mozilla/5.0 (Windows NT 6.1; Trident/7.0; rv:11.0) like Gecko"
217.13.176.185 - - [06/Aug/2019:13:06:32 +0200] "GET /js/Produkt.js HTTP/1.1" 304 - "http://renault.activities.at/11059204?print=true" "Mozilla/5.0 (Windows NT 6.1; Trident/7.0; rv:11.0) like Gecko"
217.13.176.185 - - [06/Aug/2019:13:06:32 +0200] "GET /loadthumbnail.php?id=11075482&width=250 HTTP/1.1" 200 6730 "http://renault.activities.at/11059204?print=true" "Mozilla/5.0 (Windows NT 6.1; Trident/7.0; rv:11.0) like Gecko"
217.13.176.185 - - [06/Aug/2019:13:06:32 +0200] "GET /loadthumbnail.php?id=11075482&width=900&height=900 HTTP/1.1" 200 45728 "http://renault.activities.at/11059204?print=true" "Mozilla/5.0 (Windows NT 6.1; Trident/7.0; rv:11.0) like Gecko"
217.13.176.185 - - [06/Aug/2019:13:06:33 +0200] "GET /js/magiczoom/graphics/hint.gif HTTP/1.1" 304 - "http://renault.activities.at/11059204?print=true" "Mozilla/5.0 (Windows NT 6.1; Trident/7.0; rv:11.0) like Gecko"
217.13.176.185 - - [06/Aug/2019:13:06:33 +0200] "GET /null HTTP/1.1" 200 3626 "http://renault.activities.at/10201633?dir=DESC&mode=grid&order=name&limit=15&page=2" "Mozilla/5.0 (Windows NT 6.1; Trident/7.0; rv:11.0) like Gecko"
213.153.47.173 - - [06/Aug/2019:13:06:42 +0200] "GET /reload?ser=1565089602596 HTTP/1.1" 200 28 "http://renault.activities.at/login?required=true" "Mozilla/5.0 (Windows NT 10.0; Win64; x64; rv:68.0) Gecko/20100101 Firefox/68.0"
212.152.246.133 - - [06/Aug/2019:13:07:03 +0200] "GET /reload?ser=1565089622286 HTTP/1.1" 200 28 "http://renault.activities.at/account" "Mozilla/5.0 (Windows NT 6.1; WOW64; Trident/7.0; rv:11.0) like Gecko"
83.175.113.91 - - [06/Aug/2019:13:07:19 +0200] "GET /reload?ser=1565089639048 HTTP/1.1" 200 28 "http://renault.activities.at/" "Mozilla/5.0 (Windows NT 6.1; WOW64; Trident/7.0; rv:11.0) like Gecko"
217.13.176.185 - - [06/Aug/2019:13:07:33 +0200] "GET /reload?ser=1565089653107 HTTP/1.1" 200 28 "http://renault.activities.at/10201633?dir=DESC&mode=grid&order=name&limit=15&page=2" "Mozilla/5.0 (Windows NT 6.1; Trident/7.0; rv:11.0) like Gecko"
213.153.47.173 - - [06/Aug/2019:13:07:43 +0200] "GET /reload?ser=1565089663266 HTTP/1.1" 200 28 "http://renault.activities.at/login?required=true" "Mozilla/5.0 (Windows NT 10.0; Win64; x64; rv:68.0) Gecko/20100101 Firefox/68.0"
212.152.246.133 - - [06/Aug/2019:13:08:04 +0200] "GET /reload?ser=1565089683276 HTTP/1.1" 200 28 "http://renault.activities.at/account" "Mozilla/5.0 (Windows NT 6.1; WOW64; Trident/7.0; rv:11.0) like Gecko"
217.13.176.185 - - [06/Aug/2019:13:08:06 +0200] "GET /10201633?dir=DESC&mode=grid&order=name&limit=30 HTTP/1.1" 200 11957 "http://renault.activities.at/10201633?dir=DESC&mode=grid&order=name&limit=15&page=2" "Mozilla/5.0 (Windows NT 6.1; Trident/7.0; rv:11.0) like Gecko"
83.175.113.91 - - [06/Aug/2019:13:08:20 +0200] "GET /reload?ser=1565089699712 HTTP/1.1" 200 28 "http://renault.activities.at/" "Mozilla/5.0 (Windows NT 6.1; WOW64; Trident/7.0; rv:11.0) like Gecko"
217.13.176.185 - - [06/Aug/2019:13:08:24 +0200] "GET /10201633?dir=DESC&mode=grid&order=name&limit=30&page=2 HTTP/1.1" 200 11961 "http://renault.activities.at/10201633?dir=DESC&mode=grid&order=name&limit=30" "Mozilla/5.0 (Windows NT 6.1; Trident/7.0; rv:11.0) like Gecko"
217.13.176.185 - - [06/Aug/2019:13:08:29 +0200] "GET /loadthumbnail.php?id=12011459&width=113 HTTP/1.1" 200 27010 "http://renault.activities.at/10201633?dir=DESC&mode=grid&order=name&limit=30&page=2" "Mozilla/5.0 (Windows NT 6.1; Trident/7.0; rv:11.0) like Gecko"
217.13.176.185 - - [06/Aug/2019:13:08:29 +0200] "GET /loadthumbnail.php?id=11270805&width=113 HTTP/1.1" 200 5169 "http://renault.activities.at/10201633?dir=DESC&mode=grid&order=name&limit=30&page=2" "Mozilla/5.0 (Windows NT 6.1; Trident/7.0; rv:11.0) like Gecko"
217.13.176.185 - - [06/Aug/2019:13:08:29 +0200] "GET /loadthumbnail.php?id=11304834&width=113 HTTP/1.1" 200 1055 "http://renault.activities.at/10201633?dir=DESC&mode=grid&order=name&limit=30&page=2" "Mozilla/5.0 (Windows NT 6.1; Trident/7.0; rv:11.0) like Gecko"
217.13.176.185 - - [06/Aug/2019:13:08:29 +0200] "GET /loadthumbnail.php?id=12011456&width=113 HTTP/1.1" 200 14012 "http://renault.activities.at/10201633?dir=DESC&mode=grid&order=name&limit=30&page=2" "Mozilla/5.0 (Windows NT 6.1; Trident/7.0; rv:11.0) like Gecko"
217.13.176.185 - - [06/Aug/2019:13:08:29 +0200] "GET /loadthumbnail.php?id=10269569&width=113 HTTP/1.1" 200 1309 "http://renault.activities.at/10201633?dir=DESC&mode=grid&order=name&limit=30&page=2" "Mozilla/5.0 (Windows NT 6.1; Trident/7.0; rv:11.0) like Gecko"
217.13.176.185 - - [06/Aug/2019:13:08:29 +0200] "GET /loadthumbnail.php?id=10269567&width=113 HTTP/1.1" 200 1590 "http://renault.activities.at/10201633?dir=DESC&mode=grid&order=name&limit=30&page=2" "Mozilla/5.0 (Windows NT 6.1; Trident/7.0; rv:11.0) like Gecko"
217.13.176.185 - - [06/Aug/2019:13:08:29 +0200] "GET /loadthumbnail.php?id=11776453&width=113 HTTP/1.1" 200 1248 "http://renault.activities.at/10201633?dir=DESC&mode=grid&order=name&limit=30&page=2" "Mozilla/5.0 (Windows NT 6.1; Trident/7.0; rv:11.0) like Gecko"
217.13.176.185 - - [06/Aug/2019:13:08:29 +0200] "GET /loadthumbnail.php?id=11658180&width=113 HTTP/1.1" 200 29422 "http://renault.activities.at/10201633?dir=DESC&mode=grid&order=name&limit=30&page=2" "Mozilla/5.0 (Windows NT 6.1; Trident/7.0; rv:11.0) like Gecko"
217.13.176.185 - - [06/Aug/2019:13:08:29 +0200] "GET /loadthumbnail.php?id=11730248&width=113 HTTP/1.1" 200 4910 "http://renault.activities.at/10201633?dir=DESC&mode=grid&order=name&limit=30&page=2" "Mozilla/5.0 (Windows NT 6.1; Trident/7.0; rv:11.0) like Gecko"
217.13.176.185 - - [06/Aug/2019:13:08:29 +0200] "GET /loadthumbnail.php?id=11314432&width=113 HTTP/1.1" 200 36566 "http://renault.activities.at/10201633?dir=DESC&mode=grid&order=name&limit=30&page=2" "Mozilla/5.0 (Windows NT 6.1; Trident/7.0; rv:11.0) like Gecko"
217.13.176.185 - - [06/Aug/2019:13:08:29 +0200] "GET /loadthumbnail.php?id=11538169&width=113 HTTP/1.1" 200 20088 "http://renault.activities.at/10201633?dir=DESC&mode=grid&order=name&limit=30&page=2" "Mozilla/5.0 (Windows NT 6.1; Trident/7.0; rv:11.0) like Gecko"
217.13.176.185 - - [06/Aug/2019:13:08:29 +0200] "GET /loadthumbnail.php?id=11715013&width=113 HTTP/1.1" 200 33856 "http://renault.activities.at/10201633?dir=DESC&mode=grid&order=name&limit=30&page=2" "Mozilla/5.0 (Windows NT 6.1; Trident/7.0; rv:11.0) like Gecko"
217.13.176.185 - - [06/Aug/2019:13:08:29 +0200] "GET /loadthumbnail.php?id=11319983&width=113 HTTP/1.1" 200 38992 "http://renault.activities.at/10201633?dir=DESC&mode=grid&order=name&limit=30&page=2" "Mozilla/5.0 (Windows NT 6.1; Trident/7.0; rv:11.0) like Gecko"
217.13.176.185 - - [06/Aug/2019:13:08:29 +0200] "GET /loadthumbnail.php?id=11319988&width=113 HTTP/1.1" 200 44228 "http://renault.activities.at/10201633?dir=DESC&mode=grid&order=name&limit=30&page=2" "Mozilla/5.0 (Windows NT 6.1; Trident/7.0; rv:11.0) like Gecko"
217.13.176.185 - - [06/Aug/2019:13:08:29 +0200] "GET /loadthumbnail.php?id=11715017&width=113 HTTP/1.1" 200 37395 "http://renault.activities.at/10201633?dir=DESC&mode=grid&order=name&limit=30&page=2" "Mozilla/5.0 (Windows NT 6.1; Trident/7.0; rv:11.0) like Gecko"
217.13.176.185 - - [06/Aug/2019:13:08:29 +0200] "GET /loadthumbnail.php?id=11877757&width=113 HTTP/1.1" 200 32396 "http://renault.activities.at/10201633?dir=DESC&mode=grid&order=name&limit=30&page=2" "Mozilla/5.0 (Windows NT 6.1; Trident/7.0; rv:11.0) like Gecko"
217.13.176.185 - - [06/Aug/2019:13:08:29 +0200] "GET /loadthumbnail.php?id=11342067&width=113 HTTP/1.1" 200 21913 "http://renault.activities.at/10201633?dir=DESC&mode=grid&order=name&limit=30&page=2" "Mozilla/5.0 (Windows NT 6.1; Trident/7.0; rv:11.0) like Gecko"
217.13.176.185 - - [06/Aug/2019:13:08:29 +0200] "GET /loadthumbnail.php?id=12017023&width=113 HTTP/1.1" 200 34650 "http://renault.activities.at/10201633?dir=DESC&mode=grid&order=name&limit=30&page=2" "Mozilla/5.0 (Windows NT 6.1; Trident/7.0; rv:11.0) like Gecko"
217.13.176.185 - - [06/Aug/2019:13:08:29 +0200] "GET /loadthumbnail.php?id=11342066&width=113 HTTP/1.1" 200 28015 "http://renault.activities.at/10201633?dir=DESC&mode=grid&order=name&limit=30&page=2" "Mozilla/5.0 (Windows NT 6.1; Trident/7.0; rv:11.0) like Gecko"
217.13.176.185 - - [06/Aug/2019:13:08:29 +0200] "GET /loadthumbnail.php?id=11319984&width=113 HTTP/1.1" 200 28924 "http://renault.activities.at/10201633?dir=DESC&mode=grid&order=name&limit=30&page=2" "Mozilla/5.0 (Windows NT 6.1; Trident/7.0; rv:11.0) like Gecko"
217.13.176.185 - - [06/Aug/2019:13:08:29 +0200] "GET /loadthumbnail.php?id=11319961&width=113 HTTP/1.1" 200 27077 "http://renault.activities.at/10201633?dir=DESC&mode=grid&order=name&limit=30&page=2" "Mozilla/5.0 (Windows NT 6.1; Trident/7.0; rv:11.0) like Gecko"
217.13.176.185 - - [06/Aug/2019:13:08:30 +0200] "GET /loadthumbnail.php?id=11577924&width=113 HTTP/1.1" 200 28282 "http://renault.activities.at/10201633?dir=DESC&mode=grid&order=name&limit=30&page=2" "Mozilla/5.0 (Windows NT 6.1; Trident/7.0; rv:11.0) like Gecko"
217.13.176.185 - - [06/Aug/2019:13:08:30 +0200] "GET /loadthumbnail.php?id=11334756&width=113 HTTP/1.1" 200 24626 "http://renault.activities.at/10201633?dir=DESC&mode=grid&order=name&limit=30&page=2" "Mozilla/5.0 (Windows NT 6.1; Trident/7.0; rv:11.0) like Gecko"
217.13.176.185 - - [06/Aug/2019:13:08:30 +0200] "GET /loadthumbnail.php?id=11319974&width=113 HTTP/1.1" 200 31785 "http://renault.activities.at/10201633?dir=DESC&mode=grid&order=name&limit=30&page=2" "Mozilla/5.0 (Windows NT 6.1; Trident/7.0; rv:11.0) like Gecko"
217.13.176.185 - - [06/Aug/2019:13:08:30 +0200] "GET /loadthumbnail.php?id=11334755&width=113 HTTP/1.1" 200 23865 "http://renault.activities.at/10201633?dir=DESC&mode=grid&order=name&limit=30&page=2" "Mozilla/5.0 (Windows NT 6.1; Trident/7.0; rv:11.0) like Gecko"
217.13.176.185 - - [06/Aug/2019:13:08:30 +0200] "GET /loadthumbnail.php?id=11658108&width=113 HTTP/1.1" 200 27184 "http://renault.activities.at/10201633?dir=DESC&mode=grid&order=name&limit=30&page=2" "Mozilla/5.0 (Windows NT 6.1; Trident/7.0; rv:11.0) like Gecko"
217.13.176.185 - - [06/Aug/2019:13:08:30 +0200] "GET /loadthumbnail.php?id=11715005&width=113 HTTP/1.1" 200 30128 "http://renault.activities.at/10201633?dir=DESC&mode=grid&order=name&limit=30&page=2" "Mozilla/5.0 (Windows NT 6.1; Trident/7.0; rv:11.0) like Gecko"
217.13.176.185 - - [06/Aug/2019:13:08:30 +0200] "GET /loadthumbnail.php?id=11877811&width=113 HTTP/1.1" 200 27053 "http://renault.activities.at/10201633?dir=DESC&mode=grid&order=name&limit=30&page=2" "Mozilla/5.0 (Windows NT 6.1; Trident/7.0; rv:11.0) like Gecko"
217.13.176.185 - - [06/Aug/2019:13:08:30 +0200] "GET /loadthumbnail.php?id=11715009&width=113 HTTP/1.1" 200 22295 "http://renault.activities.at/10201633?dir=DESC&mode=grid&order=name&limit=30&page=2" "Mozilla/5.0 (Windows NT 6.1; Trident/7.0; rv:11.0) like Gecko"
213.153.47.173 - - [06/Aug/2019:13:08:43 +0200] "GET /reload?ser=1565089723937 HTTP/1.1" 200 28 "http://renault.activities.at/login?required=true" "Mozilla/5.0 (Windows NT 10.0; Win64; x64; rv:68.0) Gecko/20100101 Firefox/68.0"
217.13.176.185 - - [06/Aug/2019:13:08:50 +0200] "GET /10201633?dir=DESC&mode=grid&order=name&limit=30&page=3 HTTP/1.1" 200 8799 "http://renault.activities.at/10201633?dir=DESC&mode=grid&order=name&limit=30&page=2" "Mozilla/5.0 (Windows NT 6.1; Trident/7.0; rv:11.0) like Gecko"
217.13.176.185 - - [06/Aug/2019:13:08:53 +0200] "GET /loadthumbnail.php?id=11124852&width=113 HTTP/1.1" 200 8535 "http://renault.activities.at/10201633?dir=DESC&mode=grid&order=name&limit=30&page=3" "Mozilla/5.0 (Windows NT 6.1; Trident/7.0; rv:11.0) like Gecko"
217.13.176.185 - - [06/Aug/2019:13:08:53 +0200] "GET /loadthumbnail.php?id=11197547&width=113 HTTP/1.1" 200 9073 "http://renault.activities.at/10201633?dir=DESC&mode=grid&order=name&limit=30&page=3" "Mozilla/5.0 (Windows NT 6.1; Trident/7.0; rv:11.0) like Gecko"
217.13.176.185 - - [06/Aug/2019:13:08:53 +0200] "GET /loadthumbnail.php?id=10729892&width=113 HTTP/1.1" 200 4176 "http://renault.activities.at/10201633?dir=DESC&mode=grid&order=name&limit=30&page=3" "Mozilla/5.0 (Windows NT 6.1; Trident/7.0; rv:11.0) like Gecko"
217.13.176.185 - - [06/Aug/2019:13:08:53 +0200] "GET /loadthumbnail.php?id=11351226&width=113 HTTP/1.1" 200 16210 "http://renault.activities.at/10201633?dir=DESC&mode=grid&order=name&limit=30&page=3" "Mozilla/5.0 (Windows NT 6.1; Trident/7.0; rv:11.0) like Gecko"
217.13.176.185 - - [06/Aug/2019:13:08:53 +0200] "GET /loadthumbnail.php?id=11351222&width=113 HTTP/1.1" 200 17851 "http://renault.activities.at/10201633?dir=DESC&mode=grid&order=name&limit=30&page=3" "Mozilla/5.0 (Windows NT 6.1; Trident/7.0; rv:11.0) like Gecko"
212.152.246.133 - - [06/Aug/2019:13:09:03 +0200] "POST /axjaxrequest?mode=suggest HTTP/1.1" 200 152 "http://renault.activities.at/account" "Mozilla/5.0 (Windows NT 6.1; WOW64; Trident/7.0; rv:11.0) like Gecko"
212.152.246.133 - - [06/Aug/2019:13:09:03 +0200] "POST /axjaxrequest?mode=suggest HTTP/1.1" 200 21 "http://renault.activities.at/account" "Mozilla/5.0 (Windows NT 6.1; WOW64; Trident/7.0; rv:11.0) like Gecko"
212.152.246.133 - - [06/Aug/2019:13:09:05 +0200] "GET /reload?ser=1565089744266 HTTP/1.1" 200 28 "http://renault.activities.at/account" "Mozilla/5.0 (Windows NT 6.1; WOW64; Trident/7.0; rv:11.0) like Gecko"
212.152.246.133 - - [06/Aug/2019:13:09:05 +0200] "POST /axjaxrequest?mode=suggest HTTP/1.1" 200 116 "http://renault.activities.at/account" "Mozilla/5.0 (Windows NT 6.1; WOW64; Trident/7.0; rv:11.0) like Gecko"
217.13.176.185 - - [06/Aug/2019:13:09:09 +0200] "GET /10260286 HTTP/1.1" 200 6995 "http://renault.activities.at/10201633?dir=DESC&mode=grid&order=name&limit=30&page=3" "Mozilla/5.0 (Windows NT 6.1; Trident/7.0; rv:11.0) like Gecko"
212.152.246.133 - - [06/Aug/2019:13:09:13 +0200] "POST /axjaxrequest?mode=suggest HTTP/1.1" 200 142 "http://renault.activities.at/account" "Mozilla/5.0 (Windows NT 6.1; WOW64; Trident/7.0; rv:11.0) like Gecko"
217.13.176.185 - - [06/Aug/2019:13:09:15 +0200] "GET /10201633 HTTP/1.1" 200 9711 "http://renault.activities.at/10260286" "Mozilla/5.0 (Windows NT 6.1; Trident/7.0; rv:11.0) like Gecko"
212.152.246.133 - - [06/Aug/2019:13:09:16 +0200] "GET /result?searchterm=true&search=Rechnungserkl%E4rungsmappe HTTP/1.1" 200 5936 "http://renault.activities.at/account" "Mozilla/5.0 (Windows NT 6.1; WOW64; Trident/7.0; rv:11.0) like Gecko"
212.152.246.133 - - [06/Aug/2019:13:09:18 +0200] "GET /js/prototip.js HTTP/1.1" 304 - "http://renault.activities.at/result?searchterm=true&search=Rechnungserkl%E4rungsmappe" "Mozilla/5.0 (Windows NT 6.1; WOW64; Trident/7.0; rv:11.0) like Gecko"
212.152.246.133 - - [06/Aug/2019:13:09:18 +0200] "GET /js/index.php?c=auto&f=,prototype/prototype.js,prototype/validation.js,scriptaculous/builder.js,scriptaculous/effects.js,scriptaculous/dragdrop.js,scriptaculous/controls.js,scriptaculous/slider.js,varien/js.js,varien/form.js,varien/menu.js,mage/translate.js,mage/cookies.js,varien/product.js,spinner/SpinnerControl.jsmin.js,prototype/window.js,prototype/window_ext.js HTTP/1.1" 304 - "http://renault.activities.at/result?searchterm=true&search=Rechnungserkl%E4rungsmappe" "Mozilla/5.0 (Windows NT 6.1; WOW64; Trident/7.0; rv:11.0) like Gecko"
212.152.246.133 - - [06/Aug/2019:13:09:18 +0200] "GET /loadthumbnail.php?id=11423689&width=113 HTTP/1.1" 200 1359 "http://renault.activities.at/result?searchterm=true&search=Rechnungserkl%E4rungsmappe" "Mozilla/5.0 (Windows NT 6.1; WOW64; Trident/7.0; rv:11.0) like Gecko"
212.152.246.133 - - [06/Aug/2019:13:09:18 +0200] "GET /loadthumbnail.php?id=10203255 HTTP/1.1" 200 137 "http://renault.activities.at/result?searchterm=true&search=Rechnungserkl%E4rungsmappe" "Mozilla/5.0 (Windows NT 6.1; WOW64; Trident/7.0; rv:11.0) like Gecko"
83.175.113.91 - - [06/Aug/2019:13:09:20 +0200] "GET /reload?ser=1565089760362 HTTP/1.1" 200 28 "http://renault.activities.at/" "Mozilla/5.0 (Windows NT 6.1; WOW64; Trident/7.0; rv:11.0) like Gecko"
212.152.246.133 - - [06/Aug/2019:13:09:24 +0200] "POST /result?searchterm=true&search=Rechnungserkl%E4rungsmappe HTTP/1.1" 200 6126 "http://renault.activities.at/result?searchterm=true&search=Rechnungserkl%E4rungsmappe" "Mozilla/5.0 (Windows NT 6.1; WOW64; Trident/7.0; rv:11.0) like Gecko"
212.152.246.133 - - [06/Aug/2019:13:09:26 +0200] "GET /js/index.php?c=auto&f=,prototype/prototype.js,prototype/validation.js,scriptaculous/builder.js,scriptaculous/effects.js,scriptaculous/dragdrop.js,scriptaculous/controls.js,scriptaculous/slider.js,varien/js.js,varien/form.js,varien/menu.js,mage/translate.js,mage/cookies.js,varien/product.js,spinner/SpinnerControl.jsmin.js,prototype/window.js,prototype/window_ext.js HTTP/1.1" 304 - "http://renault.activities.at/result?searchterm=true&search=Rechnungserkl%E4rungsmappe" "Mozilla/5.0 (Windows NT 6.1; WOW64; Trident/7.0; rv:11.0) like Gecko"
212.152.246.133 - - [06/Aug/2019:13:09:32 +0200] "GET /result?searchterm=true&search=Rechnung HTTP/1.1" 200 6829 "http://renault.activities.at/result?searchterm=true&search=Rechnungserkl%E4rungsmappe" "Mozilla/5.0 (Windows NT 6.1; WOW64; Trident/7.0; rv:11.0) like Gecko"
212.152.246.133 - - [06/Aug/2019:13:09:34 +0200] "GET /js/index.php?c=auto&f=,prototype/prototype.js,prototype/validation.js,scriptaculous/builder.js,scriptaculous/effects.js,scriptaculous/dragdrop.js,scriptaculous/controls.js,scriptaculous/slider.js,varien/js.js,varien/form.js,varien/menu.js,mage/translate.js,mage/cookies.js,varien/product.js,spinner/SpinnerControl.jsmin.js,prototype/window.js,prototype/window_ext.js HTTP/1.1" 304 - "http://renault.activities.at/result?searchterm=true&search=Rechnung" "Mozilla/5.0 (Windows NT 6.1; WOW64; Trident/7.0; rv:11.0) like Gecko"
212.152.246.133 - - [06/Aug/2019:13:09:34 +0200] "GET /loadthumbnail.php?id=11532883&width=113 HTTP/1.1" 200 35124 "http://renault.activities.at/result?searchterm=true&search=Rechnung" "Mozilla/5.0 (Windows NT 6.1; WOW64; Trident/7.0; rv:11.0) like Gecko"
212.152.246.133 - - [06/Aug/2019:13:09:34 +0200] "GET /loadthumbnail.php?id=11423690&width=113 HTTP/1.1" 200 1470 "http://renault.activities.at/result?searchterm=true&search=Rechnung" "Mozilla/5.0 (Windows NT 6.1; WOW64; Trident/7.0; rv:11.0) like Gecko"
212.152.246.133 - - [06/Aug/2019:13:09:34 +0200] "GET /loadthumbnail.php?id=11831525&width=113 HTTP/1.1" 200 4126 "http://renault.activities.at/result?searchterm=true&search=Rechnung" "Mozilla/5.0 (Windows NT 6.1; WOW64; Trident/7.0; rv:11.0) like Gecko"
212.152.246.133 - - [06/Aug/2019:13:09:34 +0200] "GET /loadthumbnail.php?id=11831534&width=113 HTTP/1.1" 200 4126 "http://renault.activities.at/result?searchterm=true&search=Rechnung" "Mozilla/5.0 (Windows NT 6.1; WOW64; Trident/7.0; rv:11.0) like Gecko"
212.152.246.133 - - [06/Aug/2019:13:09:34 +0200] "GET /loadthumbnail.php?id=11100948&width=113 HTTP/1.1" 200 5083 "http://renault.activities.at/result?searchterm=true&search=Rechnung" "Mozilla/5.0 (Windows NT 6.1; WOW64; Trident/7.0; rv:11.0) like Gecko"
212.152.246.133 - - [06/Aug/2019:13:09:40 +0200] "POST /result?searchterm=true&search=Rechnung HTTP/1.1" 200 6935 "http://renault.activities.at/result?searchterm=true&search=Rechnung" "Mozilla/5.0 (Windows NT 6.1; WOW64; Trident/7.0; rv:11.0) like Gecko"
212.152.246.133 - - [06/Aug/2019:13:09:43 +0200] "GET /js/index.php?c=auto&f=,prototype/prototype.js,prototype/validation.js,scriptaculous/builder.js,scriptaculous/effects.js,scriptaculous/dragdrop.js,scriptaculous/controls.js,scriptaculous/slider.js,varien/js.js,varien/form.js,varien/menu.js,mage/translate.js,mage/cookies.js,varien/product.js,spinner/SpinnerControl.jsmin.js,prototype/window.js,prototype/window_ext.js HTTP/1.1" 304 - "http://renault.activities.at/result?searchterm=true&search=Rechnung" "Mozilla/5.0 (Windows NT 6.1; WOW64; Trident/7.0; rv:11.0) like Gecko"
213.153.47.173 - - [06/Aug/2019:13:09:44 +0200] "GET /reload?ser=1565089784596 HTTP/1.1" 200 28 "http://renault.activities.at/login?required=true" "Mozilla/5.0 (Windows NT 10.0; Win64; x64; rv:68.0) Gecko/20100101 Firefox/68.0"
212.152.246.133 - - [06/Aug/2019:13:09:57 +0200] "POST /axjaxrequest?mode=suggest HTTP/1.1" 200 166 "http://renault.activities.at/result?searchterm=true&search=Rechnung" "Mozilla/5.0 (Windows NT 6.1; WOW64; Trident/7.0; rv:11.0) like Gecko"
212.152.246.133 - - [06/Aug/2019:13:09:58 +0200] "POST /axjaxrequest?mode=suggest HTTP/1.1" 200 166 "http://renault.activities.at/result?searchterm=true&search=Rechnung" "Mozilla/5.0 (Windows NT 6.1; WOW64; Trident/7.0; rv:11.0) like Gecko"
212.152.246.133 - - [06/Aug/2019:13:09:59 +0200] "POST /axjaxrequest?mode=suggest HTTP/1.1" 200 166 "http://renault.activities.at/result?searchterm=true&search=Rechnung" "Mozilla/5.0 (Windows NT 6.1; WOW64; Trident/7.0; rv:11.0) like Gecko"
212.152.246.133 - - [06/Aug/2019:13:10:02 +0200] "GET /result?searchterm=true&search=Mobilit%E4tsgarantie HTTP/1.1" 200 6161 "http://renault.activities.at/result?searchterm=true&search=Rechnung" "Mozilla/5.0 (Windows NT 6.1; WOW64; Trident/7.0; rv:11.0) like Gecko"
212.152.246.133 - - [06/Aug/2019:13:10:04 +0200] "GET /js/index.php?c=auto&f=,prototype/prototype.js,prototype/validation.js,scriptaculous/builder.js,scriptaculous/effects.js,scriptaculous/dragdrop.js,scriptaculous/controls.js,scriptaculous/slider.js,varien/js.js,varien/form.js,varien/menu.js,mage/translate.js,mage/cookies.js,varien/product.js,spinner/SpinnerControl.jsmin.js,prototype/window.js,prototype/window_ext.js HTTP/1.1" 304 - "http://renault.activities.at/result?searchterm=true&search=Mobilit%E4tsgarantie" "Mozilla/5.0 (Windows NT 6.1; WOW64; Trident/7.0; rv:11.0) like Gecko"
212.152.246.133 - - [06/Aug/2019:13:10:04 +0200] "GET /loadthumbnail.php?id=11351222&width=113 HTTP/1.1" 200 17851 "http://renault.activities.at/result?searchterm=true&search=Mobilit%E4tsgarantie" "Mozilla/5.0 (Windows NT 6.1; WOW64; Trident/7.0; rv:11.0) like Gecko"
212.152.246.133 - - [06/Aug/2019:13:10:04 +0200] "GET /loadthumbnail.php?id=11351226&width=113 HTTP/1.1" 200 16210 "http://renault.activities.at/result?searchterm=true&search=Mobilit%E4tsgarantie" "Mozilla/5.0 (Windows NT 6.1; WOW64; Trident/7.0; rv:11.0) like Gecko"
212.152.246.133 - - [06/Aug/2019:13:10:09 +0200] "GET /result?searchterm=true&search=Mobilit%E4t HTTP/1.1" 200 6500 "http://renault.activities.at/result?searchterm=true&search=Mobilit%E4tsgarantie" "Mozilla/5.0 (Windows NT 6.1; WOW64; Trident/7.0; rv:11.0) like Gecko"
212.152.246.133 - - [06/Aug/2019:13:10:11 +0200] "GET /js/index.php?c=auto&f=,prototype/prototype.js,prototype/validation.js,scriptaculous/builder.js,scriptaculous/effects.js,scriptaculous/dragdrop.js,scriptaculous/controls.js,scriptaculous/slider.js,varien/js.js,varien/form.js,varien/menu.js,mage/translate.js,mage/cookies.js,varien/product.js,spinner/SpinnerControl.jsmin.js,prototype/window.js,prototype/window_ext.js HTTP/1.1" 304 - "http://renault.activities.at/result?searchterm=true&search=Mobilit%E4t" "Mozilla/5.0 (Windows NT 6.1; WOW64; Trident/7.0; rv:11.0) like Gecko"
212.152.246.133 - - [06/Aug/2019:13:10:11 +0200] "GET /loadthumbnail.php?id=10745359&width=113 HTTP/1.1" 200 4202 "http://renault.activities.at/result?searchterm=true&search=Mobilit%E4t" "Mozilla/5.0 (Windows NT 6.1; WOW64; Trident/7.0; rv:11.0) like Gecko"
212.152.246.133 - - [06/Aug/2019:13:10:11 +0200] "GET /loadthumbnail.php?id=11434114&width=113 HTTP/1.1" 200 4564 "http://renault.activities.at/result?searchterm=true&search=Mobilit%E4t" "Mozilla/5.0 (Windows NT 6.1; WOW64; Trident/7.0; rv:11.0) like Gecko"
217.13.176.185 - - [06/Aug/2019:13:10:17 +0200] "GET /reload?ser=1565089817324 HTTP/1.1" 200 28 "http://renault.activities.at/10201633" "Mozilla/5.0 (Windows NT 6.1; Trident/7.0; rv:11.0) like Gecko"
83.175.113.91 - - [06/Aug/2019:13:10:21 +0200] "GET /reload?ser=1565089821035 HTTP/1.1" 200 28 "http://renault.activities.at/" "Mozilla/5.0 (Windows NT 6.1; WOW64; Trident/7.0; rv:11.0) like Gecko"
212.152.246.133 - - [06/Aug/2019:13:10:37 +0200] "POST /result?searchterm=true&search=Mobilit%E4t HTTP/1.1" 200 6605 "http://renault.activities.at/result?searchterm=true&search=Mobilit%E4t" "Mozilla/5.0 (Windows NT 6.1; WOW64; Trident/7.0; rv:11.0) like Gecko"
212.152.246.133 - - [06/Aug/2019:13:10:40 +0200] "GET /js/index.php?c=auto&f=,prototype/prototype.js,prototype/validation.js,scriptaculous/builder.js,scriptaculous/effects.js,scriptaculous/dragdrop.js,scriptaculous/controls.js,scriptaculous/slider.js,varien/js.js,varien/form.js,varien/menu.js,mage/translate.js,mage/cookies.js,varien/product.js,spinner/SpinnerControl.jsmin.js,prototype/window.js,prototype/window_ext.js HTTP/1.1" 304 - "http://renault.activities.at/result?searchterm=true&search=Mobilit%E4t" "Mozilla/5.0 (Windows NT 6.1; WOW64; Trident/7.0; rv:11.0) like Gecko"
213.153.47.173 - - [06/Aug/2019:13:10:45 +0200] "GET /reload?ser=1565089845261 HTTP/1.1" 200 28 "http://renault.activities.at/login?required=true" "Mozilla/5.0 (Windows NT 10.0; Win64; x64; rv:68.0) Gecko/20100101 Firefox/68.0"
212.152.246.133 - - [06/Aug/2019:13:10:54 +0200] "POST /result?searchterm=true&search=Mobilit%E4t HTTP/1.1" 200 6608 "http://renault.activities.at/result?searchterm=true&search=Mobilit%E4t" "Mozilla/5.0 (Windows NT 6.1; WOW64; Trident/7.0; rv:11.0) like Gecko"
212.152.246.133 - - [06/Aug/2019:13:10:56 +0200] "GET /js/index.php?c=auto&f=,prototype/prototype.js,prototype/validation.js,scriptaculous/builder.js,scriptaculous/effects.js,scriptaculous/dragdrop.js,scriptaculous/controls.js,scriptaculous/slider.js,varien/js.js,varien/form.js,varien/menu.js,mage/translate.js,mage/cookies.js,varien/product.js,spinner/SpinnerControl.jsmin.js,prototype/window.js,prototype/window_ext.js HTTP/1.1" 304 - "http://renault.activities.at/result?searchterm=true&search=Mobilit%E4t" "Mozilla/5.0 (Windows NT 6.1; WOW64; Trident/7.0; rv:11.0) like Gecko"
217.13.176.185 - - [06/Aug/2019:13:10:54 +0200] "GET /10201633?dir=DESC&mode=grid&order=name&limit=50 HTTP/1.1" 200 14852 "http://renault.activities.at/10201633" "Mozilla/5.0 (Windows NT 6.1; Trident/7.0; rv:11.0) like Gecko"
217.13.176.185 - - [06/Aug/2019:13:11:09 +0200] "GET /10201633?dir=DESC&mode=grid&order=name&limit=50&page=2 HTTP/1.1" 200 10616 "http://renault.activities.at/10201633?dir=DESC&mode=grid&order=name&limit=50" "Mozilla/5.0 (Windows NT 6.1; Trident/7.0; rv:11.0) like Gecko"
83.175.113.91 - - [06/Aug/2019:13:11:22 +0200] "GET /reload?ser=1565089881683 HTTP/1.1" 200 28 "http://renault.activities.at/" "Mozilla/5.0 (Windows NT 6.1; WOW64; Trident/7.0; rv:11.0) like Gecko"
207.46.13.120 - - [06/Aug/2019:13:11:21 +0200] "GET /10260003 HTTP/1.1" 200 6503 "-" "Mozilla/5.0 (compatible; bingbot/2.0; +http://www.bing.com/bingbot.htm)"
217.13.176.185 - - [06/Aug/2019:13:11:25 +0200] "POST /axjaxrequest?mode=suggest HTTP/1.1" 200 317 "http://renault.activities.at/10201633?dir=DESC&mode=grid&order=name&limit=50&page=2" "Mozilla/5.0 (Windows NT 6.1; Trident/7.0; rv:11.0) like Gecko"
217.13.176.185 - - [06/Aug/2019:13:11:26 +0200] "POST /axjaxrequest?mode=suggest HTTP/1.1" 200 239 "http://renault.activities.at/10201633?dir=DESC&mode=grid&order=name&limit=50&page=2" "Mozilla/5.0 (Windows NT 6.1; Trident/7.0; rv:11.0) like Gecko"
217.13.176.185 - - [06/Aug/2019:13:11:27 +0200] "POST /axjaxrequest?mode=suggest HTTP/1.1" 200 213 "http://renault.activities.at/10201633?dir=DESC&mode=grid&order=name&limit=50&page=2" "Mozilla/5.0 (Windows NT 6.1; Trident/7.0; rv:11.0) like Gecko"
217.13.176.185 - - [06/Aug/2019:13:11:28 +0200] "POST /axjaxrequest?mode=suggest HTTP/1.1" 200 21 "http://renault.activities.at/10201633?dir=DESC&mode=grid&order=name&limit=50&page=2" "Mozilla/5.0 (Windows NT 6.1; Trident/7.0; rv:11.0) like Gecko"
217.13.176.185 - - [06/Aug/2019:13:11:33 +0200] "GET /result?searchterm=true&search=brosch%FCren HTTP/1.1" 200 6831 "http://renault.activities.at/10201633?dir=DESC&mode=grid&order=name&limit=50&page=2" "Mozilla/5.0 (Windows NT 6.1; Trident/7.0; rv:11.0) like Gecko"
213.153.47.173 - - [06/Aug/2019:13:11:45 +0200] "GET /reload?ser=1565089905917 HTTP/1.1" 200 28 "http://renault.activities.at/login?required=true" "Mozilla/5.0 (Windows NT 10.0; Win64; x64; rv:68.0) Gecko/20100101 Firefox/68.0"
217.13.176.185 - - [06/Aug/2019:13:11:47 +0200] "POST /axjaxrequest?mode=suggest HTTP/1.1" 200 317 "http://renault.activities.at/result?searchterm=true&search=brosch%FCren" "Mozilla/5.0 (Windows NT 6.1; Trident/7.0; rv:11.0) like Gecko"
