213.153.47.173 - - [06/Aug/2019:10:56:16 +0200] "GET /loadthumbnail.php?id=11319984&width=113 HTTP/1.1" 200 28924 "http://renault.activities.at/10201442?dir=DESC&mode=grid&order=name&limit=50&page=9" "Mozilla/5.0 (Windows NT 10.0; Win64; x64) AppleWebKit/537.36 (KHTML, like Gecko) Chrome/75.0.3770.100 Safari/537.36 OPR/62.0.3331.99"
213.153.47.173 - - [06/Aug/2019:10:56:16 +0200] "GET /loadthumbnail.php?id=11334756&width=113 HTTP/1.1" 200 24626 "http://renault.activities.at/10201442?dir=DESC&mode=grid&order=name&limit=50&page=9" "Mozilla/5.0 (Windows NT 10.0; Win64; x64) AppleWebKit/537.36 (KHTML, like Gecko) Chrome/75.0.3770.100 Safari/537.36 OPR/62.0.3331.99"
213.153.47.173 - - [06/Aug/2019:10:56:16 +0200] "GET /loadthumbnail.php?id=11319974&width=113 HTTP/1.1" 200 31785 "http://renault.activities.at/10201442?dir=DESC&mode=grid&order=name&limit=50&page=9" "Mozilla/5.0 (Windows NT 10.0; Win64; x64) AppleWebKit/537.36 (KHTML, like Gecko) Chrome/75.0.3770.100 Safari/537.36 OPR/62.0.3331.99"
213.153.47.173 - - [06/Aug/2019:10:56:16 +0200] "GET /loadthumbnail.php?id=11334755&width=113 HTTP/1.1" 200 23865 "http://renault.activities.at/10201442?dir=DESC&mode=grid&order=name&limit=50&page=9" "Mozilla/5.0 (Windows NT 10.0; Win64; x64) AppleWebKit/537.36 (KHTML, like Gecko) Chrome/75.0.3770.100 Safari/537.36 OPR/62.0.3331.99"
213.153.47.173 - - [06/Aug/2019:10:56:16 +0200] "GET /loadthumbnail.php?id=11658108&width=113 HTTP/1.1" 200 27184 "http://renault.activities.at/10201442?dir=DESC&mode=grid&order=name&limit=50&page=9" "Mozilla/5.0 (Windows NT 10.0; Win64; x64) AppleWebKit/537.36 (KHTML, like Gecko) Chrome/75.0.3770.100 Safari/537.36 OPR/62.0.3331.99"
213.153.47.173 - - [06/Aug/2019:10:56:16 +0200] "GET /reload?ser=1565081776269 HTTP/1.1" 200 28 "http://renault.activities.at/login?required=true" "Mozilla/5.0 (Windows NT 10.0; Win64; x64; rv:68.0) Gecko/20100101 Firefox/68.0"
213.153.47.173 - - [06/Aug/2019:10:56:28 +0200] "GET /10201442?dir=DESC&mode=grid&order=name&limit=50&page=10 HTTP/1.1" 200 9506 "http://renault.activities.at/10201442?dir=DESC&mode=grid&order=name&limit=50&page=9" "Mozilla/5.0 (Windows NT 10.0; Win64; x64) AppleWebKit/537.36 (KHTML, like Gecko) Chrome/75.0.3770.100 Safari/537.36 OPR/62.0.3331.99"
213.153.47.173 - - [06/Aug/2019:10:56:32 +0200] "GET /loadthumbnail.php?id=11304858&width=113 HTTP/1.1" 200 1289 "http://renault.activities.at/10201442?dir=DESC&mode=grid&order=name&limit=50&page=10" "Mozilla/5.0 (Windows NT 10.0; Win64; x64) AppleWebKit/537.36 (KHTML, like Gecko) Chrome/75.0.3770.100 Safari/537.36 OPR/62.0.3331.99"
213.153.47.173 - - [06/Aug/2019:10:56:32 +0200] "GET /loadthumbnail.php?id=11423838&width=113 HTTP/1.1" 200 2865 "http://renault.activities.at/10201442?dir=DESC&mode=grid&order=name&limit=50&page=10" "Mozilla/5.0 (Windows NT 10.0; Win64; x64) AppleWebKit/537.36 (KHTML, like Gecko) Chrome/75.0.3770.100 Safari/537.36 OPR/62.0.3331.99"
213.153.47.173 - - [06/Aug/2019:10:56:32 +0200] "GET /loadthumbnail.php?id=10848346&width=113 HTTP/1.1" 200 2340 "http://renault.activities.at/10201442?dir=DESC&mode=grid&order=name&limit=50&page=10" "Mozilla/5.0 (Windows NT 10.0; Win64; x64) AppleWebKit/537.36 (KHTML, like Gecko) Chrome/75.0.3770.100 Safari/537.36 OPR/62.0.3331.99"
83.175.113.91 - - [06/Aug/2019:10:56:54 +0200] "GET /reload?ser=1565081813657 HTTP/1.1" 200 28 "http://renault.activities.at/" "Mozilla/5.0 (Windows NT 6.1; WOW64; Trident/7.0; rv:11.0) like Gecko"
213.153.47.173 - - [06/Aug/2019:10:57:03 +0200] "GET /10201442?dir=DESC&mode=grid&order=name&limit=50&page=9 HTTP/1.1" 200 13959 "http://renault.activities.at/10201442?dir=DESC&mode=grid&order=name&limit=50&page=10" "Mozilla/5.0 (Windows NT 10.0; Win64; x64) AppleWebKit/537.36 (KHTML, like Gecko) Chrome/75.0.3770.100 Safari/537.36 OPR/62.0.3331.99"
213.153.47.173 - - [06/Aug/2019:10:57:08 +0200] "GET /10201442?dir=DESC&mode=grid&order=name&limit=50&page=8 HTTP/1.1" 200 13926 "http://renault.activities.at/10201442?dir=DESC&mode=grid&order=name&limit=50&page=9" "Mozilla/5.0 (Windows NT 10.0; Win64; x64) AppleWebKit/537.36 (KHTML, like Gecko) Chrome/75.0.3770.100 Safari/537.36 OPR/62.0.3331.99"
213.153.47.173 - - [06/Aug/2019:10:57:11 +0200] "GET /10201442?dir=DESC&mode=grid&order=name&limit=50&page=7 HTTP/1.1" 200 13793 "http://renault.activities.at/10201442?dir=DESC&mode=grid&order=name&limit=50&page=8" "Mozilla/5.0 (Windows NT 10.0; Win64; x64) AppleWebKit/537.36 (KHTML, like Gecko) Chrome/75.0.3770.100 Safari/537.36 OPR/62.0.3331.99"
213.153.47.173 - - [06/Aug/2019:10:57:16 +0200] "GET /reload?ser=1565081836959 HTTP/1.1" 200 28 "http://renault.activities.at/login?required=true" "Mozilla/5.0 (Windows NT 10.0; Win64; x64; rv:68.0) Gecko/20100101 Firefox/68.0"
213.153.47.173 - - [06/Aug/2019:10:57:13 +0200] "GET /10201442?dir=DESC&mode=grid&order=name&limit=50&page=6 HTTP/1.1" 200 13745 "http://renault.activities.at/10201442?dir=DESC&mode=grid&order=name&limit=50&page=7" "Mozilla/5.0 (Windows NT 10.0; Win64; x64) AppleWebKit/537.36 (KHTML, like Gecko) Chrome/75.0.3770.100 Safari/537.36 OPR/62.0.3331.99"
213.153.47.173 - - [06/Aug/2019:10:57:20 +0200] "GET /loadthumbnail.php?id=12040651&width=113 HTTP/1.1" 200 3124 "http://renault.activities.at/10201442?dir=DESC&mode=grid&order=name&limit=50&page=6" "Mozilla/5.0 (Windows NT 10.0; Win64; x64) AppleWebKit/537.36 (KHTML, like Gecko) Chrome/75.0.3770.100 Safari/537.36 OPR/62.0.3331.99"
213.153.47.173 - - [06/Aug/2019:10:57:20 +0200] "GET /loadthumbnail.php?id=12040662&width=113 HTTP/1.1" 200 4115 "http://renault.activities.at/10201442?dir=DESC&mode=grid&order=name&limit=50&page=6" "Mozilla/5.0 (Windows NT 10.0; Win64; x64) AppleWebKit/537.36 (KHTML, like Gecko) Chrome/75.0.3770.100 Safari/537.36 OPR/62.0.3331.99"
213.153.47.173 - - [06/Aug/2019:10:57:20 +0200] "GET /loadthumbnail.php?id=12040650&width=113 HTTP/1.1" 200 2999 "http://renault.activities.at/10201442?dir=DESC&mode=grid&order=name&limit=50&page=6" "Mozilla/5.0 (Windows NT 10.0; Win64; x64) AppleWebKit/537.36 (KHTML, like Gecko) Chrome/75.0.3770.100 Safari/537.36 OPR/62.0.3331.99"
213.153.47.173 - - [06/Aug/2019:10:57:20 +0200] "GET /loadthumbnail.php?id=11927086&width=113 HTTP/1.1" 200 2978 "http://renault.activities.at/10201442?dir=DESC&mode=grid&order=name&limit=50&page=6" "Mozilla/5.0 (Windows NT 10.0; Win64; x64) AppleWebKit/537.36 (KHTML, like Gecko) Chrome/75.0.3770.100 Safari/537.36 OPR/62.0.3331.99"
213.153.47.173 - - [06/Aug/2019:10:57:20 +0200] "GET /loadthumbnail.php?id=11906025&width=113 HTTP/1.1" 200 2994 "http://renault.activities.at/10201442?dir=DESC&mode=grid&order=name&limit=50&page=6" "Mozilla/5.0 (Windows NT 10.0; Win64; x64) AppleWebKit/537.36 (KHTML, like Gecko) Chrome/75.0.3770.100 Safari/537.36 OPR/62.0.3331.99"
213.153.47.173 - - [06/Aug/2019:10:57:20 +0200] "GET /loadthumbnail.php?id=12040649&width=113 HTTP/1.1" 200 4584 "http://renault.activities.at/10201442?dir=DESC&mode=grid&order=name&limit=50&page=6" "Mozilla/5.0 (Windows NT 10.0; Win64; x64) AppleWebKit/537.36 (KHTML, like Gecko) Chrome/75.0.3770.100 Safari/537.36 OPR/62.0.3331.99"
213.153.47.173 - - [06/Aug/2019:10:57:20 +0200] "GET /loadthumbnail.php?id=11314594&width=113 HTTP/1.1" 200 4859 "http://renault.activities.at/10201442?dir=DESC&mode=grid&order=name&limit=50&page=6" "Mozilla/5.0 (Windows NT 10.0; Win64; x64) AppleWebKit/537.36 (KHTML, like Gecko) Chrome/75.0.3770.100 Safari/537.36 OPR/62.0.3331.99"
213.153.47.173 - - [06/Aug/2019:10:57:20 +0200] "GET /loadthumbnail.php?id=11314595&width=113 HTTP/1.1" 200 2441 "http://renault.activities.at/10201442?dir=DESC&mode=grid&order=name&limit=50&page=6" "Mozilla/5.0 (Windows NT 10.0; Win64; x64) AppleWebKit/537.36 (KHTML, like Gecko) Chrome/75.0.3770.100 Safari/537.36 OPR/62.0.3331.99"
213.153.47.173 - - [06/Aug/2019:10:57:20 +0200] "GET /loadthumbnail.php?id=11784479&width=113 HTTP/1.1" 200 2490 "http://renault.activities.at/10201442?dir=DESC&mode=grid&order=name&limit=50&page=6" "Mozilla/5.0 (Windows NT 10.0; Win64; x64) AppleWebKit/537.36 (KHTML, like Gecko) Chrome/75.0.3770.100 Safari/537.36 OPR/62.0.3331.99"
213.153.47.173 - - [06/Aug/2019:10:57:20 +0200] "GET /loadthumbnail.php?id=11532185&width=113 HTTP/1.1" 200 2800 "http://renault.activities.at/10201442?dir=DESC&mode=grid&order=name&limit=50&page=6" "Mozilla/5.0 (Windows NT 10.0; Win64; x64) AppleWebKit/537.36 (KHTML, like Gecko) Chrome/75.0.3770.100 Safari/537.36 OPR/62.0.3331.99"
213.153.47.173 - - [06/Aug/2019:10:57:20 +0200] "GET /loadthumbnail.php?id=11784466&width=113 HTTP/1.1" 200 3044 "http://renault.activities.at/10201442?dir=DESC&mode=grid&order=name&limit=50&page=6" "Mozilla/5.0 (Windows NT 10.0; Win64; x64) AppleWebKit/537.36 (KHTML, like Gecko) Chrome/75.0.3770.100 Safari/537.36 OPR/62.0.3331.99"
213.153.47.173 - - [06/Aug/2019:10:57:20 +0200] "GET /loadthumbnail.php?id=11784465&width=113 HTTP/1.1" 200 2824 "http://renault.activities.at/10201442?dir=DESC&mode=grid&order=name&limit=50&page=6" "Mozilla/5.0 (Windows NT 10.0; Win64; x64) AppleWebKit/537.36 (KHTML, like Gecko) Chrome/75.0.3770.100 Safari/537.36 OPR/62.0.3331.99"
213.153.47.173 - - [06/Aug/2019:10:57:20 +0200] "GET /loadthumbnail.php?id=12022099&width=113 HTTP/1.1" 200 2908 "http://renault.activities.at/10201442?dir=DESC&mode=grid&order=name&limit=50&page=6" "Mozilla/5.0 (Windows NT 10.0; Win64; x64) AppleWebKit/537.36 (KHTML, like Gecko) Chrome/75.0.3770.100 Safari/537.36 OPR/62.0.3331.99"
213.153.47.173 - - [06/Aug/2019:10:57:21 +0200] "GET /loadthumbnail.php?id=12022101&width=113 HTTP/1.1" 200 2582 "http://renault.activities.at/10201442?dir=DESC&mode=grid&order=name&limit=50&page=6" "Mozilla/5.0 (Windows NT 10.0; Win64; x64) AppleWebKit/537.36 (KHTML, like Gecko) Chrome/75.0.3770.100 Safari/537.36 OPR/62.0.3331.99"
213.153.47.173 - - [06/Aug/2019:10:57:20 +0200] "GET /loadthumbnail.php?id=11784464&width=113 HTTP/1.1" 200 2802 "http://renault.activities.at/10201442?dir=DESC&mode=grid&order=name&limit=50&page=6" "Mozilla/5.0 (Windows NT 10.0; Win64; x64) AppleWebKit/537.36 (KHTML, like Gecko) Chrome/75.0.3770.100 Safari/537.36 OPR/62.0.3331.99"
213.153.47.173 - - [06/Aug/2019:10:57:21 +0200] "GET /loadthumbnail.php?id=11314591&width=113 HTTP/1.1" 200 2647 "http://renault.activities.at/10201442?dir=DESC&mode=grid&order=name&limit=50&page=6" "Mozilla/5.0 (Windows NT 10.0; Win64; x64) AppleWebKit/537.36 (KHTML, like Gecko) Chrome/75.0.3770.100 Safari/537.36 OPR/62.0.3331.99"
213.153.47.173 - - [06/Aug/2019:10:57:21 +0200] "GET /loadthumbnail.php?id=11314592&width=113 HTTP/1.1" 200 3118 "http://renault.activities.at/10201442?dir=DESC&mode=grid&order=name&limit=50&page=6" "Mozilla/5.0 (Windows NT 10.0; Win64; x64) AppleWebKit/537.36 (KHTML, like Gecko) Chrome/75.0.3770.100 Safari/537.36 OPR/62.0.3331.99"
213.153.47.173 - - [06/Aug/2019:10:57:21 +0200] "GET /loadthumbnail.php?id=11314593&width=113 HTTP/1.1" 200 4275 "http://renault.activities.at/10201442?dir=DESC&mode=grid&order=name&limit=50&page=6" "Mozilla/5.0 (Windows NT 10.0; Win64; x64) AppleWebKit/537.36 (KHTML, like Gecko) Chrome/75.0.3770.100 Safari/537.36 OPR/62.0.3331.99"
213.153.47.173 - - [06/Aug/2019:10:57:21 +0200] "GET /loadthumbnail.php?id=11489823&width=113 HTTP/1.1" 200 2857 "http://renault.activities.at/10201442?dir=DESC&mode=grid&order=name&limit=50&page=6" "Mozilla/5.0 (Windows NT 10.0; Win64; x64) AppleWebKit/537.36 (KHTML, like Gecko) Chrome/75.0.3770.100 Safari/537.36 OPR/62.0.3331.99"
213.153.47.173 - - [06/Aug/2019:10:57:21 +0200] "GET /loadthumbnail.php?id=11489819&width=113 HTTP/1.1" 200 3862 "http://renault.activities.at/10201442?dir=DESC&mode=grid&order=name&limit=50&page=6" "Mozilla/5.0 (Windows NT 10.0; Win64; x64) AppleWebKit/537.36 (KHTML, like Gecko) Chrome/75.0.3770.100 Safari/537.36 OPR/62.0.3331.99"
213.153.47.173 - - [06/Aug/2019:10:57:21 +0200] "GET /loadthumbnail.php?id=11659629&width=113 HTTP/1.1" 200 2748 "http://renault.activities.at/10201442?dir=DESC&mode=grid&order=name&limit=50&page=6" "Mozilla/5.0 (Windows NT 10.0; Win64; x64) AppleWebKit/537.36 (KHTML, like Gecko) Chrome/75.0.3770.100 Safari/537.36 OPR/62.0.3331.99"
213.153.47.173 - - [06/Aug/2019:10:57:21 +0200] "GET /loadthumbnail.php?id=11489779&width=113 HTTP/1.1" 200 1080 "http://renault.activities.at/10201442?dir=DESC&mode=grid&order=name&limit=50&page=6" "Mozilla/5.0 (Windows NT 10.0; Win64; x64) AppleWebKit/537.36 (KHTML, like Gecko) Chrome/75.0.3770.100 Safari/537.36 OPR/62.0.3331.99"
213.153.47.173 - - [06/Aug/2019:10:57:21 +0200] "GET /loadthumbnail.php?id=12029408&width=113 HTTP/1.1" 200 2367 "http://renault.activities.at/10201442?dir=DESC&mode=grid&order=name&limit=50&page=6" "Mozilla/5.0 (Windows NT 10.0; Win64; x64) AppleWebKit/537.36 (KHTML, like Gecko) Chrome/75.0.3770.100 Safari/537.36 OPR/62.0.3331.99"
213.153.47.173 - - [06/Aug/2019:10:57:21 +0200] "GET /loadthumbnail.php?id=12023913&width=113 HTTP/1.1" 200 3224 "http://renault.activities.at/10201442?dir=DESC&mode=grid&order=name&limit=50&page=6" "Mozilla/5.0 (Windows NT 10.0; Win64; x64) AppleWebKit/537.36 (KHTML, like Gecko) Chrome/75.0.3770.100 Safari/537.36 OPR/62.0.3331.99"
213.153.47.173 - - [06/Aug/2019:10:57:21 +0200] "GET /loadthumbnail.php?id=12029412&width=113 HTTP/1.1" 200 3690 "http://renault.activities.at/10201442?dir=DESC&mode=grid&order=name&limit=50&page=6" "Mozilla/5.0 (Windows NT 10.0; Win64; x64) AppleWebKit/537.36 (KHTML, like Gecko) Chrome/75.0.3770.100 Safari/537.36 OPR/62.0.3331.99"
213.153.47.173 - - [06/Aug/2019:10:57:21 +0200] "GET /loadthumbnail.php?id=11489794&width=113 HTTP/1.1" 200 2829 "http://renault.activities.at/10201442?dir=DESC&mode=grid&order=name&limit=50&page=6" "Mozilla/5.0 (Windows NT 10.0; Win64; x64) AppleWebKit/537.36 (KHTML, like Gecko) Chrome/75.0.3770.100 Safari/537.36 OPR/62.0.3331.99"
213.153.47.173 - - [06/Aug/2019:10:57:21 +0200] "GET /loadthumbnail.php?id=11489786&width=113 HTTP/1.1" 200 2751 "http://renault.activities.at/10201442?dir=DESC&mode=grid&order=name&limit=50&page=6" "Mozilla/5.0 (Windows NT 10.0; Win64; x64) AppleWebKit/537.36 (KHTML, like Gecko) Chrome/75.0.3770.100 Safari/537.36 OPR/62.0.3331.99"
213.153.47.173 - - [06/Aug/2019:10:57:21 +0200] "GET /loadthumbnail.php?id=11521730&width=113 HTTP/1.1" 200 2841 "http://renault.activities.at/10201442?dir=DESC&mode=grid&order=name&limit=50&page=6" "Mozilla/5.0 (Windows NT 10.0; Win64; x64) AppleWebKit/537.36 (KHTML, like Gecko) Chrome/75.0.3770.100 Safari/537.36 OPR/62.0.3331.99"
213.153.47.173 - - [06/Aug/2019:10:57:28 +0200] "GET /10201442?dir=DESC&mode=grid&order=name&limit=50&page=5 HTTP/1.1" 200 14296 "http://renault.activities.at/10201442?dir=DESC&mode=grid&order=name&limit=50&page=6" "Mozilla/5.0 (Windows NT 10.0; Win64; x64) AppleWebKit/537.36 (KHTML, like Gecko) Chrome/75.0.3770.100 Safari/537.36 OPR/62.0.3331.99"
213.153.47.173 - - [06/Aug/2019:10:57:35 +0200] "GET /10201442?dir=DESC&mode=grid&order=name&limit=50&page=3 HTTP/1.1" 200 12973 "http://renault.activities.at/10201442?dir=DESC&mode=grid&order=name&limit=50&page=5" "Mozilla/5.0 (Windows NT 10.0; Win64; x64) AppleWebKit/537.36 (KHTML, like Gecko) Chrome/75.0.3770.100 Safari/537.36 OPR/62.0.3331.99"
213.153.47.173 - - [06/Aug/2019:10:57:46 +0200] "GET /10201442?dir=DESC&mode=grid&order=name&limit=50&page=2 HTTP/1.1" 200 13482 "http://renault.activities.at/10201442?dir=DESC&mode=grid&order=name&limit=50&page=3" "Mozilla/5.0 (Windows NT 10.0; Win64; x64) AppleWebKit/537.36 (KHTML, like Gecko) Chrome/75.0.3770.100 Safari/537.36 OPR/62.0.3331.99"
83.175.113.91 - - [06/Aug/2019:10:57:54 +0200] "GET /reload?ser=1565081874310 HTTP/1.1" 200 28 "http://renault.activities.at/" "Mozilla/5.0 (Windows NT 6.1; WOW64; Trident/7.0; rv:11.0) like Gecko"
213.153.47.173 - - [06/Aug/2019:10:58:11 +0200] "GET /11071857?print=true HTTP/1.1" 200 3094 "http://renault.activities.at/10201442?dir=DESC&mode=grid&order=name&limit=50&page=2" "Mozilla/5.0 (Windows NT 10.0; Win64; x64) AppleWebKit/537.36 (KHTML, like Gecko) Chrome/75.0.3770.100 Safari/537.36 OPR/62.0.3331.99"
213.153.47.173 - - [06/Aug/2019:10:58:14 +0200] "GET /js/tabs.js HTTP/1.1" 200 519 "http://renault.activities.at/11071857?print=true" "Mozilla/5.0 (Windows NT 10.0; Win64; x64) AppleWebKit/537.36 (KHTML, like Gecko) Chrome/75.0.3770.100 Safari/537.36 OPR/62.0.3331.99"
213.153.47.173 - - [06/Aug/2019:10:58:14 +0200] "GET /images/tabs_corner_left_bot.gif HTTP/1.1" 200 98 "http://renault.activities.at/css/styles.css" "Mozilla/5.0 (Windows NT 10.0; Win64; x64) AppleWebKit/537.36 (KHTML, like Gecko) Chrome/75.0.3770.100 Safari/537.36 OPR/62.0.3331.99"
213.153.47.173 - - [06/Aug/2019:10:58:14 +0200] "GET /images/tabs_corner_right_bot.gif HTTP/1.1" 200 99 "http://renault.activities.at/css/styles.css" "Mozilla/5.0 (Windows NT 10.0; Win64; x64) AppleWebKit/537.36 (KHTML, like Gecko) Chrome/75.0.3770.100 Safari/537.36 OPR/62.0.3331.99"
213.153.47.173 - - [06/Aug/2019:10:58:14 +0200] "GET /images/tabs_corner_left_top.gif HTTP/1.1" 200 99 "http://renault.activities.at/css/styles.css" "Mozilla/5.0 (Windows NT 10.0; Win64; x64) AppleWebKit/537.36 (KHTML, like Gecko) Chrome/75.0.3770.100 Safari/537.36 OPR/62.0.3331.99"
213.153.47.173 - - [06/Aug/2019:10:58:14 +0200] "GET /images/tabs_corner_right_top.gif HTTP/1.1" 200 98 "http://renault.activities.at/css/styles.css" "Mozilla/5.0 (Windows NT 10.0; Win64; x64) AppleWebKit/537.36 (KHTML, like Gecko) Chrome/75.0.3770.100 Safari/537.36 OPR/62.0.3331.99"
213.153.47.173 - - [06/Aug/2019:10:58:14 +0200] "GET /images/tabs_button_corner_left_top_active.gif HTTP/1.1" 200 138 "http://renault.activities.at/css/styles.css" "Mozilla/5.0 (Windows NT 10.0; Win64; x64) AppleWebKit/537.36 (KHTML, like Gecko) Chrome/75.0.3770.100 Safari/537.36 OPR/62.0.3331.99"
213.153.47.173 - - [06/Aug/2019:10:58:14 +0200] "GET /images/tabs_button_corner_right_top_active.gif HTTP/1.1" 200 136 "http://renault.activities.at/css/styles.css" "Mozilla/5.0 (Windows NT 10.0; Win64; x64) AppleWebKit/537.36 (KHTML, like Gecko) Chrome/75.0.3770.100 Safari/537.36 OPR/62.0.3331.99"
213.153.47.173 - - [06/Aug/2019:10:58:14 +0200] "GET /images/tabs_border.gif HTTP/1.1" 200 43 "http://renault.activities.at/css/styles.css" "Mozilla/5.0 (Windows NT 10.0; Win64; x64) AppleWebKit/537.36 (KHTML, like Gecko) Chrome/75.0.3770.100 Safari/537.36 OPR/62.0.3331.99"
213.153.47.173 - - [06/Aug/2019:10:58:14 +0200] "GET /loadthumbnail.php?id=11117056&width=83 HTTP/1.1" 200 1557 "http://renault.activities.at/11071857?print=true" "Mozilla/5.0 (Windows NT 10.0; Win64; x64) AppleWebKit/537.36 (KHTML, like Gecko) Chrome/75.0.3770.100 Safari/537.36 OPR/62.0.3331.99"
213.153.47.173 - - [06/Aug/2019:10:58:14 +0200] "GET /loadthumbnail.php?id=11117056&width=250 HTTP/1.1" 200 5707 "http://renault.activities.at/11071857?print=true" "Mozilla/5.0 (Windows NT 10.0; Win64; x64) AppleWebKit/537.36 (KHTML, like Gecko) Chrome/75.0.3770.100 Safari/537.36 OPR/62.0.3331.99"
213.153.47.173 - - [06/Aug/2019:10:58:14 +0200] "GET /loadthumbnail.php?id=11117057&width=83 HTTP/1.1" 200 1533 "http://renault.activities.at/11071857?print=true" "Mozilla/5.0 (Windows NT 10.0; Win64; x64) AppleWebKit/537.36 (KHTML, like Gecko) Chrome/75.0.3770.100 Safari/537.36 OPR/62.0.3331.99"
213.153.47.173 - - [06/Aug/2019:10:58:14 +0200] "GET /loadthumbnail.php?id=11117056&width=900&height=900 HTTP/1.1" 200 41977 "http://renault.activities.at/11071857?print=true" "Mozilla/5.0 (Windows NT 10.0; Win64; x64) AppleWebKit/537.36 (KHTML, like Gecko) Chrome/75.0.3770.100 Safari/537.36 OPR/62.0.3331.99"
213.153.47.173 - - [06/Aug/2019:10:58:14 +0200] "GET /loadthumbnail.php?id=11117057&width=250 HTTP/1.1" 200 5392 "http://renault.activities.at/11071857?print=true" "Mozilla/5.0 (Windows NT 10.0; Win64; x64) AppleWebKit/537.36 (KHTML, like Gecko) Chrome/75.0.3770.100 Safari/537.36 OPR/62.0.3331.99"
213.153.47.173 - - [06/Aug/2019:10:58:17 +0200] "GET /reload?ser=1565081897619 HTTP/1.1" 200 28 "http://renault.activities.at/login?required=true" "Mozilla/5.0 (Windows NT 10.0; Win64; x64; rv:68.0) Gecko/20100101 Firefox/68.0"
213.153.47.173 - - [06/Aug/2019:10:58:27 +0200] "GET /loadthumbnail.php?id=11117057&width=900 HTTP/1.1" 200 47059 "http://renault.activities.at/11071857?print=true" "Mozilla/5.0 (Windows NT 10.0; Win64; x64) AppleWebKit/537.36 (KHTML, like Gecko) Chrome/75.0.3770.100 Safari/537.36 OPR/62.0.3331.99"
213.153.47.173 - - [06/Aug/2019:10:58:34 +0200] "GET /11138530?print=true HTTP/1.1" 200 3000 "http://renault.activities.at/10201442?dir=DESC&mode=grid&order=name&limit=50&page=2" "Mozilla/5.0 (Windows NT 10.0; Win64; x64) AppleWebKit/537.36 (KHTML, like Gecko) Chrome/75.0.3770.100 Safari/537.36 OPR/62.0.3331.99"
213.153.47.173 - - [06/Aug/2019:10:58:37 +0200] "GET /loadthumbnail.php?id=11194750&width=250 HTTP/1.1" 200 6414 "http://renault.activities.at/11138530?print=true" "Mozilla/5.0 (Windows NT 10.0; Win64; x64) AppleWebKit/537.36 (KHTML, like Gecko) Chrome/75.0.3770.100 Safari/537.36 OPR/62.0.3331.99"
213.153.47.173 - - [06/Aug/2019:10:58:37 +0200] "GET /loadthumbnail.php?id=11194750&width=900&height=900 HTTP/1.1" 200 55824 "http://renault.activities.at/11138530?print=true" "Mozilla/5.0 (Windows NT 10.0; Win64; x64) AppleWebKit/537.36 (KHTML, like Gecko) Chrome/75.0.3770.100 Safari/537.36 OPR/62.0.3331.99"
213.153.47.173 - - [06/Aug/2019:10:58:48 +0200] "GET /reload?ser=1565081928146 HTTP/1.1" 200 28 "http://renault.activities.at/10201442?dir=DESC&mode=grid&order=name&limit=50&page=2" "Mozilla/5.0 (Windows NT 10.0; Win64; x64) AppleWebKit/537.36 (KHTML, like Gecko) Chrome/75.0.3770.100 Safari/537.36 OPR/62.0.3331.99"
83.175.113.91 - - [06/Aug/2019:10:58:55 +0200] "GET /reload?ser=1565081934970 HTTP/1.1" 200 28 "http://renault.activities.at/" "Mozilla/5.0 (Windows NT 6.1; WOW64; Trident/7.0; rv:11.0) like Gecko"
213.153.47.173 - - [06/Aug/2019:10:59:18 +0200] "GET /reload?ser=1565081958299 HTTP/1.1" 200 28 "http://renault.activities.at/login?required=true" "Mozilla/5.0 (Windows NT 10.0; Win64; x64; rv:68.0) Gecko/20100101 Firefox/68.0"
213.153.47.173 - - [06/Aug/2019:10:59:29 +0200] "POST /11138530?print=true HTTP/1.1" 200 3105 "http://renault.activities.at/11138530?print=true" "Mozilla/5.0 (Windows NT 10.0; Win64; x64) AppleWebKit/537.36 (KHTML, like Gecko) Chrome/75.0.3770.100 Safari/537.36 OPR/62.0.3331.99"
213.153.47.173 - - [06/Aug/2019:10:59:43 +0200] "GET /checkout HTTP/1.1" 200 10240 "http://renault.activities.at/10201442?dir=DESC&mode=grid&order=name&limit=50&page=2" "Mozilla/5.0 (Windows NT 10.0; Win64; x64) AppleWebKit/537.36 (KHTML, like Gecko) Chrome/75.0.3770.100 Safari/537.36 OPR/62.0.3331.99"
213.153.47.173 - - [06/Aug/2019:10:59:47 +0200] "GET /loadthumbnail.php?id=10201939 HTTP/1.1" 200 201 "http://renault.activities.at/checkout" "Mozilla/5.0 (Windows NT 10.0; Win64; x64) AppleWebKit/537.36 (KHTML, like Gecko) Chrome/75.0.3770.100 Safari/537.36 OPR/62.0.3331.99"
213.153.47.173 - - [06/Aug/2019:10:59:47 +0200] "GET /loadthumbnail.php?id=10202698 HTTP/1.1" 200 16686 "http://renault.activities.at/checkout" "Mozilla/5.0 (Windows NT 10.0; Win64; x64) AppleWebKit/537.36 (KHTML, like Gecko) Chrome/75.0.3770.100 Safari/537.36 OPR/62.0.3331.99"
83.175.113.91 - - [06/Aug/2019:10:59:56 +0200] "GET /reload?ser=1565081995625 HTTP/1.1" 200 28 "http://renault.activities.at/" "Mozilla/5.0 (Windows NT 6.1; WOW64; Trident/7.0; rv:11.0) like Gecko"
213.153.47.173 - - [06/Aug/2019:11:00:18 +0200] "GET /reload?ser=1565082018975 HTTP/1.1" 200 28 "http://renault.activities.at/login?required=true" "Mozilla/5.0 (Windows NT 10.0; Win64; x64; rv:68.0) Gecko/20100101 Firefox/68.0"
213.153.47.173 - - [06/Aug/2019:11:00:48 +0200] "GET /reload?ser=1565082048045 HTTP/1.1" 200 28 "http://renault.activities.at/checkout" "Mozilla/5.0 (Windows NT 10.0; Win64; x64) AppleWebKit/537.36 (KHTML, like Gecko) Chrome/75.0.3770.100 Safari/537.36 OPR/62.0.3331.99"
83.175.113.91 - - [06/Aug/2019:11:00:56 +0200] "GET /reload?ser=1565082056284 HTTP/1.1" 200 28 "http://renault.activities.at/" "Mozilla/5.0 (Windows NT 6.1; WOW64; Trident/7.0; rv:11.0) like Gecko"
213.153.47.173 - - [06/Aug/2019:11:01:19 +0200] "GET /reload?ser=1565082079640 HTTP/1.1" 200 28 "http://renault.activities.at/login?required=true" "Mozilla/5.0 (Windows NT 10.0; Win64; x64; rv:68.0) Gecko/20100101 Firefox/68.0"
213.153.47.173 - - [06/Aug/2019:11:01:49 +0200] "GET /reload?ser=1565082109020 HTTP/1.1" 200 28 "http://renault.activities.at/checkout" "Mozilla/5.0 (Windows NT 10.0; Win64; x64) AppleWebKit/537.36 (KHTML, like Gecko) Chrome/75.0.3770.100 Safari/537.36 OPR/62.0.3331.99"
83.175.113.91 - - [06/Aug/2019:11:01:57 +0200] "GET /reload?ser=1565082116930 HTTP/1.1" 200 28 "http://renault.activities.at/" "Mozilla/5.0 (Windows NT 6.1; WOW64; Trident/7.0; rv:11.0) like Gecko"
213.153.47.173 - - [06/Aug/2019:11:02:20 +0200] "GET /reload?ser=1565082140299 HTTP/1.1" 200 28 "http://renault.activities.at/login?required=true" "Mozilla/5.0 (Windows NT 10.0; Win64; x64; rv:68.0) Gecko/20100101 Firefox/68.0"
213.153.47.173 - - [06/Aug/2019:11:02:50 +0200] "GET /reload?ser=1565082170007 HTTP/1.1" 200 28 "http://renault.activities.at/checkout" "Mozilla/5.0 (Windows NT 10.0; Win64; x64) AppleWebKit/537.36 (KHTML, like Gecko) Chrome/75.0.3770.100 Safari/537.36 OPR/62.0.3331.99"
83.175.113.91 - - [06/Aug/2019:11:02:58 +0200] "GET /reload?ser=1565082177594 HTTP/1.1" 200 28 "http://renault.activities.at/" "Mozilla/5.0 (Windows NT 6.1; WOW64; Trident/7.0; rv:11.0) like Gecko"
213.153.47.173 - - [06/Aug/2019:11:03:20 +0200] "GET /reload?ser=1565082200958 HTTP/1.1" 200 28 "http://renault.activities.at/login?required=true" "Mozilla/5.0 (Windows NT 10.0; Win64; x64; rv:68.0) Gecko/20100101 Firefox/68.0"
83.175.113.91 - - [06/Aug/2019:11:03:58 +0200] "GET /reload?ser=1565082238272 HTTP/1.1" 200 28 "http://renault.activities.at/" "Mozilla/5.0 (Windows NT 6.1; WOW64; Trident/7.0; rv:11.0) like Gecko"
213.153.47.173 - - [06/Aug/2019:11:04:21 +0200] "GET /reload?ser=1565082261629 HTTP/1.1" 200 28 "http://renault.activities.at/login?required=true" "Mozilla/5.0 (Windows NT 10.0; Win64; x64; rv:68.0) Gecko/20100101 Firefox/68.0"
83.175.113.91 - - [06/Aug/2019:11:04:59 +0200] "GET /reload?ser=1565082298938 HTTP/1.1" 200 28 "http://renault.activities.at/" "Mozilla/5.0 (Windows NT 6.1; WOW64; Trident/7.0; rv:11.0) like Gecko"
213.153.47.173 - - [06/Aug/2019:11:05:22 +0200] "GET /reload?ser=1565082322278 HTTP/1.1" 200 28 "http://renault.activities.at/login?required=true" "Mozilla/5.0 (Windows NT 10.0; Win64; x64; rv:68.0) Gecko/20100101 Firefox/68.0"
83.175.113.91 - - [06/Aug/2019:11:06:00 +0200] "GET /reload?ser=1565082359585 HTTP/1.1" 200 28 "http://renault.activities.at/" "Mozilla/5.0 (Windows NT 6.1; WOW64; Trident/7.0; rv:11.0) like Gecko"
213.153.47.173 - - [06/Aug/2019:11:06:22 +0200] "GET /reload?ser=1565082382935 HTTP/1.1" 200 28 "http://renault.activities.at/login?required=true" "Mozilla/5.0 (Windows NT 10.0; Win64; x64; rv:68.0) Gecko/20100101 Firefox/68.0"
83.175.113.91 - - [06/Aug/2019:11:07:00 +0200] "GET /reload?ser=1565082420249 HTTP/1.1" 200 28 "http://renault.activities.at/" "Mozilla/5.0 (Windows NT 6.1; WOW64; Trident/7.0; rv:11.0) like Gecko"
213.153.47.173 - - [06/Aug/2019:11:07:23 +0200] "GET /reload?ser=1565082443609 HTTP/1.1" 200 28 "http://renault.activities.at/login?required=true" "Mozilla/5.0 (Windows NT 10.0; Win64; x64; rv:68.0) Gecko/20100101 Firefox/68.0"
83.175.113.91 - - [06/Aug/2019:11:08:01 +0200] "GET /reload?ser=1565082480903 HTTP/1.1" 200 28 "http://renault.activities.at/" "Mozilla/5.0 (Windows NT 6.1; WOW64; Trident/7.0; rv:11.0) like Gecko"
213.153.47.173 - - [06/Aug/2019:11:08:24 +0200] "GET /reload?ser=1565082504278 HTTP/1.1" 200 28 "http://renault.activities.at/login?required=true" "Mozilla/5.0 (Windows NT 10.0; Win64; x64; rv:68.0) Gecko/20100101 Firefox/68.0"
83.175.113.91 - - [06/Aug/2019:11:09:01 +0200] "GET /reload?ser=1565082541555 HTTP/1.1" 200 28 "http://renault.activities.at/" "Mozilla/5.0 (Windows NT 6.1; WOW64; Trident/7.0; rv:11.0) like Gecko"
213.153.47.173 - - [06/Aug/2019:11:09:24 +0200] "GET /reload?ser=1565082564958 HTTP/1.1" 200 28 "http://renault.activities.at/login?required=true" "Mozilla/5.0 (Windows NT 10.0; Win64; x64; rv:68.0) Gecko/20100101 Firefox/68.0"
83.175.113.91 - - [06/Aug/2019:11:10:02 +0200] "GET /reload?ser=1565082602220 HTTP/1.1" 200 28 "http://renault.activities.at/" "Mozilla/5.0 (Windows NT 6.1; WOW64; Trident/7.0; rv:11.0) like Gecko"
213.153.47.173 - - [06/Aug/2019:11:10:25 +0200] "GET /reload?ser=1565082625619 HTTP/1.1" 200 28 "http://renault.activities.at/login?required=true" "Mozilla/5.0 (Windows NT 10.0; Win64; x64; rv:68.0) Gecko/20100101 Firefox/68.0"
83.175.113.91 - - [06/Aug/2019:11:11:03 +0200] "GET /reload?ser=1565082662908 HTTP/1.1" 200 28 "http://renault.activities.at/" "Mozilla/5.0 (Windows NT 6.1; WOW64; Trident/7.0; rv:11.0) like Gecko"
213.153.47.173 - - [06/Aug/2019:11:11:26 +0200] "GET /reload?ser=1565082686288 HTTP/1.1" 200 28 "http://renault.activities.at/login?required=true" "Mozilla/5.0 (Windows NT 10.0; Win64; x64; rv:68.0) Gecko/20100101 Firefox/68.0"
83.175.113.91 - - [06/Aug/2019:11:12:03 +0200] "GET /reload?ser=1565082723576 HTTP/1.1" 200 28 "http://renault.activities.at/" "Mozilla/5.0 (Windows NT 6.1; WOW64; Trident/7.0; rv:11.0) like Gecko"
213.153.47.173 - - [06/Aug/2019:11:12:26 +0200] "GET /reload?ser=1565082746970 HTTP/1.1" 200 28 "http://renault.activities.at/login?required=true" "Mozilla/5.0 (Windows NT 10.0; Win64; x64; rv:68.0) Gecko/20100101 Firefox/68.0"
83.175.113.91 - - [06/Aug/2019:11:13:04 +0200] "GET /reload?ser=1565082784233 HTTP/1.1" 200 28 "http://renault.activities.at/" "Mozilla/5.0 (Windows NT 6.1; WOW64; Trident/7.0; rv:11.0) like Gecko"
213.153.47.173 - - [06/Aug/2019:11:13:27 +0200] "GET /reload?ser=1565082807625 HTTP/1.1" 200 28 "http://renault.activities.at/login?required=true" "Mozilla/5.0 (Windows NT 10.0; Win64; x64; rv:68.0) Gecko/20100101 Firefox/68.0"
83.175.113.91 - - [06/Aug/2019:11:14:05 +0200] "GET /reload?ser=1565082844883 HTTP/1.1" 200 28 "http://renault.activities.at/" "Mozilla/5.0 (Windows NT 6.1; WOW64; Trident/7.0; rv:11.0) like Gecko"
213.153.47.173 - - [06/Aug/2019:11:14:28 +0200] "GET /reload?ser=1565082868308 HTTP/1.1" 200 28 "http://renault.activities.at/login?required=true" "Mozilla/5.0 (Windows NT 10.0; Win64; x64; rv:68.0) Gecko/20100101 Firefox/68.0"
83.175.113.91 - - [06/Aug/2019:11:15:05 +0200] "GET /reload?ser=1565082905542 HTTP/1.1" 200 28 "http://renault.activities.at/" "Mozilla/5.0 (Windows NT 6.1; WOW64; Trident/7.0; rv:11.0) like Gecko"
213.153.47.173 - - [06/Aug/2019:11:15:29 +0200] "GET /reload?ser=1565082928978 HTTP/1.1" 200 28 "http://renault.activities.at/login?required=true" "Mozilla/5.0 (Windows NT 10.0; Win64; x64; rv:68.0) Gecko/20100101 Firefox/68.0"
83.175.113.91 - - [06/Aug/2019:11:16:06 +0200] "GET /reload?ser=1565082966202 HTTP/1.1" 200 28 "http://renault.activities.at/" "Mozilla/5.0 (Windows NT 6.1; WOW64; Trident/7.0; rv:11.0) like Gecko"
213.153.47.173 - - [06/Aug/2019:11:16:29 +0200] "GET /reload?ser=1565082989648 HTTP/1.1" 200 28 "http://renault.activities.at/login?required=true" "Mozilla/5.0 (Windows NT 10.0; Win64; x64; rv:68.0) Gecko/20100101 Firefox/68.0"
83.175.113.91 - - [06/Aug/2019:11:17:07 +0200] "GET /reload?ser=1565083026896 HTTP/1.1" 200 28 "http://renault.activities.at/" "Mozilla/5.0 (Windows NT 6.1; WOW64; Trident/7.0; rv:11.0) like Gecko"
213.153.47.173 - - [06/Aug/2019:11:17:30 +0200] "GET /reload?ser=1565083050309 HTTP/1.1" 200 28 "http://renault.activities.at/login?required=true" "Mozilla/5.0 (Windows NT 10.0; Win64; x64; rv:68.0) Gecko/20100101 Firefox/68.0"
83.175.113.91 - - [06/Aug/2019:11:18:07 +0200] "GET /reload?ser=1565083087560 HTTP/1.1" 200 28 "http://renault.activities.at/" "Mozilla/5.0 (Windows NT 6.1; WOW64; Trident/7.0; rv:11.0) like Gecko"
213.153.47.173 - - [06/Aug/2019:11:18:30 +0200] "GET /reload?ser=1565083110969 HTTP/1.1" 200 28 "http://renault.activities.at/login?required=true" "Mozilla/5.0 (Windows NT 10.0; Win64; x64; rv:68.0) Gecko/20100101 Firefox/68.0"
83.175.113.91 - - [06/Aug/2019:11:19:08 +0200] "GET /reload?ser=1565083148208 HTTP/1.1" 200 28 "http://renault.activities.at/" "Mozilla/5.0 (Windows NT 6.1; WOW64; Trident/7.0; rv:11.0) like Gecko"
213.153.47.173 - - [06/Aug/2019:11:19:31 +0200] "GET /reload?ser=1565083171648 HTTP/1.1" 200 28 "http://renault.activities.at/login?required=true" "Mozilla/5.0 (Windows NT 10.0; Win64; x64; rv:68.0) Gecko/20100101 Firefox/68.0"
83.175.113.91 - - [06/Aug/2019:11:20:09 +0200] "GET /reload?ser=1565083208861 HTTP/1.1" 200 28 "http://renault.activities.at/" "Mozilla/5.0 (Windows NT 6.1; WOW64; Trident/7.0; rv:11.0) like Gecko"
213.153.47.173 - - [06/Aug/2019:11:20:32 +0200] "GET /reload?ser=1565083232318 HTTP/1.1" 200 28 "http://renault.activities.at/login?required=true" "Mozilla/5.0 (Windows NT 10.0; Win64; x64; rv:68.0) Gecko/20100101 Firefox/68.0"
83.175.113.91 - - [06/Aug/2019:11:21:09 +0200] "GET /reload?ser=1565083269527 HTTP/1.1" 200 28 "http://renault.activities.at/" "Mozilla/5.0 (Windows NT 6.1; WOW64; Trident/7.0; rv:11.0) like Gecko"
213.153.47.173 - - [06/Aug/2019:11:21:33 +0200] "GET /reload?ser=1565083292989 HTTP/1.1" 200 28 "http://renault.activities.at/login?required=true" "Mozilla/5.0 (Windows NT 10.0; Win64; x64; rv:68.0) Gecko/20100101 Firefox/68.0"
83.175.113.91 - - [06/Aug/2019:11:22:10 +0200] "GET /reload?ser=1565083330175 HTTP/1.1" 200 28 "http://renault.activities.at/" "Mozilla/5.0 (Windows NT 6.1; WOW64; Trident/7.0; rv:11.0) like Gecko"
213.153.47.173 - - [06/Aug/2019:11:22:33 +0200] "GET /reload?ser=1565083353658 HTTP/1.1" 200 28 "http://renault.activities.at/login?required=true" "Mozilla/5.0 (Windows NT 10.0; Win64; x64; rv:68.0) Gecko/20100101 Firefox/68.0"
83.175.113.91 - - [06/Aug/2019:11:23:11 +0200] "GET /reload?ser=1565083390858 HTTP/1.1" 200 28 "http://renault.activities.at/" "Mozilla/5.0 (Windows NT 6.1; WOW64; Trident/7.0; rv:11.0) like Gecko"
213.153.47.173 - - [06/Aug/2019:11:23:34 +0200] "GET /reload?ser=1565083414318 HTTP/1.1" 200 28 "http://renault.activities.at/login?required=true" "Mozilla/5.0 (Windows NT 10.0; Win64; x64; rv:68.0) Gecko/20100101 Firefox/68.0"
83.175.113.91 - - [06/Aug/2019:11:24:11 +0200] "GET /reload?ser=1565083451520 HTTP/1.1" 200 28 "http://renault.activities.at/" "Mozilla/5.0 (Windows NT 6.1; WOW64; Trident/7.0; rv:11.0) like Gecko"
213.153.47.173 - - [06/Aug/2019:11:24:35 +0200] "GET /reload?ser=1565083474990 HTTP/1.1" 200 28 "http://renault.activities.at/login?required=true" "Mozilla/5.0 (Windows NT 10.0; Win64; x64; rv:68.0) Gecko/20100101 Firefox/68.0"
83.175.113.91 - - [06/Aug/2019:11:25:12 +0200] "GET /reload?ser=1565083512173 HTTP/1.1" 200 28 "http://renault.activities.at/" "Mozilla/5.0 (Windows NT 6.1; WOW64; Trident/7.0; rv:11.0) like Gecko"
213.153.47.173 - - [06/Aug/2019:11:25:35 +0200] "GET /reload?ser=1565083535687 HTTP/1.1" 200 28 "http://renault.activities.at/login?required=true" "Mozilla/5.0 (Windows NT 10.0; Win64; x64; rv:68.0) Gecko/20100101 Firefox/68.0"
83.175.113.91 - - [06/Aug/2019:11:26:13 +0200] "GET /reload?ser=1565083572829 HTTP/1.1" 200 28 "http://renault.activities.at/" "Mozilla/5.0 (Windows NT 6.1; WOW64; Trident/7.0; rv:11.0) like Gecko"
213.153.47.173 - - [06/Aug/2019:11:26:36 +0200] "GET /reload?ser=1565083596358 HTTP/1.1" 200 28 "http://renault.activities.at/login?required=true" "Mozilla/5.0 (Windows NT 10.0; Win64; x64; rv:68.0) Gecko/20100101 Firefox/68.0"
83.175.113.91 - - [06/Aug/2019:11:27:13 +0200] "GET /reload?ser=1565083633471 HTTP/1.1" 200 28 "http://renault.activities.at/" "Mozilla/5.0 (Windows NT 6.1; WOW64; Trident/7.0; rv:11.0) like Gecko"
213.153.47.173 - - [06/Aug/2019:11:27:37 +0200] "GET /reload?ser=1565083657028 HTTP/1.1" 200 28 "http://renault.activities.at/login?required=true" "Mozilla/5.0 (Windows NT 10.0; Win64; x64; rv:68.0) Gecko/20100101 Firefox/68.0"
83.175.113.91 - - [06/Aug/2019:11:28:14 +0200] "GET /reload?ser=1565083694143 HTTP/1.1" 200 28 "http://renault.activities.at/" "Mozilla/5.0 (Windows NT 6.1; WOW64; Trident/7.0; rv:11.0) like Gecko"
213.153.47.173 - - [06/Aug/2019:11:28:37 +0200] "GET /reload?ser=1565083717708 HTTP/1.1" 200 28 "http://renault.activities.at/login?required=true" "Mozilla/5.0 (Windows NT 10.0; Win64; x64; rv:68.0) Gecko/20100101 Firefox/68.0"
83.175.113.91 - - [06/Aug/2019:11:29:15 +0200] "GET /reload?ser=1565083754825 HTTP/1.1" 200 28 "http://renault.activities.at/" "Mozilla/5.0 (Windows NT 6.1; WOW64; Trident/7.0; rv:11.0) like Gecko"
213.153.47.173 - - [06/Aug/2019:11:29:38 +0200] "GET /reload?ser=1565083778354 HTTP/1.1" 200 28 "http://renault.activities.at/login?required=true" "Mozilla/5.0 (Windows NT 10.0; Win64; x64; rv:68.0) Gecko/20100101 Firefox/68.0"
83.175.113.91 - - [06/Aug/2019:11:30:15 +0200] "GET /reload?ser=1565083815478 HTTP/1.1" 200 28 "http://renault.activities.at/" "Mozilla/5.0 (Windows NT 6.1; WOW64; Trident/7.0; rv:11.0) like Gecko"
213.153.47.173 - - [06/Aug/2019:11:30:39 +0200] "GET /reload?ser=1565083839018 HTTP/1.1" 200 28 "http://renault.activities.at/login?required=true" "Mozilla/5.0 (Windows NT 10.0; Win64; x64; rv:68.0) Gecko/20100101 Firefox/68.0"
83.175.113.91 - - [06/Aug/2019:11:31:16 +0200] "GET /reload?ser=1565083876136 HTTP/1.1" 200 28 "http://renault.activities.at/" "Mozilla/5.0 (Windows NT 6.1; WOW64; Trident/7.0; rv:11.0) like Gecko"
213.153.47.173 - - [06/Aug/2019:11:31:39 +0200] "GET /reload?ser=1565083899688 HTTP/1.1" 200 28 "http://renault.activities.at/login?required=true" "Mozilla/5.0 (Windows NT 10.0; Win64; x64; rv:68.0) Gecko/20100101 Firefox/68.0"
83.175.113.91 - - [06/Aug/2019:11:32:17 +0200] "GET /reload?ser=1565083936798 HTTP/1.1" 200 28 "http://renault.activities.at/" "Mozilla/5.0 (Windows NT 6.1; WOW64; Trident/7.0; rv:11.0) like Gecko"
213.153.47.173 - - [06/Aug/2019:11:32:40 +0200] "GET /reload?ser=1565083960358 HTTP/1.1" 200 28 "http://renault.activities.at/login?required=true" "Mozilla/5.0 (Windows NT 10.0; Win64; x64; rv:68.0) Gecko/20100101 Firefox/68.0"
83.175.113.91 - - [06/Aug/2019:11:33:17 +0200] "GET /reload?ser=1565083997443 HTTP/1.1" 200 28 "http://renault.activities.at/" "Mozilla/5.0 (Windows NT 6.1; WOW64; Trident/7.0; rv:11.0) like Gecko"
213.153.47.173 - - [06/Aug/2019:11:33:35 +0200] "GET /checkout HTTP/1.1" 302 150 "http://renault.activities.at/10201442?dir=DESC&mode=grid&order=name&limit=50&page=2" "Mozilla/5.0 (Windows NT 10.0; Win64; x64) AppleWebKit/537.36 (KHTML, like Gecko) Chrome/75.0.3770.100 Safari/537.36 OPR/62.0.3331.99"
213.153.47.173 - - [06/Aug/2019:11:33:35 +0200] "GET /layout.php HTTP/1.1" 200 1559 "-" "Mozilla/5.0 (Windows NT 10.0; Win64; x64) AppleWebKit/537.36 (KHTML, like Gecko) Chrome/75.0.3770.100 Safari/537.36 OPR/62.0.3331.99"
213.153.47.173 - - [06/Aug/2019:11:33:36 +0200] "GET /images/favicon.ico HTTP/1.1" 404 305 "-" "Mozilla/5.0 (Windows NT 10.0; Win64; x64) AppleWebKit/537.36 (KHTML, like Gecko) Chrome/75.0.3770.100 Safari/537.36 OPR/62.0.3331.99"
213.153.47.173 - - [06/Aug/2019:11:33:36 +0200] "GET /login?required=true HTTP/1.1" 200 2086 "http://renault.activities.at/10201442?dir=DESC&mode=grid&order=name&limit=50&page=2" "Mozilla/5.0 (Windows NT 10.0; Win64; x64) AppleWebKit/537.36 (KHTML, like Gecko) Chrome/75.0.3770.100 Safari/537.36 OPR/62.0.3331.99"
213.153.47.173 - - [06/Aug/2019:11:33:37 +0200] "GET /images/favicon.ico HTTP/1.1" 404 305 "http://renault.activities.at/login?required=true" "Mozilla/5.0 (Windows NT 10.0; Win64; x64) AppleWebKit/537.36 (KHTML, like Gecko) Chrome/75.0.3770.100 Safari/537.36 OPR/62.0.3331.99"
213.153.47.173 - - [06/Aug/2019:11:33:41 +0200] "GET /reload?ser=1565084021027 HTTP/1.1" 200 28 "http://renault.activities.at/login?required=true" "Mozilla/5.0 (Windows NT 10.0; Win64; x64; rv:68.0) Gecko/20100101 Firefox/68.0"
83.175.113.91 - - [06/Aug/2019:11:34:18 +0200] "GET /reload?ser=1565084058091 HTTP/1.1" 200 28 "http://renault.activities.at/" "Mozilla/5.0 (Windows NT 6.1; WOW64; Trident/7.0; rv:11.0) like Gecko"
213.153.47.173 - - [06/Aug/2019:11:34:38 +0200] "GET /reload?ser=1565084078050 HTTP/1.1" 200 28 "http://renault.activities.at/login?required=true" "Mozilla/5.0 (Windows NT 10.0; Win64; x64) AppleWebKit/537.36 (KHTML, like Gecko) Chrome/75.0.3770.100 Safari/537.36 OPR/62.0.3331.99"
213.153.47.173 - - [06/Aug/2019:11:34:41 +0200] "GET /reload?ser=1565084081707 HTTP/1.1" 200 28 "http://renault.activities.at/login?required=true" "Mozilla/5.0 (Windows NT 10.0; Win64; x64; rv:68.0) Gecko/20100101 Firefox/68.0"
83.175.113.91 - - [06/Aug/2019:11:35:19 +0200] "GET /reload?ser=1565084118833 HTTP/1.1" 200 28 "http://renault.activities.at/" "Mozilla/5.0 (Windows NT 6.1; WOW64; Trident/7.0; rv:11.0) like Gecko"
213.153.47.173 - - [06/Aug/2019:11:35:39 +0200] "GET /reload?ser=1565084139046 HTTP/1.1" 200 28 "http://renault.activities.at/login?required=true" "Mozilla/5.0 (Windows NT 10.0; Win64; x64) AppleWebKit/537.36 (KHTML, like Gecko) Chrome/75.0.3770.100 Safari/537.36 OPR/62.0.3331.99"
213.153.47.173 - - [06/Aug/2019:11:35:42 +0200] "GET /reload?ser=1565084142376 HTTP/1.1" 200 28 "http://renault.activities.at/login?required=true" "Mozilla/5.0 (Windows NT 10.0; Win64; x64; rv:68.0) Gecko/20100101 Firefox/68.0"
83.175.113.91 - - [06/Aug/2019:11:36:19 +0200] "GET /reload?ser=1565084179502 HTTP/1.1" 200 28 "http://renault.activities.at/" "Mozilla/5.0 (Windows NT 6.1; WOW64; Trident/7.0; rv:11.0) like Gecko"
213.153.47.173 - - [06/Aug/2019:11:36:40 +0200] "GET /reload?ser=1565084200046 HTTP/1.1" 200 28 "http://renault.activities.at/login?required=true" "Mozilla/5.0 (Windows NT 10.0; Win64; x64) AppleWebKit/537.36 (KHTML, like Gecko) Chrome/75.0.3770.100 Safari/537.36 OPR/62.0.3331.99"
213.153.47.173 - - [06/Aug/2019:11:36:43 +0200] "GET /reload?ser=1565084203066 HTTP/1.1" 200 28 "http://renault.activities.at/login?required=true" "Mozilla/5.0 (Windows NT 10.0; Win64; x64; rv:68.0) Gecko/20100101 Firefox/68.0"
83.175.113.91 - - [06/Aug/2019:11:37:20 +0200] "GET /reload?ser=1565084240163 HTTP/1.1" 200 28 "http://renault.activities.at/" "Mozilla/5.0 (Windows NT 6.1; WOW64; Trident/7.0; rv:11.0) like Gecko"
213.153.47.173 - - [06/Aug/2019:11:37:41 +0200] "GET /reload?ser=1565084261048 HTTP/1.1" 200 28 "http://renault.activities.at/login?required=true" "Mozilla/5.0 (Windows NT 10.0; Win64; x64) AppleWebKit/537.36 (KHTML, like Gecko) Chrome/75.0.3770.100 Safari/537.36 OPR/62.0.3331.99"
213.153.47.173 - - [06/Aug/2019:11:37:43 +0200] "GET /reload?ser=1565084263735 HTTP/1.1" 200 28 "http://renault.activities.at/login?required=true" "Mozilla/5.0 (Windows NT 10.0; Win64; x64; rv:68.0) Gecko/20100101 Firefox/68.0"
83.175.113.91 - - [06/Aug/2019:11:38:21 +0200] "GET /reload?ser=1565084300832 HTTP/1.1" 200 28 "http://renault.activities.at/" "Mozilla/5.0 (Windows NT 6.1; WOW64; Trident/7.0; rv:11.0) like Gecko"
213.153.47.173 - - [06/Aug/2019:11:38:42 +0200] "GET /reload?ser=1565084322047 HTTP/1.1" 200 28 "http://renault.activities.at/login?required=true" "Mozilla/5.0 (Windows NT 10.0; Win64; x64) AppleWebKit/537.36 (KHTML, like Gecko) Chrome/75.0.3770.100 Safari/537.36 OPR/62.0.3331.99"
213.153.47.173 - - [06/Aug/2019:11:38:44 +0200] "GET /reload?ser=1565084324406 HTTP/1.1" 200 28 "http://renault.activities.at/login?required=true" "Mozilla/5.0 (Windows NT 10.0; Win64; x64; rv:68.0) Gecko/20100101 Firefox/68.0"
83.175.113.91 - - [06/Aug/2019:11:39:21 +0200] "GET /reload?ser=1565084361484 HTTP/1.1" 200 28 "http://renault.activities.at/" "Mozilla/5.0 (Windows NT 6.1; WOW64; Trident/7.0; rv:11.0) like Gecko"
213.153.47.173 - - [06/Aug/2019:11:39:43 +0200] "GET /reload?ser=1565084383046 HTTP/1.1" 200 28 "http://renault.activities.at/login?required=true" "Mozilla/5.0 (Windows NT 10.0; Win64; x64) AppleWebKit/537.36 (KHTML, like Gecko) Chrome/75.0.3770.100 Safari/537.36 OPR/62.0.3331.99"
213.153.47.173 - - [06/Aug/2019:11:39:45 +0200] "GET /reload?ser=1565084385061 HTTP/1.1" 200 28 "http://renault.activities.at/login?required=true" "Mozilla/5.0 (Windows NT 10.0; Win64; x64; rv:68.0) Gecko/20100101 Firefox/68.0"
83.175.113.91 - - [06/Aug/2019:11:40:22 +0200] "GET /reload?ser=1565084422142 HTTP/1.1" 200 28 "http://renault.activities.at/" "Mozilla/5.0 (Windows NT 6.1; WOW64; Trident/7.0; rv:11.0) like Gecko"
213.153.47.173 - - [06/Aug/2019:11:40:44 +0200] "GET /reload?ser=1565084444046 HTTP/1.1" 200 28 "http://renault.activities.at/login?required=true" "Mozilla/5.0 (Windows NT 10.0; Win64; x64) AppleWebKit/537.36 (KHTML, like Gecko) Chrome/75.0.3770.100 Safari/537.36 OPR/62.0.3331.99"
213.153.47.173 - - [06/Aug/2019:11:40:45 +0200] "GET /reload?ser=1565084445735 HTTP/1.1" 200 28 "http://renault.activities.at/login?required=true" "Mozilla/5.0 (Windows NT 10.0; Win64; x64; rv:68.0) Gecko/20100101 Firefox/68.0"
83.175.113.91 - - [06/Aug/2019:11:41:23 +0200] "GET /reload?ser=1565084482803 HTTP/1.1" 200 28 "http://renault.activities.at/" "Mozilla/5.0 (Windows NT 6.1; WOW64; Trident/7.0; rv:11.0) like Gecko"
213.153.47.173 - - [06/Aug/2019:11:41:45 +0200] "GET /reload?ser=1565084505047 HTTP/1.1" 200 28 "http://renault.activities.at/login?required=true" "Mozilla/5.0 (Windows NT 10.0; Win64; x64) AppleWebKit/537.36 (KHTML, like Gecko) Chrome/75.0.3770.100 Safari/537.36 OPR/62.0.3331.99"
213.153.47.173 - - [06/Aug/2019:11:41:46 +0200] "GET /reload?ser=1565084506385 HTTP/1.1" 200 28 "http://renault.activities.at/login?required=true" "Mozilla/5.0 (Windows NT 10.0; Win64; x64; rv:68.0) Gecko/20100101 Firefox/68.0"
83.175.113.91 - - [06/Aug/2019:11:42:23 +0200] "GET /reload?ser=1565084543491 HTTP/1.1" 200 28 "http://renault.activities.at/" "Mozilla/5.0 (Windows NT 6.1; WOW64; Trident/7.0; rv:11.0) like Gecko"
213.153.47.173 - - [06/Aug/2019:11:42:46 +0200] "GET /reload?ser=1565084566047 HTTP/1.1" 200 28 "http://renault.activities.at/login?required=true" "Mozilla/5.0 (Windows NT 10.0; Win64; x64) AppleWebKit/537.36 (KHTML, like Gecko) Chrome/75.0.3770.100 Safari/537.36 OPR/62.0.3331.99"
213.153.47.173 - - [06/Aug/2019:11:42:47 +0200] "GET /reload?ser=1565084567065 HTTP/1.1" 200 28 "http://renault.activities.at/login?required=true" "Mozilla/5.0 (Windows NT 10.0; Win64; x64; rv:68.0) Gecko/20100101 Firefox/68.0"
83.175.113.91 - - [06/Aug/2019:11:43:24 +0200] "GET /reload?ser=1565084604142 HTTP/1.1" 200 28 "http://renault.activities.at/" "Mozilla/5.0 (Windows NT 6.1; WOW64; Trident/7.0; rv:11.0) like Gecko"
213.153.47.173 - - [06/Aug/2019:11:43:47 +0200] "GET /reload?ser=1565084627724 HTTP/1.1" 200 28 "http://renault.activities.at/login?required=true" "Mozilla/5.0 (Windows NT 10.0; Win64; x64; rv:68.0) Gecko/20100101 Firefox/68.0"
83.175.113.91 - - [06/Aug/2019:11:44:25 +0200] "GET /reload?ser=1565084664804 HTTP/1.1" 200 28 "http://renault.activities.at/" "Mozilla/5.0 (Windows NT 6.1; WOW64; Trident/7.0; rv:11.0) like Gecko"
213.153.47.173 - - [06/Aug/2019:11:44:48 +0200] "GET /reload?ser=1565084688374 HTTP/1.1" 200 28 "http://renault.activities.at/login?required=true" "Mozilla/5.0 (Windows NT 10.0; Win64; x64; rv:68.0) Gecko/20100101 Firefox/68.0"
83.175.113.91 - - [06/Aug/2019:11:45:25 +0200] "GET /reload?ser=1565084725453 HTTP/1.1" 200 28 "http://renault.activities.at/" "Mozilla/5.0 (Windows NT 6.1; WOW64; Trident/7.0; rv:11.0) like Gecko"
213.153.47.173 - - [06/Aug/2019:11:45:49 +0200] "GET /reload?ser=1565084749034 HTTP/1.1" 200 28 "http://renault.activities.at/login?required=true" "Mozilla/5.0 (Windows NT 10.0; Win64; x64; rv:68.0) Gecko/20100101 Firefox/68.0"
213.153.47.173 - - [06/Aug/2019:11:46:01 +0200] "GET /login?required=true HTTP/1.1" 200 2086 "-" "Mozilla/5.0 (Windows NT 10.0; Win64; x64) AppleWebKit/537.36 (KHTML, like Gecko) Chrome/75.0.3770.100 Safari/537.36 OPR/62.0.3331.99"
213.153.47.173 - - [06/Aug/2019:11:46:02 +0200] "GET /images/favicon.ico HTTP/1.1" 404 305 "-" "Mozilla/5.0 (Windows NT 10.0; Win64; x64) AppleWebKit/537.36 (KHTML, like Gecko) Chrome/75.0.3770.100 Safari/537.36 OPR/62.0.3331.99"
213.153.47.173 - - [06/Aug/2019:11:46:01 +0200] "GET /layout.php HTTP/1.1" 200 1559 "-" "Mozilla/5.0 (Windows NT 10.0; Win64; x64) AppleWebKit/537.36 (KHTML, like Gecko) Chrome/75.0.3770.100 Safari/537.36 OPR/62.0.3331.99"
213.153.47.173 - - [06/Aug/2019:11:46:02 +0200] "GET /login?required=true HTTP/1.1" 200 2086 "http://renault.activities.at/10201442?dir=DESC&mode=grid&order=name&limit=50&page=2" "Mozilla/5.0 (Windows NT 10.0; Win64; x64) AppleWebKit/537.36 (KHTML, like Gecko) Chrome/75.0.3770.100 Safari/537.36 OPR/62.0.3331.99"
213.153.47.173 - - [06/Aug/2019:11:46:03 +0200] "GET /images/favicon.ico HTTP/1.1" 404 305 "http://renault.activities.at/login?required=true" "Mozilla/5.0 (Windows NT 10.0; Win64; x64) AppleWebKit/537.36 (KHTML, like Gecko) Chrome/75.0.3770.100 Safari/537.36 OPR/62.0.3331.99"
83.175.113.91 - - [06/Aug/2019:11:46:26 +0200] "GET /reload?ser=1565084786102 HTTP/1.1" 200 28 "http://renault.activities.at/" "Mozilla/5.0 (Windows NT 6.1; WOW64; Trident/7.0; rv:11.0) like Gecko"
213.153.47.173 - - [06/Aug/2019:11:46:49 +0200] "GET /reload?ser=1565084809704 HTTP/1.1" 200 28 "http://renault.activities.at/login?required=true" "Mozilla/5.0 (Windows NT 10.0; Win64; x64; rv:68.0) Gecko/20100101 Firefox/68.0"
213.153.47.173 - - [06/Aug/2019:11:47:04 +0200] "GET /reload?ser=1565084824045 HTTP/1.1" 200 28 "http://renault.activities.at/login?required=true" "Mozilla/5.0 (Windows NT 10.0; Win64; x64) AppleWebKit/537.36 (KHTML, like Gecko) Chrome/75.0.3770.100 Safari/537.36 OPR/62.0.3331.99"
83.175.113.91 - - [06/Aug/2019:11:47:27 +0200] "GET /reload?ser=1565084846771 HTTP/1.1" 200 28 "http://renault.activities.at/" "Mozilla/5.0 (Windows NT 6.1; WOW64; Trident/7.0; rv:11.0) like Gecko"
213.153.47.173 - - [06/Aug/2019:11:47:50 +0200] "GET /reload?ser=1565084870374 HTTP/1.1" 200 28 "http://renault.activities.at/login?required=true" "Mozilla/5.0 (Windows NT 10.0; Win64; x64; rv:68.0) Gecko/20100101 Firefox/68.0"
