212.186.92.126 - - [16/Aug/2019:09:00:29 +0200] "GET /images/nav_divider.gif HTTP/1.1" 304 - "http://renault.activities.at/result?searchterm=true&search=garantie" "Mozilla/5.0 (Windows NT 6.1; WOW64; Trident/7.0; rv:11.0) like Gecko"
212.186.92.126 - - [16/Aug/2019:09:00:29 +0200] "GET /images/button_left_bg.gif HTTP/1.1" 304 - "http://renault.activities.at/result?searchterm=true&search=garantie" "Mozilla/5.0 (Windows NT 6.1; WOW64; Trident/7.0; rv:11.0) like Gecko"
212.186.92.126 - - [16/Aug/2019:09:00:29 +0200] "GET /images/menu_divider.gif HTTP/1.1" 304 - "http://renault.activities.at/result?searchterm=true&search=garantie" "Mozilla/5.0 (Windows NT 6.1; WOW64; Trident/7.0; rv:11.0) like Gecko"
212.186.92.126 - - [16/Aug/2019:09:00:29 +0200] "GET /images/sidebar_title_border.gif HTTP/1.1" 304 - "http://renault.activities.at/result?searchterm=true&search=garantie" "Mozilla/5.0 (Windows NT 6.1; WOW64; Trident/7.0; rv:11.0) like Gecko"
212.186.92.126 - - [16/Aug/2019:09:00:29 +0200] "GET /images/sidebar_title_border_top.gif HTTP/1.1" 304 - "http://renault.activities.at/result?searchterm=true&search=garantie" "Mozilla/5.0 (Windows NT 6.1; WOW64; Trident/7.0; rv:11.0) like Gecko"
212.186.92.126 - - [16/Aug/2019:09:00:29 +0200] "GET /images/sidebar_title_corner_left_top.gif HTTP/1.1" 304 - "http://renault.activities.at/result?searchterm=true&search=garantie" "Mozilla/5.0 (Windows NT 6.1; WOW64; Trident/7.0; rv:11.0) like Gecko"
212.186.92.126 - - [16/Aug/2019:09:00:29 +0200] "GET /images/sidebar_title_corner_right_top.gif HTTP/1.1" 304 - "http://renault.activities.at/result?searchterm=true&search=garantie" "Mozilla/5.0 (Windows NT 6.1; WOW64; Trident/7.0; rv:11.0) like Gecko"
212.186.92.126 - - [16/Aug/2019:09:00:29 +0200] "GET /images/button_right_bg.gif HTTP/1.1" 304 - "http://renault.activities.at/result?searchterm=true&search=garantie" "Mozilla/5.0 (Windows NT 6.1; WOW64; Trident/7.0; rv:11.0) like Gecko"
212.186.92.126 - - [16/Aug/2019:09:00:29 +0200] "GET /images/button_bg.gif HTTP/1.1" 304 - "http://renault.activities.at/result?searchterm=true&search=garantie" "Mozilla/5.0 (Windows NT 6.1; WOW64; Trident/7.0; rv:11.0) like Gecko"
212.186.92.126 - - [16/Aug/2019:09:00:29 +0200] "GET /images/title_border.jpg HTTP/1.1" 304 - "http://renault.activities.at/result?searchterm=true&search=garantie" "Mozilla/5.0 (Windows NT 6.1; WOW64; Trident/7.0; rv:11.0) like Gecko"
212.186.92.126 - - [16/Aug/2019:09:00:29 +0200] "GET /images/title_border_top.jpg HTTP/1.1" 304 - "http://renault.activities.at/result?searchterm=true&search=garantie" "Mozilla/5.0 (Windows NT 6.1; WOW64; Trident/7.0; rv:11.0) like Gecko"
212.186.92.126 - - [16/Aug/2019:09:00:29 +0200] "GET /images/title_corner_left_top.jpg HTTP/1.1" 304 - "http://renault.activities.at/result?searchterm=true&search=garantie" "Mozilla/5.0 (Windows NT 6.1; WOW64; Trident/7.0; rv:11.0) like Gecko"
212.186.92.126 - - [16/Aug/2019:09:00:29 +0200] "GET /images/title_corner_right_top.jpg HTTP/1.1" 304 - "http://renault.activities.at/result?searchterm=true&search=garantie" "Mozilla/5.0 (Windows NT 6.1; WOW64; Trident/7.0; rv:11.0) like Gecko"
212.186.92.126 - - [16/Aug/2019:09:00:29 +0200] "GET /images/pager_bg.gif HTTP/1.1" 304 - "http://renault.activities.at/result?searchterm=true&search=garantie" "Mozilla/5.0 (Windows NT 6.1; WOW64; Trident/7.0; rv:11.0) like Gecko"
212.186.92.126 - - [16/Aug/2019:09:00:29 +0200] "GET /images/vista-up.gif HTTP/1.1" 304 - "http://renault.activities.at/result?searchterm=true&search=garantie" "Mozilla/5.0 (Windows NT 6.1; WOW64; Trident/7.0; rv:11.0) like Gecko"
212.186.92.126 - - [16/Aug/2019:09:00:29 +0200] "GET /images/vista-dn.gif HTTP/1.1" 304 - "http://renault.activities.at/result?searchterm=true&search=garantie" "Mozilla/5.0 (Windows NT 6.1; WOW64; Trident/7.0; rv:11.0) like Gecko"
212.186.92.126 - - [16/Aug/2019:09:00:29 +0200] "GET /images/validation_advice_bg.gif HTTP/1.1" 304 - "http://renault.activities.at/result?searchterm=true&search=garantie" "Mozilla/5.0 (Windows NT 6.1; WOW64; Trident/7.0; rv:11.0) like Gecko"
212.186.92.126 - - [16/Aug/2019:09:00:29 +0200] "GET /images/footer_divider.gif HTTP/1.1" 304 - "http://renault.activities.at/result?searchterm=true&search=garantie" "Mozilla/5.0 (Windows NT 6.1; WOW64; Trident/7.0; rv:11.0) like Gecko"
212.186.92.126 - - [16/Aug/2019:09:00:29 +0200] "GET /loadthumbnail.php?id=11351226&width=113 HTTP/1.1" 200 16210 "http://renault.activities.at/result?searchterm=true&search=garantie" "Mozilla/5.0 (Windows NT 6.1; WOW64; Trident/7.0; rv:11.0) like Gecko"
212.186.92.126 - - [16/Aug/2019:09:00:29 +0200] "GET /loadthumbnail.php?id=11351222&width=113 HTTP/1.1" 200 17851 "http://renault.activities.at/result?searchterm=true&search=garantie" "Mozilla/5.0 (Windows NT 6.1; WOW64; Trident/7.0; rv:11.0) like Gecko"
212.186.92.126 - - [16/Aug/2019:09:00:48 +0200] "GET /reload?ser=1565938848398 HTTP/1.1" 200 28 "http://renault.activities.at/" "Mozilla/5.0 (Windows NT 10.0; Win64; x64) AppleWebKit/537.36 (KHTML, like Gecko) Chrome/76.0.3809.100 Safari/537.36"
138.21.12.22 - - [16/Aug/2019:09:01:20 +0200] "GET /reload?ser=1565938880901 HTTP/1.1" 200 28 "http://renault.2web.at/account" "Mozilla/5.0 (Windows NT 10.0; WOW64; Trident/7.0; Touch; rv:11.0) like Gecko"
212.186.92.126 - - [16/Aug/2019:09:01:29 +0200] "GET /reload?ser=1565938889640 HTTP/1.1" 200 28 "http://renault.activities.at/result?searchterm=true&search=garantie" "Mozilla/5.0 (Windows NT 6.1; WOW64; Trident/7.0; rv:11.0) like Gecko"
34.219.43.81 - - [16/Aug/2019:09:01:33 +0200] "GET / HTTP/1.1" 200 13383 "-" "Mozilla/5.0 (Windows NT 6.1; Win64; x64) AppleWebKit/537.36 (KHTML, like Gecko) Chrome/72.0.3626.109 Safari/537.36"
212.186.92.126 - - [16/Aug/2019:09:01:49 +0200] "GET /reload?ser=1565938909096 HTTP/1.1" 200 28 "http://renault.activities.at/" "Mozilla/5.0 (Windows NT 10.0; Win64; x64) AppleWebKit/537.36 (KHTML, like Gecko) Chrome/76.0.3809.100 Safari/537.36"
138.21.12.22 - - [16/Aug/2019:09:02:22 +0200] "GET /reload?ser=1565938941958 HTTP/1.1" 200 28 "http://renault.2web.at/account" "Mozilla/5.0 (Windows NT 10.0; WOW64; Trident/7.0; Touch; rv:11.0) like Gecko"
212.186.92.126 - - [16/Aug/2019:09:02:30 +0200] "GET /reload?ser=1565938950669 HTTP/1.1" 200 28 "http://renault.activities.at/result?searchterm=true&search=garantie" "Mozilla/5.0 (Windows NT 6.1; WOW64; Trident/7.0; rv:11.0) like Gecko"
212.186.92.126 - - [16/Aug/2019:09:02:49 +0200] "GET /reload?ser=1565938969788 HTTP/1.1" 200 28 "http://renault.activities.at/" "Mozilla/5.0 (Windows NT 10.0; Win64; x64) AppleWebKit/537.36 (KHTML, like Gecko) Chrome/76.0.3809.100 Safari/537.36"
138.21.12.22 - - [16/Aug/2019:09:03:23 +0200] "GET /reload?ser=1565939003039 HTTP/1.1" 200 28 "http://renault.2web.at/account" "Mozilla/5.0 (Windows NT 10.0; WOW64; Trident/7.0; Touch; rv:11.0) like Gecko"
212.186.92.126 - - [16/Aug/2019:09:03:31 +0200] "GET /reload?ser=1565939011727 HTTP/1.1" 200 28 "http://renault.activities.at/result?searchterm=true&search=garantie" "Mozilla/5.0 (Windows NT 6.1; WOW64; Trident/7.0; rv:11.0) like Gecko"
212.186.92.126 - - [16/Aug/2019:09:03:51 +0200] "GET /reload?ser=1565939031191 HTTP/1.1" 200 28 "http://renault.activities.at/" "Mozilla/5.0 (Windows NT 10.0; Win64; x64) AppleWebKit/537.36 (KHTML, like Gecko) Chrome/76.0.3809.100 Safari/537.36"
138.21.12.22 - - [16/Aug/2019:09:04:24 +0200] "GET /reload?ser=1565939064131 HTTP/1.1" 200 28 "http://renault.2web.at/account" "Mozilla/5.0 (Windows NT 10.0; WOW64; Trident/7.0; Touch; rv:11.0) like Gecko"
212.186.92.126 - - [16/Aug/2019:09:04:32 +0200] "GET /reload?ser=1565939072728 HTTP/1.1" 200 28 "http://renault.activities.at/result?searchterm=true&search=garantie" "Mozilla/5.0 (Windows NT 6.1; WOW64; Trident/7.0; rv:11.0) like Gecko"
212.186.92.126 - - [16/Aug/2019:09:04:52 +0200] "GET /reload?ser=1565939092192 HTTP/1.1" 200 28 "http://renault.activities.at/" "Mozilla/5.0 (Windows NT 10.0; Win64; x64) AppleWebKit/537.36 (KHTML, like Gecko) Chrome/76.0.3809.100 Safari/537.36"
138.21.12.22 - - [16/Aug/2019:09:05:25 +0200] "GET /reload?ser=1565939125181 HTTP/1.1" 200 28 "http://renault.2web.at/account" "Mozilla/5.0 (Windows NT 10.0; WOW64; Trident/7.0; Touch; rv:11.0) like Gecko"
212.186.92.126 - - [16/Aug/2019:09:05:33 +0200] "GET /reload?ser=1565939133693 HTTP/1.1" 200 28 "http://renault.activities.at/result?searchterm=true&search=garantie" "Mozilla/5.0 (Windows NT 6.1; WOW64; Trident/7.0; rv:11.0) like Gecko"
138.21.12.22 - - [16/Aug/2019:09:06:26 +0200] "GET /reload?ser=1565939186240 HTTP/1.1" 200 28 "http://renault.2web.at/account" "Mozilla/5.0 (Windows NT 10.0; WOW64; Trident/7.0; Touch; rv:11.0) like Gecko"
212.186.92.126 - - [16/Aug/2019:09:06:34 +0200] "GET /reload?ser=1565939194754 HTTP/1.1" 200 28 "http://renault.activities.at/result?searchterm=true&search=garantie" "Mozilla/5.0 (Windows NT 6.1; WOW64; Trident/7.0; rv:11.0) like Gecko"
138.21.12.22 - - [16/Aug/2019:09:07:27 +0200] "GET /reload?ser=1565939247311 HTTP/1.1" 200 28 "http://renault.2web.at/account" "Mozilla/5.0 (Windows NT 10.0; WOW64; Trident/7.0; Touch; rv:11.0) like Gecko"
212.186.92.126 - - [16/Aug/2019:09:07:35 +0200] "GET /reload?ser=1565939255803 HTTP/1.1" 200 28 "http://renault.activities.at/result?searchterm=true&search=garantie" "Mozilla/5.0 (Windows NT 6.1; WOW64; Trident/7.0; rv:11.0) like Gecko"
138.21.12.22 - - [16/Aug/2019:09:08:28 +0200] "GET /reload?ser=1565939308400 HTTP/1.1" 200 28 "http://renault.2web.at/account" "Mozilla/5.0 (Windows NT 10.0; WOW64; Trident/7.0; Touch; rv:11.0) like Gecko"
212.186.92.126 - - [16/Aug/2019:09:08:36 +0200] "GET /reload?ser=1565939316809 HTTP/1.1" 200 28 "http://renault.activities.at/result?searchterm=true&search=garantie" "Mozilla/5.0 (Windows NT 6.1; WOW64; Trident/7.0; rv:11.0) like Gecko"
138.21.12.22 - - [16/Aug/2019:09:09:29 +0200] "GET /reload?ser=1565939369475 HTTP/1.1" 200 28 "http://renault.2web.at/account" "Mozilla/5.0 (Windows NT 10.0; WOW64; Trident/7.0; Touch; rv:11.0) like Gecko"
212.186.92.126 - - [16/Aug/2019:09:09:37 +0200] "GET /reload?ser=1565939377812 HTTP/1.1" 200 28 "http://renault.activities.at/result?searchterm=true&search=garantie" "Mozilla/5.0 (Windows NT 6.1; WOW64; Trident/7.0; rv:11.0) like Gecko"
138.21.12.22 - - [16/Aug/2019:09:10:30 +0200] "GET /reload?ser=1565939430475 HTTP/1.1" 200 28 "http://renault.2web.at/account" "Mozilla/5.0 (Windows NT 10.0; WOW64; Trident/7.0; Touch; rv:11.0) like Gecko"
212.186.92.126 - - [16/Aug/2019:09:10:38 +0200] "GET /reload?ser=1565939438823 HTTP/1.1" 200 28 "http://renault.activities.at/result?searchterm=true&search=garantie" "Mozilla/5.0 (Windows NT 6.1; WOW64; Trident/7.0; rv:11.0) like Gecko"
138.21.12.22 - - [16/Aug/2019:09:11:31 +0200] "GET /reload?ser=1565939491499 HTTP/1.1" 200 28 "http://renault.2web.at/account" "Mozilla/5.0 (Windows NT 10.0; WOW64; Trident/7.0; Touch; rv:11.0) like Gecko"
212.186.92.126 - - [16/Aug/2019:09:11:39 +0200] "GET /reload?ser=1565939499868 HTTP/1.1" 200 28 "http://renault.activities.at/result?searchterm=true&search=garantie" "Mozilla/5.0 (Windows NT 6.1; WOW64; Trident/7.0; rv:11.0) like Gecko"
138.21.12.22 - - [16/Aug/2019:09:12:32 +0200] "GET /reload?ser=1565939552588 HTTP/1.1" 200 28 "http://renault.2web.at/account" "Mozilla/5.0 (Windows NT 10.0; WOW64; Trident/7.0; Touch; rv:11.0) like Gecko"
212.186.92.126 - - [16/Aug/2019:09:12:40 +0200] "GET /reload?ser=1565939560881 HTTP/1.1" 200 28 "http://renault.activities.at/result?searchterm=true&search=garantie" "Mozilla/5.0 (Windows NT 6.1; WOW64; Trident/7.0; rv:11.0) like Gecko"
138.21.12.22 - - [16/Aug/2019:09:13:33 +0200] "GET /reload?ser=1565939613897 HTTP/1.1" 200 28 "http://renault.2web.at/account" "Mozilla/5.0 (Windows NT 10.0; WOW64; Trident/7.0; Touch; rv:11.0) like Gecko"
212.186.92.126 - - [16/Aug/2019:09:13:41 +0200] "GET /reload?ser=1565939621923 HTTP/1.1" 200 28 "http://renault.activities.at/result?searchterm=true&search=garantie" "Mozilla/5.0 (Windows NT 6.1; WOW64; Trident/7.0; rv:11.0) like Gecko"
138.21.12.22 - - [16/Aug/2019:09:14:34 +0200] "GET /reload?ser=1565939674903 HTTP/1.1" 200 28 "http://renault.2web.at/account" "Mozilla/5.0 (Windows NT 10.0; WOW64; Trident/7.0; Touch; rv:11.0) like Gecko"
212.186.92.126 - - [16/Aug/2019:09:14:43 +0200] "GET /reload?ser=1565939682951 HTTP/1.1" 200 28 "http://renault.activities.at/result?searchterm=true&search=garantie" "Mozilla/5.0 (Windows NT 6.1; WOW64; Trident/7.0; rv:11.0) like Gecko"
66.249.64.159 - - [16/Aug/2019:09:15:00 +0200] "GET /login HTTP/1.1" 200 2086 "-" "Mozilla/5.0 (Linux; Android 6.0.1; Nexus 5X Build/MMB29P) AppleWebKit/537.36 (KHTML, like Gecko) Chrome/41.0.2272.96 Mobile Safari/537.36 (compatible; Googlebot/2.1; +http://www.google.com/bot.html)"
138.21.12.22 - - [16/Aug/2019:09:15:36 +0200] "GET /reload?ser=1565939735970 HTTP/1.1" 200 28 "http://renault.2web.at/account" "Mozilla/5.0 (Windows NT 10.0; WOW64; Trident/7.0; Touch; rv:11.0) like Gecko"
212.186.92.126 - - [16/Aug/2019:09:15:44 +0200] "GET /reload?ser=1565939743978 HTTP/1.1" 200 28 "http://renault.activities.at/result?searchterm=true&search=garantie" "Mozilla/5.0 (Windows NT 6.1; WOW64; Trident/7.0; rv:11.0) like Gecko"
138.21.12.22 - - [16/Aug/2019:09:16:37 +0200] "GET /reload?ser=1565939797065 HTTP/1.1" 200 28 "http://renault.2web.at/account" "Mozilla/5.0 (Windows NT 10.0; WOW64; Trident/7.0; Touch; rv:11.0) like Gecko"
212.186.92.126 - - [16/Aug/2019:09:16:45 +0200] "GET /reload?ser=1565939805315 HTTP/1.1" 200 28 "http://renault.activities.at/result?searchterm=true&search=garantie" "Mozilla/5.0 (Windows NT 6.1; WOW64; Trident/7.0; rv:11.0) like Gecko"
138.21.12.22 - - [16/Aug/2019:09:17:38 +0200] "GET /reload?ser=1565939858153 HTTP/1.1" 200 28 "http://renault.2web.at/account" "Mozilla/5.0 (Windows NT 10.0; WOW64; Trident/7.0; Touch; rv:11.0) like Gecko"
212.186.92.126 - - [16/Aug/2019:09:17:46 +0200] "GET /reload?ser=1565939866325 HTTP/1.1" 200 28 "http://renault.activities.at/result?searchterm=true&search=garantie" "Mozilla/5.0 (Windows NT 6.1; WOW64; Trident/7.0; rv:11.0) like Gecko"
138.21.12.22 - - [16/Aug/2019:09:18:39 +0200] "GET /reload?ser=1565939919157 HTTP/1.1" 200 28 "http://renault.2web.at/account" "Mozilla/5.0 (Windows NT 10.0; WOW64; Trident/7.0; Touch; rv:11.0) like Gecko"
212.186.92.126 - - [16/Aug/2019:09:18:47 +0200] "GET /reload?ser=1565939927306 HTTP/1.1" 200 28 "http://renault.activities.at/result?searchterm=true&search=garantie" "Mozilla/5.0 (Windows NT 6.1; WOW64; Trident/7.0; rv:11.0) like Gecko"
138.21.12.22 - - [16/Aug/2019:09:19:40 +0200] "GET /reload?ser=1565939980210 HTTP/1.1" 200 28 "http://renault.2web.at/account" "Mozilla/5.0 (Windows NT 10.0; WOW64; Trident/7.0; Touch; rv:11.0) like Gecko"
212.186.92.126 - - [16/Aug/2019:09:19:48 +0200] "GET /reload?ser=1565939988303 HTTP/1.1" 200 28 "http://renault.activities.at/result?searchterm=true&search=garantie" "Mozilla/5.0 (Windows NT 6.1; WOW64; Trident/7.0; rv:11.0) like Gecko"
138.21.12.22 - - [16/Aug/2019:09:20:41 +0200] "GET /reload?ser=1565940041259 HTTP/1.1" 200 28 "http://renault.2web.at/account" "Mozilla/5.0 (Windows NT 10.0; WOW64; Trident/7.0; Touch; rv:11.0) like Gecko"
212.186.92.126 - - [16/Aug/2019:09:20:49 +0200] "GET /reload?ser=1565940049300 HTTP/1.1" 200 28 "http://renault.activities.at/result?searchterm=true&search=garantie" "Mozilla/5.0 (Windows NT 6.1; WOW64; Trident/7.0; rv:11.0) like Gecko"
138.21.12.22 - - [16/Aug/2019:09:21:42 +0200] "GET /reload?ser=1565940102303 HTTP/1.1" 200 28 "http://renault.2web.at/account" "Mozilla/5.0 (Windows NT 10.0; WOW64; Trident/7.0; Touch; rv:11.0) like Gecko"
54.70.5.39 - - [16/Aug/2019:09:21:45 +0200] "GET /reload?ser=1565939743978 HTTP/1.1" 200 10166 "-" "Mozilla/5.0 (Windows NT 6.1; Win64; x64) AppleWebKit/537.36 (KHTML, like Gecko) Chrome/72.0.3626.109 Safari/537.36"
212.186.92.126 - - [16/Aug/2019:09:21:50 +0200] "GET /reload?ser=1565940110357 HTTP/1.1" 200 28 "http://renault.activities.at/result?searchterm=true&search=garantie" "Mozilla/5.0 (Windows NT 6.1; WOW64; Trident/7.0; rv:11.0) like Gecko"
138.21.12.22 - - [16/Aug/2019:09:22:43 +0200] "GET /reload?ser=1565940163376 HTTP/1.1" 200 28 "http://renault.2web.at/account" "Mozilla/5.0 (Windows NT 10.0; WOW64; Trident/7.0; Touch; rv:11.0) like Gecko"
212.186.92.126 - - [16/Aug/2019:09:22:51 +0200] "GET /reload?ser=1565940171374 HTTP/1.1" 200 28 "http://renault.activities.at/result?searchterm=true&search=garantie" "Mozilla/5.0 (Windows NT 6.1; WOW64; Trident/7.0; rv:11.0) like Gecko"
138.21.12.22 - - [16/Aug/2019:09:23:44 +0200] "GET /reload?ser=1565940224431 HTTP/1.1" 200 28 "http://renault.2web.at/account" "Mozilla/5.0 (Windows NT 10.0; WOW64; Trident/7.0; Touch; rv:11.0) like Gecko"
212.186.92.126 - - [16/Aug/2019:09:23:52 +0200] "GET /reload?ser=1565940232357 HTTP/1.1" 200 28 "http://renault.activities.at/result?searchterm=true&search=garantie" "Mozilla/5.0 (Windows NT 6.1; WOW64; Trident/7.0; rv:11.0) like Gecko"
138.21.12.22 - - [16/Aug/2019:09:24:45 +0200] "GET /reload?ser=1565940285494 HTTP/1.1" 200 28 "http://renault.2web.at/account" "Mozilla/5.0 (Windows NT 10.0; WOW64; Trident/7.0; Touch; rv:11.0) like Gecko"
212.186.92.126 - - [16/Aug/2019:09:24:53 +0200] "GET /reload?ser=1565940293368 HTTP/1.1" 200 28 "http://renault.activities.at/result?searchterm=true&search=garantie" "Mozilla/5.0 (Windows NT 6.1; WOW64; Trident/7.0; rv:11.0) like Gecko"
138.21.12.22 - - [16/Aug/2019:09:25:46 +0200] "GET /reload?ser=1565940346546 HTTP/1.1" 200 28 "http://renault.2web.at/account" "Mozilla/5.0 (Windows NT 10.0; WOW64; Trident/7.0; Touch; rv:11.0) like Gecko"
212.186.92.126 - - [16/Aug/2019:09:25:54 +0200] "GET /reload?ser=1565940354405 HTTP/1.1" 200 28 "http://renault.activities.at/result?searchterm=true&search=garantie" "Mozilla/5.0 (Windows NT 6.1; WOW64; Trident/7.0; rv:11.0) like Gecko"
138.21.12.22 - - [16/Aug/2019:09:26:47 +0200] "GET /reload?ser=1565940407606 HTTP/1.1" 200 28 "http://renault.2web.at/account" "Mozilla/5.0 (Windows NT 10.0; WOW64; Trident/7.0; Touch; rv:11.0) like Gecko"
212.186.92.126 - - [16/Aug/2019:09:26:55 +0200] "GET /reload?ser=1565940415472 HTTP/1.1" 200 28 "http://renault.activities.at/result?searchterm=true&search=garantie" "Mozilla/5.0 (Windows NT 6.1; WOW64; Trident/7.0; rv:11.0) like Gecko"
138.21.12.22 - - [16/Aug/2019:09:27:48 +0200] "GET /reload?ser=1565940468644 HTTP/1.1" 200 28 "http://renault.2web.at/account" "Mozilla/5.0 (Windows NT 10.0; WOW64; Trident/7.0; Touch; rv:11.0) like Gecko"
212.186.92.126 - - [16/Aug/2019:09:27:56 +0200] "GET /reload?ser=1565940476702 HTTP/1.1" 200 28 "http://renault.activities.at/result?searchterm=true&search=garantie" "Mozilla/5.0 (Windows NT 6.1; WOW64; Trident/7.0; rv:11.0) like Gecko"
138.21.12.22 - - [16/Aug/2019:09:28:49 +0200] "GET /reload?ser=1565940529711 HTTP/1.1" 200 28 "http://renault.2web.at/account" "Mozilla/5.0 (Windows NT 10.0; WOW64; Trident/7.0; Touch; rv:11.0) like Gecko"
212.186.92.126 - - [16/Aug/2019:09:28:57 +0200] "GET /reload?ser=1565940537679 HTTP/1.1" 200 28 "http://renault.activities.at/result?searchterm=true&search=garantie" "Mozilla/5.0 (Windows NT 6.1; WOW64; Trident/7.0; rv:11.0) like Gecko"
138.21.12.22 - - [16/Aug/2019:09:29:50 +0200] "GET /reload?ser=1565940590804 HTTP/1.1" 200 28 "http://renault.2web.at/account" "Mozilla/5.0 (Windows NT 10.0; WOW64; Trident/7.0; Touch; rv:11.0) like Gecko"
212.186.92.126 - - [16/Aug/2019:09:29:58 +0200] "GET /reload?ser=1565940598695 HTTP/1.1" 200 28 "http://renault.activities.at/result?searchterm=true&search=garantie" "Mozilla/5.0 (Windows NT 6.1; WOW64; Trident/7.0; rv:11.0) like Gecko"
138.21.12.22 - - [16/Aug/2019:09:30:51 +0200] "GET /reload?ser=1565940651874 HTTP/1.1" 200 28 "http://renault.2web.at/account" "Mozilla/5.0 (Windows NT 10.0; WOW64; Trident/7.0; Touch; rv:11.0) like Gecko"
212.186.92.126 - - [16/Aug/2019:09:30:59 +0200] "GET /reload?ser=1565940659694 HTTP/1.1" 200 28 "http://renault.activities.at/result?searchterm=true&search=garantie" "Mozilla/5.0 (Windows NT 6.1; WOW64; Trident/7.0; rv:11.0) like Gecko"
34.228.240.168 - - [16/Aug/2019:09:31:31 +0200] "GET /reload?ser=1565940659694 HTTP/1.1" 200 10166 "-" "Mozilla/5.0 (Windows NT 6.1; Win64; x64) AppleWebKit/537.36 (KHTML, like Gecko) Chrome/72.0.3626.109 Safari/537.36"
138.21.12.22 - - [16/Aug/2019:09:31:53 +0200] "GET /reload?ser=1565940712969 HTTP/1.1" 200 28 "http://renault.2web.at/account" "Mozilla/5.0 (Windows NT 10.0; WOW64; Trident/7.0; Touch; rv:11.0) like Gecko"
212.186.92.126 - - [16/Aug/2019:09:32:00 +0200] "GET /reload?ser=1565940720893 HTTP/1.1" 200 28 "http://renault.activities.at/result?searchterm=true&search=garantie" "Mozilla/5.0 (Windows NT 6.1; WOW64; Trident/7.0; rv:11.0) like Gecko"
138.21.12.22 - - [16/Aug/2019:09:32:54 +0200] "GET /reload?ser=1565940774037 HTTP/1.1" 200 28 "http://renault.2web.at/account" "Mozilla/5.0 (Windows NT 10.0; WOW64; Trident/7.0; Touch; rv:11.0) like Gecko"
212.186.92.126 - - [16/Aug/2019:09:33:02 +0200] "GET /reload?ser=1565940781950 HTTP/1.1" 200 28 "http://renault.activities.at/result?searchterm=true&search=garantie" "Mozilla/5.0 (Windows NT 6.1; WOW64; Trident/7.0; rv:11.0) like Gecko"
138.21.12.22 - - [16/Aug/2019:09:33:55 +0200] "GET /reload?ser=1565940835081 HTTP/1.1" 200 28 "http://renault.2web.at/account" "Mozilla/5.0 (Windows NT 10.0; WOW64; Trident/7.0; Touch; rv:11.0) like Gecko"
212.186.92.126 - - [16/Aug/2019:09:34:03 +0200] "GET /reload?ser=1565940842978 HTTP/1.1" 200 28 "http://renault.activities.at/result?searchterm=true&search=garantie" "Mozilla/5.0 (Windows NT 6.1; WOW64; Trident/7.0; rv:11.0) like Gecko"
138.21.12.22 - - [16/Aug/2019:09:34:56 +0200] "GET /reload?ser=1565940896146 HTTP/1.1" 200 28 "http://renault.2web.at/account" "Mozilla/5.0 (Windows NT 10.0; WOW64; Trident/7.0; Touch; rv:11.0) like Gecko"
212.186.92.126 - - [16/Aug/2019:09:35:04 +0200] "GET /reload?ser=1565940903991 HTTP/1.1" 200 28 "http://renault.activities.at/result?searchterm=true&search=garantie" "Mozilla/5.0 (Windows NT 6.1; WOW64; Trident/7.0; rv:11.0) like Gecko"
138.21.12.22 - - [16/Aug/2019:09:35:57 +0200] "GET /reload?ser=1565940957228 HTTP/1.1" 200 28 "http://renault.2web.at/account" "Mozilla/5.0 (Windows NT 10.0; WOW64; Trident/7.0; Touch; rv:11.0) like Gecko"
212.186.92.126 - - [16/Aug/2019:09:36:05 +0200] "GET /reload?ser=1565940965157 HTTP/1.1" 200 28 "http://renault.activities.at/result?searchterm=true&search=garantie" "Mozilla/5.0 (Windows NT 6.1; WOW64; Trident/7.0; rv:11.0) like Gecko"
138.21.12.22 - - [16/Aug/2019:09:36:58 +0200] "GET /reload?ser=1565941018239 HTTP/1.1" 200 28 "http://renault.2web.at/account" "Mozilla/5.0 (Windows NT 10.0; WOW64; Trident/7.0; Touch; rv:11.0) like Gecko"
212.186.92.126 - - [16/Aug/2019:09:37:06 +0200] "GET /reload?ser=1565941026177 HTTP/1.1" 200 28 "http://renault.activities.at/result?searchterm=true&search=garantie" "Mozilla/5.0 (Windows NT 6.1; WOW64; Trident/7.0; rv:11.0) like Gecko"
138.21.12.22 - - [16/Aug/2019:09:37:59 +0200] "GET /reload?ser=1565941079337 HTTP/1.1" 200 28 "http://renault.2web.at/account" "Mozilla/5.0 (Windows NT 10.0; WOW64; Trident/7.0; Touch; rv:11.0) like Gecko"
212.186.92.126 - - [16/Aug/2019:09:38:07 +0200] "GET /reload?ser=1565941087172 HTTP/1.1" 200 28 "http://renault.activities.at/result?searchterm=true&search=garantie" "Mozilla/5.0 (Windows NT 6.1; WOW64; Trident/7.0; rv:11.0) like Gecko"
138.21.12.22 - - [16/Aug/2019:09:39:00 +0200] "GET /reload?ser=1565941140392 HTTP/1.1" 200 28 "http://renault.2web.at/account" "Mozilla/5.0 (Windows NT 10.0; WOW64; Trident/7.0; Touch; rv:11.0) like Gecko"
212.186.92.126 - - [16/Aug/2019:09:39:08 +0200] "GET /reload?ser=1565941148172 HTTP/1.1" 200 28 "http://renault.activities.at/result?searchterm=true&search=garantie" "Mozilla/5.0 (Windows NT 6.1; WOW64; Trident/7.0; rv:11.0) like Gecko"
138.21.12.22 - - [16/Aug/2019:09:40:01 +0200] "GET /reload?ser=1565941201482 HTTP/1.1" 200 28 "http://renault.2web.at/account" "Mozilla/5.0 (Windows NT 10.0; WOW64; Trident/7.0; Touch; rv:11.0) like Gecko"
212.186.92.126 - - [16/Aug/2019:09:40:09 +0200] "GET /reload?ser=1565941209249 HTTP/1.1" 200 28 "http://renault.activities.at/result?searchterm=true&search=garantie" "Mozilla/5.0 (Windows NT 6.1; WOW64; Trident/7.0; rv:11.0) like Gecko"
138.21.12.22 - - [16/Aug/2019:09:41:02 +0200] "GET /reload?ser=1565941262510 HTTP/1.1" 200 28 "http://renault.2web.at/account" "Mozilla/5.0 (Windows NT 10.0; WOW64; Trident/7.0; Touch; rv:11.0) like Gecko"
212.186.92.126 - - [16/Aug/2019:09:41:10 +0200] "GET /reload?ser=1565941270301 HTTP/1.1" 200 28 "http://renault.activities.at/result?searchterm=true&search=garantie" "Mozilla/5.0 (Windows NT 6.1; WOW64; Trident/7.0; rv:11.0) like Gecko"
138.21.12.22 - - [16/Aug/2019:09:42:03 +0200] "GET /reload?ser=1565941323511 HTTP/1.1" 200 28 "http://renault.2web.at/account" "Mozilla/5.0 (Windows NT 10.0; WOW64; Trident/7.0; Touch; rv:11.0) like Gecko"
212.186.92.126 - - [16/Aug/2019:09:42:11 +0200] "GET /reload?ser=1565941331269 HTTP/1.1" 200 28 "http://renault.activities.at/result?searchterm=true&search=garantie" "Mozilla/5.0 (Windows NT 6.1; WOW64; Trident/7.0; rv:11.0) like Gecko"
138.21.12.22 - - [16/Aug/2019:09:43:04 +0200] "GET /reload?ser=1565941384605 HTTP/1.1" 200 28 "http://renault.2web.at/account" "Mozilla/5.0 (Windows NT 10.0; WOW64; Trident/7.0; Touch; rv:11.0) like Gecko"
212.186.92.126 - - [16/Aug/2019:09:43:12 +0200] "GET /reload?ser=1565941392301 HTTP/1.1" 200 28 "http://renault.activities.at/result?searchterm=true&search=garantie" "Mozilla/5.0 (Windows NT 6.1; WOW64; Trident/7.0; rv:11.0) like Gecko"
138.21.12.22 - - [16/Aug/2019:09:44:05 +0200] "GET /reload?ser=1565941445625 HTTP/1.1" 200 28 "http://renault.2web.at/account" "Mozilla/5.0 (Windows NT 10.0; WOW64; Trident/7.0; Touch; rv:11.0) like Gecko"
212.186.92.126 - - [16/Aug/2019:09:44:13 +0200] "GET /reload?ser=1565941453304 HTTP/1.1" 200 28 "http://renault.activities.at/result?searchterm=true&search=garantie" "Mozilla/5.0 (Windows NT 6.1; WOW64; Trident/7.0; rv:11.0) like Gecko"
138.21.12.22 - - [16/Aug/2019:09:45:06 +0200] "GET /reload?ser=1565941506649 HTTP/1.1" 200 28 "http://renault.2web.at/account" "Mozilla/5.0 (Windows NT 10.0; WOW64; Trident/7.0; Touch; rv:11.0) like Gecko"
212.186.92.126 - - [16/Aug/2019:09:45:14 +0200] "GET /reload?ser=1565941514333 HTTP/1.1" 200 28 "http://renault.activities.at/result?searchterm=true&search=garantie" "Mozilla/5.0 (Windows NT 6.1; WOW64; Trident/7.0; rv:11.0) like Gecko"
138.21.12.22 - - [16/Aug/2019:09:46:07 +0200] "GET /reload?ser=1565941567703 HTTP/1.1" 200 28 "http://renault.2web.at/account" "Mozilla/5.0 (Windows NT 10.0; WOW64; Trident/7.0; Touch; rv:11.0) like Gecko"
212.186.92.126 - - [16/Aug/2019:09:46:15 +0200] "GET /reload?ser=1565941575418 HTTP/1.1" 200 28 "http://renault.activities.at/result?searchterm=true&search=garantie" "Mozilla/5.0 (Windows NT 6.1; WOW64; Trident/7.0; rv:11.0) like Gecko"
138.21.12.22 - - [16/Aug/2019:09:47:08 +0200] "GET /reload?ser=1565941628741 HTTP/1.1" 200 28 "http://renault.2web.at/account" "Mozilla/5.0 (Windows NT 10.0; WOW64; Trident/7.0; Touch; rv:11.0) like Gecko"
212.186.92.126 - - [16/Aug/2019:09:47:16 +0200] "GET /reload?ser=1565941636837 HTTP/1.1" 200 28 "http://renault.activities.at/result?searchterm=true&search=garantie" "Mozilla/5.0 (Windows NT 6.1; WOW64; Trident/7.0; rv:11.0) like Gecko"
18.206.159.236 - - [16/Aug/2019:09:47:26 +0200] "GET /reload?ser=1565941575418 HTTP/1.1" 200 10166 "-" "Mozilla/5.0 (Windows NT 6.1; Win64; x64) AppleWebKit/537.36 (KHTML, like Gecko) Chrome/72.0.3626.109 Safari/537.36"
138.21.12.22 - - [16/Aug/2019:09:48:10 +0200] "GET /reload?ser=1565941689955 HTTP/1.1" 200 28 "http://renault.2web.at/account" "Mozilla/5.0 (Windows NT 10.0; WOW64; Trident/7.0; Touch; rv:11.0) like Gecko"
212.186.92.126 - - [16/Aug/2019:09:48:17 +0200] "GET /reload?ser=1565941697819 HTTP/1.1" 200 28 "http://renault.activities.at/result?searchterm=true&search=garantie" "Mozilla/5.0 (Windows NT 6.1; WOW64; Trident/7.0; rv:11.0) like Gecko"
138.21.12.22 - - [16/Aug/2019:09:49:11 +0200] "GET /reload?ser=1565941750996 HTTP/1.1" 200 28 "http://renault.2web.at/account" "Mozilla/5.0 (Windows NT 10.0; WOW64; Trident/7.0; Touch; rv:11.0) like Gecko"
212.186.92.126 - - [16/Aug/2019:09:49:18 +0200] "GET /reload?ser=1565941758892 HTTP/1.1" 200 28 "http://renault.activities.at/result?searchterm=true&search=garantie" "Mozilla/5.0 (Windows NT 6.1; WOW64; Trident/7.0; rv:11.0) like Gecko"
138.21.12.22 - - [16/Aug/2019:09:50:12 +0200] "GET /reload?ser=1565941812029 HTTP/1.1" 200 28 "http://renault.2web.at/account" "Mozilla/5.0 (Windows NT 10.0; WOW64; Trident/7.0; Touch; rv:11.0) like Gecko"
212.186.92.126 - - [16/Aug/2019:09:50:20 +0200] "GET /reload?ser=1565941819954 HTTP/1.1" 200 28 "http://renault.activities.at/result?searchterm=true&search=garantie" "Mozilla/5.0 (Windows NT 6.1; WOW64; Trident/7.0; rv:11.0) like Gecko"
138.21.12.22 - - [16/Aug/2019:09:51:13 +0200] "GET /reload?ser=1565941873065 HTTP/1.1" 200 28 "http://renault.2web.at/account" "Mozilla/5.0 (Windows NT 10.0; WOW64; Trident/7.0; Touch; rv:11.0) like Gecko"
212.186.92.126 - - [16/Aug/2019:09:51:21 +0200] "GET /reload?ser=1565941880966 HTTP/1.1" 200 28 "http://renault.activities.at/result?searchterm=true&search=garantie" "Mozilla/5.0 (Windows NT 6.1; WOW64; Trident/7.0; rv:11.0) like Gecko"
138.21.12.22 - - [16/Aug/2019:09:52:14 +0200] "GET /reload?ser=1565941934110 HTTP/1.1" 200 28 "http://renault.2web.at/account" "Mozilla/5.0 (Windows NT 10.0; WOW64; Trident/7.0; Touch; rv:11.0) like Gecko"
212.186.92.126 - - [16/Aug/2019:09:52:22 +0200] "GET /reload?ser=1565941941983 HTTP/1.1" 200 28 "http://renault.activities.at/result?searchterm=true&search=garantie" "Mozilla/5.0 (Windows NT 6.1; WOW64; Trident/7.0; rv:11.0) like Gecko"
138.21.12.22 - - [16/Aug/2019:09:53:15 +0200] "GET /reload?ser=1565941995110 HTTP/1.1" 200 28 "http://renault.2web.at/account" "Mozilla/5.0 (Windows NT 10.0; WOW64; Trident/7.0; Touch; rv:11.0) like Gecko"
212.186.92.126 - - [16/Aug/2019:09:53:23 +0200] "GET /reload?ser=1565942002966 HTTP/1.1" 200 28 "http://renault.activities.at/result?searchterm=true&search=garantie" "Mozilla/5.0 (Windows NT 6.1; WOW64; Trident/7.0; rv:11.0) like Gecko"
138.21.12.22 - - [16/Aug/2019:09:54:16 +0200] "GET /reload?ser=1565942056175 HTTP/1.1" 200 28 "http://renault.2web.at/account" "Mozilla/5.0 (Windows NT 10.0; WOW64; Trident/7.0; Touch; rv:11.0) like Gecko"
212.186.92.126 - - [16/Aug/2019:09:54:24 +0200] "GET /reload?ser=1565942064041 HTTP/1.1" 200 28 "http://renault.activities.at/result?searchterm=true&search=garantie" "Mozilla/5.0 (Windows NT 6.1; WOW64; Trident/7.0; rv:11.0) like Gecko"
138.21.12.22 - - [16/Aug/2019:09:55:17 +0200] "GET /reload?ser=1565942117208 HTTP/1.1" 200 28 "http://renault.2web.at/account" "Mozilla/5.0 (Windows NT 10.0; WOW64; Trident/7.0; Touch; rv:11.0) like Gecko"
212.186.92.126 - - [16/Aug/2019:09:55:25 +0200] "GET /reload?ser=1565942125042 HTTP/1.1" 200 28 "http://renault.activities.at/result?searchterm=true&search=garantie" "Mozilla/5.0 (Windows NT 6.1; WOW64; Trident/7.0; rv:11.0) like Gecko"
138.21.12.22 - - [16/Aug/2019:09:56:18 +0200] "GET /reload?ser=1565942178231 HTTP/1.1" 200 28 "http://renault.2web.at/account" "Mozilla/5.0 (Windows NT 10.0; WOW64; Trident/7.0; Touch; rv:11.0) like Gecko"
212.186.92.126 - - [16/Aug/2019:09:56:26 +0200] "GET /reload?ser=1565942186084 HTTP/1.1" 200 28 "http://renault.activities.at/result?searchterm=true&search=garantie" "Mozilla/5.0 (Windows NT 6.1; WOW64; Trident/7.0; rv:11.0) like Gecko"
138.21.12.22 - - [16/Aug/2019:09:57:19 +0200] "GET /reload?ser=1565942239267 HTTP/1.1" 200 28 "http://renault.2web.at/account" "Mozilla/5.0 (Windows NT 10.0; WOW64; Trident/7.0; Touch; rv:11.0) like Gecko"
212.186.92.126 - - [16/Aug/2019:09:57:27 +0200] "GET /reload?ser=1565942247137 HTTP/1.1" 200 28 "http://renault.activities.at/result?searchterm=true&search=garantie" "Mozilla/5.0 (Windows NT 6.1; WOW64; Trident/7.0; rv:11.0) like Gecko"
138.21.12.22 - - [16/Aug/2019:09:58:20 +0200] "GET /reload?ser=1565942300346 HTTP/1.1" 200 28 "http://renault.2web.at/account" "Mozilla/5.0 (Windows NT 10.0; WOW64; Trident/7.0; Touch; rv:11.0) like Gecko"
212.186.92.126 - - [16/Aug/2019:09:58:28 +0200] "GET /reload?ser=1565942308139 HTTP/1.1" 200 28 "http://renault.activities.at/result?searchterm=true&search=garantie" "Mozilla/5.0 (Windows NT 6.1; WOW64; Trident/7.0; rv:11.0) like Gecko"
138.21.12.22 - - [16/Aug/2019:09:59:21 +0200] "GET /reload?ser=1565942361413 HTTP/1.1" 200 28 "http://renault.2web.at/account" "Mozilla/5.0 (Windows NT 10.0; WOW64; Trident/7.0; Touch; rv:11.0) like Gecko"
212.186.92.126 - - [16/Aug/2019:09:59:29 +0200] "GET /reload?ser=1565942369182 HTTP/1.1" 200 28 "http://renault.activities.at/result?searchterm=true&search=garantie" "Mozilla/5.0 (Windows NT 6.1; WOW64; Trident/7.0; rv:11.0) like Gecko"
138.21.12.22 - - [16/Aug/2019:10:00:22 +0200] "GET /reload?ser=1565942422452 HTTP/1.1" 200 28 "http://renault.2web.at/account" "Mozilla/5.0 (Windows NT 10.0; WOW64; Trident/7.0; Touch; rv:11.0) like Gecko"
212.186.92.126 - - [16/Aug/2019:10:00:30 +0200] "GET /reload?ser=1565942430158 HTTP/1.1" 200 28 "http://renault.activities.at/result?searchterm=true&search=garantie" "Mozilla/5.0 (Windows NT 6.1; WOW64; Trident/7.0; rv:11.0) like Gecko"
80.120.148.242 - - [16/Aug/2019:10:01:16 +0200] "GET / HTTP/1.1" 200 3367 "-" "Mozilla/5.0 (Windows NT 6.1; Win64; x64) AppleWebKit/537.36 (KHTML, like Gecko) Chrome/76.0.3809.100 Safari/537.36"
80.120.148.242 - - [16/Aug/2019:10:01:18 +0200] "GET /loadthumbnail.php?id=11127982 HTTP/1.1" 200 399614 "http://renault.activities.at/" "Mozilla/5.0 (Windows NT 6.1; Win64; x64) AppleWebKit/537.36 (KHTML, like Gecko) Chrome/76.0.3809.100 Safari/537.36"
80.120.148.242 - - [16/Aug/2019:10:01:18 +0200] "GET /images/favicon.ico HTTP/1.1" 404 305 "http://renault.activities.at/" "Mozilla/5.0 (Windows NT 6.1; Win64; x64) AppleWebKit/537.36 (KHTML, like Gecko) Chrome/76.0.3809.100 Safari/537.36"
138.21.12.22 - - [16/Aug/2019:10:01:24 +0200] "GET /reload?ser=1565942483988 HTTP/1.1" 200 28 "http://renault.2web.at/account" "Mozilla/5.0 (Windows NT 10.0; WOW64; Trident/7.0; Touch; rv:11.0) like Gecko"
80.120.148.242 - - [16/Aug/2019:10:01:26 +0200] "GET /login HTTP/1.1" 200 2086 "http://renault.activities.at/" "Mozilla/5.0 (Windows NT 6.1; Win64; x64) AppleWebKit/537.36 (KHTML, like Gecko) Chrome/76.0.3809.100 Safari/537.36"
212.186.92.126 - - [16/Aug/2019:10:01:31 +0200] "GET /reload?ser=1565942491202 HTTP/1.1" 200 28 "http://renault.activities.at/result?searchterm=true&search=garantie" "Mozilla/5.0 (Windows NT 6.1; WOW64; Trident/7.0; rv:11.0) like Gecko"
80.120.148.242 - - [16/Aug/2019:10:01:32 +0200] "POST /login HTTP/1.1" 302 140 "http://renault.activities.at/login" "Mozilla/5.0 (Windows NT 6.1; Win64; x64) AppleWebKit/537.36 (KHTML, like Gecko) Chrome/76.0.3809.100 Safari/537.36"
80.120.148.242 - - [16/Aug/2019:10:01:33 +0200] "GET /account HTTP/1.1" 200 6090 "http://renault.activities.at/login" "Mozilla/5.0 (Windows NT 6.1; Win64; x64) AppleWebKit/537.36 (KHTML, like Gecko) Chrome/76.0.3809.100 Safari/537.36"
80.120.148.242 - - [16/Aug/2019:10:01:37 +0200] "GET /loadthumbnail.php?id=11847427&width=50&height=50 HTTP/1.1" 200 1110 "http://renault.activities.at/account" "Mozilla/5.0 (Windows NT 6.1; Win64; x64) AppleWebKit/537.36 (KHTML, like Gecko) Chrome/76.0.3809.100 Safari/537.36"
80.120.148.242 - - [16/Aug/2019:10:01:37 +0200] "GET /loadthumbnail.php?id=11798476&width=50&height=50 HTTP/1.1" 200 1098 "http://renault.activities.at/account" "Mozilla/5.0 (Windows NT 6.1; Win64; x64) AppleWebKit/537.36 (KHTML, like Gecko) Chrome/76.0.3809.100 Safari/537.36"
80.120.148.242 - - [16/Aug/2019:10:01:37 +0200] "GET /loadthumbnail.php?id=11990631&width=50&height=50 HTTP/1.1" 200 1190 "http://renault.activities.at/account" "Mozilla/5.0 (Windows NT 6.1; Win64; x64) AppleWebKit/537.36 (KHTML, like Gecko) Chrome/76.0.3809.100 Safari/537.36"
80.120.148.242 - - [16/Aug/2019:10:01:51 +0200] "POST /axjaxrequest?mode=suggest HTTP/1.1" 200 21 "http://renault.activities.at/account" "Mozilla/5.0 (Windows NT 6.1; Win64; x64) AppleWebKit/537.36 (KHTML, like Gecko) Chrome/76.0.3809.100 Safari/537.36"
80.120.148.242 - - [16/Aug/2019:10:01:52 +0200] "POST /axjaxrequest?mode=suggest HTTP/1.1" 200 184 "http://renault.activities.at/account" "Mozilla/5.0 (Windows NT 6.1; Win64; x64) AppleWebKit/537.36 (KHTML, like Gecko) Chrome/76.0.3809.100 Safari/537.36"
80.120.148.242 - - [16/Aug/2019:10:01:52 +0200] "GET /result?searchterm=true&search=service HTTP/1.1" 200 8528 "http://renault.activities.at/account" "Mozilla/5.0 (Windows NT 6.1; Win64; x64) AppleWebKit/537.36 (KHTML, like Gecko) Chrome/76.0.3809.100 Safari/537.36"
80.120.148.242 - - [16/Aug/2019:10:01:57 +0200] "GET /loadthumbnail.php?id=10203255 HTTP/1.1" 200 137 "http://renault.activities.at/result?searchterm=true&search=service" "Mozilla/5.0 (Windows NT 6.1; Win64; x64) AppleWebKit/537.36 (KHTML, like Gecko) Chrome/76.0.3809.100 Safari/537.36"
80.120.148.242 - - [16/Aug/2019:10:01:57 +0200] "GET /loadthumbnail.php?id=11075492&width=113 HTTP/1.1" 200 2349 "http://renault.activities.at/result?searchterm=true&search=service" "Mozilla/5.0 (Windows NT 6.1; Win64; x64) AppleWebKit/537.36 (KHTML, like Gecko) Chrome/76.0.3809.100 Safari/537.36"
80.120.148.242 - - [16/Aug/2019:10:01:57 +0200] "GET /loadthumbnail.php?id=10203650&width=113 HTTP/1.1" 200 2741 "http://renault.activities.at/result?searchterm=true&search=service" "Mozilla/5.0 (Windows NT 6.1; Win64; x64) AppleWebKit/537.36 (KHTML, like Gecko) Chrome/76.0.3809.100 Safari/537.36"
80.120.148.242 - - [16/Aug/2019:10:01:57 +0200] "GET /loadthumbnail.php?id=11075482&width=113 HTTP/1.1" 200 2349 "http://renault.activities.at/result?searchterm=true&search=service" "Mozilla/5.0 (Windows NT 6.1; Win64; x64) AppleWebKit/537.36 (KHTML, like Gecko) Chrome/76.0.3809.100 Safari/537.36"
80.120.148.242 - - [16/Aug/2019:10:01:57 +0200] "GET /loadthumbnail.php?id=11461719&width=113 HTTP/1.1" 200 32753 "http://renault.activities.at/result?searchterm=true&search=service" "Mozilla/5.0 (Windows NT 6.1; Win64; x64) AppleWebKit/537.36 (KHTML, like Gecko) Chrome/76.0.3809.100 Safari/537.36"
80.120.148.242 - - [16/Aug/2019:10:01:57 +0200] "GET /loadthumbnail.php?id=11461707&width=113 HTTP/1.1" 200 27994 "http://renault.activities.at/result?searchterm=true&search=service" "Mozilla/5.0 (Windows NT 6.1; Win64; x64) AppleWebKit/537.36 (KHTML, like Gecko) Chrome/76.0.3809.100 Safari/537.36"
80.120.148.242 - - [16/Aug/2019:10:01:57 +0200] "GET /loadthumbnail.php?id=11121996&width=113 HTTP/1.1" 200 2215 "http://renault.activities.at/result?searchterm=true&search=service" "Mozilla/5.0 (Windows NT 6.1; Win64; x64) AppleWebKit/537.36 (KHTML, like Gecko) Chrome/76.0.3809.100 Safari/537.36"
80.120.148.242 - - [16/Aug/2019:10:01:58 +0200] "GET /loadthumbnail.php?id=10269567&width=113 HTTP/1.1" 200 1590 "http://renault.activities.at/result?searchterm=true&search=service" "Mozilla/5.0 (Windows NT 6.1; Win64; x64) AppleWebKit/537.36 (KHTML, like Gecko) Chrome/76.0.3809.100 Safari/537.36"
80.120.148.242 - - [16/Aug/2019:10:01:58 +0200] "GET /loadthumbnail.php?id=10269569&width=113 HTTP/1.1" 200 1309 "http://renault.activities.at/result?searchterm=true&search=service" "Mozilla/5.0 (Windows NT 6.1; Win64; x64) AppleWebKit/537.36 (KHTML, like Gecko) Chrome/76.0.3809.100 Safari/537.36"
80.120.148.242 - - [16/Aug/2019:10:01:58 +0200] "GET /loadthumbnail.php?id=10633817&width=113 HTTP/1.1" 200 2614 "http://renault.activities.at/result?searchterm=true&search=service" "Mozilla/5.0 (Windows NT 6.1; Win64; x64) AppleWebKit/537.36 (KHTML, like Gecko) Chrome/76.0.3809.100 Safari/537.36"
80.120.148.242 - - [16/Aug/2019:10:01:58 +0200] "GET /loadthumbnail.php?id=12088443&width=113 HTTP/1.1" 200 7201 "http://renault.activities.at/result?searchterm=true&search=service" "Mozilla/5.0 (Windows NT 6.1; Win64; x64) AppleWebKit/537.36 (KHTML, like Gecko) Chrome/76.0.3809.100 Safari/537.36"
80.120.148.242 - - [16/Aug/2019:10:01:58 +0200] "GET /loadthumbnail.php?id=11730248&width=113 HTTP/1.1" 200 4910 "http://renault.activities.at/result?searchterm=true&search=service" "Mozilla/5.0 (Windows NT 6.1; Win64; x64) AppleWebKit/537.36 (KHTML, like Gecko) Chrome/76.0.3809.100 Safari/537.36"
80.120.148.242 - - [16/Aug/2019:10:01:58 +0200] "GET /loadthumbnail.php?id=12010095&width=113 HTTP/1.1" 200 20832 "http://renault.activities.at/result?searchterm=true&search=service" "Mozilla/5.0 (Windows NT 6.1; Win64; x64) AppleWebKit/537.36 (KHTML, like Gecko) Chrome/76.0.3809.100 Safari/537.36"
138.21.12.22 - - [16/Aug/2019:10:02:25 +0200] "GET /reload?ser=1565942545043 HTTP/1.1" 200 28 "http://renault.2web.at/account" "Mozilla/5.0 (Windows NT 10.0; WOW64; Trident/7.0; Touch; rv:11.0) like Gecko"
212.186.92.126 - - [16/Aug/2019:10:02:32 +0200] "GET /reload?ser=1565942552594 HTTP/1.1" 200 28 "http://renault.activities.at/result?searchterm=true&search=garantie" "Mozilla/5.0 (Windows NT 6.1; WOW64; Trident/7.0; rv:11.0) like Gecko"
80.120.148.242 - - [16/Aug/2019:10:02:44 +0200] "POST /result?searchterm=true&search=service HTTP/1.1" 200 8741 "http://renault.activities.at/result?searchterm=true&search=service" "Mozilla/5.0 (Windows NT 6.1; Win64; x64) AppleWebKit/537.36 (KHTML, like Gecko) Chrome/76.0.3809.100 Safari/537.36"
80.120.148.242 - - [16/Aug/2019:10:03:08 +0200] "GET /account HTTP/1.1" 200 6188 "http://renault.activities.at/result?searchterm=true&search=service" "Mozilla/5.0 (Windows NT 6.1; Win64; x64) AppleWebKit/537.36 (KHTML, like Gecko) Chrome/76.0.3809.100 Safari/537.36"
54.202.65.89 - - [16/Aug/2019:10:03:12 +0200] "GET /reload?ser=1565942491202 HTTP/1.1" 200 10166 "-" "Mozilla/5.0 (Windows NT 6.1; Win64; x64) AppleWebKit/537.36 (KHTML, like Gecko) Chrome/72.0.3626.109 Safari/537.36"
80.120.148.242 - - [16/Aug/2019:10:03:12 +0200] "GET /cart HTTP/1.1" 200 5057 "http://renault.activities.at/account" "Mozilla/5.0 (Windows NT 6.1; Win64; x64) AppleWebKit/537.36 (KHTML, like Gecko) Chrome/76.0.3809.100 Safari/537.36"
80.120.148.242 - - [16/Aug/2019:10:03:14 +0200] "GET /loadthumbnail.php?id=11730248&width=100 HTTP/1.1" 200 3924 "http://renault.activities.at/cart" "Mozilla/5.0 (Windows NT 6.1; Win64; x64) AppleWebKit/537.36 (KHTML, like Gecko) Chrome/76.0.3809.100 Safari/537.36"
80.120.148.242 - - [16/Aug/2019:10:03:14 +0200] "GET /loadthumbnail.php?id=10232009&width=16&height=16 HTTP/1.1" 200 700 "http://renault.activities.at/cart" "Mozilla/5.0 (Windows NT 6.1; Win64; x64) AppleWebKit/537.36 (KHTML, like Gecko) Chrome/76.0.3809.100 Safari/537.36"
138.21.12.22 - - [16/Aug/2019:10:03:26 +0200] "GET /reload?ser=1565942606098 HTTP/1.1" 200 28 "http://renault.2web.at/account" "Mozilla/5.0 (Windows NT 10.0; WOW64; Trident/7.0; Touch; rv:11.0) like Gecko"
212.186.92.126 - - [16/Aug/2019:10:03:33 +0200] "GET /reload?ser=1565942613599 HTTP/1.1" 200 28 "http://renault.activities.at/result?searchterm=true&search=garantie" "Mozilla/5.0 (Windows NT 6.1; WOW64; Trident/7.0; rv:11.0) like Gecko"
80.120.148.242 - - [16/Aug/2019:10:03:54 +0200] "GET /checkout HTTP/1.1" 200 20223 "http://renault.activities.at/cart" "Mozilla/5.0 (Windows NT 6.1; Win64; x64) AppleWebKit/537.36 (KHTML, like Gecko) Chrome/76.0.3809.100 Safari/537.36"
80.120.148.242 - - [16/Aug/2019:10:03:59 +0200] "GET /loadthumbnail.php?id=10201939 HTTP/1.1" 200 201 "http://renault.activities.at/checkout" "Mozilla/5.0 (Windows NT 6.1; Win64; x64) AppleWebKit/537.36 (KHTML, like Gecko) Chrome/76.0.3809.100 Safari/537.36"
80.120.148.242 - - [16/Aug/2019:10:03:59 +0200] "GET /loadthumbnail.php?id=10202698 HTTP/1.1" 200 16686 "http://renault.activities.at/checkout" "Mozilla/5.0 (Windows NT 6.1; Win64; x64) AppleWebKit/537.36 (KHTML, like Gecko) Chrome/76.0.3809.100 Safari/537.36"
80.120.148.242 - - [16/Aug/2019:10:04:01 +0200] "POST /docheckout HTTP/1.1" 200 456 "http://renault.activities.at/checkout" "Mozilla/5.0 (Windows NT 6.1; Win64; x64) AppleWebKit/537.36 (KHTML, like Gecko) Chrome/76.0.3809.100 Safari/537.36"
80.120.148.242 - - [16/Aug/2019:10:04:05 +0200] "POST /docheckout HTTP/1.1" 200 597 "http://renault.activities.at/checkout" "Mozilla/5.0 (Windows NT 6.1; Win64; x64) AppleWebKit/537.36 (KHTML, like Gecko) Chrome/76.0.3809.100 Safari/537.36"
80.120.148.242 - - [16/Aug/2019:10:04:11 +0200] "POST /docheckout HTTP/1.1" 200 68 "http://renault.activities.at/checkout" "Mozilla/5.0 (Windows NT 6.1; Win64; x64) AppleWebKit/537.36 (KHTML, like Gecko) Chrome/76.0.3809.100 Safari/537.36"
80.120.148.242 - - [16/Aug/2019:10:04:14 +0200] "GET /success HTTP/1.1" 200 3792 "http://renault.activities.at/checkout" "Mozilla/5.0 (Windows NT 6.1; Win64; x64) AppleWebKit/537.36 (KHTML, like Gecko) Chrome/76.0.3809.100 Safari/537.36"
138.21.12.22 - - [16/Aug/2019:10:04:27 +0200] "GET /reload?ser=1565942667168 HTTP/1.1" 200 28 "http://renault.2web.at/account" "Mozilla/5.0 (Windows NT 10.0; WOW64; Trident/7.0; Touch; rv:11.0) like Gecko"
212.186.92.126 - - [16/Aug/2019:10:04:34 +0200] "GET /reload?ser=1565942674578 HTTP/1.1" 200 28 "http://renault.activities.at/result?searchterm=true&search=garantie" "Mozilla/5.0 (Windows NT 6.1; WOW64; Trident/7.0; rv:11.0) like Gecko"
80.120.148.242 - - [16/Aug/2019:10:05:16 +0200] "GET /reload?ser=1565942716424 HTTP/1.1" 200 28 "http://renault.activities.at/success" "Mozilla/5.0 (Windows NT 6.1; Win64; x64) AppleWebKit/537.36 (KHTML, like Gecko) Chrome/76.0.3809.100 Safari/537.36"
138.21.12.22 - - [16/Aug/2019:10:05:28 +0200] "GET /reload?ser=1565942728206 HTTP/1.1" 200 28 "http://renault.2web.at/account" "Mozilla/5.0 (Windows NT 10.0; WOW64; Trident/7.0; Touch; rv:11.0) like Gecko"
212.186.92.126 - - [16/Aug/2019:10:05:35 +0200] "GET /reload?ser=1565942735567 HTTP/1.1" 200 28 "http://renault.activities.at/result?searchterm=true&search=garantie" "Mozilla/5.0 (Windows NT 6.1; WOW64; Trident/7.0; rv:11.0) like Gecko"
80.120.148.242 - - [16/Aug/2019:10:06:17 +0200] "GET /reload?ser=1565942777424 HTTP/1.1" 200 28 "http://renault.activities.at/success" "Mozilla/5.0 (Windows NT 6.1; Win64; x64) AppleWebKit/537.36 (KHTML, like Gecko) Chrome/76.0.3809.100 Safari/537.36"
138.21.12.22 - - [16/Aug/2019:10:06:29 +0200] "GET /reload?ser=1565942789267 HTTP/1.1" 200 28 "http://renault.2web.at/account" "Mozilla/5.0 (Windows NT 10.0; WOW64; Trident/7.0; Touch; rv:11.0) like Gecko"
212.186.92.126 - - [16/Aug/2019:10:06:36 +0200] "GET /reload?ser=1565942796644 HTTP/1.1" 200 28 "http://renault.activities.at/result?searchterm=true&search=garantie" "Mozilla/5.0 (Windows NT 6.1; WOW64; Trident/7.0; rv:11.0) like Gecko"
80.120.148.242 - - [16/Aug/2019:10:07:18 +0200] "GET /reload?ser=1565942838426 HTTP/1.1" 200 28 "http://renault.activities.at/success" "Mozilla/5.0 (Windows NT 6.1; Win64; x64) AppleWebKit/537.36 (KHTML, like Gecko) Chrome/76.0.3809.100 Safari/537.36"
138.21.12.22 - - [16/Aug/2019:10:07:30 +0200] "GET /reload?ser=1565942850290 HTTP/1.1" 200 28 "http://renault.2web.at/account" "Mozilla/5.0 (Windows NT 10.0; WOW64; Trident/7.0; Touch; rv:11.0) like Gecko"
212.186.92.126 - - [16/Aug/2019:10:07:37 +0200] "GET /reload?ser=1565942857673 HTTP/1.1" 200 28 "http://renault.activities.at/result?searchterm=true&search=garantie" "Mozilla/5.0 (Windows NT 6.1; WOW64; Trident/7.0; rv:11.0) like Gecko"
80.120.148.242 - - [16/Aug/2019:10:08:19 +0200] "GET /reload?ser=1565942899428 HTTP/1.1" 200 28 "http://renault.activities.at/success" "Mozilla/5.0 (Windows NT 6.1; Win64; x64) AppleWebKit/537.36 (KHTML, like Gecko) Chrome/76.0.3809.100 Safari/537.36"
138.21.12.22 - - [16/Aug/2019:10:08:31 +0200] "GET /reload?ser=1565942911380 HTTP/1.1" 200 28 "http://renault.2web.at/account" "Mozilla/5.0 (Windows NT 10.0; WOW64; Trident/7.0; Touch; rv:11.0) like Gecko"
212.186.92.126 - - [16/Aug/2019:10:08:38 +0200] "GET /reload?ser=1565942918780 HTTP/1.1" 200 28 "http://renault.activities.at/result?searchterm=true&search=garantie" "Mozilla/5.0 (Windows NT 6.1; WOW64; Trident/7.0; rv:11.0) like Gecko"
80.120.148.242 - - [16/Aug/2019:10:09:20 +0200] "GET /reload?ser=1565942960429 HTTP/1.1" 200 28 "http://renault.activities.at/success" "Mozilla/5.0 (Windows NT 6.1; Win64; x64) AppleWebKit/537.36 (KHTML, like Gecko) Chrome/76.0.3809.100 Safari/537.36"
138.21.12.22 - - [16/Aug/2019:10:09:32 +0200] "GET /reload?ser=1565942972441 HTTP/1.1" 200 28 "http://renault.2web.at/account" "Mozilla/5.0 (Windows NT 10.0; WOW64; Trident/7.0; Touch; rv:11.0) like Gecko"
212.186.92.126 - - [16/Aug/2019:10:09:39 +0200] "GET /reload?ser=1565942979793 HTTP/1.1" 200 28 "http://renault.activities.at/result?searchterm=true&search=garantie" "Mozilla/5.0 (Windows NT 6.1; WOW64; Trident/7.0; rv:11.0) like Gecko"
138.21.12.22 - - [16/Aug/2019:10:10:33 +0200] "GET /reload?ser=1565943033483 HTTP/1.1" 200 28 "http://renault.2web.at/account" "Mozilla/5.0 (Windows NT 10.0; WOW64; Trident/7.0; Touch; rv:11.0) like Gecko"
212.186.92.126 - - [16/Aug/2019:10:10:40 +0200] "GET /reload?ser=1565943040805 HTTP/1.1" 200 28 "http://renault.activities.at/result?searchterm=true&search=garantie" "Mozilla/5.0 (Windows NT 6.1; WOW64; Trident/7.0; rv:11.0) like Gecko"
138.21.12.22 - - [16/Aug/2019:10:11:34 +0200] "GET /reload?ser=1565943094538 HTTP/1.1" 200 28 "http://renault.2web.at/account" "Mozilla/5.0 (Windows NT 10.0; WOW64; Trident/7.0; Touch; rv:11.0) like Gecko"
212.186.92.126 - - [16/Aug/2019:10:11:41 +0200] "GET /reload?ser=1565943101801 HTTP/1.1" 200 28 "http://renault.activities.at/result?searchterm=true&search=garantie" "Mozilla/5.0 (Windows NT 6.1; WOW64; Trident/7.0; rv:11.0) like Gecko"
138.21.12.22 - - [16/Aug/2019:10:12:35 +0200] "GET /reload?ser=1565943155561 HTTP/1.1" 200 28 "http://renault.2web.at/account" "Mozilla/5.0 (Windows NT 10.0; WOW64; Trident/7.0; Touch; rv:11.0) like Gecko"
