193.194.132.30 - - [23/Aug/2019:12:39:05 +0200] "GET /loadthumbnail.php?id=10203650&width=113 HTTP/1.1" 200 2741 "http://renault.2web.at/result?searchterm=true&search=pos088" "Mozilla/5.0 (Windows NT 10.0; WOW64; Trident/7.0; Touch; rv:11.0) like Gecko"
193.194.132.30 - - [23/Aug/2019:12:39:05 +0200] "GET /loadthumbnail.php?id=10203255 HTTP/1.1" 200 137 "http://renault.2web.at/result?searchterm=true&search=pos088" "Mozilla/5.0 (Windows NT 10.0; WOW64; Trident/7.0; Touch; rv:11.0) like Gecko"
193.194.132.30 - - [23/Aug/2019:12:39:05 +0200] "GET /loadthumbnail.php?id=10259680&width=113 HTTP/1.1" 200 1966 "http://renault.2web.at/result?searchterm=true&search=pos088" "Mozilla/5.0 (Windows NT 10.0; WOW64; Trident/7.0; Touch; rv:11.0) like Gecko"
193.194.132.30 - - [23/Aug/2019:12:39:05 +0200] "GET /images/vista-up.gif HTTP/1.1" 304 - "http://renault.2web.at/result?searchterm=true&search=pos088" "Mozilla/5.0 (Windows NT 10.0; WOW64; Trident/7.0; Touch; rv:11.0) like Gecko"
193.194.132.30 - - [23/Aug/2019:12:39:05 +0200] "GET /images/pager_bg.gif HTTP/1.1" 304 - "http://renault.2web.at/result?searchterm=true&search=pos088" "Mozilla/5.0 (Windows NT 10.0; WOW64; Trident/7.0; Touch; rv:11.0) like Gecko"
193.194.132.30 - - [23/Aug/2019:12:39:05 +0200] "GET /images/vista-dn.gif HTTP/1.1" 304 - "http://renault.2web.at/result?searchterm=true&search=pos088" "Mozilla/5.0 (Windows NT 10.0; WOW64; Trident/7.0; Touch; rv:11.0) like Gecko"
193.194.132.30 - - [23/Aug/2019:12:39:03 +0200] "POST /axjaxrequest?mode=suggest HTTP/1.1" 200 132 "http://renault.2web.at/account?loadrequest=true" "Mozilla/5.0 (Windows NT 10.0; WOW64; Trident/7.0; Touch; rv:11.0) like Gecko"
193.194.132.30 - - [23/Aug/2019:12:39:07 +0200] "GET /images/vista-up-hover.gif HTTP/1.1" 304 - "http://renault.2web.at/result?searchterm=true&search=pos088" "Mozilla/5.0 (Windows NT 10.0; WOW64; Trident/7.0; Touch; rv:11.0) like Gecko"
193.194.132.30 - - [23/Aug/2019:12:39:11 +0200] "POST /result?searchterm=true&search=pos088 HTTP/1.1" 200 9254 "http://renault.2web.at/result?searchterm=true&search=pos088" "Mozilla/5.0 (Windows NT 10.0; WOW64; Trident/7.0; Touch; rv:11.0) like Gecko"
193.194.132.30 - - [23/Aug/2019:12:39:14 +0200] "GET /images/success_msg_icon.gif HTTP/1.1" 304 - "http://renault.2web.at/result?searchterm=true&search=pos088" "Mozilla/5.0 (Windows NT 10.0; WOW64; Trident/7.0; Touch; rv:11.0) like Gecko"
193.194.132.30 - - [23/Aug/2019:12:39:20 +0200] "GET /cart HTTP/1.1" 200 8053 "http://renault.2web.at/result?searchterm=true&search=pos088" "Mozilla/5.0 (Windows NT 10.0; WOW64; Trident/7.0; Touch; rv:11.0) like Gecko"
193.194.132.30 - - [23/Aug/2019:12:39:23 +0200] "GET /loadthumbnail.php?id=10232009&width=16&height=16 HTTP/1.1" 200 700 "http://renault.2web.at/cart" "Mozilla/5.0 (Windows NT 10.0; WOW64; Trident/7.0; Touch; rv:11.0) like Gecko"
193.194.132.30 - - [23/Aug/2019:12:39:23 +0200] "GET /loadthumbnail.php?id=10203650&width=100 HTTP/1.1" 200 2545 "http://renault.2web.at/cart" "Mozilla/5.0 (Windows NT 10.0; WOW64; Trident/7.0; Touch; rv:11.0) like Gecko"
193.194.132.30 - - [23/Aug/2019:12:39:24 +0200] "GET /images/vista-dn-hover.gif HTTP/1.1" 304 - "http://renault.2web.at/cart" "Mozilla/5.0 (Windows NT 10.0; WOW64; Trident/7.0; Touch; rv:11.0) like Gecko"
193.194.132.30 - - [23/Aug/2019:12:39:27 +0200] "POST /cart HTTP/1.1" 200 6766 "http://renault.2web.at/cart" "Mozilla/5.0 (Windows NT 10.0; WOW64; Trident/7.0; Touch; rv:11.0) like Gecko"
88.116.232.54 - - [23/Aug/2019:12:39:33 +0200] "GET /reload?ser=1566556773566 HTTP/1.1" 200 28 "http://renault.activities.at/login" "Mozilla/5.0 (Windows NT 6.1; WOW64; Trident/7.0; rv:11.0) like Gecko"
213.153.47.173 - - [23/Aug/2019:12:39:44 +0200] "GET /reload?ser=1566556784135 HTTP/1.1" 200 28 "http://renault.activities.at/login?required=true" "Mozilla/5.0 (Windows NT 10.0; Win64; x64; rv:68.0) Gecko/20100101 Firefox/68.0"
193.194.132.30 - - [23/Aug/2019:12:39:50 +0200] "POST /cart HTTP/1.1" 302 155 "http://renault.2web.at/cart" "Mozilla/5.0 (Windows NT 10.0; WOW64; Trident/7.0; Touch; rv:11.0) like Gecko"
193.194.132.30 - - [23/Aug/2019:12:39:51 +0200] "GET /result?searchterm=true&search=pos088 HTTP/1.1" 200 9046 "http://renault.2web.at/cart" "Mozilla/5.0 (Windows NT 10.0; WOW64; Trident/7.0; Touch; rv:11.0) like Gecko"
193.194.132.30 - - [23/Aug/2019:12:39:59 +0200] "POST /result?searchterm=true&search=pos088 HTTP/1.1" 200 9253 "http://renault.2web.at/result?searchterm=true&search=pos088" "Mozilla/5.0 (Windows NT 10.0; WOW64; Trident/7.0; Touch; rv:11.0) like Gecko"
193.194.132.30 - - [23/Aug/2019:12:40:04 +0200] "GET /checkout HTTP/1.1" 200 23127 "http://renault.2web.at/result?searchterm=true&search=pos088" "Mozilla/5.0 (Windows NT 10.0; WOW64; Trident/7.0; Touch; rv:11.0) like Gecko"
193.194.132.30 - - [23/Aug/2019:12:40:12 +0200] "GET /js/checkout2.js HTTP/1.1" 304 - "http://renault.2web.at/checkout" "Mozilla/5.0 (Windows NT 10.0; WOW64; Trident/7.0; Touch; rv:11.0) like Gecko"
193.194.132.30 - - [23/Aug/2019:12:40:12 +0200] "GET /loadthumbnail.php?id=10201939 HTTP/1.1" 200 201 "http://renault.2web.at/checkout" "Mozilla/5.0 (Windows NT 10.0; WOW64; Trident/7.0; Touch; rv:11.0) like Gecko"
193.194.132.30 - - [23/Aug/2019:12:40:12 +0200] "GET /loadthumbnail.php?id=10202698 HTTP/1.1" 200 16686 "http://renault.2web.at/checkout" "Mozilla/5.0 (Windows NT 10.0; WOW64; Trident/7.0; Touch; rv:11.0) like Gecko"
193.194.132.30 - - [23/Aug/2019:12:40:12 +0200] "GET /images/step_marker.gif HTTP/1.1" 304 - "http://renault.2web.at/checkout" "Mozilla/5.0 (Windows NT 10.0; WOW64; Trident/7.0; Touch; rv:11.0) like Gecko"
193.194.132.30 - - [23/Aug/2019:12:40:12 +0200] "GET /images/checkout_border_top.gif HTTP/1.1" 304 - "http://renault.2web.at/checkout" "Mozilla/5.0 (Windows NT 10.0; WOW64; Trident/7.0; Touch; rv:11.0) like Gecko"
193.194.132.30 - - [23/Aug/2019:12:40:12 +0200] "GET /images/step_bg.jpg HTTP/1.1" 304 - "http://renault.2web.at/checkout" "Mozilla/5.0 (Windows NT 10.0; WOW64; Trident/7.0; Touch; rv:11.0) like Gecko"
193.194.132.30 - - [23/Aug/2019:12:40:12 +0200] "GET /images/checkout_border.gif HTTP/1.1" 304 - "http://renault.2web.at/checkout" "Mozilla/5.0 (Windows NT 10.0; WOW64; Trident/7.0; Touch; rv:11.0) like Gecko"
88.116.232.54 - - [23/Aug/2019:12:40:34 +0200] "GET /reload?ser=1566556834194 HTTP/1.1" 200 28 "http://renault.activities.at/login" "Mozilla/5.0 (Windows NT 6.1; WOW64; Trident/7.0; rv:11.0) like Gecko"
213.153.47.173 - - [23/Aug/2019:12:40:44 +0200] "GET /reload?ser=1566556844784 HTTP/1.1" 200 28 "http://renault.activities.at/login?required=true" "Mozilla/5.0 (Windows NT 10.0; Win64; x64; rv:68.0) Gecko/20100101 Firefox/68.0"
193.194.132.30 - - [23/Aug/2019:12:40:54 +0200] "POST /docheckout HTTP/1.1" 200 445 "http://renault.2web.at/checkout" "Mozilla/5.0 (Windows NT 10.0; WOW64; Trident/7.0; Touch; rv:11.0) like Gecko"
193.194.132.30 - - [23/Aug/2019:12:40:58 +0200] "POST /docheckout HTTP/1.1" 200 609 "http://renault.2web.at/checkout" "Mozilla/5.0 (Windows NT 10.0; WOW64; Trident/7.0; Touch; rv:11.0) like Gecko"
193.194.132.30 - - [23/Aug/2019:12:41:00 +0200] "GET /images/error_msg_icon.gif HTTP/1.1" 304 - "http://renault.2web.at/checkout" "Mozilla/5.0 (Windows NT 10.0; WOW64; Trident/7.0; Touch; rv:11.0) like Gecko"
193.194.132.30 - - [23/Aug/2019:12:41:06 +0200] "POST /docheckout HTTP/1.1" 200 68 "http://renault.2web.at/checkout" "Mozilla/5.0 (Windows NT 10.0; WOW64; Trident/7.0; Touch; rv:11.0) like Gecko"
193.194.132.30 - - [23/Aug/2019:12:41:08 +0200] "GET /success HTTP/1.1" 200 6721 "http://renault.2web.at/checkout" "Mozilla/5.0 (Windows NT 10.0; WOW64; Trident/7.0; Touch; rv:11.0) like Gecko"
88.116.232.54 - - [23/Aug/2019:12:41:34 +0200] "GET /reload?ser=1566556894829 HTTP/1.1" 200 28 "http://renault.activities.at/login" "Mozilla/5.0 (Windows NT 6.1; WOW64; Trident/7.0; rv:11.0) like Gecko"
213.153.47.173 - - [23/Aug/2019:12:41:45 +0200] "GET /reload?ser=1566556905444 HTTP/1.1" 200 28 "http://renault.activities.at/login?required=true" "Mozilla/5.0 (Windows NT 10.0; Win64; x64; rv:68.0) Gecko/20100101 Firefox/68.0"
193.194.132.30 - - [23/Aug/2019:12:42:11 +0200] "GET /reload?ser=1566556931717 HTTP/1.1" 200 28 "http://renault.2web.at/success" "Mozilla/5.0 (Windows NT 10.0; WOW64; Trident/7.0; Touch; rv:11.0) like Gecko"
88.116.232.54 - - [23/Aug/2019:12:42:35 +0200] "GET /reload?ser=1566556955452 HTTP/1.1" 200 28 "http://renault.activities.at/login" "Mozilla/5.0 (Windows NT 6.1; WOW64; Trident/7.0; rv:11.0) like Gecko"
213.153.47.173 - - [23/Aug/2019:12:42:46 +0200] "GET /reload?ser=1566556966095 HTTP/1.1" 200 28 "http://renault.activities.at/login?required=true" "Mozilla/5.0 (Windows NT 10.0; Win64; x64; rv:68.0) Gecko/20100101 Firefox/68.0"
193.194.132.30 - - [23/Aug/2019:12:43:12 +0200] "GET /reload?ser=1566556992776 HTTP/1.1" 200 28 "http://renault.2web.at/success" "Mozilla/5.0 (Windows NT 10.0; WOW64; Trident/7.0; Touch; rv:11.0) like Gecko"
88.116.232.54 - - [23/Aug/2019:12:43:36 +0200] "GET /reload?ser=1566557016077 HTTP/1.1" 200 28 "http://renault.activities.at/login" "Mozilla/5.0 (Windows NT 6.1; WOW64; Trident/7.0; rv:11.0) like Gecko"
213.153.47.173 - - [23/Aug/2019:12:43:46 +0200] "GET /reload?ser=1566557026763 HTTP/1.1" 200 28 "http://renault.activities.at/login?required=true" "Mozilla/5.0 (Windows NT 10.0; Win64; x64; rv:68.0) Gecko/20100101 Firefox/68.0"
193.194.132.30 - - [23/Aug/2019:12:44:13 +0200] "GET /reload?ser=1566557053813 HTTP/1.1" 200 28 "http://renault.2web.at/success" "Mozilla/5.0 (Windows NT 10.0; WOW64; Trident/7.0; Touch; rv:11.0) like Gecko"
88.116.232.54 - - [23/Aug/2019:12:44:36 +0200] "GET /reload?ser=1566557076704 HTTP/1.1" 200 28 "http://renault.activities.at/login" "Mozilla/5.0 (Windows NT 6.1; WOW64; Trident/7.0; rv:11.0) like Gecko"
213.153.47.173 - - [23/Aug/2019:12:44:47 +0200] "GET /reload?ser=1566557087435 HTTP/1.1" 200 28 "http://renault.activities.at/login?required=true" "Mozilla/5.0 (Windows NT 10.0; Win64; x64; rv:68.0) Gecko/20100101 Firefox/68.0"
193.194.132.30 - - [23/Aug/2019:12:45:14 +0200] "GET /reload?ser=1566557114867 HTTP/1.1" 200 28 "http://renault.2web.at/success" "Mozilla/5.0 (Windows NT 10.0; WOW64; Trident/7.0; Touch; rv:11.0) like Gecko"
88.116.232.54 - - [23/Aug/2019:12:45:37 +0200] "GET /reload?ser=1566557137365 HTTP/1.1" 200 28 "http://renault.activities.at/login" "Mozilla/5.0 (Windows NT 6.1; WOW64; Trident/7.0; rv:11.0) like Gecko"
213.153.47.173 - - [23/Aug/2019:12:45:48 +0200] "GET /reload?ser=1566557148104 HTTP/1.1" 200 28 "http://renault.activities.at/login?required=true" "Mozilla/5.0 (Windows NT 10.0; Win64; x64; rv:68.0) Gecko/20100101 Firefox/68.0"
193.194.132.30 - - [23/Aug/2019:12:46:16 +0200] "GET /reload?ser=1566557175973 HTTP/1.1" 200 28 "http://renault.2web.at/success" "Mozilla/5.0 (Windows NT 10.0; WOW64; Trident/7.0; Touch; rv:11.0) like Gecko"
88.116.232.54 - - [23/Aug/2019:12:46:38 +0200] "GET /reload?ser=1566557198000 HTTP/1.1" 200 28 "http://renault.activities.at/login" "Mozilla/5.0 (Windows NT 6.1; WOW64; Trident/7.0; rv:11.0) like Gecko"
213.153.47.173 - - [23/Aug/2019:12:46:48 +0200] "GET /reload?ser=1566557208767 HTTP/1.1" 200 28 "http://renault.activities.at/login?required=true" "Mozilla/5.0 (Windows NT 10.0; Win64; x64; rv:68.0) Gecko/20100101 Firefox/68.0"
193.194.132.30 - - [23/Aug/2019:12:47:17 +0200] "GET /reload?ser=1566557237015 HTTP/1.1" 200 28 "http://renault.2web.at/success" "Mozilla/5.0 (Windows NT 10.0; WOW64; Trident/7.0; Touch; rv:11.0) like Gecko"
88.116.232.54 - - [23/Aug/2019:12:47:38 +0200] "GET /reload?ser=1566557258636 HTTP/1.1" 200 28 "http://renault.activities.at/login" "Mozilla/5.0 (Windows NT 6.1; WOW64; Trident/7.0; rv:11.0) like Gecko"
213.153.47.173 - - [23/Aug/2019:12:47:49 +0200] "GET /reload?ser=1566557269439 HTTP/1.1" 200 28 "http://renault.activities.at/login?required=true" "Mozilla/5.0 (Windows NT 10.0; Win64; x64; rv:68.0) Gecko/20100101 Firefox/68.0"
193.194.132.30 - - [23/Aug/2019:12:48:18 +0200] "GET /reload?ser=1566557298064 HTTP/1.1" 200 28 "http://renault.2web.at/success" "Mozilla/5.0 (Windows NT 10.0; WOW64; Trident/7.0; Touch; rv:11.0) like Gecko"
88.116.232.54 - - [23/Aug/2019:12:48:39 +0200] "GET /reload?ser=1566557319269 HTTP/1.1" 200 28 "http://renault.activities.at/login" "Mozilla/5.0 (Windows NT 6.1; WOW64; Trident/7.0; rv:11.0) like Gecko"
213.153.47.173 - - [23/Aug/2019:12:48:50 +0200] "GET /reload?ser=1566557330094 HTTP/1.1" 200 28 "http://renault.activities.at/login?required=true" "Mozilla/5.0 (Windows NT 10.0; Win64; x64; rv:68.0) Gecko/20100101 Firefox/68.0"
193.194.132.30 - - [23/Aug/2019:12:49:19 +0200] "GET /reload?ser=1566557359114 HTTP/1.1" 200 28 "http://renault.2web.at/success" "Mozilla/5.0 (Windows NT 10.0; WOW64; Trident/7.0; Touch; rv:11.0) like Gecko"
88.116.232.54 - - [23/Aug/2019:12:49:39 +0200] "GET /reload?ser=1566557379898 HTTP/1.1" 200 28 "http://renault.activities.at/login" "Mozilla/5.0 (Windows NT 6.1; WOW64; Trident/7.0; rv:11.0) like Gecko"
213.153.47.173 - - [23/Aug/2019:12:49:50 +0200] "GET /reload?ser=1566557390773 HTTP/1.1" 200 28 "http://renault.activities.at/login?required=true" "Mozilla/5.0 (Windows NT 10.0; Win64; x64; rv:68.0) Gecko/20100101 Firefox/68.0"
193.194.132.30 - - [23/Aug/2019:12:50:20 +0200] "GET /reload?ser=1566557420436 HTTP/1.1" 200 28 "http://renault.2web.at/success" "Mozilla/5.0 (Windows NT 10.0; WOW64; Trident/7.0; Touch; rv:11.0) like Gecko"
88.116.232.54 - - [23/Aug/2019:12:50:40 +0200] "GET /reload?ser=1566557440520 HTTP/1.1" 200 28 "http://renault.activities.at/login" "Mozilla/5.0 (Windows NT 6.1; WOW64; Trident/7.0; rv:11.0) like Gecko"
213.153.47.173 - - [23/Aug/2019:12:50:51 +0200] "GET /reload?ser=1566557451453 HTTP/1.1" 200 28 "http://renault.activities.at/login?required=true" "Mozilla/5.0 (Windows NT 10.0; Win64; x64; rv:68.0) Gecko/20100101 Firefox/68.0"
193.194.132.30 - - [23/Aug/2019:12:51:21 +0200] "GET /reload?ser=1566557481485 HTTP/1.1" 200 28 "http://renault.2web.at/success" "Mozilla/5.0 (Windows NT 10.0; WOW64; Trident/7.0; Touch; rv:11.0) like Gecko"
88.116.232.54 - - [23/Aug/2019:12:51:41 +0200] "GET /reload?ser=1566557501149 HTTP/1.1" 200 28 "http://renault.activities.at/login" "Mozilla/5.0 (Windows NT 6.1; WOW64; Trident/7.0; rv:11.0) like Gecko"
213.153.47.173 - - [23/Aug/2019:12:51:52 +0200] "GET /reload?ser=1566557512134 HTTP/1.1" 200 28 "http://renault.activities.at/login?required=true" "Mozilla/5.0 (Windows NT 10.0; Win64; x64; rv:68.0) Gecko/20100101 Firefox/68.0"
193.194.132.30 - - [23/Aug/2019:12:52:22 +0200] "GET /reload?ser=1566557542556 HTTP/1.1" 200 28 "http://renault.2web.at/success" "Mozilla/5.0 (Windows NT 10.0; WOW64; Trident/7.0; Touch; rv:11.0) like Gecko"
88.116.232.54 - - [23/Aug/2019:12:52:41 +0200] "GET /reload?ser=1566557561787 HTTP/1.1" 200 28 "http://renault.activities.at/login" "Mozilla/5.0 (Windows NT 6.1; WOW64; Trident/7.0; rv:11.0) like Gecko"
213.153.47.173 - - [23/Aug/2019:12:52:52 +0200] "GET /reload?ser=1566557572832 HTTP/1.1" 200 28 "http://renault.activities.at/login?required=true" "Mozilla/5.0 (Windows NT 10.0; Win64; x64; rv:68.0) Gecko/20100101 Firefox/68.0"
193.194.132.30 - - [23/Aug/2019:12:53:23 +0200] "GET /reload?ser=1566557603664 HTTP/1.1" 200 28 "http://renault.2web.at/success" "Mozilla/5.0 (Windows NT 10.0; WOW64; Trident/7.0; Touch; rv:11.0) like Gecko"
88.116.232.54 - - [23/Aug/2019:12:53:42 +0200] "GET /reload?ser=1566557622421 HTTP/1.1" 200 28 "http://renault.activities.at/login" "Mozilla/5.0 (Windows NT 6.1; WOW64; Trident/7.0; rv:11.0) like Gecko"
213.153.47.173 - - [23/Aug/2019:12:53:53 +0200] "GET /reload?ser=1566557633503 HTTP/1.1" 200 28 "http://renault.activities.at/login?required=true" "Mozilla/5.0 (Windows NT 10.0; Win64; x64; rv:68.0) Gecko/20100101 Firefox/68.0"
193.194.132.30 - - [23/Aug/2019:12:54:24 +0200] "GET /reload?ser=1566557664828 HTTP/1.1" 200 28 "http://renault.2web.at/success" "Mozilla/5.0 (Windows NT 10.0; WOW64; Trident/7.0; Touch; rv:11.0) like Gecko"
88.116.232.54 - - [23/Aug/2019:12:54:43 +0200] "GET /reload?ser=1566557683060 HTTP/1.1" 200 28 "http://renault.activities.at/login" "Mozilla/5.0 (Windows NT 6.1; WOW64; Trident/7.0; rv:11.0) like Gecko"
213.153.47.173 - - [23/Aug/2019:12:54:54 +0200] "GET /reload?ser=1566557694172 HTTP/1.1" 200 28 "http://renault.activities.at/login?required=true" "Mozilla/5.0 (Windows NT 10.0; Win64; x64; rv:68.0) Gecko/20100101 Firefox/68.0"
193.194.132.30 - - [23/Aug/2019:12:55:26 +0200] "GET /reload?ser=1566557725895 HTTP/1.1" 200 28 "http://renault.2web.at/success" "Mozilla/5.0 (Windows NT 10.0; WOW64; Trident/7.0; Touch; rv:11.0) like Gecko"
88.116.232.54 - - [23/Aug/2019:12:55:43 +0200] "GET /reload?ser=1566557743698 HTTP/1.1" 200 28 "http://renault.activities.at/login" "Mozilla/5.0 (Windows NT 6.1; WOW64; Trident/7.0; rv:11.0) like Gecko"
213.153.47.173 - - [23/Aug/2019:12:55:54 +0200] "GET /reload?ser=1566557754849 HTTP/1.1" 200 28 "http://renault.activities.at/login?required=true" "Mozilla/5.0 (Windows NT 10.0; Win64; x64; rv:68.0) Gecko/20100101 Firefox/68.0"
193.194.132.30 - - [23/Aug/2019:12:56:27 +0200] "GET /reload?ser=1566557787003 HTTP/1.1" 200 28 "http://renault.2web.at/success" "Mozilla/5.0 (Windows NT 10.0; WOW64; Trident/7.0; Touch; rv:11.0) like Gecko"
88.116.232.54 - - [23/Aug/2019:12:56:44 +0200] "GET /reload?ser=1566557804367 HTTP/1.1" 200 28 "http://renault.activities.at/login" "Mozilla/5.0 (Windows NT 6.1; WOW64; Trident/7.0; rv:11.0) like Gecko"
213.153.47.173 - - [23/Aug/2019:12:56:55 +0200] "GET /reload?ser=1566557815531 HTTP/1.1" 200 28 "http://renault.activities.at/login?required=true" "Mozilla/5.0 (Windows NT 10.0; Win64; x64; rv:68.0) Gecko/20100101 Firefox/68.0"
193.194.132.30 - - [23/Aug/2019:12:57:28 +0200] "GET /reload?ser=1566557848090 HTTP/1.1" 200 28 "http://renault.2web.at/success" "Mozilla/5.0 (Windows NT 10.0; WOW64; Trident/7.0; Touch; rv:11.0) like Gecko"
88.116.232.54 - - [23/Aug/2019:12:57:45 +0200] "GET /reload?ser=1566557865007 HTTP/1.1" 200 28 "http://renault.activities.at/login" "Mozilla/5.0 (Windows NT 6.1; WOW64; Trident/7.0; rv:11.0) like Gecko"
213.153.47.173 - - [23/Aug/2019:12:57:56 +0200] "GET /reload?ser=1566557876182 HTTP/1.1" 200 28 "http://renault.activities.at/login?required=true" "Mozilla/5.0 (Windows NT 10.0; Win64; x64; rv:68.0) Gecko/20100101 Firefox/68.0"
193.194.132.30 - - [23/Aug/2019:12:58:29 +0200] "GET /reload?ser=1566557909141 HTTP/1.1" 200 28 "http://renault.2web.at/success" "Mozilla/5.0 (Windows NT 10.0; WOW64; Trident/7.0; Touch; rv:11.0) like Gecko"
88.116.232.54 - - [23/Aug/2019:12:58:45 +0200] "GET /reload?ser=1566557925633 HTTP/1.1" 200 28 "http://renault.activities.at/login" "Mozilla/5.0 (Windows NT 6.1; WOW64; Trident/7.0; rv:11.0) like Gecko"
213.153.47.173 - - [23/Aug/2019:12:58:56 +0200] "GET /reload?ser=1566557936831 HTTP/1.1" 200 28 "http://renault.activities.at/login?required=true" "Mozilla/5.0 (Windows NT 10.0; Win64; x64; rv:68.0) Gecko/20100101 Firefox/68.0"
193.194.132.30 - - [23/Aug/2019:12:59:30 +0200] "GET /reload?ser=1566557970159 HTTP/1.1" 200 28 "http://renault.2web.at/success" "Mozilla/5.0 (Windows NT 10.0; WOW64; Trident/7.0; Touch; rv:11.0) like Gecko"
88.116.232.54 - - [23/Aug/2019:12:59:46 +0200] "GET /reload?ser=1566557986264 HTTP/1.1" 200 28 "http://renault.activities.at/login" "Mozilla/5.0 (Windows NT 6.1; WOW64; Trident/7.0; rv:11.0) like Gecko"
213.153.47.173 - - [23/Aug/2019:12:59:57 +0200] "GET /reload?ser=1566557997501 HTTP/1.1" 200 28 "http://renault.activities.at/login?required=true" "Mozilla/5.0 (Windows NT 10.0; Win64; x64; rv:68.0) Gecko/20100101 Firefox/68.0"
193.194.132.30 - - [23/Aug/2019:13:00:31 +0200] "GET /reload?ser=1566558031186 HTTP/1.1" 200 28 "http://renault.2web.at/success" "Mozilla/5.0 (Windows NT 10.0; WOW64; Trident/7.0; Touch; rv:11.0) like Gecko"
88.116.232.54 - - [23/Aug/2019:13:00:46 +0200] "GET /reload?ser=1566558046900 HTTP/1.1" 200 28 "http://renault.activities.at/login" "Mozilla/5.0 (Windows NT 6.1; WOW64; Trident/7.0; rv:11.0) like Gecko"
213.153.47.173 - - [23/Aug/2019:13:00:58 +0200] "GET /reload?ser=1566558058151 HTTP/1.1" 200 28 "http://renault.activities.at/login?required=true" "Mozilla/5.0 (Windows NT 10.0; Win64; x64; rv:68.0) Gecko/20100101 Firefox/68.0"
193.194.132.30 - - [23/Aug/2019:13:01:32 +0200] "GET /reload?ser=1566558092263 HTTP/1.1" 200 28 "http://renault.2web.at/success" "Mozilla/5.0 (Windows NT 10.0; WOW64; Trident/7.0; Touch; rv:11.0) like Gecko"
88.116.232.54 - - [23/Aug/2019:13:01:47 +0200] "GET /reload?ser=1566558107519 HTTP/1.1" 200 28 "http://renault.activities.at/login" "Mozilla/5.0 (Windows NT 6.1; WOW64; Trident/7.0; rv:11.0) like Gecko"
213.153.47.173 - - [23/Aug/2019:13:01:58 +0200] "GET /reload?ser=1566558118832 HTTP/1.1" 200 28 "http://renault.activities.at/login?required=true" "Mozilla/5.0 (Windows NT 10.0; Win64; x64; rv:68.0) Gecko/20100101 Firefox/68.0"
193.194.132.30 - - [23/Aug/2019:13:02:33 +0200] "GET /reload?ser=1566558153295 HTTP/1.1" 200 28 "http://renault.2web.at/success" "Mozilla/5.0 (Windows NT 10.0; WOW64; Trident/7.0; Touch; rv:11.0) like Gecko"
88.116.232.54 - - [23/Aug/2019:13:02:48 +0200] "GET /reload?ser=1566558168148 HTTP/1.1" 200 28 "http://renault.activities.at/login" "Mozilla/5.0 (Windows NT 6.1; WOW64; Trident/7.0; rv:11.0) like Gecko"
213.153.47.173 - - [23/Aug/2019:13:02:59 +0200] "GET /reload?ser=1566558179492 HTTP/1.1" 200 28 "http://renault.activities.at/login?required=true" "Mozilla/5.0 (Windows NT 10.0; Win64; x64; rv:68.0) Gecko/20100101 Firefox/68.0"
193.194.132.30 - - [23/Aug/2019:13:03:34 +0200] "GET /reload?ser=1566558214324 HTTP/1.1" 200 28 "http://renault.2web.at/success" "Mozilla/5.0 (Windows NT 10.0; WOW64; Trident/7.0; Touch; rv:11.0) like Gecko"
88.116.232.54 - - [23/Aug/2019:13:03:48 +0200] "GET /reload?ser=1566558228783 HTTP/1.1" 200 28 "http://renault.activities.at/login" "Mozilla/5.0 (Windows NT 6.1; WOW64; Trident/7.0; rv:11.0) like Gecko"
213.182.253.200 - - [23/Aug/2019:13:03:54 +0200] "GET /login HTTP/1.1" 200 2086 "-" "Mozilla/5.0 (Windows NT 6.1; Win64; x64) AppleWebKit/537.36 (KHTML, like Gecko) Chrome/76.0.3809.100 Safari/537.36"
213.182.253.200 - - [23/Aug/2019:13:03:58 +0200] "GET /login HTTP/1.1" 200 2086 "-" "Mozilla/5.0 (Windows NT 6.1; Win64; x64) AppleWebKit/537.36 (KHTML, like Gecko) Chrome/76.0.3809.100 Safari/537.36"
213.153.47.173 - - [23/Aug/2019:13:04:00 +0200] "GET /reload?ser=1566558240155 HTTP/1.1" 200 28 "http://renault.activities.at/login?required=true" "Mozilla/5.0 (Windows NT 10.0; Win64; x64; rv:68.0) Gecko/20100101 Firefox/68.0"
213.182.253.200 - - [23/Aug/2019:13:04:09 +0200] "POST /login HTTP/1.1" 302 140 "http://renault.activities.at/login" "Mozilla/5.0 (Windows NT 6.1; Win64; x64) AppleWebKit/537.36 (KHTML, like Gecko) Chrome/76.0.3809.100 Safari/537.36"
213.182.253.200 - - [23/Aug/2019:13:04:11 +0200] "GET /account HTTP/1.1" 200 6677 "http://renault.activities.at/login" "Mozilla/5.0 (Windows NT 6.1; Win64; x64) AppleWebKit/537.36 (KHTML, like Gecko) Chrome/76.0.3809.100 Safari/537.36"
213.182.253.200 - - [23/Aug/2019:13:04:14 +0200] "GET /loadthumbnail.php?id=11730248&width=50&height=50 HTTP/1.1" 200 1012 "http://renault.activities.at/account" "Mozilla/5.0 (Windows NT 6.1; Win64; x64) AppleWebKit/537.36 (KHTML, like Gecko) Chrome/76.0.3809.100 Safari/537.36"
213.182.253.200 - - [23/Aug/2019:13:04:25 +0200] "POST /axjaxrequest?mode=suggest HTTP/1.1" 200 804 "http://renault.activities.at/account" "Mozilla/5.0 (Windows NT 6.1; Win64; x64) AppleWebKit/537.36 (KHTML, like Gecko) Chrome/76.0.3809.100 Safari/537.36"
213.182.253.200 - - [23/Aug/2019:13:04:26 +0200] "GET /result?searchterm=true&search=kleber HTTP/1.1" 200 8507 "http://renault.activities.at/account" "Mozilla/5.0 (Windows NT 6.1; Win64; x64) AppleWebKit/537.36 (KHTML, like Gecko) Chrome/76.0.3809.100 Safari/537.36"
213.182.253.200 - - [23/Aug/2019:13:04:30 +0200] "GET /loadthumbnail.php?id=11760052&width=113 HTTP/1.1" 200 1991 "http://renault.activities.at/result?searchterm=true&search=kleber" "Mozilla/5.0 (Windows NT 6.1; Win64; x64) AppleWebKit/537.36 (KHTML, like Gecko) Chrome/76.0.3809.100 Safari/537.36"
213.182.253.200 - - [23/Aug/2019:13:04:30 +0200] "GET /loadthumbnail.php?id=11760048&width=113 HTTP/1.1" 200 1991 "http://renault.activities.at/result?searchterm=true&search=kleber" "Mozilla/5.0 (Windows NT 6.1; Win64; x64) AppleWebKit/537.36 (KHTML, like Gecko) Chrome/76.0.3809.100 Safari/537.36"
213.182.253.200 - - [23/Aug/2019:13:04:30 +0200] "GET /loadthumbnail.php?id=11423691&width=113 HTTP/1.1" 200 6071 "http://renault.activities.at/result?searchterm=true&search=kleber" "Mozilla/5.0 (Windows NT 6.1; Win64; x64) AppleWebKit/537.36 (KHTML, like Gecko) Chrome/76.0.3809.100 Safari/537.36"
213.182.253.200 - - [23/Aug/2019:13:04:30 +0200] "GET /loadthumbnail.php?id=10259978&width=113 HTTP/1.1" 200 1347 "http://renault.activities.at/result?searchterm=true&search=kleber" "Mozilla/5.0 (Windows NT 6.1; Win64; x64) AppleWebKit/537.36 (KHTML, like Gecko) Chrome/76.0.3809.100 Safari/537.36"
213.182.253.200 - - [23/Aug/2019:13:04:30 +0200] "GET /loadthumbnail.php?id=11181191&width=113 HTTP/1.1" 200 1888 "http://renault.activities.at/result?searchterm=true&search=kleber" "Mozilla/5.0 (Windows NT 6.1; Win64; x64) AppleWebKit/537.36 (KHTML, like Gecko) Chrome/76.0.3809.100 Safari/537.36"
213.182.253.200 - - [23/Aug/2019:13:04:30 +0200] "GET /loadthumbnail.php?id=11181189&width=113 HTTP/1.1" 200 1888 "http://renault.activities.at/result?searchterm=true&search=kleber" "Mozilla/5.0 (Windows NT 6.1; Win64; x64) AppleWebKit/537.36 (KHTML, like Gecko) Chrome/76.0.3809.100 Safari/537.36"
213.182.253.200 - - [23/Aug/2019:13:04:31 +0200] "GET /loadthumbnail.php?id=11181185&width=113 HTTP/1.1" 200 1532 "http://renault.activities.at/result?searchterm=true&search=kleber" "Mozilla/5.0 (Windows NT 6.1; Win64; x64) AppleWebKit/537.36 (KHTML, like Gecko) Chrome/76.0.3809.100 Safari/537.36"
213.182.253.200 - - [23/Aug/2019:13:04:31 +0200] "GET /loadthumbnail.php?id=11181187&width=113 HTTP/1.1" 200 1532 "http://renault.activities.at/result?searchterm=true&search=kleber" "Mozilla/5.0 (Windows NT 6.1; Win64; x64) AppleWebKit/537.36 (KHTML, like Gecko) Chrome/76.0.3809.100 Safari/537.36"
213.182.253.200 - - [23/Aug/2019:13:04:31 +0200] "GET /loadthumbnail.php?id=11181180&width=113 HTTP/1.1" 200 1834 "http://renault.activities.at/result?searchterm=true&search=kleber" "Mozilla/5.0 (Windows NT 6.1; Win64; x64) AppleWebKit/537.36 (KHTML, like Gecko) Chrome/76.0.3809.100 Safari/537.36"
213.182.253.200 - - [23/Aug/2019:13:04:31 +0200] "GET /loadthumbnail.php?id=11186502&width=113 HTTP/1.1" 200 2016 "http://renault.activities.at/result?searchterm=true&search=kleber" "Mozilla/5.0 (Windows NT 6.1; Win64; x64) AppleWebKit/537.36 (KHTML, like Gecko) Chrome/76.0.3809.100 Safari/537.36"
213.182.253.200 - - [23/Aug/2019:13:04:31 +0200] "GET /loadthumbnail.php?id=11181178&width=113 HTTP/1.1" 200 1834 "http://renault.activities.at/result?searchterm=true&search=kleber" "Mozilla/5.0 (Windows NT 6.1; Win64; x64) AppleWebKit/537.36 (KHTML, like Gecko) Chrome/76.0.3809.100 Safari/537.36"
213.182.253.200 - - [23/Aug/2019:13:04:31 +0200] "GET /loadthumbnail.php?id=11195848&width=113 HTTP/1.1" 200 2016 "http://renault.activities.at/result?searchterm=true&search=kleber" "Mozilla/5.0 (Windows NT 6.1; Win64; x64) AppleWebKit/537.36 (KHTML, like Gecko) Chrome/76.0.3809.100 Safari/537.36"
213.182.253.200 - - [23/Aug/2019:13:04:31 +0200] "GET /loadthumbnail.php?id=11186498&width=113 HTTP/1.1" 200 2016 "http://renault.activities.at/result?searchterm=true&search=kleber" "Mozilla/5.0 (Windows NT 6.1; Win64; x64) AppleWebKit/537.36 (KHTML, like Gecko) Chrome/76.0.3809.100 Safari/537.36"
193.194.132.30 - - [23/Aug/2019:13:04:35 +0200] "GET /reload?ser=1566558275366 HTTP/1.1" 200 28 "http://renault.2web.at/success" "Mozilla/5.0 (Windows NT 10.0; WOW64; Trident/7.0; Touch; rv:11.0) like Gecko"
213.182.253.200 - - [23/Aug/2019:13:04:35 +0200] "GET /result?dir=DESC&mode=grid&order=name&limit=15&page=4&search=kleber HTTP/1.1" 200 8559 "http://renault.activities.at/result?searchterm=true&search=kleber" "Mozilla/5.0 (Windows NT 6.1; Win64; x64) AppleWebKit/537.36 (KHTML, like Gecko) Chrome/76.0.3809.100 Safari/537.36"
213.182.253.200 - - [23/Aug/2019:13:04:38 +0200] "GET /loadthumbnail.php?id=10203275 HTTP/1.1" 200 85 "http://renault.activities.at/result?dir=DESC&mode=grid&order=name&limit=15&page=4&search=kleber" "Mozilla/5.0 (Windows NT 6.1; Win64; x64) AppleWebKit/537.36 (KHTML, like Gecko) Chrome/76.0.3809.100 Safari/537.36"
213.182.253.200 - - [23/Aug/2019:13:04:38 +0200] "GET /loadthumbnail.php?id=12094699&width=113 HTTP/1.1" 200 1921 "http://renault.activities.at/result?dir=DESC&mode=grid&order=name&limit=15&page=4&search=kleber" "Mozilla/5.0 (Windows NT 6.1; Win64; x64) AppleWebKit/537.36 (KHTML, like Gecko) Chrome/76.0.3809.100 Safari/537.36"
213.182.253.200 - - [23/Aug/2019:13:04:38 +0200] "GET /loadthumbnail.php?id=11194732&width=113 HTTP/1.1" 200 1353 "http://renault.activities.at/result?dir=DESC&mode=grid&order=name&limit=15&page=4&search=kleber" "Mozilla/5.0 (Windows NT 6.1; Win64; x64) AppleWebKit/537.36 (KHTML, like Gecko) Chrome/76.0.3809.100 Safari/537.36"
213.182.253.200 - - [23/Aug/2019:13:04:38 +0200] "GET /loadthumbnail.php?id=11181233&width=113 HTTP/1.1" 200 1353 "http://renault.activities.at/result?dir=DESC&mode=grid&order=name&limit=15&page=4&search=kleber" "Mozilla/5.0 (Windows NT 6.1; Win64; x64) AppleWebKit/537.36 (KHTML, like Gecko) Chrome/76.0.3809.100 Safari/537.36"
213.182.253.200 - - [23/Aug/2019:13:04:38 +0200] "GET /loadthumbnail.php?id=11186475&width=113 HTTP/1.1" 200 1083 "http://renault.activities.at/result?dir=DESC&mode=grid&order=name&limit=15&page=4&search=kleber" "Mozilla/5.0 (Windows NT 6.1; Win64; x64) AppleWebKit/537.36 (KHTML, like Gecko) Chrome/76.0.3809.100 Safari/537.36"
213.182.253.200 - - [23/Aug/2019:13:04:38 +0200] "GET /loadthumbnail.php?id=11181230&width=113 HTTP/1.1" 200 1353 "http://renault.activities.at/result?dir=DESC&mode=grid&order=name&limit=15&page=4&search=kleber" "Mozilla/5.0 (Windows NT 6.1; Win64; x64) AppleWebKit/537.36 (KHTML, like Gecko) Chrome/76.0.3809.100 Safari/537.36"
213.182.253.200 - - [23/Aug/2019:13:04:39 +0200] "GET /loadthumbnail.php?id=12094698&width=113 HTTP/1.1" 200 1921 "http://renault.activities.at/result?dir=DESC&mode=grid&order=name&limit=15&page=4&search=kleber" "Mozilla/5.0 (Windows NT 6.1; Win64; x64) AppleWebKit/537.36 (KHTML, like Gecko) Chrome/76.0.3809.100 Safari/537.36"
213.182.253.200 - - [23/Aug/2019:13:04:39 +0200] "GET /loadthumbnail.php?id=11181223&width=113 HTTP/1.1" 200 1171 "http://renault.activities.at/result?dir=DESC&mode=grid&order=name&limit=15&page=4&search=kleber" "Mozilla/5.0 (Windows NT 6.1; Win64; x64) AppleWebKit/537.36 (KHTML, like Gecko) Chrome/76.0.3809.100 Safari/537.36"
213.182.253.200 - - [23/Aug/2019:13:04:39 +0200] "GET /loadthumbnail.php?id=11194713&width=113 HTTP/1.1" 200 1171 "http://renault.activities.at/result?dir=DESC&mode=grid&order=name&limit=15&page=4&search=kleber" "Mozilla/5.0 (Windows NT 6.1; Win64; x64) AppleWebKit/537.36 (KHTML, like Gecko) Chrome/76.0.3809.100 Safari/537.36"
213.182.253.200 - - [23/Aug/2019:13:04:39 +0200] "GET /loadthumbnail.php?id=11181221&width=113 HTTP/1.1" 200 1171 "http://renault.activities.at/result?dir=DESC&mode=grid&order=name&limit=15&page=4&search=kleber" "Mozilla/5.0 (Windows NT 6.1; Win64; x64) AppleWebKit/537.36 (KHTML, like Gecko) Chrome/76.0.3809.100 Safari/537.36"
213.182.253.200 - - [23/Aug/2019:13:04:39 +0200] "GET /loadthumbnail.php?id=11181166&width=113 HTTP/1.1" 200 847 "http://renault.activities.at/result?dir=DESC&mode=grid&order=name&limit=15&page=4&search=kleber" "Mozilla/5.0 (Windows NT 6.1; Win64; x64) AppleWebKit/537.36 (KHTML, like Gecko) Chrome/76.0.3809.100 Safari/537.36"
213.182.253.200 - - [23/Aug/2019:13:04:39 +0200] "GET /loadthumbnail.php?id=11181168&width=113 HTTP/1.1" 200 847 "http://renault.activities.at/result?dir=DESC&mode=grid&order=name&limit=15&page=4&search=kleber" "Mozilla/5.0 (Windows NT 6.1; Win64; x64) AppleWebKit/537.36 (KHTML, like Gecko) Chrome/76.0.3809.100 Safari/537.36"
213.182.253.200 - - [23/Aug/2019:13:04:42 +0200] "GET /11136660?print=true HTTP/1.1" 200 2935 "http://renault.activities.at/result?dir=DESC&mode=grid&order=name&limit=15&page=4&search=kleber" "Mozilla/5.0 (Windows NT 6.1; Win64; x64) AppleWebKit/537.36 (KHTML, like Gecko) Chrome/76.0.3809.100 Safari/537.36"
213.182.253.200 - - [23/Aug/2019:13:04:45 +0200] "GET /loadthumbnail.php?id=12094699&width=250 HTTP/1.1" 200 5495 "http://renault.activities.at/11136660?print=true" "Mozilla/5.0 (Windows NT 6.1; Win64; x64) AppleWebKit/537.36 (KHTML, like Gecko) Chrome/76.0.3809.100 Safari/537.36"
213.182.253.200 - - [23/Aug/2019:13:04:46 +0200] "GET /loadthumbnail.php?id=12094699&width=900&height=900 HTTP/1.1" 200 36256 "http://renault.activities.at/11136660?print=true" "Mozilla/5.0 (Windows NT 6.1; Win64; x64) AppleWebKit/537.36 (KHTML, like Gecko) Chrome/76.0.3809.100 Safari/537.36"
88.116.232.54 - - [23/Aug/2019:13:04:49 +0200] "GET /reload?ser=1566558289429 HTTP/1.1" 200 28 "http://renault.activities.at/login" "Mozilla/5.0 (Windows NT 6.1; WOW64; Trident/7.0; rv:11.0) like Gecko"
213.153.47.173 - - [23/Aug/2019:13:05:00 +0200] "GET /reload?ser=1566558300846 HTTP/1.1" 200 28 "http://renault.activities.at/login?required=true" "Mozilla/5.0 (Windows NT 10.0; Win64; x64; rv:68.0) Gecko/20100101 Firefox/68.0"
193.194.132.30 - - [23/Aug/2019:13:05:36 +0200] "GET /reload?ser=1566558336427 HTTP/1.1" 200 28 "http://renault.2web.at/success" "Mozilla/5.0 (Windows NT 10.0; WOW64; Trident/7.0; Touch; rv:11.0) like Gecko"
213.182.253.200 - - [23/Aug/2019:13:05:40 +0200] "GET /reload?ser=1566558344227 HTTP/1.1" 200 28 "http://renault.activities.at/result?dir=DESC&mode=grid&order=name&limit=15&page=4&search=kleber" "Mozilla/5.0 (Windows NT 6.1; Win64; x64) AppleWebKit/537.36 (KHTML, like Gecko) Chrome/76.0.3809.100 Safari/537.36"
88.116.232.54 - - [23/Aug/2019:13:05:50 +0200] "GET /reload?ser=1566558350052 HTTP/1.1" 200 28 "http://renault.activities.at/login" "Mozilla/5.0 (Windows NT 6.1; WOW64; Trident/7.0; rv:11.0) like Gecko"
213.153.47.173 - - [23/Aug/2019:13:06:01 +0200] "GET /reload?ser=1566558361498 HTTP/1.1" 200 28 "http://renault.activities.at/login?required=true" "Mozilla/5.0 (Windows NT 10.0; Win64; x64; rv:68.0) Gecko/20100101 Firefox/68.0"
193.194.132.30 - - [23/Aug/2019:13:06:37 +0200] "GET /reload?ser=1566558397482 HTTP/1.1" 200 28 "http://renault.2web.at/success" "Mozilla/5.0 (Windows NT 10.0; WOW64; Trident/7.0; Touch; rv:11.0) like Gecko"
213.182.253.200 - - [23/Aug/2019:13:06:42 +0200] "GET /reload?ser=1566558406225 HTTP/1.1" 200 28 "http://renault.activities.at/result?dir=DESC&mode=grid&order=name&limit=15&page=4&search=kleber" "Mozilla/5.0 (Windows NT 6.1; Win64; x64) AppleWebKit/537.36 (KHTML, like Gecko) Chrome/76.0.3809.100 Safari/537.36"
88.116.232.54 - - [23/Aug/2019:13:06:50 +0200] "GET /reload?ser=1566558410674 HTTP/1.1" 200 28 "http://renault.activities.at/login" "Mozilla/5.0 (Windows NT 6.1; WOW64; Trident/7.0; rv:11.0) like Gecko"
213.153.47.173 - - [23/Aug/2019:13:07:02 +0200] "GET /reload?ser=1566558422161 HTTP/1.1" 200 28 "http://renault.activities.at/login?required=true" "Mozilla/5.0 (Windows NT 10.0; Win64; x64; rv:68.0) Gecko/20100101 Firefox/68.0"
193.194.132.30 - - [23/Aug/2019:13:07:38 +0200] "GET /reload?ser=1566558458526 HTTP/1.1" 200 28 "http://renault.2web.at/success" "Mozilla/5.0 (Windows NT 10.0; WOW64; Trident/7.0; Touch; rv:11.0) like Gecko"
213.182.253.200 - - [23/Aug/2019:13:07:44 +0200] "GET /reload?ser=1566558468228 HTTP/1.1" 200 28 "http://renault.activities.at/result?dir=DESC&mode=grid&order=name&limit=15&page=4&search=kleber" "Mozilla/5.0 (Windows NT 6.1; Win64; x64) AppleWebKit/537.36 (KHTML, like Gecko) Chrome/76.0.3809.100 Safari/537.36"
88.116.232.54 - - [23/Aug/2019:13:07:51 +0200] "GET /reload?ser=1566558471300 HTTP/1.1" 200 28 "http://renault.activities.at/login" "Mozilla/5.0 (Windows NT 6.1; WOW64; Trident/7.0; rv:11.0) like Gecko"
213.153.47.173 - - [23/Aug/2019:13:08:02 +0200] "GET /reload?ser=1566558482836 HTTP/1.1" 200 28 "http://renault.activities.at/login?required=true" "Mozilla/5.0 (Windows NT 10.0; Win64; x64; rv:68.0) Gecko/20100101 Firefox/68.0"
193.194.132.30 - - [23/Aug/2019:13:08:39 +0200] "GET /reload?ser=1566558519639 HTTP/1.1" 200 28 "http://renault.2web.at/success" "Mozilla/5.0 (Windows NT 10.0; WOW64; Trident/7.0; Touch; rv:11.0) like Gecko"
213.182.253.200 - - [23/Aug/2019:13:08:46 +0200] "GET /reload?ser=1566558530224 HTTP/1.1" 200 28 "http://renault.activities.at/result?dir=DESC&mode=grid&order=name&limit=15&page=4&search=kleber" "Mozilla/5.0 (Windows NT 6.1; Win64; x64) AppleWebKit/537.36 (KHTML, like Gecko) Chrome/76.0.3809.100 Safari/537.36"
88.116.232.54 - - [23/Aug/2019:13:08:52 +0200] "GET /reload?ser=1566558531938 HTTP/1.1" 200 28 "http://renault.activities.at/login" "Mozilla/5.0 (Windows NT 6.1; WOW64; Trident/7.0; rv:11.0) like Gecko"
213.153.47.173 - - [23/Aug/2019:13:09:03 +0200] "GET /reload?ser=1566558543491 HTTP/1.1" 200 28 "http://renault.activities.at/login?required=true" "Mozilla/5.0 (Windows NT 10.0; Win64; x64; rv:68.0) Gecko/20100101 Firefox/68.0"
193.194.132.30 - - [23/Aug/2019:13:09:40 +0200] "GET /reload?ser=1566558580681 HTTP/1.1" 200 28 "http://renault.2web.at/success" "Mozilla/5.0 (Windows NT 10.0; WOW64; Trident/7.0; Touch; rv:11.0) like Gecko"
213.182.253.200 - - [23/Aug/2019:13:09:47 +0200] "GET /reload?ser=1566558591225 HTTP/1.1" 200 28 "http://renault.activities.at/result?dir=DESC&mode=grid&order=name&limit=15&page=4&search=kleber" "Mozilla/5.0 (Windows NT 6.1; Win64; x64) AppleWebKit/537.36 (KHTML, like Gecko) Chrome/76.0.3809.100 Safari/537.36"
88.116.232.54 - - [23/Aug/2019:13:09:52 +0200] "GET /reload?ser=1566558592565 HTTP/1.1" 200 28 "http://renault.activities.at/login" "Mozilla/5.0 (Windows NT 6.1; WOW64; Trident/7.0; rv:11.0) like Gecko"
213.153.47.173 - - [23/Aug/2019:13:10:04 +0200] "GET /reload?ser=1566558604136 HTTP/1.1" 200 28 "http://renault.activities.at/login?required=true" "Mozilla/5.0 (Windows NT 10.0; Win64; x64; rv:68.0) Gecko/20100101 Firefox/68.0"
193.194.132.30 - - [23/Aug/2019:13:10:41 +0200] "GET /reload?ser=1566558641709 HTTP/1.1" 200 28 "http://renault.2web.at/success" "Mozilla/5.0 (Windows NT 10.0; WOW64; Trident/7.0; Touch; rv:11.0) like Gecko"
213.182.253.200 - - [23/Aug/2019:13:10:49 +0200] "GET /reload?ser=1566558653224 HTTP/1.1" 200 28 "http://renault.activities.at/result?dir=DESC&mode=grid&order=name&limit=15&page=4&search=kleber" "Mozilla/5.0 (Windows NT 6.1; Win64; x64) AppleWebKit/537.36 (KHTML, like Gecko) Chrome/76.0.3809.100 Safari/537.36"
88.116.232.54 - - [23/Aug/2019:13:10:53 +0200] "GET /reload?ser=1566558653200 HTTP/1.1" 200 28 "http://renault.activities.at/login" "Mozilla/5.0 (Windows NT 6.1; WOW64; Trident/7.0; rv:11.0) like Gecko"
213.153.47.173 - - [23/Aug/2019:13:11:04 +0200] "GET /reload?ser=1566558664820 HTTP/1.1" 200 28 "http://renault.activities.at/login?required=true" "Mozilla/5.0 (Windows NT 10.0; Win64; x64; rv:68.0) Gecko/20100101 Firefox/68.0"
193.194.132.30 - - [23/Aug/2019:13:11:42 +0200] "GET /reload?ser=1566558702795 HTTP/1.1" 200 28 "http://renault.2web.at/success" "Mozilla/5.0 (Windows NT 10.0; WOW64; Trident/7.0; Touch; rv:11.0) like Gecko"
213.182.253.200 - - [23/Aug/2019:13:11:51 +0200] "GET /reload?ser=1566558715225 HTTP/1.1" 200 28 "http://renault.activities.at/result?dir=DESC&mode=grid&order=name&limit=15&page=4&search=kleber" "Mozilla/5.0 (Windows NT 6.1; Win64; x64) AppleWebKit/537.36 (KHTML, like Gecko) Chrome/76.0.3809.100 Safari/537.36"
88.116.232.54 - - [23/Aug/2019:13:11:53 +0200] "GET /reload?ser=1566558713839 HTTP/1.1" 200 28 "http://renault.activities.at/login" "Mozilla/5.0 (Windows NT 6.1; WOW64; Trident/7.0; rv:11.0) like Gecko"
213.153.47.173 - - [23/Aug/2019:13:12:05 +0200] "GET /reload?ser=1566558725499 HTTP/1.1" 200 28 "http://renault.activities.at/login?required=true" "Mozilla/5.0 (Windows NT 10.0; Win64; x64; rv:68.0) Gecko/20100101 Firefox/68.0"
193.194.132.30 - - [23/Aug/2019:13:12:43 +0200] "GET /reload?ser=1566558763816 HTTP/1.1" 200 28 "http://renault.2web.at/success" "Mozilla/5.0 (Windows NT 10.0; WOW64; Trident/7.0; Touch; rv:11.0) like Gecko"
213.182.253.200 - - [23/Aug/2019:13:12:53 +0200] "GET /reload?ser=1566558777224 HTTP/1.1" 200 28 "http://renault.activities.at/result?dir=DESC&mode=grid&order=name&limit=15&page=4&search=kleber" "Mozilla/5.0 (Windows NT 6.1; Win64; x64) AppleWebKit/537.36 (KHTML, like Gecko) Chrome/76.0.3809.100 Safari/537.36"
88.116.232.54 - - [23/Aug/2019:13:12:54 +0200] "GET /reload?ser=1566558774478 HTTP/1.1" 200 28 "http://renault.activities.at/login" "Mozilla/5.0 (Windows NT 6.1; WOW64; Trident/7.0; rv:11.0) like Gecko"
213.153.47.173 - - [23/Aug/2019:13:13:06 +0200] "GET /reload?ser=1566558786176 HTTP/1.1" 200 28 "http://renault.activities.at/login?required=true" "Mozilla/5.0 (Windows NT 10.0; Win64; x64; rv:68.0) Gecko/20100101 Firefox/68.0"
193.194.132.30 - - [23/Aug/2019:13:13:44 +0200] "GET /reload?ser=1566558824845 HTTP/1.1" 200 28 "http://renault.2web.at/success" "Mozilla/5.0 (Windows NT 10.0; WOW64; Trident/7.0; Touch; rv:11.0) like Gecko"
88.116.232.54 - - [23/Aug/2019:13:13:55 +0200] "GET /reload?ser=1566558835103 HTTP/1.1" 200 28 "http://renault.activities.at/login" "Mozilla/5.0 (Windows NT 6.1; WOW64; Trident/7.0; rv:11.0) like Gecko"
213.182.253.200 - - [23/Aug/2019:13:13:55 +0200] "GET /reload?ser=1566558839224 HTTP/1.1" 200 28 "http://renault.activities.at/result?dir=DESC&mode=grid&order=name&limit=15&page=4&search=kleber" "Mozilla/5.0 (Windows NT 6.1; Win64; x64) AppleWebKit/537.36 (KHTML, like Gecko) Chrome/76.0.3809.100 Safari/537.36"
213.153.47.173 - - [23/Aug/2019:13:14:06 +0200] "GET /reload?ser=1566558846860 HTTP/1.1" 200 28 "http://renault.activities.at/login?required=true" "Mozilla/5.0 (Windows NT 10.0; Win64; x64; rv:68.0) Gecko/20100101 Firefox/68.0"
193.194.132.30 - - [23/Aug/2019:13:14:45 +0200] "GET /reload?ser=1566558885852 HTTP/1.1" 200 28 "http://renault.2web.at/success" "Mozilla/5.0 (Windows NT 10.0; WOW64; Trident/7.0; Touch; rv:11.0) like Gecko"
88.116.232.54 - - [23/Aug/2019:13:14:55 +0200] "GET /reload?ser=1566558895742 HTTP/1.1" 200 28 "http://renault.activities.at/login" "Mozilla/5.0 (Windows NT 6.1; WOW64; Trident/7.0; rv:11.0) like Gecko"
213.182.253.200 - - [23/Aug/2019:13:14:57 +0200] "GET /reload?ser=1566558901225 HTTP/1.1" 200 28 "http://renault.activities.at/result?dir=DESC&mode=grid&order=name&limit=15&page=4&search=kleber" "Mozilla/5.0 (Windows NT 6.1; Win64; x64) AppleWebKit/537.36 (KHTML, like Gecko) Chrome/76.0.3809.100 Safari/537.36"
213.153.47.173 - - [23/Aug/2019:13:15:07 +0200] "GET /reload?ser=1566558907519 HTTP/1.1" 200 28 "http://renault.activities.at/login?required=true" "Mozilla/5.0 (Windows NT 10.0; Win64; x64; rv:68.0) Gecko/20100101 Firefox/68.0"
193.194.132.30 - - [23/Aug/2019:13:15:47 +0200] "GET /reload?ser=1566558946928 HTTP/1.1" 200 28 "http://renault.2web.at/success" "Mozilla/5.0 (Windows NT 10.0; WOW64; Trident/7.0; Touch; rv:11.0) like Gecko"
88.116.232.54 - - [23/Aug/2019:13:15:56 +0200] "GET /reload?ser=1566558956392 HTTP/1.1" 200 28 "http://renault.activities.at/login" "Mozilla/5.0 (Windows NT 6.1; WOW64; Trident/7.0; rv:11.0) like Gecko"
213.182.253.200 - - [23/Aug/2019:13:15:59 +0200] "GET /reload?ser=1566558963225 HTTP/1.1" 200 28 "http://renault.activities.at/result?dir=DESC&mode=grid&order=name&limit=15&page=4&search=kleber" "Mozilla/5.0 (Windows NT 6.1; Win64; x64) AppleWebKit/537.36 (KHTML, like Gecko) Chrome/76.0.3809.100 Safari/537.36"
213.153.47.173 - - [23/Aug/2019:13:16:08 +0200] "GET /reload?ser=1566558968170 HTTP/1.1" 200 28 "http://renault.activities.at/login?required=true" "Mozilla/5.0 (Windows NT 10.0; Win64; x64; rv:68.0) Gecko/20100101 Firefox/68.0"
193.194.132.30 - - [23/Aug/2019:13:16:48 +0200] "GET /reload?ser=1566559008039 HTTP/1.1" 200 28 "http://renault.2web.at/success" "Mozilla/5.0 (Windows NT 10.0; WOW64; Trident/7.0; Touch; rv:11.0) like Gecko"
88.116.232.54 - - [23/Aug/2019:13:16:57 +0200] "GET /reload?ser=1566559017025 HTTP/1.1" 200 28 "http://renault.activities.at/login" "Mozilla/5.0 (Windows NT 6.1; WOW64; Trident/7.0; rv:11.0) like Gecko"
213.182.253.200 - - [23/Aug/2019:13:17:01 +0200] "GET /reload?ser=1566559025225 HTTP/1.1" 200 28 "http://renault.activities.at/result?dir=DESC&mode=grid&order=name&limit=15&page=4&search=kleber" "Mozilla/5.0 (Windows NT 6.1; Win64; x64) AppleWebKit/537.36 (KHTML, like Gecko) Chrome/76.0.3809.100 Safari/537.36"
213.153.47.173 - - [23/Aug/2019:13:17:08 +0200] "GET /reload?ser=1566559028839 HTTP/1.1" 200 28 "http://renault.activities.at/login?required=true" "Mozilla/5.0 (Windows NT 10.0; Win64; x64; rv:68.0) Gecko/20100101 Firefox/68.0"
193.194.132.30 - - [23/Aug/2019:13:17:49 +0200] "GET /reload?ser=1566559069107 HTTP/1.1" 200 28 "http://renault.2web.at/success" "Mozilla/5.0 (Windows NT 10.0; WOW64; Trident/7.0; Touch; rv:11.0) like Gecko"
88.116.232.54 - - [23/Aug/2019:13:17:57 +0200] "GET /reload?ser=1566559077687 HTTP/1.1" 200 28 "http://renault.activities.at/login" "Mozilla/5.0 (Windows NT 6.1; WOW64; Trident/7.0; rv:11.0) like Gecko"
213.182.253.200 - - [23/Aug/2019:13:18:03 +0200] "GET /reload?ser=1566559087227 HTTP/1.1" 200 28 "http://renault.activities.at/result?dir=DESC&mode=grid&order=name&limit=15&page=4&search=kleber" "Mozilla/5.0 (Windows NT 6.1; Win64; x64) AppleWebKit/537.36 (KHTML, like Gecko) Chrome/76.0.3809.100 Safari/537.36"
213.153.47.173 - - [23/Aug/2019:13:18:09 +0200] "GET /reload?ser=1566559089499 HTTP/1.1" 200 28 "http://renault.activities.at/login?required=true" "Mozilla/5.0 (Windows NT 10.0; Win64; x64; rv:68.0) Gecko/20100101 Firefox/68.0"
193.194.132.30 - - [23/Aug/2019:13:18:50 +0200] "GET /reload?ser=1566559130168 HTTP/1.1" 200 28 "http://renault.2web.at/success" "Mozilla/5.0 (Windows NT 10.0; WOW64; Trident/7.0; Touch; rv:11.0) like Gecko"
88.116.232.54 - - [23/Aug/2019:13:18:58 +0200] "GET /reload?ser=1566559138336 HTTP/1.1" 200 28 "http://renault.activities.at/login" "Mozilla/5.0 (Windows NT 6.1; WOW64; Trident/7.0; rv:11.0) like Gecko"
213.182.253.200 - - [23/Aug/2019:13:19:05 +0200] "GET /reload?ser=1566559149225 HTTP/1.1" 200 28 "http://renault.activities.at/result?dir=DESC&mode=grid&order=name&limit=15&page=4&search=kleber" "Mozilla/5.0 (Windows NT 6.1; Win64; x64) AppleWebKit/537.36 (KHTML, like Gecko) Chrome/76.0.3809.100 Safari/537.36"
213.153.47.173 - - [23/Aug/2019:13:19:10 +0200] "GET /reload?ser=1566559150169 HTTP/1.1" 200 28 "http://renault.activities.at/login?required=true" "Mozilla/5.0 (Windows NT 10.0; Win64; x64; rv:68.0) Gecko/20100101 Firefox/68.0"
193.194.132.30 - - [23/Aug/2019:13:19:51 +0200] "GET /reload?ser=1566559191249 HTTP/1.1" 200 28 "http://renault.2web.at/success" "Mozilla/5.0 (Windows NT 10.0; WOW64; Trident/7.0; Touch; rv:11.0) like Gecko"
88.116.232.54 - - [23/Aug/2019:13:19:59 +0200] "GET /reload?ser=1566559198961 HTTP/1.1" 200 28 "http://renault.activities.at/login" "Mozilla/5.0 (Windows NT 6.1; WOW64; Trident/7.0; rv:11.0) like Gecko"
213.182.253.200 - - [23/Aug/2019:13:20:07 +0200] "GET /reload?ser=1566559211225 HTTP/1.1" 200 28 "http://renault.activities.at/result?dir=DESC&mode=grid&order=name&limit=15&page=4&search=kleber" "Mozilla/5.0 (Windows NT 6.1; Win64; x64) AppleWebKit/537.36 (KHTML, like Gecko) Chrome/76.0.3809.100 Safari/537.36"
213.153.47.173 - - [23/Aug/2019:13:20:10 +0200] "GET /reload?ser=1566559210819 HTTP/1.1" 200 28 "http://renault.activities.at/login?required=true" "Mozilla/5.0 (Windows NT 10.0; Win64; x64; rv:68.0) Gecko/20100101 Firefox/68.0"
193.194.132.30 - - [23/Aug/2019:13:20:52 +0200] "GET /reload?ser=1566559252269 HTTP/1.1" 200 28 "http://renault.2web.at/success" "Mozilla/5.0 (Windows NT 10.0; WOW64; Trident/7.0; Touch; rv:11.0) like Gecko"
88.116.232.54 - - [23/Aug/2019:13:20:59 +0200] "GET /reload?ser=1566559259608 HTTP/1.1" 200 28 "http://renault.activities.at/login" "Mozilla/5.0 (Windows NT 6.1; WOW64; Trident/7.0; rv:11.0) like Gecko"
213.182.253.200 - - [23/Aug/2019:13:21:09 +0200] "GET /reload?ser=1566559273225 HTTP/1.1" 200 28 "http://renault.activities.at/result?dir=DESC&mode=grid&order=name&limit=15&page=4&search=kleber" "Mozilla/5.0 (Windows NT 6.1; Win64; x64) AppleWebKit/537.36 (KHTML, like Gecko) Chrome/76.0.3809.100 Safari/537.36"
213.153.47.173 - - [23/Aug/2019:13:21:11 +0200] "GET /reload?ser=1566559271470 HTTP/1.1" 200 28 "http://renault.activities.at/login?required=true" "Mozilla/5.0 (Windows NT 10.0; Win64; x64; rv:68.0) Gecko/20100101 Firefox/68.0"
212.186.92.126 - - [23/Aug/2019:13:21:22 +0200] "GET / HTTP/1.1" 200 3448 "-" "Mozilla/5.0 (Windows NT 6.1; WOW64; Trident/7.0; rv:11.0) like Gecko"
212.186.92.126 - - [23/Aug/2019:13:21:23 +0200] "GET /js/default.js HTTP/1.1" 304 - "http://renault.activities.at/" "Mozilla/5.0 (Windows NT 6.1; WOW64; Trident/7.0; rv:11.0) like Gecko"
212.186.92.126 - - [23/Aug/2019:13:21:23 +0200] "GET /js/flashdetection.js HTTP/1.1" 304 - "http://renault.activities.at/" "Mozilla/5.0 (Windows NT 6.1; WOW64; Trident/7.0; rv:11.0) like Gecko"
212.186.92.126 - - [23/Aug/2019:13:21:23 +0200] "GET /css/reset.css HTTP/1.1" 304 - "http://renault.activities.at/" "Mozilla/5.0 (Windows NT 6.1; WOW64; Trident/7.0; rv:11.0) like Gecko"
212.186.92.126 - - [23/Aug/2019:13:21:23 +0200] "GET /css/styles.css HTTP/1.1" 304 - "http://renault.activities.at/" "Mozilla/5.0 (Windows NT 6.1; WOW64; Trident/7.0; rv:11.0) like Gecko"
212.186.92.126 - - [23/Aug/2019:13:21:23 +0200] "GET /css/clears.css HTTP/1.1" 304 - "http://renault.activities.at/" "Mozilla/5.0 (Windows NT 6.1; WOW64; Trident/7.0; rv:11.0) like Gecko"
212.186.92.126 - - [23/Aug/2019:13:21:23 +0200] "GET /css/print.css HTTP/1.1" 304 - "http://renault.activities.at/" "Mozilla/5.0 (Windows NT 6.1; WOW64; Trident/7.0; rv:11.0) like Gecko"
