212.186.86.74 - - [28/Aug/2019:11:37:24 +0200] "GET /reload?ser=1566985267231 HTTP/1.1" 200 28 "http://renault.activities.at/10201442" "Mozilla/5.0 (Windows NT 10.0; Win64; x64) AppleWebKit/537.36 (KHTML, like Gecko) Chrome/76.0.3809.132 Safari/537.36"
80.122.53.230 - - [28/Aug/2019:11:37:28 +0200] "GET /reload?ser=1566985048680 HTTP/1.1" 200 28 "http://renault.activities.at/12101358" "Mozilla/5.0 (Windows NT 6.1; WOW64; Trident/7.0; rv:11.0) like Gecko"
217.76.161.118 - - [28/Aug/2019:11:37:37 +0200] "GET /reload?ser=1566985055458 HTTP/1.1" 200 28 "http://renault.activities.at/success" "Mozilla/5.0 (Windows NT 10.0; Win64; x64) AppleWebKit/537.36 (KHTML, like Gecko) Chrome/64.0.3282.140 Safari/537.36 Edge/18.17763"
80.123.225.36 - - [28/Aug/2019:11:37:46 +0200] "GET /reload?ser=1566985066656 HTTP/1.1" 200 28 "http://renault.activities.at/" "Mozilla/5.0 (Windows NT 10.0; Win64; x64; rv:68.0) Gecko/20100101 Firefox/68.0"
193.194.132.22 - - [28/Aug/2019:11:37:55 +0200] "GET /reload?ser=1566985075494 HTTP/1.1" 200 28 "http://renault.2web.at/success" "Mozilla/5.0 (Windows NT 10.0; WOW64; Trident/7.0; Touch; rv:11.0) like Gecko"
213.153.47.173 - - [28/Aug/2019:11:38:03 +0200] "GET /reload?ser=1566985083251 HTTP/1.1" 200 28 "http://renault.activities.at/login?required=true" "Mozilla/5.0 (Windows NT 10.0; Win64; x64; rv:68.0) Gecko/20100101 Firefox/68.0"
91.133.70.9 - - [28/Aug/2019:11:38:09 +0200] "GET /reload?ser=1566984993126 HTTP/1.1" 200 28 "http://renault.activities.at/result?dir=DESC&mode=grid&order=name&limit=15&page=2&search=clio" "Mozilla/5.0 (Windows NT 10.0; WOW64; Trident/7.0; rv:11.0) like Gecko"
212.186.86.74 - - [28/Aug/2019:11:38:25 +0200] "GET /reload?ser=1566985328295 HTTP/1.1" 200 28 "http://renault.activities.at/10201442" "Mozilla/5.0 (Windows NT 10.0; Win64; x64) AppleWebKit/537.36 (KHTML, like Gecko) Chrome/76.0.3809.132 Safari/537.36"
80.122.53.230 - - [28/Aug/2019:11:38:29 +0200] "GET /reload?ser=1566985109709 HTTP/1.1" 200 28 "http://renault.activities.at/12101358" "Mozilla/5.0 (Windows NT 6.1; WOW64; Trident/7.0; rv:11.0) like Gecko"
217.76.161.118 - - [28/Aug/2019:11:38:38 +0200] "GET /reload?ser=1566985116491 HTTP/1.1" 200 28 "http://renault.activities.at/success" "Mozilla/5.0 (Windows NT 10.0; Win64; x64) AppleWebKit/537.36 (KHTML, like Gecko) Chrome/64.0.3282.140 Safari/537.36 Edge/18.17763"
80.123.225.36 - - [28/Aug/2019:11:38:47 +0200] "GET /reload?ser=1566985127623 HTTP/1.1" 200 28 "http://renault.activities.at/" "Mozilla/5.0 (Windows NT 10.0; Win64; x64; rv:68.0) Gecko/20100101 Firefox/68.0"
193.194.132.22 - - [28/Aug/2019:11:38:56 +0200] "GET /reload?ser=1566985136528 HTTP/1.1" 200 28 "http://renault.2web.at/success" "Mozilla/5.0 (Windows NT 10.0; WOW64; Trident/7.0; Touch; rv:11.0) like Gecko"
213.153.47.173 - - [28/Aug/2019:11:39:03 +0200] "GET /reload?ser=1566985143911 HTTP/1.1" 200 28 "http://renault.activities.at/login?required=true" "Mozilla/5.0 (Windows NT 10.0; Win64; x64; rv:68.0) Gecko/20100101 Firefox/68.0"
91.133.70.9 - - [28/Aug/2019:11:39:10 +0200] "GET /reload?ser=1566985054095 HTTP/1.1" 200 28 "http://renault.activities.at/result?dir=DESC&mode=grid&order=name&limit=15&page=2&search=clio" "Mozilla/5.0 (Windows NT 10.0; WOW64; Trident/7.0; rv:11.0) like Gecko"
212.186.86.74 - - [28/Aug/2019:11:39:26 +0200] "GET /reload?ser=1566985389327 HTTP/1.1" 200 28 "http://renault.activities.at/10201442" "Mozilla/5.0 (Windows NT 10.0; Win64; x64) AppleWebKit/537.36 (KHTML, like Gecko) Chrome/76.0.3809.132 Safari/537.36"
80.122.53.230 - - [28/Aug/2019:11:39:30 +0200] "GET /reload?ser=1566985170785 HTTP/1.1" 200 28 "http://renault.activities.at/12101358" "Mozilla/5.0 (Windows NT 6.1; WOW64; Trident/7.0; rv:11.0) like Gecko"
217.76.161.118 - - [28/Aug/2019:11:39:39 +0200] "GET /reload?ser=1566985177524 HTTP/1.1" 200 28 "http://renault.activities.at/success" "Mozilla/5.0 (Windows NT 10.0; Win64; x64) AppleWebKit/537.36 (KHTML, like Gecko) Chrome/64.0.3282.140 Safari/537.36 Edge/18.17763"
80.123.225.36 - - [28/Aug/2019:11:39:48 +0200] "GET /reload?ser=1566985188627 HTTP/1.1" 200 28 "http://renault.activities.at/" "Mozilla/5.0 (Windows NT 10.0; Win64; x64; rv:68.0) Gecko/20100101 Firefox/68.0"
193.194.132.22 - - [28/Aug/2019:11:39:57 +0200] "GET /reload?ser=1566985197581 HTTP/1.1" 200 28 "http://renault.2web.at/success" "Mozilla/5.0 (Windows NT 10.0; WOW64; Trident/7.0; Touch; rv:11.0) like Gecko"
213.153.47.173 - - [28/Aug/2019:11:40:04 +0200] "GET /reload?ser=1566985204582 HTTP/1.1" 200 28 "http://renault.activities.at/login?required=true" "Mozilla/5.0 (Windows NT 10.0; Win64; x64; rv:68.0) Gecko/20100101 Firefox/68.0"
91.133.70.9 - - [28/Aug/2019:11:40:11 +0200] "GET /reload?ser=1566985115028 HTTP/1.1" 200 28 "http://renault.activities.at/result?dir=DESC&mode=grid&order=name&limit=15&page=2&search=clio" "Mozilla/5.0 (Windows NT 10.0; WOW64; Trident/7.0; rv:11.0) like Gecko"
212.186.86.74 - - [28/Aug/2019:11:40:27 +0200] "GET /reload?ser=1566985450313 HTTP/1.1" 200 28 "http://renault.activities.at/10201442" "Mozilla/5.0 (Windows NT 10.0; Win64; x64) AppleWebKit/537.36 (KHTML, like Gecko) Chrome/76.0.3809.132 Safari/537.36"
80.122.53.230 - - [28/Aug/2019:11:40:31 +0200] "GET /reload?ser=1566985231751 HTTP/1.1" 200 28 "http://renault.activities.at/12101358" "Mozilla/5.0 (Windows NT 6.1; WOW64; Trident/7.0; rv:11.0) like Gecko"
217.76.161.118 - - [28/Aug/2019:11:40:40 +0200] "GET /reload?ser=1566985238557 HTTP/1.1" 200 28 "http://renault.activities.at/success" "Mozilla/5.0 (Windows NT 10.0; Win64; x64) AppleWebKit/537.36 (KHTML, like Gecko) Chrome/64.0.3282.140 Safari/537.36 Edge/18.17763"
80.123.225.36 - - [28/Aug/2019:11:40:49 +0200] "GET /reload?ser=1566985249622 HTTP/1.1" 200 28 "http://renault.activities.at/" "Mozilla/5.0 (Windows NT 10.0; Win64; x64; rv:68.0) Gecko/20100101 Firefox/68.0"
193.194.132.22 - - [28/Aug/2019:11:40:58 +0200] "GET /reload?ser=1566985258636 HTTP/1.1" 200 28 "http://renault.2web.at/success" "Mozilla/5.0 (Windows NT 10.0; WOW64; Trident/7.0; Touch; rv:11.0) like Gecko"
213.153.47.173 - - [28/Aug/2019:11:41:05 +0200] "GET /reload?ser=1566985265233 HTTP/1.1" 200 28 "http://renault.activities.at/login?required=true" "Mozilla/5.0 (Windows NT 10.0; Win64; x64; rv:68.0) Gecko/20100101 Firefox/68.0"
91.133.70.9 - - [28/Aug/2019:11:41:12 +0200] "GET /reload?ser=1566985175984 HTTP/1.1" 200 28 "http://renault.activities.at/result?dir=DESC&mode=grid&order=name&limit=15&page=2&search=clio" "Mozilla/5.0 (Windows NT 10.0; WOW64; Trident/7.0; rv:11.0) like Gecko"
212.186.86.74 - - [28/Aug/2019:11:41:28 +0200] "GET /reload?ser=1566985511299 HTTP/1.1" 200 28 "http://renault.activities.at/10201442" "Mozilla/5.0 (Windows NT 10.0; Win64; x64) AppleWebKit/537.36 (KHTML, like Gecko) Chrome/76.0.3809.132 Safari/537.36"
80.122.53.230 - - [28/Aug/2019:11:41:32 +0200] "GET /reload?ser=1566985292748 HTTP/1.1" 200 28 "http://renault.activities.at/12101358" "Mozilla/5.0 (Windows NT 6.1; WOW64; Trident/7.0; rv:11.0) like Gecko"
217.76.161.118 - - [28/Aug/2019:11:41:41 +0200] "GET /reload?ser=1566985299590 HTTP/1.1" 200 28 "http://renault.activities.at/success" "Mozilla/5.0 (Windows NT 10.0; Win64; x64) AppleWebKit/537.36 (KHTML, like Gecko) Chrome/64.0.3282.140 Safari/537.36 Edge/18.17763"
80.123.225.36 - - [28/Aug/2019:11:41:50 +0200] "GET /reload?ser=1566985310595 HTTP/1.1" 200 28 "http://renault.activities.at/" "Mozilla/5.0 (Windows NT 10.0; Win64; x64; rv:68.0) Gecko/20100101 Firefox/68.0"
193.194.132.22 - - [28/Aug/2019:11:41:59 +0200] "GET /reload?ser=1566985319732 HTTP/1.1" 200 28 "http://renault.2web.at/success" "Mozilla/5.0 (Windows NT 10.0; WOW64; Trident/7.0; Touch; rv:11.0) like Gecko"
213.153.47.173 - - [28/Aug/2019:11:42:05 +0200] "GET /reload?ser=1566985325894 HTTP/1.1" 200 28 "http://renault.activities.at/login?required=true" "Mozilla/5.0 (Windows NT 10.0; Win64; x64; rv:68.0) Gecko/20100101 Firefox/68.0"
91.133.70.9 - - [28/Aug/2019:11:42:13 +0200] "GET /reload?ser=1566985236959 HTTP/1.1" 200 28 "http://renault.activities.at/result?dir=DESC&mode=grid&order=name&limit=15&page=2&search=clio" "Mozilla/5.0 (Windows NT 10.0; WOW64; Trident/7.0; rv:11.0) like Gecko"
91.133.70.9 - - [28/Aug/2019:11:42:22 +0200] "GET /checkout HTTP/1.1" 200 10251 "http://renault.activities.at/result?dir=DESC&mode=grid&order=name&limit=15&page=2&search=clio" "Mozilla/5.0 (Windows NT 10.0; WOW64; Trident/7.0; rv:11.0) like Gecko"
91.133.70.9 - - [28/Aug/2019:11:42:27 +0200] "GET /images/ajax_loading.gif HTTP/1.1" 200 1542 "http://renault.activities.at/checkout" "Mozilla/5.0 (Windows NT 10.0; WOW64; Trident/7.0; rv:11.0) like Gecko"
91.133.70.9 - - [28/Aug/2019:11:42:27 +0200] "GET /js/checkout2.js HTTP/1.1" 200 4122 "http://renault.activities.at/checkout" "Mozilla/5.0 (Windows NT 10.0; WOW64; Trident/7.0; rv:11.0) like Gecko"
91.133.70.9 - - [28/Aug/2019:11:42:27 +0200] "GET /images/step_marker.gif HTTP/1.1" 200 650 "http://renault.activities.at/checkout" "Mozilla/5.0 (Windows NT 10.0; WOW64; Trident/7.0; rv:11.0) like Gecko"
91.133.70.9 - - [28/Aug/2019:11:42:27 +0200] "GET /images/checkout_border.gif HTTP/1.1" 200 43 "http://renault.activities.at/checkout" "Mozilla/5.0 (Windows NT 10.0; WOW64; Trident/7.0; rv:11.0) like Gecko"
91.133.70.9 - - [28/Aug/2019:11:42:27 +0200] "GET /images/checkout_border_top.gif HTTP/1.1" 200 156 "http://renault.activities.at/checkout" "Mozilla/5.0 (Windows NT 10.0; WOW64; Trident/7.0; rv:11.0) like Gecko"
91.133.70.9 - - [28/Aug/2019:11:42:27 +0200] "GET /images/step_bg.jpg HTTP/1.1" 200 319 "http://renault.activities.at/checkout" "Mozilla/5.0 (Windows NT 10.0; WOW64; Trident/7.0; rv:11.0) like Gecko"
91.133.70.9 - - [28/Aug/2019:11:42:27 +0200] "GET /loadthumbnail.php?id=10201939 HTTP/1.1" 200 201 "http://renault.activities.at/checkout" "Mozilla/5.0 (Windows NT 10.0; WOW64; Trident/7.0; rv:11.0) like Gecko"
91.133.70.9 - - [28/Aug/2019:11:42:27 +0200] "GET /loadthumbnail.php?id=10202698 HTTP/1.1" 200 16686 "http://renault.activities.at/checkout" "Mozilla/5.0 (Windows NT 10.0; WOW64; Trident/7.0; rv:11.0) like Gecko"
212.186.86.74 - - [28/Aug/2019:11:42:29 +0200] "GET /reload?ser=1566985572300 HTTP/1.1" 200 28 "http://renault.activities.at/10201442" "Mozilla/5.0 (Windows NT 10.0; Win64; x64) AppleWebKit/537.36 (KHTML, like Gecko) Chrome/76.0.3809.132 Safari/537.36"
91.133.70.9 - - [28/Aug/2019:11:42:29 +0200] "POST /docheckout HTTP/1.1" 200 458 "http://renault.activities.at/checkout" "Mozilla/5.0 (Windows NT 10.0; WOW64; Trident/7.0; rv:11.0) like Gecko"
80.122.53.230 - - [28/Aug/2019:11:42:33 +0200] "GET /reload?ser=1566985353745 HTTP/1.1" 200 28 "http://renault.activities.at/12101358" "Mozilla/5.0 (Windows NT 6.1; WOW64; Trident/7.0; rv:11.0) like Gecko"
91.133.70.9 - - [28/Aug/2019:11:42:33 +0200] "POST /docheckout HTTP/1.1" 200 693 "http://renault.activities.at/checkout" "Mozilla/5.0 (Windows NT 10.0; WOW64; Trident/7.0; rv:11.0) like Gecko"
91.133.70.9 - - [28/Aug/2019:11:42:35 +0200] "GET /images/error_msg_icon.gif HTTP/1.1" 200 1013 "http://renault.activities.at/checkout" "Mozilla/5.0 (Windows NT 10.0; WOW64; Trident/7.0; rv:11.0) like Gecko"
91.133.70.9 - - [28/Aug/2019:11:42:39 +0200] "POST /docheckout HTTP/1.1" 200 68 "http://renault.activities.at/checkout" "Mozilla/5.0 (Windows NT 10.0; WOW64; Trident/7.0; rv:11.0) like Gecko"
217.76.161.118 - - [28/Aug/2019:11:42:42 +0200] "GET /reload?ser=1566985360608 HTTP/1.1" 200 28 "http://renault.activities.at/success" "Mozilla/5.0 (Windows NT 10.0; Win64; x64) AppleWebKit/537.36 (KHTML, like Gecko) Chrome/64.0.3282.140 Safari/537.36 Edge/18.17763"
91.133.70.9 - - [28/Aug/2019:11:42:41 +0200] "GET /success HTTP/1.1" 200 3794 "http://renault.activities.at/checkout" "Mozilla/5.0 (Windows NT 10.0; WOW64; Trident/7.0; rv:11.0) like Gecko"
80.122.53.230 - - [28/Aug/2019:11:42:42 +0200] "GET /account HTTP/1.1" 200 6888 "http://renault.activities.at/login" "Mozilla/5.0 (Windows NT 6.1; WOW64; Trident/7.0; rv:11.0) like Gecko"
80.122.53.230 - - [28/Aug/2019:11:42:45 +0200] "GET /login HTTP/1.1" 200 4212 "http://renault.activities.at/" "Mozilla/5.0 (Windows NT 6.1; WOW64; Trident/7.0; rv:11.0) like Gecko"
80.123.225.36 - - [28/Aug/2019:11:42:51 +0200] "GET /reload?ser=1566985371583 HTTP/1.1" 200 28 "http://renault.activities.at/" "Mozilla/5.0 (Windows NT 10.0; Win64; x64; rv:68.0) Gecko/20100101 Firefox/68.0"
193.194.132.22 - - [28/Aug/2019:11:43:00 +0200] "GET /reload?ser=1566985380815 HTTP/1.1" 200 28 "http://renault.2web.at/success" "Mozilla/5.0 (Windows NT 10.0; WOW64; Trident/7.0; Touch; rv:11.0) like Gecko"
213.153.47.173 - - [28/Aug/2019:11:43:06 +0200] "GET /reload?ser=1566985386554 HTTP/1.1" 200 28 "http://renault.activities.at/login?required=true" "Mozilla/5.0 (Windows NT 10.0; Win64; x64; rv:68.0) Gecko/20100101 Firefox/68.0"
212.186.86.74 - - [28/Aug/2019:11:43:30 +0200] "GET /reload?ser=1566985633332 HTTP/1.1" 200 28 "http://renault.activities.at/10201442" "Mozilla/5.0 (Windows NT 10.0; Win64; x64) AppleWebKit/537.36 (KHTML, like Gecko) Chrome/76.0.3809.132 Safari/537.36"
217.76.161.118 - - [28/Aug/2019:11:43:43 +0200] "GET /reload?ser=1566985421642 HTTP/1.1" 200 28 "http://renault.activities.at/success" "Mozilla/5.0 (Windows NT 10.0; Win64; x64) AppleWebKit/537.36 (KHTML, like Gecko) Chrome/64.0.3282.140 Safari/537.36 Edge/18.17763"
80.122.53.230 - - [28/Aug/2019:11:43:47 +0200] "GET /reload?ser=1566985427346 HTTP/1.1" 200 28 "http://renault.activities.at/login" "Mozilla/5.0 (Windows NT 6.1; WOW64; Trident/7.0; rv:11.0) like Gecko"
80.123.225.36 - - [28/Aug/2019:11:43:52 +0200] "GET /reload?ser=1566985432543 HTTP/1.1" 200 28 "http://renault.activities.at/" "Mozilla/5.0 (Windows NT 10.0; Win64; x64; rv:68.0) Gecko/20100101 Firefox/68.0"
193.194.132.22 - - [28/Aug/2019:11:44:02 +0200] "GET /reload?ser=1566985441921 HTTP/1.1" 200 28 "http://renault.2web.at/success" "Mozilla/5.0 (Windows NT 10.0; WOW64; Trident/7.0; Touch; rv:11.0) like Gecko"
213.153.47.173 - - [28/Aug/2019:11:44:07 +0200] "GET /reload?ser=1566985447226 HTTP/1.1" 200 28 "http://renault.activities.at/login?required=true" "Mozilla/5.0 (Windows NT 10.0; Win64; x64; rv:68.0) Gecko/20100101 Firefox/68.0"
212.186.86.74 - - [28/Aug/2019:11:44:31 +0200] "GET /reload?ser=1566985694334 HTTP/1.1" 200 28 "http://renault.activities.at/10201442" "Mozilla/5.0 (Windows NT 10.0; Win64; x64) AppleWebKit/537.36 (KHTML, like Gecko) Chrome/76.0.3809.132 Safari/537.36"
217.76.161.118 - - [28/Aug/2019:11:44:44 +0200] "GET /reload?ser=1566985482691 HTTP/1.1" 200 28 "http://renault.activities.at/success" "Mozilla/5.0 (Windows NT 10.0; Win64; x64) AppleWebKit/537.36 (KHTML, like Gecko) Chrome/64.0.3282.140 Safari/537.36 Edge/18.17763"
80.122.53.230 - - [28/Aug/2019:11:44:48 +0200] "GET /reload?ser=1566985488374 HTTP/1.1" 200 28 "http://renault.activities.at/login" "Mozilla/5.0 (Windows NT 6.1; WOW64; Trident/7.0; rv:11.0) like Gecko"
80.123.225.36 - - [28/Aug/2019:11:44:53 +0200] "GET /reload?ser=1566985493526 HTTP/1.1" 200 28 "http://renault.activities.at/" "Mozilla/5.0 (Windows NT 10.0; Win64; x64; rv:68.0) Gecko/20100101 Firefox/68.0"
193.194.132.22 - - [28/Aug/2019:11:45:03 +0200] "GET /reload?ser=1566985502960 HTTP/1.1" 200 28 "http://renault.2web.at/success" "Mozilla/5.0 (Windows NT 10.0; WOW64; Trident/7.0; Touch; rv:11.0) like Gecko"
213.153.47.173 - - [28/Aug/2019:11:45:07 +0200] "GET /reload?ser=1566985507895 HTTP/1.1" 200 28 "http://renault.activities.at/login?required=true" "Mozilla/5.0 (Windows NT 10.0; Win64; x64; rv:68.0) Gecko/20100101 Firefox/68.0"
212.186.86.74 - - [28/Aug/2019:11:45:24 +0200] "POST /axjaxrequest?mode=suggest HTTP/1.1" 200 109 "http://renault.activities.at/10201442" "Mozilla/5.0 (Windows NT 10.0; Win64; x64) AppleWebKit/537.36 (KHTML, like Gecko) Chrome/76.0.3809.132 Safari/537.36"
212.186.86.74 - - [28/Aug/2019:11:45:24 +0200] "GET /result?searchterm=true&search=clio HTTP/1.1" 200 8598 "http://renault.activities.at/10201442" "Mozilla/5.0 (Windows NT 10.0; Win64; x64) AppleWebKit/537.36 (KHTML, like Gecko) Chrome/76.0.3809.132 Safari/537.36"
212.186.86.74 - - [28/Aug/2019:11:45:27 +0200] "GET /result?searchterm=true&search=Clio HTTP/1.1" 200 8597 "http://renault.activities.at/10201442" "Mozilla/5.0 (Windows NT 10.0; Win64; x64) AppleWebKit/537.36 (KHTML, like Gecko) Chrome/76.0.3809.132 Safari/537.36"
212.186.86.74 - - [28/Aug/2019:11:45:28 +0200] "GET /result?searchterm=true&search=Clio HTTP/1.1" 200 8597 "http://renault.activities.at/10201442" "Mozilla/5.0 (Windows NT 10.0; Win64; x64) AppleWebKit/537.36 (KHTML, like Gecko) Chrome/76.0.3809.132 Safari/537.36"
212.186.86.74 - - [28/Aug/2019:11:45:32 +0200] "GET /reload?ser=1566985755332 HTTP/1.1" 200 28 "http://renault.activities.at/10201442" "Mozilla/5.0 (Windows NT 10.0; Win64; x64) AppleWebKit/537.36 (KHTML, like Gecko) Chrome/76.0.3809.132 Safari/537.36"
212.186.86.74 - - [28/Aug/2019:11:45:42 +0200] "POST /axjaxrequest?mode=suggest HTTP/1.1" 200 21 "http://renault.activities.at/result?searchterm=true&search=Clio" "Mozilla/5.0 (Windows NT 10.0; Win64; x64) AppleWebKit/537.36 (KHTML, like Gecko) Chrome/76.0.3809.132 Safari/537.36"
212.186.86.74 - - [28/Aug/2019:11:45:44 +0200] "GET /result?searchterm=true&search=bordkarte HTTP/1.1" 200 4840 "http://renault.activities.at/result?searchterm=true&search=Clio" "Mozilla/5.0 (Windows NT 10.0; Win64; x64) AppleWebKit/537.36 (KHTML, like Gecko) Chrome/76.0.3809.132 Safari/537.36"
212.186.86.74 - - [28/Aug/2019:11:45:46 +0200] "GET /images/note_msg_icon.gif HTTP/1.1" 200 1022 "http://renault.activities.at/css/styles.css" "Mozilla/5.0 (Windows NT 10.0; Win64; x64) AppleWebKit/537.36 (KHTML, like Gecko) Chrome/76.0.3809.132 Safari/537.36"
212.186.86.74 - - [28/Aug/2019:11:45:44 +0200] "POST /axjaxrequest?mode=suggest HTTP/1.1" 200 21 "http://renault.activities.at/result?searchterm=true&search=Clio" "Mozilla/5.0 (Windows NT 10.0; Win64; x64) AppleWebKit/537.36 (KHTML, like Gecko) Chrome/76.0.3809.132 Safari/537.36"
217.76.161.118 - - [28/Aug/2019:11:45:46 +0200] "GET /reload?ser=1566985543771 HTTP/1.1" 200 28 "http://renault.activities.at/success" "Mozilla/5.0 (Windows NT 10.0; Win64; x64) AppleWebKit/537.36 (KHTML, like Gecko) Chrome/64.0.3282.140 Safari/537.36 Edge/18.17763"
80.122.53.230 - - [28/Aug/2019:11:45:49 +0200] "GET /reload?ser=1566985549354 HTTP/1.1" 200 28 "http://renault.activities.at/login" "Mozilla/5.0 (Windows NT 6.1; WOW64; Trident/7.0; rv:11.0) like Gecko"
80.123.225.36 - - [28/Aug/2019:11:45:54 +0200] "GET /reload?ser=1566985554489 HTTP/1.1" 200 28 "http://renault.activities.at/" "Mozilla/5.0 (Windows NT 10.0; Win64; x64; rv:68.0) Gecko/20100101 Firefox/68.0"
212.186.86.74 - - [28/Aug/2019:11:45:54 +0200] "GET /result?searchterm=true&search=clio HTTP/1.1" 200 8598 "http://renault.activities.at/result?searchterm=true&search=bordkarte" "Mozilla/5.0 (Windows NT 10.0; Win64; x64) AppleWebKit/537.36 (KHTML, like Gecko) Chrome/76.0.3809.132 Safari/537.36"
212.186.86.74 - - [28/Aug/2019:11:45:54 +0200] "POST /axjaxrequest?mode=suggest HTTP/1.1" 200 109 "http://renault.activities.at/result?searchterm=true&search=bordkarte" "Mozilla/5.0 (Windows NT 10.0; Win64; x64) AppleWebKit/537.36 (KHTML, like Gecko) Chrome/76.0.3809.132 Safari/537.36"
193.194.132.22 - - [28/Aug/2019:11:46:04 +0200] "GET /reload?ser=1566985564064 HTTP/1.1" 200 28 "http://renault.2web.at/success" "Mozilla/5.0 (Windows NT 10.0; WOW64; Trident/7.0; Touch; rv:11.0) like Gecko"
212.186.86.74 - - [28/Aug/2019:11:46:03 +0200] "GET /result?dir=DESC&mode=grid&order=name&limit=15&page=2&search=clio HTTP/1.1" 200 6947 "http://renault.activities.at/result?searchterm=true&search=clio" "Mozilla/5.0 (Windows NT 10.0; Win64; x64) AppleWebKit/537.36 (KHTML, like Gecko) Chrome/76.0.3809.132 Safari/537.36"
213.153.47.173 - - [28/Aug/2019:11:46:08 +0200] "GET /reload?ser=1566985568556 HTTP/1.1" 200 28 "http://renault.activities.at/login?required=true" "Mozilla/5.0 (Windows NT 10.0; Win64; x64; rv:68.0) Gecko/20100101 Firefox/68.0"
212.186.86.74 - - [28/Aug/2019:11:46:13 +0200] "GET /result?dir=DESC&mode=grid&order=name&limit=15&page=1&search=clio HTTP/1.1" 200 8598 "http://renault.activities.at/result?dir=DESC&mode=grid&order=name&limit=15&page=2&search=clio" "Mozilla/5.0 (Windows NT 10.0; Win64; x64) AppleWebKit/537.36 (KHTML, like Gecko) Chrome/76.0.3809.132 Safari/537.36"
212.186.86.74 - - [28/Aug/2019:11:46:20 +0200] "GET /images/vista-dn-hover.gif HTTP/1.1" 200 127 "http://renault.activities.at/css/styles.css" "Mozilla/5.0 (Windows NT 10.0; Win64; x64) AppleWebKit/537.36 (KHTML, like Gecko) Chrome/76.0.3809.132 Safari/537.36"
212.186.86.74 - - [28/Aug/2019:11:46:27 +0200] "GET /result?searchterm=true&search=megane HTTP/1.1" 200 8545 "http://renault.activities.at/result?dir=DESC&mode=grid&order=name&limit=15&page=1&search=clio" "Mozilla/5.0 (Windows NT 10.0; Win64; x64) AppleWebKit/537.36 (KHTML, like Gecko) Chrome/76.0.3809.132 Safari/537.36"
212.186.86.74 - - [28/Aug/2019:11:46:27 +0200] "POST /axjaxrequest?mode=suggest HTTP/1.1" 200 111 "http://renault.activities.at/result?dir=DESC&mode=grid&order=name&limit=15&page=1&search=clio" "Mozilla/5.0 (Windows NT 10.0; Win64; x64) AppleWebKit/537.36 (KHTML, like Gecko) Chrome/76.0.3809.132 Safari/537.36"
212.186.86.74 - - [28/Aug/2019:11:46:30 +0200] "GET /result?searchterm=true&search=megane HTTP/1.1" 200 8545 "http://renault.activities.at/result?dir=DESC&mode=grid&order=name&limit=15&page=1&search=clio" "Mozilla/5.0 (Windows NT 10.0; Win64; x64) AppleWebKit/537.36 (KHTML, like Gecko) Chrome/76.0.3809.132 Safari/537.36"
212.186.86.74 - - [28/Aug/2019:11:46:35 +0200] "GET /loadthumbnail.php?id=11308371&width=113 HTTP/1.1" 200 1939 "http://renault.activities.at/result?searchterm=true&search=megane" "Mozilla/5.0 (Windows NT 10.0; Win64; x64) AppleWebKit/537.36 (KHTML, like Gecko) Chrome/76.0.3809.132 Safari/537.36"
212.186.86.74 - - [28/Aug/2019:11:46:35 +0200] "GET /loadthumbnail.php?id=11308367&width=113 HTTP/1.1" 200 1939 "http://renault.activities.at/result?searchterm=true&search=megane" "Mozilla/5.0 (Windows NT 10.0; Win64; x64) AppleWebKit/537.36 (KHTML, like Gecko) Chrome/76.0.3809.132 Safari/537.36"
212.186.86.74 - - [28/Aug/2019:11:46:35 +0200] "GET /loadthumbnail.php?id=11194700&width=113 HTTP/1.1" 200 1829 "http://renault.activities.at/result?searchterm=true&search=megane" "Mozilla/5.0 (Windows NT 10.0; Win64; x64) AppleWebKit/537.36 (KHTML, like Gecko) Chrome/76.0.3809.132 Safari/537.36"
212.186.86.74 - - [28/Aug/2019:11:46:35 +0200] "GET /loadthumbnail.php?id=11181197&width=113 HTTP/1.1" 200 1829 "http://renault.activities.at/result?searchterm=true&search=megane" "Mozilla/5.0 (Windows NT 10.0; Win64; x64) AppleWebKit/537.36 (KHTML, like Gecko) Chrome/76.0.3809.132 Safari/537.36"
212.186.86.74 - - [28/Aug/2019:11:46:35 +0200] "GET /loadthumbnail.php?id=11209585&width=113 HTTP/1.1" 200 1909 "http://renault.activities.at/result?searchterm=true&search=megane" "Mozilla/5.0 (Windows NT 10.0; Win64; x64) AppleWebKit/537.36 (KHTML, like Gecko) Chrome/76.0.3809.132 Safari/537.36"
212.186.86.74 - - [28/Aug/2019:11:46:35 +0200] "GET /loadthumbnail.php?id=11181199&width=113 HTTP/1.1" 200 1829 "http://renault.activities.at/result?searchterm=true&search=megane" "Mozilla/5.0 (Windows NT 10.0; Win64; x64) AppleWebKit/537.36 (KHTML, like Gecko) Chrome/76.0.3809.132 Safari/537.36"
212.186.86.74 - - [28/Aug/2019:11:46:41 +0200] "GET /result?dir=DESC&mode=grid&order=name&limit=15&page=2&search=megane HTTP/1.1" 200 6931 "http://renault.activities.at/result?searchterm=true&search=megane" "Mozilla/5.0 (Windows NT 10.0; Win64; x64) AppleWebKit/537.36 (KHTML, like Gecko) Chrome/76.0.3809.132 Safari/537.36"
212.186.86.74 - - [28/Aug/2019:11:46:43 +0200] "GET /loadthumbnail.php?id=11181176&width=113 HTTP/1.1" 200 1860 "http://renault.activities.at/result?dir=DESC&mode=grid&order=name&limit=15&page=2&search=megane" "Mozilla/5.0 (Windows NT 10.0; Win64; x64) AppleWebKit/537.36 (KHTML, like Gecko) Chrome/76.0.3809.132 Safari/537.36"
212.186.86.74 - - [28/Aug/2019:11:46:43 +0200] "GET /loadthumbnail.php?id=11986826&width=113 HTTP/1.1" 200 2162 "http://renault.activities.at/result?dir=DESC&mode=grid&order=name&limit=15&page=2&search=megane" "Mozilla/5.0 (Windows NT 10.0; Win64; x64) AppleWebKit/537.36 (KHTML, like Gecko) Chrome/76.0.3809.132 Safari/537.36"
212.186.86.74 - - [28/Aug/2019:11:46:43 +0200] "GET /loadthumbnail.php?id=11036124&width=113 HTTP/1.1" 200 1328 "http://renault.activities.at/result?dir=DESC&mode=grid&order=name&limit=15&page=2&search=megane" "Mozilla/5.0 (Windows NT 10.0; Win64; x64) AppleWebKit/537.36 (KHTML, like Gecko) Chrome/76.0.3809.132 Safari/537.36"
212.186.86.74 - - [28/Aug/2019:11:46:43 +0200] "GET /loadthumbnail.php?id=11181174&width=113 HTTP/1.1" 200 1860 "http://renault.activities.at/result?dir=DESC&mode=grid&order=name&limit=15&page=2&search=megane" "Mozilla/5.0 (Windows NT 10.0; Win64; x64) AppleWebKit/537.36 (KHTML, like Gecko) Chrome/76.0.3809.132 Safari/537.36"
212.186.86.74 - - [28/Aug/2019:11:46:43 +0200] "GET /loadthumbnail.php?id=11967701&width=113 HTTP/1.1" 200 3379 "http://renault.activities.at/result?dir=DESC&mode=grid&order=name&limit=15&page=2&search=megane" "Mozilla/5.0 (Windows NT 10.0; Win64; x64) AppleWebKit/537.36 (KHTML, like Gecko) Chrome/76.0.3809.132 Safari/537.36"
212.186.86.74 - - [28/Aug/2019:11:46:43 +0200] "GET /loadthumbnail.php?id=11314432&width=113 HTTP/1.1" 200 36566 "http://renault.activities.at/result?dir=DESC&mode=grid&order=name&limit=15&page=2&search=megane" "Mozilla/5.0 (Windows NT 10.0; Win64; x64) AppleWebKit/537.36 (KHTML, like Gecko) Chrome/76.0.3809.132 Safari/537.36"
217.76.161.118 - - [28/Aug/2019:11:46:47 +0200] "GET /reload?ser=1566985604859 HTTP/1.1" 200 28 "http://renault.activities.at/success" "Mozilla/5.0 (Windows NT 10.0; Win64; x64) AppleWebKit/537.36 (KHTML, like Gecko) Chrome/64.0.3282.140 Safari/537.36 Edge/18.17763"
80.122.53.230 - - [28/Aug/2019:11:46:50 +0200] "GET /reload?ser=1566985610351 HTTP/1.1" 200 28 "http://renault.activities.at/login" "Mozilla/5.0 (Windows NT 6.1; WOW64; Trident/7.0; rv:11.0) like Gecko"
80.123.225.36 - - [28/Aug/2019:11:46:55 +0200] "GET /reload?ser=1566985615474 HTTP/1.1" 200 28 "http://renault.activities.at/" "Mozilla/5.0 (Windows NT 10.0; Win64; x64; rv:68.0) Gecko/20100101 Firefox/68.0"
193.194.132.22 - - [28/Aug/2019:11:47:05 +0200] "GET /reload?ser=1566985625120 HTTP/1.1" 200 28 "http://renault.2web.at/success" "Mozilla/5.0 (Windows NT 10.0; WOW64; Trident/7.0; Touch; rv:11.0) like Gecko"
213.153.47.173 - - [28/Aug/2019:11:47:09 +0200] "GET /reload?ser=1566985629227 HTTP/1.1" 200 28 "http://renault.activities.at/login?required=true" "Mozilla/5.0 (Windows NT 10.0; Win64; x64; rv:68.0) Gecko/20100101 Firefox/68.0"
212.186.86.74 - - [28/Aug/2019:11:47:45 +0200] "GET /reload?ser=1566985887860 HTTP/1.1" 200 28 "http://renault.activities.at/result?dir=DESC&mode=grid&order=name&limit=15&page=2&search=megane" "Mozilla/5.0 (Windows NT 10.0; Win64; x64) AppleWebKit/537.36 (KHTML, like Gecko) Chrome/76.0.3809.132 Safari/537.36"
217.76.161.118 - - [28/Aug/2019:11:47:48 +0200] "GET /reload?ser=1566985665852 HTTP/1.1" 200 28 "http://renault.activities.at/success" "Mozilla/5.0 (Windows NT 10.0; Win64; x64) AppleWebKit/537.36 (KHTML, like Gecko) Chrome/64.0.3282.140 Safari/537.36 Edge/18.17763"
80.122.53.230 - - [28/Aug/2019:11:47:51 +0200] "GET /reload?ser=1566985671332 HTTP/1.1" 200 28 "http://renault.activities.at/login" "Mozilla/5.0 (Windows NT 6.1; WOW64; Trident/7.0; rv:11.0) like Gecko"
80.123.225.36 - - [28/Aug/2019:11:47:56 +0200] "GET /reload?ser=1566985676408 HTTP/1.1" 200 28 "http://renault.activities.at/" "Mozilla/5.0 (Windows NT 10.0; Win64; x64; rv:68.0) Gecko/20100101 Firefox/68.0"
193.194.132.22 - - [28/Aug/2019:11:48:06 +0200] "GET /reload?ser=1566985686187 HTTP/1.1" 200 28 "http://renault.2web.at/success" "Mozilla/5.0 (Windows NT 10.0; WOW64; Trident/7.0; Touch; rv:11.0) like Gecko"
213.153.47.173 - - [28/Aug/2019:11:48:09 +0200] "GET /reload?ser=1566985689887 HTTP/1.1" 200 28 "http://renault.activities.at/login?required=true" "Mozilla/5.0 (Windows NT 10.0; Win64; x64; rv:68.0) Gecko/20100101 Firefox/68.0"
212.186.86.74 - - [28/Aug/2019:11:48:47 +0200] "GET /reload?ser=1566985949873 HTTP/1.1" 200 28 "http://renault.activities.at/result?dir=DESC&mode=grid&order=name&limit=15&page=2&search=megane" "Mozilla/5.0 (Windows NT 10.0; Win64; x64) AppleWebKit/537.36 (KHTML, like Gecko) Chrome/76.0.3809.132 Safari/537.36"
217.76.161.118 - - [28/Aug/2019:11:48:49 +0200] "GET /reload?ser=1566985726854 HTTP/1.1" 200 28 "http://renault.activities.at/success" "Mozilla/5.0 (Windows NT 10.0; Win64; x64) AppleWebKit/537.36 (KHTML, like Gecko) Chrome/64.0.3282.140 Safari/537.36 Edge/18.17763"
80.122.53.230 - - [28/Aug/2019:11:48:52 +0200] "GET /reload?ser=1566985732312 HTTP/1.1" 200 28 "http://renault.activities.at/login" "Mozilla/5.0 (Windows NT 6.1; WOW64; Trident/7.0; rv:11.0) like Gecko"
80.123.225.36 - - [28/Aug/2019:11:48:57 +0200] "GET /reload?ser=1566985737402 HTTP/1.1" 200 28 "http://renault.activities.at/" "Mozilla/5.0 (Windows NT 10.0; Win64; x64; rv:68.0) Gecko/20100101 Firefox/68.0"
193.194.132.22 - - [28/Aug/2019:11:49:07 +0200] "GET /reload?ser=1566985747272 HTTP/1.1" 200 28 "http://renault.2web.at/success" "Mozilla/5.0 (Windows NT 10.0; WOW64; Trident/7.0; Touch; rv:11.0) like Gecko"
213.153.47.173 - - [28/Aug/2019:11:49:10 +0200] "GET /reload?ser=1566985750546 HTTP/1.1" 200 28 "http://renault.activities.at/login?required=true" "Mozilla/5.0 (Windows NT 10.0; Win64; x64; rv:68.0) Gecko/20100101 Firefox/68.0"
212.186.86.74 - - [28/Aug/2019:11:49:42 +0200] "GET /10227788 HTTP/1.1" 200 6441 "http://renault.activities.at/result?dir=DESC&mode=grid&order=name&limit=15&page=2&search=megane" "Mozilla/5.0 (Windows NT 10.0; Win64; x64) AppleWebKit/537.36 (KHTML, like Gecko) Chrome/76.0.3809.132 Safari/537.36"
217.76.161.118 - - [28/Aug/2019:11:49:50 +0200] "GET /reload?ser=1566985787918 HTTP/1.1" 200 28 "http://renault.activities.at/success" "Mozilla/5.0 (Windows NT 10.0; Win64; x64) AppleWebKit/537.36 (KHTML, like Gecko) Chrome/64.0.3282.140 Safari/537.36 Edge/18.17763"
80.122.53.230 - - [28/Aug/2019:11:49:53 +0200] "GET /reload?ser=1566985793293 HTTP/1.1" 200 28 "http://renault.activities.at/login" "Mozilla/5.0 (Windows NT 6.1; WOW64; Trident/7.0; rv:11.0) like Gecko"
80.123.225.36 - - [28/Aug/2019:11:49:58 +0200] "GET /reload?ser=1566985798358 HTTP/1.1" 200 28 "http://renault.activities.at/" "Mozilla/5.0 (Windows NT 10.0; Win64; x64; rv:68.0) Gecko/20100101 Firefox/68.0"
212.186.86.74 - - [28/Aug/2019:11:50:03 +0200] "GET /10201442 HTTP/1.1" 200 8823 "http://renault.activities.at/10227788" "Mozilla/5.0 (Windows NT 10.0; Win64; x64) AppleWebKit/537.36 (KHTML, like Gecko) Chrome/76.0.3809.132 Safari/537.36"
193.194.132.22 - - [28/Aug/2019:11:50:08 +0200] "GET /reload?ser=1566985808300 HTTP/1.1" 200 28 "http://renault.2web.at/success" "Mozilla/5.0 (Windows NT 10.0; WOW64; Trident/7.0; Touch; rv:11.0) like Gecko"
213.153.47.173 - - [28/Aug/2019:11:50:11 +0200] "GET /reload?ser=1566985811198 HTTP/1.1" 200 28 "http://renault.activities.at/login?required=true" "Mozilla/5.0 (Windows NT 10.0; Win64; x64; rv:68.0) Gecko/20100101 Firefox/68.0"
212.186.86.74 - - [28/Aug/2019:11:50:14 +0200] "GET /10201442?dir=DESC&mode=grid&order=name&limit=15&page=2 HTTP/1.1" 200 9033 "http://renault.activities.at/10201442" "Mozilla/5.0 (Windows NT 10.0; Win64; x64) AppleWebKit/537.36 (KHTML, like Gecko) Chrome/76.0.3809.132 Safari/537.36"
212.186.86.74 - - [28/Aug/2019:11:50:18 +0200] "GET /loadthumbnail.php?id=12047627&width=113 HTTP/1.1" 200 3640 "http://renault.activities.at/10201442?dir=DESC&mode=grid&order=name&limit=15&page=2" "Mozilla/5.0 (Windows NT 10.0; Win64; x64) AppleWebKit/537.36 (KHTML, like Gecko) Chrome/76.0.3809.132 Safari/537.36"
212.186.86.74 - - [28/Aug/2019:11:50:18 +0200] "GET /loadthumbnail.php?id=11926537&width=113 HTTP/1.1" 200 32860 "http://renault.activities.at/10201442?dir=DESC&mode=grid&order=name&limit=15&page=2" "Mozilla/5.0 (Windows NT 10.0; Win64; x64) AppleWebKit/537.36 (KHTML, like Gecko) Chrome/76.0.3809.132 Safari/537.36"
212.186.86.74 - - [28/Aug/2019:11:50:18 +0200] "GET /loadthumbnail.php?id=11383873&width=113 HTTP/1.1" 200 23267 "http://renault.activities.at/10201442?dir=DESC&mode=grid&order=name&limit=15&page=2" "Mozilla/5.0 (Windows NT 10.0; Win64; x64) AppleWebKit/537.36 (KHTML, like Gecko) Chrome/76.0.3809.132 Safari/537.36"
212.186.86.74 - - [28/Aug/2019:11:50:18 +0200] "GET /loadthumbnail.php?id=11926519&width=113 HTTP/1.1" 200 33217 "http://renault.activities.at/10201442?dir=DESC&mode=grid&order=name&limit=15&page=2" "Mozilla/5.0 (Windows NT 10.0; Win64; x64) AppleWebKit/537.36 (KHTML, like Gecko) Chrome/76.0.3809.132 Safari/537.36"
212.186.86.74 - - [28/Aug/2019:11:50:18 +0200] "GET /loadthumbnail.php?id=11976076&width=113 HTTP/1.1" 200 17152 "http://renault.activities.at/10201442?dir=DESC&mode=grid&order=name&limit=15&page=2" "Mozilla/5.0 (Windows NT 10.0; Win64; x64) AppleWebKit/537.36 (KHTML, like Gecko) Chrome/76.0.3809.132 Safari/537.36"
212.186.86.74 - - [28/Aug/2019:11:50:18 +0200] "GET /loadthumbnail.php?id=12037190&width=113 HTTP/1.1" 200 19857 "http://renault.activities.at/10201442?dir=DESC&mode=grid&order=name&limit=15&page=2" "Mozilla/5.0 (Windows NT 10.0; Win64; x64) AppleWebKit/537.36 (KHTML, like Gecko) Chrome/76.0.3809.132 Safari/537.36"
212.186.86.74 - - [28/Aug/2019:11:50:18 +0200] "GET /loadthumbnail.php?id=11793250&width=113 HTTP/1.1" 200 23647 "http://renault.activities.at/10201442?dir=DESC&mode=grid&order=name&limit=15&page=2" "Mozilla/5.0 (Windows NT 10.0; Win64; x64) AppleWebKit/537.36 (KHTML, like Gecko) Chrome/76.0.3809.132 Safari/537.36"
212.186.86.74 - - [28/Aug/2019:11:50:18 +0200] "GET /loadthumbnail.php?id=11564187&width=113 HTTP/1.1" 200 22491 "http://renault.activities.at/10201442?dir=DESC&mode=grid&order=name&limit=15&page=2" "Mozilla/5.0 (Windows NT 10.0; Win64; x64) AppleWebKit/537.36 (KHTML, like Gecko) Chrome/76.0.3809.132 Safari/537.36"
212.186.86.74 - - [28/Aug/2019:11:50:18 +0200] "GET /loadthumbnail.php?id=11976092&width=113 HTTP/1.1" 200 22943 "http://renault.activities.at/10201442?dir=DESC&mode=grid&order=name&limit=15&page=2" "Mozilla/5.0 (Windows NT 10.0; Win64; x64) AppleWebKit/537.36 (KHTML, like Gecko) Chrome/76.0.3809.132 Safari/537.36"
212.186.86.74 - - [28/Aug/2019:11:50:18 +0200] "GET /loadthumbnail.php?id=11475295&width=113 HTTP/1.1" 200 17922 "http://renault.activities.at/10201442?dir=DESC&mode=grid&order=name&limit=15&page=2" "Mozilla/5.0 (Windows NT 10.0; Win64; x64) AppleWebKit/537.36 (KHTML, like Gecko) Chrome/76.0.3809.132 Safari/537.36"
212.186.86.74 - - [28/Aug/2019:11:50:18 +0200] "GET /loadthumbnail.php?id=11518629&width=113 HTTP/1.1" 200 19415 "http://renault.activities.at/10201442?dir=DESC&mode=grid&order=name&limit=15&page=2" "Mozilla/5.0 (Windows NT 10.0; Win64; x64) AppleWebKit/537.36 (KHTML, like Gecko) Chrome/76.0.3809.132 Safari/537.36"
212.186.86.74 - - [28/Aug/2019:11:50:18 +0200] "GET /loadthumbnail.php?id=11976088&width=113 HTTP/1.1" 200 23388 "http://renault.activities.at/10201442?dir=DESC&mode=grid&order=name&limit=15&page=2" "Mozilla/5.0 (Windows NT 10.0; Win64; x64) AppleWebKit/537.36 (KHTML, like Gecko) Chrome/76.0.3809.132 Safari/537.36"
212.186.86.74 - - [28/Aug/2019:11:50:19 +0200] "GET /loadthumbnail.php?id=12064393&width=113 HTTP/1.1" 200 2870 "http://renault.activities.at/10201442?dir=DESC&mode=grid&order=name&limit=15&page=2" "Mozilla/5.0 (Windows NT 10.0; Win64; x64) AppleWebKit/537.36 (KHTML, like Gecko) Chrome/76.0.3809.132 Safari/537.36"
212.186.86.74 - - [28/Aug/2019:11:50:19 +0200] "GET /loadthumbnail.php?id=11878139&width=113 HTTP/1.1" 200 19930 "http://renault.activities.at/10201442?dir=DESC&mode=grid&order=name&limit=15&page=2" "Mozilla/5.0 (Windows NT 10.0; Win64; x64) AppleWebKit/537.36 (KHTML, like Gecko) Chrome/76.0.3809.132 Safari/537.36"
212.186.86.74 - - [28/Aug/2019:11:50:28 +0200] "GET /cart HTTP/1.1" 200 5273 "http://renault.activities.at/10201442?dir=DESC&mode=grid&order=name&limit=15&page=2" "Mozilla/5.0 (Windows NT 10.0; Win64; x64) AppleWebKit/537.36 (KHTML, like Gecko) Chrome/76.0.3809.132 Safari/537.36"
217.76.161.118 - - [28/Aug/2019:11:50:51 +0200] "GET /reload?ser=1566985848967 HTTP/1.1" 200 28 "http://renault.activities.at/success" "Mozilla/5.0 (Windows NT 10.0; Win64; x64) AppleWebKit/537.36 (KHTML, like Gecko) Chrome/64.0.3282.140 Safari/537.36 Edge/18.17763"
80.122.53.230 - - [28/Aug/2019:11:50:54 +0200] "GET /reload?ser=1566985854274 HTTP/1.1" 200 28 "http://renault.activities.at/login" "Mozilla/5.0 (Windows NT 6.1; WOW64; Trident/7.0; rv:11.0) like Gecko"
80.123.225.36 - - [28/Aug/2019:11:50:59 +0200] "GET /reload?ser=1566985859297 HTTP/1.1" 200 28 "http://renault.activities.at/" "Mozilla/5.0 (Windows NT 10.0; Win64; x64; rv:68.0) Gecko/20100101 Firefox/68.0"
193.194.132.22 - - [28/Aug/2019:11:51:09 +0200] "GET /reload?ser=1566985869325 HTTP/1.1" 200 28 "http://renault.2web.at/success" "Mozilla/5.0 (Windows NT 10.0; WOW64; Trident/7.0; Touch; rv:11.0) like Gecko"
213.153.47.173 - - [28/Aug/2019:11:51:11 +0200] "GET /reload?ser=1566985871867 HTTP/1.1" 200 28 "http://renault.activities.at/login?required=true" "Mozilla/5.0 (Windows NT 10.0; Win64; x64; rv:68.0) Gecko/20100101 Firefox/68.0"
212.186.86.74 - - [28/Aug/2019:11:51:30 +0200] "GET /reload?ser=1566986113481 HTTP/1.1" 200 28 "http://renault.activities.at/cart" "Mozilla/5.0 (Windows NT 10.0; Win64; x64) AppleWebKit/537.36 (KHTML, like Gecko) Chrome/76.0.3809.132 Safari/537.36"
212.186.86.74 - - [28/Aug/2019:11:51:46 +0200] "GET /logout HTTP/1.1" 302 140 "http://renault.activities.at/cart" "Mozilla/5.0 (Windows NT 10.0; Win64; x64) AppleWebKit/537.36 (KHTML, like Gecko) Chrome/76.0.3809.132 Safari/537.36"
212.186.86.74 - - [28/Aug/2019:11:51:47 +0200] "GET /logout HTTP/1.1" 200 1583 "http://renault.activities.at/cart" "Mozilla/5.0 (Windows NT 10.0; Win64; x64) AppleWebKit/537.36 (KHTML, like Gecko) Chrome/76.0.3809.132 Safari/537.36"
217.76.161.118 - - [28/Aug/2019:11:51:52 +0200] "GET /reload?ser=1566985910048 HTTP/1.1" 200 28 "http://renault.activities.at/success" "Mozilla/5.0 (Windows NT 10.0; Win64; x64) AppleWebKit/537.36 (KHTML, like Gecko) Chrome/64.0.3282.140 Safari/537.36 Edge/18.17763"
212.186.86.74 - - [28/Aug/2019:11:51:53 +0200] "GET / HTTP/1.1" 200 3448 "http://renault.activities.at/logout" "Mozilla/5.0 (Windows NT 10.0; Win64; x64) AppleWebKit/537.36 (KHTML, like Gecko) Chrome/76.0.3809.132 Safari/537.36"
80.122.53.230 - - [28/Aug/2019:11:51:55 +0200] "GET /reload?ser=1566985915286 HTTP/1.1" 200 28 "http://renault.activities.at/login" "Mozilla/5.0 (Windows NT 6.1; WOW64; Trident/7.0; rv:11.0) like Gecko"
80.123.225.36 - - [28/Aug/2019:11:52:00 +0200] "GET /reload?ser=1566985920273 HTTP/1.1" 200 28 "http://renault.activities.at/" "Mozilla/5.0 (Windows NT 10.0; Win64; x64; rv:68.0) Gecko/20100101 Firefox/68.0"
193.194.132.22 - - [28/Aug/2019:11:52:10 +0200] "GET /reload?ser=1566985930373 HTTP/1.1" 200 28 "http://renault.2web.at/success" "Mozilla/5.0 (Windows NT 10.0; WOW64; Trident/7.0; Touch; rv:11.0) like Gecko"
213.153.47.173 - - [28/Aug/2019:11:52:12 +0200] "GET /reload?ser=1566985932517 HTTP/1.1" 200 28 "http://renault.activities.at/login?required=true" "Mozilla/5.0 (Windows NT 10.0; Win64; x64; rv:68.0) Gecko/20100101 Firefox/68.0"
217.76.161.118 - - [28/Aug/2019:11:52:53 +0200] "GET /reload?ser=1566985971164 HTTP/1.1" 200 28 "http://renault.activities.at/success" "Mozilla/5.0 (Windows NT 10.0; Win64; x64) AppleWebKit/537.36 (KHTML, like Gecko) Chrome/64.0.3282.140 Safari/537.36 Edge/18.17763"
80.122.53.230 - - [28/Aug/2019:11:52:56 +0200] "GET /reload?ser=1566985976266 HTTP/1.1" 200 28 "http://renault.activities.at/login" "Mozilla/5.0 (Windows NT 6.1; WOW64; Trident/7.0; rv:11.0) like Gecko"
80.123.225.36 - - [28/Aug/2019:11:53:01 +0200] "GET /reload?ser=1566985981254 HTTP/1.1" 200 28 "http://renault.activities.at/" "Mozilla/5.0 (Windows NT 10.0; Win64; x64; rv:68.0) Gecko/20100101 Firefox/68.0"
193.194.132.22 - - [28/Aug/2019:11:53:11 +0200] "GET /reload?ser=1566985991435 HTTP/1.1" 200 28 "http://renault.2web.at/success" "Mozilla/5.0 (Windows NT 10.0; WOW64; Trident/7.0; Touch; rv:11.0) like Gecko"
213.153.47.173 - - [28/Aug/2019:11:53:13 +0200] "GET /reload?ser=1566985993188 HTTP/1.1" 200 28 "http://renault.activities.at/login?required=true" "Mozilla/5.0 (Windows NT 10.0; Win64; x64; rv:68.0) Gecko/20100101 Firefox/68.0"
217.76.161.118 - - [28/Aug/2019:11:53:54 +0200] "GET /reload?ser=1566986032215 HTTP/1.1" 200 28 "http://renault.activities.at/success" "Mozilla/5.0 (Windows NT 10.0; Win64; x64) AppleWebKit/537.36 (KHTML, like Gecko) Chrome/64.0.3282.140 Safari/537.36 Edge/18.17763"
80.122.53.230 - - [28/Aug/2019:11:53:57 +0200] "GET /reload?ser=1566986037293 HTTP/1.1" 200 28 "http://renault.activities.at/login" "Mozilla/5.0 (Windows NT 6.1; WOW64; Trident/7.0; rv:11.0) like Gecko"
80.123.225.36 - - [28/Aug/2019:11:54:02 +0200] "GET /reload?ser=1566986042249 HTTP/1.1" 200 28 "http://renault.activities.at/" "Mozilla/5.0 (Windows NT 10.0; Win64; x64; rv:68.0) Gecko/20100101 Firefox/68.0"
193.194.132.22 - - [28/Aug/2019:11:54:12 +0200] "GET /reload?ser=1566986052501 HTTP/1.1" 200 28 "http://renault.2web.at/success" "Mozilla/5.0 (Windows NT 10.0; WOW64; Trident/7.0; Touch; rv:11.0) like Gecko"
213.153.47.173 - - [28/Aug/2019:11:54:13 +0200] "GET /reload?ser=1566986053859 HTTP/1.1" 200 28 "http://renault.activities.at/login?required=true" "Mozilla/5.0 (Windows NT 10.0; Win64; x64; rv:68.0) Gecko/20100101 Firefox/68.0"
217.76.161.118 - - [28/Aug/2019:11:54:55 +0200] "GET /reload?ser=1566986093238 HTTP/1.1" 200 28 "http://renault.activities.at/success" "Mozilla/5.0 (Windows NT 10.0; Win64; x64) AppleWebKit/537.36 (KHTML, like Gecko) Chrome/64.0.3282.140 Safari/537.36 Edge/18.17763"
80.123.225.36 - - [28/Aug/2019:11:55:03 +0200] "GET /reload?ser=1566986103227 HTTP/1.1" 200 28 "http://renault.activities.at/" "Mozilla/5.0 (Windows NT 10.0; Win64; x64; rv:68.0) Gecko/20100101 Firefox/68.0"
193.194.132.22 - - [28/Aug/2019:11:55:13 +0200] "GET /reload?ser=1566986113709 HTTP/1.1" 200 28 "http://renault.2web.at/success" "Mozilla/5.0 (Windows NT 10.0; WOW64; Trident/7.0; Touch; rv:11.0) like Gecko"
213.153.47.173 - - [28/Aug/2019:11:55:14 +0200] "GET /reload?ser=1566986114529 HTTP/1.1" 200 28 "http://renault.activities.at/login?required=true" "Mozilla/5.0 (Windows NT 10.0; Win64; x64; rv:68.0) Gecko/20100101 Firefox/68.0"
217.76.161.118 - - [28/Aug/2019:11:55:56 +0200] "GET /reload?ser=1566986154321 HTTP/1.1" 200 28 "http://renault.activities.at/success" "Mozilla/5.0 (Windows NT 10.0; Win64; x64) AppleWebKit/537.36 (KHTML, like Gecko) Chrome/64.0.3282.140 Safari/537.36 Edge/18.17763"
80.123.225.36 - - [28/Aug/2019:11:56:04 +0200] "GET /reload?ser=1566986164200 HTTP/1.1" 200 28 "http://renault.activities.at/" "Mozilla/5.0 (Windows NT 10.0; Win64; x64; rv:68.0) Gecko/20100101 Firefox/68.0"
193.194.132.22 - - [28/Aug/2019:11:56:14 +0200] "GET /reload?ser=1566986174767 HTTP/1.1" 200 28 "http://renault.2web.at/success" "Mozilla/5.0 (Windows NT 10.0; WOW64; Trident/7.0; Touch; rv:11.0) like Gecko"
213.153.47.173 - - [28/Aug/2019:11:56:15 +0200] "GET /reload?ser=1566986175208 HTTP/1.1" 200 28 "http://renault.activities.at/login?required=true" "Mozilla/5.0 (Windows NT 10.0; Win64; x64; rv:68.0) Gecko/20100101 Firefox/68.0"
217.76.161.118 - - [28/Aug/2019:11:56:57 +0200] "GET /reload?ser=1566986215352 HTTP/1.1" 200 28 "http://renault.activities.at/success" "Mozilla/5.0 (Windows NT 10.0; Win64; x64) AppleWebKit/537.36 (KHTML, like Gecko) Chrome/64.0.3282.140 Safari/537.36 Edge/18.17763"
80.123.225.36 - - [28/Aug/2019:11:57:05 +0200] "GET /reload?ser=1566986225173 HTTP/1.1" 200 28 "http://renault.activities.at/" "Mozilla/5.0 (Windows NT 10.0; Win64; x64; rv:68.0) Gecko/20100101 Firefox/68.0"
213.153.47.173 - - [28/Aug/2019:11:57:15 +0200] "GET /reload?ser=1566986235869 HTTP/1.1" 200 28 "http://renault.activities.at/login?required=true" "Mozilla/5.0 (Windows NT 10.0; Win64; x64; rv:68.0) Gecko/20100101 Firefox/68.0"
193.194.132.22 - - [28/Aug/2019:11:57:15 +0200] "GET /reload?ser=1566986235781 HTTP/1.1" 200 28 "http://renault.2web.at/success" "Mozilla/5.0 (Windows NT 10.0; WOW64; Trident/7.0; Touch; rv:11.0) like Gecko"
217.76.161.118 - - [28/Aug/2019:11:57:58 +0200] "GET /reload?ser=1566986276386 HTTP/1.1" 200 28 "http://renault.activities.at/success" "Mozilla/5.0 (Windows NT 10.0; Win64; x64) AppleWebKit/537.36 (KHTML, like Gecko) Chrome/64.0.3282.140 Safari/537.36 Edge/18.17763"
80.123.225.36 - - [28/Aug/2019:11:58:06 +0200] "GET /reload?ser=1566986286139 HTTP/1.1" 200 28 "http://renault.activities.at/" "Mozilla/5.0 (Windows NT 10.0; Win64; x64; rv:68.0) Gecko/20100101 Firefox/68.0"
213.153.47.173 - - [28/Aug/2019:11:58:16 +0200] "GET /reload?ser=1566986296538 HTTP/1.1" 200 28 "http://renault.activities.at/login?required=true" "Mozilla/5.0 (Windows NT 10.0; Win64; x64; rv:68.0) Gecko/20100101 Firefox/68.0"
193.194.132.22 - - [28/Aug/2019:11:58:16 +0200] "GET /reload?ser=1566986296855 HTTP/1.1" 200 28 "http://renault.2web.at/success" "Mozilla/5.0 (Windows NT 10.0; WOW64; Trident/7.0; Touch; rv:11.0) like Gecko"
217.76.161.118 - - [28/Aug/2019:11:58:59 +0200] "GET /reload?ser=1566986337435 HTTP/1.1" 200 28 "http://renault.activities.at/success" "Mozilla/5.0 (Windows NT 10.0; Win64; x64) AppleWebKit/537.36 (KHTML, like Gecko) Chrome/64.0.3282.140 Safari/537.36 Edge/18.17763"
80.123.225.36 - - [28/Aug/2019:11:59:07 +0200] "GET /reload?ser=1566986347103 HTTP/1.1" 200 28 "http://renault.activities.at/" "Mozilla/5.0 (Windows NT 10.0; Win64; x64; rv:68.0) Gecko/20100101 Firefox/68.0"
213.153.47.173 - - [28/Aug/2019:11:59:17 +0200] "GET /reload?ser=1566986357199 HTTP/1.1" 200 28 "http://renault.activities.at/login?required=true" "Mozilla/5.0 (Windows NT 10.0; Win64; x64; rv:68.0) Gecko/20100101 Firefox/68.0"
193.194.132.22 - - [28/Aug/2019:11:59:18 +0200] "GET /reload?ser=1566986357881 HTTP/1.1" 200 28 "http://renault.2web.at/success" "Mozilla/5.0 (Windows NT 10.0; WOW64; Trident/7.0; Touch; rv:11.0) like Gecko"
217.76.161.118 - - [28/Aug/2019:12:00:00 +0200] "GET /reload?ser=1566986398545 HTTP/1.1" 200 28 "http://renault.activities.at/success" "Mozilla/5.0 (Windows NT 10.0; Win64; x64) AppleWebKit/537.36 (KHTML, like Gecko) Chrome/64.0.3282.140 Safari/537.36 Edge/18.17763"
80.123.225.36 - - [28/Aug/2019:12:00:08 +0200] "GET /reload?ser=1566986408066 HTTP/1.1" 200 28 "http://renault.activities.at/" "Mozilla/5.0 (Windows NT 10.0; Win64; x64; rv:68.0) Gecko/20100101 Firefox/68.0"
213.153.47.173 - - [28/Aug/2019:12:00:17 +0200] "GET /reload?ser=1566986417879 HTTP/1.1" 200 28 "http://renault.activities.at/login?required=true" "Mozilla/5.0 (Windows NT 10.0; Win64; x64; rv:68.0) Gecko/20100101 Firefox/68.0"
193.194.132.22 - - [28/Aug/2019:12:00:19 +0200] "GET /reload?ser=1566986418922 HTTP/1.1" 200 28 "http://renault.2web.at/success" "Mozilla/5.0 (Windows NT 10.0; WOW64; Trident/7.0; Touch; rv:11.0) like Gecko"
217.76.161.118 - - [28/Aug/2019:12:01:01 +0200] "GET /reload?ser=1566986459580 HTTP/1.1" 200 28 "http://renault.activities.at/success" "Mozilla/5.0 (Windows NT 10.0; Win64; x64) AppleWebKit/537.36 (KHTML, like Gecko) Chrome/64.0.3282.140 Safari/537.36 Edge/18.17763"
80.123.225.36 - - [28/Aug/2019:12:01:09 +0200] "GET /reload?ser=1566986469049 HTTP/1.1" 200 28 "http://renault.activities.at/" "Mozilla/5.0 (Windows NT 10.0; Win64; x64; rv:68.0) Gecko/20100101 Firefox/68.0"
213.153.47.173 - - [28/Aug/2019:12:01:18 +0200] "GET /reload?ser=1566986478541 HTTP/1.1" 200 28 "http://renault.activities.at/login?required=true" "Mozilla/5.0 (Windows NT 10.0; Win64; x64; rv:68.0) Gecko/20100101 Firefox/68.0"
193.194.132.22 - - [28/Aug/2019:12:01:20 +0200] "GET /reload?ser=1566986480032 HTTP/1.1" 200 28 "http://renault.2web.at/success" "Mozilla/5.0 (Windows NT 10.0; WOW64; Trident/7.0; Touch; rv:11.0) like Gecko"
217.76.161.118 - - [28/Aug/2019:12:02:02 +0200] "GET /reload?ser=1566986520632 HTTP/1.1" 200 28 "http://renault.activities.at/success" "Mozilla/5.0 (Windows NT 10.0; Win64; x64) AppleWebKit/537.36 (KHTML, like Gecko) Chrome/64.0.3282.140 Safari/537.36 Edge/18.17763"
80.123.225.36 - - [28/Aug/2019:12:02:10 +0200] "GET /reload?ser=1566986529989 HTTP/1.1" 200 28 "http://renault.activities.at/" "Mozilla/5.0 (Windows NT 10.0; Win64; x64; rv:68.0) Gecko/20100101 Firefox/68.0"
213.153.47.173 - - [28/Aug/2019:12:02:19 +0200] "GET /reload?ser=1566986539189 HTTP/1.1" 200 28 "http://renault.activities.at/login?required=true" "Mozilla/5.0 (Windows NT 10.0; Win64; x64; rv:68.0) Gecko/20100101 Firefox/68.0"
193.194.132.22 - - [28/Aug/2019:12:02:21 +0200] "GET /reload?ser=1566986541075 HTTP/1.1" 200 28 "http://renault.2web.at/success" "Mozilla/5.0 (Windows NT 10.0; WOW64; Trident/7.0; Touch; rv:11.0) like Gecko"
80.123.225.36 - - [28/Aug/2019:12:03:11 +0200] "GET /reload?ser=1566986590988 HTTP/1.1" 200 28 "http://renault.activities.at/" "Mozilla/5.0 (Windows NT 10.0; Win64; x64; rv:68.0) Gecko/20100101 Firefox/68.0"
213.153.47.173 - - [28/Aug/2019:12:03:19 +0200] "GET /reload?ser=1566986599869 HTTP/1.1" 200 28 "http://renault.activities.at/login?required=true" "Mozilla/5.0 (Windows NT 10.0; Win64; x64; rv:68.0) Gecko/20100101 Firefox/68.0"
193.194.132.22 - - [28/Aug/2019:12:03:22 +0200] "GET /reload?ser=1566986602248 HTTP/1.1" 200 28 "http://renault.2web.at/success" "Mozilla/5.0 (Windows NT 10.0; WOW64; Trident/7.0; Touch; rv:11.0) like Gecko"
80.123.225.36 - - [28/Aug/2019:12:04:11 +0200] "GET /reload?ser=1566986651955 HTTP/1.1" 200 28 "http://renault.activities.at/" "Mozilla/5.0 (Windows NT 10.0; Win64; x64; rv:68.0) Gecko/20100101 Firefox/68.0"
213.153.47.173 - - [28/Aug/2019:12:04:20 +0200] "GET /reload?ser=1566986660528 HTTP/1.1" 200 28 "http://renault.activities.at/login?required=true" "Mozilla/5.0 (Windows NT 10.0; Win64; x64; rv:68.0) Gecko/20100101 Firefox/68.0"
