93.82.180.122 - - [28/Aug/2019:17:14:06 +0200] "GET /images/button_left_bg.gif HTTP/1.1" 304 - "http://renault.activities.at/success" "Mozilla/5.0 (Windows NT 10.0; WOW64; Trident/7.0; MASBJS; rv:11.0) like Gecko"
93.82.180.122 - - [28/Aug/2019:17:14:06 +0200] "GET /images/menu_button_bg.jpg HTTP/1.1" 304 - "http://renault.activities.at/success" "Mozilla/5.0 (Windows NT 10.0; WOW64; Trident/7.0; MASBJS; rv:11.0) like Gecko"
93.82.180.122 - - [28/Aug/2019:17:14:06 +0200] "GET /images/top_links_divider.gif HTTP/1.1" 304 - "http://renault.activities.at/success" "Mozilla/5.0 (Windows NT 10.0; WOW64; Trident/7.0; MASBJS; rv:11.0) like Gecko"
93.82.180.122 - - [28/Aug/2019:17:14:06 +0200] "GET /images/nav_divider.gif HTTP/1.1" 304 - "http://renault.activities.at/success" "Mozilla/5.0 (Windows NT 10.0; WOW64; Trident/7.0; MASBJS; rv:11.0) like Gecko"
93.82.180.122 - - [28/Aug/2019:17:14:06 +0200] "GET /images/title_border_top.jpg HTTP/1.1" 304 - "http://renault.activities.at/success" "Mozilla/5.0 (Windows NT 10.0; WOW64; Trident/7.0; MASBJS; rv:11.0) like Gecko"
93.82.180.122 - - [28/Aug/2019:17:14:06 +0200] "GET /images/main_block_corner_right_bot.gif HTTP/1.1" 304 - "http://renault.activities.at/success" "Mozilla/5.0 (Windows NT 10.0; WOW64; Trident/7.0; MASBJS; rv:11.0) like Gecko"
93.82.180.122 - - [28/Aug/2019:17:14:06 +0200] "GET /images/main_block_corner_left_top.gif HTTP/1.1" 304 - "http://renault.activities.at/success" "Mozilla/5.0 (Windows NT 10.0; WOW64; Trident/7.0; MASBJS; rv:11.0) like Gecko"
93.82.180.122 - - [28/Aug/2019:17:14:06 +0200] "GET /images/main_block_corner_right_top.gif HTTP/1.1" 304 - "http://renault.activities.at/success" "Mozilla/5.0 (Windows NT 10.0; WOW64; Trident/7.0; MASBJS; rv:11.0) like Gecko"
93.82.180.122 - - [28/Aug/2019:17:14:06 +0200] "GET /images/title_border.jpg HTTP/1.1" 304 - "http://renault.activities.at/success" "Mozilla/5.0 (Windows NT 10.0; WOW64; Trident/7.0; MASBJS; rv:11.0) like Gecko"
93.82.180.122 - - [28/Aug/2019:17:14:06 +0200] "GET /images/footer_divider.gif HTTP/1.1" 304 - "http://renault.activities.at/success" "Mozilla/5.0 (Windows NT 10.0; WOW64; Trident/7.0; MASBJS; rv:11.0) like Gecko"
93.82.180.122 - - [28/Aug/2019:17:14:06 +0200] "GET /images/title_corner_right_top.jpg HTTP/1.1" 304 - "http://renault.activities.at/success" "Mozilla/5.0 (Windows NT 10.0; WOW64; Trident/7.0; MASBJS; rv:11.0) like Gecko"
93.82.180.122 - - [28/Aug/2019:17:14:06 +0200] "GET /images/main_block_border.gif HTTP/1.1" 304 - "http://renault.activities.at/success" "Mozilla/5.0 (Windows NT 10.0; WOW64; Trident/7.0; MASBJS; rv:11.0) like Gecko"
93.82.180.122 - - [28/Aug/2019:17:14:06 +0200] "GET /images/main_block_corner_left_bot.gif HTTP/1.1" 304 - "http://renault.activities.at/success" "Mozilla/5.0 (Windows NT 10.0; WOW64; Trident/7.0; MASBJS; rv:11.0) like Gecko"
93.82.180.122 - - [28/Aug/2019:17:14:06 +0200] "GET /images/title_corner_left_top.jpg HTTP/1.1" 304 - "http://renault.activities.at/success" "Mozilla/5.0 (Windows NT 10.0; WOW64; Trident/7.0; MASBJS; rv:11.0) like Gecko"
93.82.180.122 - - [28/Aug/2019:17:14:07 +0200] "GET /logout HTTP/1.1" 302 140 "http://renault.activities.at/success" "Mozilla/5.0 (Windows NT 10.0; WOW64; Trident/7.0; MASBJS; rv:11.0) like Gecko"
93.82.180.122 - - [28/Aug/2019:17:14:08 +0200] "GET /logout HTTP/1.1" 200 1583 "http://renault.activities.at/success" "Mozilla/5.0 (Windows NT 10.0; WOW64; Trident/7.0; MASBJS; rv:11.0) like Gecko"
93.82.180.122 - - [28/Aug/2019:17:14:09 +0200] "GET /css/reset.css HTTP/1.1" 304 - "http://renault.activities.at/logout" "Mozilla/5.0 (Windows NT 10.0; WOW64; Trident/7.0; MASBJS; rv:11.0) like Gecko"
93.82.180.122 - - [28/Aug/2019:17:14:09 +0200] "GET /js/default.js HTTP/1.1" 304 - "http://renault.activities.at/logout" "Mozilla/5.0 (Windows NT 10.0; WOW64; Trident/7.0; MASBJS; rv:11.0) like Gecko"
93.82.180.122 - - [28/Aug/2019:17:14:09 +0200] "GET /css/print.css HTTP/1.1" 304 - "http://renault.activities.at/logout" "Mozilla/5.0 (Windows NT 10.0; WOW64; Trident/7.0; MASBJS; rv:11.0) like Gecko"
93.82.180.122 - - [28/Aug/2019:17:14:09 +0200] "GET /css/prototip.css HTTP/1.1" 304 - "http://renault.activities.at/logout" "Mozilla/5.0 (Windows NT 10.0; WOW64; Trident/7.0; MASBJS; rv:11.0) like Gecko"
93.82.180.122 - - [28/Aug/2019:17:14:09 +0200] "GET /css/clears.css HTTP/1.1" 304 - "http://renault.activities.at/logout" "Mozilla/5.0 (Windows NT 10.0; WOW64; Trident/7.0; MASBJS; rv:11.0) like Gecko"
93.82.180.122 - - [28/Aug/2019:17:14:09 +0200] "GET /js/checkout.css HTTP/1.1" 304 - "http://renault.activities.at/logout" "Mozilla/5.0 (Windows NT 10.0; WOW64; Trident/7.0; MASBJS; rv:11.0) like Gecko"
93.82.180.122 - - [28/Aug/2019:17:14:09 +0200] "GET /css/styles.css HTTP/1.1" 304 - "http://renault.activities.at/logout" "Mozilla/5.0 (Windows NT 10.0; WOW64; Trident/7.0; MASBJS; rv:11.0) like Gecko"
93.82.180.122 - - [28/Aug/2019:17:14:09 +0200] "GET /css/themes/alphacube.css HTTP/1.1" 304 - "http://renault.activities.at/logout" "Mozilla/5.0 (Windows NT 10.0; WOW64; Trident/7.0; MASBJS; rv:11.0) like Gecko"
93.82.180.122 - - [28/Aug/2019:17:14:09 +0200] "GET /css/themes/default.css HTTP/1.1" 304 - "http://renault.activities.at/logout" "Mozilla/5.0 (Windows NT 10.0; WOW64; Trident/7.0; MASBJS; rv:11.0) like Gecko"
93.82.180.122 - - [28/Aug/2019:17:14:09 +0200] "GET /images/main_block_border.gif HTTP/1.1" 304 - "http://renault.activities.at/logout" "Mozilla/5.0 (Windows NT 10.0; WOW64; Trident/7.0; MASBJS; rv:11.0) like Gecko"
93.82.180.122 - - [28/Aug/2019:17:14:09 +0200] "GET /images/main_block_corner_left_top.gif HTTP/1.1" 304 - "http://renault.activities.at/logout" "Mozilla/5.0 (Windows NT 10.0; WOW64; Trident/7.0; MASBJS; rv:11.0) like Gecko"
93.82.180.122 - - [28/Aug/2019:17:14:09 +0200] "GET /images/title_corner_right_top.jpg HTTP/1.1" 304 - "http://renault.activities.at/logout" "Mozilla/5.0 (Windows NT 10.0; WOW64; Trident/7.0; MASBJS; rv:11.0) like Gecko"
93.82.180.122 - - [28/Aug/2019:17:14:09 +0200] "GET /images/main_block_corner_right_bot.gif HTTP/1.1" 304 - "http://renault.activities.at/logout" "Mozilla/5.0 (Windows NT 10.0; WOW64; Trident/7.0; MASBJS; rv:11.0) like Gecko"
93.82.180.122 - - [28/Aug/2019:17:14:10 +0200] "GET /images/header_block_corner_left_top.gif HTTP/1.1" 304 - "http://renault.activities.at/logout" "Mozilla/5.0 (Windows NT 10.0; WOW64; Trident/7.0; MASBJS; rv:11.0) like Gecko"
93.82.180.122 - - [28/Aug/2019:17:14:10 +0200] "GET /images/main_block_corner_left_bot.gif HTTP/1.1" 304 - "http://renault.activities.at/logout" "Mozilla/5.0 (Windows NT 10.0; WOW64; Trident/7.0; MASBJS; rv:11.0) like Gecko"
93.82.180.122 - - [28/Aug/2019:17:14:10 +0200] "GET /images/header_block_border.gif HTTP/1.1" 304 - "http://renault.activities.at/logout" "Mozilla/5.0 (Windows NT 10.0; WOW64; Trident/7.0; MASBJS; rv:11.0) like Gecko"
93.82.180.122 - - [28/Aug/2019:17:14:10 +0200] "GET /images/header_block_corner_right_top.gif HTTP/1.1" 304 - "http://renault.activities.at/logout" "Mozilla/5.0 (Windows NT 10.0; WOW64; Trident/7.0; MASBJS; rv:11.0) like Gecko"
93.82.180.122 - - [28/Aug/2019:17:14:10 +0200] "GET /images/title_border_top.jpg HTTP/1.1" 304 - "http://renault.activities.at/logout" "Mozilla/5.0 (Windows NT 10.0; WOW64; Trident/7.0; MASBJS; rv:11.0) like Gecko"
93.82.180.122 - - [28/Aug/2019:17:14:10 +0200] "GET /images/title_border.jpg HTTP/1.1" 304 - "http://renault.activities.at/logout" "Mozilla/5.0 (Windows NT 10.0; WOW64; Trident/7.0; MASBJS; rv:11.0) like Gecko"
93.82.180.122 - - [28/Aug/2019:17:14:10 +0200] "GET /images/main_block_corner_right_top.gif HTTP/1.1" 304 - "http://renault.activities.at/logout" "Mozilla/5.0 (Windows NT 10.0; WOW64; Trident/7.0; MASBJS; rv:11.0) like Gecko"
93.82.180.122 - - [28/Aug/2019:17:14:10 +0200] "GET /images/title_corner_left_top.jpg HTTP/1.1" 304 - "http://renault.activities.at/logout" "Mozilla/5.0 (Windows NT 10.0; WOW64; Trident/7.0; MASBJS; rv:11.0) like Gecko"
80.123.225.36 - - [28/Aug/2019:17:14:14 +0200] "GET /reload?ser=1567005254532 HTTP/1.1" 200 28 "http://renault.activities.at/" "Mozilla/5.0 (Windows NT 10.0; Win64; x64; rv:68.0) Gecko/20100101 Firefox/68.0"
93.82.180.122 - - [28/Aug/2019:17:14:14 +0200] "GET / HTTP/1.1" 200 3448 "http://renault.activities.at/logout" "Mozilla/5.0 (Windows NT 10.0; WOW64; Trident/7.0; MASBJS; rv:11.0) like Gecko"
93.82.180.122 - - [28/Aug/2019:17:14:15 +0200] "GET /js/default.js HTTP/1.1" 304 - "http://renault.activities.at/" "Mozilla/5.0 (Windows NT 10.0; WOW64; Trident/7.0; MASBJS; rv:11.0) like Gecko"
93.82.180.122 - - [28/Aug/2019:17:14:15 +0200] "GET /js/flashdetection.js HTTP/1.1" 304 - "http://renault.activities.at/" "Mozilla/5.0 (Windows NT 10.0; WOW64; Trident/7.0; MASBJS; rv:11.0) like Gecko"
93.82.180.122 - - [28/Aug/2019:17:14:15 +0200] "GET /css/reset.css HTTP/1.1" 304 - "http://renault.activities.at/" "Mozilla/5.0 (Windows NT 10.0; WOW64; Trident/7.0; MASBJS; rv:11.0) like Gecko"
93.82.180.122 - - [28/Aug/2019:17:14:15 +0200] "GET /css/styles.css HTTP/1.1" 304 - "http://renault.activities.at/" "Mozilla/5.0 (Windows NT 10.0; WOW64; Trident/7.0; MASBJS; rv:11.0) like Gecko"
93.82.180.122 - - [28/Aug/2019:17:14:15 +0200] "GET /css/clears.css HTTP/1.1" 304 - "http://renault.activities.at/" "Mozilla/5.0 (Windows NT 10.0; WOW64; Trident/7.0; MASBJS; rv:11.0) like Gecko"
93.82.180.122 - - [28/Aug/2019:17:14:15 +0200] "GET /css/print.css HTTP/1.1" 304 - "http://renault.activities.at/" "Mozilla/5.0 (Windows NT 10.0; WOW64; Trident/7.0; MASBJS; rv:11.0) like Gecko"
93.82.180.122 - - [28/Aug/2019:17:14:15 +0200] "GET /js/checkout.css HTTP/1.1" 304 - "http://renault.activities.at/" "Mozilla/5.0 (Windows NT 10.0; WOW64; Trident/7.0; MASBJS; rv:11.0) like Gecko"
93.82.180.122 - - [28/Aug/2019:17:14:15 +0200] "GET /css/prototip.css HTTP/1.1" 304 - "http://renault.activities.at/" "Mozilla/5.0 (Windows NT 10.0; WOW64; Trident/7.0; MASBJS; rv:11.0) like Gecko"
93.82.180.122 - - [28/Aug/2019:17:14:15 +0200] "GET /css/themes/default.css HTTP/1.1" 304 - "http://renault.activities.at/" "Mozilla/5.0 (Windows NT 10.0; WOW64; Trident/7.0; MASBJS; rv:11.0) like Gecko"
93.82.180.122 - - [28/Aug/2019:17:14:15 +0200] "GET /css/themes/alphacube.css HTTP/1.1" 304 - "http://renault.activities.at/" "Mozilla/5.0 (Windows NT 10.0; WOW64; Trident/7.0; MASBJS; rv:11.0) like Gecko"
93.82.180.122 - - [28/Aug/2019:17:14:16 +0200] "GET /images/title_corner_left_top.jpg HTTP/1.1" 304 - "http://renault.activities.at/" "Mozilla/5.0 (Windows NT 10.0; WOW64; Trident/7.0; MASBJS; rv:11.0) like Gecko"
93.82.180.122 - - [28/Aug/2019:17:14:16 +0200] "GET /images/main_block_corner_left_bot.gif HTTP/1.1" 304 - "http://renault.activities.at/" "Mozilla/5.0 (Windows NT 10.0; WOW64; Trident/7.0; MASBJS; rv:11.0) like Gecko"
93.82.180.122 - - [28/Aug/2019:17:14:16 +0200] "GET /images/header_block_border.gif HTTP/1.1" 304 - "http://renault.activities.at/" "Mozilla/5.0 (Windows NT 10.0; WOW64; Trident/7.0; MASBJS; rv:11.0) like Gecko"
93.82.180.122 - - [28/Aug/2019:17:14:16 +0200] "GET /images/main_block_corner_right_top.gif HTTP/1.1" 304 - "http://renault.activities.at/" "Mozilla/5.0 (Windows NT 10.0; WOW64; Trident/7.0; MASBJS; rv:11.0) like Gecko"
93.82.180.122 - - [28/Aug/2019:17:14:16 +0200] "GET /images/title_corner_right_top.jpg HTTP/1.1" 304 - "http://renault.activities.at/" "Mozilla/5.0 (Windows NT 10.0; WOW64; Trident/7.0; MASBJS; rv:11.0) like Gecko"
93.82.180.122 - - [28/Aug/2019:17:14:16 +0200] "GET /images/main_block_border.gif HTTP/1.1" 304 - "http://renault.activities.at/" "Mozilla/5.0 (Windows NT 10.0; WOW64; Trident/7.0; MASBJS; rv:11.0) like Gecko"
93.82.180.122 - - [28/Aug/2019:17:14:16 +0200] "GET /images/header_block_corner_right_top.gif HTTP/1.1" 304 - "http://renault.activities.at/" "Mozilla/5.0 (Windows NT 10.0; WOW64; Trident/7.0; MASBJS; rv:11.0) like Gecko"
93.82.180.122 - - [28/Aug/2019:17:14:16 +0200] "GET /images/title_border_top.jpg HTTP/1.1" 304 - "http://renault.activities.at/" "Mozilla/5.0 (Windows NT 10.0; WOW64; Trident/7.0; MASBJS; rv:11.0) like Gecko"
93.82.180.122 - - [28/Aug/2019:17:14:16 +0200] "GET /images/main_block_corner_right_bot.gif HTTP/1.1" 304 - "http://renault.activities.at/" "Mozilla/5.0 (Windows NT 10.0; WOW64; Trident/7.0; MASBJS; rv:11.0) like Gecko"
93.82.180.122 - - [28/Aug/2019:17:14:16 +0200] "GET /images/main_block_corner_left_top.gif HTTP/1.1" 304 - "http://renault.activities.at/" "Mozilla/5.0 (Windows NT 10.0; WOW64; Trident/7.0; MASBJS; rv:11.0) like Gecko"
93.82.180.122 - - [28/Aug/2019:17:14:16 +0200] "GET /images/header_block_corner_left_top.gif HTTP/1.1" 304 - "http://renault.activities.at/" "Mozilla/5.0 (Windows NT 10.0; WOW64; Trident/7.0; MASBJS; rv:11.0) like Gecko"
93.82.180.122 - - [28/Aug/2019:17:14:16 +0200] "GET /images/title_border.jpg HTTP/1.1" 304 - "http://renault.activities.at/" "Mozilla/5.0 (Windows NT 10.0; WOW64; Trident/7.0; MASBJS; rv:11.0) like Gecko"
80.123.225.36 - - [28/Aug/2019:17:15:15 +0200] "GET /reload?ser=1567005315493 HTTP/1.1" 200 28 "http://renault.activities.at/" "Mozilla/5.0 (Windows NT 10.0; Win64; x64; rv:68.0) Gecko/20100101 Firefox/68.0"
93.82.180.122 - - [28/Aug/2019:17:15:16 +0200] "GET /reload?ser=1567005165668 HTTP/1.1" 200 28 "http://renault.activities.at/" "Mozilla/5.0 (Windows NT 10.0; WOW64; Trident/7.0; MASBJS; rv:11.0) like Gecko"
93.82.180.122 - - [28/Aug/2019:17:16:16 +0200] "GET /reload?ser=1567005226322 HTTP/1.1" 200 28 "http://renault.activities.at/" "Mozilla/5.0 (Windows NT 10.0; WOW64; Trident/7.0; MASBJS; rv:11.0) like Gecko"
80.123.225.36 - - [28/Aug/2019:17:16:16 +0200] "GET /reload?ser=1567005376484 HTTP/1.1" 200 28 "http://renault.activities.at/" "Mozilla/5.0 (Windows NT 10.0; Win64; x64; rv:68.0) Gecko/20100101 Firefox/68.0"
93.82.180.122 - - [28/Aug/2019:17:17:17 +0200] "GET /reload?ser=1567005286975 HTTP/1.1" 200 28 "http://renault.activities.at/" "Mozilla/5.0 (Windows NT 10.0; WOW64; Trident/7.0; MASBJS; rv:11.0) like Gecko"
80.123.225.36 - - [28/Aug/2019:17:17:17 +0200] "GET /reload?ser=1567005437479 HTTP/1.1" 200 28 "http://renault.activities.at/" "Mozilla/5.0 (Windows NT 10.0; Win64; x64; rv:68.0) Gecko/20100101 Firefox/68.0"
93.82.180.122 - - [28/Aug/2019:17:18:18 +0200] "GET /reload?ser=1567005347710 HTTP/1.1" 200 28 "http://renault.activities.at/" "Mozilla/5.0 (Windows NT 10.0; WOW64; Trident/7.0; MASBJS; rv:11.0) like Gecko"
80.123.225.36 - - [28/Aug/2019:17:18:18 +0200] "GET /reload?ser=1567005498481 HTTP/1.1" 200 28 "http://renault.activities.at/" "Mozilla/5.0 (Windows NT 10.0; Win64; x64; rv:68.0) Gecko/20100101 Firefox/68.0"
93.82.180.122 - - [28/Aug/2019:17:19:18 +0200] "GET /reload?ser=1567005408363 HTTP/1.1" 200 28 "http://renault.activities.at/" "Mozilla/5.0 (Windows NT 10.0; WOW64; Trident/7.0; MASBJS; rv:11.0) like Gecko"
80.123.225.36 - - [28/Aug/2019:17:19:19 +0200] "GET /reload?ser=1567005559477 HTTP/1.1" 200 28 "http://renault.activities.at/" "Mozilla/5.0 (Windows NT 10.0; Win64; x64; rv:68.0) Gecko/20100101 Firefox/68.0"
217.76.161.118 - - [28/Aug/2019:17:19:20 +0200] "GET / HTTP/1.1" 200 3448 "-" "Mozilla/5.0 (Windows NT 6.1; WOW64; Trident/7.0; rv:11.0) like Gecko"
217.76.161.118 - - [28/Aug/2019:17:19:28 +0200] "GET /login HTTP/1.1" 200 2085 "http://renault.activities.at/" "Mozilla/5.0 (Windows NT 6.1; WOW64; Trident/7.0; rv:11.0) like Gecko"
217.76.161.118 - - [28/Aug/2019:17:19:37 +0200] "POST /login HTTP/1.1" 302 140 "http://renault.activities.at/login" "Mozilla/5.0 (Windows NT 6.1; WOW64; Trident/7.0; rv:11.0) like Gecko"
217.76.161.118 - - [28/Aug/2019:17:19:39 +0200] "GET /account HTTP/1.1" 200 5965 "http://renault.activities.at/login" "Mozilla/5.0 (Windows NT 6.1; WOW64; Trident/7.0; rv:11.0) like Gecko"
217.76.161.118 - - [28/Aug/2019:17:19:54 +0200] "GET / HTTP/1.1" 200 6265 "-" "Mozilla/5.0 (Windows NT 6.1; WOW64; Trident/7.0; rv:11.0) like Gecko"
93.82.180.122 - - [28/Aug/2019:17:20:19 +0200] "GET /reload?ser=1567005469016 HTTP/1.1" 200 28 "http://renault.activities.at/" "Mozilla/5.0 (Windows NT 10.0; WOW64; Trident/7.0; MASBJS; rv:11.0) like Gecko"
80.123.225.36 - - [28/Aug/2019:17:20:20 +0200] "GET /reload?ser=1567005620443 HTTP/1.1" 200 28 "http://renault.activities.at/" "Mozilla/5.0 (Windows NT 10.0; Win64; x64; rv:68.0) Gecko/20100101 Firefox/68.0"
217.76.161.118 - - [28/Aug/2019:17:20:55 +0200] "GET /reload?ser=1567005651312 HTTP/1.1" 200 28 "http://renault.activities.at/" "Mozilla/5.0 (Windows NT 6.1; WOW64; Trident/7.0; rv:11.0) like Gecko"
93.82.180.122 - - [28/Aug/2019:17:21:20 +0200] "GET /reload?ser=1567005529655 HTTP/1.1" 200 28 "http://renault.activities.at/" "Mozilla/5.0 (Windows NT 10.0; WOW64; Trident/7.0; MASBJS; rv:11.0) like Gecko"
80.123.225.36 - - [28/Aug/2019:17:21:21 +0200] "GET /reload?ser=1567005681413 HTTP/1.1" 200 28 "http://renault.activities.at/" "Mozilla/5.0 (Windows NT 10.0; Win64; x64; rv:68.0) Gecko/20100101 Firefox/68.0"
217.76.161.118 - - [28/Aug/2019:17:21:56 +0200] "GET /reload?ser=1567005712440 HTTP/1.1" 200 28 "http://renault.activities.at/" "Mozilla/5.0 (Windows NT 6.1; WOW64; Trident/7.0; rv:11.0) like Gecko"
40.77.191.43 - - [28/Aug/2019:17:22:13 +0200] "GET /js/index.php?c=auto&f=,prototype/prototype.js,prototype/validation.js,scriptaculous/builder.js,scriptaculous/effects.js,scriptaculous/dragdrop.js,scriptaculous/controls.js,scriptaculous/slider.js,varien/js.js,varien/form.js,varien/menu.js,mage/translate.js,mage/cookies.js,varien/product.js,spinner/SpinnerControl.jsmin.js,prototype/window.js,prototype/window_ext.js HTTP/1.1" 200 398646 "-" "Mozilla/5.0 (iPhone; CPU iPhone OS 7_0 like Mac OS X) AppleWebKit/537.51.1 (KHTML, like Gecko) Version/7.0 Mobile/11A465 Safari/9537.53 BingPreview/1.0b"
93.82.180.122 - - [28/Aug/2019:17:22:20 +0200] "GET /reload?ser=1567005590293 HTTP/1.1" 200 28 "http://renault.activities.at/" "Mozilla/5.0 (Windows NT 10.0; WOW64; Trident/7.0; MASBJS; rv:11.0) like Gecko"
80.123.225.36 - - [28/Aug/2019:17:22:22 +0200] "GET /reload?ser=1567005742404 HTTP/1.1" 200 28 "http://renault.activities.at/" "Mozilla/5.0 (Windows NT 10.0; Win64; x64; rv:68.0) Gecko/20100101 Firefox/68.0"
217.76.161.118 - - [28/Aug/2019:17:22:57 +0200] "GET /reload?ser=1567005773475 HTTP/1.1" 200 28 "http://renault.activities.at/" "Mozilla/5.0 (Windows NT 6.1; WOW64; Trident/7.0; rv:11.0) like Gecko"
93.82.180.122 - - [28/Aug/2019:17:23:21 +0200] "GET /reload?ser=1567005650930 HTTP/1.1" 200 28 "http://renault.activities.at/" "Mozilla/5.0 (Windows NT 10.0; WOW64; Trident/7.0; MASBJS; rv:11.0) like Gecko"
80.123.225.36 - - [28/Aug/2019:17:23:23 +0200] "GET /reload?ser=1567005803400 HTTP/1.1" 200 28 "http://renault.activities.at/" "Mozilla/5.0 (Windows NT 10.0; Win64; x64; rv:68.0) Gecko/20100101 Firefox/68.0"
217.76.161.118 - - [28/Aug/2019:17:23:58 +0200] "GET /reload?ser=1567005834585 HTTP/1.1" 200 28 "http://renault.activities.at/" "Mozilla/5.0 (Windows NT 6.1; WOW64; Trident/7.0; rv:11.0) like Gecko"
93.82.180.122 - - [28/Aug/2019:17:24:22 +0200] "GET /reload?ser=1567005711626 HTTP/1.1" 200 28 "http://renault.activities.at/" "Mozilla/5.0 (Windows NT 10.0; WOW64; Trident/7.0; MASBJS; rv:11.0) like Gecko"
80.123.225.36 - - [28/Aug/2019:17:24:24 +0200] "GET /reload?ser=1567005864386 HTTP/1.1" 200 28 "http://renault.activities.at/" "Mozilla/5.0 (Windows NT 10.0; Win64; x64; rv:68.0) Gecko/20100101 Firefox/68.0"
217.76.161.118 - - [28/Aug/2019:17:24:59 +0200] "GET /reload?ser=1567005895619 HTTP/1.1" 200 28 "http://renault.activities.at/" "Mozilla/5.0 (Windows NT 6.1; WOW64; Trident/7.0; rv:11.0) like Gecko"
93.82.180.122 - - [28/Aug/2019:17:25:22 +0200] "GET /reload?ser=1567005772266 HTTP/1.1" 200 28 "http://renault.activities.at/" "Mozilla/5.0 (Windows NT 10.0; WOW64; Trident/7.0; MASBJS; rv:11.0) like Gecko"
80.123.225.36 - - [28/Aug/2019:17:25:25 +0200] "GET /reload?ser=1567005925388 HTTP/1.1" 200 28 "http://renault.activities.at/" "Mozilla/5.0 (Windows NT 10.0; Win64; x64; rv:68.0) Gecko/20100101 Firefox/68.0"
217.76.161.118 - - [28/Aug/2019:17:26:01 +0200] "GET /reload?ser=1567005956716 HTTP/1.1" 200 28 "http://renault.activities.at/" "Mozilla/5.0 (Windows NT 6.1; WOW64; Trident/7.0; rv:11.0) like Gecko"
93.82.180.122 - - [28/Aug/2019:17:26:23 +0200] "GET /reload?ser=1567005832902 HTTP/1.1" 200 28 "http://renault.activities.at/" "Mozilla/5.0 (Windows NT 10.0; WOW64; Trident/7.0; MASBJS; rv:11.0) like Gecko"
217.76.161.118 - - [28/Aug/2019:17:27:02 +0200] "GET /reload?ser=1567006017846 HTTP/1.1" 200 28 "http://renault.activities.at/" "Mozilla/5.0 (Windows NT 6.1; WOW64; Trident/7.0; rv:11.0) like Gecko"
93.82.180.122 - - [28/Aug/2019:17:27:23 +0200] "GET /reload?ser=1567005893538 HTTP/1.1" 200 28 "http://renault.activities.at/" "Mozilla/5.0 (Windows NT 10.0; WOW64; Trident/7.0; MASBJS; rv:11.0) like Gecko"
217.76.161.118 - - [28/Aug/2019:17:28:03 +0200] "GET /reload?ser=1567006078942 HTTP/1.1" 200 28 "http://renault.activities.at/" "Mozilla/5.0 (Windows NT 6.1; WOW64; Trident/7.0; rv:11.0) like Gecko"
93.82.180.122 - - [28/Aug/2019:17:28:24 +0200] "GET /reload?ser=1567005954175 HTTP/1.1" 200 28 "http://renault.activities.at/" "Mozilla/5.0 (Windows NT 10.0; WOW64; Trident/7.0; MASBJS; rv:11.0) like Gecko"
217.76.161.118 - - [28/Aug/2019:17:29:04 +0200] "GET /reload?ser=1567006139988 HTTP/1.1" 200 28 "http://renault.activities.at/" "Mozilla/5.0 (Windows NT 6.1; WOW64; Trident/7.0; rv:11.0) like Gecko"
93.82.180.122 - - [28/Aug/2019:17:29:25 +0200] "GET /reload?ser=1567006014814 HTTP/1.1" 200 28 "http://renault.activities.at/" "Mozilla/5.0 (Windows NT 10.0; WOW64; Trident/7.0; MASBJS; rv:11.0) like Gecko"
217.76.161.118 - - [28/Aug/2019:17:30:05 +0200] "GET /reload?ser=1567006201083 HTTP/1.1" 200 28 "http://renault.activities.at/" "Mozilla/5.0 (Windows NT 6.1; WOW64; Trident/7.0; rv:11.0) like Gecko"
93.82.180.122 - - [28/Aug/2019:17:30:25 +0200] "GET /reload?ser=1567006075453 HTTP/1.1" 200 28 "http://renault.activities.at/" "Mozilla/5.0 (Windows NT 10.0; WOW64; Trident/7.0; MASBJS; rv:11.0) like Gecko"
217.76.161.118 - - [28/Aug/2019:17:31:06 +0200] "GET /reload?ser=1567006262145 HTTP/1.1" 200 28 "http://renault.activities.at/" "Mozilla/5.0 (Windows NT 6.1; WOW64; Trident/7.0; rv:11.0) like Gecko"
93.82.180.122 - - [28/Aug/2019:17:31:26 +0200] "GET /reload?ser=1567006136091 HTTP/1.1" 200 28 "http://renault.activities.at/" "Mozilla/5.0 (Windows NT 10.0; WOW64; Trident/7.0; MASBJS; rv:11.0) like Gecko"
217.76.161.118 - - [28/Aug/2019:17:32:07 +0200] "GET /reload?ser=1567006323187 HTTP/1.1" 200 28 "http://renault.activities.at/" "Mozilla/5.0 (Windows NT 6.1; WOW64; Trident/7.0; rv:11.0) like Gecko"
93.82.180.122 - - [28/Aug/2019:17:32:27 +0200] "GET /reload?ser=1567006196734 HTTP/1.1" 200 28 "http://renault.activities.at/" "Mozilla/5.0 (Windows NT 10.0; WOW64; Trident/7.0; MASBJS; rv:11.0) like Gecko"
217.76.161.118 - - [28/Aug/2019:17:33:08 +0200] "GET /reload?ser=1567006384241 HTTP/1.1" 200 28 "http://renault.activities.at/" "Mozilla/5.0 (Windows NT 6.1; WOW64; Trident/7.0; rv:11.0) like Gecko"
217.76.161.118 - - [28/Aug/2019:17:34:09 +0200] "GET /reload?ser=1567006445344 HTTP/1.1" 200 28 "http://renault.activities.at/" "Mozilla/5.0 (Windows NT 6.1; WOW64; Trident/7.0; rv:11.0) like Gecko"
217.76.161.118 - - [28/Aug/2019:17:35:10 +0200] "GET /reload?ser=1567006506428 HTTP/1.1" 200 28 "http://renault.activities.at/" "Mozilla/5.0 (Windows NT 6.1; WOW64; Trident/7.0; rv:11.0) like Gecko"
217.76.161.118 - - [28/Aug/2019:17:36:11 +0200] "GET /reload?ser=1567006567553 HTTP/1.1" 200 28 "http://renault.activities.at/" "Mozilla/5.0 (Windows NT 6.1; WOW64; Trident/7.0; rv:11.0) like Gecko"
217.76.161.118 - - [28/Aug/2019:17:37:13 +0200] "GET /reload?ser=1567006628649 HTTP/1.1" 200 28 "http://renault.activities.at/" "Mozilla/5.0 (Windows NT 6.1; WOW64; Trident/7.0; rv:11.0) like Gecko"
217.76.161.118 - - [28/Aug/2019:17:38:14 +0200] "GET /reload?ser=1567006689783 HTTP/1.1" 200 28 "http://renault.activities.at/" "Mozilla/5.0 (Windows NT 6.1; WOW64; Trident/7.0; rv:11.0) like Gecko"
217.76.161.118 - - [28/Aug/2019:17:39:15 +0200] "GET /reload?ser=1567006750863 HTTP/1.1" 200 28 "http://renault.activities.at/" "Mozilla/5.0 (Windows NT 6.1; WOW64; Trident/7.0; rv:11.0) like Gecko"
217.76.161.118 - - [28/Aug/2019:17:40:16 +0200] "GET /reload?ser=1567006811989 HTTP/1.1" 200 28 "http://renault.activities.at/" "Mozilla/5.0 (Windows NT 6.1; WOW64; Trident/7.0; rv:11.0) like Gecko"
217.76.161.118 - - [28/Aug/2019:17:41:17 +0200] "GET /reload?ser=1567006873007 HTTP/1.1" 200 28 "http://renault.activities.at/" "Mozilla/5.0 (Windows NT 6.1; WOW64; Trident/7.0; rv:11.0) like Gecko"
217.76.161.118 - - [28/Aug/2019:17:42:18 +0200] "GET /reload?ser=1567006934060 HTTP/1.1" 200 28 "http://renault.activities.at/" "Mozilla/5.0 (Windows NT 6.1; WOW64; Trident/7.0; rv:11.0) like Gecko"
217.76.161.118 - - [28/Aug/2019:17:43:19 +0200] "GET /reload?ser=1567006995168 HTTP/1.1" 200 28 "http://renault.activities.at/" "Mozilla/5.0 (Windows NT 6.1; WOW64; Trident/7.0; rv:11.0) like Gecko"
217.76.161.118 - - [28/Aug/2019:17:44:20 +0200] "GET /reload?ser=1567007056264 HTTP/1.1" 200 28 "http://renault.activities.at/" "Mozilla/5.0 (Windows NT 6.1; WOW64; Trident/7.0; rv:11.0) like Gecko"
217.76.161.118 - - [28/Aug/2019:17:45:21 +0200] "GET /reload?ser=1567007117355 HTTP/1.1" 200 28 "http://renault.activities.at/" "Mozilla/5.0 (Windows NT 6.1; WOW64; Trident/7.0; rv:11.0) like Gecko"
217.76.161.118 - - [28/Aug/2019:17:46:22 +0200] "GET /reload?ser=1567007178488 HTTP/1.1" 200 28 "http://renault.activities.at/" "Mozilla/5.0 (Windows NT 6.1; WOW64; Trident/7.0; rv:11.0) like Gecko"
217.76.161.118 - - [28/Aug/2019:17:47:23 +0200] "GET /reload?ser=1567007239577 HTTP/1.1" 200 28 "http://renault.activities.at/" "Mozilla/5.0 (Windows NT 6.1; WOW64; Trident/7.0; rv:11.0) like Gecko"
217.76.161.118 - - [28/Aug/2019:17:48:25 +0200] "GET /reload?ser=1567007300684 HTTP/1.1" 200 28 "http://renault.activities.at/" "Mozilla/5.0 (Windows NT 6.1; WOW64; Trident/7.0; rv:11.0) like Gecko"
217.76.161.118 - - [28/Aug/2019:17:49:26 +0200] "GET /reload?ser=1567007361721 HTTP/1.1" 200 28 "http://renault.activities.at/" "Mozilla/5.0 (Windows NT 6.1; WOW64; Trident/7.0; rv:11.0) like Gecko"
217.76.161.118 - - [28/Aug/2019:17:50:27 +0200] "GET /reload?ser=1567007422813 HTTP/1.1" 200 28 "http://renault.activities.at/" "Mozilla/5.0 (Windows NT 6.1; WOW64; Trident/7.0; rv:11.0) like Gecko"
217.76.161.118 - - [28/Aug/2019:17:51:28 +0200] "GET /reload?ser=1567007483906 HTTP/1.1" 200 28 "http://renault.activities.at/" "Mozilla/5.0 (Windows NT 6.1; WOW64; Trident/7.0; rv:11.0) like Gecko"
217.76.161.118 - - [28/Aug/2019:17:52:29 +0200] "GET /reload?ser=1567007544933 HTTP/1.1" 200 28 "http://renault.activities.at/" "Mozilla/5.0 (Windows NT 6.1; WOW64; Trident/7.0; rv:11.0) like Gecko"
89.144.201.231 - - [28/Aug/2019:20:15:04 +0200] "GET / HTTP/1.1" 200 3448 "-" "Mozilla/5.0 (iPhone; CPU iPhone OS 12_4 like Mac OS X) AppleWebKit/605.1.15 (KHTML, like Gecko) Version/12.1.2 Mobile/15E148 Safari/604.1"
89.144.201.231 - - [28/Aug/2019:20:15:05 +0200] "GET /apple-touch-icon-120x120-precomposed.png HTTP/1.1" 200 1558 "-" "MobileSafari/604.1 CFNetwork/978.0.7 Darwin/18.7.0"
89.144.201.231 - - [28/Aug/2019:20:15:06 +0200] "GET /apple-touch-icon-120x120.png HTTP/1.1" 200 1558 "-" "MobileSafari/604.1 CFNetwork/978.0.7 Darwin/18.7.0"
89.144.201.231 - - [28/Aug/2019:20:15:07 +0200] "GET /apple-touch-icon-precomposed.png HTTP/1.1" 200 1558 "-" "MobileSafari/604.1 CFNetwork/978.0.7 Darwin/18.7.0"
89.144.201.231 - - [28/Aug/2019:20:15:08 +0200] "GET /apple-touch-icon.png HTTP/1.1" 200 1558 "-" "MobileSafari/604.1 CFNetwork/978.0.7 Darwin/18.7.0"
89.144.201.231 - - [28/Aug/2019:20:15:09 +0200] "GET /images/favicon.ico HTTP/1.1" 404 305 "-" "MobileSafari/604.1 CFNetwork/978.0.7 Darwin/18.7.0"
89.144.201.231 - - [28/Aug/2019:20:15:10 +0200] "GET /images/favicon.ico HTTP/1.1" 404 305 "-" "MobileSafari/604.1 CFNetwork/978.0.7 Darwin/18.7.0"
89.144.201.231 - - [28/Aug/2019:20:15:10 +0200] "GET /favicon.ico HTTP/1.1" 200 3250 "-" "MobileSafari/604.1 CFNetwork/978.0.7 Darwin/18.7.0"
89.144.201.231 - - [28/Aug/2019:20:15:10 +0200] "GET /apple-touch-icon-120x120-precomposed.png HTTP/1.1" 200 1558 "-" "MobileSafari/604.1 CFNetwork/978.0.7 Darwin/18.7.0"
89.144.201.231 - - [28/Aug/2019:20:15:11 +0200] "GET /apple-touch-icon-120x120.png HTTP/1.1" 200 1558 "-" "MobileSafari/604.1 CFNetwork/978.0.7 Darwin/18.7.0"
89.144.201.231 - - [28/Aug/2019:20:15:12 +0200] "GET /apple-touch-icon-precomposed.png HTTP/1.1" 200 1558 "-" "MobileSafari/604.1 CFNetwork/978.0.7 Darwin/18.7.0"
89.144.201.231 - - [28/Aug/2019:20:15:13 +0200] "GET /apple-touch-icon.png HTTP/1.1" 200 1558 "-" "MobileSafari/604.1 CFNetwork/978.0.7 Darwin/18.7.0"
89.144.201.231 - - [28/Aug/2019:20:15:14 +0200] "GET /images/favicon.ico HTTP/1.1" 404 305 "-" "MobileSafari/604.1 CFNetwork/978.0.7 Darwin/18.7.0"
89.144.201.231 - - [28/Aug/2019:20:15:14 +0200] "GET /images/favicon.ico HTTP/1.1" 404 305 "-" "MobileSafari/604.1 CFNetwork/978.0.7 Darwin/18.7.0"
89.144.201.231 - - [28/Aug/2019:20:15:14 +0200] "GET /favicon.ico HTTP/1.1" 200 3250 "-" "MobileSafari/604.1 CFNetwork/978.0.7 Darwin/18.7.0"
91.141.3.17 - - [28/Aug/2019:20:23:29 +0200] "GET / HTTP/1.1" 200 3448 "-" "Mozilla/5.0 (iPad; CPU OS 12_4 like Mac OS X) AppleWebKit/605.1.15 (KHTML, like Gecko) Version/12.1.2 Mobile/15E148 Safari/604.1"
91.141.3.17 - - [28/Aug/2019:20:23:30 +0200] "GET /apple-touch-icon-152x152-precomposed.png HTTP/1.1" 200 1558 "-" "MobileSafari/604.1 CFNetwork/978.0.7 Darwin/18.7.0"
91.141.3.17 - - [28/Aug/2019:20:23:31 +0200] "GET /apple-touch-icon-152x152.png HTTP/1.1" 200 1558 "-" "MobileSafari/604.1 CFNetwork/978.0.7 Darwin/18.7.0"
91.141.3.17 - - [28/Aug/2019:20:23:32 +0200] "GET /apple-touch-icon-precomposed.png HTTP/1.1" 200 1558 "-" "MobileSafari/604.1 CFNetwork/978.0.7 Darwin/18.7.0"
91.141.3.17 - - [28/Aug/2019:20:23:33 +0200] "GET /apple-touch-icon.png HTTP/1.1" 200 1558 "-" "MobileSafari/604.1 CFNetwork/978.0.7 Darwin/18.7.0"
91.141.3.17 - - [28/Aug/2019:20:23:34 +0200] "GET /images/favicon.ico HTTP/1.1" 404 305 "-" "MobileSafari/604.1 CFNetwork/978.0.7 Darwin/18.7.0"
91.141.3.17 - - [28/Aug/2019:20:23:34 +0200] "GET /images/favicon.ico HTTP/1.1" 404 305 "-" "MobileSafari/604.1 CFNetwork/978.0.7 Darwin/18.7.0"
91.141.3.17 - - [28/Aug/2019:20:23:34 +0200] "GET /favicon.ico HTTP/1.1" 200 3250 "-" "MobileSafari/604.1 CFNetwork/978.0.7 Darwin/18.7.0"
91.141.3.17 - - [28/Aug/2019:20:23:34 +0200] "GET /apple-touch-icon-152x152-precomposed.png HTTP/1.1" 200 1558 "-" "MobileSafari/604.1 CFNetwork/978.0.7 Darwin/18.7.0"
91.141.3.17 - - [28/Aug/2019:20:23:35 +0200] "GET /apple-touch-icon-152x152.png HTTP/1.1" 200 1558 "-" "MobileSafari/604.1 CFNetwork/978.0.7 Darwin/18.7.0"
91.141.3.17 - - [28/Aug/2019:20:23:36 +0200] "GET /apple-touch-icon-precomposed.png HTTP/1.1" 200 1558 "-" "MobileSafari/604.1 CFNetwork/978.0.7 Darwin/18.7.0"
91.141.3.17 - - [28/Aug/2019:20:23:37 +0200] "GET /apple-touch-icon.png HTTP/1.1" 200 1558 "-" "MobileSafari/604.1 CFNetwork/978.0.7 Darwin/18.7.0"
91.141.3.17 - - [28/Aug/2019:20:23:38 +0200] "GET /images/favicon.ico HTTP/1.1" 404 305 "-" "MobileSafari/604.1 CFNetwork/978.0.7 Darwin/18.7.0"
91.141.3.17 - - [28/Aug/2019:20:23:38 +0200] "GET /images/favicon.ico HTTP/1.1" 404 305 "-" "MobileSafari/604.1 CFNetwork/978.0.7 Darwin/18.7.0"
91.141.3.17 - - [28/Aug/2019:20:23:39 +0200] "GET /favicon.ico HTTP/1.1" 200 3250 "-" "MobileSafari/604.1 CFNetwork/978.0.7 Darwin/18.7.0"
66.249.66.89 - - [28/Aug/2019:20:52:54 +0200] "GET /robots.txt HTTP/1.1" 404 300 "-" "Mozilla/5.0 (compatible; Googlebot/2.1; +http://www.google.com/bot.html)"
66.249.66.90 - - [28/Aug/2019:20:52:54 +0200] "GET /login HTTP/1.1" 200 2085 "-" "Mozilla/5.0 (Linux; Android 6.0.1; Nexus 5X Build/MMB29P) AppleWebKit/537.36 (KHTML, like Gecko) Chrome/41.0.2272.96 Mobile Safari/537.36 (compatible; Googlebot/2.1; +http://www.google.com/bot.html)"
40.77.189.103 - - [28/Aug/2019:21:31:48 +0200] "GET /css/clears.css HTTP/1.1" 200 1978 "-" "Mozilla/5.0 (Windows NT 6.1; WOW64) AppleWebKit/534+ (KHTML, like Gecko) BingPreview/1.0b"
40.77.189.209 - - [28/Aug/2019:21:31:49 +0200] "GET /css/print.css HTTP/1.1" 200 1042 "-" "Mozilla/5.0 (Windows NT 6.1; WOW64) AppleWebKit/534+ (KHTML, like Gecko) BingPreview/1.0b"
91.141.3.17 - - [28/Aug/2019:22:17:53 +0200] "GET / HTTP/1.1" 200 3448 "-" "Mozilla/5.0 (iPad; CPU OS 12_4 like Mac OS X) AppleWebKit/605.1.15 (KHTML, like Gecko) Version/12.1.2 Mobile/15E148 Safari/604.1"
91.141.3.17 - - [28/Aug/2019:22:17:54 +0200] "GET /apple-touch-icon-152x152-precomposed.png HTTP/1.1" 200 1558 "-" "MobileSafari/604.1 CFNetwork/978.0.7 Darwin/18.7.0"
91.141.3.17 - - [28/Aug/2019:22:17:55 +0200] "GET /apple-touch-icon-152x152.png HTTP/1.1" 200 1558 "-" "MobileSafari/604.1 CFNetwork/978.0.7 Darwin/18.7.0"
91.141.3.17 - - [28/Aug/2019:22:17:56 +0200] "GET /apple-touch-icon-precomposed.png HTTP/1.1" 200 1558 "-" "MobileSafari/604.1 CFNetwork/978.0.7 Darwin/18.7.0"
91.141.3.17 - - [28/Aug/2019:22:17:57 +0200] "GET /apple-touch-icon.png HTTP/1.1" 200 1558 "-" "MobileSafari/604.1 CFNetwork/978.0.7 Darwin/18.7.0"
91.141.3.17 - - [28/Aug/2019:22:17:58 +0200] "GET /images/favicon.ico HTTP/1.1" 404 305 "-" "MobileSafari/604.1 CFNetwork/978.0.7 Darwin/18.7.0"
91.141.3.17 - - [28/Aug/2019:22:17:58 +0200] "GET /images/favicon.ico HTTP/1.1" 404 305 "-" "MobileSafari/604.1 CFNetwork/978.0.7 Darwin/18.7.0"
91.141.3.17 - - [28/Aug/2019:22:17:59 +0200] "GET /favicon.ico HTTP/1.1" 200 3250 "-" "MobileSafari/604.1 CFNetwork/978.0.7 Darwin/18.7.0"
91.141.3.17 - - [28/Aug/2019:22:17:59 +0200] "GET /apple-touch-icon-152x152-precomposed.png HTTP/1.1" 200 1558 "-" "MobileSafari/604.1 CFNetwork/978.0.7 Darwin/18.7.0"
91.141.3.17 - - [28/Aug/2019:22:18:00 +0200] "GET /apple-touch-icon-152x152.png HTTP/1.1" 200 1558 "-" "MobileSafari/604.1 CFNetwork/978.0.7 Darwin/18.7.0"
91.141.3.17 - - [28/Aug/2019:22:18:01 +0200] "GET /apple-touch-icon-precomposed.png HTTP/1.1" 200 1558 "-" "MobileSafari/604.1 CFNetwork/978.0.7 Darwin/18.7.0"
91.141.3.17 - - [28/Aug/2019:22:18:02 +0200] "GET /apple-touch-icon.png HTTP/1.1" 200 1558 "-" "MobileSafari/604.1 CFNetwork/978.0.7 Darwin/18.7.0"
91.141.3.17 - - [28/Aug/2019:22:18:03 +0200] "GET /images/favicon.ico HTTP/1.1" 404 305 "-" "MobileSafari/604.1 CFNetwork/978.0.7 Darwin/18.7.0"
91.141.3.17 - - [28/Aug/2019:22:18:03 +0200] "GET /images/favicon.ico HTTP/1.1" 404 305 "-" "MobileSafari/604.1 CFNetwork/978.0.7 Darwin/18.7.0"
91.141.3.17 - - [28/Aug/2019:22:18:03 +0200] "GET /favicon.ico HTTP/1.1" 200 3250 "-" "MobileSafari/604.1 CFNetwork/978.0.7 Darwin/18.7.0"
52.240.159.47 - - [29/Aug/2019:00:29:26 +0200] "GET /robots.txt HTTP/1.1" 404 300 "-" "Mozilla/5.0 (compatible; bingbot/2.0; +http://www.bing.com/bingbot.htm)"
52.162.161.148 - - [29/Aug/2019:00:29:29 +0200] "GET /login HTTP/1.1" 200 2085 "-" "Mozilla/5.0 (compatible; bingbot/2.0; +http://www.bing.com/bingbot.htm)"
40.77.167.7 - - [29/Aug/2019:00:29:43 +0200] "GET /css/reset.css HTTP/1.1" 200 1356 "-" "Mozilla/5.0 (compatible; bingbot/2.0; +http://www.bing.com/bingbot.htm)"
40.77.167.7 - - [29/Aug/2019:00:29:43 +0200] "GET /css/clears.css HTTP/1.1" 200 851 "-" "Mozilla/5.0 (compatible; bingbot/2.0; +http://www.bing.com/bingbot.htm)"
40.77.167.7 - - [29/Aug/2019:00:29:43 +0200] "GET /js/checkout.css HTTP/1.1" 200 359 "-" "Mozilla/5.0 (compatible; bingbot/2.0; +http://www.bing.com/bingbot.htm)"
40.77.167.7 - - [29/Aug/2019:00:29:43 +0200] "GET /css/prototip.css HTTP/1.1" 200 968 "-" "Mozilla/5.0 (compatible; bingbot/2.0; +http://www.bing.com/bingbot.htm)"
40.77.167.7 - - [29/Aug/2019:00:29:44 +0200] "GET /css/themes/alphacube.css HTTP/1.1" 200 743 "-" "Mozilla/5.0 (compatible; bingbot/2.0; +http://www.bing.com/bingbot.htm)"
40.77.167.7 - - [29/Aug/2019:00:29:44 +0200] "GET /js/index.php?c=auto&f=,prototype/prototype.js,prototype/validation.js,scriptaculous/builder.js,scriptaculous/effects.js,scriptaculous/dragdrop.js,scriptaculous/controls.js,scriptaculous/slider.js,varien/js.js,varien/form.js,varien/menu.js,mage/translate.js,mage/cookies.js,varien/product.js,spinner/SpinnerControl.jsmin.js,prototype/window.js,prototype/window_ext.js HTTP/1.1" 200 94182 "-" "Mozilla/5.0 (compatible; bingbot/2.0; +http://www.bing.com/bingbot.htm)"
207.46.13.73 - - [29/Aug/2019:00:29:48 +0200] "GET /css/print.css HTTP/1.1" 200 543 "-" "Mozilla/5.0 (compatible; bingbot/2.0; +http://www.bing.com/bingbot.htm)"
207.46.13.73 - - [29/Aug/2019:00:29:49 +0200] "GET /css/themes/default.css HTTP/1.1" 200 769 "-" "Mozilla/5.0 (compatible; bingbot/2.0; +http://www.bing.com/bingbot.htm)"
207.46.13.73 - - [29/Aug/2019:00:29:49 +0200] "GET /js/default.js HTTP/1.1" 200 14698 "-" "Mozilla/5.0 (compatible; bingbot/2.0; +http://www.bing.com/bingbot.htm)"
40.77.167.29 - - [29/Aug/2019:00:29:53 +0200] "GET /css/styles.css HTTP/1.1" 200 14664 "-" "Mozilla/5.0 (compatible; bingbot/2.0; +http://www.bing.com/bingbot.htm)"
40.77.191.126 - - [29/Aug/2019:01:35:12 +0200] "GET /js/default.js HTTP/1.1" 200 14698 "http://renault.activities.at/login" "Mozilla/5.0 (Windows NT 6.1; WOW64) AppleWebKit/534+ (KHTML, like Gecko) BingPreview/1.0b"
40.77.191.126 - - [29/Aug/2019:01:35:14 +0200] "GET /js/index.php?c=auto&f=,prototype/prototype.js,prototype/validation.js,scriptaculous/builder.js,scriptaculous/effects.js,scriptaculous/dragdrop.js,scriptaculous/controls.js,scriptaculous/slider.js,varien/js.js,varien/form.js,varien/menu.js,mage/translate.js,mage/cookies.js,varien/product.js,spinner/SpinnerControl.jsmin.js,prototype/window.js,prototype/window_ext.js HTTP/1.1" 200 94182 "http://renault.activities.at/login" "Mozilla/5.0 (Windows NT 6.1; WOW64) AppleWebKit/534+ (KHTML, like Gecko) BingPreview/1.0b"
40.77.191.126 - - [29/Aug/2019:01:35:20 +0200] "GET /css/reset.css HTTP/1.1" 200 1356 "http://renault.activities.at/login" "Mozilla/5.0 (Windows NT 6.1; WOW64) AppleWebKit/534+ (KHTML, like Gecko) BingPreview/1.0b"
40.77.191.126 - - [29/Aug/2019:01:35:20 +0200] "GET /css/clears.css HTTP/1.1" 200 851 "http://renault.activities.at/login" "Mozilla/5.0 (Windows NT 6.1; WOW64) AppleWebKit/534+ (KHTML, like Gecko) BingPreview/1.0b"
40.77.191.126 - - [29/Aug/2019:01:35:20 +0200] "GET /css/styles.css HTTP/1.1" 200 14664 "http://renault.activities.at/login" "Mozilla/5.0 (Windows NT 6.1; WOW64) AppleWebKit/534+ (KHTML, like Gecko) BingPreview/1.0b"
40.77.191.126 - - [29/Aug/2019:01:35:20 +0200] "GET /js/checkout.css HTTP/1.1" 200 359 "http://renault.activities.at/login" "Mozilla/5.0 (Windows NT 6.1; WOW64) AppleWebKit/534+ (KHTML, like Gecko) BingPreview/1.0b"
40.77.191.126 - - [29/Aug/2019:01:35:21 +0200] "GET /css/prototip.css HTTP/1.1" 200 968 "http://renault.activities.at/login" "Mozilla/5.0 (Windows NT 6.1; WOW64) AppleWebKit/534+ (KHTML, like Gecko) BingPreview/1.0b"
40.77.191.126 - - [29/Aug/2019:01:35:21 +0200] "GET /css/themes/default.css HTTP/1.1" 200 769 "http://renault.activities.at/login" "Mozilla/5.0 (Windows NT 6.1; WOW64) AppleWebKit/534+ (KHTML, like Gecko) BingPreview/1.0b"
40.77.191.126 - - [29/Aug/2019:01:35:21 +0200] "GET /css/themes/alphacube.css HTTP/1.1" 200 743 "http://renault.activities.at/login" "Mozilla/5.0 (Windows NT 6.1; WOW64) AppleWebKit/534+ (KHTML, like Gecko) BingPreview/1.0b"
40.77.191.126 - - [29/Aug/2019:01:35:23 +0200] "GET /loadthumbnail.php?id=11127982 HTTP/1.1" 200 399614 "http://renault.activities.at/login" "Mozilla/5.0 (Windows NT 6.1; WOW64) AppleWebKit/534+ (KHTML, like Gecko) BingPreview/1.0b"
40.77.191.126 - - [29/Aug/2019:01:35:25 +0200] "GET /css/print.css HTTP/1.1" 200 543 "http://renault.activities.at/login" "Mozilla/5.0 (Windows NT 6.1; WOW64) AppleWebKit/534+ (KHTML, like Gecko) BingPreview/1.0b"