80.123.225.36 - - [28/Aug/2019:10:38:02 +0200] "GET /images/title_corner_right_top.jpg HTTP/1.1" 304 - "http://renault.activities.at/success" "Mozilla/5.0 (compatible; MSIE 10.0; Windows NT 6.1; WOW64; Trident/6.0)"
80.123.225.36 - - [28/Aug/2019:10:38:02 +0200] "GET /images/title_corner_left_top.jpg HTTP/1.1" 304 - "http://renault.activities.at/success" "Mozilla/5.0 (compatible; MSIE 10.0; Windows NT 6.1; WOW64; Trident/6.0)"
80.123.225.36 - - [28/Aug/2019:10:38:02 +0200] "GET /images/title_border_top.jpg HTTP/1.1" 304 - "http://renault.activities.at/success" "Mozilla/5.0 (compatible; MSIE 10.0; Windows NT 6.1; WOW64; Trident/6.0)"
80.123.225.36 - - [28/Aug/2019:10:38:02 +0200] "GET /images/title_border.jpg HTTP/1.1" 304 - "http://renault.activities.at/success" "Mozilla/5.0 (compatible; MSIE 10.0; Windows NT 6.1; WOW64; Trident/6.0)"
80.123.225.36 - - [28/Aug/2019:10:38:02 +0200] "GET /images/menu_divider.gif HTTP/1.1" 304 - "http://renault.activities.at/success" "Mozilla/5.0 (compatible; MSIE 10.0; Windows NT 6.1; WOW64; Trident/6.0)"
80.123.225.36 - - [28/Aug/2019:10:38:02 +0200] "GET /images/button_left_bg.gif HTTP/1.1" 304 - "http://renault.activities.at/success" "Mozilla/5.0 (compatible; MSIE 10.0; Windows NT 6.1; WOW64; Trident/6.0)"
80.123.225.36 - - [28/Aug/2019:10:38:02 +0200] "GET /images/top_links_divider.gif HTTP/1.1" 304 - "http://renault.activities.at/success" "Mozilla/5.0 (compatible; MSIE 10.0; Windows NT 6.1; WOW64; Trident/6.0)"
83.219.165.34 - - [28/Aug/2019:10:38:02 +0200] "GET /reload?ser=1566981483362 HTTP/1.1" 200 28 "http://renault.activities.at/result?dir=DESC&mode=grid&order=name&limit=15&page=6&search=Vorf%C3%BChrwagen" "Mozilla/5.0 (Windows NT 10.0; Win64; x64) AppleWebKit/537.36 (KHTML, like Gecko) Chrome/76.0.3809.100 Safari/537.36"
80.123.225.36 - - [28/Aug/2019:10:38:04 +0200] "GET /logout HTTP/1.1" 302 140 "http://renault.activities.at/success" "Mozilla/5.0 (compatible; MSIE 10.0; Windows NT 6.1; WOW64; Trident/6.0)"
80.123.225.36 - - [28/Aug/2019:10:38:05 +0200] "GET /logout HTTP/1.1" 200 1583 "http://renault.activities.at/success" "Mozilla/5.0 (compatible; MSIE 10.0; Windows NT 6.1; WOW64; Trident/6.0)"
80.123.225.36 - - [28/Aug/2019:10:38:06 +0200] "GET /js/default.js HTTP/1.1" 304 - "http://renault.activities.at/logout" "Mozilla/5.0 (compatible; MSIE 10.0; Windows NT 6.1; WOW64; Trident/6.0)"
80.123.225.36 - - [28/Aug/2019:10:38:06 +0200] "GET /css/reset.css HTTP/1.1" 304 - "http://renault.activities.at/logout" "Mozilla/5.0 (compatible; MSIE 10.0; Windows NT 6.1; WOW64; Trident/6.0)"
80.123.225.36 - - [28/Aug/2019:10:38:06 +0200] "GET /css/styles.css HTTP/1.1" 304 - "http://renault.activities.at/logout" "Mozilla/5.0 (compatible; MSIE 10.0; Windows NT 6.1; WOW64; Trident/6.0)"
80.123.225.36 - - [28/Aug/2019:10:38:06 +0200] "GET /css/clears.css HTTP/1.1" 304 - "http://renault.activities.at/logout" "Mozilla/5.0 (compatible; MSIE 10.0; Windows NT 6.1; WOW64; Trident/6.0)"
80.123.225.36 - - [28/Aug/2019:10:38:06 +0200] "GET /css/print.css HTTP/1.1" 304 - "http://renault.activities.at/logout" "Mozilla/5.0 (compatible; MSIE 10.0; Windows NT 6.1; WOW64; Trident/6.0)"
80.123.225.36 - - [28/Aug/2019:10:38:06 +0200] "GET /js/checkout.css HTTP/1.1" 304 - "http://renault.activities.at/logout" "Mozilla/5.0 (compatible; MSIE 10.0; Windows NT 6.1; WOW64; Trident/6.0)"
80.123.225.36 - - [28/Aug/2019:10:38:06 +0200] "GET /css/prototip.css HTTP/1.1" 304 - "http://renault.activities.at/logout" "Mozilla/5.0 (compatible; MSIE 10.0; Windows NT 6.1; WOW64; Trident/6.0)"
80.123.225.36 - - [28/Aug/2019:10:38:06 +0200] "GET /css/themes/default.css HTTP/1.1" 304 - "http://renault.activities.at/logout" "Mozilla/5.0 (compatible; MSIE 10.0; Windows NT 6.1; WOW64; Trident/6.0)"
80.123.225.36 - - [28/Aug/2019:10:38:06 +0200] "GET /css/themes/alphacube.css HTTP/1.1" 304 - "http://renault.activities.at/logout" "Mozilla/5.0 (compatible; MSIE 10.0; Windows NT 6.1; WOW64; Trident/6.0)"
80.123.225.36 - - [28/Aug/2019:10:38:06 +0200] "GET /images/main_block_corner_right_bot.gif HTTP/1.1" 304 - "http://renault.activities.at/logout" "Mozilla/5.0 (compatible; MSIE 10.0; Windows NT 6.1; WOW64; Trident/6.0)"
80.123.225.36 - - [28/Aug/2019:10:38:06 +0200] "GET /images/main_block_corner_right_top.gif HTTP/1.1" 304 - "http://renault.activities.at/logout" "Mozilla/5.0 (compatible; MSIE 10.0; Windows NT 6.1; WOW64; Trident/6.0)"
80.123.225.36 - - [28/Aug/2019:10:38:06 +0200] "GET /images/main_block_corner_left_bot.gif HTTP/1.1" 304 - "http://renault.activities.at/logout" "Mozilla/5.0 (compatible; MSIE 10.0; Windows NT 6.1; WOW64; Trident/6.0)"
80.123.225.36 - - [28/Aug/2019:10:38:06 +0200] "GET /images/main_block_corner_left_top.gif HTTP/1.1" 304 - "http://renault.activities.at/logout" "Mozilla/5.0 (compatible; MSIE 10.0; Windows NT 6.1; WOW64; Trident/6.0)"
80.123.225.36 - - [28/Aug/2019:10:38:06 +0200] "GET /images/header_block_corner_right_top.gif HTTP/1.1" 304 - "http://renault.activities.at/logout" "Mozilla/5.0 (compatible; MSIE 10.0; Windows NT 6.1; WOW64; Trident/6.0)"
80.123.225.36 - - [28/Aug/2019:10:38:06 +0200] "GET /images/main_block_border.gif HTTP/1.1" 304 - "http://renault.activities.at/logout" "Mozilla/5.0 (compatible; MSIE 10.0; Windows NT 6.1; WOW64; Trident/6.0)"
80.123.225.36 - - [28/Aug/2019:10:38:06 +0200] "GET /images/title_corner_right_top.jpg HTTP/1.1" 304 - "http://renault.activities.at/logout" "Mozilla/5.0 (compatible; MSIE 10.0; Windows NT 6.1; WOW64; Trident/6.0)"
80.123.225.36 - - [28/Aug/2019:10:38:06 +0200] "GET /images/header_block_border.gif HTTP/1.1" 304 - "http://renault.activities.at/logout" "Mozilla/5.0 (compatible; MSIE 10.0; Windows NT 6.1; WOW64; Trident/6.0)"
80.123.225.36 - - [28/Aug/2019:10:38:06 +0200] "GET /images/title_border.jpg HTTP/1.1" 304 - "http://renault.activities.at/logout" "Mozilla/5.0 (compatible; MSIE 10.0; Windows NT 6.1; WOW64; Trident/6.0)"
80.123.225.36 - - [28/Aug/2019:10:38:06 +0200] "GET /images/header_block_corner_left_top.gif HTTP/1.1" 304 - "http://renault.activities.at/logout" "Mozilla/5.0 (compatible; MSIE 10.0; Windows NT 6.1; WOW64; Trident/6.0)"
80.123.225.36 - - [28/Aug/2019:10:38:06 +0200] "GET /images/title_corner_left_top.jpg HTTP/1.1" 304 - "http://renault.activities.at/logout" "Mozilla/5.0 (compatible; MSIE 10.0; Windows NT 6.1; WOW64; Trident/6.0)"
80.123.225.36 - - [28/Aug/2019:10:38:06 +0200] "GET /images/title_border_top.jpg HTTP/1.1" 304 - "http://renault.activities.at/logout" "Mozilla/5.0 (compatible; MSIE 10.0; Windows NT 6.1; WOW64; Trident/6.0)"
80.123.225.36 - - [28/Aug/2019:10:38:11 +0200] "GET / HTTP/1.1" 200 3448 "http://renault.activities.at/logout" "Mozilla/5.0 (compatible; MSIE 10.0; Windows NT 6.1; WOW64; Trident/6.0)"
80.123.225.36 - - [28/Aug/2019:10:38:12 +0200] "GET /js/default.js HTTP/1.1" 304 - "http://renault.activities.at/" "Mozilla/5.0 (compatible; MSIE 10.0; Windows NT 6.1; WOW64; Trident/6.0)"
80.123.225.36 - - [28/Aug/2019:10:38:12 +0200] "GET /js/flashdetection.js HTTP/1.1" 304 - "http://renault.activities.at/" "Mozilla/5.0 (compatible; MSIE 10.0; Windows NT 6.1; WOW64; Trident/6.0)"
80.123.225.36 - - [28/Aug/2019:10:38:12 +0200] "GET /css/reset.css HTTP/1.1" 304 - "http://renault.activities.at/" "Mozilla/5.0 (compatible; MSIE 10.0; Windows NT 6.1; WOW64; Trident/6.0)"
80.123.225.36 - - [28/Aug/2019:10:38:12 +0200] "GET /css/styles.css HTTP/1.1" 304 - "http://renault.activities.at/" "Mozilla/5.0 (compatible; MSIE 10.0; Windows NT 6.1; WOW64; Trident/6.0)"
80.123.225.36 - - [28/Aug/2019:10:38:12 +0200] "GET /css/clears.css HTTP/1.1" 304 - "http://renault.activities.at/" "Mozilla/5.0 (compatible; MSIE 10.0; Windows NT 6.1; WOW64; Trident/6.0)"
80.123.225.36 - - [28/Aug/2019:10:38:12 +0200] "GET /css/print.css HTTP/1.1" 304 - "http://renault.activities.at/" "Mozilla/5.0 (compatible; MSIE 10.0; Windows NT 6.1; WOW64; Trident/6.0)"
80.123.225.36 - - [28/Aug/2019:10:38:12 +0200] "GET /js/checkout.css HTTP/1.1" 304 - "http://renault.activities.at/" "Mozilla/5.0 (compatible; MSIE 10.0; Windows NT 6.1; WOW64; Trident/6.0)"
80.123.225.36 - - [28/Aug/2019:10:38:12 +0200] "GET /css/prototip.css HTTP/1.1" 304 - "http://renault.activities.at/" "Mozilla/5.0 (compatible; MSIE 10.0; Windows NT 6.1; WOW64; Trident/6.0)"
80.123.225.36 - - [28/Aug/2019:10:38:12 +0200] "GET /css/themes/default.css HTTP/1.1" 304 - "http://renault.activities.at/" "Mozilla/5.0 (compatible; MSIE 10.0; Windows NT 6.1; WOW64; Trident/6.0)"
80.123.225.36 - - [28/Aug/2019:10:38:12 +0200] "GET /css/themes/alphacube.css HTTP/1.1" 304 - "http://renault.activities.at/" "Mozilla/5.0 (compatible; MSIE 10.0; Windows NT 6.1; WOW64; Trident/6.0)"
80.123.225.36 - - [28/Aug/2019:10:38:12 +0200] "GET /images/main_block_corner_left_bot.gif HTTP/1.1" 304 - "http://renault.activities.at/" "Mozilla/5.0 (compatible; MSIE 10.0; Windows NT 6.1; WOW64; Trident/6.0)"
80.123.225.36 - - [28/Aug/2019:10:38:12 +0200] "GET /images/main_block_corner_right_bot.gif HTTP/1.1" 304 - "http://renault.activities.at/" "Mozilla/5.0 (compatible; MSIE 10.0; Windows NT 6.1; WOW64; Trident/6.0)"
80.123.225.36 - - [28/Aug/2019:10:38:12 +0200] "GET /images/main_block_corner_right_top.gif HTTP/1.1" 304 - "http://renault.activities.at/" "Mozilla/5.0 (compatible; MSIE 10.0; Windows NT 6.1; WOW64; Trident/6.0)"
80.123.225.36 - - [28/Aug/2019:10:38:12 +0200] "GET /images/main_block_corner_left_top.gif HTTP/1.1" 304 - "http://renault.activities.at/" "Mozilla/5.0 (compatible; MSIE 10.0; Windows NT 6.1; WOW64; Trident/6.0)"
80.123.225.36 - - [28/Aug/2019:10:38:12 +0200] "GET /images/main_block_border.gif HTTP/1.1" 304 - "http://renault.activities.at/" "Mozilla/5.0 (compatible; MSIE 10.0; Windows NT 6.1; WOW64; Trident/6.0)"
80.123.225.36 - - [28/Aug/2019:10:38:12 +0200] "GET /images/header_block_corner_right_top.gif HTTP/1.1" 304 - "http://renault.activities.at/" "Mozilla/5.0 (compatible; MSIE 10.0; Windows NT 6.1; WOW64; Trident/6.0)"
80.123.225.36 - - [28/Aug/2019:10:38:12 +0200] "GET /images/header_block_border.gif HTTP/1.1" 304 - "http://renault.activities.at/" "Mozilla/5.0 (compatible; MSIE 10.0; Windows NT 6.1; WOW64; Trident/6.0)"
80.123.225.36 - - [28/Aug/2019:10:38:12 +0200] "GET /images/header_block_corner_left_top.gif HTTP/1.1" 304 - "http://renault.activities.at/" "Mozilla/5.0 (compatible; MSIE 10.0; Windows NT 6.1; WOW64; Trident/6.0)"
80.123.225.36 - - [28/Aug/2019:10:38:12 +0200] "GET /images/title_corner_right_top.jpg HTTP/1.1" 304 - "http://renault.activities.at/" "Mozilla/5.0 (compatible; MSIE 10.0; Windows NT 6.1; WOW64; Trident/6.0)"
80.123.225.36 - - [28/Aug/2019:10:38:12 +0200] "GET /images/title_corner_left_top.jpg HTTP/1.1" 304 - "http://renault.activities.at/" "Mozilla/5.0 (compatible; MSIE 10.0; Windows NT 6.1; WOW64; Trident/6.0)"
80.123.225.36 - - [28/Aug/2019:10:38:12 +0200] "GET /images/title_border_top.jpg HTTP/1.1" 304 - "http://renault.activities.at/" "Mozilla/5.0 (compatible; MSIE 10.0; Windows NT 6.1; WOW64; Trident/6.0)"
80.123.225.36 - - [28/Aug/2019:10:38:12 +0200] "GET /images/title_border.jpg HTTP/1.1" 304 - "http://renault.activities.at/" "Mozilla/5.0 (compatible; MSIE 10.0; Windows NT 6.1; WOW64; Trident/6.0)"
213.153.47.173 - - [28/Aug/2019:10:38:24 +0200] "GET /reload?ser=1566981504095 HTTP/1.1" 200 28 "http://renault.activities.at/login?required=true" "Mozilla/5.0 (Windows NT 10.0; Win64; x64; rv:68.0) Gecko/20100101 Firefox/68.0"
217.76.161.118 - - [28/Aug/2019:10:38:33 +0200] "GET /reload?ser=1566981511277 HTTP/1.1" 200 28 "http://renault.activities.at/success" "Mozilla/5.0 (Windows NT 10.0; Win64; x64) AppleWebKit/537.36 (KHTML, like Gecko) Chrome/64.0.3282.140 Safari/537.36 Edge/18.17763"
80.123.225.36 - - [28/Aug/2019:10:38:49 +0200] "GET /reload?ser=1566981529814 HTTP/1.1" 200 28 "http://renault.activities.at/" "Mozilla/5.0 (Windows NT 10.0; Win64; x64; rv:68.0) Gecko/20100101 Firefox/68.0"
80.123.225.36 - - [28/Aug/2019:10:38:50 +0200] "GET /reload?ser=1566981530454 HTTP/1.1" 200 28 "http://renault.activities.at/result?searchterm=true&search=kleber06" "Mozilla/5.0 (Windows NT 10.0; Win64; x64; rv:68.0) Gecko/20100101 Firefox/68.0"
193.194.132.22 - - [28/Aug/2019:10:38:52 +0200] "GET /reload?ser=1566981532513 HTTP/1.1" 200 28 "http://renault.2web.at/success" "Mozilla/5.0 (Windows NT 10.0; WOW64; Trident/7.0; Touch; rv:11.0) like Gecko"
83.219.165.34 - - [28/Aug/2019:10:39:03 +0200] "GET /reload?ser=1566981544298 HTTP/1.1" 200 28 "http://renault.activities.at/result?dir=DESC&mode=grid&order=name&limit=15&page=6&search=Vorf%C3%BChrwagen" "Mozilla/5.0 (Windows NT 10.0; Win64; x64) AppleWebKit/537.36 (KHTML, like Gecko) Chrome/76.0.3809.100 Safari/537.36"
213.153.47.173 - - [28/Aug/2019:10:39:24 +0200] "GET /reload?ser=1566981564768 HTTP/1.1" 200 28 "http://renault.activities.at/login?required=true" "Mozilla/5.0 (Windows NT 10.0; Win64; x64; rv:68.0) Gecko/20100101 Firefox/68.0"
217.76.161.118 - - [28/Aug/2019:10:39:34 +0200] "GET /reload?ser=1566981572357 HTTP/1.1" 200 28 "http://renault.activities.at/success" "Mozilla/5.0 (Windows NT 10.0; Win64; x64) AppleWebKit/537.36 (KHTML, like Gecko) Chrome/64.0.3282.140 Safari/537.36 Edge/18.17763"
80.123.225.36 - - [28/Aug/2019:10:39:50 +0200] "GET /reload?ser=1566981590815 HTTP/1.1" 200 28 "http://renault.activities.at/" "Mozilla/5.0 (Windows NT 10.0; Win64; x64; rv:68.0) Gecko/20100101 Firefox/68.0"
80.123.225.36 - - [28/Aug/2019:10:39:51 +0200] "GET /reload?ser=1566981591472 HTTP/1.1" 200 28 "http://renault.activities.at/result?searchterm=true&search=kleber06" "Mozilla/5.0 (Windows NT 10.0; Win64; x64; rv:68.0) Gecko/20100101 Firefox/68.0"
193.194.132.22 - - [28/Aug/2019:10:39:53 +0200] "GET /reload?ser=1566981593581 HTTP/1.1" 200 28 "http://renault.2web.at/success" "Mozilla/5.0 (Windows NT 10.0; WOW64; Trident/7.0; Touch; rv:11.0) like Gecko"
83.219.165.34 - - [28/Aug/2019:10:40:04 +0200] "GET /reload?ser=1566981605268 HTTP/1.1" 200 28 "http://renault.activities.at/result?dir=DESC&mode=grid&order=name&limit=15&page=6&search=Vorf%C3%BChrwagen" "Mozilla/5.0 (Windows NT 10.0; Win64; x64) AppleWebKit/537.36 (KHTML, like Gecko) Chrome/76.0.3809.100 Safari/537.36"
213.153.47.173 - - [28/Aug/2019:10:40:25 +0200] "GET /reload?ser=1566981625430 HTTP/1.1" 200 28 "http://renault.activities.at/login?required=true" "Mozilla/5.0 (Windows NT 10.0; Win64; x64; rv:68.0) Gecko/20100101 Firefox/68.0"
217.76.161.118 - - [28/Aug/2019:10:40:35 +0200] "GET /reload?ser=1566981633406 HTTP/1.1" 200 28 "http://renault.activities.at/success" "Mozilla/5.0 (Windows NT 10.0; Win64; x64) AppleWebKit/537.36 (KHTML, like Gecko) Chrome/64.0.3282.140 Safari/537.36 Edge/18.17763"
80.123.225.36 - - [28/Aug/2019:10:40:51 +0200] "GET /reload?ser=1566981651800 HTTP/1.1" 200 28 "http://renault.activities.at/" "Mozilla/5.0 (Windows NT 10.0; Win64; x64; rv:68.0) Gecko/20100101 Firefox/68.0"
80.123.225.36 - - [28/Aug/2019:10:40:52 +0200] "GET /reload?ser=1566981652414 HTTP/1.1" 200 28 "http://renault.activities.at/result?searchterm=true&search=kleber06" "Mozilla/5.0 (Windows NT 10.0; Win64; x64; rv:68.0) Gecko/20100101 Firefox/68.0"
193.194.132.22 - - [28/Aug/2019:10:40:54 +0200] "GET /reload?ser=1566981654690 HTTP/1.1" 200 28 "http://renault.2web.at/success" "Mozilla/5.0 (Windows NT 10.0; WOW64; Trident/7.0; Touch; rv:11.0) like Gecko"
83.219.165.34 - - [28/Aug/2019:10:41:05 +0200] "GET /reload?ser=1566981666242 HTTP/1.1" 200 28 "http://renault.activities.at/result?dir=DESC&mode=grid&order=name&limit=15&page=6&search=Vorf%C3%BChrwagen" "Mozilla/5.0 (Windows NT 10.0; Win64; x64) AppleWebKit/537.36 (KHTML, like Gecko) Chrome/76.0.3809.100 Safari/537.36"
213.153.47.173 - - [28/Aug/2019:10:41:26 +0200] "GET /reload?ser=1566981686089 HTTP/1.1" 200 28 "http://renault.activities.at/login?required=true" "Mozilla/5.0 (Windows NT 10.0; Win64; x64; rv:68.0) Gecko/20100101 Firefox/68.0"
217.76.161.118 - - [28/Aug/2019:10:41:36 +0200] "GET /reload?ser=1566981694455 HTTP/1.1" 200 28 "http://renault.activities.at/success" "Mozilla/5.0 (Windows NT 10.0; Win64; x64) AppleWebKit/537.36 (KHTML, like Gecko) Chrome/64.0.3282.140 Safari/537.36 Edge/18.17763"
80.123.225.36 - - [28/Aug/2019:10:41:52 +0200] "GET /reload?ser=1566981712775 HTTP/1.1" 200 28 "http://renault.activities.at/" "Mozilla/5.0 (Windows NT 10.0; Win64; x64; rv:68.0) Gecko/20100101 Firefox/68.0"
80.123.225.36 - - [28/Aug/2019:10:41:53 +0200] "GET /reload?ser=1566981713369 HTTP/1.1" 200 28 "http://renault.activities.at/result?searchterm=true&search=kleber06" "Mozilla/5.0 (Windows NT 10.0; Win64; x64; rv:68.0) Gecko/20100101 Firefox/68.0"
193.194.132.22 - - [28/Aug/2019:10:41:55 +0200] "GET /reload?ser=1566981715763 HTTP/1.1" 200 28 "http://renault.2web.at/success" "Mozilla/5.0 (Windows NT 10.0; WOW64; Trident/7.0; Touch; rv:11.0) like Gecko"
83.219.165.34 - - [28/Aug/2019:10:42:06 +0200] "GET /reload?ser=1566981727176 HTTP/1.1" 200 28 "http://renault.activities.at/result?dir=DESC&mode=grid&order=name&limit=15&page=6&search=Vorf%C3%BChrwagen" "Mozilla/5.0 (Windows NT 10.0; Win64; x64) AppleWebKit/537.36 (KHTML, like Gecko) Chrome/76.0.3809.100 Safari/537.36"
213.153.47.173 - - [28/Aug/2019:10:42:26 +0200] "GET /reload?ser=1566981746741 HTTP/1.1" 200 28 "http://renault.activities.at/login?required=true" "Mozilla/5.0 (Windows NT 10.0; Win64; x64; rv:68.0) Gecko/20100101 Firefox/68.0"
217.76.161.118 - - [28/Aug/2019:10:42:37 +0200] "GET /reload?ser=1566981755589 HTTP/1.1" 200 28 "http://renault.activities.at/success" "Mozilla/5.0 (Windows NT 10.0; Win64; x64) AppleWebKit/537.36 (KHTML, like Gecko) Chrome/64.0.3282.140 Safari/537.36 Edge/18.17763"
80.123.225.36 - - [28/Aug/2019:10:42:53 +0200] "GET /reload?ser=1566981773761 HTTP/1.1" 200 28 "http://renault.activities.at/" "Mozilla/5.0 (Windows NT 10.0; Win64; x64; rv:68.0) Gecko/20100101 Firefox/68.0"
80.123.225.36 - - [28/Aug/2019:10:42:54 +0200] "GET /reload?ser=1566981774336 HTTP/1.1" 200 28 "http://renault.activities.at/result?searchterm=true&search=kleber06" "Mozilla/5.0 (Windows NT 10.0; Win64; x64; rv:68.0) Gecko/20100101 Firefox/68.0"
193.194.132.22 - - [28/Aug/2019:10:42:56 +0200] "GET /reload?ser=1566981776771 HTTP/1.1" 200 28 "http://renault.2web.at/success" "Mozilla/5.0 (Windows NT 10.0; WOW64; Trident/7.0; Touch; rv:11.0) like Gecko"
83.219.165.34 - - [28/Aug/2019:10:43:07 +0200] "GET /reload?ser=1566981788139 HTTP/1.1" 200 28 "http://renault.activities.at/result?dir=DESC&mode=grid&order=name&limit=15&page=6&search=Vorf%C3%BChrwagen" "Mozilla/5.0 (Windows NT 10.0; Win64; x64) AppleWebKit/537.36 (KHTML, like Gecko) Chrome/76.0.3809.100 Safari/537.36"
213.153.47.173 - - [28/Aug/2019:10:43:27 +0200] "GET /reload?ser=1566981807388 HTTP/1.1" 200 28 "http://renault.activities.at/login?required=true" "Mozilla/5.0 (Windows NT 10.0; Win64; x64; rv:68.0) Gecko/20100101 Firefox/68.0"
217.76.161.118 - - [28/Aug/2019:10:43:39 +0200] "GET /reload?ser=1566981817574 HTTP/1.1" 200 28 "http://renault.activities.at/success" "Mozilla/5.0 (Windows NT 10.0; Win64; x64) AppleWebKit/537.36 (KHTML, like Gecko) Chrome/64.0.3282.140 Safari/537.36 Edge/18.17763"
80.123.225.36 - - [28/Aug/2019:10:43:54 +0200] "GET /reload?ser=1566981834760 HTTP/1.1" 200 28 "http://renault.activities.at/" "Mozilla/5.0 (Windows NT 10.0; Win64; x64; rv:68.0) Gecko/20100101 Firefox/68.0"
80.123.225.36 - - [28/Aug/2019:10:43:55 +0200] "GET /reload?ser=1566981835332 HTTP/1.1" 200 28 "http://renault.activities.at/result?searchterm=true&search=kleber06" "Mozilla/5.0 (Windows NT 10.0; Win64; x64; rv:68.0) Gecko/20100101 Firefox/68.0"
193.194.132.22 - - [28/Aug/2019:10:43:57 +0200] "GET /reload?ser=1566981837794 HTTP/1.1" 200 28 "http://renault.2web.at/success" "Mozilla/5.0 (Windows NT 10.0; WOW64; Trident/7.0; Touch; rv:11.0) like Gecko"
83.219.165.34 - - [28/Aug/2019:10:44:08 +0200] "GET /reload?ser=1566981849093 HTTP/1.1" 200 28 "http://renault.activities.at/result?dir=DESC&mode=grid&order=name&limit=15&page=6&search=Vorf%C3%BChrwagen" "Mozilla/5.0 (Windows NT 10.0; Win64; x64) AppleWebKit/537.36 (KHTML, like Gecko) Chrome/76.0.3809.100 Safari/537.36"
213.153.47.173 - - [28/Aug/2019:10:44:28 +0200] "GET /reload?ser=1566981868052 HTTP/1.1" 200 28 "http://renault.activities.at/login?required=true" "Mozilla/5.0 (Windows NT 10.0; Win64; x64; rv:68.0) Gecko/20100101 Firefox/68.0"
91.114.99.206 - - [28/Aug/2019:10:44:30 +0200] "GET /login HTTP/1.1" 200 2085 "-" "Mozilla/5.0 (Windows NT 6.1; Win64; x64) AppleWebKit/537.36 (KHTML, like Gecko) Chrome/76.0.3809.100 Safari/537.36"
91.114.99.206 - - [28/Aug/2019:10:44:31 +0200] "GET /loadthumbnail.php?id=11127982 HTTP/1.1" 200 399614 "http://renault.activities.at/login" "Mozilla/5.0 (Windows NT 6.1; Win64; x64) AppleWebKit/537.36 (KHTML, like Gecko) Chrome/76.0.3809.100 Safari/537.36"
91.114.99.206 - - [28/Aug/2019:10:44:32 +0200] "GET /images/favicon.ico HTTP/1.1" 404 305 "http://renault.activities.at/login" "Mozilla/5.0 (Windows NT 6.1; Win64; x64) AppleWebKit/537.36 (KHTML, like Gecko) Chrome/76.0.3809.100 Safari/537.36"
91.114.99.206 - - [28/Aug/2019:10:44:35 +0200] "POST /login HTTP/1.1" 302 140 "http://renault.activities.at/login" "Mozilla/5.0 (Windows NT 6.1; Win64; x64) AppleWebKit/537.36 (KHTML, like Gecko) Chrome/76.0.3809.100 Safari/537.36"
91.114.99.206 - - [28/Aug/2019:10:44:37 +0200] "GET /account HTTP/1.1" 200 5991 "http://renault.activities.at/login" "Mozilla/5.0 (Windows NT 6.1; Win64; x64) AppleWebKit/537.36 (KHTML, like Gecko) Chrome/76.0.3809.100 Safari/537.36"
91.114.99.206 - - [28/Aug/2019:10:44:39 +0200] "GET /loadthumbnail.php?id=10203651&width=50&height=50 HTTP/1.1" 200 1234 "http://renault.activities.at/account" "Mozilla/5.0 (Windows NT 6.1; Win64; x64) AppleWebKit/537.36 (KHTML, like Gecko) Chrome/76.0.3809.100 Safari/537.36"
217.76.161.118 - - [28/Aug/2019:10:44:41 +0200] "GET /reload?ser=1566981879580 HTTP/1.1" 200 28 "http://renault.activities.at/success" "Mozilla/5.0 (Windows NT 10.0; Win64; x64) AppleWebKit/537.36 (KHTML, like Gecko) Chrome/64.0.3282.140 Safari/537.36 Edge/18.17763"
91.114.99.206 - - [28/Aug/2019:10:44:44 +0200] "GET /result?searchterm=true&search=usb HTTP/1.1" 200 6009 "http://renault.activities.at/account" "Mozilla/5.0 (Windows NT 6.1; Win64; x64) AppleWebKit/537.36 (KHTML, like Gecko) Chrome/76.0.3809.100 Safari/537.36"
91.114.99.206 - - [28/Aug/2019:10:44:46 +0200] "GET /loadthumbnail.php?id=10203255 HTTP/1.1" 200 137 "http://renault.activities.at/result?searchterm=true&search=usb" "Mozilla/5.0 (Windows NT 6.1; Win64; x64) AppleWebKit/537.36 (KHTML, like Gecko) Chrome/76.0.3809.100 Safari/537.36"
91.114.99.206 - - [28/Aug/2019:10:44:46 +0200] "GET /loadthumbnail.php?id=11194750&width=113 HTTP/1.1" 200 2347 "http://renault.activities.at/result?searchterm=true&search=usb" "Mozilla/5.0 (Windows NT 6.1; Win64; x64) AppleWebKit/537.36 (KHTML, like Gecko) Chrome/76.0.3809.100 Safari/537.36"
91.114.99.206 - - [28/Aug/2019:10:44:46 +0200] "GET /loadthumbnail.php?id=11117056&width=113 HTTP/1.1" 200 2184 "http://renault.activities.at/result?searchterm=true&search=usb" "Mozilla/5.0 (Windows NT 6.1; Win64; x64) AppleWebKit/537.36 (KHTML, like Gecko) Chrome/76.0.3809.100 Safari/537.36"
91.114.99.206 - - [28/Aug/2019:10:44:44 +0200] "POST /axjaxrequest?mode=suggest HTTP/1.1" 200 21 "http://renault.activities.at/account" "Mozilla/5.0 (Windows NT 6.1; Win64; x64) AppleWebKit/537.36 (KHTML, like Gecko) Chrome/76.0.3809.100 Safari/537.36"
80.123.225.36 - - [28/Aug/2019:10:44:55 +0200] "GET /reload?ser=1566981895744 HTTP/1.1" 200 28 "http://renault.activities.at/" "Mozilla/5.0 (Windows NT 10.0; Win64; x64; rv:68.0) Gecko/20100101 Firefox/68.0"
80.123.225.36 - - [28/Aug/2019:10:44:56 +0200] "GET /reload?ser=1566981896324 HTTP/1.1" 200 28 "http://renault.activities.at/result?searchterm=true&search=kleber06" "Mozilla/5.0 (Windows NT 10.0; Win64; x64; rv:68.0) Gecko/20100101 Firefox/68.0"
91.114.99.206 - - [28/Aug/2019:10:44:55 +0200] "GET /11071857?print=true HTTP/1.1" 200 3094 "http://renault.activities.at/result?searchterm=true&search=usb" "Mozilla/5.0 (Windows NT 6.1; Win64; x64) AppleWebKit/537.36 (KHTML, like Gecko) Chrome/76.0.3809.100 Safari/537.36"
91.114.99.206 - - [28/Aug/2019:10:44:58 +0200] "GET /js/tabs.js HTTP/1.1" 200 519 "http://renault.activities.at/11071857?print=true" "Mozilla/5.0 (Windows NT 6.1; Win64; x64) AppleWebKit/537.36 (KHTML, like Gecko) Chrome/76.0.3809.100 Safari/537.36"
91.114.99.206 - - [28/Aug/2019:10:44:58 +0200] "GET /loadthumbnail.php?id=11117056&width=83 HTTP/1.1" 200 1557 "http://renault.activities.at/11071857?print=true" "Mozilla/5.0 (Windows NT 6.1; Win64; x64) AppleWebKit/537.36 (KHTML, like Gecko) Chrome/76.0.3809.100 Safari/537.36"
91.114.99.206 - - [28/Aug/2019:10:44:58 +0200] "GET /images/tabs_corner_left_bot.gif HTTP/1.1" 200 98 "http://renault.activities.at/css/styles.css" "Mozilla/5.0 (Windows NT 6.1; Win64; x64) AppleWebKit/537.36 (KHTML, like Gecko) Chrome/76.0.3809.100 Safari/537.36"
91.114.99.206 - - [28/Aug/2019:10:44:58 +0200] "GET /images/tabs_corner_right_top.gif HTTP/1.1" 200 98 "http://renault.activities.at/css/styles.css" "Mozilla/5.0 (Windows NT 6.1; Win64; x64) AppleWebKit/537.36 (KHTML, like Gecko) Chrome/76.0.3809.100 Safari/537.36"
91.114.99.206 - - [28/Aug/2019:10:44:58 +0200] "GET /images/tabs_corner_left_top.gif HTTP/1.1" 200 99 "http://renault.activities.at/css/styles.css" "Mozilla/5.0 (Windows NT 6.1; Win64; x64) AppleWebKit/537.36 (KHTML, like Gecko) Chrome/76.0.3809.100 Safari/537.36"
91.114.99.206 - - [28/Aug/2019:10:44:58 +0200] "GET /loadthumbnail.php?id=11117056&width=250 HTTP/1.1" 200 5707 "http://renault.activities.at/11071857?print=true" "Mozilla/5.0 (Windows NT 6.1; Win64; x64) AppleWebKit/537.36 (KHTML, like Gecko) Chrome/76.0.3809.100 Safari/537.36"
91.114.99.206 - - [28/Aug/2019:10:44:58 +0200] "GET /images/tabs_corner_right_bot.gif HTTP/1.1" 200 99 "http://renault.activities.at/css/styles.css" "Mozilla/5.0 (Windows NT 6.1; Win64; x64) AppleWebKit/537.36 (KHTML, like Gecko) Chrome/76.0.3809.100 Safari/537.36"
91.114.99.206 - - [28/Aug/2019:10:44:58 +0200] "GET /images/tabs_button_corner_left_top_active.gif HTTP/1.1" 200 138 "http://renault.activities.at/css/styles.css" "Mozilla/5.0 (Windows NT 6.1; Win64; x64) AppleWebKit/537.36 (KHTML, like Gecko) Chrome/76.0.3809.100 Safari/537.36"
91.114.99.206 - - [28/Aug/2019:10:44:58 +0200] "GET /images/tabs_button_corner_right_top_active.gif HTTP/1.1" 200 136 "http://renault.activities.at/css/styles.css" "Mozilla/5.0 (Windows NT 6.1; Win64; x64) AppleWebKit/537.36 (KHTML, like Gecko) Chrome/76.0.3809.100 Safari/537.36"
91.114.99.206 - - [28/Aug/2019:10:44:58 +0200] "GET /images/tabs_border.gif HTTP/1.1" 200 43 "http://renault.activities.at/css/styles.css" "Mozilla/5.0 (Windows NT 6.1; Win64; x64) AppleWebKit/537.36 (KHTML, like Gecko) Chrome/76.0.3809.100 Safari/537.36"
91.114.99.206 - - [28/Aug/2019:10:44:58 +0200] "GET /loadthumbnail.php?id=11117057&width=83 HTTP/1.1" 200 1533 "http://renault.activities.at/11071857?print=true" "Mozilla/5.0 (Windows NT 6.1; Win64; x64) AppleWebKit/537.36 (KHTML, like Gecko) Chrome/76.0.3809.100 Safari/537.36"
91.114.99.206 - - [28/Aug/2019:10:44:58 +0200] "GET /loadthumbnail.php?id=11117056&width=900&height=900 HTTP/1.1" 200 41977 "http://renault.activities.at/11071857?print=true" "Mozilla/5.0 (Windows NT 6.1; Win64; x64) AppleWebKit/537.36 (KHTML, like Gecko) Chrome/76.0.3809.100 Safari/537.36"
193.194.132.22 - - [28/Aug/2019:10:44:59 +0200] "GET /reload?ser=1566981898877 HTTP/1.1" 200 28 "http://renault.2web.at/success" "Mozilla/5.0 (Windows NT 10.0; WOW64; Trident/7.0; Touch; rv:11.0) like Gecko"
91.114.99.206 - - [28/Aug/2019:10:45:01 +0200] "GET /loadthumbnail.php?id=11117057&width=250 HTTP/1.1" 200 5392 "http://renault.activities.at/11071857?print=true" "Mozilla/5.0 (Windows NT 6.1; Win64; x64) AppleWebKit/537.36 (KHTML, like Gecko) Chrome/76.0.3809.100 Safari/537.36"
91.114.99.206 - - [28/Aug/2019:10:45:02 +0200] "GET /loadthumbnail.php?id=11117057&width=900 HTTP/1.1" 200 47059 "http://renault.activities.at/11071857?print=true" "Mozilla/5.0 (Windows NT 6.1; Win64; x64) AppleWebKit/537.36 (KHTML, like Gecko) Chrome/76.0.3809.100 Safari/537.36"
91.114.99.206 - - [28/Aug/2019:10:45:03 +0200] "GET /loadthumbnail.php?id=11117056&width=900 HTTP/1.1" 200 41977 "http://renault.activities.at/11071857?print=true" "Mozilla/5.0 (Windows NT 6.1; Win64; x64) AppleWebKit/537.36 (KHTML, like Gecko) Chrome/76.0.3809.100 Safari/537.36"
91.114.99.206 - - [28/Aug/2019:10:45:04 +0200] "GET /11138530?print=true HTTP/1.1" 200 3000 "http://renault.activities.at/result?searchterm=true&search=usb" "Mozilla/5.0 (Windows NT 6.1; Win64; x64) AppleWebKit/537.36 (KHTML, like Gecko) Chrome/76.0.3809.100 Safari/537.36"
91.114.99.206 - - [28/Aug/2019:10:45:07 +0200] "GET /loadthumbnail.php?id=11194750&width=250 HTTP/1.1" 200 6414 "http://renault.activities.at/11138530?print=true" "Mozilla/5.0 (Windows NT 6.1; Win64; x64) AppleWebKit/537.36 (KHTML, like Gecko) Chrome/76.0.3809.100 Safari/537.36"
91.114.99.206 - - [28/Aug/2019:10:45:07 +0200] "GET /loadthumbnail.php?id=11194750&width=900&height=900 HTTP/1.1" 200 55824 "http://renault.activities.at/11138530?print=true" "Mozilla/5.0 (Windows NT 6.1; Win64; x64) AppleWebKit/537.36 (KHTML, like Gecko) Chrome/76.0.3809.100 Safari/537.36"
83.219.165.34 - - [28/Aug/2019:10:45:09 +0200] "GET /reload?ser=1566981910080 HTTP/1.1" 200 28 "http://renault.activities.at/result?dir=DESC&mode=grid&order=name&limit=15&page=6&search=Vorf%C3%BChrwagen" "Mozilla/5.0 (Windows NT 10.0; Win64; x64) AppleWebKit/537.36 (KHTML, like Gecko) Chrome/76.0.3809.100 Safari/537.36"
213.153.47.173 - - [28/Aug/2019:10:45:28 +0200] "GET /reload?ser=1566981928733 HTTP/1.1" 200 28 "http://renault.activities.at/login?required=true" "Mozilla/5.0 (Windows NT 10.0; Win64; x64; rv:68.0) Gecko/20100101 Firefox/68.0"
217.76.161.118 - - [28/Aug/2019:10:45:43 +0200] "GET /reload?ser=1566981941570 HTTP/1.1" 200 28 "http://renault.activities.at/success" "Mozilla/5.0 (Windows NT 10.0; Win64; x64) AppleWebKit/537.36 (KHTML, like Gecko) Chrome/64.0.3282.140 Safari/537.36 Edge/18.17763"
91.114.99.206 - - [28/Aug/2019:10:45:47 +0200] "GET /reload?ser=1566981947401 HTTP/1.1" 200 28 "http://renault.activities.at/result?searchterm=true&search=usb" "Mozilla/5.0 (Windows NT 6.1; Win64; x64) AppleWebKit/537.36 (KHTML, like Gecko) Chrome/76.0.3809.100 Safari/537.36"
80.123.225.36 - - [28/Aug/2019:10:45:56 +0200] "GET /reload?ser=1566981956711 HTTP/1.1" 200 28 "http://renault.activities.at/" "Mozilla/5.0 (Windows NT 10.0; Win64; x64; rv:68.0) Gecko/20100101 Firefox/68.0"
80.123.225.36 - - [28/Aug/2019:10:45:57 +0200] "GET /reload?ser=1566981957338 HTTP/1.1" 200 28 "http://renault.activities.at/result?searchterm=true&search=kleber06" "Mozilla/5.0 (Windows NT 10.0; Win64; x64; rv:68.0) Gecko/20100101 Firefox/68.0"
193.194.132.22 - - [28/Aug/2019:10:46:00 +0200] "GET /reload?ser=1566981959951 HTTP/1.1" 200 28 "http://renault.2web.at/success" "Mozilla/5.0 (Windows NT 10.0; WOW64; Trident/7.0; Touch; rv:11.0) like Gecko"
83.219.165.34 - - [28/Aug/2019:10:46:10 +0200] "GET /reload?ser=1566981971020 HTTP/1.1" 200 28 "http://renault.activities.at/result?dir=DESC&mode=grid&order=name&limit=15&page=6&search=Vorf%C3%BChrwagen" "Mozilla/5.0 (Windows NT 10.0; Win64; x64) AppleWebKit/537.36 (KHTML, like Gecko) Chrome/76.0.3809.100 Safari/537.36"
213.153.47.173 - - [28/Aug/2019:10:46:29 +0200] "GET /reload?ser=1566981989414 HTTP/1.1" 200 28 "http://renault.activities.at/login?required=true" "Mozilla/5.0 (Windows NT 10.0; Win64; x64; rv:68.0) Gecko/20100101 Firefox/68.0"
217.76.161.118 - - [28/Aug/2019:10:46:45 +0200] "GET /reload?ser=1566982003583 HTTP/1.1" 200 28 "http://renault.activities.at/success" "Mozilla/5.0 (Windows NT 10.0; Win64; x64) AppleWebKit/537.36 (KHTML, like Gecko) Chrome/64.0.3282.140 Safari/537.36 Edge/18.17763"
91.114.99.206 - - [28/Aug/2019:10:46:48 +0200] "GET /reload?ser=1566982008363 HTTP/1.1" 200 28 "http://renault.activities.at/result?searchterm=true&search=usb" "Mozilla/5.0 (Windows NT 6.1; Win64; x64) AppleWebKit/537.36 (KHTML, like Gecko) Chrome/76.0.3809.100 Safari/537.36"
80.123.225.36 - - [28/Aug/2019:10:46:57 +0200] "GET /reload?ser=1566982017711 HTTP/1.1" 200 28 "http://renault.activities.at/" "Mozilla/5.0 (Windows NT 10.0; Win64; x64; rv:68.0) Gecko/20100101 Firefox/68.0"
80.123.225.36 - - [28/Aug/2019:10:46:58 +0200] "GET /reload?ser=1566982018324 HTTP/1.1" 200 28 "http://renault.activities.at/result?searchterm=true&search=kleber06" "Mozilla/5.0 (Windows NT 10.0; Win64; x64; rv:68.0) Gecko/20100101 Firefox/68.0"
193.194.132.22 - - [28/Aug/2019:10:47:01 +0200] "GET /reload?ser=1566982020982 HTTP/1.1" 200 28 "http://renault.2web.at/success" "Mozilla/5.0 (Windows NT 10.0; WOW64; Trident/7.0; Touch; rv:11.0) like Gecko"
83.219.165.34 - - [28/Aug/2019:10:47:11 +0200] "GET /reload?ser=1566982031957 HTTP/1.1" 200 28 "http://renault.activities.at/result?dir=DESC&mode=grid&order=name&limit=15&page=6&search=Vorf%C3%BChrwagen" "Mozilla/5.0 (Windows NT 10.0; Win64; x64) AppleWebKit/537.36 (KHTML, like Gecko) Chrome/76.0.3809.100 Safari/537.36"
213.153.47.173 - - [28/Aug/2019:10:47:30 +0200] "GET /reload?ser=1566982050094 HTTP/1.1" 200 28 "http://renault.activities.at/login?required=true" "Mozilla/5.0 (Windows NT 10.0; Win64; x64; rv:68.0) Gecko/20100101 Firefox/68.0"
217.76.161.118 - - [28/Aug/2019:10:47:46 +0200] "GET /reload?ser=1566982064578 HTTP/1.1" 200 28 "http://renault.activities.at/success" "Mozilla/5.0 (Windows NT 10.0; Win64; x64) AppleWebKit/537.36 (KHTML, like Gecko) Chrome/64.0.3282.140 Safari/537.36 Edge/18.17763"
91.114.99.206 - - [28/Aug/2019:10:47:49 +0200] "GET /reload?ser=1566982069323 HTTP/1.1" 200 28 "http://renault.activities.at/result?searchterm=true&search=usb" "Mozilla/5.0 (Windows NT 6.1; Win64; x64) AppleWebKit/537.36 (KHTML, like Gecko) Chrome/76.0.3809.100 Safari/537.36"
80.123.225.36 - - [28/Aug/2019:10:47:58 +0200] "GET /reload?ser=1566982078678 HTTP/1.1" 200 28 "http://renault.activities.at/" "Mozilla/5.0 (Windows NT 10.0; Win64; x64; rv:68.0) Gecko/20100101 Firefox/68.0"
80.123.225.36 - - [28/Aug/2019:10:47:59 +0200] "GET /reload?ser=1566982079291 HTTP/1.1" 200 28 "http://renault.activities.at/result?searchterm=true&search=kleber06" "Mozilla/5.0 (Windows NT 10.0; Win64; x64; rv:68.0) Gecko/20100101 Firefox/68.0"
193.194.132.22 - - [28/Aug/2019:10:48:02 +0200] "GET /reload?ser=1566982082054 HTTP/1.1" 200 28 "http://renault.2web.at/success" "Mozilla/5.0 (Windows NT 10.0; WOW64; Trident/7.0; Touch; rv:11.0) like Gecko"
83.219.165.34 - - [28/Aug/2019:10:48:12 +0200] "GET /reload?ser=1566982092966 HTTP/1.1" 200 28 "http://renault.activities.at/result?dir=DESC&mode=grid&order=name&limit=15&page=6&search=Vorf%C3%BChrwagen" "Mozilla/5.0 (Windows NT 10.0; Win64; x64) AppleWebKit/537.36 (KHTML, like Gecko) Chrome/76.0.3809.100 Safari/537.36"
213.153.47.173 - - [28/Aug/2019:10:48:30 +0200] "GET /reload?ser=1566982110744 HTTP/1.1" 200 28 "http://renault.activities.at/login?required=true" "Mozilla/5.0 (Windows NT 10.0; Win64; x64; rv:68.0) Gecko/20100101 Firefox/68.0"
193.194.132.28 - - [28/Aug/2019:10:48:35 +0200] "GET /login HTTP/1.1" 200 2085 "-" "Mozilla/5.0 (Windows NT 10.0; Win64; x64) AppleWebKit/537.36 (KHTML, like Gecko) Chrome/76.0.3809.100 Safari/537.36"
193.194.132.28 - - [28/Aug/2019:10:48:36 +0200] "GET /loadthumbnail.php?id=11127982 HTTP/1.1" 200 399614 "http://renault.activities.at/login" "Mozilla/5.0 (Windows NT 10.0; Win64; x64) AppleWebKit/537.36 (KHTML, like Gecko) Chrome/76.0.3809.100 Safari/537.36"
193.194.132.28 - - [28/Aug/2019:10:48:37 +0200] "GET /images/favicon.ico HTTP/1.1" 404 305 "http://renault.activities.at/login" "Mozilla/5.0 (Windows NT 10.0; Win64; x64) AppleWebKit/537.36 (KHTML, like Gecko) Chrome/76.0.3809.100 Safari/537.36"
217.76.161.118 - - [28/Aug/2019:10:48:47 +0200] "GET /reload?ser=1566982125595 HTTP/1.1" 200 28 "http://renault.activities.at/success" "Mozilla/5.0 (Windows NT 10.0; Win64; x64) AppleWebKit/537.36 (KHTML, like Gecko) Chrome/64.0.3282.140 Safari/537.36 Edge/18.17763"
91.114.99.206 - - [28/Aug/2019:10:48:50 +0200] "GET /reload?ser=1566982130253 HTTP/1.1" 200 28 "http://renault.activities.at/result?searchterm=true&search=usb" "Mozilla/5.0 (Windows NT 6.1; Win64; x64) AppleWebKit/537.36 (KHTML, like Gecko) Chrome/76.0.3809.100 Safari/537.36"
80.123.225.36 - - [28/Aug/2019:10:48:59 +0200] "GET /reload?ser=1566982139677 HTTP/1.1" 200 28 "http://renault.activities.at/" "Mozilla/5.0 (Windows NT 10.0; Win64; x64; rv:68.0) Gecko/20100101 Firefox/68.0"
80.123.225.36 - - [28/Aug/2019:10:49:00 +0200] "GET /reload?ser=1566982140304 HTTP/1.1" 200 28 "http://renault.activities.at/result?searchterm=true&search=kleber06" "Mozilla/5.0 (Windows NT 10.0; Win64; x64; rv:68.0) Gecko/20100101 Firefox/68.0"
193.194.132.22 - - [28/Aug/2019:10:49:03 +0200] "GET /reload?ser=1566982143174 HTTP/1.1" 200 28 "http://renault.2web.at/success" "Mozilla/5.0 (Windows NT 10.0; WOW64; Trident/7.0; Touch; rv:11.0) like Gecko"
193.194.132.28 - - [28/Aug/2019:10:49:10 +0200] "POST /login HTTP/1.1" 302 140 "http://renault.activities.at/login" "Mozilla/5.0 (Windows NT 10.0; Win64; x64) AppleWebKit/537.36 (KHTML, like Gecko) Chrome/76.0.3809.100 Safari/537.36"
83.219.165.34 - - [28/Aug/2019:10:49:13 +0200] "GET /reload?ser=1566982153897 HTTP/1.1" 200 28 "http://renault.activities.at/result?dir=DESC&mode=grid&order=name&limit=15&page=6&search=Vorf%C3%BChrwagen" "Mozilla/5.0 (Windows NT 10.0; Win64; x64) AppleWebKit/537.36 (KHTML, like Gecko) Chrome/76.0.3809.100 Safari/537.36"
193.194.132.28 - - [28/Aug/2019:10:49:13 +0200] "GET /account HTTP/1.1" 200 8602 "http://renault.activities.at/login" "Mozilla/5.0 (Windows NT 10.0; Win64; x64) AppleWebKit/537.36 (KHTML, like Gecko) Chrome/76.0.3809.100 Safari/537.36"
193.194.132.28 - - [28/Aug/2019:10:49:16 +0200] "GET /loadthumbnail.php?id=11226382&width=50&height=50 HTTP/1.1" 200 885 "http://renault.activities.at/account" "Mozilla/5.0 (Windows NT 10.0; Win64; x64) AppleWebKit/537.36 (KHTML, like Gecko) Chrome/76.0.3809.100 Safari/537.36"
193.194.132.28 - - [28/Aug/2019:10:49:29 +0200] "GET /result?searchterm=true&search=REH5413 HTTP/1.1" 200 6653 "http://renault.activities.at/account" "Mozilla/5.0 (Windows NT 10.0; Win64; x64) AppleWebKit/537.36 (KHTML, like Gecko) Chrome/76.0.3809.100 Safari/537.36"
213.153.47.173 - - [28/Aug/2019:10:49:31 +0200] "GET /reload?ser=1566982171414 HTTP/1.1" 200 28 "http://renault.activities.at/login?required=true" "Mozilla/5.0 (Windows NT 10.0; Win64; x64; rv:68.0) Gecko/20100101 Firefox/68.0"
217.76.161.118 - - [28/Aug/2019:10:49:48 +0200] "GET /reload?ser=1566982186635 HTTP/1.1" 200 28 "http://renault.activities.at/success" "Mozilla/5.0 (Windows NT 10.0; Win64; x64) AppleWebKit/537.36 (KHTML, like Gecko) Chrome/64.0.3282.140 Safari/537.36 Edge/18.17763"
91.114.99.206 - - [28/Aug/2019:10:49:51 +0200] "GET /reload?ser=1566982191175 HTTP/1.1" 200 28 "http://renault.activities.at/result?searchterm=true&search=usb" "Mozilla/5.0 (Windows NT 6.1; Win64; x64) AppleWebKit/537.36 (KHTML, like Gecko) Chrome/76.0.3809.100 Safari/537.36"
80.123.225.36 - - [28/Aug/2019:10:50:00 +0200] "GET /reload?ser=1566982200677 HTTP/1.1" 200 28 "http://renault.activities.at/" "Mozilla/5.0 (Windows NT 10.0; Win64; x64; rv:68.0) Gecko/20100101 Firefox/68.0"
80.123.225.36 - - [28/Aug/2019:10:50:01 +0200] "GET /reload?ser=1566982201272 HTTP/1.1" 200 28 "http://renault.activities.at/result?searchterm=true&search=kleber06" "Mozilla/5.0 (Windows NT 10.0; Win64; x64; rv:68.0) Gecko/20100101 Firefox/68.0"
193.194.132.22 - - [28/Aug/2019:10:50:04 +0200] "GET /reload?ser=1566982204250 HTTP/1.1" 200 28 "http://renault.2web.at/success" "Mozilla/5.0 (Windows NT 10.0; WOW64; Trident/7.0; Touch; rv:11.0) like Gecko"
83.219.165.34 - - [28/Aug/2019:10:50:14 +0200] "GET /reload?ser=1566982214851 HTTP/1.1" 200 28 "http://renault.activities.at/result?dir=DESC&mode=grid&order=name&limit=15&page=6&search=Vorf%C3%BChrwagen" "Mozilla/5.0 (Windows NT 10.0; Win64; x64) AppleWebKit/537.36 (KHTML, like Gecko) Chrome/76.0.3809.100 Safari/537.36"
213.153.47.173 - - [28/Aug/2019:10:50:32 +0200] "GET /reload?ser=1566982232075 HTTP/1.1" 200 28 "http://renault.activities.at/login?required=true" "Mozilla/5.0 (Windows NT 10.0; Win64; x64; rv:68.0) Gecko/20100101 Firefox/68.0"
217.76.161.118 - - [28/Aug/2019:10:50:49 +0200] "GET /reload?ser=1566982247668 HTTP/1.1" 200 28 "http://renault.activities.at/success" "Mozilla/5.0 (Windows NT 10.0; Win64; x64) AppleWebKit/537.36 (KHTML, like Gecko) Chrome/64.0.3282.140 Safari/537.36 Edge/18.17763"
91.114.99.206 - - [28/Aug/2019:10:50:52 +0200] "GET /reload?ser=1566982252123 HTTP/1.1" 200 28 "http://renault.activities.at/result?searchterm=true&search=usb" "Mozilla/5.0 (Windows NT 6.1; Win64; x64) AppleWebKit/537.36 (KHTML, like Gecko) Chrome/76.0.3809.100 Safari/537.36"
80.123.225.36 - - [28/Aug/2019:10:51:01 +0200] "GET /reload?ser=1566982261648 HTTP/1.1" 200 28 "http://renault.activities.at/" "Mozilla/5.0 (Windows NT 10.0; Win64; x64; rv:68.0) Gecko/20100101 Firefox/68.0"
80.123.225.36 - - [28/Aug/2019:10:51:02 +0200] "GET /reload?ser=1566982262247 HTTP/1.1" 200 28 "http://renault.activities.at/result?searchterm=true&search=kleber06" "Mozilla/5.0 (Windows NT 10.0; Win64; x64; rv:68.0) Gecko/20100101 Firefox/68.0"
193.194.132.22 - - [28/Aug/2019:10:51:05 +0200] "GET /reload?ser=1566982265333 HTTP/1.1" 200 28 "http://renault.2web.at/success" "Mozilla/5.0 (Windows NT 10.0; WOW64; Trident/7.0; Touch; rv:11.0) like Gecko"
83.219.165.34 - - [28/Aug/2019:10:51:15 +0200] "GET /reload?ser=1566982275782 HTTP/1.1" 200 28 "http://renault.activities.at/result?dir=DESC&mode=grid&order=name&limit=15&page=6&search=Vorf%C3%BChrwagen" "Mozilla/5.0 (Windows NT 10.0; Win64; x64) AppleWebKit/537.36 (KHTML, like Gecko) Chrome/76.0.3809.100 Safari/537.36"
213.153.47.173 - - [28/Aug/2019:10:51:32 +0200] "GET /reload?ser=1566982292735 HTTP/1.1" 200 28 "http://renault.activities.at/login?required=true" "Mozilla/5.0 (Windows NT 10.0; Win64; x64; rv:68.0) Gecko/20100101 Firefox/68.0"
217.76.161.118 - - [28/Aug/2019:10:51:50 +0200] "GET /reload?ser=1566982308698 HTTP/1.1" 200 28 "http://renault.activities.at/success" "Mozilla/5.0 (Windows NT 10.0; Win64; x64) AppleWebKit/537.36 (KHTML, like Gecko) Chrome/64.0.3282.140 Safari/537.36 Edge/18.17763"
91.114.99.206 - - [28/Aug/2019:10:51:53 +0200] "GET /reload?ser=1566982313046 HTTP/1.1" 200 28 "http://renault.activities.at/result?searchterm=true&search=usb" "Mozilla/5.0 (Windows NT 6.1; Win64; x64) AppleWebKit/537.36 (KHTML, like Gecko) Chrome/76.0.3809.100 Safari/537.36"
80.123.225.36 - - [28/Aug/2019:10:52:02 +0200] "GET /reload?ser=1566982322601 HTTP/1.1" 200 28 "http://renault.activities.at/" "Mozilla/5.0 (Windows NT 10.0; Win64; x64; rv:68.0) Gecko/20100101 Firefox/68.0"
80.123.225.36 - - [28/Aug/2019:10:52:03 +0200] "GET /reload?ser=1566982323246 HTTP/1.1" 200 28 "http://renault.activities.at/result?searchterm=true&search=kleber06" "Mozilla/5.0 (Windows NT 10.0; Win64; x64; rv:68.0) Gecko/20100101 Firefox/68.0"
193.194.132.22 - - [28/Aug/2019:10:52:06 +0200] "GET /reload?ser=1566982326381 HTTP/1.1" 200 28 "http://renault.2web.at/success" "Mozilla/5.0 (Windows NT 10.0; WOW64; Trident/7.0; Touch; rv:11.0) like Gecko"
83.219.165.34 - - [28/Aug/2019:10:52:16 +0200] "GET /reload?ser=1566982336747 HTTP/1.1" 200 28 "http://renault.activities.at/result?dir=DESC&mode=grid&order=name&limit=15&page=6&search=Vorf%C3%BChrwagen" "Mozilla/5.0 (Windows NT 10.0; Win64; x64) AppleWebKit/537.36 (KHTML, like Gecko) Chrome/76.0.3809.100 Safari/537.36"
213.153.47.173 - - [28/Aug/2019:10:52:33 +0200] "GET /reload?ser=1566982353383 HTTP/1.1" 200 28 "http://renault.activities.at/login?required=true" "Mozilla/5.0 (Windows NT 10.0; Win64; x64; rv:68.0) Gecko/20100101 Firefox/68.0"
217.76.161.118 - - [28/Aug/2019:10:52:51 +0200] "GET /reload?ser=1566982369747 HTTP/1.1" 200 28 "http://renault.activities.at/success" "Mozilla/5.0 (Windows NT 10.0; Win64; x64) AppleWebKit/537.36 (KHTML, like Gecko) Chrome/64.0.3282.140 Safari/537.36 Edge/18.17763"
91.114.99.206 - - [28/Aug/2019:10:52:54 +0200] "GET /reload?ser=1566982373976 HTTP/1.1" 200 28 "http://renault.activities.at/result?searchterm=true&search=usb" "Mozilla/5.0 (Windows NT 6.1; Win64; x64) AppleWebKit/537.36 (KHTML, like Gecko) Chrome/76.0.3809.100 Safari/537.36"
80.123.225.36 - - [28/Aug/2019:10:53:03 +0200] "GET /reload?ser=1566982383584 HTTP/1.1" 200 28 "http://renault.activities.at/" "Mozilla/5.0 (Windows NT 10.0; Win64; x64; rv:68.0) Gecko/20100101 Firefox/68.0"
80.123.225.36 - - [28/Aug/2019:10:53:04 +0200] "GET /reload?ser=1566982384225 HTTP/1.1" 200 28 "http://renault.activities.at/result?searchterm=true&search=kleber06" "Mozilla/5.0 (Windows NT 10.0; Win64; x64; rv:68.0) Gecko/20100101 Firefox/68.0"
193.194.132.22 - - [28/Aug/2019:10:53:07 +0200] "GET /reload?ser=1566982387424 HTTP/1.1" 200 28 "http://renault.2web.at/success" "Mozilla/5.0 (Windows NT 10.0; WOW64; Trident/7.0; Touch; rv:11.0) like Gecko"
83.219.165.34 - - [28/Aug/2019:10:53:17 +0200] "GET /reload?ser=1566982397737 HTTP/1.1" 200 28 "http://renault.activities.at/result?dir=DESC&mode=grid&order=name&limit=15&page=6&search=Vorf%C3%BChrwagen" "Mozilla/5.0 (Windows NT 10.0; Win64; x64) AppleWebKit/537.36 (KHTML, like Gecko) Chrome/76.0.3809.100 Safari/537.36"
213.153.47.173 - - [28/Aug/2019:10:53:34 +0200] "GET /reload?ser=1566982414062 HTTP/1.1" 200 28 "http://renault.activities.at/login?required=true" "Mozilla/5.0 (Windows NT 10.0; Win64; x64; rv:68.0) Gecko/20100101 Firefox/68.0"
91.114.99.206 - - [28/Aug/2019:10:53:50 +0200] "GET /11138530?print=true HTTP/1.1" 200 3000 "http://renault.activities.at/result?searchterm=true&search=usb" "Mozilla/5.0 (Windows NT 6.1; Win64; x64) AppleWebKit/537.36 (KHTML, like Gecko) Chrome/76.0.3809.100 Safari/537.36"
217.76.161.118 - - [28/Aug/2019:10:53:52 +0200] "GET /reload?ser=1566982430779 HTTP/1.1" 200 28 "http://renault.activities.at/success" "Mozilla/5.0 (Windows NT 10.0; Win64; x64) AppleWebKit/537.36 (KHTML, like Gecko) Chrome/64.0.3282.140 Safari/537.36 Edge/18.17763"
91.114.99.206 - - [28/Aug/2019:10:53:54 +0200] "GET /reload?ser=1566982434921 HTTP/1.1" 200 28 "http://renault.activities.at/result?searchterm=true&search=usb" "Mozilla/5.0 (Windows NT 6.1; Win64; x64) AppleWebKit/537.36 (KHTML, like Gecko) Chrome/76.0.3809.100 Safari/537.36"
91.114.99.206 - - [28/Aug/2019:10:54:00 +0200] "GET /11138530?print=true HTTP/1.1" 200 3000 "http://renault.activities.at/result?searchterm=true&search=usb" "Mozilla/5.0 (Windows NT 6.1; Win64; x64) AppleWebKit/537.36 (KHTML, like Gecko) Chrome/76.0.3809.100 Safari/537.36"
80.123.225.36 - - [28/Aug/2019:10:54:04 +0200] "GET /reload?ser=1566982444604 HTTP/1.1" 200 28 "http://renault.activities.at/" "Mozilla/5.0 (Windows NT 10.0; Win64; x64; rv:68.0) Gecko/20100101 Firefox/68.0"
80.123.225.36 - - [28/Aug/2019:10:54:05 +0200] "GET /reload?ser=1566982445194 HTTP/1.1" 200 28 "http://renault.activities.at/result?searchterm=true&search=kleber06" "Mozilla/5.0 (Windows NT 10.0; Win64; x64; rv:68.0) Gecko/20100101 Firefox/68.0"
193.194.132.22 - - [28/Aug/2019:10:54:08 +0200] "GET /reload?ser=1566982448518 HTTP/1.1" 200 28 "http://renault.2web.at/success" "Mozilla/5.0 (Windows NT 10.0; WOW64; Trident/7.0; Touch; rv:11.0) like Gecko"
80.123.225.36 - - [28/Aug/2019:10:54:10 +0200] "GET /images/vista-dn-hover.gif HTTP/1.1" 200 127 "http://renault.activities.at/css/styles.css" "Mozilla/5.0 (Windows NT 10.0; Win64; x64; rv:68.0) Gecko/20100101 Firefox/68.0"
80.123.225.36 - - [28/Aug/2019:10:54:14 +0200] "GET /result?searchterm=true&search=kleber04 HTTP/1.1" 200 6060 "http://renault.activities.at/result?searchterm=true&search=kleber06" "Mozilla/5.0 (Windows NT 10.0; Win64; x64; rv:68.0) Gecko/20100101 Firefox/68.0"
80.123.225.36 - - [28/Aug/2019:10:54:14 +0200] "POST /axjaxrequest?mode=suggest HTTP/1.1" 200 111 "http://renault.activities.at/result?searchterm=true&search=kleber06" "Mozilla/5.0 (Windows NT 10.0; Win64; x64; rv:68.0) Gecko/20100101 Firefox/68.0"
83.219.165.34 - - [28/Aug/2019:10:54:18 +0200] "GET /reload?ser=1566982458722 HTTP/1.1" 200 28 "http://renault.activities.at/result?dir=DESC&mode=grid&order=name&limit=15&page=6&search=Vorf%C3%BChrwagen" "Mozilla/5.0 (Windows NT 10.0; Win64; x64) AppleWebKit/537.36 (KHTML, like Gecko) Chrome/76.0.3809.100 Safari/537.36"
213.153.47.173 - - [28/Aug/2019:10:54:34 +0200] "GET /reload?ser=1566982474719 HTTP/1.1" 200 28 "http://renault.activities.at/login?required=true" "Mozilla/5.0 (Windows NT 10.0; Win64; x64; rv:68.0) Gecko/20100101 Firefox/68.0"
91.114.99.206 - - [28/Aug/2019:10:54:46 +0200] "GET /11138530?print=true HTTP/1.1" 200 3000 "http://renault.activities.at/result?searchterm=true&search=usb" "Mozilla/5.0 (Windows NT 6.1; Win64; x64) AppleWebKit/537.36 (KHTML, like Gecko) Chrome/76.0.3809.100 Safari/537.36"
217.76.161.118 - - [28/Aug/2019:10:54:54 +0200] "GET /reload?ser=1566982491782 HTTP/1.1" 200 28 "http://renault.activities.at/success" "Mozilla/5.0 (Windows NT 10.0; Win64; x64) AppleWebKit/537.36 (KHTML, like Gecko) Chrome/64.0.3282.140 Safari/537.36 Edge/18.17763"
91.114.99.206 - - [28/Aug/2019:10:54:55 +0200] "GET /reload?ser=1566982495861 HTTP/1.1" 200 28 "http://renault.activities.at/result?searchterm=true&search=usb" "Mozilla/5.0 (Windows NT 6.1; Win64; x64) AppleWebKit/537.36 (KHTML, like Gecko) Chrome/76.0.3809.100 Safari/537.36"
80.123.225.36 - - [28/Aug/2019:10:55:05 +0200] "GET /reload?ser=1566982505596 HTTP/1.1" 200 28 "http://renault.activities.at/" "Mozilla/5.0 (Windows NT 10.0; Win64; x64; rv:68.0) Gecko/20100101 Firefox/68.0"
193.194.132.22 - - [28/Aug/2019:10:55:09 +0200] "GET /reload?ser=1566982509760 HTTP/1.1" 200 28 "http://renault.2web.at/success" "Mozilla/5.0 (Windows NT 10.0; WOW64; Trident/7.0; Touch; rv:11.0) like Gecko"
