193.194.132.30 - - [28/Aug/2019:13:25:50 +0200] "GET /reload?ser=1566991550168 HTTP/1.1" 200 28 "http://renault.2web.at/success" "Mozilla/5.0 (Windows NT 10.0; WOW64; Trident/7.0; Touch; rv:11.0) like Gecko"
213.153.47.173 - - [28/Aug/2019:13:26:14 +0200] "GET /reload?ser=1566991574553 HTTP/1.1" 200 28 "http://renault.activities.at/login?required=true" "Mozilla/5.0 (Windows NT 10.0; Win64; x64; rv:68.0) Gecko/20100101 Firefox/68.0"
212.152.246.135 - - [28/Aug/2019:13:26:28 +0200] "GET /reload?ser=1566991589371 HTTP/1.1" 200 28 "http://renault.activities.at/10260282?dir=DESC&mode=grid&order=name&limit=15&page=4" "Mozilla/5.0 (Windows NT 10.0; WOW64; Trident/7.0; rv:11.0) like Gecko"
80.123.225.36 - - [28/Aug/2019:13:26:31 +0200] "GET /reload?ser=1566991591450 HTTP/1.1" 200 28 "http://renault.activities.at/" "Mozilla/5.0 (Windows NT 10.0; Win64; x64; rv:68.0) Gecko/20100101 Firefox/68.0"
193.194.132.30 - - [28/Aug/2019:13:26:51 +0200] "GET /reload?ser=1566991611188 HTTP/1.1" 200 28 "http://renault.2web.at/success" "Mozilla/5.0 (Windows NT 10.0; WOW64; Trident/7.0; Touch; rv:11.0) like Gecko"
213.153.47.173 - - [28/Aug/2019:13:27:15 +0200] "GET /reload?ser=1566991635203 HTTP/1.1" 200 28 "http://renault.activities.at/login?required=true" "Mozilla/5.0 (Windows NT 10.0; Win64; x64; rv:68.0) Gecko/20100101 Firefox/68.0"
212.152.246.135 - - [28/Aug/2019:13:27:29 +0200] "GET /reload?ser=1566991650440 HTTP/1.1" 200 28 "http://renault.activities.at/10260282?dir=DESC&mode=grid&order=name&limit=15&page=4" "Mozilla/5.0 (Windows NT 10.0; WOW64; Trident/7.0; rv:11.0) like Gecko"
80.123.225.36 - - [28/Aug/2019:13:27:32 +0200] "GET /reload?ser=1566991652426 HTTP/1.1" 200 28 "http://renault.activities.at/" "Mozilla/5.0 (Windows NT 10.0; Win64; x64; rv:68.0) Gecko/20100101 Firefox/68.0"
193.194.132.30 - - [28/Aug/2019:13:27:52 +0200] "GET /reload?ser=1566991672246 HTTP/1.1" 200 28 "http://renault.2web.at/success" "Mozilla/5.0 (Windows NT 10.0; WOW64; Trident/7.0; Touch; rv:11.0) like Gecko"
213.153.47.173 - - [28/Aug/2019:13:28:15 +0200] "GET /reload?ser=1566991695853 HTTP/1.1" 200 28 "http://renault.activities.at/login?required=true" "Mozilla/5.0 (Windows NT 10.0; Win64; x64; rv:68.0) Gecko/20100101 Firefox/68.0"
212.152.246.135 - - [28/Aug/2019:13:28:30 +0200] "GET /reload?ser=1566991711509 HTTP/1.1" 200 28 "http://renault.activities.at/10260282?dir=DESC&mode=grid&order=name&limit=15&page=4" "Mozilla/5.0 (Windows NT 10.0; WOW64; Trident/7.0; rv:11.0) like Gecko"
80.123.225.36 - - [28/Aug/2019:13:28:33 +0200] "GET /reload?ser=1566991713394 HTTP/1.1" 200 28 "http://renault.activities.at/" "Mozilla/5.0 (Windows NT 10.0; Win64; x64; rv:68.0) Gecko/20100101 Firefox/68.0"
217.76.161.118 - - [28/Aug/2019:13:28:39 +0200] "GET /images/favicon.ico HTTP/1.1" 404 305 "-" "Mozilla/5.0 (Windows NT 10.0; Win64; x64; Trident/7.0; rv:11.0) like Gecko"
193.194.132.30 - - [28/Aug/2019:13:28:53 +0200] "GET /reload?ser=1566991733293 HTTP/1.1" 200 28 "http://renault.2web.at/success" "Mozilla/5.0 (Windows NT 10.0; WOW64; Trident/7.0; Touch; rv:11.0) like Gecko"
213.153.47.173 - - [28/Aug/2019:13:29:16 +0200] "GET /reload?ser=1566991756518 HTTP/1.1" 200 28 "http://renault.activities.at/login?required=true" "Mozilla/5.0 (Windows NT 10.0; Win64; x64; rv:68.0) Gecko/20100101 Firefox/68.0"
212.152.246.135 - - [28/Aug/2019:13:29:31 +0200] "GET /reload?ser=1566991772583 HTTP/1.1" 200 28 "http://renault.activities.at/10260282?dir=DESC&mode=grid&order=name&limit=15&page=4" "Mozilla/5.0 (Windows NT 10.0; WOW64; Trident/7.0; rv:11.0) like Gecko"
80.123.225.36 - - [28/Aug/2019:13:29:34 +0200] "GET /reload?ser=1566991774373 HTTP/1.1" 200 28 "http://renault.activities.at/" "Mozilla/5.0 (Windows NT 10.0; Win64; x64; rv:68.0) Gecko/20100101 Firefox/68.0"
193.194.132.30 - - [28/Aug/2019:13:29:54 +0200] "GET /reload?ser=1566991794301 HTTP/1.1" 200 28 "http://renault.2web.at/success" "Mozilla/5.0 (Windows NT 10.0; WOW64; Trident/7.0; Touch; rv:11.0) like Gecko"
213.153.47.173 - - [28/Aug/2019:13:30:17 +0200] "GET /reload?ser=1566991817183 HTTP/1.1" 200 28 "http://renault.activities.at/login?required=true" "Mozilla/5.0 (Windows NT 10.0; Win64; x64; rv:68.0) Gecko/20100101 Firefox/68.0"
212.152.246.135 - - [28/Aug/2019:13:30:32 +0200] "GET /reload?ser=1566991833668 HTTP/1.1" 200 28 "http://renault.activities.at/10260282?dir=DESC&mode=grid&order=name&limit=15&page=4" "Mozilla/5.0 (Windows NT 10.0; WOW64; Trident/7.0; rv:11.0) like Gecko"
80.123.225.36 - - [28/Aug/2019:13:30:35 +0200] "GET /reload?ser=1566991835318 HTTP/1.1" 200 28 "http://renault.activities.at/" "Mozilla/5.0 (Windows NT 10.0; Win64; x64; rv:68.0) Gecko/20100101 Firefox/68.0"
193.194.132.30 - - [28/Aug/2019:13:30:55 +0200] "GET /reload?ser=1566991855426 HTTP/1.1" 200 28 "http://renault.2web.at/success" "Mozilla/5.0 (Windows NT 10.0; WOW64; Trident/7.0; Touch; rv:11.0) like Gecko"
213.153.47.173 - - [28/Aug/2019:13:31:17 +0200] "GET /reload?ser=1566991877833 HTTP/1.1" 200 28 "http://renault.activities.at/login?required=true" "Mozilla/5.0 (Windows NT 10.0; Win64; x64; rv:68.0) Gecko/20100101 Firefox/68.0"
212.152.246.135 - - [28/Aug/2019:13:31:33 +0200] "GET /reload?ser=1566991894690 HTTP/1.1" 200 28 "http://renault.activities.at/10260282?dir=DESC&mode=grid&order=name&limit=15&page=4" "Mozilla/5.0 (Windows NT 10.0; WOW64; Trident/7.0; rv:11.0) like Gecko"
80.123.225.36 - - [28/Aug/2019:13:31:36 +0200] "GET /reload?ser=1566991896307 HTTP/1.1" 200 28 "http://renault.activities.at/" "Mozilla/5.0 (Windows NT 10.0; Win64; x64; rv:68.0) Gecko/20100101 Firefox/68.0"
80.122.53.230 - - [28/Aug/2019:13:31:36 +0200] "GET / HTTP/1.1" 200 3448 "-" "Mozilla/5.0 (Windows NT 6.1; Win64; x64; rv:68.0) Gecko/20100101 Firefox/68.0"
80.122.53.230 - - [28/Aug/2019:13:31:37 +0200] "GET /css/print.css HTTP/1.1" 200 543 "http://renault.activities.at/" "Mozilla/5.0 (Windows NT 6.1; Win64; x64; rv:68.0) Gecko/20100101 Firefox/68.0"
80.122.53.230 - - [28/Aug/2019:13:31:37 +0200] "GET /css/clears.css HTTP/1.1" 200 851 "http://renault.activities.at/" "Mozilla/5.0 (Windows NT 6.1; Win64; x64; rv:68.0) Gecko/20100101 Firefox/68.0"
80.122.53.230 - - [28/Aug/2019:13:31:37 +0200] "GET /css/reset.css HTTP/1.1" 200 1356 "http://renault.activities.at/" "Mozilla/5.0 (Windows NT 6.1; Win64; x64; rv:68.0) Gecko/20100101 Firefox/68.0"
80.122.53.230 - - [28/Aug/2019:13:31:37 +0200] "GET /js/checkout.css HTTP/1.1" 200 359 "http://renault.activities.at/" "Mozilla/5.0 (Windows NT 6.1; Win64; x64; rv:68.0) Gecko/20100101 Firefox/68.0"
80.122.53.230 - - [28/Aug/2019:13:31:37 +0200] "GET /css/styles.css HTTP/1.1" 200 14664 "http://renault.activities.at/" "Mozilla/5.0 (Windows NT 6.1; Win64; x64; rv:68.0) Gecko/20100101 Firefox/68.0"
80.122.53.230 - - [28/Aug/2019:13:31:37 +0200] "GET /css/prototip.css HTTP/1.1" 200 968 "http://renault.activities.at/" "Mozilla/5.0 (Windows NT 6.1; Win64; x64; rv:68.0) Gecko/20100101 Firefox/68.0"
80.122.53.230 - - [28/Aug/2019:13:31:37 +0200] "GET /css/themes/alphacube.css HTTP/1.1" 200 743 "http://renault.activities.at/" "Mozilla/5.0 (Windows NT 6.1; Win64; x64; rv:68.0) Gecko/20100101 Firefox/68.0"
80.122.53.230 - - [28/Aug/2019:13:31:37 +0200] "GET /css/themes/default.css HTTP/1.1" 200 769 "http://renault.activities.at/" "Mozilla/5.0 (Windows NT 6.1; Win64; x64; rv:68.0) Gecko/20100101 Firefox/68.0"
80.122.53.230 - - [28/Aug/2019:13:31:37 +0200] "GET /js/default.js HTTP/1.1" 304 - "http://renault.activities.at/" "Mozilla/5.0 (Windows NT 6.1; Win64; x64; rv:68.0) Gecko/20100101 Firefox/68.0"
80.122.53.230 - - [28/Aug/2019:13:31:37 +0200] "GET /js/flashdetection.js HTTP/1.1" 304 - "http://renault.activities.at/" "Mozilla/5.0 (Windows NT 6.1; Win64; x64; rv:68.0) Gecko/20100101 Firefox/68.0"
80.122.53.230 - - [28/Aug/2019:13:31:37 +0200] "GET /images/main_block_border.gif HTTP/1.1" 200 43 "http://renault.activities.at/css/styles.css" "Mozilla/5.0 (Windows NT 6.1; Win64; x64; rv:68.0) Gecko/20100101 Firefox/68.0"
80.122.53.230 - - [28/Aug/2019:13:31:37 +0200] "GET /images/main_block_corner_right_bot.gif HTTP/1.1" 200 158 "http://renault.activities.at/css/styles.css" "Mozilla/5.0 (Windows NT 6.1; Win64; x64; rv:68.0) Gecko/20100101 Firefox/68.0"
80.122.53.230 - - [28/Aug/2019:13:31:37 +0200] "GET /images/header_block_corner_left_top.gif HTTP/1.1" 200 160 "http://renault.activities.at/css/styles.css" "Mozilla/5.0 (Windows NT 6.1; Win64; x64; rv:68.0) Gecko/20100101 Firefox/68.0"
80.122.53.230 - - [28/Aug/2019:13:31:37 +0200] "GET /images/main_block_corner_left_bot.gif HTTP/1.1" 200 159 "http://renault.activities.at/css/styles.css" "Mozilla/5.0 (Windows NT 6.1; Win64; x64; rv:68.0) Gecko/20100101 Firefox/68.0"
80.122.53.230 - - [28/Aug/2019:13:31:37 +0200] "GET /images/header_block_border.gif HTTP/1.1" 200 43 "http://renault.activities.at/css/styles.css" "Mozilla/5.0 (Windows NT 6.1; Win64; x64; rv:68.0) Gecko/20100101 Firefox/68.0"
80.122.53.230 - - [28/Aug/2019:13:31:37 +0200] "GET /images/header_block_corner_right_top.gif HTTP/1.1" 200 160 "http://renault.activities.at/css/styles.css" "Mozilla/5.0 (Windows NT 6.1; Win64; x64; rv:68.0) Gecko/20100101 Firefox/68.0"
80.122.53.230 - - [28/Aug/2019:13:31:37 +0200] "GET /images/main_block_corner_left_top.gif HTTP/1.1" 200 159 "http://renault.activities.at/css/styles.css" "Mozilla/5.0 (Windows NT 6.1; Win64; x64; rv:68.0) Gecko/20100101 Firefox/68.0"
80.122.53.230 - - [28/Aug/2019:13:31:37 +0200] "GET /images/main_block_corner_right_top.gif HTTP/1.1" 200 159 "http://renault.activities.at/css/styles.css" "Mozilla/5.0 (Windows NT 6.1; Win64; x64; rv:68.0) Gecko/20100101 Firefox/68.0"
80.122.53.230 - - [28/Aug/2019:13:31:37 +0200] "GET /images/title_border.jpg HTTP/1.1" 200 304 "http://renault.activities.at/css/styles.css" "Mozilla/5.0 (Windows NT 6.1; Win64; x64; rv:68.0) Gecko/20100101 Firefox/68.0"
80.122.53.230 - - [28/Aug/2019:13:31:37 +0200] "GET /images/title_border_top.jpg HTTP/1.1" 200 336 "http://renault.activities.at/css/styles.css" "Mozilla/5.0 (Windows NT 6.1; Win64; x64; rv:68.0) Gecko/20100101 Firefox/68.0"
80.122.53.230 - - [28/Aug/2019:13:31:37 +0200] "GET /images/title_corner_left_top.jpg HTTP/1.1" 200 372 "http://renault.activities.at/css/styles.css" "Mozilla/5.0 (Windows NT 6.1; Win64; x64; rv:68.0) Gecko/20100101 Firefox/68.0"
80.122.53.230 - - [28/Aug/2019:13:31:37 +0200] "GET /images/title_corner_right_top.jpg HTTP/1.1" 200 389 "http://renault.activities.at/css/styles.css" "Mozilla/5.0 (Windows NT 6.1; Win64; x64; rv:68.0) Gecko/20100101 Firefox/68.0"
80.122.53.230 - - [28/Aug/2019:13:31:37 +0200] "GET /loadthumbnail.php?id=11127982 HTTP/1.1" 200 399614 "http://renault.activities.at/" "Mozilla/5.0 (Windows NT 6.1; Win64; x64; rv:68.0) Gecko/20100101 Firefox/68.0"
80.122.53.230 - - [28/Aug/2019:13:31:39 +0200] "GET /login HTTP/1.1" 200 2085 "http://renault.activities.at/" "Mozilla/5.0 (Windows NT 6.1; Win64; x64; rv:68.0) Gecko/20100101 Firefox/68.0"
80.122.53.230 - - [28/Aug/2019:13:31:40 +0200] "GET /images/button_left_bg.gif HTTP/1.1" 304 - "http://renault.activities.at/css/styles.css" "Mozilla/5.0 (Windows NT 6.1; Win64; x64; rv:68.0) Gecko/20100101 Firefox/68.0"
80.122.53.230 - - [28/Aug/2019:13:31:40 +0200] "GET /images/button_right_bg.gif HTTP/1.1" 304 - "http://renault.activities.at/css/styles.css" "Mozilla/5.0 (Windows NT 6.1; Win64; x64; rv:68.0) Gecko/20100101 Firefox/68.0"
80.122.53.230 - - [28/Aug/2019:13:31:40 +0200] "GET /images/button_bg.gif HTTP/1.1" 304 - "http://renault.activities.at/css/styles.css" "Mozilla/5.0 (Windows NT 6.1; Win64; x64; rv:68.0) Gecko/20100101 Firefox/68.0"
80.122.53.230 - - [28/Aug/2019:13:31:52 +0200] "POST /login HTTP/1.1" 302 140 "http://renault.activities.at/login" "Mozilla/5.0 (Windows NT 6.1; Win64; x64; rv:68.0) Gecko/20100101 Firefox/68.0"
80.122.53.230 - - [28/Aug/2019:13:31:54 +0200] "GET /account HTTP/1.1" 200 6888 "http://renault.activities.at/login" "Mozilla/5.0 (Windows NT 6.1; Win64; x64; rv:68.0) Gecko/20100101 Firefox/68.0"
193.194.132.30 - - [28/Aug/2019:13:31:56 +0200] "GET /reload?ser=1566991916536 HTTP/1.1" 200 28 "http://renault.2web.at/success" "Mozilla/5.0 (Windows NT 10.0; WOW64; Trident/7.0; Touch; rv:11.0) like Gecko"
80.122.53.230 - - [28/Aug/2019:13:31:54 +0200] "POST /login HTTP/1.1" 302 140 "http://renault.activities.at/login" "Mozilla/5.0 (Windows NT 6.1; Win64; x64; rv:68.0) Gecko/20100101 Firefox/68.0"
80.122.53.230 - - [28/Aug/2019:13:31:59 +0200] "GET /account HTTP/1.1" 200 6888 "http://renault.activities.at/login" "Mozilla/5.0 (Windows NT 6.1; Win64; x64; rv:68.0) Gecko/20100101 Firefox/68.0"
80.122.53.230 - - [28/Aug/2019:13:32:01 +0200] "GET /js/account.js HTTP/1.1" 304 - "http://renault.activities.at/account" "Mozilla/5.0 (Windows NT 6.1; Win64; x64; rv:68.0) Gecko/20100101 Firefox/68.0"
80.122.53.230 - - [28/Aug/2019:13:32:01 +0200] "GET /images/ajax_loading.gif HTTP/1.1" 304 - "http://renault.activities.at/account" "Mozilla/5.0 (Windows NT 6.1; Win64; x64; rv:68.0) Gecko/20100101 Firefox/68.0"
80.122.53.230 - - [28/Aug/2019:13:32:01 +0200] "GET /images/menu_button_bg.jpg HTTP/1.1" 200 322 "http://renault.activities.at/css/styles.css" "Mozilla/5.0 (Windows NT 6.1; Win64; x64; rv:68.0) Gecko/20100101 Firefox/68.0"
80.122.53.230 - - [28/Aug/2019:13:32:01 +0200] "GET /images/top_links_divider.gif HTTP/1.1" 304 - "http://renault.activities.at/css/styles.css" "Mozilla/5.0 (Windows NT 6.1; Win64; x64; rv:68.0) Gecko/20100101 Firefox/68.0"
80.122.53.230 - - [28/Aug/2019:13:32:01 +0200] "GET /images/nav_divider.gif HTTP/1.1" 304 - "http://renault.activities.at/css/styles.css" "Mozilla/5.0 (Windows NT 6.1; Win64; x64; rv:68.0) Gecko/20100101 Firefox/68.0"
80.122.53.230 - - [28/Aug/2019:13:32:01 +0200] "GET /images/menu_divider.gif HTTP/1.1" 304 - "http://renault.activities.at/css/styles.css" "Mozilla/5.0 (Windows NT 6.1; Win64; x64; rv:68.0) Gecko/20100101 Firefox/68.0"
80.122.53.230 - - [28/Aug/2019:13:32:01 +0200] "GET /images/search_bg.gif HTTP/1.1" 304 - "http://renault.activities.at/css/styles.css" "Mozilla/5.0 (Windows NT 6.1; Win64; x64; rv:68.0) Gecko/20100101 Firefox/68.0"
80.122.53.230 - - [28/Aug/2019:13:32:01 +0200] "GET /images/sidebar_title_border.gif HTTP/1.1" 304 - "http://renault.activities.at/css/styles.css" "Mozilla/5.0 (Windows NT 6.1; Win64; x64; rv:68.0) Gecko/20100101 Firefox/68.0"
80.122.53.230 - - [28/Aug/2019:13:32:01 +0200] "GET /images/sidebar_title_border_top.gif HTTP/1.1" 304 - "http://renault.activities.at/css/styles.css" "Mozilla/5.0 (Windows NT 6.1; Win64; x64; rv:68.0) Gecko/20100101 Firefox/68.0"
80.122.53.230 - - [28/Aug/2019:13:32:01 +0200] "GET /images/sidebar_title_corner_left_top.gif HTTP/1.1" 304 - "http://renault.activities.at/css/styles.css" "Mozilla/5.0 (Windows NT 6.1; Win64; x64; rv:68.0) Gecko/20100101 Firefox/68.0"
80.122.53.230 - - [28/Aug/2019:13:32:01 +0200] "GET /images/sidebar_title_corner_right_top.gif HTTP/1.1" 304 - "http://renault.activities.at/css/styles.css" "Mozilla/5.0 (Windows NT 6.1; Win64; x64; rv:68.0) Gecko/20100101 Firefox/68.0"
80.122.53.230 - - [28/Aug/2019:13:32:01 +0200] "GET /loadthumbnail.php?id=11108158&width=50&height=50 HTTP/1.1" 200 778 "http://renault.activities.at/account" "Mozilla/5.0 (Windows NT 6.1; Win64; x64; rv:68.0) Gecko/20100101 Firefox/68.0"
80.122.53.230 - - [28/Aug/2019:13:32:01 +0200] "GET /images/reset_bg.gif HTTP/1.1" 304 - "http://renault.activities.at/css/styles.css" "Mozilla/5.0 (Windows NT 6.1; Win64; x64; rv:68.0) Gecko/20100101 Firefox/68.0"
80.122.53.230 - - [28/Aug/2019:13:32:01 +0200] "GET /loadthumbnail.php?id=11181175&width=50&height=50 HTTP/1.1" 200 988 "http://renault.activities.at/account" "Mozilla/5.0 (Windows NT 6.1; Win64; x64; rv:68.0) Gecko/20100101 Firefox/68.0"
80.122.53.230 - - [28/Aug/2019:13:32:01 +0200] "GET /images/footer_divider.gif HTTP/1.1" 304 - "http://renault.activities.at/css/styles.css" "Mozilla/5.0 (Windows NT 6.1; Win64; x64; rv:68.0) Gecko/20100101 Firefox/68.0"
80.122.53.230 - - [28/Aug/2019:13:32:01 +0200] "GET /loadthumbnail.php?id=11181177&width=50&height=50 HTTP/1.1" 200 988 "http://renault.activities.at/account" "Mozilla/5.0 (Windows NT 6.1; Win64; x64; rv:68.0) Gecko/20100101 Firefox/68.0"
80.122.53.230 - - [28/Aug/2019:13:32:01 +0200] "GET /loadthumbnail.php?id=11990631&width=50&height=50 HTTP/1.1" 200 1190 "http://renault.activities.at/account" "Mozilla/5.0 (Windows NT 6.1; Win64; x64; rv:68.0) Gecko/20100101 Firefox/68.0"
80.122.53.230 - - [28/Aug/2019:13:32:14 +0200] "GET /10260286 HTTP/1.1" 200 6303 "http://renault.activities.at/account" "Mozilla/5.0 (Windows NT 6.1; Win64; x64; rv:68.0) Gecko/20100101 Firefox/68.0"
80.122.53.230 - - [28/Aug/2019:13:32:16 +0200] "GET /js/prototip.js HTTP/1.1" 304 - "http://renault.activities.at/10260286" "Mozilla/5.0 (Windows NT 6.1; Win64; x64; rv:68.0) Gecko/20100101 Firefox/68.0"
80.122.53.230 - - [28/Aug/2019:13:32:16 +0200] "GET /js/ProduktGrp.js HTTP/1.1" 304 - "http://renault.activities.at/10260286" "Mozilla/5.0 (Windows NT 6.1; Win64; x64; rv:68.0) Gecko/20100101 Firefox/68.0"
80.122.53.230 - - [28/Aug/2019:13:32:16 +0200] "GET /images/loading.gif HTTP/1.1" 304 - "http://renault.activities.at/10260286" "Mozilla/5.0 (Windows NT 6.1; Win64; x64; rv:68.0) Gecko/20100101 Firefox/68.0"
80.122.53.230 - - [28/Aug/2019:13:32:16 +0200] "GET /images/pager_bg.gif HTTP/1.1" 200 150 "http://renault.activities.at/css/styles.css" "Mozilla/5.0 (Windows NT 6.1; Win64; x64; rv:68.0) Gecko/20100101 Firefox/68.0"
80.122.53.230 - - [28/Aug/2019:13:32:16 +0200] "GET /images/vista-up.gif HTTP/1.1" 200 131 "http://renault.activities.at/css/styles.css" "Mozilla/5.0 (Windows NT 6.1; Win64; x64; rv:68.0) Gecko/20100101 Firefox/68.0"
80.122.53.230 - - [28/Aug/2019:13:32:16 +0200] "GET /images/vista-dn.gif HTTP/1.1" 200 128 "http://renault.activities.at/css/styles.css" "Mozilla/5.0 (Windows NT 6.1; Win64; x64; rv:68.0) Gecko/20100101 Firefox/68.0"
80.122.53.230 - - [28/Aug/2019:13:32:16 +0200] "GET /loadthumbnail.php?id=11423838&width=113 HTTP/1.1" 200 2865 "http://renault.activities.at/10260286" "Mozilla/5.0 (Windows NT 6.1; Win64; x64; rv:68.0) Gecko/20100101 Firefox/68.0"
80.122.53.230 - - [28/Aug/2019:13:32:16 +0200] "GET /loadthumbnail.php?id=10203255 HTTP/1.1" 200 137 "http://renault.activities.at/10260286" "Mozilla/5.0 (Windows NT 6.1; Win64; x64; rv:68.0) Gecko/20100101 Firefox/68.0"
213.153.47.173 - - [28/Aug/2019:13:32:18 +0200] "GET /reload?ser=1566991938493 HTTP/1.1" 200 28 "http://renault.activities.at/login?required=true" "Mozilla/5.0 (Windows NT 10.0; Win64; x64; rv:68.0) Gecko/20100101 Firefox/68.0"
80.122.53.230 - - [28/Aug/2019:13:32:28 +0200] "POST /axjaxrequest?mode=suggest HTTP/1.1" 200 110 "http://renault.activities.at/10260286" "Mozilla/5.0 (Windows NT 6.1; Win64; x64; rv:68.0) Gecko/20100101 Firefox/68.0"
212.152.246.135 - - [28/Aug/2019:13:32:34 +0200] "GET /reload?ser=1566991955771 HTTP/1.1" 200 28 "http://renault.activities.at/10260282?dir=DESC&mode=grid&order=name&limit=15&page=4" "Mozilla/5.0 (Windows NT 10.0; WOW64; Trident/7.0; rv:11.0) like Gecko"
80.123.225.36 - - [28/Aug/2019:13:32:37 +0200] "GET /reload?ser=1566991957248 HTTP/1.1" 200 28 "http://renault.activities.at/" "Mozilla/5.0 (Windows NT 10.0; Win64; x64; rv:68.0) Gecko/20100101 Firefox/68.0"
193.194.132.30 - - [28/Aug/2019:13:32:57 +0200] "GET /reload?ser=1566991977634 HTTP/1.1" 200 28 "http://renault.2web.at/success" "Mozilla/5.0 (Windows NT 10.0; WOW64; Trident/7.0; Touch; rv:11.0) like Gecko"
80.122.53.230 - - [28/Aug/2019:13:33:16 +0200] "GET /reload?ser=1566991996716 HTTP/1.1" 200 28 "http://renault.activities.at/10260286" "Mozilla/5.0 (Windows NT 6.1; Win64; x64; rv:68.0) Gecko/20100101 Firefox/68.0"
213.153.47.173 - - [28/Aug/2019:13:33:19 +0200] "GET /reload?ser=1566991999154 HTTP/1.1" 200 28 "http://renault.activities.at/login?required=true" "Mozilla/5.0 (Windows NT 10.0; Win64; x64; rv:68.0) Gecko/20100101 Firefox/68.0"
80.122.53.230 - - [28/Aug/2019:13:33:19 +0200] "GET /10260003 HTTP/1.1" 200 9267 "http://renault.activities.at/10260286" "Mozilla/5.0 (Windows NT 6.1; Win64; x64; rv:68.0) Gecko/20100101 Firefox/68.0"
80.122.53.230 - - [28/Aug/2019:13:33:21 +0200] "GET /10260286 HTTP/1.1" 200 6303 "http://renault.activities.at/10260286" "Mozilla/5.0 (Windows NT 6.1; Win64; x64; rv:68.0) Gecko/20100101 Firefox/68.0"
212.152.246.135 - - [28/Aug/2019:13:33:35 +0200] "GET /reload?ser=1566992016794 HTTP/1.1" 200 28 "http://renault.activities.at/10260282?dir=DESC&mode=grid&order=name&limit=15&page=4" "Mozilla/5.0 (Windows NT 10.0; WOW64; Trident/7.0; rv:11.0) like Gecko"
80.123.225.36 - - [28/Aug/2019:13:33:38 +0200] "GET /reload?ser=1566992018212 HTTP/1.1" 200 28 "http://renault.activities.at/" "Mozilla/5.0 (Windows NT 10.0; Win64; x64; rv:68.0) Gecko/20100101 Firefox/68.0"
80.122.53.230 - - [28/Aug/2019:13:33:43 +0200] "GET /10260251 HTTP/1.1" 200 6993 "http://renault.activities.at/10260286" "Mozilla/5.0 (Windows NT 6.1; Win64; x64; rv:68.0) Gecko/20100101 Firefox/68.0"
80.122.53.230 - - [28/Aug/2019:13:33:45 +0200] "GET /10260251 HTTP/1.1" 200 6993 "http://renault.activities.at/10260286" "Mozilla/5.0 (Windows NT 6.1; Win64; x64; rv:68.0) Gecko/20100101 Firefox/68.0"
80.122.53.230 - - [28/Aug/2019:13:33:47 +0200] "GET /loadthumbnail.php?id=11089820&width=113 HTTP/1.1" 200 2212 "http://renault.activities.at/10260251" "Mozilla/5.0 (Windows NT 6.1; Win64; x64; rv:68.0) Gecko/20100101 Firefox/68.0"
80.122.53.230 - - [28/Aug/2019:13:33:47 +0200] "GET /loadthumbnail.php?id=11270805&width=113 HTTP/1.1" 200 5169 "http://renault.activities.at/10260251" "Mozilla/5.0 (Windows NT 6.1; Win64; x64; rv:68.0) Gecko/20100101 Firefox/68.0"
80.122.53.230 - - [28/Aug/2019:13:33:47 +0200] "GET /loadthumbnail.php?id=11340120&width=113 HTTP/1.1" 200 2962 "http://renault.activities.at/10260251" "Mozilla/5.0 (Windows NT 6.1; Win64; x64; rv:68.0) Gecko/20100101 Firefox/68.0"
80.122.53.230 - - [28/Aug/2019:13:33:47 +0200] "GET /loadthumbnail.php?id=11340119&width=113 HTTP/1.1" 200 5321 "http://renault.activities.at/10260251" "Mozilla/5.0 (Windows NT 6.1; Win64; x64; rv:68.0) Gecko/20100101 Firefox/68.0"
80.122.53.230 - - [28/Aug/2019:13:33:47 +0200] "GET /loadthumbnail.php?id=11340118&width=113 HTTP/1.1" 200 5862 "http://renault.activities.at/10260251" "Mozilla/5.0 (Windows NT 6.1; Win64; x64; rv:68.0) Gecko/20100101 Firefox/68.0"
80.122.53.230 - - [28/Aug/2019:13:33:55 +0200] "GET /10201633 HTTP/1.1" 200 9071 "http://renault.activities.at/10260251" "Mozilla/5.0 (Windows NT 6.1; Win64; x64; rv:68.0) Gecko/20100101 Firefox/68.0"
80.122.53.230 - - [28/Aug/2019:13:33:58 +0200] "GET /loadthumbnail.php?id=10203276 HTTP/1.1" 200 75 "http://renault.activities.at/10201633" "Mozilla/5.0 (Windows NT 6.1; Win64; x64; rv:68.0) Gecko/20100101 Firefox/68.0"
80.122.53.230 - - [28/Aug/2019:13:33:58 +0200] "GET /loadthumbnail.php?id=12064387&width=113 HTTP/1.1" 200 3233 "http://renault.activities.at/10201633" "Mozilla/5.0 (Windows NT 6.1; Win64; x64; rv:68.0) Gecko/20100101 Firefox/68.0"
80.122.53.230 - - [28/Aug/2019:13:33:58 +0200] "GET /loadthumbnail.php?id=12064393&width=113 HTTP/1.1" 200 2870 "http://renault.activities.at/10201633" "Mozilla/5.0 (Windows NT 6.1; Win64; x64; rv:68.0) Gecko/20100101 Firefox/68.0"
80.122.53.230 - - [28/Aug/2019:13:33:58 +0200] "GET /loadthumbnail.php?id=12061270&width=113 HTTP/1.1" 200 5531 "http://renault.activities.at/10201633" "Mozilla/5.0 (Windows NT 6.1; Win64; x64; rv:68.0) Gecko/20100101 Firefox/68.0"
80.122.53.230 - - [28/Aug/2019:13:33:58 +0200] "GET /loadthumbnail.php?id=11121996&width=113 HTTP/1.1" 200 2215 "http://renault.activities.at/10201633" "Mozilla/5.0 (Windows NT 6.1; Win64; x64; rv:68.0) Gecko/20100101 Firefox/68.0"
80.122.53.230 - - [28/Aug/2019:13:33:58 +0200] "GET /loadthumbnail.php?id=10203650&width=113 HTTP/1.1" 200 2741 "http://renault.activities.at/10201633" "Mozilla/5.0 (Windows NT 6.1; Win64; x64; rv:68.0) Gecko/20100101 Firefox/68.0"
80.122.53.230 - - [28/Aug/2019:13:33:58 +0200] "GET /images/sub_title_bg.jpg HTTP/1.1" 200 314 "http://renault.activities.at/css/styles.css" "Mozilla/5.0 (Windows NT 6.1; Win64; x64; rv:68.0) Gecko/20100101 Firefox/68.0"
193.194.132.30 - - [28/Aug/2019:13:33:58 +0200] "GET /reload?ser=1566992038753 HTTP/1.1" 200 28 "http://renault.2web.at/success" "Mozilla/5.0 (Windows NT 10.0; WOW64; Trident/7.0; Touch; rv:11.0) like Gecko"
80.122.53.230 - - [28/Aug/2019:13:34:09 +0200] "GET /10201633?dir=DESC&mode=grid&order=name&limit=50 HTTP/1.1" 200 14228 "http://renault.activities.at/10201633" "Mozilla/5.0 (Windows NT 6.1; Win64; x64; rv:68.0) Gecko/20100101 Firefox/68.0"
80.122.53.230 - - [28/Aug/2019:13:34:16 +0200] "GET /loadthumbnail.php?id=10460287&width=113 HTTP/1.1" 200 2135 "http://renault.activities.at/10201633?dir=DESC&mode=grid&order=name&limit=50" "Mozilla/5.0 (Windows NT 6.1; Win64; x64; rv:68.0) Gecko/20100101 Firefox/68.0"
80.122.53.230 - - [28/Aug/2019:13:34:16 +0200] "GET /loadthumbnail.php?id=11615284&width=113 HTTP/1.1" 200 18014 "http://renault.activities.at/10201633?dir=DESC&mode=grid&order=name&limit=50" "Mozilla/5.0 (Windows NT 6.1; Win64; x64; rv:68.0) Gecko/20100101 Firefox/68.0"
80.122.53.230 - - [28/Aug/2019:13:34:16 +0200] "GET /loadthumbnail.php?id=11431080&width=113 HTTP/1.1" 200 3991 "http://renault.activities.at/10201633?dir=DESC&mode=grid&order=name&limit=50" "Mozilla/5.0 (Windows NT 6.1; Win64; x64; rv:68.0) Gecko/20100101 Firefox/68.0"
80.122.53.230 - - [28/Aug/2019:13:34:16 +0200] "GET /loadthumbnail.php?id=11434114&width=113 HTTP/1.1" 200 4564 "http://renault.activities.at/10201633?dir=DESC&mode=grid&order=name&limit=50" "Mozilla/5.0 (Windows NT 6.1; Win64; x64; rv:68.0) Gecko/20100101 Firefox/68.0"
80.122.53.230 - - [28/Aug/2019:13:34:16 +0200] "GET /loadthumbnail.php?id=10745359&width=113 HTTP/1.1" 200 4202 "http://renault.activities.at/10201633?dir=DESC&mode=grid&order=name&limit=50" "Mozilla/5.0 (Windows NT 6.1; Win64; x64; rv:68.0) Gecko/20100101 Firefox/68.0"
80.122.53.230 - - [28/Aug/2019:13:34:16 +0200] "GET /loadthumbnail.php?id=11075492&width=113 HTTP/1.1" 200 2349 "http://renault.activities.at/10201633?dir=DESC&mode=grid&order=name&limit=50" "Mozilla/5.0 (Windows NT 6.1; Win64; x64; rv:68.0) Gecko/20100101 Firefox/68.0"
80.122.53.230 - - [28/Aug/2019:13:34:16 +0200] "GET /loadthumbnail.php?id=11194750&width=113 HTTP/1.1" 200 2347 "http://renault.activities.at/10201633?dir=DESC&mode=grid&order=name&limit=50" "Mozilla/5.0 (Windows NT 6.1; Win64; x64; rv:68.0) Gecko/20100101 Firefox/68.0"
80.122.53.230 - - [28/Aug/2019:13:34:16 +0200] "GET /loadthumbnail.php?id=11146700&width=113 HTTP/1.1" 200 1415 "http://renault.activities.at/10201633?dir=DESC&mode=grid&order=name&limit=50" "Mozilla/5.0 (Windows NT 6.1; Win64; x64; rv:68.0) Gecko/20100101 Firefox/68.0"
80.122.53.230 - - [28/Aug/2019:13:34:16 +0200] "GET /loadthumbnail.php?id=11721290&width=113 HTTP/1.1" 200 1179 "http://renault.activities.at/10201633?dir=DESC&mode=grid&order=name&limit=50" "Mozilla/5.0 (Windows NT 6.1; Win64; x64; rv:68.0) Gecko/20100101 Firefox/68.0"
80.122.53.230 - - [28/Aug/2019:13:34:16 +0200] "GET /loadthumbnail.php?id=11108158&width=113 HTTP/1.1" 200 1545 "http://renault.activities.at/10201633?dir=DESC&mode=grid&order=name&limit=50" "Mozilla/5.0 (Windows NT 6.1; Win64; x64; rv:68.0) Gecko/20100101 Firefox/68.0"
80.122.53.230 - - [28/Aug/2019:13:34:16 +0200] "GET /loadthumbnail.php?id=10260190&width=113 HTTP/1.1" 200 4509 "http://renault.activities.at/10201633?dir=DESC&mode=grid&order=name&limit=50" "Mozilla/5.0 (Windows NT 6.1; Win64; x64; rv:68.0) Gecko/20100101 Firefox/68.0"
80.122.53.230 - - [28/Aug/2019:13:34:16 +0200] "GET /loadthumbnail.php?id=11730239&width=113 HTTP/1.1" 200 4665 "http://renault.activities.at/10201633?dir=DESC&mode=grid&order=name&limit=50" "Mozilla/5.0 (Windows NT 6.1; Win64; x64; rv:68.0) Gecko/20100101 Firefox/68.0"
80.122.53.230 - - [28/Aug/2019:13:34:16 +0200] "GET /loadthumbnail.php?id=12011452&width=113 HTTP/1.1" 200 18490 "http://renault.activities.at/10201633?dir=DESC&mode=grid&order=name&limit=50" "Mozilla/5.0 (Windows NT 6.1; Win64; x64; rv:68.0) Gecko/20100101 Firefox/68.0"
80.122.53.230 - - [28/Aug/2019:13:34:16 +0200] "GET /loadthumbnail.php?id=12011459&width=113 HTTP/1.1" 200 27010 "http://renault.activities.at/10201633?dir=DESC&mode=grid&order=name&limit=50" "Mozilla/5.0 (Windows NT 6.1; Win64; x64; rv:68.0) Gecko/20100101 Firefox/68.0"
80.122.53.230 - - [28/Aug/2019:13:34:16 +0200] "GET /loadthumbnail.php?id=12011456&width=113 HTTP/1.1" 200 14012 "http://renault.activities.at/10201633?dir=DESC&mode=grid&order=name&limit=50" "Mozilla/5.0 (Windows NT 6.1; Win64; x64; rv:68.0) Gecko/20100101 Firefox/68.0"
80.122.53.230 - - [28/Aug/2019:13:34:16 +0200] "GET /loadthumbnail.php?id=11094463&width=113 HTTP/1.1" 200 2237 "http://renault.activities.at/10201633?dir=DESC&mode=grid&order=name&limit=50" "Mozilla/5.0 (Windows NT 6.1; Win64; x64; rv:68.0) Gecko/20100101 Firefox/68.0"
80.122.53.230 - - [28/Aug/2019:13:34:16 +0200] "GET /loadthumbnail.php?id=11304834&width=113 HTTP/1.1" 200 1055 "http://renault.activities.at/10201633?dir=DESC&mode=grid&order=name&limit=50" "Mozilla/5.0 (Windows NT 6.1; Win64; x64; rv:68.0) Gecko/20100101 Firefox/68.0"
80.122.53.230 - - [28/Aug/2019:13:34:16 +0200] "GET /loadthumbnail.php?id=10269567&width=113 HTTP/1.1" 200 1590 "http://renault.activities.at/10201633?dir=DESC&mode=grid&order=name&limit=50" "Mozilla/5.0 (Windows NT 6.1; Win64; x64; rv:68.0) Gecko/20100101 Firefox/68.0"
80.122.53.230 - - [28/Aug/2019:13:34:16 +0200] "GET /loadthumbnail.php?id=10269569&width=113 HTTP/1.1" 200 1309 "http://renault.activities.at/10201633?dir=DESC&mode=grid&order=name&limit=50" "Mozilla/5.0 (Windows NT 6.1; Win64; x64; rv:68.0) Gecko/20100101 Firefox/68.0"
80.122.53.230 - - [28/Aug/2019:13:34:16 +0200] "GET /loadthumbnail.php?id=11730248&width=113 HTTP/1.1" 200 4910 "http://renault.activities.at/10201633?dir=DESC&mode=grid&order=name&limit=50" "Mozilla/5.0 (Windows NT 6.1; Win64; x64; rv:68.0) Gecko/20100101 Firefox/68.0"
80.122.53.230 - - [28/Aug/2019:13:34:16 +0200] "GET /loadthumbnail.php?id=11776453&width=113 HTTP/1.1" 200 1248 "http://renault.activities.at/10201633?dir=DESC&mode=grid&order=name&limit=50" "Mozilla/5.0 (Windows NT 6.1; Win64; x64; rv:68.0) Gecko/20100101 Firefox/68.0"
80.122.53.230 - - [28/Aug/2019:13:34:16 +0200] "GET /loadthumbnail.php?id=11538169&width=113 HTTP/1.1" 200 20088 "http://renault.activities.at/10201633?dir=DESC&mode=grid&order=name&limit=50" "Mozilla/5.0 (Windows NT 6.1; Win64; x64; rv:68.0) Gecko/20100101 Firefox/68.0"
80.122.53.230 - - [28/Aug/2019:13:34:16 +0200] "GET /loadthumbnail.php?id=11319988&width=113 HTTP/1.1" 200 44228 "http://renault.activities.at/10201633?dir=DESC&mode=grid&order=name&limit=50" "Mozilla/5.0 (Windows NT 6.1; Win64; x64; rv:68.0) Gecko/20100101 Firefox/68.0"
80.122.53.230 - - [28/Aug/2019:13:34:16 +0200] "GET /loadthumbnail.php?id=11314432&width=113 HTTP/1.1" 200 36566 "http://renault.activities.at/10201633?dir=DESC&mode=grid&order=name&limit=50" "Mozilla/5.0 (Windows NT 6.1; Win64; x64; rv:68.0) Gecko/20100101 Firefox/68.0"
80.122.53.230 - - [28/Aug/2019:13:34:16 +0200] "GET /loadthumbnail.php?id=11658180&width=113 HTTP/1.1" 200 29422 "http://renault.activities.at/10201633?dir=DESC&mode=grid&order=name&limit=50" "Mozilla/5.0 (Windows NT 6.1; Win64; x64; rv:68.0) Gecko/20100101 Firefox/68.0"
80.122.53.230 - - [28/Aug/2019:13:34:17 +0200] "GET /loadthumbnail.php?id=11715013&width=113 HTTP/1.1" 200 33856 "http://renault.activities.at/10201633?dir=DESC&mode=grid&order=name&limit=50" "Mozilla/5.0 (Windows NT 6.1; Win64; x64; rv:68.0) Gecko/20100101 Firefox/68.0"
80.122.53.230 - - [28/Aug/2019:13:34:17 +0200] "GET /loadthumbnail.php?id=11877757&width=113 HTTP/1.1" 200 32396 "http://renault.activities.at/10201633?dir=DESC&mode=grid&order=name&limit=50" "Mozilla/5.0 (Windows NT 6.1; Win64; x64; rv:68.0) Gecko/20100101 Firefox/68.0"
80.122.53.230 - - [28/Aug/2019:13:34:17 +0200] "GET /loadthumbnail.php?id=11715017&width=113 HTTP/1.1" 200 37395 "http://renault.activities.at/10201633?dir=DESC&mode=grid&order=name&limit=50" "Mozilla/5.0 (Windows NT 6.1; Win64; x64; rv:68.0) Gecko/20100101 Firefox/68.0"
80.122.53.230 - - [28/Aug/2019:13:34:17 +0200] "GET /loadthumbnail.php?id=12017023&width=113 HTTP/1.1" 200 34650 "http://renault.activities.at/10201633?dir=DESC&mode=grid&order=name&limit=50" "Mozilla/5.0 (Windows NT 6.1; Win64; x64; rv:68.0) Gecko/20100101 Firefox/68.0"
80.122.53.230 - - [28/Aug/2019:13:34:17 +0200] "GET /loadthumbnail.php?id=11342067&width=113 HTTP/1.1" 200 21913 "http://renault.activities.at/10201633?dir=DESC&mode=grid&order=name&limit=50" "Mozilla/5.0 (Windows NT 6.1; Win64; x64; rv:68.0) Gecko/20100101 Firefox/68.0"
80.122.53.230 - - [28/Aug/2019:13:34:17 +0200] "GET /loadthumbnail.php?id=11342066&width=113 HTTP/1.1" 200 28015 "http://renault.activities.at/10201633?dir=DESC&mode=grid&order=name&limit=50" "Mozilla/5.0 (Windows NT 6.1; Win64; x64; rv:68.0) Gecko/20100101 Firefox/68.0"
80.122.53.230 - - [28/Aug/2019:13:34:17 +0200] "GET /loadthumbnail.php?id=11319984&width=113 HTTP/1.1" 200 28924 "http://renault.activities.at/10201633?dir=DESC&mode=grid&order=name&limit=50" "Mozilla/5.0 (Windows NT 6.1; Win64; x64; rv:68.0) Gecko/20100101 Firefox/68.0"
80.122.53.230 - - [28/Aug/2019:13:34:17 +0200] "GET /loadthumbnail.php?id=11319961&width=113 HTTP/1.1" 200 27077 "http://renault.activities.at/10201633?dir=DESC&mode=grid&order=name&limit=50" "Mozilla/5.0 (Windows NT 6.1; Win64; x64; rv:68.0) Gecko/20100101 Firefox/68.0"
80.122.53.230 - - [28/Aug/2019:13:34:19 +0200] "POST /axjaxrequest?mode=suggest HTTP/1.1" 200 170 "http://renault.activities.at/10201633?dir=DESC&mode=grid&order=name&limit=50" "Mozilla/5.0 (Windows NT 6.1; Win64; x64; rv:68.0) Gecko/20100101 Firefox/68.0"
213.153.47.173 - - [28/Aug/2019:13:34:19 +0200] "GET /reload?ser=1566992059823 HTTP/1.1" 200 28 "http://renault.activities.at/login?required=true" "Mozilla/5.0 (Windows NT 10.0; Win64; x64; rv:68.0) Gecko/20100101 Firefox/68.0"
80.122.53.230 - - [28/Aug/2019:13:34:19 +0200] "POST /axjaxrequest?mode=suggest HTTP/1.1" 200 120 "http://renault.activities.at/10201633?dir=DESC&mode=grid&order=name&limit=50" "Mozilla/5.0 (Windows NT 6.1; Win64; x64; rv:68.0) Gecko/20100101 Firefox/68.0"
80.122.53.230 - - [28/Aug/2019:13:34:20 +0200] "POST /axjaxrequest?mode=suggest HTTP/1.1" 200 21 "http://renault.activities.at/10201633?dir=DESC&mode=grid&order=name&limit=50" "Mozilla/5.0 (Windows NT 6.1; Win64; x64; rv:68.0) Gecko/20100101 Firefox/68.0"
80.122.53.230 - - [28/Aug/2019:13:34:20 +0200] "GET /result?searchterm=true&search=zubeh%F6rpakete HTTP/1.1" 200 4933 "http://renault.activities.at/10201633?dir=DESC&mode=grid&order=name&limit=50" "Mozilla/5.0 (Windows NT 6.1; Win64; x64; rv:68.0) Gecko/20100101 Firefox/68.0"
80.122.53.230 - - [28/Aug/2019:13:34:24 +0200] "GET /images/note_msg_icon.gif HTTP/1.1" 304 - "http://renault.activities.at/css/styles.css" "Mozilla/5.0 (Windows NT 6.1; Win64; x64; rv:68.0) Gecko/20100101 Firefox/68.0"
80.122.53.230 - - [28/Aug/2019:13:34:28 +0200] "GET /result?searchterm=true&search=zubeh%F6r HTTP/1.1" 200 8636 "http://renault.activities.at/result?searchterm=true&search=zubeh%F6rpakete" "Mozilla/5.0 (Windows NT 6.1; Win64; x64; rv:68.0) Gecko/20100101 Firefox/68.0"
80.122.53.230 - - [28/Aug/2019:13:34:31 +0200] "GET /loadthumbnail.php?id=11926565&width=113 HTTP/1.1" 200 28904 "http://renault.activities.at/result?searchterm=true&search=zubeh%F6r" "Mozilla/5.0 (Windows NT 6.1; Win64; x64; rv:68.0) Gecko/20100101 Firefox/68.0"
80.122.53.230 - - [28/Aug/2019:13:34:31 +0200] "GET /loadthumbnail.php?id=11926648&width=113 HTTP/1.1" 200 35142 "http://renault.activities.at/result?searchterm=true&search=zubeh%F6r" "Mozilla/5.0 (Windows NT 6.1; Win64; x64; rv:68.0) Gecko/20100101 Firefox/68.0"
80.122.53.230 - - [28/Aug/2019:13:34:31 +0200] "GET /loadthumbnail.php?id=11926581&width=113 HTTP/1.1" 200 35255 "http://renault.activities.at/result?searchterm=true&search=zubeh%F6r" "Mozilla/5.0 (Windows NT 6.1; Win64; x64; rv:68.0) Gecko/20100101 Firefox/68.0"
80.122.53.230 - - [28/Aug/2019:13:34:31 +0200] "GET /loadthumbnail.php?id=11926585&width=113 HTTP/1.1" 200 37549 "http://renault.activities.at/result?searchterm=true&search=zubeh%F6r" "Mozilla/5.0 (Windows NT 6.1; Win64; x64; rv:68.0) Gecko/20100101 Firefox/68.0"
80.122.53.230 - - [28/Aug/2019:13:34:31 +0200] "GET /loadthumbnail.php?id=11926557&width=113 HTTP/1.1" 200 36925 "http://renault.activities.at/result?searchterm=true&search=zubeh%F6r" "Mozilla/5.0 (Windows NT 6.1; Win64; x64; rv:68.0) Gecko/20100101 Firefox/68.0"
80.122.53.230 - - [28/Aug/2019:13:34:31 +0200] "GET /loadthumbnail.php?id=11926666&width=113 HTTP/1.1" 200 36655 "http://renault.activities.at/result?searchterm=true&search=zubeh%F6r" "Mozilla/5.0 (Windows NT 6.1; Win64; x64; rv:68.0) Gecko/20100101 Firefox/68.0"
80.122.53.230 - - [28/Aug/2019:13:34:32 +0200] "GET /loadthumbnail.php?id=11926591&width=113 HTTP/1.1" 200 34469 "http://renault.activities.at/result?searchterm=true&search=zubeh%F6r" "Mozilla/5.0 (Windows NT 6.1; Win64; x64; rv:68.0) Gecko/20100101 Firefox/68.0"
80.122.53.230 - - [28/Aug/2019:13:34:32 +0200] "GET /loadthumbnail.php?id=11926552&width=113 HTTP/1.1" 200 35098 "http://renault.activities.at/result?searchterm=true&search=zubeh%F6r" "Mozilla/5.0 (Windows NT 6.1; Win64; x64; rv:68.0) Gecko/20100101 Firefox/68.0"
80.122.53.230 - - [28/Aug/2019:13:34:32 +0200] "GET /loadthumbnail.php?id=11926679&width=113 HTTP/1.1" 200 33362 "http://renault.activities.at/result?searchterm=true&search=zubeh%F6r" "Mozilla/5.0 (Windows NT 6.1; Win64; x64; rv:68.0) Gecko/20100101 Firefox/68.0"
80.122.53.230 - - [28/Aug/2019:13:34:32 +0200] "GET /loadthumbnail.php?id=12049947&width=113 HTTP/1.1" 200 34656 "http://renault.activities.at/result?searchterm=true&search=zubeh%F6r" "Mozilla/5.0 (Windows NT 6.1; Win64; x64; rv:68.0) Gecko/20100101 Firefox/68.0"
80.122.53.230 - - [28/Aug/2019:13:34:32 +0200] "GET /loadthumbnail.php?id=11926595&width=113 HTTP/1.1" 200 34271 "http://renault.activities.at/result?searchterm=true&search=zubeh%F6r" "Mozilla/5.0 (Windows NT 6.1; Win64; x64; rv:68.0) Gecko/20100101 Firefox/68.0"
80.122.53.230 - - [28/Aug/2019:13:34:32 +0200] "GET /loadthumbnail.php?id=11926644&width=113 HTTP/1.1" 200 35735 "http://renault.activities.at/result?searchterm=true&search=zubeh%F6r" "Mozilla/5.0 (Windows NT 6.1; Win64; x64; rv:68.0) Gecko/20100101 Firefox/68.0"
80.122.53.230 - - [28/Aug/2019:13:34:32 +0200] "GET /loadthumbnail.php?id=11926683&width=113 HTTP/1.1" 200 34706 "http://renault.activities.at/result?searchterm=true&search=zubeh%F6r" "Mozilla/5.0 (Windows NT 6.1; Win64; x64; rv:68.0) Gecko/20100101 Firefox/68.0"
80.122.53.230 - - [28/Aug/2019:13:34:32 +0200] "GET /loadthumbnail.php?id=11926640&width=113 HTTP/1.1" 200 36074 "http://renault.activities.at/result?searchterm=true&search=zubeh%F6r" "Mozilla/5.0 (Windows NT 6.1; Win64; x64; rv:68.0) Gecko/20100101 Firefox/68.0"
212.152.246.135 - - [28/Aug/2019:13:34:37 +0200] "GET /reload?ser=1566992077873 HTTP/1.1" 200 28 "http://renault.activities.at/10260282?dir=DESC&mode=grid&order=name&limit=15&page=4" "Mozilla/5.0 (Windows NT 10.0; WOW64; Trident/7.0; rv:11.0) like Gecko"
80.123.225.36 - - [28/Aug/2019:13:34:39 +0200] "GET /reload?ser=1566992079200 HTTP/1.1" 200 28 "http://renault.activities.at/" "Mozilla/5.0 (Windows NT 10.0; Win64; x64; rv:68.0) Gecko/20100101 Firefox/68.0"
87.122.120.51 - - [28/Aug/2019:13:34:42 +0200] "GET / HTTP/1.1" 200 3448 "https://www.google.com/" "Mozilla/5.0 (Windows NT 6.1; Win64; x64) AppleWebKit/537.36 (KHTML, like Gecko) Chrome/76.0.3809.100 Safari/537.36"
87.122.120.51 - - [28/Aug/2019:13:34:43 +0200] "GET /js/default.js HTTP/1.1" 200 14698 "http://renault.activities.at/" "Mozilla/5.0 (Windows NT 6.1; Win64; x64) AppleWebKit/537.36 (KHTML, like Gecko) Chrome/76.0.3809.100 Safari/537.36"
87.122.120.51 - - [28/Aug/2019:13:34:43 +0200] "GET /css/reset.css HTTP/1.1" 200 1356 "http://renault.activities.at/" "Mozilla/5.0 (Windows NT 6.1; Win64; x64) AppleWebKit/537.36 (KHTML, like Gecko) Chrome/76.0.3809.100 Safari/537.36"
87.122.120.51 - - [28/Aug/2019:13:34:43 +0200] "GET /js/flashdetection.js HTTP/1.1" 200 1059 "http://renault.activities.at/" "Mozilla/5.0 (Windows NT 6.1; Win64; x64) AppleWebKit/537.36 (KHTML, like Gecko) Chrome/76.0.3809.100 Safari/537.36"
87.122.120.51 - - [28/Aug/2019:13:34:43 +0200] "GET /css/clears.css HTTP/1.1" 200 851 "http://renault.activities.at/" "Mozilla/5.0 (Windows NT 6.1; Win64; x64) AppleWebKit/537.36 (KHTML, like Gecko) Chrome/76.0.3809.100 Safari/537.36"
87.122.120.51 - - [28/Aug/2019:13:34:43 +0200] "GET /css/styles.css HTTP/1.1" 200 14664 "http://renault.activities.at/" "Mozilla/5.0 (Windows NT 6.1; Win64; x64) AppleWebKit/537.36 (KHTML, like Gecko) Chrome/76.0.3809.100 Safari/537.36"
87.122.120.51 - - [28/Aug/2019:13:34:43 +0200] "GET /js/checkout.css HTTP/1.1" 200 359 "http://renault.activities.at/" "Mozilla/5.0 (Windows NT 6.1; Win64; x64) AppleWebKit/537.36 (KHTML, like Gecko) Chrome/76.0.3809.100 Safari/537.36"
87.122.120.51 - - [28/Aug/2019:13:34:43 +0200] "GET /css/prototip.css HTTP/1.1" 200 968 "http://renault.activities.at/" "Mozilla/5.0 (Windows NT 6.1; Win64; x64) AppleWebKit/537.36 (KHTML, like Gecko) Chrome/76.0.3809.100 Safari/537.36"
87.122.120.51 - - [28/Aug/2019:13:34:43 +0200] "GET /css/themes/default.css HTTP/1.1" 200 769 "http://renault.activities.at/" "Mozilla/5.0 (Windows NT 6.1; Win64; x64) AppleWebKit/537.36 (KHTML, like Gecko) Chrome/76.0.3809.100 Safari/537.36"
87.122.120.51 - - [28/Aug/2019:13:34:43 +0200] "GET /css/themes/alphacube.css HTTP/1.1" 200 743 "http://renault.activities.at/" "Mozilla/5.0 (Windows NT 6.1; Win64; x64) AppleWebKit/537.36 (KHTML, like Gecko) Chrome/76.0.3809.100 Safari/537.36"
87.122.120.51 - - [28/Aug/2019:13:34:43 +0200] "GET /js/index.php?c=auto&f=,prototype/prototype.js,prototype/validation.js,scriptaculous/builder.js,scriptaculous/effects.js,scriptaculous/dragdrop.js,scriptaculous/controls.js,scriptaculous/slider.js,varien/js.js,varien/form.js,varien/menu.js,mage/translate.js,mage/cookies.js,varien/product.js,spinner/SpinnerControl.jsmin.js,prototype/window.js,prototype/window_ext.js HTTP/1.1" 200 94182 "http://renault.activities.at/" "Mozilla/5.0 (Windows NT 6.1; Win64; x64) AppleWebKit/537.36 (KHTML, like Gecko) Chrome/76.0.3809.100 Safari/537.36"
87.122.120.51 - - [28/Aug/2019:13:34:43 +0200] "GET /images/main_block_border.gif HTTP/1.1" 200 43 "http://renault.activities.at/css/styles.css" "Mozilla/5.0 (Windows NT 6.1; Win64; x64) AppleWebKit/537.36 (KHTML, like Gecko) Chrome/76.0.3809.100 Safari/537.36"
87.122.120.51 - - [28/Aug/2019:13:34:43 +0200] "GET /images/main_block_corner_left_bot.gif HTTP/1.1" 200 159 "http://renault.activities.at/css/styles.css" "Mozilla/5.0 (Windows NT 6.1; Win64; x64) AppleWebKit/537.36 (KHTML, like Gecko) Chrome/76.0.3809.100 Safari/537.36"
87.122.120.51 - - [28/Aug/2019:13:34:43 +0200] "GET /images/header_block_border.gif HTTP/1.1" 200 43 "http://renault.activities.at/css/styles.css" "Mozilla/5.0 (Windows NT 6.1; Win64; x64) AppleWebKit/537.36 (KHTML, like Gecko) Chrome/76.0.3809.100 Safari/537.36"
87.122.120.51 - - [28/Aug/2019:13:34:43 +0200] "GET /images/main_block_corner_right_bot.gif HTTP/1.1" 200 158 "http://renault.activities.at/css/styles.css" "Mozilla/5.0 (Windows NT 6.1; Win64; x64) AppleWebKit/537.36 (KHTML, like Gecko) Chrome/76.0.3809.100 Safari/537.36"
87.122.120.51 - - [28/Aug/2019:13:34:43 +0200] "GET /images/header_block_corner_left_top.gif HTTP/1.1" 200 160 "http://renault.activities.at/css/styles.css" "Mozilla/5.0 (Windows NT 6.1; Win64; x64) AppleWebKit/537.36 (KHTML, like Gecko) Chrome/76.0.3809.100 Safari/537.36"
87.122.120.51 - - [28/Aug/2019:13:34:43 +0200] "GET /css/print.css HTTP/1.1" 200 543 "http://renault.activities.at/" "Mozilla/5.0 (Windows NT 6.1; Win64; x64) AppleWebKit/537.36 (KHTML, like Gecko) Chrome/76.0.3809.100 Safari/537.36"
87.122.120.51 - - [28/Aug/2019:13:34:43 +0200] "GET /images/header_block_corner_right_top.gif HTTP/1.1" 200 160 "http://renault.activities.at/css/styles.css" "Mozilla/5.0 (Windows NT 6.1; Win64; x64) AppleWebKit/537.36 (KHTML, like Gecko) Chrome/76.0.3809.100 Safari/537.36"
87.122.120.51 - - [28/Aug/2019:13:34:43 +0200] "GET /images/main_block_corner_left_top.gif HTTP/1.1" 200 159 "http://renault.activities.at/css/styles.css" "Mozilla/5.0 (Windows NT 6.1; Win64; x64) AppleWebKit/537.36 (KHTML, like Gecko) Chrome/76.0.3809.100 Safari/537.36"
87.122.120.51 - - [28/Aug/2019:13:34:43 +0200] "GET /images/main_block_corner_right_top.gif HTTP/1.1" 200 159 "http://renault.activities.at/css/styles.css" "Mozilla/5.0 (Windows NT 6.1; Win64; x64) AppleWebKit/537.36 (KHTML, like Gecko) Chrome/76.0.3809.100 Safari/537.36"
87.122.120.51 - - [28/Aug/2019:13:34:43 +0200] "GET /images/title_border.jpg HTTP/1.1" 200 304 "http://renault.activities.at/css/styles.css" "Mozilla/5.0 (Windows NT 6.1; Win64; x64) AppleWebKit/537.36 (KHTML, like Gecko) Chrome/76.0.3809.100 Safari/537.36"
87.122.120.51 - - [28/Aug/2019:13:34:43 +0200] "GET /images/title_border_top.jpg HTTP/1.1" 200 336 "http://renault.activities.at/css/styles.css" "Mozilla/5.0 (Windows NT 6.1; Win64; x64) AppleWebKit/537.36 (KHTML, like Gecko) Chrome/76.0.3809.100 Safari/537.36"
87.122.120.51 - - [28/Aug/2019:13:34:43 +0200] "GET /images/title_corner_left_top.jpg HTTP/1.1" 200 372 "http://renault.activities.at/css/styles.css" "Mozilla/5.0 (Windows NT 6.1; Win64; x64) AppleWebKit/537.36 (KHTML, like Gecko) Chrome/76.0.3809.100 Safari/537.36"
87.122.120.51 - - [28/Aug/2019:13:34:43 +0200] "GET /images/title_corner_right_top.jpg HTTP/1.1" 200 389 "http://renault.activities.at/css/styles.css" "Mozilla/5.0 (Windows NT 6.1; Win64; x64) AppleWebKit/537.36 (KHTML, like Gecko) Chrome/76.0.3809.100 Safari/537.36"
87.122.120.51 - - [28/Aug/2019:13:34:43 +0200] "GET /loadthumbnail.php?id=11127982 HTTP/1.1" 200 399614 "http://renault.activities.at/" "Mozilla/5.0 (Windows NT 6.1; Win64; x64) AppleWebKit/537.36 (KHTML, like Gecko) Chrome/76.0.3809.100 Safari/537.36"
87.122.120.51 - - [28/Aug/2019:13:34:44 +0200] "GET /images/favicon.ico HTTP/1.1" 404 305 "http://renault.activities.at/" "Mozilla/5.0 (Windows NT 6.1; Win64; x64) AppleWebKit/537.36 (KHTML, like Gecko) Chrome/76.0.3809.100 Safari/537.36"
193.194.132.30 - - [28/Aug/2019:13:34:59 +0200] "GET /reload?ser=1566992099800 HTTP/1.1" 200 28 "http://renault.2web.at/success" "Mozilla/5.0 (Windows NT 10.0; WOW64; Trident/7.0; Touch; rv:11.0) like Gecko"
213.153.47.173 - - [28/Aug/2019:13:35:20 +0200] "GET /reload?ser=1566992120468 HTTP/1.1" 200 28 "http://renault.activities.at/login?required=true" "Mozilla/5.0 (Windows NT 10.0; Win64; x64; rv:68.0) Gecko/20100101 Firefox/68.0"
80.122.53.230 - - [28/Aug/2019:13:35:21 +0200] "GET /css/themes/alphacube/top_mid.gif HTTP/1.1" 200 833 "http://renault.activities.at/css/themes/alphacube.css" "Mozilla/5.0 (Windows NT 6.1; Win64; x64; rv:68.0) Gecko/20100101 Firefox/68.0"
80.122.53.230 - - [28/Aug/2019:13:35:21 +0200] "GET /css/themes/alphacube/bottom_middle.gif HTTP/1.1" 200 44 "http://renault.activities.at/css/themes/alphacube.css" "Mozilla/5.0 (Windows NT 6.1; Win64; x64; rv:68.0) Gecko/20100101 Firefox/68.0"
80.122.53.230 - - [28/Aug/2019:13:35:21 +0200] "GET /css/themes/alphacube/frame_left.gif HTTP/1.1" 200 64 "http://renault.activities.at/css/themes/alphacube.css" "Mozilla/5.0 (Windows NT 6.1; Win64; x64; rv:68.0) Gecko/20100101 Firefox/68.0"
80.122.53.230 - - [28/Aug/2019:13:35:21 +0200] "GET /css/themes/alphacube/frame_right.gif HTTP/1.1" 200 64 "http://renault.activities.at/css/themes/alphacube.css" "Mozilla/5.0 (Windows NT 6.1; Win64; x64; rv:68.0) Gecko/20100101 Firefox/68.0"
80.122.53.230 - - [28/Aug/2019:13:35:21 +0200] "GET /css/themes/alphacube/button-close-focus.gif HTTP/1.1" 304 - "http://renault.activities.at/css/themes/alphacube.css" "Mozilla/5.0 (Windows NT 6.1; Win64; x64; rv:68.0) Gecko/20100101 Firefox/68.0"
80.122.53.230 - - [28/Aug/2019:13:35:21 +0200] "GET /css/themes/alphacube/top_left.gif HTTP/1.1" 304 - "http://renault.activities.at/css/themes/alphacube.css" "Mozilla/5.0 (Windows NT 6.1; Win64; x64; rv:68.0) Gecko/20100101 Firefox/68.0"
80.122.53.230 - - [28/Aug/2019:13:35:21 +0200] "GET /css/themes/alphacube/top_right.gif HTTP/1.1" 304 - "http://renault.activities.at/css/themes/alphacube.css" "Mozilla/5.0 (Windows NT 6.1; Win64; x64; rv:68.0) Gecko/20100101 Firefox/68.0"
80.122.53.230 - - [28/Aug/2019:13:35:21 +0200] "GET /css/themes/alphacube/bottom_left-c.gif HTTP/1.1" 304 - "http://renault.activities.at/css/themes/alphacube.css" "Mozilla/5.0 (Windows NT 6.1; Win64; x64; rv:68.0) Gecko/20100101 Firefox/68.0"
80.122.53.230 - - [28/Aug/2019:13:35:21 +0200] "GET /css/themes/alphacube/bottom_right-c.gif HTTP/1.1" 304 - "http://renault.activities.at/css/themes/alphacube.css" "Mozilla/5.0 (Windows NT 6.1; Win64; x64; rv:68.0) Gecko/20100101 Firefox/68.0"
87.122.120.51 - - [28/Aug/2019:13:35:21 +0200] "GET / HTTP/1.1" 200 3448 "-" "Mozilla/5.0 (Windows NT 6.1; Win64; x64) AppleWebKit/537.36 (KHTML, like Gecko) Chrome/76.0.3809.100 Safari/537.36"
80.122.53.230 - - [28/Aug/2019:13:35:21 +0200] "GET /12054135?print=true HTTP/1.1" 200 2654 "http://renault.activities.at/result?searchterm=true&search=zubeh%F6r" "Mozilla/5.0 (Windows NT 6.1; Win64; x64; rv:68.0) Gecko/20100101 Firefox/68.0"
80.122.53.230 - - [28/Aug/2019:13:35:24 +0200] "GET /js/magiczoom/magiczoom.css HTTP/1.1" 304 - "http://renault.activities.at/12054135?print=true" "Mozilla/5.0 (Windows NT 6.1; Win64; x64; rv:68.0) Gecko/20100101 Firefox/68.0"
80.122.53.230 - - [28/Aug/2019:13:35:24 +0200] "GET /js/Produkt.js HTTP/1.1" 304 - "http://renault.activities.at/12054135?print=true" "Mozilla/5.0 (Windows NT 6.1; Win64; x64; rv:68.0) Gecko/20100101 Firefox/68.0"
