185.22.23.252 - - [09/Sep/2019:08:57:49 +0200] "GET /images/header_block_border.gif HTTP/1.1" 304 - "http://renault.activities.at/checkout" "Mozilla/5.0 (Windows NT 6.3; WOW64; Trident/7.0; rv:11.0) like Gecko"
185.22.23.252 - - [09/Sep/2019:08:57:49 +0200] "GET /images/search_bg.gif HTTP/1.1" 304 - "http://renault.activities.at/checkout" "Mozilla/5.0 (Windows NT 6.3; WOW64; Trident/7.0; rv:11.0) like Gecko"
185.22.23.252 - - [09/Sep/2019:08:57:49 +0200] "GET /images/header_block_corner_right_top.gif HTTP/1.1" 304 - "http://renault.activities.at/checkout" "Mozilla/5.0 (Windows NT 6.3; WOW64; Trident/7.0; rv:11.0) like Gecko"
185.22.23.252 - - [09/Sep/2019:08:57:49 +0200] "GET /images/main_block_corner_right_top.gif HTTP/1.1" 304 - "http://renault.activities.at/checkout" "Mozilla/5.0 (Windows NT 6.3; WOW64; Trident/7.0; rv:11.0) like Gecko"
185.22.23.252 - - [09/Sep/2019:08:57:49 +0200] "GET /images/main_block_corner_left_bot.gif HTTP/1.1" 304 - "http://renault.activities.at/checkout" "Mozilla/5.0 (Windows NT 6.3; WOW64; Trident/7.0; rv:11.0) like Gecko"
185.22.23.252 - - [09/Sep/2019:08:57:49 +0200] "GET /images/main_block_corner_right_bot.gif HTTP/1.1" 304 - "http://renault.activities.at/checkout" "Mozilla/5.0 (Windows NT 6.3; WOW64; Trident/7.0; rv:11.0) like Gecko"
185.22.23.252 - - [09/Sep/2019:08:57:49 +0200] "GET /images/main_block_border.gif HTTP/1.1" 304 - "http://renault.activities.at/checkout" "Mozilla/5.0 (Windows NT 6.3; WOW64; Trident/7.0; rv:11.0) like Gecko"
185.22.23.252 - - [09/Sep/2019:08:57:49 +0200] "GET /images/nav_divider.gif HTTP/1.1" 304 - "http://renault.activities.at/checkout" "Mozilla/5.0 (Windows NT 6.3; WOW64; Trident/7.0; rv:11.0) like Gecko"
185.22.23.252 - - [09/Sep/2019:08:57:49 +0200] "GET /images/button_right_bg.gif HTTP/1.1" 304 - "http://renault.activities.at/checkout" "Mozilla/5.0 (Windows NT 6.3; WOW64; Trident/7.0; rv:11.0) like Gecko"
185.22.23.252 - - [09/Sep/2019:08:57:49 +0200] "GET /images/menu_divider.gif HTTP/1.1" 304 - "http://renault.activities.at/checkout" "Mozilla/5.0 (Windows NT 6.3; WOW64; Trident/7.0; rv:11.0) like Gecko"
185.22.23.252 - - [09/Sep/2019:08:57:49 +0200] "GET /images/menu_button_bg.jpg HTTP/1.1" 304 - "http://renault.activities.at/checkout" "Mozilla/5.0 (Windows NT 6.3; WOW64; Trident/7.0; rv:11.0) like Gecko"
185.22.23.252 - - [09/Sep/2019:08:57:49 +0200] "GET /images/top_links_divider.gif HTTP/1.1" 304 - "http://renault.activities.at/checkout" "Mozilla/5.0 (Windows NT 6.3; WOW64; Trident/7.0; rv:11.0) like Gecko"
185.22.23.252 - - [09/Sep/2019:08:57:49 +0200] "GET /images/step_marker.gif HTTP/1.1" 200 650 "http://renault.activities.at/checkout" "Mozilla/5.0 (Windows NT 6.3; WOW64; Trident/7.0; rv:11.0) like Gecko"
185.22.23.252 - - [09/Sep/2019:08:57:49 +0200] "GET /images/sidebar_title_corner_left_top.gif HTTP/1.1" 304 - "http://renault.activities.at/checkout" "Mozilla/5.0 (Windows NT 6.3; WOW64; Trident/7.0; rv:11.0) like Gecko"
185.22.23.252 - - [09/Sep/2019:08:57:49 +0200] "GET /images/sidebar_title_border.gif HTTP/1.1" 304 - "http://renault.activities.at/checkout" "Mozilla/5.0 (Windows NT 6.3; WOW64; Trident/7.0; rv:11.0) like Gecko"
185.22.23.252 - - [09/Sep/2019:08:57:49 +0200] "GET /images/button_left_bg.gif HTTP/1.1" 304 - "http://renault.activities.at/checkout" "Mozilla/5.0 (Windows NT 6.3; WOW64; Trident/7.0; rv:11.0) like Gecko"
185.22.23.252 - - [09/Sep/2019:08:57:49 +0200] "GET /images/sidebar_title_border_top.gif HTTP/1.1" 304 - "http://renault.activities.at/checkout" "Mozilla/5.0 (Windows NT 6.3; WOW64; Trident/7.0; rv:11.0) like Gecko"
185.22.23.252 - - [09/Sep/2019:08:57:49 +0200] "GET /images/sidebar_title_corner_right_top.gif HTTP/1.1" 304 - "http://renault.activities.at/checkout" "Mozilla/5.0 (Windows NT 6.3; WOW64; Trident/7.0; rv:11.0) like Gecko"
185.22.23.252 - - [09/Sep/2019:08:57:49 +0200] "GET /images/step_bg.jpg HTTP/1.1" 200 319 "http://renault.activities.at/checkout" "Mozilla/5.0 (Windows NT 6.3; WOW64; Trident/7.0; rv:11.0) like Gecko"
185.22.23.252 - - [09/Sep/2019:08:57:49 +0200] "GET /images/button_bg.gif HTTP/1.1" 304 - "http://renault.activities.at/checkout" "Mozilla/5.0 (Windows NT 6.3; WOW64; Trident/7.0; rv:11.0) like Gecko"
185.22.23.252 - - [09/Sep/2019:08:57:49 +0200] "GET /images/footer_divider.gif HTTP/1.1" 304 - "http://renault.activities.at/checkout" "Mozilla/5.0 (Windows NT 6.3; WOW64; Trident/7.0; rv:11.0) like Gecko"
185.22.23.252 - - [09/Sep/2019:08:57:49 +0200] "GET /images/checkout_border_top.gif HTTP/1.1" 200 156 "http://renault.activities.at/checkout" "Mozilla/5.0 (Windows NT 6.3; WOW64; Trident/7.0; rv:11.0) like Gecko"
185.22.23.252 - - [09/Sep/2019:08:57:49 +0200] "GET /images/checkout_border.gif HTTP/1.1" 200 43 "http://renault.activities.at/checkout" "Mozilla/5.0 (Windows NT 6.3; WOW64; Trident/7.0; rv:11.0) like Gecko"
83.175.113.91 - - [09/Sep/2019:08:57:53 +0200] "GET /717638?print=true HTTP/1.1" 200 2690 "http://renault.activities.at/result?searchterm=true&search=Kontrollzertifikat" "Mozilla/5.0 (Windows NT 6.1; WOW64; Trident/7.0; rv:11.0) like Gecko"
83.175.113.91 - - [09/Sep/2019:08:57:56 +0200] "GET /js/index.php?c=auto&f=,prototype/prototype.js,prototype/validation.js,scriptaculous/builder.js,scriptaculous/effects.js,scriptaculous/dragdrop.js,scriptaculous/controls.js,scriptaculous/slider.js,varien/js.js,varien/form.js,varien/menu.js,mage/translate.js,mage/cookies.js,varien/product.js,spinner/SpinnerControl.jsmin.js,prototype/window.js,prototype/window_ext.js HTTP/1.1" 304 - "http://renault.activities.at/717638?print=true" "Mozilla/5.0 (Windows NT 6.1; WOW64; Trident/7.0; rv:11.0) like Gecko"
83.175.113.91 - - [09/Sep/2019:08:57:56 +0200] "GET /loadthumbnail.php?id=10260190&width=250 HTTP/1.1" 200 10960 "http://renault.activities.at/717638?print=true" "Mozilla/5.0 (Windows NT 6.1; WOW64; Trident/7.0; rv:11.0) like Gecko"
83.175.113.91 - - [09/Sep/2019:08:57:56 +0200] "GET /loadthumbnail.php?id=10260190&width=900&height=900 HTTP/1.1" 200 10960 "http://renault.activities.at/717638?print=true" "Mozilla/5.0 (Windows NT 6.1; WOW64; Trident/7.0; rv:11.0) like Gecko"
185.22.23.252 - - [09/Sep/2019:08:57:54 +0200] "POST /docheckout HTTP/1.1" 200 458 "http://renault.activities.at/checkout" "Mozilla/5.0 (Windows NT 6.3; WOW64; Trident/7.0; rv:11.0) like Gecko"
185.22.23.252 - - [09/Sep/2019:08:57:57 +0200] "POST /docheckout HTTP/1.1" 200 690 "http://renault.activities.at/checkout" "Mozilla/5.0 (Windows NT 6.3; WOW64; Trident/7.0; rv:11.0) like Gecko"
185.22.23.252 - - [09/Sep/2019:08:57:59 +0200] "GET /images/error_msg_icon.gif HTTP/1.1" 200 1013 "http://renault.activities.at/checkout" "Mozilla/5.0 (Windows NT 6.3; WOW64; Trident/7.0; rv:11.0) like Gecko"
185.22.23.252 - - [09/Sep/2019:08:58:02 +0200] "POST /docheckout HTTP/1.1" 200 68 "http://renault.activities.at/checkout" "Mozilla/5.0 (Windows NT 6.3; WOW64; Trident/7.0; rv:11.0) like Gecko"
193.194.132.23 - - [09/Sep/2019:08:58:06 +0200] "GET /reload?ser=1568012286081 HTTP/1.1" 200 28 "http://renault.2web.at/account?loadrequest=true" "Mozilla/5.0 (Windows NT 10.0; WOW64; Trident/7.0; Touch; rv:11.0) like Gecko"
185.22.23.252 - - [09/Sep/2019:08:58:05 +0200] "GET /success HTTP/1.1" 200 3786 "http://renault.activities.at/checkout" "Mozilla/5.0 (Windows NT 6.3; WOW64; Trident/7.0; rv:11.0) like Gecko"
185.22.23.252 - - [09/Sep/2019:08:58:07 +0200] "GET /js/default.js HTTP/1.1" 304 - "http://renault.activities.at/success" "Mozilla/5.0 (Windows NT 6.3; WOW64; Trident/7.0; rv:11.0) like Gecko"
185.22.23.252 - - [09/Sep/2019:08:58:07 +0200] "GET /css/styles.css HTTP/1.1" 304 - "http://renault.activities.at/success" "Mozilla/5.0 (Windows NT 6.3; WOW64; Trident/7.0; rv:11.0) like Gecko"
185.22.23.252 - - [09/Sep/2019:08:58:07 +0200] "GET /css/reset.css HTTP/1.1" 304 - "http://renault.activities.at/success" "Mozilla/5.0 (Windows NT 6.3; WOW64; Trident/7.0; rv:11.0) like Gecko"
185.22.23.252 - - [09/Sep/2019:08:58:07 +0200] "GET /js/checkout.css HTTP/1.1" 304 - "http://renault.activities.at/success" "Mozilla/5.0 (Windows NT 6.3; WOW64; Trident/7.0; rv:11.0) like Gecko"
185.22.23.252 - - [09/Sep/2019:08:58:07 +0200] "GET /css/print.css HTTP/1.1" 304 - "http://renault.activities.at/success" "Mozilla/5.0 (Windows NT 6.3; WOW64; Trident/7.0; rv:11.0) like Gecko"
185.22.23.252 - - [09/Sep/2019:08:58:07 +0200] "GET /css/clears.css HTTP/1.1" 304 - "http://renault.activities.at/success" "Mozilla/5.0 (Windows NT 6.3; WOW64; Trident/7.0; rv:11.0) like Gecko"
185.22.23.252 - - [09/Sep/2019:08:58:07 +0200] "GET /css/prototip.css HTTP/1.1" 304 - "http://renault.activities.at/success" "Mozilla/5.0 (Windows NT 6.3; WOW64; Trident/7.0; rv:11.0) like Gecko"
185.22.23.252 - - [09/Sep/2019:08:58:07 +0200] "GET /css/themes/default.css HTTP/1.1" 304 - "http://renault.activities.at/success" "Mozilla/5.0 (Windows NT 6.3; WOW64; Trident/7.0; rv:11.0) like Gecko"
185.22.23.252 - - [09/Sep/2019:08:58:07 +0200] "GET /css/themes/alphacube.css HTTP/1.1" 304 - "http://renault.activities.at/success" "Mozilla/5.0 (Windows NT 6.3; WOW64; Trident/7.0; rv:11.0) like Gecko"
185.22.23.252 - - [09/Sep/2019:08:58:07 +0200] "GET /images/header_block_corner_right_top.gif HTTP/1.1" 304 - "http://renault.activities.at/success" "Mozilla/5.0 (Windows NT 6.3; WOW64; Trident/7.0; rv:11.0) like Gecko"
185.22.23.252 - - [09/Sep/2019:08:58:07 +0200] "GET /images/search_bg.gif HTTP/1.1" 304 - "http://renault.activities.at/success" "Mozilla/5.0 (Windows NT 6.3; WOW64; Trident/7.0; rv:11.0) like Gecko"
185.22.23.252 - - [09/Sep/2019:08:58:07 +0200] "GET /images/header_block_corner_left_top.gif HTTP/1.1" 304 - "http://renault.activities.at/success" "Mozilla/5.0 (Windows NT 6.3; WOW64; Trident/7.0; rv:11.0) like Gecko"
185.22.23.252 - - [09/Sep/2019:08:58:07 +0200] "GET /images/header_block_border.gif HTTP/1.1" 304 - "http://renault.activities.at/success" "Mozilla/5.0 (Windows NT 6.3; WOW64; Trident/7.0; rv:11.0) like Gecko"
185.22.23.252 - - [09/Sep/2019:08:58:07 +0200] "GET /images/title_corner_right_top.jpg HTTP/1.1" 304 - "http://renault.activities.at/success" "Mozilla/5.0 (Windows NT 6.3; WOW64; Trident/7.0; rv:11.0) like Gecko"
185.22.23.252 - - [09/Sep/2019:08:58:07 +0200] "GET /images/title_border.jpg HTTP/1.1" 304 - "http://renault.activities.at/success" "Mozilla/5.0 (Windows NT 6.3; WOW64; Trident/7.0; rv:11.0) like Gecko"
185.22.23.252 - - [09/Sep/2019:08:58:07 +0200] "GET /images/title_corner_left_top.jpg HTTP/1.1" 304 - "http://renault.activities.at/success" "Mozilla/5.0 (Windows NT 6.3; WOW64; Trident/7.0; rv:11.0) like Gecko"
185.22.23.252 - - [09/Sep/2019:08:58:07 +0200] "GET /images/footer_divider.gif HTTP/1.1" 304 - "http://renault.activities.at/success" "Mozilla/5.0 (Windows NT 6.3; WOW64; Trident/7.0; rv:11.0) like Gecko"
185.22.23.252 - - [09/Sep/2019:08:58:07 +0200] "GET /images/main_block_border.gif HTTP/1.1" 304 - "http://renault.activities.at/success" "Mozilla/5.0 (Windows NT 6.3; WOW64; Trident/7.0; rv:11.0) like Gecko"
185.22.23.252 - - [09/Sep/2019:08:58:07 +0200] "GET /images/main_block_corner_right_bot.gif HTTP/1.1" 304 - "http://renault.activities.at/success" "Mozilla/5.0 (Windows NT 6.3; WOW64; Trident/7.0; rv:11.0) like Gecko"
185.22.23.252 - - [09/Sep/2019:08:58:07 +0200] "GET /images/menu_button_bg.jpg HTTP/1.1" 304 - "http://renault.activities.at/success" "Mozilla/5.0 (Windows NT 6.3; WOW64; Trident/7.0; rv:11.0) like Gecko"
185.22.23.252 - - [09/Sep/2019:08:58:07 +0200] "GET /images/main_block_corner_left_top.gif HTTP/1.1" 304 - "http://renault.activities.at/success" "Mozilla/5.0 (Windows NT 6.3; WOW64; Trident/7.0; rv:11.0) like Gecko"
185.22.23.252 - - [09/Sep/2019:08:58:07 +0200] "GET /images/title_border_top.jpg HTTP/1.1" 304 - "http://renault.activities.at/success" "Mozilla/5.0 (Windows NT 6.3; WOW64; Trident/7.0; rv:11.0) like Gecko"
185.22.23.252 - - [09/Sep/2019:08:58:07 +0200] "GET /images/main_block_corner_right_top.gif HTTP/1.1" 304 - "http://renault.activities.at/success" "Mozilla/5.0 (Windows NT 6.3; WOW64; Trident/7.0; rv:11.0) like Gecko"
185.22.23.252 - - [09/Sep/2019:08:58:07 +0200] "GET /images/nav_divider.gif HTTP/1.1" 304 - "http://renault.activities.at/success" "Mozilla/5.0 (Windows NT 6.3; WOW64; Trident/7.0; rv:11.0) like Gecko"
185.22.23.252 - - [09/Sep/2019:08:58:07 +0200] "GET /images/main_block_corner_left_bot.gif HTTP/1.1" 304 - "http://renault.activities.at/success" "Mozilla/5.0 (Windows NT 6.3; WOW64; Trident/7.0; rv:11.0) like Gecko"
185.22.23.252 - - [09/Sep/2019:08:58:07 +0200] "GET /images/menu_divider.gif HTTP/1.1" 304 - "http://renault.activities.at/success" "Mozilla/5.0 (Windows NT 6.3; WOW64; Trident/7.0; rv:11.0) like Gecko"
185.22.23.252 - - [09/Sep/2019:08:58:07 +0200] "GET /images/button_left_bg.gif HTTP/1.1" 304 - "http://renault.activities.at/success" "Mozilla/5.0 (Windows NT 6.3; WOW64; Trident/7.0; rv:11.0) like Gecko"
185.22.23.252 - - [09/Sep/2019:08:58:07 +0200] "GET /images/top_links_divider.gif HTTP/1.1" 304 - "http://renault.activities.at/success" "Mozilla/5.0 (Windows NT 6.3; WOW64; Trident/7.0; rv:11.0) like Gecko"
83.175.113.91 - - [09/Sep/2019:08:58:15 +0200] "POST /717638?print=true HTTP/1.1" 200 2799 "http://renault.activities.at/717638?print=true" "Mozilla/5.0 (Windows NT 6.1; WOW64; Trident/7.0; rv:11.0) like Gecko"
83.175.113.91 - - [09/Sep/2019:08:58:17 +0200] "GET /js/index.php?c=auto&f=,prototype/prototype.js,prototype/validation.js,scriptaculous/builder.js,scriptaculous/effects.js,scriptaculous/dragdrop.js,scriptaculous/controls.js,scriptaculous/slider.js,varien/js.js,varien/form.js,varien/menu.js,mage/translate.js,mage/cookies.js,varien/product.js,spinner/SpinnerControl.jsmin.js,prototype/window.js,prototype/window_ext.js HTTP/1.1" 304 - "http://renault.activities.at/717638?print=true" "Mozilla/5.0 (Windows NT 6.1; WOW64; Trident/7.0; rv:11.0) like Gecko"
83.175.113.91 - - [09/Sep/2019:08:58:21 +0200] "GET /null HTTP/1.1" 200 3771 "http://renault.activities.at/result?searchterm=true&search=Kontrollzertifikat" "Mozilla/5.0 (Windows NT 6.1; WOW64; Trident/7.0; rv:11.0) like Gecko"
83.175.113.91 - - [09/Sep/2019:08:58:22 +0200] "GET /js/index.php?c=auto&f=,prototype/prototype.js,prototype/validation.js,scriptaculous/builder.js,scriptaculous/effects.js,scriptaculous/dragdrop.js,scriptaculous/controls.js,scriptaculous/slider.js,varien/js.js,varien/form.js,varien/menu.js,mage/translate.js,mage/cookies.js,varien/product.js,spinner/SpinnerControl.jsmin.js,prototype/window.js,prototype/window_ext.js HTTP/1.1" 304 - "http://renault.activities.at/null" "Mozilla/5.0 (Windows NT 6.1; WOW64; Trident/7.0; rv:11.0) like Gecko"
83.175.113.91 - - [09/Sep/2019:08:58:23 +0200] "GET /reload?ser=1568012296369 HTTP/1.1" 200 28 "http://renault.activities.at/result?searchterm=true&search=Kontrollzertifikat" "Mozilla/5.0 (Windows NT 6.1; WOW64; Trident/7.0; rv:11.0) like Gecko"
83.175.113.91 - - [09/Sep/2019:08:58:23 +0200] "GET /result?searchterm=true&search=gewicht HTTP/1.1" 200 6223 "http://renault.activities.at/result?searchterm=true&search=Kontrollzertifikat" "Mozilla/5.0 (Windows NT 6.1; WOW64; Trident/7.0; rv:11.0) like Gecko"
83.175.113.91 - - [09/Sep/2019:08:58:25 +0200] "GET /js/index.php?c=auto&f=,prototype/prototype.js,prototype/validation.js,scriptaculous/builder.js,scriptaculous/effects.js,scriptaculous/dragdrop.js,scriptaculous/controls.js,scriptaculous/slider.js,varien/js.js,varien/form.js,varien/menu.js,mage/translate.js,mage/cookies.js,varien/product.js,spinner/SpinnerControl.jsmin.js,prototype/window.js,prototype/window_ext.js HTTP/1.1" 304 - "http://renault.activities.at/result?searchterm=true&search=gewicht" "Mozilla/5.0 (Windows NT 6.1; WOW64; Trident/7.0; rv:11.0) like Gecko"
83.175.113.91 - - [09/Sep/2019:08:58:25 +0200] "GET /loadthumbnail.php?id=10986339&width=113 HTTP/1.1" 200 3068 "http://renault.activities.at/result?searchterm=true&search=gewicht" "Mozilla/5.0 (Windows NT 6.1; WOW64; Trident/7.0; rv:11.0) like Gecko"
83.175.113.91 - - [09/Sep/2019:08:58:24 +0200] "POST /axjaxrequest?mode=suggest HTTP/1.1" 200 110 "http://renault.activities.at/result?searchterm=true&search=Kontrollzertifikat" "Mozilla/5.0 (Windows NT 6.1; WOW64; Trident/7.0; rv:11.0) like Gecko"
213.153.47.173 - - [09/Sep/2019:08:58:33 +0200] "GET /reload?ser=1568012313198 HTTP/1.1" 200 28 "http://renault.activities.at/login?required=true" "Mozilla/5.0 (Windows NT 10.0; Win64; x64; rv:69.0) Gecko/20100101 Firefox/69.0"
83.175.113.91 - - [09/Sep/2019:08:58:35 +0200] "POST /result?searchterm=true&search=gewicht HTTP/1.1" 200 6325 "http://renault.activities.at/result?searchterm=true&search=gewicht" "Mozilla/5.0 (Windows NT 6.1; WOW64; Trident/7.0; rv:11.0) like Gecko"
83.175.113.91 - - [09/Sep/2019:08:58:37 +0200] "GET /js/index.php?c=auto&f=,prototype/prototype.js,prototype/validation.js,scriptaculous/builder.js,scriptaculous/effects.js,scriptaculous/dragdrop.js,scriptaculous/controls.js,scriptaculous/slider.js,varien/js.js,varien/form.js,varien/menu.js,mage/translate.js,mage/cookies.js,varien/product.js,spinner/SpinnerControl.jsmin.js,prototype/window.js,prototype/window_ext.js HTTP/1.1" 304 - "http://renault.activities.at/result?searchterm=true&search=gewicht" "Mozilla/5.0 (Windows NT 6.1; WOW64; Trident/7.0; rv:11.0) like Gecko"
83.175.113.91 - - [09/Sep/2019:08:58:44 +0200] "GET /checkout HTTP/1.1" 200 20383 "http://renault.activities.at/result?searchterm=true&search=gewicht" "Mozilla/5.0 (Windows NT 6.1; WOW64; Trident/7.0; rv:11.0) like Gecko"
83.175.113.91 - - [09/Sep/2019:08:58:49 +0200] "GET /js/index.php?c=auto&f=,prototype/prototype.js,prototype/validation.js,scriptaculous/builder.js,scriptaculous/effects.js,scriptaculous/dragdrop.js,scriptaculous/controls.js,scriptaculous/slider.js,varien/js.js,varien/form.js,varien/menu.js,mage/translate.js,mage/cookies.js,varien/product.js,spinner/SpinnerControl.jsmin.js,prototype/window.js,prototype/window_ext.js HTTP/1.1" 304 - "http://renault.activities.at/checkout" "Mozilla/5.0 (Windows NT 6.1; WOW64; Trident/7.0; rv:11.0) like Gecko"
83.175.113.91 - - [09/Sep/2019:08:58:49 +0200] "GET /loadthumbnail.php?id=10202698 HTTP/1.1" 200 16686 "http://renault.activities.at/checkout" "Mozilla/5.0 (Windows NT 6.1; WOW64; Trident/7.0; rv:11.0) like Gecko"
83.175.113.91 - - [09/Sep/2019:08:58:49 +0200] "GET /loadthumbnail.php?id=10201939 HTTP/1.1" 200 201 "http://renault.activities.at/checkout" "Mozilla/5.0 (Windows NT 6.1; WOW64; Trident/7.0; rv:11.0) like Gecko"
83.175.113.91 - - [09/Sep/2019:08:58:54 +0200] "POST /docheckout HTTP/1.1" 200 465 "http://renault.activities.at/checkout" "Mozilla/5.0 (Windows NT 6.1; WOW64; Trident/7.0; rv:11.0) like Gecko"
83.175.113.91 - - [09/Sep/2019:08:58:58 +0200] "POST /docheckout HTTP/1.1" 200 684 "http://renault.activities.at/checkout" "Mozilla/5.0 (Windows NT 6.1; WOW64; Trident/7.0; rv:11.0) like Gecko"
83.175.113.91 - - [09/Sep/2019:08:59:02 +0200] "POST /docheckout HTTP/1.1" 200 68 "http://renault.activities.at/checkout" "Mozilla/5.0 (Windows NT 6.1; WOW64; Trident/7.0; rv:11.0) like Gecko"
83.175.113.91 - - [09/Sep/2019:08:59:04 +0200] "GET /success HTTP/1.1" 200 3937 "http://renault.activities.at/checkout" "Mozilla/5.0 (Windows NT 6.1; WOW64; Trident/7.0; rv:11.0) like Gecko"
83.175.113.91 - - [09/Sep/2019:08:59:06 +0200] "GET /js/index.php?c=auto&f=,prototype/prototype.js,prototype/validation.js,scriptaculous/builder.js,scriptaculous/effects.js,scriptaculous/dragdrop.js,scriptaculous/controls.js,scriptaculous/slider.js,varien/js.js,varien/form.js,varien/menu.js,mage/translate.js,mage/cookies.js,varien/product.js,spinner/SpinnerControl.jsmin.js,prototype/window.js,prototype/window_ext.js HTTP/1.1" 304 - "http://renault.activities.at/success" "Mozilla/5.0 (Windows NT 6.1; WOW64; Trident/7.0; rv:11.0) like Gecko"
193.194.132.23 - - [09/Sep/2019:08:59:07 +0200] "GET /reload?ser=1568012347197 HTTP/1.1" 200 28 "http://renault.2web.at/account?loadrequest=true" "Mozilla/5.0 (Windows NT 10.0; WOW64; Trident/7.0; Touch; rv:11.0) like Gecko"
185.22.23.252 - - [09/Sep/2019:08:59:08 +0200] "GET /reload?ser=1568012348018 HTTP/1.1" 200 28 "http://renault.activities.at/success" "Mozilla/5.0 (Windows NT 6.3; WOW64; Trident/7.0; rv:11.0) like Gecko"
83.175.113.91 - - [09/Sep/2019:08:59:08 +0200] "GET /12113957?print=true HTTP/1.1" 200 2127 "-" "Mozilla/5.0 (Windows NT 6.1; WOW64; Trident/7.0; rv:11.0) like Gecko"
83.175.113.91 - - [09/Sep/2019:08:59:11 +0200] "GET /js/index.php?c=auto&f=,prototype/prototype.js,prototype/validation.js,scriptaculous/builder.js,scriptaculous/effects.js,scriptaculous/dragdrop.js,scriptaculous/controls.js,scriptaculous/slider.js,varien/js.js,varien/form.js,varien/menu.js,mage/translate.js,mage/cookies.js,varien/product.js,spinner/SpinnerControl.jsmin.js,prototype/window.js,prototype/window_ext.js HTTP/1.1" 304 - "http://renault.activities.at/12113957?print=true" "Mozilla/5.0 (Windows NT 6.1; WOW64; Trident/7.0; rv:11.0) like Gecko"
83.175.113.91 - - [09/Sep/2019:08:59:20 +0200] "GET /12113957?print=true HTTP/1.1" 200 2127 "-" "Mozilla/5.0 (Windows NT 6.1; WOW64; Trident/7.0; rv:11.0) like Gecko"
83.175.113.91 - - [09/Sep/2019:08:59:22 +0200] "GET /js/index.php?c=auto&f=,prototype/prototype.js,prototype/validation.js,scriptaculous/builder.js,scriptaculous/effects.js,scriptaculous/dragdrop.js,scriptaculous/controls.js,scriptaculous/slider.js,varien/js.js,varien/form.js,varien/menu.js,mage/translate.js,mage/cookies.js,varien/product.js,spinner/SpinnerControl.jsmin.js,prototype/window.js,prototype/window_ext.js HTTP/1.1" 304 - "http://renault.activities.at/12113957?print=true" "Mozilla/5.0 (Windows NT 6.1; WOW64; Trident/7.0; rv:11.0) like Gecko"
83.175.113.91 - - [09/Sep/2019:08:59:20 +0200] "GET /success HTTP/1.1" 302 138 "http://renault.activities.at/checkout" "Mozilla/5.0 (Windows NT 6.1; WOW64; Trident/7.0; rv:11.0) like Gecko"
83.175.113.91 - - [09/Sep/2019:08:59:23 +0200] "GET /cart HTTP/1.1" 200 3918 "http://renault.activities.at/checkout" "Mozilla/5.0 (Windows NT 6.1; WOW64; Trident/7.0; rv:11.0) like Gecko"
83.175.113.91 - - [09/Sep/2019:08:59:24 +0200] "GET /js/index.php?c=auto&f=,prototype/prototype.js,prototype/validation.js,scriptaculous/builder.js,scriptaculous/effects.js,scriptaculous/dragdrop.js,scriptaculous/controls.js,scriptaculous/slider.js,varien/js.js,varien/form.js,varien/menu.js,mage/translate.js,mage/cookies.js,varien/product.js,spinner/SpinnerControl.jsmin.js,prototype/window.js,prototype/window_ext.js HTTP/1.1" 304 - "-" "Mozilla/5.0 (Windows NT 6.1; WOW64; Trident/7.0; rv:11.0) like Gecko"
83.175.113.91 - - [09/Sep/2019:08:59:24 +0200] "GET /js/index.php?c=auto&f=,prototype/prototype.js,prototype/validation.js,scriptaculous/builder.js,scriptaculous/effects.js,scriptaculous/dragdrop.js,scriptaculous/controls.js,scriptaculous/slider.js,varien/js.js,varien/form.js,varien/menu.js,mage/translate.js,mage/cookies.js,varien/product.js,spinner/SpinnerControl.jsmin.js,prototype/window.js,prototype/window_ext.js HTTP/1.1" 304 - "http://renault.activities.at/cart" "Mozilla/5.0 (Windows NT 6.1; WOW64; Trident/7.0; rv:11.0) like Gecko"
213.153.47.173 - - [09/Sep/2019:08:59:33 +0200] "GET /reload?ser=1568012373858 HTTP/1.1" 200 28 "http://renault.activities.at/login?required=true" "Mozilla/5.0 (Windows NT 10.0; Win64; x64; rv:69.0) Gecko/20100101 Firefox/69.0"
193.194.132.23 - - [09/Sep/2019:09:00:08 +0200] "GET /reload?ser=1568012408313 HTTP/1.1" 200 28 "http://renault.2web.at/account?loadrequest=true" "Mozilla/5.0 (Windows NT 10.0; WOW64; Trident/7.0; Touch; rv:11.0) like Gecko"
185.22.23.252 - - [09/Sep/2019:09:00:08 +0200] "GET /reload?ser=1568012408973 HTTP/1.1" 200 28 "http://renault.activities.at/success" "Mozilla/5.0 (Windows NT 6.3; WOW64; Trident/7.0; rv:11.0) like Gecko"
213.153.47.173 - - [09/Sep/2019:09:00:22 +0200] "GET /layout.php HTTP/1.1" 200 1558 "-" "Mozilla/5.0 (Windows NT 10.0; Win64; x64) AppleWebKit/537.36 (KHTML, like Gecko) Chrome/76.0.3809.132 Safari/537.36 OPR/63.0.3368.71"
213.153.47.173 - - [09/Sep/2019:09:00:23 +0200] "GET /images/favicon.ico HTTP/1.1" 404 305 "-" "Mozilla/5.0 (Windows NT 10.0; Win64; x64) AppleWebKit/537.36 (KHTML, like Gecko) Chrome/76.0.3809.132 Safari/537.36 OPR/63.0.3368.71"
83.175.113.91 - - [09/Sep/2019:09:00:24 +0200] "GET /reload?ser=1568012417799 HTTP/1.1" 200 28 "http://renault.activities.at/cart" "Mozilla/5.0 (Windows NT 6.1; WOW64; Trident/7.0; rv:11.0) like Gecko"
213.153.47.173 - - [09/Sep/2019:09:00:34 +0200] "GET /reload?ser=1568012434518 HTTP/1.1" 200 28 "http://renault.activities.at/login?required=true" "Mozilla/5.0 (Windows NT 10.0; Win64; x64; rv:69.0) Gecko/20100101 Firefox/69.0"
193.194.132.23 - - [09/Sep/2019:09:01:09 +0200] "GET /reload?ser=1568012469384 HTTP/1.1" 200 28 "http://renault.2web.at/account?loadrequest=true" "Mozilla/5.0 (Windows NT 10.0; WOW64; Trident/7.0; Touch; rv:11.0) like Gecko"
185.22.23.252 - - [09/Sep/2019:09:01:09 +0200] "GET /reload?ser=1568012469922 HTTP/1.1" 200 28 "http://renault.activities.at/success" "Mozilla/5.0 (Windows NT 6.3; WOW64; Trident/7.0; rv:11.0) like Gecko"
83.175.113.91 - - [09/Sep/2019:09:01:25 +0200] "GET /reload?ser=1568012478776 HTTP/1.1" 200 28 "http://renault.activities.at/cart" "Mozilla/5.0 (Windows NT 6.1; WOW64; Trident/7.0; rv:11.0) like Gecko"
213.153.47.173 - - [09/Sep/2019:09:01:35 +0200] "GET /reload?ser=1568012495189 HTTP/1.1" 200 28 "http://renault.activities.at/login?required=true" "Mozilla/5.0 (Windows NT 10.0; Win64; x64; rv:69.0) Gecko/20100101 Firefox/69.0"
193.194.132.23 - - [09/Sep/2019:09:02:10 +0200] "GET /reload?ser=1568012530419 HTTP/1.1" 200 28 "http://renault.2web.at/account?loadrequest=true" "Mozilla/5.0 (Windows NT 10.0; WOW64; Trident/7.0; Touch; rv:11.0) like Gecko"
185.22.23.252 - - [09/Sep/2019:09:02:10 +0200] "GET /reload?ser=1568012530881 HTTP/1.1" 200 28 "http://renault.activities.at/success" "Mozilla/5.0 (Windows NT 6.3; WOW64; Trident/7.0; rv:11.0) like Gecko"
83.175.113.91 - - [09/Sep/2019:09:02:26 +0200] "GET /reload?ser=1568012539767 HTTP/1.1" 200 28 "http://renault.activities.at/cart" "Mozilla/5.0 (Windows NT 6.1; WOW64; Trident/7.0; rv:11.0) like Gecko"
66.249.64.129 - - [09/Sep/2019:09:02:30 +0200] "GET /images/favicon.ico HTTP/1.1" 404 305 "-" "Googlebot-Image/1.0"
213.153.47.173 - - [09/Sep/2019:09:02:35 +0200] "GET /reload?ser=1568012555868 HTTP/1.1" 200 28 "http://renault.activities.at/login?required=true" "Mozilla/5.0 (Windows NT 10.0; Win64; x64; rv:69.0) Gecko/20100101 Firefox/69.0"
193.194.132.23 - - [09/Sep/2019:09:03:11 +0200] "GET /reload?ser=1568012591605 HTTP/1.1" 200 28 "http://renault.2web.at/account?loadrequest=true" "Mozilla/5.0 (Windows NT 10.0; WOW64; Trident/7.0; Touch; rv:11.0) like Gecko"
185.22.23.252 - - [09/Sep/2019:09:03:11 +0200] "GET /reload?ser=1568012591824 HTTP/1.1" 200 28 "http://renault.activities.at/success" "Mozilla/5.0 (Windows NT 6.3; WOW64; Trident/7.0; rv:11.0) like Gecko"
83.175.113.91 - - [09/Sep/2019:09:03:27 +0200] "GET /reload?ser=1568012600760 HTTP/1.1" 200 28 "http://renault.activities.at/cart" "Mozilla/5.0 (Windows NT 6.1; WOW64; Trident/7.0; rv:11.0) like Gecko"
213.153.47.173 - - [09/Sep/2019:09:03:36 +0200] "GET /reload?ser=1568012616548 HTTP/1.1" 200 28 "http://renault.activities.at/login?required=true" "Mozilla/5.0 (Windows NT 10.0; Win64; x64; rv:69.0) Gecko/20100101 Firefox/69.0"
193.194.132.23 - - [09/Sep/2019:09:04:12 +0200] "GET /reload?ser=1568012652679 HTTP/1.1" 200 28 "http://renault.2web.at/account?loadrequest=true" "Mozilla/5.0 (Windows NT 10.0; WOW64; Trident/7.0; Touch; rv:11.0) like Gecko"
185.22.23.252 - - [09/Sep/2019:09:04:12 +0200] "GET /reload?ser=1568012652865 HTTP/1.1" 200 28 "http://renault.activities.at/success" "Mozilla/5.0 (Windows NT 6.3; WOW64; Trident/7.0; rv:11.0) like Gecko"
83.175.113.91 - - [09/Sep/2019:09:04:28 +0200] "GET /reload?ser=1568012661737 HTTP/1.1" 200 28 "http://renault.activities.at/cart" "Mozilla/5.0 (Windows NT 6.1; WOW64; Trident/7.0; rv:11.0) like Gecko"
213.153.47.173 - - [09/Sep/2019:09:04:37 +0200] "GET /reload?ser=1568012677218 HTTP/1.1" 200 28 "http://renault.activities.at/login?required=true" "Mozilla/5.0 (Windows NT 10.0; Win64; x64; rv:69.0) Gecko/20100101 Firefox/69.0"
185.22.23.252 - - [09/Sep/2019:09:05:13 +0200] "GET /reload?ser=1568012713805 HTTP/1.1" 200 28 "http://renault.activities.at/success" "Mozilla/5.0 (Windows NT 6.3; WOW64; Trident/7.0; rv:11.0) like Gecko"
193.194.132.23 - - [09/Sep/2019:09:05:13 +0200] "GET /reload?ser=1568012713788 HTTP/1.1" 200 28 "http://renault.2web.at/account?loadrequest=true" "Mozilla/5.0 (Windows NT 10.0; WOW64; Trident/7.0; Touch; rv:11.0) like Gecko"
83.175.113.91 - - [09/Sep/2019:09:05:29 +0200] "GET /reload?ser=1568012722672 HTTP/1.1" 200 28 "http://renault.activities.at/cart" "Mozilla/5.0 (Windows NT 6.1; WOW64; Trident/7.0; rv:11.0) like Gecko"
213.153.47.173 - - [09/Sep/2019:09:05:37 +0200] "GET /reload?ser=1568012737868 HTTP/1.1" 200 28 "http://renault.activities.at/login?required=true" "Mozilla/5.0 (Windows NT 10.0; Win64; x64; rv:69.0) Gecko/20100101 Firefox/69.0"
185.22.23.252 - - [09/Sep/2019:09:06:14 +0200] "GET /reload?ser=1568012774745 HTTP/1.1" 200 28 "http://renault.activities.at/success" "Mozilla/5.0 (Windows NT 6.3; WOW64; Trident/7.0; rv:11.0) like Gecko"
193.194.132.23 - - [09/Sep/2019:09:06:14 +0200] "GET /reload?ser=1568012774834 HTTP/1.1" 200 28 "http://renault.2web.at/account?loadrequest=true" "Mozilla/5.0 (Windows NT 10.0; WOW64; Trident/7.0; Touch; rv:11.0) like Gecko"
83.175.113.91 - - [09/Sep/2019:09:06:30 +0200] "GET /reload?ser=1568012783674 HTTP/1.1" 200 28 "http://renault.activities.at/cart" "Mozilla/5.0 (Windows NT 6.1; WOW64; Trident/7.0; rv:11.0) like Gecko"
213.153.47.173 - - [09/Sep/2019:09:06:38 +0200] "GET /reload?ser=1568012798540 HTTP/1.1" 200 28 "http://renault.activities.at/login?required=true" "Mozilla/5.0 (Windows NT 10.0; Win64; x64; rv:69.0) Gecko/20100101 Firefox/69.0"
185.22.23.252 - - [09/Sep/2019:09:07:15 +0200] "GET /reload?ser=1568012835682 HTTP/1.1" 200 28 "http://renault.activities.at/success" "Mozilla/5.0 (Windows NT 6.3; WOW64; Trident/7.0; rv:11.0) like Gecko"
193.194.132.23 - - [09/Sep/2019:09:07:16 +0200] "GET /reload?ser=1568012835955 HTTP/1.1" 200 28 "http://renault.2web.at/account?loadrequest=true" "Mozilla/5.0 (Windows NT 10.0; WOW64; Trident/7.0; Touch; rv:11.0) like Gecko"
83.175.113.91 - - [09/Sep/2019:09:07:31 +0200] "GET /reload?ser=1568012844666 HTTP/1.1" 200 28 "http://renault.activities.at/cart" "Mozilla/5.0 (Windows NT 6.1; WOW64; Trident/7.0; rv:11.0) like Gecko"
213.153.47.173 - - [09/Sep/2019:09:07:39 +0200] "GET /reload?ser=1568012859214 HTTP/1.1" 200 28 "http://renault.activities.at/login?required=true" "Mozilla/5.0 (Windows NT 10.0; Win64; x64; rv:69.0) Gecko/20100101 Firefox/69.0"
185.22.23.252 - - [09/Sep/2019:09:08:16 +0200] "GET /reload?ser=1568012896610 HTTP/1.1" 200 28 "http://renault.activities.at/success" "Mozilla/5.0 (Windows NT 6.3; WOW64; Trident/7.0; rv:11.0) like Gecko"
193.194.132.23 - - [09/Sep/2019:09:08:17 +0200] "GET /reload?ser=1568012897120 HTTP/1.1" 200 28 "http://renault.2web.at/account?loadrequest=true" "Mozilla/5.0 (Windows NT 10.0; WOW64; Trident/7.0; Touch; rv:11.0) like Gecko"
83.175.113.91 - - [09/Sep/2019:09:08:32 +0200] "GET /reload?ser=1568012905644 HTTP/1.1" 200 28 "http://renault.activities.at/cart" "Mozilla/5.0 (Windows NT 6.1; WOW64; Trident/7.0; rv:11.0) like Gecko"
66.249.93.95 - - [09/Sep/2019:09:08:34 +0200] "GET / HTTP/1.1" 200 3380 "-" "Mozilla/5.0 (X11; Linux x86_64) AppleWebKit/537.36 (KHTML, like Gecko) Chrome/49.0.2623.75 Safari/537.36 Google Favicon"
213.153.47.173 - - [09/Sep/2019:09:08:39 +0200] "GET /reload?ser=1568012919883 HTTP/1.1" 200 28 "http://renault.activities.at/login?required=true" "Mozilla/5.0 (Windows NT 10.0; Win64; x64; rv:69.0) Gecko/20100101 Firefox/69.0"
185.22.23.252 - - [09/Sep/2019:09:09:17 +0200] "GET /reload?ser=1568012957546 HTTP/1.1" 200 28 "http://renault.activities.at/success" "Mozilla/5.0 (Windows NT 6.3; WOW64; Trident/7.0; rv:11.0) like Gecko"
193.194.132.23 - - [09/Sep/2019:09:09:18 +0200] "GET /reload?ser=1568012958205 HTTP/1.1" 200 28 "http://renault.2web.at/account?loadrequest=true" "Mozilla/5.0 (Windows NT 10.0; WOW64; Trident/7.0; Touch; rv:11.0) like Gecko"
83.175.113.91 - - [09/Sep/2019:09:09:33 +0200] "GET /reload?ser=1568012966633 HTTP/1.1" 200 28 "http://renault.activities.at/cart" "Mozilla/5.0 (Windows NT 6.1; WOW64; Trident/7.0; rv:11.0) like Gecko"
213.153.47.173 - - [09/Sep/2019:09:09:40 +0200] "GET /reload?ser=1568012980543 HTTP/1.1" 200 28 "http://renault.activities.at/login?required=true" "Mozilla/5.0 (Windows NT 10.0; Win64; x64; rv:69.0) Gecko/20100101 Firefox/69.0"
185.22.23.252 - - [09/Sep/2019:09:10:18 +0200] "GET /reload?ser=1568013018485 HTTP/1.1" 200 28 "http://renault.activities.at/success" "Mozilla/5.0 (Windows NT 6.3; WOW64; Trident/7.0; rv:11.0) like Gecko"
193.194.132.23 - - [09/Sep/2019:09:10:19 +0200] "GET /reload?ser=1568013019345 HTTP/1.1" 200 28 "http://renault.2web.at/account?loadrequest=true" "Mozilla/5.0 (Windows NT 10.0; WOW64; Trident/7.0; Touch; rv:11.0) like Gecko"
83.175.113.91 - - [09/Sep/2019:09:10:34 +0200] "GET /reload?ser=1568013027616 HTTP/1.1" 200 28 "http://renault.activities.at/cart" "Mozilla/5.0 (Windows NT 6.1; WOW64; Trident/7.0; rv:11.0) like Gecko"
213.153.47.173 - - [09/Sep/2019:09:10:41 +0200] "GET /reload?ser=1568013041228 HTTP/1.1" 200 28 "http://renault.activities.at/login?required=true" "Mozilla/5.0 (Windows NT 10.0; Win64; x64; rv:69.0) Gecko/20100101 Firefox/69.0"
185.22.23.252 - - [09/Sep/2019:09:11:19 +0200] "GET /reload?ser=1568013079393 HTTP/1.1" 200 28 "http://renault.activities.at/success" "Mozilla/5.0 (Windows NT 6.3; WOW64; Trident/7.0; rv:11.0) like Gecko"
193.194.132.23 - - [09/Sep/2019:09:11:20 +0200] "GET /reload?ser=1568013080515 HTTP/1.1" 200 28 "http://renault.2web.at/account?loadrequest=true" "Mozilla/5.0 (Windows NT 10.0; WOW64; Trident/7.0; Touch; rv:11.0) like Gecko"
83.175.113.91 - - [09/Sep/2019:09:11:35 +0200] "GET /reload?ser=1568013088584 HTTP/1.1" 200 28 "http://renault.activities.at/cart" "Mozilla/5.0 (Windows NT 6.1; WOW64; Trident/7.0; rv:11.0) like Gecko"
213.153.47.173 - - [09/Sep/2019:09:11:41 +0200] "GET /reload?ser=1568013101887 HTTP/1.1" 200 28 "http://renault.activities.at/login?required=true" "Mozilla/5.0 (Windows NT 10.0; Win64; x64; rv:69.0) Gecko/20100101 Firefox/69.0"
185.22.23.252 - - [09/Sep/2019:09:12:20 +0200] "GET /reload?ser=1568013140325 HTTP/1.1" 200 28 "http://renault.activities.at/success" "Mozilla/5.0 (Windows NT 6.3; WOW64; Trident/7.0; rv:11.0) like Gecko"
193.194.132.23 - - [09/Sep/2019:09:12:21 +0200] "GET /reload?ser=1568013141573 HTTP/1.1" 200 28 "http://renault.2web.at/account?loadrequest=true" "Mozilla/5.0 (Windows NT 10.0; WOW64; Trident/7.0; Touch; rv:11.0) like Gecko"
83.175.113.91 - - [09/Sep/2019:09:12:36 +0200] "GET /reload?ser=1568013149596 HTTP/1.1" 200 28 "http://renault.activities.at/cart" "Mozilla/5.0 (Windows NT 6.1; WOW64; Trident/7.0; rv:11.0) like Gecko"
213.153.47.173 - - [09/Sep/2019:09:12:42 +0200] "GET /reload?ser=1568013162573 HTTP/1.1" 200 28 "http://renault.activities.at/login?required=true" "Mozilla/5.0 (Windows NT 10.0; Win64; x64; rv:69.0) Gecko/20100101 Firefox/69.0"
185.22.23.252 - - [09/Sep/2019:09:13:21 +0200] "GET /reload?ser=1568013201267 HTTP/1.1" 200 28 "http://renault.activities.at/success" "Mozilla/5.0 (Windows NT 6.3; WOW64; Trident/7.0; rv:11.0) like Gecko"
193.194.132.23 - - [09/Sep/2019:09:13:22 +0200] "GET /reload?ser=1568013202673 HTTP/1.1" 200 28 "http://renault.2web.at/account?loadrequest=true" "Mozilla/5.0 (Windows NT 10.0; WOW64; Trident/7.0; Touch; rv:11.0) like Gecko"
83.175.113.91 - - [09/Sep/2019:09:13:37 +0200] "GET /reload?ser=1568013210630 HTTP/1.1" 200 28 "http://renault.activities.at/cart" "Mozilla/5.0 (Windows NT 6.1; WOW64; Trident/7.0; rv:11.0) like Gecko"
213.153.47.173 - - [09/Sep/2019:09:13:43 +0200] "GET /reload?ser=1568013223252 HTTP/1.1" 200 28 "http://renault.activities.at/login?required=true" "Mozilla/5.0 (Windows NT 10.0; Win64; x64; rv:69.0) Gecko/20100101 Firefox/69.0"
185.22.23.252 - - [09/Sep/2019:09:14:22 +0200] "GET /reload?ser=1568013262204 HTTP/1.1" 200 28 "http://renault.activities.at/success" "Mozilla/5.0 (Windows NT 6.3; WOW64; Trident/7.0; rv:11.0) like Gecko"
193.194.132.23 - - [09/Sep/2019:09:14:23 +0200] "GET /reload?ser=1568013263759 HTTP/1.1" 200 28 "http://renault.2web.at/account?loadrequest=true" "Mozilla/5.0 (Windows NT 10.0; WOW64; Trident/7.0; Touch; rv:11.0) like Gecko"
83.175.113.91 - - [09/Sep/2019:09:14:38 +0200] "GET /reload?ser=1568013271596 HTTP/1.1" 200 28 "http://renault.activities.at/cart" "Mozilla/5.0 (Windows NT 6.1; WOW64; Trident/7.0; rv:11.0) like Gecko"
213.153.47.173 - - [09/Sep/2019:09:14:43 +0200] "GET /reload?ser=1568013283916 HTTP/1.1" 200 28 "http://renault.activities.at/login?required=true" "Mozilla/5.0 (Windows NT 10.0; Win64; x64; rv:69.0) Gecko/20100101 Firefox/69.0"
185.22.23.252 - - [09/Sep/2019:09:15:23 +0200] "GET /reload?ser=1568013323172 HTTP/1.1" 200 28 "http://renault.activities.at/success" "Mozilla/5.0 (Windows NT 6.3; WOW64; Trident/7.0; rv:11.0) like Gecko"
193.194.132.23 - - [09/Sep/2019:09:15:25 +0200] "GET /reload?ser=1568013324890 HTTP/1.1" 200 28 "http://renault.2web.at/account?loadrequest=true" "Mozilla/5.0 (Windows NT 10.0; WOW64; Trident/7.0; Touch; rv:11.0) like Gecko"
83.175.113.91 - - [09/Sep/2019:09:15:39 +0200] "GET /reload?ser=1568013332584 HTTP/1.1" 200 28 "http://renault.activities.at/cart" "Mozilla/5.0 (Windows NT 6.1; WOW64; Trident/7.0; rv:11.0) like Gecko"
213.153.47.173 - - [09/Sep/2019:09:15:44 +0200] "GET /reload?ser=1568013344575 HTTP/1.1" 200 28 "http://renault.activities.at/login?required=true" "Mozilla/5.0 (Windows NT 10.0; Win64; x64; rv:69.0) Gecko/20100101 Firefox/69.0"
185.22.23.252 - - [09/Sep/2019:09:16:24 +0200] "GET /reload?ser=1568013384105 HTTP/1.1" 200 28 "http://renault.activities.at/success" "Mozilla/5.0 (Windows NT 6.3; WOW64; Trident/7.0; rv:11.0) like Gecko"
193.194.132.23 - - [09/Sep/2019:09:16:26 +0200] "GET /reload?ser=1568013385948 HTTP/1.1" 200 28 "http://renault.2web.at/account?loadrequest=true" "Mozilla/5.0 (Windows NT 10.0; WOW64; Trident/7.0; Touch; rv:11.0) like Gecko"
83.175.113.91 - - [09/Sep/2019:09:16:40 +0200] "GET /reload?ser=1568013393568 HTTP/1.1" 200 28 "http://renault.activities.at/cart" "Mozilla/5.0 (Windows NT 6.1; WOW64; Trident/7.0; rv:11.0) like Gecko"
213.153.47.173 - - [09/Sep/2019:09:16:45 +0200] "GET /reload?ser=1568013405225 HTTP/1.1" 200 28 "http://renault.activities.at/login?required=true" "Mozilla/5.0 (Windows NT 10.0; Win64; x64; rv:69.0) Gecko/20100101 Firefox/69.0"
185.22.23.252 - - [09/Sep/2019:09:17:25 +0200] "GET /reload?ser=1568013445036 HTTP/1.1" 200 28 "http://renault.activities.at/success" "Mozilla/5.0 (Windows NT 6.3; WOW64; Trident/7.0; rv:11.0) like Gecko"
193.194.132.23 - - [09/Sep/2019:09:17:27 +0200] "GET /reload?ser=1568013447057 HTTP/1.1" 200 28 "http://renault.2web.at/account?loadrequest=true" "Mozilla/5.0 (Windows NT 10.0; WOW64; Trident/7.0; Touch; rv:11.0) like Gecko"
83.175.113.91 - - [09/Sep/2019:09:17:41 +0200] "GET /reload?ser=1568013454534 HTTP/1.1" 200 28 "http://renault.activities.at/cart" "Mozilla/5.0 (Windows NT 6.1; WOW64; Trident/7.0; rv:11.0) like Gecko"
213.153.47.173 - - [09/Sep/2019:09:17:45 +0200] "GET /reload?ser=1568013465886 HTTP/1.1" 200 28 "http://renault.activities.at/login?required=true" "Mozilla/5.0 (Windows NT 10.0; Win64; x64; rv:69.0) Gecko/20100101 Firefox/69.0"
80.120.5.131 - - [09/Sep/2019:09:17:54 +0200] "GET /account HTTP/1.1" 302 163 "-" "Mozilla/5.0 (Windows NT 10.0; WOW64; Trident/7.0; rv:11.0) like Gecko"
80.120.5.131 - - [09/Sep/2019:09:17:55 +0200] "GET /login?required=true HTTP/1.1" 200 7269 "-" "Mozilla/5.0 (Windows NT 10.0; WOW64; Trident/7.0; rv:11.0) like Gecko"
80.120.5.131 - - [09/Sep/2019:09:17:56 +0200] "GET /css/clears.css HTTP/1.1" 200 1978 "http://renault.activities.at/login?required=true" "Mozilla/5.0 (Windows NT 10.0; WOW64; Trident/7.0; rv:11.0) like Gecko"
80.120.5.131 - - [09/Sep/2019:09:17:56 +0200] "GET /css/reset.css HTTP/1.1" 200 3591 "http://renault.activities.at/login?required=true" "Mozilla/5.0 (Windows NT 10.0; WOW64; Trident/7.0; rv:11.0) like Gecko"
80.120.5.131 - - [09/Sep/2019:09:17:56 +0200] "GET /css/print.css HTTP/1.1" 200 1042 "http://renault.activities.at/login?required=true" "Mozilla/5.0 (Windows NT 10.0; WOW64; Trident/7.0; rv:11.0) like Gecko"
80.120.5.131 - - [09/Sep/2019:09:17:56 +0200] "GET /js/checkout.css HTTP/1.1" 200 767 "http://renault.activities.at/login?required=true" "Mozilla/5.0 (Windows NT 10.0; WOW64; Trident/7.0; rv:11.0) like Gecko"
80.120.5.131 - - [09/Sep/2019:09:17:56 +0200] "GET /css/prototip.css HTTP/1.1" 200 3299 "http://renault.activities.at/login?required=true" "Mozilla/5.0 (Windows NT 10.0; WOW64; Trident/7.0; rv:11.0) like Gecko"
80.120.5.131 - - [09/Sep/2019:09:17:56 +0200] "GET /css/themes/default.css HTTP/1.1" 200 2674 "http://renault.activities.at/login?required=true" "Mozilla/5.0 (Windows NT 10.0; WOW64; Trident/7.0; rv:11.0) like Gecko"
80.120.5.131 - - [09/Sep/2019:09:17:56 +0200] "GET /css/themes/alphacube.css HTTP/1.1" 200 2665 "http://renault.activities.at/login?required=true" "Mozilla/5.0 (Windows NT 10.0; WOW64; Trident/7.0; rv:11.0) like Gecko"
80.120.5.131 - - [09/Sep/2019:09:17:56 +0200] "GET /css/styles.css HTTP/1.1" 200 78636 "http://renault.activities.at/login?required=true" "Mozilla/5.0 (Windows NT 10.0; WOW64; Trident/7.0; rv:11.0) like Gecko"
80.120.5.131 - - [09/Sep/2019:09:17:56 +0200] "GET /js/default.js HTTP/1.1" 200 82829 "http://renault.activities.at/login?required=true" "Mozilla/5.0 (Windows NT 10.0; WOW64; Trident/7.0; rv:11.0) like Gecko"
80.120.5.131 - - [09/Sep/2019:09:17:55 +0200] "GET /js/index.php?c=auto&f=,prototype/prototype.js,prototype/validation.js,scriptaculous/builder.js,scriptaculous/effects.js,scriptaculous/dragdrop.js,scriptaculous/controls.js,scriptaculous/slider.js,varien/js.js,varien/form.js,varien/menu.js,mage/translate.js,mage/cookies.js,varien/product.js,spinner/SpinnerControl.jsmin.js,prototype/window.js,prototype/window_ext.js HTTP/1.1" 200 398646 "http://renault.activities.at/login?required=true" "Mozilla/5.0 (Windows NT 10.0; WOW64; Trident/7.0; rv:11.0) like Gecko"
80.120.5.131 - - [09/Sep/2019:09:17:56 +0200] "GET /images/main_block_border.gif HTTP/1.1" 200 43 "http://renault.activities.at/login?required=true" "Mozilla/5.0 (Windows NT 10.0; WOW64; Trident/7.0; rv:11.0) like Gecko"
80.120.5.131 - - [09/Sep/2019:09:17:56 +0200] "GET /images/header_block_border.gif HTTP/1.1" 200 43 "http://renault.activities.at/login?required=true" "Mozilla/5.0 (Windows NT 10.0; WOW64; Trident/7.0; rv:11.0) like Gecko"
80.120.5.131 - - [09/Sep/2019:09:17:56 +0200] "GET /images/header_block_corner_right_top.gif HTTP/1.1" 200 160 "http://renault.activities.at/login?required=true" "Mozilla/5.0 (Windows NT 10.0; WOW64; Trident/7.0; rv:11.0) like Gecko"
80.120.5.131 - - [09/Sep/2019:09:17:56 +0200] "GET /images/main_block_corner_right_top.gif HTTP/1.1" 200 159 "http://renault.activities.at/login?required=true" "Mozilla/5.0 (Windows NT 10.0; WOW64; Trident/7.0; rv:11.0) like Gecko"
80.120.5.131 - - [09/Sep/2019:09:17:56 +0200] "GET /images/header_block_corner_left_top.gif HTTP/1.1" 200 160 "http://renault.activities.at/login?required=true" "Mozilla/5.0 (Windows NT 10.0; WOW64; Trident/7.0; rv:11.0) like Gecko"
80.120.5.131 - - [09/Sep/2019:09:17:56 +0200] "GET /images/main_block_corner_left_top.gif HTTP/1.1" 200 159 "http://renault.activities.at/login?required=true" "Mozilla/5.0 (Windows NT 10.0; WOW64; Trident/7.0; rv:11.0) like Gecko"
80.120.5.131 - - [09/Sep/2019:09:17:56 +0200] "GET /images/title_border.jpg HTTP/1.1" 200 304 "http://renault.activities.at/login?required=true" "Mozilla/5.0 (Windows NT 10.0; WOW64; Trident/7.0; rv:11.0) like Gecko"
80.120.5.131 - - [09/Sep/2019:09:17:56 +0200] "GET /images/main_block_corner_left_bot.gif HTTP/1.1" 200 159 "http://renault.activities.at/login?required=true" "Mozilla/5.0 (Windows NT 10.0; WOW64; Trident/7.0; rv:11.0) like Gecko"
80.120.5.131 - - [09/Sep/2019:09:17:56 +0200] "GET /images/main_block_corner_right_bot.gif HTTP/1.1" 200 158 "http://renault.activities.at/login?required=true" "Mozilla/5.0 (Windows NT 10.0; WOW64; Trident/7.0; rv:11.0) like Gecko"
80.120.5.131 - - [09/Sep/2019:09:17:56 +0200] "GET /images/title_border_top.jpg HTTP/1.1" 200 336 "http://renault.activities.at/login?required=true" "Mozilla/5.0 (Windows NT 10.0; WOW64; Trident/7.0; rv:11.0) like Gecko"
80.120.5.131 - - [09/Sep/2019:09:17:56 +0200] "GET /images/title_corner_left_top.jpg HTTP/1.1" 200 372 "http://renault.activities.at/login?required=true" "Mozilla/5.0 (Windows NT 10.0; WOW64; Trident/7.0; rv:11.0) like Gecko"
80.120.5.131 - - [09/Sep/2019:09:17:56 +0200] "GET /images/button_left_bg.gif HTTP/1.1" 200 564 "http://renault.activities.at/login?required=true" "Mozilla/5.0 (Windows NT 10.0; WOW64; Trident/7.0; rv:11.0) like Gecko"
80.120.5.131 - - [09/Sep/2019:09:17:56 +0200] "GET /images/title_corner_right_top.jpg HTTP/1.1" 200 389 "http://renault.activities.at/login?required=true" "Mozilla/5.0 (Windows NT 10.0; WOW64; Trident/7.0; rv:11.0) like Gecko"
80.120.5.131 - - [09/Sep/2019:09:17:56 +0200] "GET /images/button_right_bg.gif HTTP/1.1" 200 561 "http://renault.activities.at/login?required=true" "Mozilla/5.0 (Windows NT 10.0; WOW64; Trident/7.0; rv:11.0) like Gecko"
80.120.5.131 - - [09/Sep/2019:09:17:56 +0200] "GET /images/button_bg.gif HTTP/1.1" 200 151 "http://renault.activities.at/login?required=true" "Mozilla/5.0 (Windows NT 10.0; WOW64; Trident/7.0; rv:11.0) like Gecko"
80.120.5.131 - - [09/Sep/2019:09:17:56 +0200] "GET /loadthumbnail.php?id=11127982 HTTP/1.1" 200 586642 "http://renault.activities.at/login?required=true" "Mozilla/5.0 (Windows NT 10.0; WOW64; Trident/7.0; rv:11.0) like Gecko"
185.22.23.252 - - [09/Sep/2019:09:18:25 +0200] "GET /reload?ser=1568013505972 HTTP/1.1" 200 28 "http://renault.activities.at/success" "Mozilla/5.0 (Windows NT 6.3; WOW64; Trident/7.0; rv:11.0) like Gecko"
193.194.132.23 - - [09/Sep/2019:09:18:28 +0200] "GET /reload?ser=1568013508158 HTTP/1.1" 200 28 "http://renault.2web.at/account?loadrequest=true" "Mozilla/5.0 (Windows NT 10.0; WOW64; Trident/7.0; Touch; rv:11.0) like Gecko"
193.194.132.23 - - [09/Sep/2019:09:18:28 +0200] "GET /result?searchterm=true&search=kleber HTTP/1.1" 200 11485 "http://renault.2web.at/account?loadrequest=true" "Mozilla/5.0 (Windows NT 10.0; WOW64; Trident/7.0; Touch; rv:11.0) like Gecko"
193.194.132.23 - - [09/Sep/2019:09:18:33 +0200] "GET /js/default.js HTTP/1.1" 304 - "http://renault.2web.at/result?searchterm=true&search=kleber" "Mozilla/5.0 (Windows NT 10.0; WOW64; Trident/7.0; Touch; rv:11.0) like Gecko"
193.194.132.23 - - [09/Sep/2019:09:18:33 +0200] "GET /css/styles.css HTTP/1.1" 304 - "http://renault.2web.at/result?searchterm=true&search=kleber" "Mozilla/5.0 (Windows NT 10.0; WOW64; Trident/7.0; Touch; rv:11.0) like Gecko"
193.194.132.23 - - [09/Sep/2019:09:18:33 +0200] "GET /css/themes/alphacube.css HTTP/1.1" 304 - "http://renault.2web.at/result?searchterm=true&search=kleber" "Mozilla/5.0 (Windows NT 10.0; WOW64; Trident/7.0; Touch; rv:11.0) like Gecko"
193.194.132.23 - - [09/Sep/2019:09:18:33 +0200] "GET /css/reset.css HTTP/1.1" 304 - "http://renault.2web.at/result?searchterm=true&search=kleber" "Mozilla/5.0 (Windows NT 10.0; WOW64; Trident/7.0; Touch; rv:11.0) like Gecko"
193.194.132.23 - - [09/Sep/2019:09:18:33 +0200] "GET /js/prototip.js HTTP/1.1" 304 - "http://renault.2web.at/result?searchterm=true&search=kleber" "Mozilla/5.0 (Windows NT 10.0; WOW64; Trident/7.0; Touch; rv:11.0) like Gecko"
193.194.132.23 - - [09/Sep/2019:09:18:33 +0200] "GET /js/index.php?c=auto&f=,prototype/prototype.js,prototype/validation.js,scriptaculous/builder.js,scriptaculous/effects.js,scriptaculous/dragdrop.js,scriptaculous/controls.js,scriptaculous/slider.js,varien/js.js,varien/form.js,varien/menu.js,mage/translate.js,mage/cookies.js,varien/product.js,spinner/SpinnerControl.jsmin.js,prototype/window.js,prototype/window_ext.js HTTP/1.1" 304 - "http://renault.2web.at/result?searchterm=true&search=kleber" "Mozilla/5.0 (Windows NT 10.0; WOW64; Trident/7.0; Touch; rv:11.0) like Gecko"
193.194.132.23 - - [09/Sep/2019:09:18:33 +0200] "GET /js/checkout.css HTTP/1.1" 304 - "http://renault.2web.at/result?searchterm=true&search=kleber" "Mozilla/5.0 (Windows NT 10.0; WOW64; Trident/7.0; Touch; rv:11.0) like Gecko"
193.194.132.23 - - [09/Sep/2019:09:18:33 +0200] "GET /css/themes/default.css HTTP/1.1" 304 - "http://renault.2web.at/result?searchterm=true&search=kleber" "Mozilla/5.0 (Windows NT 10.0; WOW64; Trident/7.0; Touch; rv:11.0) like Gecko"
193.194.132.23 - - [09/Sep/2019:09:18:33 +0200] "GET /css/prototip.css HTTP/1.1" 304 - "http://renault.2web.at/result?searchterm=true&search=kleber" "Mozilla/5.0 (Windows NT 10.0; WOW64; Trident/7.0; Touch; rv:11.0) like Gecko"
193.194.132.23 - - [09/Sep/2019:09:18:33 +0200] "GET /css/clears.css HTTP/1.1" 304 - "http://renault.2web.at/result?searchterm=true&search=kleber" "Mozilla/5.0 (Windows NT 10.0; WOW64; Trident/7.0; Touch; rv:11.0) like Gecko"
193.194.132.23 - - [09/Sep/2019:09:18:33 +0200] "GET /js/ProduktGrp.js HTTP/1.1" 304 - "http://renault.2web.at/result?searchterm=true&search=kleber" "Mozilla/5.0 (Windows NT 10.0; WOW64; Trident/7.0; Touch; rv:11.0) like Gecko"
193.194.132.23 - - [09/Sep/2019:09:18:33 +0200] "GET /css/print.css HTTP/1.1" 304 - "http://renault.2web.at/result?searchterm=true&search=kleber" "Mozilla/5.0 (Windows NT 10.0; WOW64; Trident/7.0; Touch; rv:11.0) like Gecko"
193.194.132.23 - - [09/Sep/2019:09:18:33 +0200] "GET /images/loading.gif HTTP/1.1" 304 - "http://renault.2web.at/result?searchterm=true&search=kleber" "Mozilla/5.0 (Windows NT 10.0; WOW64; Trident/7.0; Touch; rv:11.0) like Gecko"
