80.120.5.131 - - [10/Sep/2019:12:58:13 +0200] "GET /loadthumbnail.php?id=11910255&width=50&height=50 HTTP/1.1" 200 4237 "http://renault.activities.at/account" "Mozilla/5.0 (Windows NT 10.0; Win64; x64) AppleWebKit/537.36 (KHTML, like Gecko) Chrome/76.0.3809.132 Safari/537.36"
80.120.5.131 - - [10/Sep/2019:12:58:13 +0200] "GET /loadthumbnail.php?id=11910272&width=50&height=50 HTTP/1.1" 200 3995 "http://renault.activities.at/account" "Mozilla/5.0 (Windows NT 10.0; Win64; x64) AppleWebKit/537.36 (KHTML, like Gecko) Chrome/76.0.3809.132 Safari/537.36"
80.120.5.131 - - [10/Sep/2019:12:58:13 +0200] "GET /images/nav_divider.gif HTTP/1.1" 200 43 "http://renault.activities.at/css/styles.css" "Mozilla/5.0 (Windows NT 10.0; Win64; x64) AppleWebKit/537.36 (KHTML, like Gecko) Chrome/76.0.3809.132 Safari/537.36"
80.120.5.131 - - [10/Sep/2019:12:58:13 +0200] "GET /images/validation_advice_bg.gif HTTP/1.1" 200 134 "http://renault.activities.at/css/styles.css" "Mozilla/5.0 (Windows NT 10.0; Win64; x64) AppleWebKit/537.36 (KHTML, like Gecko) Chrome/76.0.3809.132 Safari/537.36"
80.120.5.131 - - [10/Sep/2019:12:58:13 +0200] "GET /images/reset_bg.gif HTTP/1.1" 200 785 "http://renault.activities.at/css/styles.css" "Mozilla/5.0 (Windows NT 10.0; Win64; x64) AppleWebKit/537.36 (KHTML, like Gecko) Chrome/76.0.3809.132 Safari/537.36"
80.120.5.131 - - [10/Sep/2019:12:58:13 +0200] "GET /loadthumbnail.php?id=10259680&width=50&height=50 HTTP/1.1" 200 1003 "http://renault.activities.at/account" "Mozilla/5.0 (Windows NT 10.0; Win64; x64) AppleWebKit/537.36 (KHTML, like Gecko) Chrome/76.0.3809.132 Safari/537.36"
80.120.5.131 - - [10/Sep/2019:12:58:13 +0200] "GET /images/footer_divider.gif HTTP/1.1" 200 44 "http://renault.activities.at/css/styles.css" "Mozilla/5.0 (Windows NT 10.0; Win64; x64) AppleWebKit/537.36 (KHTML, like Gecko) Chrome/76.0.3809.132 Safari/537.36"
213.153.47.173 - - [10/Sep/2019:12:58:16 +0200] "GET /reload?ser=1568113096247 HTTP/1.1" 200 28 "http://renault.activities.at/login?required=true" "Mozilla/5.0 (Windows NT 10.0; Win64; x64; rv:69.0) Gecko/20100101 Firefox/69.0"
80.120.5.131 - - [10/Sep/2019:12:58:19 +0200] "POST /account HTTP/1.1" 302 151 "http://renault.activities.at/account" "Mozilla/5.0 (Windows NT 10.0; Win64; x64) AppleWebKit/537.36 (KHTML, like Gecko) Chrome/76.0.3809.132 Safari/537.36"
80.120.5.131 - - [10/Sep/2019:12:58:20 +0200] "GET /account HTTP/1.1" 200 39088 "http://renault.activities.at/account" "Mozilla/5.0 (Windows NT 10.0; Win64; x64) AppleWebKit/537.36 (KHTML, like Gecko) Chrome/76.0.3809.132 Safari/537.36"
80.120.210.179 - - [10/Sep/2019:12:58:27 +0200] "GET /reload?ser=1568112970393 HTTP/1.1" 200 1236 "http://renault.activities.at/checkout" "Mozilla/5.0 (Windows NT 10.0; Win64; x64) AppleWebKit/537.36 (KHTML, like Gecko) Chrome/70.0.3538.102 Safari/537.36 Edge/18.18362"
80.120.5.131 - - [10/Sep/2019:12:58:30 +0200] "POST /axjaxrequest?mode=suggest HTTP/1.1" 200 228 "http://renault.activities.at/account" "Mozilla/5.0 (Windows NT 10.0; Win64; x64) AppleWebKit/537.36 (KHTML, like Gecko) Chrome/76.0.3809.132 Safari/537.36"
80.123.225.36 - - [10/Sep/2019:12:58:32 +0200] "GET /images/vista-dn-hover.gif HTTP/1.1" 200 127 "http://renault.2web.at/css/styles.css" "Mozilla/5.0 (Windows NT 6.1; Win64; x64) AppleWebKit/537.36 (KHTML, like Gecko) Chrome/76.0.3809.132 Safari/537.36"
80.123.225.36 - - [10/Sep/2019:12:58:32 +0200] "GET /images/vista-up-hover.gif HTTP/1.1" 200 130 "http://renault.2web.at/css/styles.css" "Mozilla/5.0 (Windows NT 6.1; Win64; x64) AppleWebKit/537.36 (KHTML, like Gecko) Chrome/76.0.3809.132 Safari/537.36"
80.120.5.131 - - [10/Sep/2019:12:58:32 +0200] "POST /axjaxrequest?mode=suggest HTTP/1.1" 200 228 "http://renault.activities.at/account" "Mozilla/5.0 (Windows NT 10.0; Win64; x64) AppleWebKit/537.36 (KHTML, like Gecko) Chrome/76.0.3809.132 Safari/537.36"
80.120.5.131 - - [10/Sep/2019:12:58:34 +0200] "GET /result?searchterm=true&search=Riesenluftballons HTTP/1.1" 200 39067 "http://renault.activities.at/account" "Mozilla/5.0 (Windows NT 10.0; Win64; x64) AppleWebKit/537.36 (KHTML, like Gecko) Chrome/76.0.3809.132 Safari/537.36"
80.120.5.131 - - [10/Sep/2019:12:58:36 +0200] "GET /js/prototip.js HTTP/1.1" 200 9211 "http://renault.activities.at/result?searchterm=true&search=Riesenluftballons" "Mozilla/5.0 (Windows NT 10.0; Win64; x64) AppleWebKit/537.36 (KHTML, like Gecko) Chrome/76.0.3809.132 Safari/537.36"
80.120.5.131 - - [10/Sep/2019:12:58:36 +0200] "GET /images/loading.gif HTTP/1.1" 200 3208 "http://renault.activities.at/result?searchterm=true&search=Riesenluftballons" "Mozilla/5.0 (Windows NT 10.0; Win64; x64) AppleWebKit/537.36 (KHTML, like Gecko) Chrome/76.0.3809.132 Safari/537.36"
80.120.5.131 - - [10/Sep/2019:12:58:36 +0200] "GET /js/ProduktGrp.js HTTP/1.1" 200 7759 "http://renault.activities.at/result?searchterm=true&search=Riesenluftballons" "Mozilla/5.0 (Windows NT 10.0; Win64; x64) AppleWebKit/537.36 (KHTML, like Gecko) Chrome/76.0.3809.132 Safari/537.36"
80.120.5.131 - - [10/Sep/2019:12:58:36 +0200] "GET /images/pager_bg.gif HTTP/1.1" 200 150 "http://renault.activities.at/css/styles.css" "Mozilla/5.0 (Windows NT 10.0; Win64; x64) AppleWebKit/537.36 (KHTML, like Gecko) Chrome/76.0.3809.132 Safari/537.36"
80.120.5.131 - - [10/Sep/2019:12:58:36 +0200] "GET /images/vista-up.gif HTTP/1.1" 200 131 "http://renault.activities.at/css/styles.css" "Mozilla/5.0 (Windows NT 10.0; Win64; x64) AppleWebKit/537.36 (KHTML, like Gecko) Chrome/76.0.3809.132 Safari/537.36"
80.120.5.131 - - [10/Sep/2019:12:58:36 +0200] "GET /images/vista-dn.gif HTTP/1.1" 200 128 "http://renault.activities.at/css/styles.css" "Mozilla/5.0 (Windows NT 10.0; Win64; x64) AppleWebKit/537.36 (KHTML, like Gecko) Chrome/76.0.3809.132 Safari/537.36"
80.120.5.131 - - [10/Sep/2019:12:58:36 +0200] "GET /loadthumbnail.php?id=10203255 HTTP/1.1" 200 114 "http://renault.activities.at/result?searchterm=true&search=Riesenluftballons" "Mozilla/5.0 (Windows NT 10.0; Win64; x64) AppleWebKit/537.36 (KHTML, like Gecko) Chrome/76.0.3809.132 Safari/537.36"
80.120.5.131 - - [10/Sep/2019:12:58:36 +0200] "GET /loadthumbnail.php?id=10309491&width=113 HTTP/1.1" 200 2614 "http://renault.activities.at/result?searchterm=true&search=Riesenluftballons" "Mozilla/5.0 (Windows NT 10.0; Win64; x64) AppleWebKit/537.36 (KHTML, like Gecko) Chrome/76.0.3809.132 Safari/537.36"
80.120.5.131 - - [10/Sep/2019:12:58:36 +0200] "GET /loadthumbnail.php?id=10309492&width=113 HTTP/1.1" 200 2790 "http://renault.activities.at/result?searchterm=true&search=Riesenluftballons" "Mozilla/5.0 (Windows NT 10.0; Win64; x64) AppleWebKit/537.36 (KHTML, like Gecko) Chrome/76.0.3809.132 Safari/537.36"
80.123.225.36 - - [10/Sep/2019:12:58:40 +0200] "POST /result?searchterm=true&search=Prospekt HTTP/1.1" 200 8893 "http://renault.2web.at/result?searchterm=true&search=Prospekt" "Mozilla/5.0 (Windows NT 6.1; Win64; x64) AppleWebKit/537.36 (KHTML, like Gecko) Chrome/76.0.3809.132 Safari/537.36"
80.123.225.36 - - [10/Sep/2019:12:58:44 +0200] "GET /images/success_msg_icon.gif HTTP/1.1" 200 1024 "http://renault.2web.at/css/styles.css" "Mozilla/5.0 (Windows NT 6.1; Win64; x64) AppleWebKit/537.36 (KHTML, like Gecko) Chrome/76.0.3809.132 Safari/537.36"
80.123.225.36 - - [10/Sep/2019:12:58:40 +0200] "GET /reload?ser=1568113119930 HTTP/1.1" 200 28 "http://renault.2web.at/result?searchterm=true&search=Prospekt" "Mozilla/5.0 (Windows NT 6.1; Win64; x64) AppleWebKit/537.36 (KHTML, like Gecko) Chrome/76.0.3809.132 Safari/537.36"
80.120.5.131 - - [10/Sep/2019:12:58:51 +0200] "GET /images/vista-up-hover.gif HTTP/1.1" 200 130 "http://renault.activities.at/css/styles.css" "Mozilla/5.0 (Windows NT 10.0; Win64; x64) AppleWebKit/537.36 (KHTML, like Gecko) Chrome/76.0.3809.132 Safari/537.36"
193.194.132.24 - - [10/Sep/2019:12:58:55 +0200] "GET /reload?ser=1568113135528 HTTP/1.1" 200 28 "http://renault.2web.at/cart?noamount=true" "Mozilla/5.0 (Windows NT 10.0; WOW64; Trident/7.0; Touch; rv:11.0) like Gecko"
80.120.5.131 - - [10/Sep/2019:12:59:01 +0200] "GET /images/vista-dn-hover.gif HTTP/1.1" 200 127 "http://renault.activities.at/css/styles.css" "Mozilla/5.0 (Windows NT 10.0; Win64; x64) AppleWebKit/537.36 (KHTML, like Gecko) Chrome/76.0.3809.132 Safari/537.36"
80.123.225.36 - - [10/Sep/2019:12:59:06 +0200] "GET /reload?ser=1568113146248 HTTP/1.1" 200 28 "http://renault.activities.at/" "Mozilla/5.0 (Windows NT 6.1; Win64; x64) AppleWebKit/537.36 (KHTML, like Gecko) Chrome/76.0.3809.132 Safari/537.36"
213.153.47.173 - - [10/Sep/2019:12:59:16 +0200] "GET /reload?ser=1568113156917 HTTP/1.1" 200 28 "http://renault.activities.at/login?required=true" "Mozilla/5.0 (Windows NT 10.0; Win64; x64; rv:69.0) Gecko/20100101 Firefox/69.0"
80.123.225.36 - - [10/Sep/2019:12:59:16 +0200] "POST /result?searchterm=true&search=Prospekt HTTP/1.1" 200 8897 "http://renault.2web.at/result?searchterm=true&search=Prospekt" "Mozilla/5.0 (Windows NT 6.1; Win64; x64) AppleWebKit/537.36 (KHTML, like Gecko) Chrome/76.0.3809.132 Safari/537.36"
80.120.5.131 - - [10/Sep/2019:12:59:24 +0200] "POST /result?searchterm=true&search=Riesenluftballons HTTP/1.1" 200 40108 "http://renault.activities.at/result?searchterm=true&search=Riesenluftballons" "Mozilla/5.0 (Windows NT 10.0; Win64; x64) AppleWebKit/537.36 (KHTML, like Gecko) Chrome/76.0.3809.132 Safari/537.36"
80.120.5.131 - - [10/Sep/2019:12:59:26 +0200] "GET /images/success_msg_icon.gif HTTP/1.1" 200 1024 "http://renault.activities.at/css/styles.css" "Mozilla/5.0 (Windows NT 10.0; Win64; x64) AppleWebKit/537.36 (KHTML, like Gecko) Chrome/76.0.3809.132 Safari/537.36"
80.120.210.179 - - [10/Sep/2019:12:59:28 +0200] "GET /reload?ser=1568113031378 HTTP/1.1" 200 1238 "http://renault.activities.at/checkout" "Mozilla/5.0 (Windows NT 10.0; Win64; x64) AppleWebKit/537.36 (KHTML, like Gecko) Chrome/70.0.3538.102 Safari/537.36 Edge/18.18362"
80.120.5.131 - - [10/Sep/2019:12:59:29 +0200] "POST /result?searchterm=true&search=Riesenluftballons HTTP/1.1" 200 40106 "http://renault.activities.at/result?searchterm=true&search=Riesenluftballons" "Mozilla/5.0 (Windows NT 10.0; Win64; x64) AppleWebKit/537.36 (KHTML, like Gecko) Chrome/76.0.3809.132 Safari/537.36"
80.120.5.131 - - [10/Sep/2019:12:59:33 +0200] "GET /cart HTTP/1.1" 200 31323 "http://renault.activities.at/result?searchterm=true&search=Riesenluftballons" "Mozilla/5.0 (Windows NT 10.0; Win64; x64) AppleWebKit/537.36 (KHTML, like Gecko) Chrome/76.0.3809.132 Safari/537.36"
80.120.5.131 - - [10/Sep/2019:12:59:35 +0200] "GET /loadthumbnail.php?id=10232009&width=16&height=16 HTTP/1.1" 200 1015 "http://renault.activities.at/cart" "Mozilla/5.0 (Windows NT 10.0; Win64; x64) AppleWebKit/537.36 (KHTML, like Gecko) Chrome/76.0.3809.132 Safari/537.36"
80.120.5.131 - - [10/Sep/2019:12:59:35 +0200] "GET /loadthumbnail.php?id=10309491&width=100 HTTP/1.1" 200 2476 "http://renault.activities.at/cart" "Mozilla/5.0 (Windows NT 10.0; Win64; x64) AppleWebKit/537.36 (KHTML, like Gecko) Chrome/76.0.3809.132 Safari/537.36"
80.120.5.131 - - [10/Sep/2019:12:59:35 +0200] "GET /loadthumbnail.php?id=10309492&width=100 HTTP/1.1" 200 2519 "http://renault.activities.at/cart" "Mozilla/5.0 (Windows NT 10.0; Win64; x64) AppleWebKit/537.36 (KHTML, like Gecko) Chrome/76.0.3809.132 Safari/537.36"
80.123.225.36 - - [10/Sep/2019:12:59:35 +0200] "GET /result?dir=DESC&mode=grid&order=name&limit=15&page=2&search=Prospekt HTTP/1.1" 200 7442 "http://renault.2web.at/result?searchterm=true&search=Prospekt" "Mozilla/5.0 (Windows NT 6.1; Win64; x64) AppleWebKit/537.36 (KHTML, like Gecko) Chrome/76.0.3809.132 Safari/537.36"
80.123.225.36 - - [10/Sep/2019:12:59:38 +0200] "GET /loadthumbnail.php?id=10203275 HTTP/1.1" 200 85 "http://renault.2web.at/result?dir=DESC&mode=grid&order=name&limit=15&page=2&search=Prospekt" "Mozilla/5.0 (Windows NT 6.1; Win64; x64) AppleWebKit/537.36 (KHTML, like Gecko) Chrome/76.0.3809.132 Safari/537.36"
80.123.225.36 - - [10/Sep/2019:12:59:38 +0200] "GET /loadthumbnail.php?id=12033055&width=113 HTTP/1.1" 200 3147 "http://renault.2web.at/result?dir=DESC&mode=grid&order=name&limit=15&page=2&search=Prospekt" "Mozilla/5.0 (Windows NT 6.1; Win64; x64) AppleWebKit/537.36 (KHTML, like Gecko) Chrome/76.0.3809.132 Safari/537.36"
80.123.225.36 - - [10/Sep/2019:12:59:38 +0200] "GET /loadthumbnail.php?id=11798476&width=113 HTTP/1.1" 200 2525 "http://renault.2web.at/result?dir=DESC&mode=grid&order=name&limit=15&page=2&search=Prospekt" "Mozilla/5.0 (Windows NT 6.1; Win64; x64) AppleWebKit/537.36 (KHTML, like Gecko) Chrome/76.0.3809.132 Safari/537.36"
80.123.225.36 - - [10/Sep/2019:12:59:38 +0200] "GET /loadthumbnail.php?id=11819635&width=113 HTTP/1.1" 200 3087 "http://renault.2web.at/result?dir=DESC&mode=grid&order=name&limit=15&page=2&search=Prospekt" "Mozilla/5.0 (Windows NT 6.1; Win64; x64) AppleWebKit/537.36 (KHTML, like Gecko) Chrome/76.0.3809.132 Safari/537.36"
80.123.225.36 - - [10/Sep/2019:12:59:38 +0200] "GET /loadthumbnail.php?id=11829073&width=113 HTTP/1.1" 200 2418 "http://renault.2web.at/result?dir=DESC&mode=grid&order=name&limit=15&page=2&search=Prospekt" "Mozilla/5.0 (Windows NT 6.1; Win64; x64) AppleWebKit/537.36 (KHTML, like Gecko) Chrome/76.0.3809.132 Safari/537.36"
80.123.225.36 - - [10/Sep/2019:12:59:38 +0200] "GET /loadthumbnail.php?id=12018229&width=113 HTTP/1.1" 200 2908 "http://renault.2web.at/result?dir=DESC&mode=grid&order=name&limit=15&page=2&search=Prospekt" "Mozilla/5.0 (Windows NT 6.1; Win64; x64) AppleWebKit/537.36 (KHTML, like Gecko) Chrome/76.0.3809.132 Safari/537.36"
80.123.225.36 - - [10/Sep/2019:12:59:38 +0200] "GET /loadthumbnail.php?id=11895725&width=113 HTTP/1.1" 200 2960 "http://renault.2web.at/result?dir=DESC&mode=grid&order=name&limit=15&page=2&search=Prospekt" "Mozilla/5.0 (Windows NT 6.1; Win64; x64) AppleWebKit/537.36 (KHTML, like Gecko) Chrome/76.0.3809.132 Safari/537.36"
80.123.225.36 - - [10/Sep/2019:12:59:38 +0200] "GET /loadthumbnail.php?id=11819630&width=113 HTTP/1.1" 200 2902 "http://renault.2web.at/result?dir=DESC&mode=grid&order=name&limit=15&page=2&search=Prospekt" "Mozilla/5.0 (Windows NT 6.1; Win64; x64) AppleWebKit/537.36 (KHTML, like Gecko) Chrome/76.0.3809.132 Safari/537.36"
80.123.225.36 - - [10/Sep/2019:12:59:38 +0200] "GET /loadthumbnail.php?id=11847427&width=113 HTTP/1.1" 200 2698 "http://renault.2web.at/result?dir=DESC&mode=grid&order=name&limit=15&page=2&search=Prospekt" "Mozilla/5.0 (Windows NT 6.1; Win64; x64) AppleWebKit/537.36 (KHTML, like Gecko) Chrome/76.0.3809.132 Safari/537.36"
80.123.225.36 - - [10/Sep/2019:12:59:38 +0200] "GET /loadthumbnail.php?id=11990631&width=113 HTTP/1.1" 200 3037 "http://renault.2web.at/result?dir=DESC&mode=grid&order=name&limit=15&page=2&search=Prospekt" "Mozilla/5.0 (Windows NT 6.1; Win64; x64) AppleWebKit/537.36 (KHTML, like Gecko) Chrome/76.0.3809.132 Safari/537.36"
80.123.225.36 - - [10/Sep/2019:12:59:38 +0200] "GET /loadthumbnail.php?id=11643691&width=113 HTTP/1.1" 200 3164 "http://renault.2web.at/result?dir=DESC&mode=grid&order=name&limit=15&page=2&search=Prospekt" "Mozilla/5.0 (Windows NT 6.1; Win64; x64) AppleWebKit/537.36 (KHTML, like Gecko) Chrome/76.0.3809.132 Safari/537.36"
193.194.132.24 - - [10/Sep/2019:12:59:56 +0200] "GET /reload?ser=1568113196613 HTTP/1.1" 200 28 "http://renault.2web.at/cart?noamount=true" "Mozilla/5.0 (Windows NT 10.0; WOW64; Trident/7.0; Touch; rv:11.0) like Gecko"
80.120.5.131 - - [10/Sep/2019:13:00:01 +0200] "GET /715096 HTTP/1.1" 200 38424 "http://renault.activities.at/cart" "Mozilla/5.0 (Windows NT 10.0; Win64; x64) AppleWebKit/537.36 (KHTML, like Gecko) Chrome/76.0.3809.132 Safari/537.36"
80.120.5.131 - - [10/Sep/2019:13:00:04 +0200] "GET /js/magiczoom/magiczoom.css HTTP/1.1" 200 4032 "http://renault.activities.at/715096" "Mozilla/5.0 (Windows NT 10.0; Win64; x64) AppleWebKit/537.36 (KHTML, like Gecko) Chrome/76.0.3809.132 Safari/537.36"
80.120.5.131 - - [10/Sep/2019:13:00:04 +0200] "GET /js/Produkt.js HTTP/1.1" 200 2476 "http://renault.activities.at/715096" "Mozilla/5.0 (Windows NT 10.0; Win64; x64) AppleWebKit/537.36 (KHTML, like Gecko) Chrome/76.0.3809.132 Safari/537.36"
80.120.5.131 - - [10/Sep/2019:13:00:04 +0200] "GET /js/tabs.js HTTP/1.1" 200 1087 "http://renault.activities.at/715096" "Mozilla/5.0 (Windows NT 10.0; Win64; x64) AppleWebKit/537.36 (KHTML, like Gecko) Chrome/76.0.3809.132 Safari/537.36"
80.120.5.131 - - [10/Sep/2019:13:00:04 +0200] "GET /js/magiczoom/magiczoom.js HTTP/1.1" 200 61543 "http://renault.activities.at/715096" "Mozilla/5.0 (Windows NT 10.0; Win64; x64) AppleWebKit/537.36 (KHTML, like Gecko) Chrome/76.0.3809.132 Safari/537.36"
80.120.5.131 - - [10/Sep/2019:13:00:04 +0200] "GET /loadthumbnail.php?id=10309491&width=250 HTTP/1.1" 200 6463 "http://renault.activities.at/715096" "Mozilla/5.0 (Windows NT 10.0; Win64; x64) AppleWebKit/537.36 (KHTML, like Gecko) Chrome/76.0.3809.132 Safari/537.36"
80.120.5.131 - - [10/Sep/2019:13:00:05 +0200] "GET /images/tabs_button_corner_right_top_active.gif HTTP/1.1" 200 136 "http://renault.activities.at/css/styles.css" "Mozilla/5.0 (Windows NT 10.0; Win64; x64) AppleWebKit/537.36 (KHTML, like Gecko) Chrome/76.0.3809.132 Safari/537.36"
80.120.5.131 - - [10/Sep/2019:13:00:05 +0200] "GET /images/tabs_button_corner_left_top_active.gif HTTP/1.1" 200 138 "http://renault.activities.at/css/styles.css" "Mozilla/5.0 (Windows NT 10.0; Win64; x64) AppleWebKit/537.36 (KHTML, like Gecko) Chrome/76.0.3809.132 Safari/537.36"
80.120.5.131 - - [10/Sep/2019:13:00:05 +0200] "GET /images/tabs_border.gif HTTP/1.1" 200 43 "http://renault.activities.at/css/styles.css" "Mozilla/5.0 (Windows NT 10.0; Win64; x64) AppleWebKit/537.36 (KHTML, like Gecko) Chrome/76.0.3809.132 Safari/537.36"
80.120.5.131 - - [10/Sep/2019:13:00:05 +0200] "GET /images/tabs_corner_left_top.gif HTTP/1.1" 200 99 "http://renault.activities.at/css/styles.css" "Mozilla/5.0 (Windows NT 10.0; Win64; x64) AppleWebKit/537.36 (KHTML, like Gecko) Chrome/76.0.3809.132 Safari/537.36"
80.120.5.131 - - [10/Sep/2019:13:00:05 +0200] "GET /images/tabs_corner_right_top.gif HTTP/1.1" 200 98 "http://renault.activities.at/css/styles.css" "Mozilla/5.0 (Windows NT 10.0; Win64; x64) AppleWebKit/537.36 (KHTML, like Gecko) Chrome/76.0.3809.132 Safari/537.36"
80.120.5.131 - - [10/Sep/2019:13:00:05 +0200] "GET /images/tabs_corner_left_bot.gif HTTP/1.1" 200 98 "http://renault.activities.at/css/styles.css" "Mozilla/5.0 (Windows NT 10.0; Win64; x64) AppleWebKit/537.36 (KHTML, like Gecko) Chrome/76.0.3809.132 Safari/537.36"
80.120.5.131 - - [10/Sep/2019:13:00:05 +0200] "GET /images/tabs_corner_right_bot.gif HTTP/1.1" 200 99 "http://renault.activities.at/css/styles.css" "Mozilla/5.0 (Windows NT 10.0; Win64; x64) AppleWebKit/537.36 (KHTML, like Gecko) Chrome/76.0.3809.132 Safari/537.36"
80.120.5.131 - - [10/Sep/2019:13:00:05 +0200] "GET /loadthumbnail.php?id=10309491&width=900&height=900 HTTP/1.1" 200 32595 "http://renault.activities.at/715096" "Mozilla/5.0 (Windows NT 10.0; Win64; x64) AppleWebKit/537.36 (KHTML, like Gecko) Chrome/76.0.3809.132 Safari/537.36"
80.120.5.131 - - [10/Sep/2019:13:00:05 +0200] "GET /js/magiczoom/graphics/hint.gif HTTP/1.1" 200 73 "http://renault.activities.at/js/magiczoom/magiczoom.css" "Mozilla/5.0 (Windows NT 10.0; Win64; x64) AppleWebKit/537.36 (KHTML, like Gecko) Chrome/76.0.3809.132 Safari/537.36"
80.120.5.131 - - [10/Sep/2019:13:00:05 +0200] "GET /js/magiczoom/graphics/zoomin.cur HTTP/1.1" 200 326 "http://renault.activities.at/js/magiczoom/magiczoom.css" "Mozilla/5.0 (Windows NT 10.0; Win64; x64) AppleWebKit/537.36 (KHTML, like Gecko) Chrome/76.0.3809.132 Safari/537.36"
80.123.225.36 - - [10/Sep/2019:13:00:07 +0200] "GET /reload?ser=1568113207236 HTTP/1.1" 200 28 "http://renault.activities.at/" "Mozilla/5.0 (Windows NT 6.1; Win64; x64) AppleWebKit/537.36 (KHTML, like Gecko) Chrome/76.0.3809.132 Safari/537.36"
80.123.225.36 - - [10/Sep/2019:13:00:09 +0200] "POST /result?dir=DESC&mode=grid&order=name&limit=15&page=2&search=Prospekt HTTP/1.1" 200 7553 "http://renault.2web.at/result?dir=DESC&mode=grid&order=name&limit=15&page=2&search=Prospekt" "Mozilla/5.0 (Windows NT 6.1; Win64; x64) AppleWebKit/537.36 (KHTML, like Gecko) Chrome/76.0.3809.132 Safari/537.36"
80.120.5.131 - - [10/Sep/2019:13:00:11 +0200] "GET /cart HTTP/1.1" 200 31323 "http://renault.activities.at/715096" "Mozilla/5.0 (Windows NT 10.0; Win64; x64) AppleWebKit/537.36 (KHTML, like Gecko) Chrome/76.0.3809.132 Safari/537.36"
213.153.47.173 - - [10/Sep/2019:13:00:17 +0200] "GET /reload?ser=1568113217607 HTTP/1.1" 200 28 "http://renault.activities.at/login?required=true" "Mozilla/5.0 (Windows NT 10.0; Win64; x64; rv:69.0) Gecko/20100101 Firefox/69.0"
80.120.5.131 - - [10/Sep/2019:13:00:15 +0200] "GET /checkout HTTP/1.1" 200 115377 "http://renault.activities.at/cart" "Mozilla/5.0 (Windows NT 10.0; Win64; x64) AppleWebKit/537.36 (KHTML, like Gecko) Chrome/76.0.3809.132 Safari/537.36"
80.120.5.131 - - [10/Sep/2019:13:00:19 +0200] "GET /js/checkout2.js HTTP/1.1" 200 19353 "http://renault.activities.at/checkout" "Mozilla/5.0 (Windows NT 10.0; Win64; x64) AppleWebKit/537.36 (KHTML, like Gecko) Chrome/76.0.3809.132 Safari/537.36"
80.120.5.131 - - [10/Sep/2019:13:00:19 +0200] "GET /images/step_bg.jpg HTTP/1.1" 200 319 "http://renault.activities.at/css/styles.css" "Mozilla/5.0 (Windows NT 10.0; Win64; x64) AppleWebKit/537.36 (KHTML, like Gecko) Chrome/76.0.3809.132 Safari/537.36"
80.120.5.131 - - [10/Sep/2019:13:00:19 +0200] "GET /images/step_marker.gif HTTP/1.1" 200 650 "http://renault.activities.at/css/styles.css" "Mozilla/5.0 (Windows NT 10.0; Win64; x64) AppleWebKit/537.36 (KHTML, like Gecko) Chrome/76.0.3809.132 Safari/537.36"
80.120.5.131 - - [10/Sep/2019:13:00:19 +0200] "GET /images/checkout_border_top.gif HTTP/1.1" 200 156 "http://renault.activities.at/css/styles.css" "Mozilla/5.0 (Windows NT 10.0; Win64; x64) AppleWebKit/537.36 (KHTML, like Gecko) Chrome/76.0.3809.132 Safari/537.36"
80.120.5.131 - - [10/Sep/2019:13:00:19 +0200] "GET /images/checkout_border.gif HTTP/1.1" 200 43 "http://renault.activities.at/css/styles.css" "Mozilla/5.0 (Windows NT 10.0; Win64; x64) AppleWebKit/537.36 (KHTML, like Gecko) Chrome/76.0.3809.132 Safari/537.36"
80.120.5.131 - - [10/Sep/2019:13:00:19 +0200] "GET /loadthumbnail.php?id=10202698 HTTP/1.1" 200 16678 "http://renault.activities.at/checkout" "Mozilla/5.0 (Windows NT 10.0; Win64; x64) AppleWebKit/537.36 (KHTML, like Gecko) Chrome/76.0.3809.132 Safari/537.36"
80.120.5.131 - - [10/Sep/2019:13:00:19 +0200] "GET /loadthumbnail.php?id=10201939 HTTP/1.1" 200 218 "http://renault.activities.at/checkout" "Mozilla/5.0 (Windows NT 10.0; Win64; x64) AppleWebKit/537.36 (KHTML, like Gecko) Chrome/76.0.3809.132 Safari/537.36"
80.120.210.179 - - [10/Sep/2019:13:00:29 +0200] "GET /reload?ser=1568113092390 HTTP/1.1" 200 1238 "http://renault.activities.at/checkout" "Mozilla/5.0 (Windows NT 10.0; Win64; x64) AppleWebKit/537.36 (KHTML, like Gecko) Chrome/70.0.3538.102 Safari/537.36 Edge/18.18362"
80.123.225.36 - - [10/Sep/2019:13:00:33 +0200] "POST /result?dir=DESC&mode=grid&order=name&limit=15&page=2&search=Prospekt HTTP/1.1" 200 7552 "http://renault.2web.at/result?dir=DESC&mode=grid&order=name&limit=15&page=2&search=Prospekt" "Mozilla/5.0 (Windows NT 6.1; Win64; x64) AppleWebKit/537.36 (KHTML, like Gecko) Chrome/76.0.3809.132 Safari/537.36"
80.120.5.131 - - [10/Sep/2019:13:00:43 +0200] "POST /docheckout HTTP/1.1" 200 1336 "http://renault.activities.at/checkout" "Mozilla/5.0 (Windows NT 10.0; Win64; x64) AppleWebKit/537.36 (KHTML, like Gecko) Chrome/76.0.3809.132 Safari/537.36"
80.123.225.36 - - [10/Sep/2019:13:00:45 +0200] "GET /cart HTTP/1.1" 200 5550 "http://renault.2web.at/result?dir=DESC&mode=grid&order=name&limit=15&page=2&search=Prospekt" "Mozilla/5.0 (Windows NT 6.1; Win64; x64) AppleWebKit/537.36 (KHTML, like Gecko) Chrome/76.0.3809.132 Safari/537.36"
80.123.225.36 - - [10/Sep/2019:13:00:48 +0200] "GET /loadthumbnail.php?id=10232009&width=16&height=16 HTTP/1.1" 200 700 "http://renault.2web.at/cart" "Mozilla/5.0 (Windows NT 6.1; Win64; x64) AppleWebKit/537.36 (KHTML, like Gecko) Chrome/76.0.3809.132 Safari/537.36"
80.123.225.36 - - [10/Sep/2019:13:00:48 +0200] "GET /loadthumbnail.php?id=12023913&width=100 HTTP/1.1" 200 2704 "http://renault.2web.at/cart" "Mozilla/5.0 (Windows NT 6.1; Win64; x64) AppleWebKit/537.36 (KHTML, like Gecko) Chrome/76.0.3809.132 Safari/537.36"
80.123.225.36 - - [10/Sep/2019:13:00:48 +0200] "GET /loadthumbnail.php?id=11895725&width=100 HTTP/1.1" 200 2553 "http://renault.2web.at/cart" "Mozilla/5.0 (Windows NT 6.1; Win64; x64) AppleWebKit/537.36 (KHTML, like Gecko) Chrome/76.0.3809.132 Safari/537.36"
80.123.225.36 - - [10/Sep/2019:13:00:48 +0200] "GET /loadthumbnail.php?id=11819635&width=100 HTTP/1.1" 200 2628 "http://renault.2web.at/cart" "Mozilla/5.0 (Windows NT 6.1; Win64; x64) AppleWebKit/537.36 (KHTML, like Gecko) Chrome/76.0.3809.132 Safari/537.36"
80.123.225.36 - - [10/Sep/2019:13:00:48 +0200] "GET /loadthumbnail.php?id=11847426&width=100 HTTP/1.1" 200 2306 "http://renault.2web.at/cart" "Mozilla/5.0 (Windows NT 6.1; Win64; x64) AppleWebKit/537.36 (KHTML, like Gecko) Chrome/76.0.3809.132 Safari/537.36"
80.120.5.131 - - [10/Sep/2019:13:00:47 +0200] "POST /docheckout HTTP/1.1" 200 2349 "http://renault.activities.at/checkout" "Mozilla/5.0 (Windows NT 10.0; Win64; x64) AppleWebKit/537.36 (KHTML, like Gecko) Chrome/76.0.3809.132 Safari/537.36"
80.120.5.131 - - [10/Sep/2019:13:00:48 +0200] "GET /images/error_msg_icon.gif HTTP/1.1" 200 1013 "http://renault.activities.at/checkout" "Mozilla/5.0 (Windows NT 10.0; Win64; x64) AppleWebKit/537.36 (KHTML, like Gecko) Chrome/76.0.3809.132 Safari/537.36"
193.194.132.24 - - [10/Sep/2019:13:00:58 +0200] "GET /reload?ser=1568113257880 HTTP/1.1" 200 28 "http://renault.2web.at/cart?noamount=true" "Mozilla/5.0 (Windows NT 10.0; WOW64; Trident/7.0; Touch; rv:11.0) like Gecko"
80.123.225.36 - - [10/Sep/2019:13:00:58 +0200] "GET /checkout HTTP/1.1" 200 10271 "http://renault.2web.at/cart" "Mozilla/5.0 (Windows NT 6.1; Win64; x64) AppleWebKit/537.36 (KHTML, like Gecko) Chrome/76.0.3809.132 Safari/537.36"
80.123.225.36 - - [10/Sep/2019:13:01:02 +0200] "GET /js/checkout2.js HTTP/1.1" 200 4122 "http://renault.2web.at/checkout" "Mozilla/5.0 (Windows NT 6.1; Win64; x64) AppleWebKit/537.36 (KHTML, like Gecko) Chrome/76.0.3809.132 Safari/537.36"
80.123.225.36 - - [10/Sep/2019:13:01:02 +0200] "GET /images/ajax_loading.gif HTTP/1.1" 200 1542 "http://renault.2web.at/checkout" "Mozilla/5.0 (Windows NT 6.1; Win64; x64) AppleWebKit/537.36 (KHTML, like Gecko) Chrome/76.0.3809.132 Safari/537.36"
80.123.225.36 - - [10/Sep/2019:13:01:02 +0200] "GET /images/step_bg.jpg HTTP/1.1" 200 319 "http://renault.2web.at/css/styles.css" "Mozilla/5.0 (Windows NT 6.1; Win64; x64) AppleWebKit/537.36 (KHTML, like Gecko) Chrome/76.0.3809.132 Safari/537.36"
80.123.225.36 - - [10/Sep/2019:13:01:02 +0200] "GET /images/step_marker.gif HTTP/1.1" 200 650 "http://renault.2web.at/css/styles.css" "Mozilla/5.0 (Windows NT 6.1; Win64; x64) AppleWebKit/537.36 (KHTML, like Gecko) Chrome/76.0.3809.132 Safari/537.36"
80.123.225.36 - - [10/Sep/2019:13:01:02 +0200] "GET /images/checkout_border_top.gif HTTP/1.1" 200 156 "http://renault.2web.at/css/styles.css" "Mozilla/5.0 (Windows NT 6.1; Win64; x64) AppleWebKit/537.36 (KHTML, like Gecko) Chrome/76.0.3809.132 Safari/537.36"
80.123.225.36 - - [10/Sep/2019:13:01:02 +0200] "GET /images/checkout_border.gif HTTP/1.1" 200 43 "http://renault.2web.at/css/styles.css" "Mozilla/5.0 (Windows NT 6.1; Win64; x64) AppleWebKit/537.36 (KHTML, like Gecko) Chrome/76.0.3809.132 Safari/537.36"
80.123.225.36 - - [10/Sep/2019:13:01:02 +0200] "GET /loadthumbnail.php?id=10201939 HTTP/1.1" 200 201 "http://renault.2web.at/checkout" "Mozilla/5.0 (Windows NT 6.1; Win64; x64) AppleWebKit/537.36 (KHTML, like Gecko) Chrome/76.0.3809.132 Safari/537.36"
80.123.225.36 - - [10/Sep/2019:13:01:02 +0200] "GET /loadthumbnail.php?id=10202698 HTTP/1.1" 200 16686 "http://renault.2web.at/checkout" "Mozilla/5.0 (Windows NT 6.1; Win64; x64) AppleWebKit/537.36 (KHTML, like Gecko) Chrome/76.0.3809.132 Safari/537.36"
80.123.225.36 - - [10/Sep/2019:13:01:08 +0200] "GET /reload?ser=1568113268246 HTTP/1.1" 200 28 "http://renault.activities.at/" "Mozilla/5.0 (Windows NT 6.1; Win64; x64) AppleWebKit/537.36 (KHTML, like Gecko) Chrome/76.0.3809.132 Safari/537.36"
213.153.47.173 - - [10/Sep/2019:13:01:18 +0200] "GET /reload?ser=1568113278267 HTTP/1.1" 200 28 "http://renault.activities.at/login?required=true" "Mozilla/5.0 (Windows NT 10.0; Win64; x64; rv:69.0) Gecko/20100101 Firefox/69.0"
80.123.225.36 - - [10/Sep/2019:13:01:15 +0200] "POST /docheckout HTTP/1.1" 200 455 "http://renault.2web.at/checkout" "Mozilla/5.0 (Windows NT 6.1; Win64; x64) AppleWebKit/537.36 (KHTML, like Gecko) Chrome/76.0.3809.132 Safari/537.36"
80.120.5.131 - - [10/Sep/2019:13:01:19 +0200] "GET /reload?ser=1568113279848 HTTP/1.1" 200 2 "http://renault.activities.at/checkout" "Mozilla/5.0 (Windows NT 10.0; Win64; x64) AppleWebKit/537.36 (KHTML, like Gecko) Chrome/76.0.3809.132 Safari/537.36"
80.123.225.36 - - [10/Sep/2019:13:01:19 +0200] "POST /docheckout HTTP/1.1" 200 735 "http://renault.2web.at/checkout" "Mozilla/5.0 (Windows NT 6.1; Win64; x64) AppleWebKit/537.36 (KHTML, like Gecko) Chrome/76.0.3809.132 Safari/537.36"
80.123.225.36 - - [10/Sep/2019:13:01:25 +0200] "POST /docheckout HTTP/1.1" 200 68 "http://renault.2web.at/checkout" "Mozilla/5.0 (Windows NT 6.1; Win64; x64) AppleWebKit/537.36 (KHTML, like Gecko) Chrome/76.0.3809.132 Safari/537.36"
80.123.225.36 - - [10/Sep/2019:13:01:27 +0200] "GET /success HTTP/1.1" 200 3795 "http://renault.2web.at/checkout" "Mozilla/5.0 (Windows NT 6.1; Win64; x64) AppleWebKit/537.36 (KHTML, like Gecko) Chrome/76.0.3809.132 Safari/537.36"
80.120.210.179 - - [10/Sep/2019:13:01:30 +0200] "GET /reload?ser=1568113153390 HTTP/1.1" 200 1237 "http://renault.activities.at/checkout" "Mozilla/5.0 (Windows NT 10.0; Win64; x64) AppleWebKit/537.36 (KHTML, like Gecko) Chrome/70.0.3538.102 Safari/537.36 Edge/18.18362"
80.120.5.131 - - [10/Sep/2019:13:01:30 +0200] "GET /cart HTTP/1.1" 200 31280 "http://renault.activities.at/checkout" "Mozilla/5.0 (Windows NT 10.0; Win64; x64) AppleWebKit/537.36 (KHTML, like Gecko) Chrome/76.0.3809.132 Safari/537.36"
80.123.225.36 - - [10/Sep/2019:13:01:38 +0200] "GET /12114452?print=true HTTP/1.1" 200 2164 "http://renault.2web.at/success" "Mozilla/5.0 (Windows NT 6.1; Win64; x64) AppleWebKit/537.36 (KHTML, like Gecko) Chrome/76.0.3809.132 Safari/537.36"
80.120.5.131 - - [10/Sep/2019:13:01:42 +0200] "GET /checkout HTTP/1.1" 200 115377 "http://renault.activities.at/cart" "Mozilla/5.0 (Windows NT 10.0; Win64; x64) AppleWebKit/537.36 (KHTML, like Gecko) Chrome/76.0.3809.132 Safari/537.36"
193.194.132.24 - - [10/Sep/2019:13:01:59 +0200] "GET /reload?ser=1568113319008 HTTP/1.1" 200 28 "http://renault.2web.at/cart?noamount=true" "Mozilla/5.0 (Windows NT 10.0; WOW64; Trident/7.0; Touch; rv:11.0) like Gecko"
80.123.225.36 - - [10/Sep/2019:13:02:09 +0200] "GET /reload?ser=1568113329246 HTTP/1.1" 200 28 "http://renault.activities.at/" "Mozilla/5.0 (Windows NT 6.1; Win64; x64) AppleWebKit/537.36 (KHTML, like Gecko) Chrome/76.0.3809.132 Safari/537.36"
80.120.5.131 - - [10/Sep/2019:13:02:07 +0200] "POST /docheckout HTTP/1.1" 200 1336 "http://renault.activities.at/checkout" "Mozilla/5.0 (Windows NT 10.0; Win64; x64) AppleWebKit/537.36 (KHTML, like Gecko) Chrome/76.0.3809.132 Safari/537.36"
80.120.5.131 - - [10/Sep/2019:13:02:11 +0200] "POST /docheckout HTTP/1.1" 200 2349 "http://renault.activities.at/checkout" "Mozilla/5.0 (Windows NT 10.0; Win64; x64) AppleWebKit/537.36 (KHTML, like Gecko) Chrome/76.0.3809.132 Safari/537.36"
80.120.5.131 - - [10/Sep/2019:13:02:16 +0200] "POST /docheckout HTTP/1.1" 200 49 "http://renault.activities.at/checkout" "Mozilla/5.0 (Windows NT 10.0; Win64; x64) AppleWebKit/537.36 (KHTML, like Gecko) Chrome/76.0.3809.132 Safari/537.36"
213.153.47.173 - - [10/Sep/2019:13:02:18 +0200] "GET /reload?ser=1568113338938 HTTP/1.1" 200 28 "http://renault.activities.at/login?required=true" "Mozilla/5.0 (Windows NT 10.0; Win64; x64; rv:69.0) Gecko/20100101 Firefox/69.0"
80.120.5.131 - - [10/Sep/2019:13:02:18 +0200] "GET /success HTTP/1.1" 200 23348 "http://renault.activities.at/checkout" "Mozilla/5.0 (Windows NT 10.0; Win64; x64) AppleWebKit/537.36 (KHTML, like Gecko) Chrome/76.0.3809.132 Safari/537.36"
80.120.5.131 - - [10/Sep/2019:13:02:25 +0200] "GET /12114460?print=true HTTP/1.1" 200 6788 "http://renault.activities.at/success" "Mozilla/5.0 (Windows NT 10.0; Win64; x64) AppleWebKit/537.36 (KHTML, like Gecko) Chrome/76.0.3809.132 Safari/537.36"
80.123.225.36 - - [10/Sep/2019:13:02:30 +0200] "GET /reload?ser=1568113349841 HTTP/1.1" 200 28 "http://renault.2web.at/success" "Mozilla/5.0 (Windows NT 6.1; Win64; x64) AppleWebKit/537.36 (KHTML, like Gecko) Chrome/76.0.3809.132 Safari/537.36"
80.120.210.179 - - [10/Sep/2019:13:02:31 +0200] "GET /reload?ser=1568113214393 HTTP/1.1" 200 1239 "http://renault.activities.at/checkout" "Mozilla/5.0 (Windows NT 10.0; Win64; x64) AppleWebKit/537.36 (KHTML, like Gecko) Chrome/70.0.3538.102 Safari/537.36 Edge/18.18362"
193.194.132.24 - - [10/Sep/2019:13:03:00 +0200] "GET /reload?ser=1568113380097 HTTP/1.1" 200 28 "http://renault.2web.at/cart?noamount=true" "Mozilla/5.0 (Windows NT 10.0; WOW64; Trident/7.0; Touch; rv:11.0) like Gecko"
80.123.225.36 - - [10/Sep/2019:13:03:10 +0200] "GET /reload?ser=1568113390247 HTTP/1.1" 200 28 "http://renault.activities.at/" "Mozilla/5.0 (Windows NT 6.1; Win64; x64) AppleWebKit/537.36 (KHTML, like Gecko) Chrome/76.0.3809.132 Safari/537.36"
80.120.5.131 - - [10/Sep/2019:13:03:16 +0200] "GET /logout HTTP/1.1" 302 150 "http://renault.activities.at/success" "Mozilla/5.0 (Windows NT 10.0; Win64; x64) AppleWebKit/537.36 (KHTML, like Gecko) Chrome/76.0.3809.132 Safari/537.36"
80.120.5.131 - - [10/Sep/2019:13:03:17 +0200] "GET /logout HTTP/1.1" 200 5748 "http://renault.activities.at/success" "Mozilla/5.0 (Windows NT 10.0; Win64; x64) AppleWebKit/537.36 (KHTML, like Gecko) Chrome/76.0.3809.132 Safari/537.36"
213.153.47.173 - - [10/Sep/2019:13:03:19 +0200] "GET /reload?ser=1568113399597 HTTP/1.1" 200 28 "http://renault.activities.at/login?required=true" "Mozilla/5.0 (Windows NT 10.0; Win64; x64; rv:69.0) Gecko/20100101 Firefox/69.0"
80.120.5.131 - - [10/Sep/2019:13:03:23 +0200] "GET / HTTP/1.1" 200 13451 "http://renault.activities.at/logout" "Mozilla/5.0 (Windows NT 10.0; Win64; x64) AppleWebKit/537.36 (KHTML, like Gecko) Chrome/76.0.3809.132 Safari/537.36"
80.123.225.36 - - [10/Sep/2019:13:03:31 +0200] "GET /reload?ser=1568113410826 HTTP/1.1" 200 28 "http://renault.2web.at/success" "Mozilla/5.0 (Windows NT 6.1; Win64; x64) AppleWebKit/537.36 (KHTML, like Gecko) Chrome/76.0.3809.132 Safari/537.36"
80.120.210.179 - - [10/Sep/2019:13:03:32 +0200] "GET /reload?ser=1568113275388 HTTP/1.1" 200 1243 "http://renault.activities.at/checkout" "Mozilla/5.0 (Windows NT 10.0; Win64; x64) AppleWebKit/537.36 (KHTML, like Gecko) Chrome/70.0.3538.102 Safari/537.36 Edge/18.18362"
193.194.132.24 - - [10/Sep/2019:13:04:01 +0200] "GET /reload?ser=1568113441181 HTTP/1.1" 200 28 "http://renault.2web.at/cart?noamount=true" "Mozilla/5.0 (Windows NT 10.0; WOW64; Trident/7.0; Touch; rv:11.0) like Gecko"
80.123.225.36 - - [10/Sep/2019:13:04:11 +0200] "GET /reload?ser=1568113451246 HTTP/1.1" 200 28 "http://renault.activities.at/" "Mozilla/5.0 (Windows NT 6.1; Win64; x64) AppleWebKit/537.36 (KHTML, like Gecko) Chrome/76.0.3809.132 Safari/537.36"
213.153.47.173 - - [10/Sep/2019:13:04:20 +0200] "GET /reload?ser=1568113460246 HTTP/1.1" 200 28 "http://renault.activities.at/login?required=true" "Mozilla/5.0 (Windows NT 10.0; Win64; x64; rv:69.0) Gecko/20100101 Firefox/69.0"
80.120.5.131 - - [10/Sep/2019:13:04:24 +0200] "GET /reload?ser=1568113464031 HTTP/1.1" 200 2 "http://renault.activities.at/" "Mozilla/5.0 (Windows NT 10.0; Win64; x64) AppleWebKit/537.36 (KHTML, like Gecko) Chrome/76.0.3809.132 Safari/537.36"
80.120.210.179 - - [10/Sep/2019:13:04:33 +0200] "GET /reload?ser=1568113336384 HTTP/1.1" 200 1234 "http://renault.activities.at/checkout" "Mozilla/5.0 (Windows NT 10.0; Win64; x64) AppleWebKit/537.36 (KHTML, like Gecko) Chrome/70.0.3538.102 Safari/537.36 Edge/18.18362"
193.194.132.24 - - [10/Sep/2019:13:05:02 +0200] "GET /reload?ser=1568113502270 HTTP/1.1" 200 28 "http://renault.2web.at/cart?noamount=true" "Mozilla/5.0 (Windows NT 10.0; WOW64; Trident/7.0; Touch; rv:11.0) like Gecko"
213.153.47.173 - - [10/Sep/2019:13:05:20 +0200] "GET /reload?ser=1568113520898 HTTP/1.1" 200 28 "http://renault.activities.at/login?required=true" "Mozilla/5.0 (Windows NT 10.0; Win64; x64; rv:69.0) Gecko/20100101 Firefox/69.0"
213.153.47.173 - - [10/Sep/2019:13:05:33 +0200] "GET /layout.php HTTP/1.1" 200 1558 "-" "Mozilla/5.0 (Windows NT 10.0; Win64; x64) AppleWebKit/537.36 (KHTML, like Gecko) Chrome/76.0.3809.132 Safari/537.36 OPR/63.0.3368.71"
213.153.47.173 - - [10/Sep/2019:13:05:34 +0200] "GET /images/favicon.ico HTTP/1.1" 404 305 "-" "Mozilla/5.0 (Windows NT 10.0; Win64; x64) AppleWebKit/537.36 (KHTML, like Gecko) Chrome/76.0.3809.132 Safari/537.36 OPR/63.0.3368.71"
80.120.210.179 - - [10/Sep/2019:13:05:34 +0200] "GET /reload?ser=1568113397381 HTTP/1.1" 200 1239 "http://renault.activities.at/checkout" "Mozilla/5.0 (Windows NT 10.0; Win64; x64) AppleWebKit/537.36 (KHTML, like Gecko) Chrome/70.0.3538.102 Safari/537.36 Edge/18.18362"
193.194.132.24 - - [10/Sep/2019:13:06:03 +0200] "GET /reload?ser=1568113563338 HTTP/1.1" 200 28 "http://renault.2web.at/cart?noamount=true" "Mozilla/5.0 (Windows NT 10.0; WOW64; Trident/7.0; Touch; rv:11.0) like Gecko"
213.153.47.173 - - [10/Sep/2019:13:06:21 +0200] "GET /reload?ser=1568113581568 HTTP/1.1" 200 28 "http://renault.activities.at/login?required=true" "Mozilla/5.0 (Windows NT 10.0; Win64; x64; rv:69.0) Gecko/20100101 Firefox/69.0"
80.120.210.179 - - [10/Sep/2019:13:06:35 +0200] "GET /reload?ser=1568113458383 HTTP/1.1" 200 1233 "http://renault.activities.at/checkout" "Mozilla/5.0 (Windows NT 10.0; Win64; x64) AppleWebKit/537.36 (KHTML, like Gecko) Chrome/70.0.3538.102 Safari/537.36 Edge/18.18362"
193.194.132.24 - - [10/Sep/2019:13:07:04 +0200] "GET /reload?ser=1568113624455 HTTP/1.1" 200 28 "http://renault.2web.at/cart?noamount=true" "Mozilla/5.0 (Windows NT 10.0; WOW64; Trident/7.0; Touch; rv:11.0) like Gecko"
213.153.47.173 - - [10/Sep/2019:13:07:22 +0200] "GET /reload?ser=1568113642248 HTTP/1.1" 200 28 "http://renault.activities.at/login?required=true" "Mozilla/5.0 (Windows NT 10.0; Win64; x64; rv:69.0) Gecko/20100101 Firefox/69.0"
80.120.210.179 - - [10/Sep/2019:13:07:36 +0200] "GET /reload?ser=1568113519386 HTTP/1.1" 200 1236 "http://renault.activities.at/checkout" "Mozilla/5.0 (Windows NT 10.0; Win64; x64) AppleWebKit/537.36 (KHTML, like Gecko) Chrome/70.0.3538.102 Safari/537.36 Edge/18.18362"
193.194.132.24 - - [10/Sep/2019:13:08:05 +0200] "GET /reload?ser=1568113685573 HTTP/1.1" 200 28 "http://renault.2web.at/cart?noamount=true" "Mozilla/5.0 (Windows NT 10.0; WOW64; Trident/7.0; Touch; rv:11.0) like Gecko"
213.153.47.173 - - [10/Sep/2019:13:08:22 +0200] "GET /reload?ser=1568113702917 HTTP/1.1" 200 28 "http://renault.activities.at/login?required=true" "Mozilla/5.0 (Windows NT 10.0; Win64; x64; rv:69.0) Gecko/20100101 Firefox/69.0"
80.120.210.179 - - [10/Sep/2019:13:08:37 +0200] "GET /reload?ser=1568113580380 HTTP/1.1" 200 1239 "http://renault.activities.at/checkout" "Mozilla/5.0 (Windows NT 10.0; Win64; x64) AppleWebKit/537.36 (KHTML, like Gecko) Chrome/70.0.3538.102 Safari/537.36 Edge/18.18362"
193.194.132.24 - - [10/Sep/2019:13:09:06 +0200] "GET /reload?ser=1568113746789 HTTP/1.1" 200 28 "http://renault.2web.at/cart?noamount=true" "Mozilla/5.0 (Windows NT 10.0; WOW64; Trident/7.0; Touch; rv:11.0) like Gecko"
213.153.47.173 - - [10/Sep/2019:13:09:23 +0200] "GET /reload?ser=1568113763588 HTTP/1.1" 200 28 "http://renault.activities.at/login?required=true" "Mozilla/5.0 (Windows NT 10.0; Win64; x64; rv:69.0) Gecko/20100101 Firefox/69.0"
80.120.210.179 - - [10/Sep/2019:13:09:38 +0200] "GET /reload?ser=1568113641371 HTTP/1.1" 200 1243 "http://renault.activities.at/checkout" "Mozilla/5.0 (Windows NT 10.0; Win64; x64) AppleWebKit/537.36 (KHTML, like Gecko) Chrome/70.0.3538.102 Safari/537.36 Edge/18.18362"
193.194.132.24 - - [10/Sep/2019:13:10:08 +0200] "GET /reload?ser=1568113807879 HTTP/1.1" 200 28 "http://renault.2web.at/cart?noamount=true" "Mozilla/5.0 (Windows NT 10.0; WOW64; Trident/7.0; Touch; rv:11.0) like Gecko"
213.153.47.173 - - [10/Sep/2019:13:10:24 +0200] "GET /reload?ser=1568113824268 HTTP/1.1" 200 28 "http://renault.activities.at/login?required=true" "Mozilla/5.0 (Windows NT 10.0; Win64; x64; rv:69.0) Gecko/20100101 Firefox/69.0"
80.120.210.179 - - [10/Sep/2019:13:10:39 +0200] "GET /reload?ser=1568113702377 HTTP/1.1" 200 1237 "http://renault.activities.at/checkout" "Mozilla/5.0 (Windows NT 10.0; Win64; x64) AppleWebKit/537.36 (KHTML, like Gecko) Chrome/70.0.3538.102 Safari/537.36 Edge/18.18362"
193.194.132.24 - - [10/Sep/2019:13:11:09 +0200] "GET /reload?ser=1568113869191 HTTP/1.1" 200 28 "http://renault.2web.at/cart?noamount=true" "Mozilla/5.0 (Windows NT 10.0; WOW64; Trident/7.0; Touch; rv:11.0) like Gecko"
213.153.47.173 - - [10/Sep/2019:13:11:24 +0200] "GET /reload?ser=1568113884927 HTTP/1.1" 200 28 "http://renault.activities.at/login?required=true" "Mozilla/5.0 (Windows NT 10.0; Win64; x64; rv:69.0) Gecko/20100101 Firefox/69.0"
80.120.210.179 - - [10/Sep/2019:13:11:40 +0200] "GET /reload?ser=1568113763381 HTTP/1.1" 200 1240 "http://renault.activities.at/checkout" "Mozilla/5.0 (Windows NT 10.0; Win64; x64) AppleWebKit/537.36 (KHTML, like Gecko) Chrome/70.0.3538.102 Safari/537.36 Edge/18.18362"
193.194.132.24 - - [10/Sep/2019:13:12:10 +0200] "GET /reload?ser=1568113930241 HTTP/1.1" 200 28 "http://renault.2web.at/cart?noamount=true" "Mozilla/5.0 (Windows NT 10.0; WOW64; Trident/7.0; Touch; rv:11.0) like Gecko"
213.153.47.173 - - [10/Sep/2019:13:12:25 +0200] "GET /reload?ser=1568113945577 HTTP/1.1" 200 28 "http://renault.activities.at/login?required=true" "Mozilla/5.0 (Windows NT 10.0; Win64; x64; rv:69.0) Gecko/20100101 Firefox/69.0"
80.120.210.179 - - [10/Sep/2019:13:12:41 +0200] "GET /reload?ser=1568113824380 HTTP/1.1" 200 1240 "http://renault.activities.at/checkout" "Mozilla/5.0 (Windows NT 10.0; Win64; x64) AppleWebKit/537.36 (KHTML, like Gecko) Chrome/70.0.3538.102 Safari/537.36 Edge/18.18362"
193.194.132.24 - - [10/Sep/2019:13:13:11 +0200] "GET /reload?ser=1568113991364 HTTP/1.1" 200 28 "http://renault.2web.at/cart?noamount=true" "Mozilla/5.0 (Windows NT 10.0; WOW64; Trident/7.0; Touch; rv:11.0) like Gecko"
213.153.47.173 - - [10/Sep/2019:13:13:26 +0200] "GET /reload?ser=1568114006248 HTTP/1.1" 200 28 "http://renault.activities.at/login?required=true" "Mozilla/5.0 (Windows NT 10.0; Win64; x64; rv:69.0) Gecko/20100101 Firefox/69.0"
80.120.210.179 - - [10/Sep/2019:13:13:42 +0200] "GET /reload?ser=1568113885375 HTTP/1.1" 200 1243 "http://renault.activities.at/checkout" "Mozilla/5.0 (Windows NT 10.0; Win64; x64) AppleWebKit/537.36 (KHTML, like Gecko) Chrome/70.0.3538.102 Safari/537.36 Edge/18.18362"
193.194.132.24 - - [10/Sep/2019:13:14:12 +0200] "GET /reload?ser=1568114052484 HTTP/1.1" 200 28 "http://renault.2web.at/cart?noamount=true" "Mozilla/5.0 (Windows NT 10.0; WOW64; Trident/7.0; Touch; rv:11.0) like Gecko"
213.153.47.173 - - [10/Sep/2019:13:14:26 +0200] "GET /reload?ser=1568114066919 HTTP/1.1" 200 28 "http://renault.activities.at/login?required=true" "Mozilla/5.0 (Windows NT 10.0; Win64; x64; rv:69.0) Gecko/20100101 Firefox/69.0"
80.120.210.179 - - [10/Sep/2019:13:14:43 +0200] "GET /reload?ser=1568113946386 HTTP/1.1" 200 1235 "http://renault.activities.at/checkout" "Mozilla/5.0 (Windows NT 10.0; Win64; x64) AppleWebKit/537.36 (KHTML, like Gecko) Chrome/70.0.3538.102 Safari/537.36 Edge/18.18362"
193.194.132.24 - - [10/Sep/2019:13:15:13 +0200] "GET /reload?ser=1568114113593 HTTP/1.1" 200 28 "http://renault.2web.at/cart?noamount=true" "Mozilla/5.0 (Windows NT 10.0; WOW64; Trident/7.0; Touch; rv:11.0) like Gecko"
213.153.47.173 - - [10/Sep/2019:13:15:27 +0200] "GET /reload?ser=1568114127594 HTTP/1.1" 200 28 "http://renault.activities.at/login?required=true" "Mozilla/5.0 (Windows NT 10.0; Win64; x64; rv:69.0) Gecko/20100101 Firefox/69.0"
80.120.210.179 - - [10/Sep/2019:13:15:44 +0200] "GET /reload?ser=1568114007384 HTTP/1.1" 200 1242 "http://renault.activities.at/checkout" "Mozilla/5.0 (Windows NT 10.0; Win64; x64) AppleWebKit/537.36 (KHTML, like Gecko) Chrome/70.0.3538.102 Safari/537.36 Edge/18.18362"
193.194.132.24 - - [10/Sep/2019:13:16:14 +0200] "GET /reload?ser=1568114174710 HTTP/1.1" 200 28 "http://renault.2web.at/cart?noamount=true" "Mozilla/5.0 (Windows NT 10.0; WOW64; Trident/7.0; Touch; rv:11.0) like Gecko"
213.153.47.173 - - [10/Sep/2019:13:16:28 +0200] "GET /reload?ser=1568114188247 HTTP/1.1" 200 28 "http://renault.activities.at/login?required=true" "Mozilla/5.0 (Windows NT 10.0; Win64; x64; rv:69.0) Gecko/20100101 Firefox/69.0"
80.120.210.179 - - [10/Sep/2019:13:16:45 +0200] "GET /reload?ser=1568114068375 HTTP/1.1" 200 1235 "http://renault.activities.at/checkout" "Mozilla/5.0 (Windows NT 10.0; Win64; x64) AppleWebKit/537.36 (KHTML, like Gecko) Chrome/70.0.3538.102 Safari/537.36 Edge/18.18362"
193.194.132.24 - - [10/Sep/2019:13:17:16 +0200] "GET /reload?ser=1568114235836 HTTP/1.1" 200 28 "http://renault.2web.at/cart?noamount=true" "Mozilla/5.0 (Windows NT 10.0; WOW64; Trident/7.0; Touch; rv:11.0) like Gecko"
213.153.47.173 - - [10/Sep/2019:13:17:28 +0200] "GET /reload?ser=1568114248919 HTTP/1.1" 200 28 "http://renault.activities.at/login?required=true" "Mozilla/5.0 (Windows NT 10.0; Win64; x64; rv:69.0) Gecko/20100101 Firefox/69.0"
80.120.210.179 - - [10/Sep/2019:13:17:46 +0200] "GET /reload?ser=1568114129374 HTTP/1.1" 200 1242 "http://renault.activities.at/checkout" "Mozilla/5.0 (Windows NT 10.0; Win64; x64) AppleWebKit/537.36 (KHTML, like Gecko) Chrome/70.0.3538.102 Safari/537.36 Edge/18.18362"
193.194.132.24 - - [10/Sep/2019:13:18:17 +0200] "GET /reload?ser=1568114296956 HTTP/1.1" 200 28 "http://renault.2web.at/cart?noamount=true" "Mozilla/5.0 (Windows NT 10.0; WOW64; Trident/7.0; Touch; rv:11.0) like Gecko"
213.153.47.173 - - [10/Sep/2019:13:18:29 +0200] "GET /reload?ser=1568114309593 HTTP/1.1" 200 28 "http://renault.activities.at/login?required=true" "Mozilla/5.0 (Windows NT 10.0; Win64; x64; rv:69.0) Gecko/20100101 Firefox/69.0"
80.120.210.179 - - [10/Sep/2019:13:18:47 +0200] "GET /reload?ser=1568114190371 HTTP/1.1" 200 1242 "http://renault.activities.at/checkout" "Mozilla/5.0 (Windows NT 10.0; Win64; x64) AppleWebKit/537.36 (KHTML, like Gecko) Chrome/70.0.3538.102 Safari/537.36 Edge/18.18362"
138.21.12.25 - - [10/Sep/2019:13:19:18 +0200] "GET /reload?ser=1568114358021 HTTP/1.1" 200 28 "http://renault.2web.at/cart?noamount=true" "Mozilla/5.0 (Windows NT 10.0; WOW64; Trident/7.0; Touch; rv:11.0) like Gecko"
213.153.47.173 - - [10/Sep/2019:13:19:30 +0200] "GET /reload?ser=1568114370247 HTTP/1.1" 200 28 "http://renault.activities.at/login?required=true" "Mozilla/5.0 (Windows NT 10.0; Win64; x64; rv:69.0) Gecko/20100101 Firefox/69.0"
80.123.225.36 - - [10/Sep/2019:13:19:34 +0200] "GET /layout.php HTTP/1.1" 200 1558 "-" "Mozilla/5.0 (Windows NT 10.0; WOW64; Trident/7.0; rv:11.0) like Gecko"
80.123.225.36 - - [10/Sep/2019:13:19:35 +0200] "GET /css/reset.css HTTP/1.1" 200 1356 "http://renault.activities.at/layout.php" "Mozilla/5.0 (Windows NT 10.0; WOW64; Trident/7.0; rv:11.0) like Gecko"
80.123.225.36 - - [10/Sep/2019:13:19:35 +0200] "GET /js/default.js HTTP/1.1" 200 14698 "http://renault.activities.at/layout.php" "Mozilla/5.0 (Windows NT 10.0; WOW64; Trident/7.0; rv:11.0) like Gecko"
80.123.225.36 - - [10/Sep/2019:13:19:35 +0200] "GET /css/print.css HTTP/1.1" 200 543 "http://renault.activities.at/layout.php" "Mozilla/5.0 (Windows NT 10.0; WOW64; Trident/7.0; rv:11.0) like Gecko"
80.123.225.36 - - [10/Sep/2019:13:19:35 +0200] "GET /css/clears.css HTTP/1.1" 200 851 "http://renault.activities.at/layout.php" "Mozilla/5.0 (Windows NT 10.0; WOW64; Trident/7.0; rv:11.0) like Gecko"
80.123.225.36 - - [10/Sep/2019:13:19:35 +0200] "GET /css/styles.css HTTP/1.1" 200 14664 "http://renault.activities.at/layout.php" "Mozilla/5.0 (Windows NT 10.0; WOW64; Trident/7.0; rv:11.0) like Gecko"
80.123.225.36 - - [10/Sep/2019:13:19:35 +0200] "GET /js/checkout.css HTTP/1.1" 200 359 "http://renault.activities.at/layout.php" "Mozilla/5.0 (Windows NT 10.0; WOW64; Trident/7.0; rv:11.0) like Gecko"
80.123.225.36 - - [10/Sep/2019:13:19:35 +0200] "GET /css/themes/default.css HTTP/1.1" 200 769 "http://renault.activities.at/layout.php" "Mozilla/5.0 (Windows NT 10.0; WOW64; Trident/7.0; rv:11.0) like Gecko"
80.123.225.36 - - [10/Sep/2019:13:19:35 +0200] "GET /css/prototip.css HTTP/1.1" 200 968 "http://renault.activities.at/layout.php" "Mozilla/5.0 (Windows NT 10.0; WOW64; Trident/7.0; rv:11.0) like Gecko"
80.123.225.36 - - [10/Sep/2019:13:19:35 +0200] "GET /css/themes/alphacube.css HTTP/1.1" 200 743 "http://renault.activities.at/layout.php" "Mozilla/5.0 (Windows NT 10.0; WOW64; Trident/7.0; rv:11.0) like Gecko"
80.123.225.36 - - [10/Sep/2019:13:19:35 +0200] "GET /js/index.php?c=auto&f=,prototype/prototype.js,prototype/validation.js,scriptaculous/builder.js,scriptaculous/effects.js,scriptaculous/dragdrop.js,scriptaculous/controls.js,scriptaculous/slider.js,varien/js.js,varien/form.js,varien/menu.js,mage/translate.js,mage/cookies.js,varien/product.js,spinner/SpinnerControl.jsmin.js,prototype/window.js,prototype/window_ext.js HTTP/1.1" 200 94182 "http://renault.activities.at/layout.php" "Mozilla/5.0 (Windows NT 10.0; WOW64; Trident/7.0; rv:11.0) like Gecko"
80.123.225.36 - - [10/Sep/2019:13:19:35 +0200] "GET /images/main_block_border.gif HTTP/1.1" 200 43 "http://renault.activities.at/layout.php" "Mozilla/5.0 (Windows NT 10.0; WOW64; Trident/7.0; rv:11.0) like Gecko"
